223.233.79.239 - - [28/Aug/2025:06:34:33 +0000] "GET /secureadmin/admin/images/instagram.png HTTP/1.1" 404 9383 "https://www.bhaktiroute.in/secureadmin/admin/show-enquiries.php" "Mozilla/5.0 (Windows NT 10.0; Win64; x64) AppleWebKit/537.36 (KHTML, like Gecko) Chrome/139.0.0.0 Safari/537.36"
223.233.79.239 - - [28/Aug/2025:06:34:33 +0000] "GET /secureadmin/admin/images/facebook-logo.png HTTP/1.1" 404 9388 "https://www.bhaktiroute.in/secureadmin/admin/show-enquiries.php" "Mozilla/5.0 (Windows NT 10.0; Win64; x64) AppleWebKit/537.36 (KHTML, like Gecko) Chrome/139.0.0.0 Safari/537.36"
223.233.79.239 - - [28/Aug/2025:06:34:33 +0000] "GET /secureadmin/admin/images/twitter.png HTTP/1.1" 404 9387 "https://www.bhaktiroute.in/secureadmin/admin/show-enquiries.php" "Mozilla/5.0 (Windows NT 10.0; Win64; x64) AppleWebKit/537.36 (KHTML, like Gecko) Chrome/139.0.0.0 Safari/537.36"
223.233.79.239 - - [28/Aug/2025:06:34:33 +0000] "GET /secureadmin/admin/images/conatct_logo.png HTTP/1.1" 404 9311 "https://www.bhaktiroute.in/secureadmin/admin/show-enquiries.php" "Mozilla/5.0 (Windows NT 10.0; Win64; x64) AppleWebKit/537.36 (KHTML, like Gecko) Chrome/139.0.0.0 Safari/537.36"
223.233.79.239 - - [28/Aug/2025:06:34:33 +0000] "GET /secureadmin/admin/images/whatsapp-(2).logo.png HTTP/1.1" 404 9393 "https://www.bhaktiroute.in/secureadmin/admin/show-enquiries.php" "Mozilla/5.0 (Windows NT 10.0; Win64; x64) AppleWebKit/537.36 (KHTML, like Gecko) Chrome/139.0.0.0 Safari/537.36"
223.233.79.239 - - [28/Aug/2025:06:34:33 +0000] "GET /secureadmin/admin/galleryimg/ HTTP/1.1" 404 9388 "https://www.bhaktiroute.in/secureadmin/admin/show-enquiries.php" "Mozilla/5.0 (Windows NT 10.0; Win64; x64) AppleWebKit/537.36 (KHTML, like Gecko) Chrome/139.0.0.0 Safari/537.36"
20.168.18.32 - - [28/Aug/2025:06:34:34 +0000] "GET /prayagraj/mahakumbh2025/assets/images/site-logo.png HTTP/1.1" 200 114858 "-" "Mozilla/5.0 (Macintosh; Intel Mac OS X 10_15_7) AppleWebKit/537.36 (KHTML, like Gecko) Chrome/131.0.0.0 Safari/537.36; compatible; OAI-SearchBot/1.0; +https://openai.com/searchbot"
135.234.64.9 - - [28/Aug/2025:06:34:36 +0000] "GET /prayagraj/mahakumbh2025/mahakumbh-2025-packages.php HTTP/1.1" 200 5644 "-" "Mozilla/5.0 (Macintosh; Intel Mac OS X 10_15_7) AppleWebKit/537.36 (KHTML, like Gecko) Chrome/131.0.0.0 Safari/537.36; compatible; OAI-SearchBot/1.0; +https://openai.com/searchbot"
20.171.123.76 - - [28/Aug/2025:06:34:39 +0000] "GET /prayagraj/mahakumbh2025/snan-dates.php HTTP/1.1" 200 5829 "-" "Mozilla/5.0 (Macintosh; Intel Mac OS X 10_15_7) AppleWebKit/537.36 (KHTML, like Gecko) Chrome/131.0.0.0 Safari/537.36; compatible; OAI-SearchBot/1.0; +https://openai.com/searchbot"
20.171.207.173 - - [28/Aug/2025:06:34:40 +0000] "GET /galleryimg/31307121.jpg HTTP/1.1" 200 947494 "-" "Mozilla/5.0 AppleWebKit/537.36 (KHTML, like Gecko; compatible; GPTBot/1.2; +https://openai.com/gptbot)"
135.234.64.6 - - [28/Aug/2025:06:34:41 +0000] "GET /prayagraj/mahakumbh2025/assets/images/favicon.png HTTP/1.1" 200 1551 "-" "Mozilla/5.0 (Macintosh; Intel Mac OS X 10_15_7) AppleWebKit/537.36 (KHTML, like Gecko) Chrome/131.0.0.0 Safari/537.36; compatible; OAI-SearchBot/1.0; +https://openai.com/searchbot"
20.171.207.173 - - [28/Aug/2025:06:34:41 +0000] "GET /galleryimg/55261242.jpg HTTP/1.1" 200 339819 "-" "Mozilla/5.0 AppleWebKit/537.36 (KHTML, like Gecko; compatible; GPTBot/1.2; +https://openai.com/gptbot)"
135.234.64.14 - - [28/Aug/2025:06:34:42 +0000] "GET /prayagraj/mahakumbh2025/assets/vendors/waypoint/waypoints.js HTTP/1.1" 200 3694 "-" "Mozilla/5.0 (Macintosh; Intel Mac OS X 10_15_7) AppleWebKit/537.36 (KHTML, like Gecko) Chrome/131.0.0.0 Safari/537.36; compatible; OAI-SearchBot/1.0; +https://openai.com/searchbot"
135.234.64.6 - - [28/Aug/2025:06:34:43 +0000] "GET /prayagraj/mahakumbh2025/faq.php HTTP/1.1" 200 8766 "-" "Mozilla/5.0 (Macintosh; Intel Mac OS X 10_15_7) AppleWebKit/537.36 (KHTML, like Gecko) Chrome/131.0.0.0 Safari/537.36; compatible; OAI-SearchBot/1.0; +https://openai.com/searchbot"
20.171.207.173 - - [28/Aug/2025:06:34:44 +0000] "GET /galleryimg/96388917.jpg HTTP/1.1" 200 717156 "-" "Mozilla/5.0 AppleWebKit/537.36 (KHTML, like Gecko; compatible; GPTBot/1.2; +https://openai.com/gptbot)"
135.234.64.15 - - [28/Aug/2025:06:34:46 +0000] "GET /prayagraj/mahakumbh2025/assets/vendors/slick-nav/jquery.slicknav.js HTTP/1.1" 200 4605 "-" "Mozilla/5.0 (Macintosh; Intel Mac OS X 10_15_7) AppleWebKit/537.36 (KHTML, like Gecko) Chrome/131.0.0.0 Safari/537.36; compatible; OAI-SearchBot/1.0; +https://openai.com/searchbot"
20.171.207.173 - - [28/Aug/2025:06:34:47 +0000] "GET /galleryimg/89834653.jpg HTTP/1.1" 200 385932 "-" "Mozilla/5.0 AppleWebKit/537.36 (KHTML, like Gecko; compatible; GPTBot/1.2; +https://openai.com/gptbot)"
135.234.64.15 - - [28/Aug/2025:06:34:47 +0000] "GET /prayagraj/mahakumbh2025/assets/images/img8.jpg HTTP/1.1" 200 191945 "-" "Mozilla/5.0 (Macintosh; Intel Mac OS X 10_15_7) AppleWebKit/537.36 (KHTML, like Gecko) Chrome/131.0.0.0 Safari/537.36; compatible; OAI-SearchBot/1.0; +https://openai.com/searchbot"
20.168.18.32 - - [28/Aug/2025:06:34:47 +0000] "GET /prayagraj/mahakumbh2025/about-us.php HTTP/1.1" 200 11282 "-" "Mozilla/5.0 (Macintosh; Intel Mac OS X 10_15_7) AppleWebKit/537.36 (KHTML, like Gecko) Chrome/131.0.0.0 Safari/537.36; compatible; OAI-SearchBot/1.0; +https://openai.com/searchbot"
20.171.207.173 - - [28/Aug/2025:06:34:49 +0000] "GET /prayagraj/mahakumbh2025/assets/images/whatsapp.png HTTP/1.1" 200 1946 "-" "Mozilla/5.0 AppleWebKit/537.36 (KHTML, like Gecko; compatible; GPTBot/1.2; +https://openai.com/gptbot)"
20.171.123.71 - - [28/Aug/2025:06:34:49 +0000] "GET /prayagraj/mahakumbh2025/assets/vendors/slick/slick.min.js HTTP/1.1" 200 10451 "-" "Mozilla/5.0 (Macintosh; Intel Mac OS X 10_15_7) AppleWebKit/537.36 (KHTML, like Gecko) Chrome/131.0.0.0 Safari/537.36; compatible; OAI-SearchBot/1.0; +https://openai.com/searchbot"
135.234.64.15 - - [28/Aug/2025:06:34:50 +0000] "GET /prayagraj/mahakumbh2025/assets/js/custom.min.js HTTP/1.1" 200 1074 "-" "Mozilla/5.0 (Macintosh; Intel Mac OS X 10_15_7) AppleWebKit/537.36 (KHTML, like Gecko) Chrome/131.0.0.0 Safari/537.36; compatible; OAI-SearchBot/1.0; +https://openai.com/searchbot"
135.234.64.15 - - [28/Aug/2025:06:34:51 +0000] "GET /prayagraj/mahakumbh2025/assets/vendors/masonry/masonry.pkgd.min.js HTTP/1.1" 200 7367 "-" "Mozilla/5.0 (Macintosh; Intel Mac OS X 10_15_7) AppleWebKit/537.36 (KHTML, like Gecko) Chrome/131.0.0.0 Safari/537.36; compatible; OAI-SearchBot/1.0; +https://openai.com/searchbot"
20.171.207.173 - - [28/Aug/2025:06:34:52 +0000] "GET /galleryimg/64012984.jpg HTTP/1.1" 200 1047727 "-" "Mozilla/5.0 AppleWebKit/537.36 (KHTML, like Gecko; compatible; GPTBot/1.2; +https://openai.com/gptbot)"
20.171.207.173 - - [28/Aug/2025:06:34:53 +0000] "GET /prayagraj/mahakumbh2025/assets/images/multiple.png HTTP/1.1" 200 2118 "-" "Mozilla/5.0 AppleWebKit/537.36 (KHTML, like Gecko; compatible; GPTBot/1.2; +https://openai.com/gptbot)"
135.234.64.15 - - [28/Aug/2025:06:34:54 +0000] "GET /galleryimg/41511755.jpg HTTP/1.1" 200 1336082 "-" "Mozilla/5.0 (Macintosh; Intel Mac OS X 10_15_7) AppleWebKit/537.36 (KHTML, like Gecko) Chrome/131.0.0.0 Safari/537.36; compatible; OAI-SearchBot/1.0; +https://openai.com/searchbot"
20.171.207.173 - - [28/Aug/2025:06:34:54 +0000] "GET /prayagraj/mahakumbh2025/assets/images/img27.jpg HTTP/1.1" 200 149565 "-" "Mozilla/5.0 AppleWebKit/537.36 (KHTML, like Gecko; compatible; GPTBot/1.2; +https://openai.com/gptbot)"
20.168.18.45 - - [28/Aug/2025:06:34:55 +0000] "GET /prayagraj/mahakumbh2025/assets/vendors/jquery/jquery.js HTTP/1.1" 200 30960 "-" "Mozilla/5.0 (Macintosh; Intel Mac OS X 10_15_7) AppleWebKit/537.36 (KHTML, like Gecko) Chrome/131.0.0.0 Safari/537.36; compatible; OAI-SearchBot/1.0; +https://openai.com/searchbot"
20.168.18.32 - - [28/Aug/2025:06:34:55 +0000] "GET /prayagraj/mahakumbh2025/assets/vendors/counterup/jquery.counterup.min.js HTTP/1.1" 200 589 "-" "Mozilla/5.0 (Macintosh; Intel Mac OS X 10_15_7) AppleWebKit/537.36 (KHTML, like Gecko) Chrome/131.0.0.0 Safari/537.36; compatible; OAI-SearchBot/1.0; +https://openai.com/searchbot"
20.171.207.173 - - [28/Aug/2025:06:34:56 +0000] "GET /prayagraj/mahakumbh2025/assets/images/savetime.png HTTP/1.1" 200 2451 "-" "Mozilla/5.0 AppleWebKit/537.36 (KHTML, like Gecko; compatible; GPTBot/1.2; +https://openai.com/gptbot)"
20.168.18.32 - - [28/Aug/2025:06:34:56 +0000] "GET /prayagraj/mahakumbh2025/contact-us.php HTTP/1.1" 200 6340 "-" "Mozilla/5.0 (Macintosh; Intel Mac OS X 10_15_7) AppleWebKit/537.36 (KHTML, like Gecko) Chrome/131.0.0.0 Safari/537.36; compatible; OAI-SearchBot/1.0; +https://openai.com/searchbot"
20.171.207.173 - - [28/Aug/2025:06:34:57 +0000] "GET /prayagraj/mahakumbh2025/assets/images/money.png HTTP/1.1" 200 2411 "-" "Mozilla/5.0 AppleWebKit/537.36 (KHTML, like Gecko; compatible; GPTBot/1.2; +https://openai.com/gptbot)"
20.171.123.76 - - [28/Aug/2025:06:34:58 +0000] "GET /prayagraj/mahakumbh2025/assets/vendors/jquery-ui/jquery-ui.min.js HTTP/1.1" 200 67821 "-" "Mozilla/5.0 (Macintosh; Intel Mac OS X 10_15_7) AppleWebKit/537.36 (KHTML, like Gecko) Chrome/131.0.0.0 Safari/537.36; compatible; OAI-SearchBot/1.0; +https://openai.com/searchbot"
135.234.64.9 - - [28/Aug/2025:06:34:58 +0000] "GET /prayagraj/mahakumbh2025/assets/vendors/fancybox/dist/jquery.fancybox.min.js HTTP/1.1" 200 22031 "-" "Mozilla/5.0 (Macintosh; Intel Mac OS X 10_15_7) AppleWebKit/537.36 (KHTML, like Gecko) Chrome/131.0.0.0 Safari/537.36; compatible; OAI-SearchBot/1.0; +https://openai.com/searchbot"
20.171.207.173 - - [28/Aug/2025:06:34:59 +0000] "GET /prayagraj/mahakumbh2025/assets/images/trusted.png HTTP/1.1" 200 2617 "-" "Mozilla/5.0 AppleWebKit/537.36 (KHTML, like Gecko; compatible; GPTBot/1.2; +https://openai.com/gptbot)"
20.168.18.32 - - [28/Aug/2025:06:35:00 +0000] "GET /prayagraj/mahakumbh2025/index.php HTTP/1.1" 200 9202 "-" "Mozilla/5.0 (Macintosh; Intel Mac OS X 10_15_7) AppleWebKit/537.36 (KHTML, like Gecko) Chrome/131.0.0.0 Safari/537.36; compatible; OAI-SearchBot/1.0; +https://openai.com/searchbot"
20.171.207.173 - - [28/Aug/2025:06:35:00 +0000] "GET /prayagraj/mahakumbh2025/assets/images/img29.jpg HTTP/1.1" 200 147060 "-" "Mozilla/5.0 AppleWebKit/537.36 (KHTML, like Gecko; compatible; GPTBot/1.2; +https://openai.com/gptbot)"
20.171.207.173 - - [28/Aug/2025:06:35:01 +0000] "GET /prayagraj/mahakumbh2025/assets/vendors/fancybox/dist/%7B%7Bsrc%7D%7D HTTP/1.1" 404 9399 "-" "Mozilla/5.0 AppleWebKit/537.36 (KHTML, like Gecko; compatible; GPTBot/1.2; +https://openai.com/gptbot)"
20.168.18.32 - - [28/Aug/2025:06:35:01 +0000] "GET /prayagraj/mahakumbh2025/assets/vendors/bootstrap/js/bootstrap.min.js HTTP/1.1" 200 16358 "-" "Mozilla/5.0 (Macintosh; Intel Mac OS X 10_15_7) AppleWebKit/537.36 (KHTML, like Gecko) Chrome/131.0.0.0 Safari/537.36; compatible; OAI-SearchBot/1.0; +https://openai.com/searchbot"
20.168.18.32 - - [28/Aug/2025:06:35:02 +0000] "GET /prayagraj/mahakumbh2025/tour-details.php?url=MahaKumbhPrayagraj2025withVaranasi HTTP/1.1" 200 11244 "-" "Mozilla/5.0 (Macintosh; Intel Mac OS X 10_15_7) AppleWebKit/537.36 (KHTML, like Gecko) Chrome/131.0.0.0 Safari/537.36; compatible; OAI-SearchBot/1.0; +https://openai.com/searchbot"
20.171.207.173 - - [28/Aug/2025:06:35:03 +0000] "GET /prayagraj/mahakumbh2025/assets/vendors/fancybox/dist/%7B%7Bposter%7D%7D HTTP/1.1" 404 9363 "-" "Mozilla/5.0 AppleWebKit/537.36 (KHTML, like Gecko; compatible; GPTBot/1.2; +https://openai.com/gptbot)"
20.171.123.76 - - [28/Aug/2025:06:35:03 +0000] "GET /prayagraj/mahakumbh2025/tour-details.php?url=MahaKumbhShahiSnanPrayagraj2025 HTTP/1.1" 200 22072 "-" "Mozilla/5.0 (Macintosh; Intel Mac OS X 10_15_7) AppleWebKit/537.36 (KHTML, like Gecko) Chrome/131.0.0.0 Safari/537.36; compatible; OAI-SearchBot/1.0; +https://openai.com/searchbot"
20.171.207.173 - - [28/Aug/2025:06:35:04 +0000] "GET /prayagraj/mahakumbh2025/assets/vendors/fancybox/dist/+t+ HTTP/1.1" 404 9464 "-" "Mozilla/5.0 AppleWebKit/537.36 (KHTML, like Gecko; compatible; GPTBot/1.2; +https://openai.com/gptbot)"
20.171.123.76 - - [28/Aug/2025:06:35:04 +0000] "GET /prayagraj/mahakumbh2025/tour-details.php?url=MahaKumbhPrayagraj2025withVaranasiGayaJi HTTP/1.1" 200 11686 "-" "Mozilla/5.0 (Macintosh; Intel Mac OS X 10_15_7) AppleWebKit/537.36 (KHTML, like Gecko) Chrome/131.0.0.0 Safari/537.36; compatible; OAI-SearchBot/1.0; +https://openai.com/searchbot"
20.171.207.173 - - [28/Aug/2025:06:35:05 +0000] "GET /prayagraj/mahakumbh2025/assets/images/client-img4.png HTTP/1.1" 200 41600 "-" "Mozilla/5.0 AppleWebKit/537.36 (KHTML, like Gecko; compatible; GPTBot/1.2; +https://openai.com/gptbot)"
135.234.64.9 - - [28/Aug/2025:06:35:06 +0000] "GET /prayagraj/mahakumbh2025/tour-details.php?url=MahaKumbhPrayagraj2025withVaranasiAyodhya HTTP/1.1" 200 11714 "-" "Mozilla/5.0 (Macintosh; Intel Mac OS X 10_15_7) AppleWebKit/537.36 (KHTML, like Gecko) Chrome/131.0.0.0 Safari/537.36; compatible; OAI-SearchBot/1.0; +https://openai.com/searchbot"
20.171.207.173 - - [28/Aug/2025:06:35:07 +0000] "GET /prayagraj/mahakumbh2025/assets/images/banner-img1.jpg HTTP/1.1" 200 1433453 "-" "Mozilla/5.0 AppleWebKit/537.36 (KHTML, like Gecko; compatible; GPTBot/1.2; +https://openai.com/gptbot)"
20.168.18.45 - - [28/Aug/2025:06:35:07 +0000] "GET /prayagraj/mahakumbh2025/style.css HTTP/1.1" 200 20552 "-" "Mozilla/5.0 (Macintosh; Intel Mac OS X 10_15_7) AppleWebKit/537.36 (KHTML, like Gecko) Chrome/131.0.0.0 Safari/537.36; compatible; OAI-SearchBot/1.0; +https://openai.com/searchbot"
20.171.207.173 - - [28/Aug/2025:06:35:07 +0000] "GET /prayagraj/mahakumbh2025/assets/images/client-img2.png HTTP/1.1" 200 21156 "-" "Mozilla/5.0 AppleWebKit/537.36 (KHTML, like Gecko; compatible; GPTBot/1.2; +https://openai.com/gptbot)"
135.234.64.14 - - [28/Aug/2025:06:35:08 +0000] "GET /prayagraj/mahakumbh2025/assets/vendors/slick/slick.css HTTP/1.1" 200 589 "-" "Mozilla/5.0 (Macintosh; Intel Mac OS X 10_15_7) AppleWebKit/537.36 (KHTML, like Gecko) Chrome/131.0.0.0 Safari/537.36; compatible; OAI-SearchBot/1.0; +https://openai.com/searchbot"
20.171.207.173 - - [28/Aug/2025:06:35:08 +0000] "GET /prayagraj/mahakumbh2025/assets/images/client-img5.png HTTP/1.1" 200 29434 "-" "Mozilla/5.0 AppleWebKit/537.36 (KHTML, like Gecko; compatible; GPTBot/1.2; +https://openai.com/gptbot)"
135.234.64.14 - - [28/Aug/2025:06:35:09 +0000] "GET /prayagraj/mahakumbh2025/assets/vendors/slick/slick-theme.css HTTP/1.1" 200 890 "-" "Mozilla/5.0 (Macintosh; Intel Mac OS X 10_15_7) AppleWebKit/537.36 (KHTML, like Gecko) Chrome/131.0.0.0 Safari/537.36; compatible; OAI-SearchBot/1.0; +https://openai.com/searchbot"
20.171.207.173 - - [28/Aug/2025:06:35:10 +0000] "GET /prayagraj/mahakumbh2025/assets/images/client-img6.png HTTP/1.1" 200 31141 "-" "Mozilla/5.0 AppleWebKit/537.36 (KHTML, like Gecko; compatible; GPTBot/1.2; +https://openai.com/gptbot)"
20.168.18.32 - - [28/Aug/2025:06:35:10 +0000] "GET /prayagraj/mahakumbh2025/assets/vendors/jquery-ui/jquery-ui.min.css HTTP/1.1" 200 7621 "-" "Mozilla/5.0 (Macintosh; Intel Mac OS X 10_15_7) AppleWebKit/537.36 (KHTML, like Gecko) Chrome/131.0.0.0 Safari/537.36; compatible; OAI-SearchBot/1.0; +https://openai.com/searchbot"
20.171.207.173 - - [28/Aug/2025:06:35:11 +0000] "GET /prayagraj/mahakumbh2025/assets/images/client-img3.png HTTP/1.1" 200 22736 "-" "Mozilla/5.0 AppleWebKit/537.36 (KHTML, like Gecko; compatible; GPTBot/1.2; +https://openai.com/gptbot)"
20.168.18.45 - - [28/Aug/2025:06:35:11 +0000] "GET /prayagraj/mahakumbh2025/tour-details.php?url=MahaKumbhPrayagraj2025withAyodhya HTTP/1.1" 200 11544 "-" "Mozilla/5.0 (Macintosh; Intel Mac OS X 10_15_7) AppleWebKit/537.36 (KHTML, like Gecko) Chrome/131.0.0.0 Safari/537.36; compatible; OAI-SearchBot/1.0; +https://openai.com/searchbot"
20.171.207.173 - - [28/Aug/2025:06:35:12 +0000] "GET /prayagraj/mahakumbh2025/assets/js/custom.js HTTP/1.1" 200 1475 "-" "Mozilla/5.0 AppleWebKit/537.36 (KHTML, like Gecko; compatible; GPTBot/1.2; +https://openai.com/gptbot)"
20.168.18.45 - - [28/Aug/2025:06:35:12 +0000] "GET /prayagraj/mahakumbh2025/assets/vendors/fancybox/dist/jquery.fancybox.min.css HTTP/1.1" 200 3108 "-" "Mozilla/5.0 (Macintosh; Intel Mac OS X 10_15_7) AppleWebKit/537.36 (KHTML, like Gecko) Chrome/131.0.0.0 Safari/537.36; compatible; OAI-SearchBot/1.0; +https://openai.com/searchbot"
20.171.207.173 - - [28/Aug/2025:06:35:13 +0000] "GET /prayagraj/mahakumbh2025/assets/vendors/slick/slick.js HTTP/1.1" 200 15214 "-" "Mozilla/5.0 AppleWebKit/537.36 (KHTML, like Gecko; compatible; GPTBot/1.2; +https://openai.com/gptbot)"
135.234.64.9 - - [28/Aug/2025:06:35:14 +0000] "GET /prayagraj/mahakumbh2025/assets/vendors/bootstrap/css/bootstrap.min.css HTTP/1.1" 200 23957 "-" "Mozilla/5.0 (Macintosh; Intel Mac OS X 10_15_7) AppleWebKit/537.36 (KHTML, like Gecko) Chrome/131.0.0.0 Safari/537.36; compatible; OAI-SearchBot/1.0; +https://openai.com/searchbot"
20.171.207.173 - - [28/Aug/2025:06:35:14 +0000] "GET /prayagraj/mahakumbh2025/assets/images/client-img1.png HTTP/1.1" 200 15378 "-" "Mozilla/5.0 AppleWebKit/537.36 (KHTML, like Gecko; compatible; GPTBot/1.2; +https://openai.com/gptbot)"
20.168.18.45 - - [28/Aug/2025:06:35:15 +0000] "GET /prayagraj/mahakumbh2025/assets/vendors/fontawesome/css/all.min.css HTTP/1.1" 200 12425 "-" "Mozilla/5.0 (Macintosh; Intel Mac OS X 10_15_7) AppleWebKit/537.36 (KHTML, like Gecko) Chrome/131.0.0.0 Safari/537.36; compatible; OAI-SearchBot/1.0; +https://openai.com/searchbot"
20.171.207.173 - - [28/Aug/2025:06:35:15 +0000] "GET /prayagraj/mahakumbh2025/assets/vendors/bootstrap/js/bootstrap.min.js.map HTTP/1.1" 404 9412 "-" "Mozilla/5.0 AppleWebKit/537.36 (KHTML, like Gecko; compatible; GPTBot/1.2; +https://openai.com/gptbot)"
20.171.123.76 - - [28/Aug/2025:06:35:16 +0000] "GET /prayagraj/mahakumbh2025/assets/vendors/elementskit-icon-pack/assets/css/ekiticons.css HTTP/1.1" 200 12672 "-" "Mozilla/5.0 (Macintosh; Intel Mac OS X 10_15_7) AppleWebKit/537.36 (KHTML, like Gecko) Chrome/131.0.0.0 Safari/537.36; compatible; OAI-SearchBot/1.0; +https://openai.com/searchbot"
20.171.207.173 - - [28/Aug/2025:06:35:17 +0000] "GET /prayagraj/mahakumbh2025/assets/vendors/slick/fonts/slick.ttf HTTP/1.1" 200 1892 "-" "Mozilla/5.0 AppleWebKit/537.36 (KHTML, like Gecko; compatible; GPTBot/1.2; +https://openai.com/gptbot)"
20.171.207.173 - - [28/Aug/2025:06:35:18 +0000] "GET /prayagraj/mahakumbh2025/assets/vendors/slick/fonts/slick.eot HTTP/1.1" 200 2048 "-" "Mozilla/5.0 AppleWebKit/537.36 (KHTML, like Gecko; compatible; GPTBot/1.2; +https://openai.com/gptbot)"
20.171.207.173 - - [28/Aug/2025:06:35:19 +0000] "GET /prayagraj/mahakumbh2025/assets/vendors/slick/ajax-loader.gif HTTP/1.1" 200 3337 "-" "Mozilla/5.0 AppleWebKit/537.36 (KHTML, like Gecko; compatible; GPTBot/1.2; +https://openai.com/gptbot)"
20.171.207.173 - - [28/Aug/2025:06:35:20 +0000] "GET /prayagraj/mahakumbh2025/assets/vendors/slick/fonts/slick.woff HTTP/1.1" 200 1380 "-" "Mozilla/5.0 AppleWebKit/537.36 (KHTML, like Gecko; compatible; GPTBot/1.2; +https://openai.com/gptbot)"
20.171.207.173 - - [28/Aug/2025:06:35:21 +0000] "GET /prayagraj/mahakumbh2025/assets/vendors/slick/fonts/slick.svg HTTP/1.1" 200 930 "-" "Mozilla/5.0 AppleWebKit/537.36 (KHTML, like Gecko; compatible; GPTBot/1.2; +https://openai.com/gptbot)"
20.171.207.173 - - [28/Aug/2025:06:35:23 +0000] "GET /prayagraj/mahakumbh2025/assets/vendors/fontawesome/webfonts/fa-brands-400.woff2 HTTP/1.1" 200 75936 "-" "Mozilla/5.0 AppleWebKit/537.36 (KHTML, like Gecko; compatible; GPTBot/1.2; +https://openai.com/gptbot)"
20.171.207.173 - - [28/Aug/2025:06:35:23 +0000] "GET /prayagraj/mahakumbh2025/assets/vendors/fontawesome/webfonts/fa-solid-900.woff2 HTTP/1.1" 200 76084 "-" "Mozilla/5.0 AppleWebKit/537.36 (KHTML, like Gecko; compatible; GPTBot/1.2; +https://openai.com/gptbot)"
20.171.207.173 - - [28/Aug/2025:06:35:25 +0000] "GET /prayagraj/mahakumbh2025/assets/vendors/fontawesome/webfonts/fa-solid-900.eot HTTP/1.1" 200 194066 "-" "Mozilla/5.0 AppleWebKit/537.36 (KHTML, like Gecko; compatible; GPTBot/1.2; +https://openai.com/gptbot)"
20.171.207.173 - - [28/Aug/2025:06:35:26 +0000] "GET /prayagraj/mahakumbh2025/assets/vendors/fontawesome/webfonts/fa-regular-400.ttf HTTP/1.1" 200 34092 "-" "Mozilla/5.0 AppleWebKit/537.36 (KHTML, like Gecko; compatible; GPTBot/1.2; +https://openai.com/gptbot)"
20.171.207.173 - - [28/Aug/2025:06:35:27 +0000] "GET /prayagraj/mahakumbh2025/assets/vendors/fontawesome/webfonts/fa-solid-900.ttf HTTP/1.1" 200 193780 "-" "Mozilla/5.0 AppleWebKit/537.36 (KHTML, like Gecko; compatible; GPTBot/1.2; +https://openai.com/gptbot)"
20.171.207.173 - - [28/Aug/2025:06:35:28 +0000] "GET /prayagraj/mahakumbh2025/assets/vendors/fontawesome/webfonts/fa-solid-900.woff HTTP/1.1" 200 98996 "-" "Mozilla/5.0 AppleWebKit/537.36 (KHTML, like Gecko; compatible; GPTBot/1.2; +https://openai.com/gptbot)"
20.171.207.173 - - [28/Aug/2025:06:35:29 +0000] "GET /prayagraj/mahakumbh2025/assets/vendors/fontawesome/webfonts/fa-regular-400.svg HTTP/1.1" 200 37388 "-" "Mozilla/5.0 AppleWebKit/537.36 (KHTML, like Gecko; compatible; GPTBot/1.2; +https://openai.com/gptbot)"
20.171.207.173 - - [28/Aug/2025:06:35:30 +0000] "GET /prayagraj/mahakumbh2025/assets/vendors/fontawesome/webfonts/fa-regular-400.eot HTTP/1.1" 200 34390 "-" "Mozilla/5.0 AppleWebKit/537.36 (KHTML, like Gecko; compatible; GPTBot/1.2; +https://openai.com/gptbot)"
20.171.207.173 - - [28/Aug/2025:06:35:32 +0000] "GET /prayagraj/mahakumbh2025/assets/vendors/fontawesome/webfonts/fa-brands-400.svg HTTP/1.1" 200 239501 "-" "Mozilla/5.0 AppleWebKit/537.36 (KHTML, like Gecko; compatible; GPTBot/1.2; +https://openai.com/gptbot)"
20.171.207.173 - - [28/Aug/2025:06:35:33 +0000] "GET /prayagraj/mahakumbh2025/assets/vendors/fontawesome/webfonts/fa-brands-400.eot HTTP/1.1" 200 131930 "-" "Mozilla/5.0 AppleWebKit/537.36 (KHTML, like Gecko; compatible; GPTBot/1.2; +https://openai.com/gptbot)"
20.171.207.173 - - [28/Aug/2025:06:35:34 +0000] "GET /prayagraj/mahakumbh2025/assets/vendors/fontawesome/webfonts/fa-regular-400.woff HTTP/1.1" 200 16800 "-" "Mozilla/5.0 AppleWebKit/537.36 (KHTML, like Gecko; compatible; GPTBot/1.2; +https://openai.com/gptbot)"
20.171.207.173 - - [28/Aug/2025:06:35:35 +0000] "GET /prayagraj/mahakumbh2025/assets/vendors/fontawesome/webfonts/fa-brands-400.ttf HTTP/1.1" 200 131624 "-" "Mozilla/5.0 AppleWebKit/537.36 (KHTML, like Gecko; compatible; GPTBot/1.2; +https://openai.com/gptbot)"
20.171.207.173 - - [28/Aug/2025:06:35:36 +0000] "GET /prayagraj/mahakumbh2025/assets/vendors/fontawesome/webfonts/fa-brands-400.woff HTTP/1.1" 200 89100 "-" "Mozilla/5.0 AppleWebKit/537.36 (KHTML, like Gecko; compatible; GPTBot/1.2; +https://openai.com/gptbot)"
20.171.207.173 - - [28/Aug/2025:06:35:37 +0000] "GET /prayagraj/mahakumbh2025/assets/vendors/fontawesome/webfonts/fa-regular-400.woff2 HTTP/1.1" 200 13576 "-" "Mozilla/5.0 AppleWebKit/537.36 (KHTML, like Gecko; compatible; GPTBot/1.2; +https://openai.com/gptbot)"
20.171.207.173 - - [28/Aug/2025:06:35:38 +0000] "GET /prayagraj/mahakumbh2025/assets/vendors/fontawesome/webfonts/fa-solid-900.svg HTTP/1.1" 200 236132 "-" "Mozilla/5.0 AppleWebKit/537.36 (KHTML, like Gecko; compatible; GPTBot/1.2; +https://openai.com/gptbot)"
20.171.207.173 - - [28/Aug/2025:06:35:40 +0000] "GET /prayagraj/mahakumbh2025/assets/vendors/elementskit-icon-pack/assets/fonts/elementskit.woff?y24e1e HTTP/1.1" 200 442864 "-" "Mozilla/5.0 AppleWebKit/537.36 (KHTML, like Gecko; compatible; GPTBot/1.2; +https://openai.com/gptbot)"
66.249.79.71 - - [28/Aug/2025:06:54:39 +0000] "GET /kumbh-mela.php HTTP/1.1" 200 6317 "-" "Mozilla/5.0 (Linux; Android 6.0.1; Nexus 5X Build/MMB29P) AppleWebKit/537.36 (KHTML, like Gecko) Chrome/138.0.7204.183 Mobile Safari/537.36 (compatible; Googlebot/2.1; +http://www.google.com/bot.html)"
23.21.148.226 - - [28/Aug/2025:06:55:12 +0000] "GET /KolkataGangasagarGroupTour.html HTTP/1.1" 200 11916 "-" "Mozilla/5.0 AppleWebKit/537.36 (KHTML, like Gecko; compatible; Amazonbot/0.1; +https://developer.amazon.com/support/amazonbot) Chrome/119.0.6045.214 Safari/537.36"
66.249.79.37 - - [28/Aug/2025:06:59:05 +0000] "GET /js/jquery.magnific-popup.min.js HTTP/1.1" 200 7598 "https://bhaktiroute.in/BabaBaidhyanathGangasagarwithPuriDham.html" "Mozilla/5.0 (Linux; Android 6.0.1; Nexus 5X Build/MMB29P) AppleWebKit/537.36 (KHTML, like Gecko) Chrome/139.0.7258.127 Mobile Safari/537.36 (compatible; Googlebot/2.1; +http://www.google.com/bot.html)"
66.249.79.37 - - [28/Aug/2025:06:59:05 +0000] "GET /css/superfish.css HTTP/1.1" 200 1007 "https://bhaktiroute.in/BabaBaidhyanathGangasagarwithPuriDham.html" "Mozilla/5.0 (Linux; Android 6.0.1; Nexus 5X Build/MMB29P) AppleWebKit/537.36 (KHTML, like Gecko) Chrome/139.0.7258.127 Mobile Safari/537.36 (compatible; Googlebot/2.1; +http://www.google.com/bot.html)"
185.191.171.5 - - [28/Aug/2025:07:01:43 +0000] "GET /robots.txt HTTP/1.1" 404 9375 "-" "Mozilla/5.0 (compatible; SemrushBot/7~bl; +http://www.semrush.com/bot.html)"
85.208.96.206 - - [28/Aug/2025:07:01:45 +0000] "GET /SuperSaverKedarnathYatra.html HTTP/1.1" 200 6194 "-" "Mozilla/5.0 (compatible; SemrushBot/7~bl; +http://www.semrush.com/bot.html)"
20.194.157.187 - - [28/Aug/2025:07:11:46 +0000] "GET /tour-detail.php?url=ThinnakaraandBangaramTheEmeraldofSea HTTP/1.1" 200 9183 "-" "Mozilla/5.0 AppleWebKit/537.36 (KHTML, like Gecko); compatible; ChatGPT-User/1.0; +https://openai.com/bot"
104.210.140.132 - - [28/Aug/2025:07:13:51 +0000] "GET /robots.txt HTTP/1.1" 404 9429 "-" "Mozilla/5.0 (Macintosh; Intel Mac OS X 10_15_7) AppleWebKit/537.36 (KHTML, like Gecko) Chrome/131.0.0.0 Safari/537.36; compatible; OAI-SearchBot/1.0; +https://openai.com/searchbot"
104.210.140.134 - - [28/Aug/2025:07:13:52 +0000] "GET /robots.txt HTTP/1.1" 302 217 "-" "Mozilla/5.0 (Macintosh; Intel Mac OS X 10_15_7) AppleWebKit/537.36 (KHTML, like Gecko) Chrome/131.0.0.0 Safari/537.36; compatible; OAI-SearchBot/1.0; +https://openai.com/searchbot"
104.210.140.137 - - [28/Aug/2025:07:13:53 +0000] "GET /robots.txt HTTP/1.1" 404 9419 "-" "Mozilla/5.0 (Macintosh; Intel Mac OS X 10_15_7) AppleWebKit/537.36 (KHTML, like Gecko) Chrome/131.0.0.0 Safari/537.36; compatible; OAI-SearchBot/1.0; +https://openai.com/searchbot"
66.249.79.36 - - [28/Aug/2025:07:18:49 +0000] "GET /tour-detail.php?url=ShreeJagannathDham(Puri) HTTP/1.1" 200 12181 "-" "Mozilla/5.0 (Linux; Android 6.0.1; Nexus 5X Build/MMB29P) AppleWebKit/537.36 (KHTML, like Gecko) Chrome/138.0.7204.183 Mobile Safari/537.36 (compatible; Googlebot/2.1; +http://www.google.com/bot.html)"
163.116.212.95 - - [28/Aug/2025:07:39:18 +0000] "GET /TRIPBABABAIDYANATHJYOTIRLINGAWITHKOLKATAGANGASAGARANDJAGANNATHPURI.html HTTP/1.1" 200 11308 "https://www.google.com/" "Mozilla/5.0 (Windows NT 10.0; Win64; x64) AppleWebKit/537.36 (KHTML, like Gecko) Chrome/139.0.0.0 Safari/537.36"
64.233.173.167 - - [28/Aug/2025:07:40:58 +0000] "GET /.well-known/traffic-advice HTTP/1.1" 404 9434 "-" "Chrome Privacy Preserving Prefetch Proxy"
193.186.4.187 - - [28/Aug/2025:07:40:59 +0000] "GET / HTTP/1.1" 200 9414 "https://www.google.com/" "Mozilla/5.0 (Linux; Android 10; K) AppleWebKit/537.36 (KHTML, like Gecko) Chrome/139.0.0.0 Mobile Safari/537.36"
114.119.141.201 - - [28/Aug/2025:07:45:59 +0000] "GET /tour-detail.php?url=LuxuryAmarnathYatraByHelicopter HTTP/1.1" 200 9651 "https://bhaktiroute.in/tour-detail.php?url=LuxuryAmarnathYatraByHelicopter" "Mozilla/5.0 (Linux; Android 7.0;) AppleWebKit/537.36 (KHTML, like Gecko) Mobile Safari/537.36 (compatible; PetalBot;+https://webmaster.petalsearch.com/site/petalbot)"
207.46.13.83 - - [28/Aug/2025:07:50:49 +0000] "GET /prayagraj/images/conatct_logo.png HTTP/1.1" 404 9424 "-" "Mozilla/5.0 AppleWebKit/537.36 (KHTML, like Gecko; compatible; bingbot/2.0; +http://www.bing.com/bingbot.htm) Chrome/116.0.1938.76 Safari/537.36"
72.14.201.140 - - [28/Aug/2025:07:56:39 +0000] "GET / HTTP/1.1" 200 9414 "https://www.google.com/" "Mozilla/5.0 (Linux; Android 10; K) AppleWebKit/537.36 (KHTML, like Gecko) Chrome/139.0.0.0 Mobile Safari/537.36"
157.37.189.113 - - [28/Aug/2025:08:01:10 +0000] "GET /contact-us.php HTTP/1.1" 200 6014 "https://www.google.com/" "Mozilla/5.0 (Linux; Android 10; K) AppleWebKit/537.36 (KHTML, like Gecko) Chrome/139.0.0.0 Mobile Safari/537.36"
157.37.189.113 - - [28/Aug/2025:08:01:11 +0000] "GET /css/animate.css HTTP/1.1" 200 4345 "-" "Mozilla/5.0 (Linux; Android 10; K) AppleWebKit/537.36 (KHTML, like Gecko) Chrome/139.0.0.0 Mobile Safari/537.36"
162.120.184.14 - - [28/Aug/2025:08:01:11 +0000] "GET / HTTP/1.1" 200 9414 "https://www.google.com/" "Mozilla/5.0 (Linux; Android 10; K) AppleWebKit/537.36 (KHTML, like Gecko) Chrome/139.0.0.0 Mobile Safari/537.36"
157.37.189.113 - - [28/Aug/2025:08:01:11 +0000] "GET /css/icomoon.css HTTP/1.1" 200 8156 "-" "Mozilla/5.0 (Linux; Android 10; K) AppleWebKit/537.36 (KHTML, like Gecko) Chrome/139.0.0.0 Mobile Safari/537.36"
157.37.189.113 - - [28/Aug/2025:08:01:11 +0000] "GET /css/bootstrap.min.css HTTP/1.1" 200 20583 "-" "Mozilla/5.0 (Linux; Android 10; K) AppleWebKit/537.36 (KHTML, like Gecko) Chrome/139.0.0.0 Mobile Safari/537.36"
157.37.189.113 - - [28/Aug/2025:08:01:11 +0000] "GET /css/superfish.css HTTP/1.1" 200 1007 "https://www.bhaktiroute.in/contact-us.php" "Mozilla/5.0 (Linux; Android 10; K) AppleWebKit/537.36 (KHTML, like Gecko) Chrome/139.0.0.0 Mobile Safari/537.36"
157.37.189.113 - - [28/Aug/2025:08:01:12 +0000] "GET /css/magnific-popup.css HTTP/1.1" 200 1948 "https://www.bhaktiroute.in/contact-us.php" "Mozilla/5.0 (Linux; Android 10; K) AppleWebKit/537.36 (KHTML, like Gecko) Chrome/139.0.0.0 Mobile Safari/537.36"
157.37.189.113 - - [28/Aug/2025:08:01:12 +0000] "GET /css/bootstrap-datepicker.min.css HTTP/1.1" 200 2128 "https://www.bhaktiroute.in/contact-us.php" "Mozilla/5.0 (Linux; Android 10; K) AppleWebKit/537.36 (KHTML, like Gecko) Chrome/139.0.0.0 Mobile Safari/537.36"
157.37.189.113 - - [28/Aug/2025:08:01:12 +0000] "GET /css/style.css HTTP/1.1" 200 8668 "https://www.bhaktiroute.in/contact-us.php" "Mozilla/5.0 (Linux; Android 10; K) AppleWebKit/537.36 (KHTML, like Gecko) Chrome/139.0.0.0 Mobile Safari/537.36"
157.37.189.113 - - [28/Aug/2025:08:01:12 +0000] "GET /css/media-query.css HTTP/1.1" 200 2056 "https://www.bhaktiroute.in/contact-us.php" "Mozilla/5.0 (Linux; Android 10; K) AppleWebKit/537.36 (KHTML, like Gecko) Chrome/139.0.0.0 Mobile Safari/537.36"
157.37.189.113 - - [28/Aug/2025:08:01:12 +0000] "GET /google-captcha/component/jquery/jquery-3.2.1.min.js HTTP/1.1" 200 30191 "https://www.bhaktiroute.in/contact-us.php" "Mozilla/5.0 (Linux; Android 10; K) AppleWebKit/537.36 (KHTML, like Gecko) Chrome/139.0.0.0 Mobile Safari/537.36"
157.37.189.113 - - [28/Aug/2025:08:01:12 +0000] "GET /gen_validatorv4.js HTTP/1.1" 200 5656 "https://www.bhaktiroute.in/contact-us.php" "Mozilla/5.0 (Linux; Android 10; K) AppleWebKit/537.36 (KHTML, like Gecko) Chrome/139.0.0.0 Mobile Safari/537.36"
157.37.189.113 - - [28/Aug/2025:08:01:14 +0000] "GET /images/facebook-logo.png HTTP/1.1" 200 1051 "https://www.bhaktiroute.in/contact-us.php" "Mozilla/5.0 (Linux; Android 10; K) AppleWebKit/537.36 (KHTML, like Gecko) Chrome/139.0.0.0 Mobile Safari/537.36"
157.37.189.113 - - [28/Aug/2025:08:01:14 +0000] "GET /images/twitter.png HTTP/1.1" 200 1293 "https://www.bhaktiroute.in/contact-us.php" "Mozilla/5.0 (Linux; Android 10; K) AppleWebKit/537.36 (KHTML, like Gecko) Chrome/139.0.0.0 Mobile Safari/537.36"
157.37.189.113 - - [28/Aug/2025:08:01:14 +0000] "GET /images/conatct_logo.png HTTP/1.1" 200 1020 "https://www.bhaktiroute.in/contact-us.php" "Mozilla/5.0 (Linux; Android 10; K) AppleWebKit/537.36 (KHTML, like Gecko) Chrome/139.0.0.0 Mobile Safari/537.36"
157.37.189.113 - - [28/Aug/2025:08:01:14 +0000] "GET /images/instagram.png HTTP/1.1" 200 1598 "https://www.bhaktiroute.in/contact-us.php" "Mozilla/5.0 (Linux; Android 10; K) AppleWebKit/537.36 (KHTML, like Gecko) Chrome/139.0.0.0 Mobile Safari/537.36"
157.37.189.113 - - [28/Aug/2025:08:01:14 +0000] "GET /images/whatsapp-(2).logo.png HTTP/1.1" 200 1653 "https://www.bhaktiroute.in/contact-us.php" "Mozilla/5.0 (Linux; Android 10; K) AppleWebKit/537.36 (KHTML, like Gecko) Chrome/139.0.0.0 Mobile Safari/537.36"
157.37.189.113 - - [28/Aug/2025:08:01:15 +0000] "GET /js/jquery-3.3.1.min.js HTTP/1.1" 200 30364 "https://www.bhaktiroute.in/contact-us.php" "Mozilla/5.0 (Linux; Android 10; K) AppleWebKit/537.36 (KHTML, like Gecko) Chrome/139.0.0.0 Mobile Safari/537.36"
157.37.189.113 - - [28/Aug/2025:08:01:15 +0000] "GET /js/modernizr-3.6.0.min.js HTTP/1.1" 200 6247 "https://www.bhaktiroute.in/contact-us.php" "Mozilla/5.0 (Linux; Android 10; K) AppleWebKit/537.36 (KHTML, like Gecko) Chrome/139.0.0.0 Mobile Safari/537.36"
157.37.189.113 - - [28/Aug/2025:08:01:15 +0000] "GET /js/migrate.min.js HTTP/1.1" 200 2734 "https://www.bhaktiroute.in/contact-us.php" "Mozilla/5.0 (Linux; Android 10; K) AppleWebKit/537.36 (KHTML, like Gecko) Chrome/139.0.0.0 Mobile Safari/537.36"
157.37.189.113 - - [28/Aug/2025:08:01:15 +0000] "GET /js/jquery.stellar.min.js HTTP/1.1" 200 3410 "https://www.bhaktiroute.in/contact-us.php" "Mozilla/5.0 (Linux; Android 10; K) AppleWebKit/537.36 (KHTML, like Gecko) Chrome/139.0.0.0 Mobile Safari/537.36"
157.37.189.113 - - [28/Aug/2025:08:01:15 +0000] "GET /js/bootstrap-4.0.0.min.js HTTP/1.1" 200 13118 "https://www.bhaktiroute.in/contact-us.php" "Mozilla/5.0 (Linux; Android 10; K) AppleWebKit/537.36 (KHTML, like Gecko) Chrome/139.0.0.0 Mobile Safari/537.36"
157.37.189.113 - - [28/Aug/2025:08:01:15 +0000] "GET /js/jquery.waypoints.min.js HTTP/1.1" 200 2714 "https://www.bhaktiroute.in/contact-us.php" "Mozilla/5.0 (Linux; Android 10; K) AppleWebKit/537.36 (KHTML, like Gecko) Chrome/139.0.0.0 Mobile Safari/537.36"
157.37.189.113 - - [28/Aug/2025:08:01:16 +0000] "GET /js/sticky.js HTTP/1.1" 200 613 "https://www.bhaktiroute.in/contact-us.php" "Mozilla/5.0 (Linux; Android 10; K) AppleWebKit/537.36 (KHTML, like Gecko) Chrome/139.0.0.0 Mobile Safari/537.36"
157.37.189.113 - - [28/Aug/2025:08:01:16 +0000] "GET /js/jquery.magnific-popup.min.js HTTP/1.1" 200 7598 "https://www.bhaktiroute.in/contact-us.php" "Mozilla/5.0 (Linux; Android 10; K) AppleWebKit/537.36 (KHTML, like Gecko) Chrome/139.0.0.0 Mobile Safari/537.36"
157.37.189.113 - - [28/Aug/2025:08:01:16 +0000] "GET /js/bootstrap-datepicker.min.js HTTP/1.1" 200 10038 "https://www.bhaktiroute.in/contact-us.php" "Mozilla/5.0 (Linux; Android 10; K) AppleWebKit/537.36 (KHTML, like Gecko) Chrome/139.0.0.0 Mobile Safari/537.36"
157.37.189.113 - - [28/Aug/2025:08:01:16 +0000] "GET /js/SmoothScroll.min.js HTTP/1.1" 200 2552 "https://www.bhaktiroute.in/contact-us.php" "Mozilla/5.0 (Linux; Android 10; K) AppleWebKit/537.36 (KHTML, like Gecko) Chrome/139.0.0.0 Mobile Safari/537.36"
157.37.189.113 - - [28/Aug/2025:08:01:16 +0000] "GET /js/main.js HTTP/1.1" 200 1392 "https://www.bhaktiroute.in/contact-us.php" "Mozilla/5.0 (Linux; Android 10; K) AppleWebKit/537.36 (KHTML, like Gecko) Chrome/139.0.0.0 Mobile Safari/537.36"
157.37.189.113 - - [28/Aug/2025:08:01:16 +0000] "GET /images/logo.png HTTP/1.1" 200 112439 "https://www.bhaktiroute.in/contact-us.php" "Mozilla/5.0 (Linux; Android 10; K) AppleWebKit/537.36 (KHTML, like Gecko) Chrome/139.0.0.0 Mobile Safari/537.36"
157.37.189.113 - - [28/Aug/2025:08:01:18 +0000] "GET /fonts/icomoon/icomoona57c.ttf?srf3rx HTTP/1.1" 200 81426 "https://www.bhaktiroute.in/css/style.css" "Mozilla/5.0 (Linux; Android 10; K) AppleWebKit/537.36 (KHTML, like Gecko) Chrome/139.0.0.0 Mobile Safari/537.36"
157.37.189.113 - - [28/Aug/2025:08:01:19 +0000] "GET /fonts/icomoon/icomoona57c.woff?srf3rx HTTP/1.1" 200 163361 "https://www.bhaktiroute.in/css/style.css" "Mozilla/5.0 (Linux; Android 10; K) AppleWebKit/537.36 (KHTML, like Gecko) Chrome/139.0.0.0 Mobile Safari/537.36"
20.97.189.106 - - [28/Aug/2025:08:09:52 +0000] "GET /Kolkata-Gangasagar-shreeJagannathPuriDham.html HTTP/1.1" 200 22053 "-" "Mozilla/5.0 AppleWebKit/537.36 (KHTML, like Gecko); compatible; ChatGPT-User/1.0; +https://openai.com/bot"
104.210.140.138 - - [28/Aug/2025:08:14:18 +0000] "GET /robots.txt HTTP/1.1" 404 9375 "-" "Mozilla/5.0 (Macintosh; Intel Mac OS X 10_15_7) AppleWebKit/537.36 (KHTML, like Gecko) Chrome/131.0.0.0 Safari/537.36; compatible; OAI-SearchBot/1.0; +https://openai.com/searchbot"
104.210.140.138 - - [28/Aug/2025:08:14:18 +0000] "GET /robots.txt HTTP/1.1" 302 217 "-" "Mozilla/5.0 (Macintosh; Intel Mac OS X 10_15_7) AppleWebKit/537.36 (KHTML, like Gecko) Chrome/131.0.0.0 Safari/537.36; compatible; OAI-SearchBot/1.0; +https://openai.com/searchbot"
104.210.140.133 - - [28/Aug/2025:08:14:19 +0000] "GET /robots.txt HTTP/1.1" 404 9375 "-" "Mozilla/5.0 (Macintosh; Intel Mac OS X 10_15_7) AppleWebKit/537.36 (KHTML, like Gecko) Chrome/131.0.0.0 Safari/537.36; compatible; OAI-SearchBot/1.0; +https://openai.com/searchbot"
103.36.121.210 - - [28/Aug/2025:08:20:07 +0000] "GET /AyodhyaShriRamTeerthYatra.html HTTP/1.1" 200 10003 "https://www.google.com/" "Mozilla/5.0 (Windows NT 10.0; Win64; x64) AppleWebKit/537.36 (KHTML, like Gecko) Chrome/139.0.0.0 Safari/537.36"
103.36.121.210 - - [28/Aug/2025:08:20:07 +0000] "GET /css/animate.css HTTP/1.1" 200 4345 "https://bhaktiroute.in/AyodhyaShriRamTeerthYatra.html" "Mozilla/5.0 (Windows NT 10.0; Win64; x64) AppleWebKit/537.36 (KHTML, like Gecko) Chrome/139.0.0.0 Safari/537.36"
103.36.121.210 - - [28/Aug/2025:08:20:07 +0000] "GET /css/icomoon.css HTTP/1.1" 200 8156 "https://bhaktiroute.in/AyodhyaShriRamTeerthYatra.html" "Mozilla/5.0 (Windows NT 10.0; Win64; x64) AppleWebKit/537.36 (KHTML, like Gecko) Chrome/139.0.0.0 Safari/537.36"
103.36.121.210 - - [28/Aug/2025:08:20:08 +0000] "GET /css/bootstrap.min.css HTTP/1.1" 200 20583 "https://bhaktiroute.in/AyodhyaShriRamTeerthYatra.html" "Mozilla/5.0 (Windows NT 10.0; Win64; x64) AppleWebKit/537.36 (KHTML, like Gecko) Chrome/139.0.0.0 Safari/537.36"
103.36.121.210 - - [28/Aug/2025:08:20:08 +0000] "GET /css/superfish.css HTTP/1.1" 200 1007 "https://bhaktiroute.in/AyodhyaShriRamTeerthYatra.html" "Mozilla/5.0 (Windows NT 10.0; Win64; x64) AppleWebKit/537.36 (KHTML, like Gecko) Chrome/139.0.0.0 Safari/537.36"
103.36.121.210 - - [28/Aug/2025:08:20:08 +0000] "GET /css/magnific-popup.css HTTP/1.1" 200 1948 "https://bhaktiroute.in/AyodhyaShriRamTeerthYatra.html" "Mozilla/5.0 (Windows NT 10.0; Win64; x64) AppleWebKit/537.36 (KHTML, like Gecko) Chrome/139.0.0.0 Safari/537.36"
103.36.121.210 - - [28/Aug/2025:08:20:08 +0000] "GET /css/bootstrap-datepicker.min.css HTTP/1.1" 200 2128 "https://bhaktiroute.in/AyodhyaShriRamTeerthYatra.html" "Mozilla/5.0 (Windows NT 10.0; Win64; x64) AppleWebKit/537.36 (KHTML, like Gecko) Chrome/139.0.0.0 Safari/537.36"
103.36.121.210 - - [28/Aug/2025:08:20:08 +0000] "GET /css/style.css HTTP/1.1" 200 8668 "https://bhaktiroute.in/AyodhyaShriRamTeerthYatra.html" "Mozilla/5.0 (Windows NT 10.0; Win64; x64) AppleWebKit/537.36 (KHTML, like Gecko) Chrome/139.0.0.0 Safari/537.36"
103.36.121.210 - - [28/Aug/2025:08:20:08 +0000] "GET /css/media-query.css HTTP/1.1" 200 2056 "https://bhaktiroute.in/AyodhyaShriRamTeerthYatra.html" "Mozilla/5.0 (Windows NT 10.0; Win64; x64) AppleWebKit/537.36 (KHTML, like Gecko) Chrome/139.0.0.0 Safari/537.36"
103.36.121.210 - - [28/Aug/2025:08:20:08 +0000] "GET /google-captcha/component/jquery/jquery-3.2.1.min.js HTTP/1.1" 200 30191 "https://bhaktiroute.in/AyodhyaShriRamTeerthYatra.html" "Mozilla/5.0 (Windows NT 10.0; Win64; x64) AppleWebKit/537.36 (KHTML, like Gecko) Chrome/139.0.0.0 Safari/537.36"
103.36.121.210 - - [28/Aug/2025:08:20:09 +0000] "GET /images/facebook-logo.png HTTP/1.1" 200 1051 "https://bhaktiroute.in/AyodhyaShriRamTeerthYatra.html" "Mozilla/5.0 (Windows NT 10.0; Win64; x64) AppleWebKit/537.36 (KHTML, like Gecko) Chrome/139.0.0.0 Safari/537.36"
103.36.121.210 - - [28/Aug/2025:08:20:09 +0000] "GET /images/twitter.png HTTP/1.1" 200 1293 "https://bhaktiroute.in/AyodhyaShriRamTeerthYatra.html" "Mozilla/5.0 (Windows NT 10.0; Win64; x64) AppleWebKit/537.36 (KHTML, like Gecko) Chrome/139.0.0.0 Safari/537.36"
103.36.121.210 - - [28/Aug/2025:08:20:09 +0000] "GET /gen_validatorv4.js HTTP/1.1" 200 5656 "https://bhaktiroute.in/AyodhyaShriRamTeerthYatra.html" "Mozilla/5.0 (Windows NT 10.0; Win64; x64) AppleWebKit/537.36 (KHTML, like Gecko) Chrome/139.0.0.0 Safari/537.36"
103.36.121.210 - - [28/Aug/2025:08:20:09 +0000] "GET /images/instagram.png HTTP/1.1" 200 1598 "https://bhaktiroute.in/AyodhyaShriRamTeerthYatra.html" "Mozilla/5.0 (Windows NT 10.0; Win64; x64) AppleWebKit/537.36 (KHTML, like Gecko) Chrome/139.0.0.0 Safari/537.36"
103.36.121.210 - - [28/Aug/2025:08:20:09 +0000] "GET /images/conatct_logo.png HTTP/1.1" 200 1020 "https://bhaktiroute.in/AyodhyaShriRamTeerthYatra.html" "Mozilla/5.0 (Windows NT 10.0; Win64; x64) AppleWebKit/537.36 (KHTML, like Gecko) Chrome/139.0.0.0 Safari/537.36"
103.36.121.210 - - [28/Aug/2025:08:20:09 +0000] "GET /images/whatsapp-(2).logo.png HTTP/1.1" 200 1653 "https://bhaktiroute.in/AyodhyaShriRamTeerthYatra.html" "Mozilla/5.0 (Windows NT 10.0; Win64; x64) AppleWebKit/537.36 (KHTML, like Gecko) Chrome/139.0.0.0 Safari/537.36"
103.36.121.210 - - [28/Aug/2025:08:20:09 +0000] "GET /js/modernizr-3.6.0.min.js HTTP/1.1" 200 6247 "https://bhaktiroute.in/AyodhyaShriRamTeerthYatra.html" "Mozilla/5.0 (Windows NT 10.0; Win64; x64) AppleWebKit/537.36 (KHTML, like Gecko) Chrome/139.0.0.0 Safari/537.36"
103.36.121.210 - - [28/Aug/2025:08:20:10 +0000] "GET /js/jquery-3.3.1.min.js HTTP/1.1" 200 30364 "https://bhaktiroute.in/AyodhyaShriRamTeerthYatra.html" "Mozilla/5.0 (Windows NT 10.0; Win64; x64) AppleWebKit/537.36 (KHTML, like Gecko) Chrome/139.0.0.0 Safari/537.36"
103.36.121.210 - - [28/Aug/2025:08:20:10 +0000] "GET /js/migrate.min.js HTTP/1.1" 200 2734 "https://bhaktiroute.in/AyodhyaShriRamTeerthYatra.html" "Mozilla/5.0 (Windows NT 10.0; Win64; x64) AppleWebKit/537.36 (KHTML, like Gecko) Chrome/139.0.0.0 Safari/537.36"
103.36.121.210 - - [28/Aug/2025:08:20:10 +0000] "GET /js/jquery.stellar.min.js HTTP/1.1" 200 3410 "https://bhaktiroute.in/AyodhyaShriRamTeerthYatra.html" "Mozilla/5.0 (Windows NT 10.0; Win64; x64) AppleWebKit/537.36 (KHTML, like Gecko) Chrome/139.0.0.0 Safari/537.36"
103.36.121.210 - - [28/Aug/2025:08:20:10 +0000] "GET /js/bootstrap-4.0.0.min.js HTTP/1.1" 200 13118 "https://bhaktiroute.in/AyodhyaShriRamTeerthYatra.html" "Mozilla/5.0 (Windows NT 10.0; Win64; x64) AppleWebKit/537.36 (KHTML, like Gecko) Chrome/139.0.0.0 Safari/537.36"
103.36.121.210 - - [28/Aug/2025:08:20:10 +0000] "GET /js/jquery.waypoints.min.js HTTP/1.1" 200 2714 "https://bhaktiroute.in/AyodhyaShriRamTeerthYatra.html" "Mozilla/5.0 (Windows NT 10.0; Win64; x64) AppleWebKit/537.36 (KHTML, like Gecko) Chrome/139.0.0.0 Safari/537.36"
103.36.121.210 - - [28/Aug/2025:08:20:10 +0000] "GET /js/sticky.js HTTP/1.1" 200 613 "https://bhaktiroute.in/AyodhyaShriRamTeerthYatra.html" "Mozilla/5.0 (Windows NT 10.0; Win64; x64) AppleWebKit/537.36 (KHTML, like Gecko) Chrome/139.0.0.0 Safari/537.36"
103.36.121.210 - - [28/Aug/2025:08:20:10 +0000] "GET /js/jquery.magnific-popup.min.js HTTP/1.1" 200 7598 "https://bhaktiroute.in/AyodhyaShriRamTeerthYatra.html" "Mozilla/5.0 (Windows NT 10.0; Win64; x64) AppleWebKit/537.36 (KHTML, like Gecko) Chrome/139.0.0.0 Safari/537.36"
103.36.121.210 - - [28/Aug/2025:08:20:10 +0000] "GET /js/bootstrap-datepicker.min.js HTTP/1.1" 200 10038 "https://bhaktiroute.in/AyodhyaShriRamTeerthYatra.html" "Mozilla/5.0 (Windows NT 10.0; Win64; x64) AppleWebKit/537.36 (KHTML, like Gecko) Chrome/139.0.0.0 Safari/537.36"
103.36.121.210 - - [28/Aug/2025:08:20:11 +0000] "GET /js/SmoothScroll.min.js HTTP/1.1" 200 2552 "https://bhaktiroute.in/AyodhyaShriRamTeerthYatra.html" "Mozilla/5.0 (Windows NT 10.0; Win64; x64) AppleWebKit/537.36 (KHTML, like Gecko) Chrome/139.0.0.0 Safari/537.36"
103.36.121.210 - - [28/Aug/2025:08:20:11 +0000] "GET /js/main.js HTTP/1.1" 200 1392 "https://bhaktiroute.in/AyodhyaShriRamTeerthYatra.html" "Mozilla/5.0 (Windows NT 10.0; Win64; x64) AppleWebKit/537.36 (KHTML, like Gecko) Chrome/139.0.0.0 Safari/537.36"
103.36.121.210 - - [28/Aug/2025:08:20:11 +0000] "GET /images/icon/manifest.json HTTP/1.1" 200 223 "https://bhaktiroute.in/AyodhyaShriRamTeerthYatra.html" "Mozilla/5.0 (Windows NT 10.0; Win64; x64) AppleWebKit/537.36 (KHTML, like Gecko) Chrome/139.0.0.0 Safari/537.36"
103.36.121.210 - - [28/Aug/2025:08:20:11 +0000] "GET /images/logo.png HTTP/1.1" 200 112439 "https://bhaktiroute.in/AyodhyaShriRamTeerthYatra.html" "Mozilla/5.0 (Windows NT 10.0; Win64; x64) AppleWebKit/537.36 (KHTML, like Gecko) Chrome/139.0.0.0 Safari/537.36"
103.36.121.210 - - [28/Aug/2025:08:20:11 +0000] "GET /galleryimg/2917235Ram-Ji-Photo.webp HTTP/1.1" 200 247282 "https://bhaktiroute.in/AyodhyaShriRamTeerthYatra.html" "Mozilla/5.0 (Windows NT 10.0; Win64; x64) AppleWebKit/537.36 (KHTML, like Gecko) Chrome/139.0.0.0 Safari/537.36"
103.36.121.210 - - [28/Aug/2025:08:20:15 +0000] "GET /fonts/icomoon/icomoona57c.ttf?srf3rx HTTP/1.1" 200 224464 "https://bhaktiroute.in/css/style.css" "Mozilla/5.0 (Windows NT 10.0; Win64; x64) AppleWebKit/537.36 (KHTML, like Gecko) Chrome/139.0.0.0 Safari/537.36"
103.36.121.210 - - [28/Aug/2025:08:20:18 +0000] "GET /images/icon/favicon-32x32.png HTTP/1.1" 200 1551 "https://bhaktiroute.in/AyodhyaShriRamTeerthYatra.html" "Mozilla/5.0 (Windows NT 10.0; Win64; x64) AppleWebKit/537.36 (KHTML, like Gecko) Chrome/139.0.0.0 Safari/537.36"
69.63.189.10 - - [28/Aug/2025:08:24:18 +0000] "GET /TripBabaBaidyanathwithKolkataGangasagar.html HTTP/1.1" 200 78817 "-" "meta-externalagent/1.1 (+https://developers.facebook.com/docs/sharing/webmasters/crawler)"
223.228.211.144 - - [28/Aug/2025:08:24:37 +0000] "GET /css/animate.css HTTP/1.1" 200 4345 "-" "Mozilla/5.0 (Linux; Android 10; K) AppleWebKit/537.36 (KHTML, like Gecko) Chrome/139.0.0.0 Mobile Safari/537.36"
223.228.211.144 - - [28/Aug/2025:08:24:37 +0000] "GET / HTTP/1.1" 200 9424 "-" "Mozilla/5.0 (Linux; Android 10; K) AppleWebKit/537.36 (KHTML, like Gecko) Chrome/139.0.0.0 Mobile Safari/537.36"
223.228.211.144 - - [28/Aug/2025:08:24:39 +0000] "GET /css/magnific-popup.css HTTP/1.1" 200 1948 "https://bhaktiroute.in/" "Mozilla/5.0 (Linux; Android 10; K) AppleWebKit/537.36 (KHTML, like Gecko) Chrome/139.0.0.0 Mobile Safari/537.36"
223.228.211.144 - - [28/Aug/2025:08:24:39 +0000] "GET /css/bootstrap-datepicker.min.css HTTP/1.1" 200 2128 "https://bhaktiroute.in/" "Mozilla/5.0 (Linux; Android 10; K) AppleWebKit/537.36 (KHTML, like Gecko) Chrome/139.0.0.0 Mobile Safari/537.36"
223.228.211.144 - - [28/Aug/2025:08:24:39 +0000] "GET /css/style.css HTTP/1.1" 200 8668 "https://bhaktiroute.in/" "Mozilla/5.0 (Linux; Android 10; K) AppleWebKit/537.36 (KHTML, like Gecko) Chrome/139.0.0.0 Mobile Safari/537.36"
223.228.211.144 - - [28/Aug/2025:08:24:39 +0000] "GET /css/media-query.css HTTP/1.1" 200 2056 "https://bhaktiroute.in/" "Mozilla/5.0 (Linux; Android 10; K) AppleWebKit/537.36 (KHTML, like Gecko) Chrome/139.0.0.0 Mobile Safari/537.36"
223.228.211.144 - - [28/Aug/2025:08:24:39 +0000] "GET /google-captcha/component/jquery/jquery-3.2.1.min.js HTTP/1.1" 200 30191 "https://bhaktiroute.in/" "Mozilla/5.0 (Linux; Android 10; K) AppleWebKit/537.36 (KHTML, like Gecko) Chrome/139.0.0.0 Mobile Safari/537.36"
223.228.211.144 - - [28/Aug/2025:08:24:39 +0000] "GET /gen_validatorv4.js HTTP/1.1" 200 5656 "https://bhaktiroute.in/" "Mozilla/5.0 (Linux; Android 10; K) AppleWebKit/537.36 (KHTML, like Gecko) Chrome/139.0.0.0 Mobile Safari/537.36"
223.228.211.144 - - [28/Aug/2025:08:24:39 +0000] "GET /css/icomoon.css HTTP/1.1" 200 8156 "-" "Mozilla/5.0 (Linux; Android 10; K) AppleWebKit/537.36 (KHTML, like Gecko) Chrome/139.0.0.0 Mobile Safari/537.36"
223.228.211.144 - - [28/Aug/2025:08:24:39 +0000] "GET /css/bootstrap.min.css HTTP/1.1" 200 20583 "-" "Mozilla/5.0 (Linux; Android 10; K) AppleWebKit/537.36 (KHTML, like Gecko) Chrome/139.0.0.0 Mobile Safari/537.36"
223.228.211.144 - - [28/Aug/2025:08:24:39 +0000] "GET /css/superfish.css HTTP/1.1" 200 1007 "-" "Mozilla/5.0 (Linux; Android 10; K) AppleWebKit/537.36 (KHTML, like Gecko) Chrome/139.0.0.0 Mobile Safari/537.36"
223.228.211.144 - - [28/Aug/2025:08:24:39 +0000] "GET /images/facebook-logo.png HTTP/1.1" 200 1051 "https://bhaktiroute.in/" "Mozilla/5.0 (Linux; Android 10; K) AppleWebKit/537.36 (KHTML, like Gecko) Chrome/139.0.0.0 Mobile Safari/537.36"
223.228.211.144 - - [28/Aug/2025:08:24:39 +0000] "GET /images/twitter.png HTTP/1.1" 200 1293 "https://bhaktiroute.in/" "Mozilla/5.0 (Linux; Android 10; K) AppleWebKit/537.36 (KHTML, like Gecko) Chrome/139.0.0.0 Mobile Safari/537.36"
223.228.211.144 - - [28/Aug/2025:08:24:39 +0000] "GET /images/instagram.png HTTP/1.1" 200 1598 "https://bhaktiroute.in/" "Mozilla/5.0 (Linux; Android 10; K) AppleWebKit/537.36 (KHTML, like Gecko) Chrome/139.0.0.0 Mobile Safari/537.36"
223.228.211.144 - - [28/Aug/2025:08:24:39 +0000] "GET /images/conatct_logo.png HTTP/1.1" 200 1020 "https://bhaktiroute.in/" "Mozilla/5.0 (Linux; Android 10; K) AppleWebKit/537.36 (KHTML, like Gecko) Chrome/139.0.0.0 Mobile Safari/537.36"
223.228.211.144 - - [28/Aug/2025:08:24:40 +0000] "GET /images/whatsapp-(2).logo.png HTTP/1.1" 200 1653 "https://bhaktiroute.in/" "Mozilla/5.0 (Linux; Android 10; K) AppleWebKit/537.36 (KHTML, like Gecko) Chrome/139.0.0.0 Mobile Safari/537.36"
223.228.211.144 - - [28/Aug/2025:08:24:40 +0000] "GET /js/modernizr-3.6.0.min.js HTTP/1.1" 200 6247 "https://bhaktiroute.in/" "Mozilla/5.0 (Linux; Android 10; K) AppleWebKit/537.36 (KHTML, like Gecko) Chrome/139.0.0.0 Mobile Safari/537.36"
223.228.211.144 - - [28/Aug/2025:08:24:40 +0000] "GET /js/jquery-3.3.1.min.js HTTP/1.1" 200 30364 "https://bhaktiroute.in/" "Mozilla/5.0 (Linux; Android 10; K) AppleWebKit/537.36 (KHTML, like Gecko) Chrome/139.0.0.0 Mobile Safari/537.36"
223.228.211.144 - - [28/Aug/2025:08:24:40 +0000] "GET /js/migrate.min.js HTTP/1.1" 200 2734 "https://bhaktiroute.in/" "Mozilla/5.0 (Linux; Android 10; K) AppleWebKit/537.36 (KHTML, like Gecko) Chrome/139.0.0.0 Mobile Safari/537.36"
