59.183.55.132 - - [23/Sep/2025:09:45:11 +0000] "GET /assets/vendors/masonry/masonry.pkgd.min.js HTTP/1.1" 200 7367 "https://gangasagar-puri-baidyanath.bhaktiroute.in/?gad_source=1&gad_campaignid=23039829741&gbraid=0AAAAA-ILMtjq8jrCMkCJOu8Zs-KCDKi9D&gclid=CjwKCAjwisnGBhAXEiwA0zEOR3i3PXBlo0kc2hlFiiLqjJtFtrtsu8ocDxmCtVpEzQvI9Q2xvxrz_RoCM_cQAvD_BwE" "Mozilla/5.0 (Linux; Android 10; K) AppleWebKit/537.36 (KHTML, like Gecko) Chrome/140.0.0.0 Mobile Safari/537.36"
59.183.55.132 - - [23/Sep/2025:09:45:11 +0000] "GET /assets/vendors/slick/slick.js HTTP/1.1" 200 15214 "https://gangasagar-puri-baidyanath.bhaktiroute.in/?gad_source=1&gad_campaignid=23039829741&gbraid=0AAAAA-ILMtjq8jrCMkCJOu8Zs-KCDKi9D&gclid=CjwKCAjwisnGBhAXEiwA0zEOR3i3PXBlo0kc2hlFiiLqjJtFtrtsu8ocDxmCtVpEzQvI9Q2xvxrz_RoCM_cQAvD_BwE" "Mozilla/5.0 (Linux; Android 10; K) AppleWebKit/537.36 (KHTML, like Gecko) Chrome/140.0.0.0 Mobile Safari/537.36"
59.183.55.132 - - [23/Sep/2025:09:45:11 +0000] "GET /assets/vendors/fancybox/dist/jquery.fancybox.min.js HTTP/1.1" 200 22031 "https://gangasagar-puri-baidyanath.bhaktiroute.in/?gad_source=1&gad_campaignid=23039829741&gbraid=0AAAAA-ILMtjq8jrCMkCJOu8Zs-KCDKi9D&gclid=CjwKCAjwisnGBhAXEiwA0zEOR3i3PXBlo0kc2hlFiiLqjJtFtrtsu8ocDxmCtVpEzQvI9Q2xvxrz_RoCM_cQAvD_BwE" "Mozilla/5.0 (Linux; Android 10; K) AppleWebKit/537.36 (KHTML, like Gecko) Chrome/140.0.0.0 Mobile Safari/537.36"
59.183.55.132 - - [23/Sep/2025:09:45:11 +0000] "GET /assets/vendors/slick-nav/jquery.slicknav.js HTTP/1.1" 200 4605 "https://gangasagar-puri-baidyanath.bhaktiroute.in/?gad_source=1&gad_campaignid=23039829741&gbraid=0AAAAA-ILMtjq8jrCMkCJOu8Zs-KCDKi9D&gclid=CjwKCAjwisnGBhAXEiwA0zEOR3i3PXBlo0kc2hlFiiLqjJtFtrtsu8ocDxmCtVpEzQvI9Q2xvxrz_RoCM_cQAvD_BwE" "Mozilla/5.0 (Linux; Android 10; K) AppleWebKit/537.36 (KHTML, like Gecko) Chrome/140.0.0.0 Mobile Safari/537.36"
59.183.55.132 - - [23/Sep/2025:09:45:11 +0000] "GET /assets/js/custom.js HTTP/1.1" 200 1475 "https://gangasagar-puri-baidyanath.bhaktiroute.in/?gad_source=1&gad_campaignid=23039829741&gbraid=0AAAAA-ILMtjq8jrCMkCJOu8Zs-KCDKi9D&gclid=CjwKCAjwisnGBhAXEiwA0zEOR3i3PXBlo0kc2hlFiiLqjJtFtrtsu8ocDxmCtVpEzQvI9Q2xvxrz_RoCM_cQAvD_BwE" "Mozilla/5.0 (Linux; Android 10; K) AppleWebKit/537.36 (KHTML, like Gecko) Chrome/140.0.0.0 Mobile Safari/537.36"
171.48.96.158 - - [23/Sep/2025:09:45:14 +0000] "GET /?gad_source=1&gad_campaignid=23039829741&gclid=CjwKCAjwisnGBhAXEiwA0zEOR0LCXsEKLeMotJ29qO4vgApUDWHAPp_wfQ7jcZyloFnEHzGDKEgSjBoCEQEQAvD_BwE HTTP/1.1" 200 11250 "https://www.google.com/" "Mozilla/5.0 (Linux; Android 10; K) AppleWebKit/537.36 (KHTML, like Gecko) Chrome/139.0.0.0 Mobile Safari/537.36"
171.48.96.158 - - [23/Sep/2025:09:45:14 +0000] "GET /assets/vendors/bootstrap/css/bootstrap.min.css HTTP/1.1" 200 23957 "https://gangasagar-puri-baidyanath.bhaktiroute.in/?gad_source=1&gad_campaignid=23039829741&gclid=CjwKCAjwisnGBhAXEiwA0zEOR0LCXsEKLeMotJ29qO4vgApUDWHAPp_wfQ7jcZyloFnEHzGDKEgSjBoCEQEQAvD_BwE" "Mozilla/5.0 (Linux; Android 10; K) AppleWebKit/537.36 (KHTML, like Gecko) Chrome/139.0.0.0 Mobile Safari/537.36"
171.48.96.158 - - [23/Sep/2025:09:45:14 +0000] "GET /assets/vendors/jquery-ui/jquery-ui.min.css HTTP/1.1" 200 7621 "https://gangasagar-puri-baidyanath.bhaktiroute.in/?gad_source=1&gad_campaignid=23039829741&gclid=CjwKCAjwisnGBhAXEiwA0zEOR0LCXsEKLeMotJ29qO4vgApUDWHAPp_wfQ7jcZyloFnEHzGDKEgSjBoCEQEQAvD_BwE" "Mozilla/5.0 (Linux; Android 10; K) AppleWebKit/537.36 (KHTML, like Gecko) Chrome/139.0.0.0 Mobile Safari/537.36"
171.48.96.158 - - [23/Sep/2025:09:45:14 +0000] "GET /assets/vendors/fancybox/dist/jquery.fancybox.min.css HTTP/1.1" 200 3108 "https://gangasagar-puri-baidyanath.bhaktiroute.in/?gad_source=1&gad_campaignid=23039829741&gclid=CjwKCAjwisnGBhAXEiwA0zEOR0LCXsEKLeMotJ29qO4vgApUDWHAPp_wfQ7jcZyloFnEHzGDKEgSjBoCEQEQAvD_BwE" "Mozilla/5.0 (Linux; Android 10; K) AppleWebKit/537.36 (KHTML, like Gecko) Chrome/139.0.0.0 Mobile Safari/537.36"
171.48.96.158 - - [23/Sep/2025:09:45:14 +0000] "GET /assets/vendors/fontawesome/css/all.min.css HTTP/1.1" 200 12425 "https://gangasagar-puri-baidyanath.bhaktiroute.in/?gad_source=1&gad_campaignid=23039829741&gclid=CjwKCAjwisnGBhAXEiwA0zEOR0LCXsEKLeMotJ29qO4vgApUDWHAPp_wfQ7jcZyloFnEHzGDKEgSjBoCEQEQAvD_BwE" "Mozilla/5.0 (Linux; Android 10; K) AppleWebKit/537.36 (KHTML, like Gecko) Chrome/139.0.0.0 Mobile Safari/537.36"
171.48.96.158 - - [23/Sep/2025:09:45:14 +0000] "GET /assets/vendors/slick/slick.css HTTP/1.1" 200 589 "https://gangasagar-puri-baidyanath.bhaktiroute.in/?gad_source=1&gad_campaignid=23039829741&gclid=CjwKCAjwisnGBhAXEiwA0zEOR0LCXsEKLeMotJ29qO4vgApUDWHAPp_wfQ7jcZyloFnEHzGDKEgSjBoCEQEQAvD_BwE" "Mozilla/5.0 (Linux; Android 10; K) AppleWebKit/537.36 (KHTML, like Gecko) Chrome/139.0.0.0 Mobile Safari/537.36"
171.48.96.158 - - [23/Sep/2025:09:45:14 +0000] "GET /assets/vendors/elementskit-icon-pack/assets/css/ekiticons.css HTTP/1.1" 200 12672 "https://gangasagar-puri-baidyanath.bhaktiroute.in/?gad_source=1&gad_campaignid=23039829741&gclid=CjwKCAjwisnGBhAXEiwA0zEOR0LCXsEKLeMotJ29qO4vgApUDWHAPp_wfQ7jcZyloFnEHzGDKEgSjBoCEQEQAvD_BwE" "Mozilla/5.0 (Linux; Android 10; K) AppleWebKit/537.36 (KHTML, like Gecko) Chrome/139.0.0.0 Mobile Safari/537.36"
171.48.96.158 - - [23/Sep/2025:09:45:14 +0000] "GET /style.css HTTP/1.1" 200 20557 "https://gangasagar-puri-baidyanath.bhaktiroute.in/?gad_source=1&gad_campaignid=23039829741&gclid=CjwKCAjwisnGBhAXEiwA0zEOR0LCXsEKLeMotJ29qO4vgApUDWHAPp_wfQ7jcZyloFnEHzGDKEgSjBoCEQEQAvD_BwE" "Mozilla/5.0 (Linux; Android 10; K) AppleWebKit/537.36 (KHTML, like Gecko) Chrome/139.0.0.0 Mobile Safari/537.36"
171.48.96.158 - - [23/Sep/2025:09:45:14 +0000] "GET /assets/vendors/slick/slick-theme.css HTTP/1.1" 200 890 "https://gangasagar-puri-baidyanath.bhaktiroute.in/?gad_source=1&gad_campaignid=23039829741&gclid=CjwKCAjwisnGBhAXEiwA0zEOR0LCXsEKLeMotJ29qO4vgApUDWHAPp_wfQ7jcZyloFnEHzGDKEgSjBoCEQEQAvD_BwE" "Mozilla/5.0 (Linux; Android 10; K) AppleWebKit/537.36 (KHTML, like Gecko) Chrome/139.0.0.0 Mobile Safari/537.36"
171.48.96.158 - - [23/Sep/2025:09:45:14 +0000] "GET /assets/images/whatsapp.png HTTP/1.1" 200 1946 "https://gangasagar-puri-baidyanath.bhaktiroute.in/?gad_source=1&gad_campaignid=23039829741&gclid=CjwKCAjwisnGBhAXEiwA0zEOR0LCXsEKLeMotJ29qO4vgApUDWHAPp_wfQ7jcZyloFnEHzGDKEgSjBoCEQEQAvD_BwE" "Mozilla/5.0 (Linux; Android 10; K) AppleWebKit/537.36 (KHTML, like Gecko) Chrome/139.0.0.0 Mobile Safari/537.36"
171.48.96.158 - - [23/Sep/2025:09:45:14 +0000] "GET /assets/images/site-logo.png HTTP/1.1" 200 114858 "https://gangasagar-puri-baidyanath.bhaktiroute.in/?gad_source=1&gad_campaignid=23039829741&gclid=CjwKCAjwisnGBhAXEiwA0zEOR0LCXsEKLeMotJ29qO4vgApUDWHAPp_wfQ7jcZyloFnEHzGDKEgSjBoCEQEQAvD_BwE" "Mozilla/5.0 (Linux; Android 10; K) AppleWebKit/537.36 (KHTML, like Gecko) Chrome/139.0.0.0 Mobile Safari/537.36"
171.48.96.158 - - [23/Sep/2025:09:45:14 +0000] "GET /assets/vendors/jquery/jquery.js HTTP/1.1" 200 30960 "https://gangasagar-puri-baidyanath.bhaktiroute.in/?gad_source=1&gad_campaignid=23039829741&gclid=CjwKCAjwisnGBhAXEiwA0zEOR0LCXsEKLeMotJ29qO4vgApUDWHAPp_wfQ7jcZyloFnEHzGDKEgSjBoCEQEQAvD_BwE" "Mozilla/5.0 (Linux; Android 10; K) AppleWebKit/537.36 (KHTML, like Gecko) Chrome/139.0.0.0 Mobile Safari/537.36"
171.48.96.158 - - [23/Sep/2025:09:45:15 +0000] "GET /assets/vendors/countdown-date-loop-counter/loopcounter.js HTTP/1.1" 200 617 "https://gangasagar-puri-baidyanath.bhaktiroute.in/?gad_source=1&gad_campaignid=23039829741&gclid=CjwKCAjwisnGBhAXEiwA0zEOR0LCXsEKLeMotJ29qO4vgApUDWHAPp_wfQ7jcZyloFnEHzGDKEgSjBoCEQEQAvD_BwE" "Mozilla/5.0 (Linux; Android 10; K) AppleWebKit/537.36 (KHTML, like Gecko) Chrome/139.0.0.0 Mobile Safari/537.36"
171.48.96.158 - - [23/Sep/2025:09:45:15 +0000] "GET /assets/vendors/waypoint/waypoints.js HTTP/1.1" 200 3694 "https://gangasagar-puri-baidyanath.bhaktiroute.in/?gad_source=1&gad_campaignid=23039829741&gclid=CjwKCAjwisnGBhAXEiwA0zEOR0LCXsEKLeMotJ29qO4vgApUDWHAPp_wfQ7jcZyloFnEHzGDKEgSjBoCEQEQAvD_BwE" "Mozilla/5.0 (Linux; Android 10; K) AppleWebKit/537.36 (KHTML, like Gecko) Chrome/139.0.0.0 Mobile Safari/537.36"
171.48.96.158 - - [23/Sep/2025:09:45:15 +0000] "GET /assets/vendors/bootstrap/js/bootstrap.min.js HTTP/1.1" 200 16358 "https://gangasagar-puri-baidyanath.bhaktiroute.in/?gad_source=1&gad_campaignid=23039829741&gclid=CjwKCAjwisnGBhAXEiwA0zEOR0LCXsEKLeMotJ29qO4vgApUDWHAPp_wfQ7jcZyloFnEHzGDKEgSjBoCEQEQAvD_BwE" "Mozilla/5.0 (Linux; Android 10; K) AppleWebKit/537.36 (KHTML, like Gecko) Chrome/139.0.0.0 Mobile Safari/537.36"
171.48.96.158 - - [23/Sep/2025:09:45:15 +0000] "GET /assets/vendors/jquery-ui/jquery-ui.min.js HTTP/1.1" 200 67821 "https://gangasagar-puri-baidyanath.bhaktiroute.in/?gad_source=1&gad_campaignid=23039829741&gclid=CjwKCAjwisnGBhAXEiwA0zEOR0LCXsEKLeMotJ29qO4vgApUDWHAPp_wfQ7jcZyloFnEHzGDKEgSjBoCEQEQAvD_BwE" "Mozilla/5.0 (Linux; Android 10; K) AppleWebKit/537.36 (KHTML, like Gecko) Chrome/139.0.0.0 Mobile Safari/537.36"
171.48.96.158 - - [23/Sep/2025:09:45:15 +0000] "GET /assets/vendors/fontawesome/webfonts/fa-brands-400.woff2 HTTP/1.1" 200 75936 "https://gangasagar-puri-baidyanath.bhaktiroute.in/assets/vendors/fontawesome/css/all.min.css" "Mozilla/5.0 (Linux; Android 10; K) AppleWebKit/537.36 (KHTML, like Gecko) Chrome/139.0.0.0 Mobile Safari/537.36"
171.48.96.158 - - [23/Sep/2025:09:45:15 +0000] "GET /assets/vendors/elementskit-icon-pack/assets/fonts/elementskit.woff?y24e1e HTTP/1.1" 200 442864 "https://gangasagar-puri-baidyanath.bhaktiroute.in/assets/vendors/elementskit-icon-pack/assets/css/ekiticons.css" "Mozilla/5.0 (Linux; Android 10; K) AppleWebKit/537.36 (KHTML, like Gecko) Chrome/139.0.0.0 Mobile Safari/537.36"
171.48.96.158 - - [23/Sep/2025:09:45:15 +0000] "GET /assets/vendors/fontawesome/webfonts/fa-solid-900.woff2 HTTP/1.1" 200 76084 "https://gangasagar-puri-baidyanath.bhaktiroute.in/assets/vendors/fontawesome/css/all.min.css" "Mozilla/5.0 (Linux; Android 10; K) AppleWebKit/537.36 (KHTML, like Gecko) Chrome/139.0.0.0 Mobile Safari/537.36"
171.48.96.158 - - [23/Sep/2025:09:45:15 +0000] "GET /assets/images/banner-img1.jpg HTTP/1.1" 200 318250 "https://gangasagar-puri-baidyanath.bhaktiroute.in/?gad_source=1&gad_campaignid=23039829741&gclid=CjwKCAjwisnGBhAXEiwA0zEOR0LCXsEKLeMotJ29qO4vgApUDWHAPp_wfQ7jcZyloFnEHzGDKEgSjBoCEQEQAvD_BwE" "Mozilla/5.0 (Linux; Android 10; K) AppleWebKit/537.36 (KHTML, like Gecko) Chrome/139.0.0.0 Mobile Safari/537.36"
171.48.96.158 - - [23/Sep/2025:09:45:15 +0000] "GET /assets/images/banner-img2.jpg HTTP/1.1" 200 178013 "https://gangasagar-puri-baidyanath.bhaktiroute.in/?gad_source=1&gad_campaignid=23039829741&gclid=CjwKCAjwisnGBhAXEiwA0zEOR0LCXsEKLeMotJ29qO4vgApUDWHAPp_wfQ7jcZyloFnEHzGDKEgSjBoCEQEQAvD_BwE" "Mozilla/5.0 (Linux; Android 10; K) AppleWebKit/537.36 (KHTML, like Gecko) Chrome/139.0.0.0 Mobile Safari/537.36"
171.48.96.158 - - [23/Sep/2025:09:45:15 +0000] "GET /assets/vendors/counterup/jquery.counterup.min.js HTTP/1.1" 200 589 "https://gangasagar-puri-baidyanath.bhaktiroute.in/?gad_source=1&gad_campaignid=23039829741&gclid=CjwKCAjwisnGBhAXEiwA0zEOR0LCXsEKLeMotJ29qO4vgApUDWHAPp_wfQ7jcZyloFnEHzGDKEgSjBoCEQEQAvD_BwE" "Mozilla/5.0 (Linux; Android 10; K) AppleWebKit/537.36 (KHTML, like Gecko) Chrome/139.0.0.0 Mobile Safari/537.36"
171.48.96.158 - - [23/Sep/2025:09:45:15 +0000] "GET /assets/vendors/masonry/masonry.pkgd.min.js HTTP/1.1" 200 7367 "https://gangasagar-puri-baidyanath.bhaktiroute.in/?gad_source=1&gad_campaignid=23039829741&gclid=CjwKCAjwisnGBhAXEiwA0zEOR0LCXsEKLeMotJ29qO4vgApUDWHAPp_wfQ7jcZyloFnEHzGDKEgSjBoCEQEQAvD_BwE" "Mozilla/5.0 (Linux; Android 10; K) AppleWebKit/537.36 (KHTML, like Gecko) Chrome/139.0.0.0 Mobile Safari/537.36"
171.48.96.158 - - [23/Sep/2025:09:45:15 +0000] "GET /assets/vendors/slick/slick.js HTTP/1.1" 200 15214 "https://gangasagar-puri-baidyanath.bhaktiroute.in/?gad_source=1&gad_campaignid=23039829741&gclid=CjwKCAjwisnGBhAXEiwA0zEOR0LCXsEKLeMotJ29qO4vgApUDWHAPp_wfQ7jcZyloFnEHzGDKEgSjBoCEQEQAvD_BwE" "Mozilla/5.0 (Linux; Android 10; K) AppleWebKit/537.36 (KHTML, like Gecko) Chrome/139.0.0.0 Mobile Safari/537.36"
171.48.96.158 - - [23/Sep/2025:09:45:15 +0000] "GET /assets/vendors/fancybox/dist/jquery.fancybox.min.js HTTP/1.1" 200 22031 "https://gangasagar-puri-baidyanath.bhaktiroute.in/?gad_source=1&gad_campaignid=23039829741&gclid=CjwKCAjwisnGBhAXEiwA0zEOR0LCXsEKLeMotJ29qO4vgApUDWHAPp_wfQ7jcZyloFnEHzGDKEgSjBoCEQEQAvD_BwE" "Mozilla/5.0 (Linux; Android 10; K) AppleWebKit/537.36 (KHTML, like Gecko) Chrome/139.0.0.0 Mobile Safari/537.36"
171.48.96.158 - - [23/Sep/2025:09:45:15 +0000] "GET /assets/vendors/slick-nav/jquery.slicknav.js HTTP/1.1" 200 4605 "https://gangasagar-puri-baidyanath.bhaktiroute.in/?gad_source=1&gad_campaignid=23039829741&gclid=CjwKCAjwisnGBhAXEiwA0zEOR0LCXsEKLeMotJ29qO4vgApUDWHAPp_wfQ7jcZyloFnEHzGDKEgSjBoCEQEQAvD_BwE" "Mozilla/5.0 (Linux; Android 10; K) AppleWebKit/537.36 (KHTML, like Gecko) Chrome/139.0.0.0 Mobile Safari/537.36"
171.48.96.158 - - [23/Sep/2025:09:45:15 +0000] "GET /assets/js/custom.js HTTP/1.1" 200 1475 "https://gangasagar-puri-baidyanath.bhaktiroute.in/?gad_source=1&gad_campaignid=23039829741&gclid=CjwKCAjwisnGBhAXEiwA0zEOR0LCXsEKLeMotJ29qO4vgApUDWHAPp_wfQ7jcZyloFnEHzGDKEgSjBoCEQEQAvD_BwE" "Mozilla/5.0 (Linux; Android 10; K) AppleWebKit/537.36 (KHTML, like Gecko) Chrome/139.0.0.0 Mobile Safari/537.36"
171.48.96.158 - - [23/Sep/2025:09:45:15 +0000] "GET /assets/images/savetime.png HTTP/1.1" 200 2451 "https://gangasagar-puri-baidyanath.bhaktiroute.in/?gad_source=1&gad_campaignid=23039829741&gclid=CjwKCAjwisnGBhAXEiwA0zEOR0LCXsEKLeMotJ29qO4vgApUDWHAPp_wfQ7jcZyloFnEHzGDKEgSjBoCEQEQAvD_BwE" "Mozilla/5.0 (Linux; Android 10; K) AppleWebKit/537.36 (KHTML, like Gecko) Chrome/139.0.0.0 Mobile Safari/537.36"
171.48.96.158 - - [23/Sep/2025:09:45:15 +0000] "GET /assets/images/multiple.png HTTP/1.1" 200 2118 "https://gangasagar-puri-baidyanath.bhaktiroute.in/?gad_source=1&gad_campaignid=23039829741&gclid=CjwKCAjwisnGBhAXEiwA0zEOR0LCXsEKLeMotJ29qO4vgApUDWHAPp_wfQ7jcZyloFnEHzGDKEgSjBoCEQEQAvD_BwE" "Mozilla/5.0 (Linux; Android 10; K) AppleWebKit/537.36 (KHTML, like Gecko) Chrome/139.0.0.0 Mobile Safari/537.36"
171.48.96.158 - - [23/Sep/2025:09:45:15 +0000] "GET /assets/images/money.png HTTP/1.1" 200 2411 "https://gangasagar-puri-baidyanath.bhaktiroute.in/?gad_source=1&gad_campaignid=23039829741&gclid=CjwKCAjwisnGBhAXEiwA0zEOR0LCXsEKLeMotJ29qO4vgApUDWHAPp_wfQ7jcZyloFnEHzGDKEgSjBoCEQEQAvD_BwE" "Mozilla/5.0 (Linux; Android 10; K) AppleWebKit/537.36 (KHTML, like Gecko) Chrome/139.0.0.0 Mobile Safari/537.36"
171.48.96.158 - - [23/Sep/2025:09:45:15 +0000] "GET /assets/images/trusted.png HTTP/1.1" 200 2617 "https://gangasagar-puri-baidyanath.bhaktiroute.in/?gad_source=1&gad_campaignid=23039829741&gclid=CjwKCAjwisnGBhAXEiwA0zEOR0LCXsEKLeMotJ29qO4vgApUDWHAPp_wfQ7jcZyloFnEHzGDKEgSjBoCEQEQAvD_BwE" "Mozilla/5.0 (Linux; Android 10; K) AppleWebKit/537.36 (KHTML, like Gecko) Chrome/139.0.0.0 Mobile Safari/537.36"
171.48.96.158 - - [23/Sep/2025:09:45:15 +0000] "GET /assets/images/client-img1.png HTTP/1.1" 200 15378 "https://gangasagar-puri-baidyanath.bhaktiroute.in/?gad_source=1&gad_campaignid=23039829741&gclid=CjwKCAjwisnGBhAXEiwA0zEOR0LCXsEKLeMotJ29qO4vgApUDWHAPp_wfQ7jcZyloFnEHzGDKEgSjBoCEQEQAvD_BwE" "Mozilla/5.0 (Linux; Android 10; K) AppleWebKit/537.36 (KHTML, like Gecko) Chrome/139.0.0.0 Mobile Safari/537.36"
171.48.96.158 - - [23/Sep/2025:09:45:15 +0000] "GET /assets/images/client-img2.png HTTP/1.1" 200 21156 "https://gangasagar-puri-baidyanath.bhaktiroute.in/?gad_source=1&gad_campaignid=23039829741&gclid=CjwKCAjwisnGBhAXEiwA0zEOR0LCXsEKLeMotJ29qO4vgApUDWHAPp_wfQ7jcZyloFnEHzGDKEgSjBoCEQEQAvD_BwE" "Mozilla/5.0 (Linux; Android 10; K) AppleWebKit/537.36 (KHTML, like Gecko) Chrome/139.0.0.0 Mobile Safari/537.36"
171.48.96.158 - - [23/Sep/2025:09:45:15 +0000] "GET /assets/images/client-img3.png HTTP/1.1" 200 22736 "https://gangasagar-puri-baidyanath.bhaktiroute.in/?gad_source=1&gad_campaignid=23039829741&gclid=CjwKCAjwisnGBhAXEiwA0zEOR0LCXsEKLeMotJ29qO4vgApUDWHAPp_wfQ7jcZyloFnEHzGDKEgSjBoCEQEQAvD_BwE" "Mozilla/5.0 (Linux; Android 10; K) AppleWebKit/537.36 (KHTML, like Gecko) Chrome/139.0.0.0 Mobile Safari/537.36"
171.48.96.158 - - [23/Sep/2025:09:45:15 +0000] "GET /assets/images/client-img4.png HTTP/1.1" 200 41600 "https://gangasagar-puri-baidyanath.bhaktiroute.in/?gad_source=1&gad_campaignid=23039829741&gclid=CjwKCAjwisnGBhAXEiwA0zEOR0LCXsEKLeMotJ29qO4vgApUDWHAPp_wfQ7jcZyloFnEHzGDKEgSjBoCEQEQAvD_BwE" "Mozilla/5.0 (Linux; Android 10; K) AppleWebKit/537.36 (KHTML, like Gecko) Chrome/139.0.0.0 Mobile Safari/537.36"
171.48.96.158 - - [23/Sep/2025:09:45:15 +0000] "GET /assets/images/client-img5.png HTTP/1.1" 200 29434 "https://gangasagar-puri-baidyanath.bhaktiroute.in/?gad_source=1&gad_campaignid=23039829741&gclid=CjwKCAjwisnGBhAXEiwA0zEOR0LCXsEKLeMotJ29qO4vgApUDWHAPp_wfQ7jcZyloFnEHzGDKEgSjBoCEQEQAvD_BwE" "Mozilla/5.0 (Linux; Android 10; K) AppleWebKit/537.36 (KHTML, like Gecko) Chrome/139.0.0.0 Mobile Safari/537.36"
171.48.96.158 - - [23/Sep/2025:09:45:15 +0000] "GET /assets/images/client-img6.png HTTP/1.1" 200 31141 "https://gangasagar-puri-baidyanath.bhaktiroute.in/?gad_source=1&gad_campaignid=23039829741&gclid=CjwKCAjwisnGBhAXEiwA0zEOR0LCXsEKLeMotJ29qO4vgApUDWHAPp_wfQ7jcZyloFnEHzGDKEgSjBoCEQEQAvD_BwE" "Mozilla/5.0 (Linux; Android 10; K) AppleWebKit/537.36 (KHTML, like Gecko) Chrome/139.0.0.0 Mobile Safari/537.36"
171.48.96.158 - - [23/Sep/2025:09:45:16 +0000] "GET /assets/vendors/slick/ajax-loader.gif HTTP/1.1" 200 3337 "https://gangasagar-puri-baidyanath.bhaktiroute.in/assets/vendors/slick/slick-theme.css" "Mozilla/5.0 (Linux; Android 10; K) AppleWebKit/537.36 (KHTML, like Gecko) Chrome/139.0.0.0 Mobile Safari/537.36"
171.48.96.158 - - [23/Sep/2025:09:45:16 +0000] "GET /assets/images/banner-img7.jpg HTTP/1.1" 200 239190 "https://gangasagar-puri-baidyanath.bhaktiroute.in/?gad_source=1&gad_campaignid=23039829741&gclid=CjwKCAjwisnGBhAXEiwA0zEOR0LCXsEKLeMotJ29qO4vgApUDWHAPp_wfQ7jcZyloFnEHzGDKEgSjBoCEQEQAvD_BwE" "Mozilla/5.0 (Linux; Android 10; K) AppleWebKit/537.36 (KHTML, like Gecko) Chrome/139.0.0.0 Mobile Safari/537.36"
171.48.96.158 - - [23/Sep/2025:09:45:16 +0000] "GET /assets/images/banner-img3.jpg HTTP/1.1" 200 253676 "https://gangasagar-puri-baidyanath.bhaktiroute.in/?gad_source=1&gad_campaignid=23039829741&gclid=CjwKCAjwisnGBhAXEiwA0zEOR0LCXsEKLeMotJ29qO4vgApUDWHAPp_wfQ7jcZyloFnEHzGDKEgSjBoCEQEQAvD_BwE" "Mozilla/5.0 (Linux; Android 10; K) AppleWebKit/537.36 (KHTML, like Gecko) Chrome/139.0.0.0 Mobile Safari/537.36"
171.48.96.158 - - [23/Sep/2025:09:45:16 +0000] "GET /assets/images/banner-img5.jpg HTTP/1.1" 200 262043 "https://gangasagar-puri-baidyanath.bhaktiroute.in/?gad_source=1&gad_campaignid=23039829741&gclid=CjwKCAjwisnGBhAXEiwA0zEOR0LCXsEKLeMotJ29qO4vgApUDWHAPp_wfQ7jcZyloFnEHzGDKEgSjBoCEQEQAvD_BwE" "Mozilla/5.0 (Linux; Android 10; K) AppleWebKit/537.36 (KHTML, like Gecko) Chrome/139.0.0.0 Mobile Safari/537.36"
59.183.55.132 - - [23/Sep/2025:09:45:16 +0000] "GET /assets/images/savetime.png HTTP/1.1" 200 2451 "https://gangasagar-puri-baidyanath.bhaktiroute.in/?gad_source=1&gad_campaignid=23039829741&gbraid=0AAAAA-ILMtjq8jrCMkCJOu8Zs-KCDKi9D&gclid=CjwKCAjwisnGBhAXEiwA0zEOR3i3PXBlo0kc2hlFiiLqjJtFtrtsu8ocDxmCtVpEzQvI9Q2xvxrz_RoCM_cQAvD_BwE" "Mozilla/5.0 (Linux; Android 10; K) AppleWebKit/537.36 (KHTML, like Gecko) Chrome/140.0.0.0 Mobile Safari/537.36"
171.48.96.158 - - [23/Sep/2025:09:45:16 +0000] "GET /assets/images/banner-img4.jpg HTTP/1.1" 200 322522 "https://gangasagar-puri-baidyanath.bhaktiroute.in/?gad_source=1&gad_campaignid=23039829741&gclid=CjwKCAjwisnGBhAXEiwA0zEOR0LCXsEKLeMotJ29qO4vgApUDWHAPp_wfQ7jcZyloFnEHzGDKEgSjBoCEQEQAvD_BwE" "Mozilla/5.0 (Linux; Android 10; K) AppleWebKit/537.36 (KHTML, like Gecko) Chrome/139.0.0.0 Mobile Safari/537.36"
59.183.55.132 - - [23/Sep/2025:09:45:16 +0000] "GET /assets/images/money.png HTTP/1.1" 200 2411 "https://gangasagar-puri-baidyanath.bhaktiroute.in/?gad_source=1&gad_campaignid=23039829741&gbraid=0AAAAA-ILMtjq8jrCMkCJOu8Zs-KCDKi9D&gclid=CjwKCAjwisnGBhAXEiwA0zEOR3i3PXBlo0kc2hlFiiLqjJtFtrtsu8ocDxmCtVpEzQvI9Q2xvxrz_RoCM_cQAvD_BwE" "Mozilla/5.0 (Linux; Android 10; K) AppleWebKit/537.36 (KHTML, like Gecko) Chrome/140.0.0.0 Mobile Safari/537.36"
59.183.55.132 - - [23/Sep/2025:09:45:16 +0000] "GET /assets/images/client-img2.png HTTP/1.1" 200 21156 "https://gangasagar-puri-baidyanath.bhaktiroute.in/?gad_source=1&gad_campaignid=23039829741&gbraid=0AAAAA-ILMtjq8jrCMkCJOu8Zs-KCDKi9D&gclid=CjwKCAjwisnGBhAXEiwA0zEOR3i3PXBlo0kc2hlFiiLqjJtFtrtsu8ocDxmCtVpEzQvI9Q2xvxrz_RoCM_cQAvD_BwE" "Mozilla/5.0 (Linux; Android 10; K) AppleWebKit/537.36 (KHTML, like Gecko) Chrome/140.0.0.0 Mobile Safari/537.36"
59.183.55.132 - - [23/Sep/2025:09:45:16 +0000] "GET /assets/images/trusted.png HTTP/1.1" 200 2617 "https://gangasagar-puri-baidyanath.bhaktiroute.in/?gad_source=1&gad_campaignid=23039829741&gbraid=0AAAAA-ILMtjq8jrCMkCJOu8Zs-KCDKi9D&gclid=CjwKCAjwisnGBhAXEiwA0zEOR3i3PXBlo0kc2hlFiiLqjJtFtrtsu8ocDxmCtVpEzQvI9Q2xvxrz_RoCM_cQAvD_BwE" "Mozilla/5.0 (Linux; Android 10; K) AppleWebKit/537.36 (KHTML, like Gecko) Chrome/140.0.0.0 Mobile Safari/537.36"
59.183.55.132 - - [23/Sep/2025:09:45:16 +0000] "GET /assets/images/client-img1.png HTTP/1.1" 200 15378 "https://gangasagar-puri-baidyanath.bhaktiroute.in/?gad_source=1&gad_campaignid=23039829741&gbraid=0AAAAA-ILMtjq8jrCMkCJOu8Zs-KCDKi9D&gclid=CjwKCAjwisnGBhAXEiwA0zEOR3i3PXBlo0kc2hlFiiLqjJtFtrtsu8ocDxmCtVpEzQvI9Q2xvxrz_RoCM_cQAvD_BwE" "Mozilla/5.0 (Linux; Android 10; K) AppleWebKit/537.36 (KHTML, like Gecko) Chrome/140.0.0.0 Mobile Safari/537.36"
59.183.55.132 - - [23/Sep/2025:09:45:16 +0000] "GET /assets/images/multiple.png HTTP/1.1" 200 2118 "https://gangasagar-puri-baidyanath.bhaktiroute.in/?gad_source=1&gad_campaignid=23039829741&gbraid=0AAAAA-ILMtjq8jrCMkCJOu8Zs-KCDKi9D&gclid=CjwKCAjwisnGBhAXEiwA0zEOR3i3PXBlo0kc2hlFiiLqjJtFtrtsu8ocDxmCtVpEzQvI9Q2xvxrz_RoCM_cQAvD_BwE" "Mozilla/5.0 (Linux; Android 10; K) AppleWebKit/537.36 (KHTML, like Gecko) Chrome/140.0.0.0 Mobile Safari/537.36"
171.48.96.158 - - [23/Sep/2025:09:45:16 +0000] "GET /assets/images/banner-img6.jpg HTTP/1.1" 200 278757 "https://gangasagar-puri-baidyanath.bhaktiroute.in/?gad_source=1&gad_campaignid=23039829741&gclid=CjwKCAjwisnGBhAXEiwA0zEOR0LCXsEKLeMotJ29qO4vgApUDWHAPp_wfQ7jcZyloFnEHzGDKEgSjBoCEQEQAvD_BwE" "Mozilla/5.0 (Linux; Android 10; K) AppleWebKit/537.36 (KHTML, like Gecko) Chrome/139.0.0.0 Mobile Safari/537.36"
59.183.55.132 - - [23/Sep/2025:09:45:16 +0000] "GET /assets/vendors/fontawesome/webfonts/fa-brands-400.woff2 HTTP/1.1" 200 75936 "https://gangasagar-puri-baidyanath.bhaktiroute.in/assets/vendors/fontawesome/css/all.min.css" "Mozilla/5.0 (Linux; Android 10; K) AppleWebKit/537.36 (KHTML, like Gecko) Chrome/140.0.0.0 Mobile Safari/537.36"
171.48.96.158 - - [23/Sep/2025:09:45:16 +0000] "GET /assets/images/places/gangasagar.jpg HTTP/1.1" 200 54251 "https://gangasagar-puri-baidyanath.bhaktiroute.in/?gad_source=1&gad_campaignid=23039829741&gclid=CjwKCAjwisnGBhAXEiwA0zEOR0LCXsEKLeMotJ29qO4vgApUDWHAPp_wfQ7jcZyloFnEHzGDKEgSjBoCEQEQAvD_BwE" "Mozilla/5.0 (Linux; Android 10; K) AppleWebKit/537.36 (KHTML, like Gecko) Chrome/139.0.0.0 Mobile Safari/537.36"
171.48.96.158 - - [23/Sep/2025:09:45:16 +0000] "GET /assets/images/places/jagannath-puri.jpg HTTP/1.1" 200 85515 "https://gangasagar-puri-baidyanath.bhaktiroute.in/?gad_source=1&gad_campaignid=23039829741&gclid=CjwKCAjwisnGBhAXEiwA0zEOR0LCXsEKLeMotJ29qO4vgApUDWHAPp_wfQ7jcZyloFnEHzGDKEgSjBoCEQEQAvD_BwE" "Mozilla/5.0 (Linux; Android 10; K) AppleWebKit/537.36 (KHTML, like Gecko) Chrome/139.0.0.0 Mobile Safari/537.36"
59.183.55.132 - - [23/Sep/2025:09:45:16 +0000] "GET /assets/images/client-img3.png HTTP/1.1" 200 22736 "https://gangasagar-puri-baidyanath.bhaktiroute.in/?gad_source=1&gad_campaignid=23039829741&gbraid=0AAAAA-ILMtjq8jrCMkCJOu8Zs-KCDKi9D&gclid=CjwKCAjwisnGBhAXEiwA0zEOR3i3PXBlo0kc2hlFiiLqjJtFtrtsu8ocDxmCtVpEzQvI9Q2xvxrz_RoCM_cQAvD_BwE" "Mozilla/5.0 (Linux; Android 10; K) AppleWebKit/537.36 (KHTML, like Gecko) Chrome/140.0.0.0 Mobile Safari/537.36"
171.48.96.158 - - [23/Sep/2025:09:45:16 +0000] "GET /assets/images/places/baba-baidyanath.jpg HTTP/1.1" 200 484631 "https://gangasagar-puri-baidyanath.bhaktiroute.in/?gad_source=1&gad_campaignid=23039829741&gclid=CjwKCAjwisnGBhAXEiwA0zEOR0LCXsEKLeMotJ29qO4vgApUDWHAPp_wfQ7jcZyloFnEHzGDKEgSjBoCEQEQAvD_BwE" "Mozilla/5.0 (Linux; Android 10; K) AppleWebKit/537.36 (KHTML, like Gecko) Chrome/139.0.0.0 Mobile Safari/537.36"
171.48.96.158 - - [23/Sep/2025:09:45:16 +0000] "GET /assets/images/img7.jpg HTTP/1.1" 200 364047 "https://gangasagar-puri-baidyanath.bhaktiroute.in/?gad_source=1&gad_campaignid=23039829741&gclid=CjwKCAjwisnGBhAXEiwA0zEOR0LCXsEKLeMotJ29qO4vgApUDWHAPp_wfQ7jcZyloFnEHzGDKEgSjBoCEQEQAvD_BwE" "Mozilla/5.0 (Linux; Android 10; K) AppleWebKit/537.36 (KHTML, like Gecko) Chrome/139.0.0.0 Mobile Safari/537.36"
59.183.55.132 - - [23/Sep/2025:09:45:16 +0000] "GET /assets/images/banner-img2.jpg HTTP/1.1" 200 178013 "https://gangasagar-puri-baidyanath.bhaktiroute.in/?gad_source=1&gad_campaignid=23039829741&gbraid=0AAAAA-ILMtjq8jrCMkCJOu8Zs-KCDKi9D&gclid=CjwKCAjwisnGBhAXEiwA0zEOR3i3PXBlo0kc2hlFiiLqjJtFtrtsu8ocDxmCtVpEzQvI9Q2xvxrz_RoCM_cQAvD_BwE" "Mozilla/5.0 (Linux; Android 10; K) AppleWebKit/537.36 (KHTML, like Gecko) Chrome/140.0.0.0 Mobile Safari/537.36"
59.183.55.132 - - [23/Sep/2025:09:45:16 +0000] "GET /assets/vendors/fontawesome/webfonts/fa-solid-900.woff2 HTTP/1.1" 200 76084 "https://gangasagar-puri-baidyanath.bhaktiroute.in/assets/vendors/fontawesome/css/all.min.css" "Mozilla/5.0 (Linux; Android 10; K) AppleWebKit/537.36 (KHTML, like Gecko) Chrome/140.0.0.0 Mobile Safari/537.36"
59.183.55.132 - - [23/Sep/2025:09:45:16 +0000] "GET /assets/vendors/slick/ajax-loader.gif HTTP/1.1" 200 3337 "https://gangasagar-puri-baidyanath.bhaktiroute.in/assets/vendors/slick/slick-theme.css" "Mozilla/5.0 (Linux; Android 10; K) AppleWebKit/537.36 (KHTML, like Gecko) Chrome/140.0.0.0 Mobile Safari/537.36"
59.183.55.132 - - [23/Sep/2025:09:45:16 +0000] "GET /assets/images/banner-img1.jpg HTTP/1.1" 200 318250 "https://gangasagar-puri-baidyanath.bhaktiroute.in/?gad_source=1&gad_campaignid=23039829741&gbraid=0AAAAA-ILMtjq8jrCMkCJOu8Zs-KCDKi9D&gclid=CjwKCAjwisnGBhAXEiwA0zEOR3i3PXBlo0kc2hlFiiLqjJtFtrtsu8ocDxmCtVpEzQvI9Q2xvxrz_RoCM_cQAvD_BwE" "Mozilla/5.0 (Linux; Android 10; K) AppleWebKit/537.36 (KHTML, like Gecko) Chrome/140.0.0.0 Mobile Safari/537.36"
59.183.55.132 - - [23/Sep/2025:09:45:16 +0000] "GET /assets/vendors/elementskit-icon-pack/assets/fonts/elementskit.woff?y24e1e HTTP/1.1" 200 442864 "https://gangasagar-puri-baidyanath.bhaktiroute.in/assets/vendors/elementskit-icon-pack/assets/css/ekiticons.css" "Mozilla/5.0 (Linux; Android 10; K) AppleWebKit/537.36 (KHTML, like Gecko) Chrome/140.0.0.0 Mobile Safari/537.36"
59.183.55.132 - - [23/Sep/2025:09:45:16 +0000] "GET /assets/images/banner-img6.jpg HTTP/1.1" 200 278757 "https://gangasagar-puri-baidyanath.bhaktiroute.in/?gad_source=1&gad_campaignid=23039829741&gbraid=0AAAAA-ILMtjq8jrCMkCJOu8Zs-KCDKi9D&gclid=CjwKCAjwisnGBhAXEiwA0zEOR3i3PXBlo0kc2hlFiiLqjJtFtrtsu8ocDxmCtVpEzQvI9Q2xvxrz_RoCM_cQAvD_BwE" "Mozilla/5.0 (Linux; Android 10; K) AppleWebKit/537.36 (KHTML, like Gecko) Chrome/140.0.0.0 Mobile Safari/537.36"
59.183.55.132 - - [23/Sep/2025:09:45:16 +0000] "GET /assets/images/banner-img4.jpg HTTP/1.1" 200 322522 "https://gangasagar-puri-baidyanath.bhaktiroute.in/?gad_source=1&gad_campaignid=23039829741&gbraid=0AAAAA-ILMtjq8jrCMkCJOu8Zs-KCDKi9D&gclid=CjwKCAjwisnGBhAXEiwA0zEOR3i3PXBlo0kc2hlFiiLqjJtFtrtsu8ocDxmCtVpEzQvI9Q2xvxrz_RoCM_cQAvD_BwE" "Mozilla/5.0 (Linux; Android 10; K) AppleWebKit/537.36 (KHTML, like Gecko) Chrome/140.0.0.0 Mobile Safari/537.36"
171.48.96.158 - - [23/Sep/2025:09:45:16 +0000] "GET /assets/images/img8.png HTTP/1.1" 200 636044 "https://gangasagar-puri-baidyanath.bhaktiroute.in/?gad_source=1&gad_campaignid=23039829741&gclid=CjwKCAjwisnGBhAXEiwA0zEOR0LCXsEKLeMotJ29qO4vgApUDWHAPp_wfQ7jcZyloFnEHzGDKEgSjBoCEQEQAvD_BwE" "Mozilla/5.0 (Linux; Android 10; K) AppleWebKit/537.36 (KHTML, like Gecko) Chrome/139.0.0.0 Mobile Safari/537.36"
59.183.55.132 - - [23/Sep/2025:09:45:16 +0000] "GET /assets/images/banner-img7.jpg HTTP/1.1" 200 239190 "https://gangasagar-puri-baidyanath.bhaktiroute.in/?gad_source=1&gad_campaignid=23039829741&gbraid=0AAAAA-ILMtjq8jrCMkCJOu8Zs-KCDKi9D&gclid=CjwKCAjwisnGBhAXEiwA0zEOR3i3PXBlo0kc2hlFiiLqjJtFtrtsu8ocDxmCtVpEzQvI9Q2xvxrz_RoCM_cQAvD_BwE" "Mozilla/5.0 (Linux; Android 10; K) AppleWebKit/537.36 (KHTML, like Gecko) Chrome/140.0.0.0 Mobile Safari/537.36"
59.183.55.132 - - [23/Sep/2025:09:45:16 +0000] "GET /assets/images/banner-img5.jpg HTTP/1.1" 200 262043 "https://gangasagar-puri-baidyanath.bhaktiroute.in/?gad_source=1&gad_campaignid=23039829741&gbraid=0AAAAA-ILMtjq8jrCMkCJOu8Zs-KCDKi9D&gclid=CjwKCAjwisnGBhAXEiwA0zEOR3i3PXBlo0kc2hlFiiLqjJtFtrtsu8ocDxmCtVpEzQvI9Q2xvxrz_RoCM_cQAvD_BwE" "Mozilla/5.0 (Linux; Android 10; K) AppleWebKit/537.36 (KHTML, like Gecko) Chrome/140.0.0.0 Mobile Safari/537.36"
59.183.55.132 - - [23/Sep/2025:09:45:16 +0000] "GET /assets/images/client-img4.png HTTP/1.1" 200 41600 "https://gangasagar-puri-baidyanath.bhaktiroute.in/?gad_source=1&gad_campaignid=23039829741&gbraid=0AAAAA-ILMtjq8jrCMkCJOu8Zs-KCDKi9D&gclid=CjwKCAjwisnGBhAXEiwA0zEOR3i3PXBlo0kc2hlFiiLqjJtFtrtsu8ocDxmCtVpEzQvI9Q2xvxrz_RoCM_cQAvD_BwE" "Mozilla/5.0 (Linux; Android 10; K) AppleWebKit/537.36 (KHTML, like Gecko) Chrome/140.0.0.0 Mobile Safari/537.36"
59.183.55.132 - - [23/Sep/2025:09:45:16 +0000] "GET /assets/images/banner-img3.jpg HTTP/1.1" 200 253676 "https://gangasagar-puri-baidyanath.bhaktiroute.in/?gad_source=1&gad_campaignid=23039829741&gbraid=0AAAAA-ILMtjq8jrCMkCJOu8Zs-KCDKi9D&gclid=CjwKCAjwisnGBhAXEiwA0zEOR3i3PXBlo0kc2hlFiiLqjJtFtrtsu8ocDxmCtVpEzQvI9Q2xvxrz_RoCM_cQAvD_BwE" "Mozilla/5.0 (Linux; Android 10; K) AppleWebKit/537.36 (KHTML, like Gecko) Chrome/140.0.0.0 Mobile Safari/537.36"
59.183.55.132 - - [23/Sep/2025:09:45:16 +0000] "GET /assets/images/client-img5.png HTTP/1.1" 200 29434 "https://gangasagar-puri-baidyanath.bhaktiroute.in/?gad_source=1&gad_campaignid=23039829741&gbraid=0AAAAA-ILMtjq8jrCMkCJOu8Zs-KCDKi9D&gclid=CjwKCAjwisnGBhAXEiwA0zEOR3i3PXBlo0kc2hlFiiLqjJtFtrtsu8ocDxmCtVpEzQvI9Q2xvxrz_RoCM_cQAvD_BwE" "Mozilla/5.0 (Linux; Android 10; K) AppleWebKit/537.36 (KHTML, like Gecko) Chrome/140.0.0.0 Mobile Safari/537.36"
59.183.55.132 - - [23/Sep/2025:09:45:16 +0000] "GET /assets/images/client-img6.png HTTP/1.1" 200 31141 "https://gangasagar-puri-baidyanath.bhaktiroute.in/?gad_source=1&gad_campaignid=23039829741&gbraid=0AAAAA-ILMtjq8jrCMkCJOu8Zs-KCDKi9D&gclid=CjwKCAjwisnGBhAXEiwA0zEOR3i3PXBlo0kc2hlFiiLqjJtFtrtsu8ocDxmCtVpEzQvI9Q2xvxrz_RoCM_cQAvD_BwE" "Mozilla/5.0 (Linux; Android 10; K) AppleWebKit/537.36 (KHTML, like Gecko) Chrome/140.0.0.0 Mobile Safari/537.36"
59.183.55.132 - - [23/Sep/2025:09:45:16 +0000] "GET /assets/images/places/gangasagar.jpg HTTP/1.1" 200 54251 "https://gangasagar-puri-baidyanath.bhaktiroute.in/?gad_source=1&gad_campaignid=23039829741&gbraid=0AAAAA-ILMtjq8jrCMkCJOu8Zs-KCDKi9D&gclid=CjwKCAjwisnGBhAXEiwA0zEOR3i3PXBlo0kc2hlFiiLqjJtFtrtsu8ocDxmCtVpEzQvI9Q2xvxrz_RoCM_cQAvD_BwE" "Mozilla/5.0 (Linux; Android 10; K) AppleWebKit/537.36 (KHTML, like Gecko) Chrome/140.0.0.0 Mobile Safari/537.36"
59.183.55.132 - - [23/Sep/2025:09:45:16 +0000] "GET /assets/images/img8.png HTTP/1.1" 200 636044 "https://gangasagar-puri-baidyanath.bhaktiroute.in/?gad_source=1&gad_campaignid=23039829741&gbraid=0AAAAA-ILMtjq8jrCMkCJOu8Zs-KCDKi9D&gclid=CjwKCAjwisnGBhAXEiwA0zEOR3i3PXBlo0kc2hlFiiLqjJtFtrtsu8ocDxmCtVpEzQvI9Q2xvxrz_RoCM_cQAvD_BwE" "Mozilla/5.0 (Linux; Android 10; K) AppleWebKit/537.36 (KHTML, like Gecko) Chrome/140.0.0.0 Mobile Safari/537.36"
59.183.55.132 - - [23/Sep/2025:09:45:16 +0000] "GET /assets/images/places/jagannath-puri.jpg HTTP/1.1" 200 85515 "https://gangasagar-puri-baidyanath.bhaktiroute.in/?gad_source=1&gad_campaignid=23039829741&gbraid=0AAAAA-ILMtjq8jrCMkCJOu8Zs-KCDKi9D&gclid=CjwKCAjwisnGBhAXEiwA0zEOR3i3PXBlo0kc2hlFiiLqjJtFtrtsu8ocDxmCtVpEzQvI9Q2xvxrz_RoCM_cQAvD_BwE" "Mozilla/5.0 (Linux; Android 10; K) AppleWebKit/537.36 (KHTML, like Gecko) Chrome/140.0.0.0 Mobile Safari/537.36"
59.183.55.132 - - [23/Sep/2025:09:45:16 +0000] "GET /assets/images/places/baba-baidyanath.jpg HTTP/1.1" 200 484631 "https://gangasagar-puri-baidyanath.bhaktiroute.in/?gad_source=1&gad_campaignid=23039829741&gbraid=0AAAAA-ILMtjq8jrCMkCJOu8Zs-KCDKi9D&gclid=CjwKCAjwisnGBhAXEiwA0zEOR3i3PXBlo0kc2hlFiiLqjJtFtrtsu8ocDxmCtVpEzQvI9Q2xvxrz_RoCM_cQAvD_BwE" "Mozilla/5.0 (Linux; Android 10; K) AppleWebKit/537.36 (KHTML, like Gecko) Chrome/140.0.0.0 Mobile Safari/537.36"
59.183.55.132 - - [23/Sep/2025:09:45:16 +0000] "GET /assets/images/img7.jpg HTTP/1.1" 200 364047 "https://gangasagar-puri-baidyanath.bhaktiroute.in/?gad_source=1&gad_campaignid=23039829741&gbraid=0AAAAA-ILMtjq8jrCMkCJOu8Zs-KCDKi9D&gclid=CjwKCAjwisnGBhAXEiwA0zEOR3i3PXBlo0kc2hlFiiLqjJtFtrtsu8ocDxmCtVpEzQvI9Q2xvxrz_RoCM_cQAvD_BwE" "Mozilla/5.0 (Linux; Android 10; K) AppleWebKit/537.36 (KHTML, like Gecko) Chrome/140.0.0.0 Mobile Safari/537.36"
171.48.96.158 - - [23/Sep/2025:09:45:17 +0000] "GET /assets/images/favicon.png HTTP/1.1" 200 1551 "https://gangasagar-puri-baidyanath.bhaktiroute.in/?gad_source=1&gad_campaignid=23039829741&gclid=CjwKCAjwisnGBhAXEiwA0zEOR0LCXsEKLeMotJ29qO4vgApUDWHAPp_wfQ7jcZyloFnEHzGDKEgSjBoCEQEQAvD_BwE" "Mozilla/5.0 (Linux; Android 10; K) AppleWebKit/537.36 (KHTML, like Gecko) Chrome/139.0.0.0 Mobile Safari/537.36"
59.183.55.132 - - [23/Sep/2025:09:45:17 +0000] "GET /assets/images/favicon.png HTTP/1.1" 200 1551 "https://gangasagar-puri-baidyanath.bhaktiroute.in/?gad_source=1&gad_campaignid=23039829741&gbraid=0AAAAA-ILMtjq8jrCMkCJOu8Zs-KCDKi9D&gclid=CjwKCAjwisnGBhAXEiwA0zEOR3i3PXBlo0kc2hlFiiLqjJtFtrtsu8ocDxmCtVpEzQvI9Q2xvxrz_RoCM_cQAvD_BwE" "Mozilla/5.0 (Linux; Android 10; K) AppleWebKit/537.36 (KHTML, like Gecko) Chrome/140.0.0.0 Mobile Safari/537.36"
59.183.55.132 - - [23/Sep/2025:09:46:10 +0000] "GET /tour-details.php?url=SpiitualKolkata-GangasagarTrip HTTP/1.1" 200 12804 "https://gangasagar-puri-baidyanath.bhaktiroute.in/?gad_source=1&gad_campaignid=23039829741&gbraid=0AAAAA-ILMtjq8jrCMkCJOu8Zs-KCDKi9D&gclid=CjwKCAjwisnGBhAXEiwA0zEOR3i3PXBlo0kc2hlFiiLqjJtFtrtsu8ocDxmCtVpEzQvI9Q2xvxrz_RoCM_cQAvD_BwE" "Mozilla/5.0 (Linux; Android 10; K) AppleWebKit/537.36 (KHTML, like Gecko) Chrome/140.0.0.0 Mobile Safari/537.36"
59.183.55.132 - - [23/Sep/2025:09:46:10 +0000] "GET /assets/vendors/slick/slick.min.js HTTP/1.1" 200 10451 "https://gangasagar-puri-baidyanath.bhaktiroute.in/tour-details.php?url=SpiitualKolkata-GangasagarTrip" "Mozilla/5.0 (Linux; Android 10; K) AppleWebKit/537.36 (KHTML, like Gecko) Chrome/140.0.0.0 Mobile Safari/537.36"
59.183.55.132 - - [23/Sep/2025:09:46:10 +0000] "GET /assets/js/custom.min.js HTTP/1.1" 200 1074 "https://gangasagar-puri-baidyanath.bhaktiroute.in/tour-details.php?url=SpiitualKolkata-GangasagarTrip" "Mozilla/5.0 (Linux; Android 10; K) AppleWebKit/537.36 (KHTML, like Gecko) Chrome/140.0.0.0 Mobile Safari/537.36"
34.207.80.31 - - [23/Sep/2025:09:47:23 +0000] "GET / HTTP/1.1" 200 104254 "-" "Mozilla/5.0 (Windows NT 10.0; Win64; x64) AppleWebKit/537.36 (KHTML, like Gecko) Chrome/78.0.3904.108 Safari/537.36"
34.207.80.31 - - [23/Sep/2025:09:47:24 +0000] "GET / HTTP/1.1" 200 104246 "-" "Mozilla/5.0 (Windows NT 10.0; Win64; x64) AppleWebKit/537.36 (KHTML, like Gecko) Chrome/78.0.3904.108 Safari/537.36"
34.207.80.31 - - [23/Sep/2025:09:47:25 +0000] "GET /wp-includes/wlwmanifest.xml HTTP/1.1" 404 196 "-" "Mozilla/5.0 (Windows NT 10.0; Win64; x64) AppleWebKit/537.36 (KHTML, like Gecko) Chrome/78.0.3904.108 Safari/537.36"
34.207.80.31 - - [23/Sep/2025:09:47:25 +0000] "GET /xmlrpc.php?rsd HTTP/1.1" 404 196 "-" "Mozilla/5.0 (Windows NT 10.0; Win64; x64) AppleWebKit/537.36 (KHTML, like Gecko) Chrome/78.0.3904.108 Safari/537.36"
34.207.80.31 - - [23/Sep/2025:09:47:25 +0000] "GET / HTTP/1.1" 200 104246 "-" "Mozilla/5.0 (Windows NT 10.0; Win64; x64) AppleWebKit/537.36 (KHTML, like Gecko) Chrome/78.0.3904.108 Safari/537.36"
34.207.80.31 - - [23/Sep/2025:09:47:25 +0000] "GET /blog/wp-includes/wlwmanifest.xml HTTP/1.1" 404 196 "-" "Mozilla/5.0 (Windows NT 10.0; Win64; x64) AppleWebKit/537.36 (KHTML, like Gecko) Chrome/78.0.3904.108 Safari/537.36"
34.207.80.31 - - [23/Sep/2025:09:47:26 +0000] "GET /web/wp-includes/wlwmanifest.xml HTTP/1.1" 404 196 "-" "Mozilla/5.0 (Windows NT 10.0; Win64; x64) AppleWebKit/537.36 (KHTML, like Gecko) Chrome/78.0.3904.108 Safari/537.36"
34.207.80.31 - - [23/Sep/2025:09:47:26 +0000] "GET /wordpress/wp-includes/wlwmanifest.xml HTTP/1.1" 404 196 "-" "Mozilla/5.0 (Windows NT 10.0; Win64; x64) AppleWebKit/537.36 (KHTML, like Gecko) Chrome/78.0.3904.108 Safari/537.36"
34.207.80.31 - - [23/Sep/2025:09:47:26 +0000] "GET /website/wp-includes/wlwmanifest.xml HTTP/1.1" 404 196 "-" "Mozilla/5.0 (Windows NT 10.0; Win64; x64) AppleWebKit/537.36 (KHTML, like Gecko) Chrome/78.0.3904.108 Safari/537.36"
34.207.80.31 - - [23/Sep/2025:09:47:26 +0000] "GET /wp/wp-includes/wlwmanifest.xml HTTP/1.1" 404 196 "-" "Mozilla/5.0 (Windows NT 10.0; Win64; x64) AppleWebKit/537.36 (KHTML, like Gecko) Chrome/78.0.3904.108 Safari/537.36"
34.207.80.31 - - [23/Sep/2025:09:47:27 +0000] "GET /news/wp-includes/wlwmanifest.xml HTTP/1.1" 404 196 "-" "Mozilla/5.0 (Windows NT 10.0; Win64; x64) AppleWebKit/537.36 (KHTML, like Gecko) Chrome/78.0.3904.108 Safari/537.36"
34.207.80.31 - - [23/Sep/2025:09:47:27 +0000] "GET /2018/wp-includes/wlwmanifest.xml HTTP/1.1" 404 196 "-" "Mozilla/5.0 (Windows NT 10.0; Win64; x64) AppleWebKit/537.36 (KHTML, like Gecko) Chrome/78.0.3904.108 Safari/537.36"
34.207.80.31 - - [23/Sep/2025:09:47:27 +0000] "GET /2019/wp-includes/wlwmanifest.xml HTTP/1.1" 404 196 "-" "Mozilla/5.0 (Windows NT 10.0; Win64; x64) AppleWebKit/537.36 (KHTML, like Gecko) Chrome/78.0.3904.108 Safari/537.36"
34.207.80.31 - - [23/Sep/2025:09:47:27 +0000] "GET /shop/wp-includes/wlwmanifest.xml HTTP/1.1" 404 196 "-" "Mozilla/5.0 (Windows NT 10.0; Win64; x64) AppleWebKit/537.36 (KHTML, like Gecko) Chrome/78.0.3904.108 Safari/537.36"
34.207.80.31 - - [23/Sep/2025:09:47:28 +0000] "GET /wp1/wp-includes/wlwmanifest.xml HTTP/1.1" 404 196 "-" "Mozilla/5.0 (Windows NT 10.0; Win64; x64) AppleWebKit/537.36 (KHTML, like Gecko) Chrome/78.0.3904.108 Safari/537.36"
34.207.80.31 - - [23/Sep/2025:09:47:28 +0000] "GET /test/wp-includes/wlwmanifest.xml HTTP/1.1" 404 196 "-" "Mozilla/5.0 (Windows NT 10.0; Win64; x64) AppleWebKit/537.36 (KHTML, like Gecko) Chrome/78.0.3904.108 Safari/537.36"
34.207.80.31 - - [23/Sep/2025:09:47:28 +0000] "GET /media/wp-includes/wlwmanifest.xml HTTP/1.1" 404 196 "-" "Mozilla/5.0 (Windows NT 10.0; Win64; x64) AppleWebKit/537.36 (KHTML, like Gecko) Chrome/78.0.3904.108 Safari/537.36"
34.207.80.31 - - [23/Sep/2025:09:47:28 +0000] "GET /wp2/wp-includes/wlwmanifest.xml HTTP/1.1" 404 196 "-" "Mozilla/5.0 (Windows NT 10.0; Win64; x64) AppleWebKit/537.36 (KHTML, like Gecko) Chrome/78.0.3904.108 Safari/537.36"
34.207.80.31 - - [23/Sep/2025:09:47:28 +0000] "GET /site/wp-includes/wlwmanifest.xml HTTP/1.1" 404 196 "-" "Mozilla/5.0 (Windows NT 10.0; Win64; x64) AppleWebKit/537.36 (KHTML, like Gecko) Chrome/78.0.3904.108 Safari/537.36"
34.207.80.31 - - [23/Sep/2025:09:47:29 +0000] "GET /cms/wp-includes/wlwmanifest.xml HTTP/1.1" 404 196 "-" "Mozilla/5.0 (Windows NT 10.0; Win64; x64) AppleWebKit/537.36 (KHTML, like Gecko) Chrome/78.0.3904.108 Safari/537.36"
34.207.80.31 - - [23/Sep/2025:09:47:29 +0000] "GET /sito/wp-includes/wlwmanifest.xml HTTP/1.1" 404 196 "-" "Mozilla/5.0 (Windows NT 10.0; Win64; x64) AppleWebKit/537.36 (KHTML, like Gecko) Chrome/78.0.3904.108 Safari/537.36"
152.58.133.36 - - [23/Sep/2025:09:51:07 +0000] "GET / HTTP/1.1" 200 11143 "-" "Mozilla/5.0 (Linux; Android 10; K) AppleWebKit/537.36 (KHTML, like Gecko) Chrome/140.0.0.0 Mobile Safari/537.36"
152.58.16.142 - - [23/Sep/2025:09:56:59 +0000] "GET /?gad_source=1&gad_campaignid=23039829741&gbraid=0AAAAA-ILMtgXsap0VZ--Ohzx3-HxDz_mP&gclid=CjwKCAjwisnGBhAXEiwA0zEORzBqOJNijkmbTk3ONvJYshCjWlahGz1kKGFFSS10Fk0L7POlCDql3BoCNXQQAvD_BwE HTTP/1.1" 200 11285 "https://www.google.com/" "Mozilla/5.0 (Linux; Android 10; K) AppleWebKit/537.36 (KHTML, like Gecko) Chrome/140.0.0.0 Mobile Safari/537.36"
152.58.16.142 - - [23/Sep/2025:09:57:00 +0000] "GET /assets/vendors/bootstrap/css/bootstrap.min.css HTTP/1.1" 200 23957 "https://gangasagar-puri-baidyanath.bhaktiroute.in/?gad_source=1&gad_campaignid=23039829741&gbraid=0AAAAA-ILMtgXsap0VZ--Ohzx3-HxDz_mP&gclid=CjwKCAjwisnGBhAXEiwA0zEORzBqOJNijkmbTk3ONvJYshCjWlahGz1kKGFFSS10Fk0L7POlCDql3BoCNXQQAvD_BwE" "Mozilla/5.0 (Linux; Android 10; K) AppleWebKit/537.36 (KHTML, like Gecko) Chrome/140.0.0.0 Mobile Safari/537.36"
152.58.16.142 - - [23/Sep/2025:09:57:00 +0000] "GET /assets/vendors/fontawesome/css/all.min.css HTTP/1.1" 200 12425 "https://gangasagar-puri-baidyanath.bhaktiroute.in/?gad_source=1&gad_campaignid=23039829741&gbraid=0AAAAA-ILMtgXsap0VZ--Ohzx3-HxDz_mP&gclid=CjwKCAjwisnGBhAXEiwA0zEORzBqOJNijkmbTk3ONvJYshCjWlahGz1kKGFFSS10Fk0L7POlCDql3BoCNXQQAvD_BwE" "Mozilla/5.0 (Linux; Android 10; K) AppleWebKit/537.36 (KHTML, like Gecko) Chrome/140.0.0.0 Mobile Safari/537.36"
152.58.16.142 - - [23/Sep/2025:09:57:00 +0000] "GET /assets/vendors/slick/slick-theme.css HTTP/1.1" 200 890 "https://gangasagar-puri-baidyanath.bhaktiroute.in/?gad_source=1&gad_campaignid=23039829741&gbraid=0AAAAA-ILMtgXsap0VZ--Ohzx3-HxDz_mP&gclid=CjwKCAjwisnGBhAXEiwA0zEORzBqOJNijkmbTk3ONvJYshCjWlahGz1kKGFFSS10Fk0L7POlCDql3BoCNXQQAvD_BwE" "Mozilla/5.0 (Linux; Android 10; K) AppleWebKit/537.36 (KHTML, like Gecko) Chrome/140.0.0.0 Mobile Safari/537.36"
152.58.16.142 - - [23/Sep/2025:09:57:00 +0000] "GET /assets/vendors/jquery-ui/jquery-ui.min.css HTTP/1.1" 200 7621 "https://gangasagar-puri-baidyanath.bhaktiroute.in/?gad_source=1&gad_campaignid=23039829741&gbraid=0AAAAA-ILMtgXsap0VZ--Ohzx3-HxDz_mP&gclid=CjwKCAjwisnGBhAXEiwA0zEORzBqOJNijkmbTk3ONvJYshCjWlahGz1kKGFFSS10Fk0L7POlCDql3BoCNXQQAvD_BwE" "Mozilla/5.0 (Linux; Android 10; K) AppleWebKit/537.36 (KHTML, like Gecko) Chrome/140.0.0.0 Mobile Safari/537.36"
152.58.16.142 - - [23/Sep/2025:09:57:00 +0000] "GET /assets/vendors/slick/slick.css HTTP/1.1" 200 589 "https://gangasagar-puri-baidyanath.bhaktiroute.in/?gad_source=1&gad_campaignid=23039829741&gbraid=0AAAAA-ILMtgXsap0VZ--Ohzx3-HxDz_mP&gclid=CjwKCAjwisnGBhAXEiwA0zEORzBqOJNijkmbTk3ONvJYshCjWlahGz1kKGFFSS10Fk0L7POlCDql3BoCNXQQAvD_BwE" "Mozilla/5.0 (Linux; Android 10; K) AppleWebKit/537.36 (KHTML, like Gecko) Chrome/140.0.0.0 Mobile Safari/537.36"
152.58.16.142 - - [23/Sep/2025:09:57:00 +0000] "GET /assets/vendors/fancybox/dist/jquery.fancybox.min.css HTTP/1.1" 200 3108 "https://gangasagar-puri-baidyanath.bhaktiroute.in/?gad_source=1&gad_campaignid=23039829741&gbraid=0AAAAA-ILMtgXsap0VZ--Ohzx3-HxDz_mP&gclid=CjwKCAjwisnGBhAXEiwA0zEORzBqOJNijkmbTk3ONvJYshCjWlahGz1kKGFFSS10Fk0L7POlCDql3BoCNXQQAvD_BwE" "Mozilla/5.0 (Linux; Android 10; K) AppleWebKit/537.36 (KHTML, like Gecko) Chrome/140.0.0.0 Mobile Safari/537.36"
152.58.16.142 - - [23/Sep/2025:09:57:00 +0000] "GET /assets/vendors/elementskit-icon-pack/assets/css/ekiticons.css HTTP/1.1" 200 12672 "https://gangasagar-puri-baidyanath.bhaktiroute.in/?gad_source=1&gad_campaignid=23039829741&gbraid=0AAAAA-ILMtgXsap0VZ--Ohzx3-HxDz_mP&gclid=CjwKCAjwisnGBhAXEiwA0zEORzBqOJNijkmbTk3ONvJYshCjWlahGz1kKGFFSS10Fk0L7POlCDql3BoCNXQQAvD_BwE" "Mozilla/5.0 (Linux; Android 10; K) AppleWebKit/537.36 (KHTML, like Gecko) Chrome/140.0.0.0 Mobile Safari/537.36"
152.58.16.142 - - [23/Sep/2025:09:57:00 +0000] "GET /style.css HTTP/1.1" 200 20557 "https://gangasagar-puri-baidyanath.bhaktiroute.in/?gad_source=1&gad_campaignid=23039829741&gbraid=0AAAAA-ILMtgXsap0VZ--Ohzx3-HxDz_mP&gclid=CjwKCAjwisnGBhAXEiwA0zEORzBqOJNijkmbTk3ONvJYshCjWlahGz1kKGFFSS10Fk0L7POlCDql3BoCNXQQAvD_BwE" "Mozilla/5.0 (Linux; Android 10; K) AppleWebKit/537.36 (KHTML, like Gecko) Chrome/140.0.0.0 Mobile Safari/537.36"
152.58.16.142 - - [23/Sep/2025:09:57:00 +0000] "GET /assets/images/whatsapp.png HTTP/1.1" 200 1946 "https://gangasagar-puri-baidyanath.bhaktiroute.in/?gad_source=1&gad_campaignid=23039829741&gbraid=0AAAAA-ILMtgXsap0VZ--Ohzx3-HxDz_mP&gclid=CjwKCAjwisnGBhAXEiwA0zEORzBqOJNijkmbTk3ONvJYshCjWlahGz1kKGFFSS10Fk0L7POlCDql3BoCNXQQAvD_BwE" "Mozilla/5.0 (Linux; Android 10; K) AppleWebKit/537.36 (KHTML, like Gecko) Chrome/140.0.0.0 Mobile Safari/537.36"
152.58.16.142 - - [23/Sep/2025:09:57:00 +0000] "GET /assets/vendors/jquery/jquery.js HTTP/1.1" 200 30960 "https://gangasagar-puri-baidyanath.bhaktiroute.in/?gad_source=1&gad_campaignid=23039829741&gbraid=0AAAAA-ILMtgXsap0VZ--Ohzx3-HxDz_mP&gclid=CjwKCAjwisnGBhAXEiwA0zEORzBqOJNijkmbTk3ONvJYshCjWlahGz1kKGFFSS10Fk0L7POlCDql3BoCNXQQAvD_BwE" "Mozilla/5.0 (Linux; Android 10; K) AppleWebKit/537.36 (KHTML, like Gecko) Chrome/140.0.0.0 Mobile Safari/537.36"
152.58.16.142 - - [23/Sep/2025:09:57:00 +0000] "GET /assets/vendors/waypoint/waypoints.js HTTP/1.1" 200 3694 "https://gangasagar-puri-baidyanath.bhaktiroute.in/?gad_source=1&gad_campaignid=23039829741&gbraid=0AAAAA-ILMtgXsap0VZ--Ohzx3-HxDz_mP&gclid=CjwKCAjwisnGBhAXEiwA0zEORzBqOJNijkmbTk3ONvJYshCjWlahGz1kKGFFSS10Fk0L7POlCDql3BoCNXQQAvD_BwE" "Mozilla/5.0 (Linux; Android 10; K) AppleWebKit/537.36 (KHTML, like Gecko) Chrome/140.0.0.0 Mobile Safari/537.36"
152.58.16.142 - - [23/Sep/2025:09:57:00 +0000] "GET /assets/vendors/bootstrap/js/bootstrap.min.js HTTP/1.1" 200 16358 "https://gangasagar-puri-baidyanath.bhaktiroute.in/?gad_source=1&gad_campaignid=23039829741&gbraid=0AAAAA-ILMtgXsap0VZ--Ohzx3-HxDz_mP&gclid=CjwKCAjwisnGBhAXEiwA0zEORzBqOJNijkmbTk3ONvJYshCjWlahGz1kKGFFSS10Fk0L7POlCDql3BoCNXQQAvD_BwE" "Mozilla/5.0 (Linux; Android 10; K) AppleWebKit/537.36 (KHTML, like Gecko) Chrome/140.0.0.0 Mobile Safari/537.36"
152.58.16.142 - - [23/Sep/2025:09:57:00 +0000] "GET /assets/vendors/countdown-date-loop-counter/loopcounter.js HTTP/1.1" 200 617 "https://gangasagar-puri-baidyanath.bhaktiroute.in/?gad_source=1&gad_campaignid=23039829741&gbraid=0AAAAA-ILMtgXsap0VZ--Ohzx3-HxDz_mP&gclid=CjwKCAjwisnGBhAXEiwA0zEORzBqOJNijkmbTk3ONvJYshCjWlahGz1kKGFFSS10Fk0L7POlCDql3BoCNXQQAvD_BwE" "Mozilla/5.0 (Linux; Android 10; K) AppleWebKit/537.36 (KHTML, like Gecko) Chrome/140.0.0.0 Mobile Safari/537.36"
152.58.16.142 - - [23/Sep/2025:09:57:00 +0000] "GET /assets/images/site-logo.png HTTP/1.1" 200 114858 "https://gangasagar-puri-baidyanath.bhaktiroute.in/?gad_source=1&gad_campaignid=23039829741&gbraid=0AAAAA-ILMtgXsap0VZ--Ohzx3-HxDz_mP&gclid=CjwKCAjwisnGBhAXEiwA0zEORzBqOJNijkmbTk3ONvJYshCjWlahGz1kKGFFSS10Fk0L7POlCDql3BoCNXQQAvD_BwE" "Mozilla/5.0 (Linux; Android 10; K) AppleWebKit/537.36 (KHTML, like Gecko) Chrome/140.0.0.0 Mobile Safari/537.36"
152.58.16.142 - - [23/Sep/2025:09:57:00 +0000] "GET /assets/vendors/fontawesome/webfonts/fa-solid-900.woff2 HTTP/1.1" 200 76084 "https://gangasagar-puri-baidyanath.bhaktiroute.in/assets/vendors/fontawesome/css/all.min.css" "Mozilla/5.0 (Linux; Android 10; K) AppleWebKit/537.36 (KHTML, like Gecko) Chrome/140.0.0.0 Mobile Safari/537.36"
152.58.16.142 - - [23/Sep/2025:09:57:01 +0000] "GET /assets/vendors/jquery-ui/jquery-ui.min.js HTTP/1.1" 200 67821 "https://gangasagar-puri-baidyanath.bhaktiroute.in/?gad_source=1&gad_campaignid=23039829741&gbraid=0AAAAA-ILMtgXsap0VZ--Ohzx3-HxDz_mP&gclid=CjwKCAjwisnGBhAXEiwA0zEORzBqOJNijkmbTk3ONvJYshCjWlahGz1kKGFFSS10Fk0L7POlCDql3BoCNXQQAvD_BwE" "Mozilla/5.0 (Linux; Android 10; K) AppleWebKit/537.36 (KHTML, like Gecko) Chrome/140.0.0.0 Mobile Safari/537.36"
152.58.16.142 - - [23/Sep/2025:09:57:01 +0000] "GET /assets/vendors/fontawesome/webfonts/fa-brands-400.woff2 HTTP/1.1" 200 75936 "https://gangasagar-puri-baidyanath.bhaktiroute.in/assets/vendors/fontawesome/css/all.min.css" "Mozilla/5.0 (Linux; Android 10; K) AppleWebKit/537.36 (KHTML, like Gecko) Chrome/140.0.0.0 Mobile Safari/537.36"
152.58.16.142 - - [23/Sep/2025:09:57:01 +0000] "GET /assets/vendors/counterup/jquery.counterup.min.js HTTP/1.1" 200 589 "https://gangasagar-puri-baidyanath.bhaktiroute.in/?gad_source=1&gad_campaignid=23039829741&gbraid=0AAAAA-ILMtgXsap0VZ--Ohzx3-HxDz_mP&gclid=CjwKCAjwisnGBhAXEiwA0zEORzBqOJNijkmbTk3ONvJYshCjWlahGz1kKGFFSS10Fk0L7POlCDql3BoCNXQQAvD_BwE" "Mozilla/5.0 (Linux; Android 10; K) AppleWebKit/537.36 (KHTML, like Gecko) Chrome/140.0.0.0 Mobile Safari/537.36"
152.58.16.142 - - [23/Sep/2025:09:57:01 +0000] "GET /assets/vendors/masonry/masonry.pkgd.min.js HTTP/1.1" 200 7367 "https://gangasagar-puri-baidyanath.bhaktiroute.in/?gad_source=1&gad_campaignid=23039829741&gbraid=0AAAAA-ILMtgXsap0VZ--Ohzx3-HxDz_mP&gclid=CjwKCAjwisnGBhAXEiwA0zEORzBqOJNijkmbTk3ONvJYshCjWlahGz1kKGFFSS10Fk0L7POlCDql3BoCNXQQAvD_BwE" "Mozilla/5.0 (Linux; Android 10; K) AppleWebKit/537.36 (KHTML, like Gecko) Chrome/140.0.0.0 Mobile Safari/537.36"
152.58.16.142 - - [23/Sep/2025:09:57:01 +0000] "GET /assets/images/banner-img2.jpg HTTP/1.1" 200 178013 "https://gangasagar-puri-baidyanath.bhaktiroute.in/?gad_source=1&gad_campaignid=23039829741&gbraid=0AAAAA-ILMtgXsap0VZ--Ohzx3-HxDz_mP&gclid=CjwKCAjwisnGBhAXEiwA0zEORzBqOJNijkmbTk3ONvJYshCjWlahGz1kKGFFSS10Fk0L7POlCDql3BoCNXQQAvD_BwE" "Mozilla/5.0 (Linux; Android 10; K) AppleWebKit/537.36 (KHTML, like Gecko) Chrome/140.0.0.0 Mobile Safari/537.36"
152.58.16.142 - - [23/Sep/2025:09:57:01 +0000] "GET /assets/vendors/slick/slick.js HTTP/1.1" 200 15214 "https://gangasagar-puri-baidyanath.bhaktiroute.in/?gad_source=1&gad_campaignid=23039829741&gbraid=0AAAAA-ILMtgXsap0VZ--Ohzx3-HxDz_mP&gclid=CjwKCAjwisnGBhAXEiwA0zEORzBqOJNijkmbTk3ONvJYshCjWlahGz1kKGFFSS10Fk0L7POlCDql3BoCNXQQAvD_BwE" "Mozilla/5.0 (Linux; Android 10; K) AppleWebKit/537.36 (KHTML, like Gecko) Chrome/140.0.0.0 Mobile Safari/537.36"
