152.57.133.178 - - [23/Sep/2025:10:34:38 +0000] "GET /assets/vendors/fontawesome/webfonts/fa-solid-900.woff2 HTTP/1.1" 200 76084 "https://gangasagar-puri-baidyanath.bhaktiroute.in/assets/vendors/fontawesome/css/all.min.css" "Mozilla/5.0 (Linux; Android 10; K) AppleWebKit/537.36 (KHTML, like Gecko) Chrome/140.0.0.0 Mobile Safari/537.36"
152.57.133.178 - - [23/Sep/2025:10:34:40 +0000] "GET /assets/images/favicon.png HTTP/1.1" 200 1551 "https://gangasagar-puri-baidyanath.bhaktiroute.in/?gad_source=1&gad_campaignid=23039829741&gclid=CjwKCAjwisnGBhAXEiwA0zEOR9H7pdK003cFFjPLgN2Bmfj-e_iSMeGUZ6J2echlGNURUBpoiMeNURoCRs0QAvD_BwE" "Mozilla/5.0 (Linux; Android 10; K) AppleWebKit/537.36 (KHTML, like Gecko) Chrome/140.0.0.0 Mobile Safari/537.36"
66.249.68.1 - - [23/Sep/2025:10:35:43 +0000] "GET /index.php HTTP/1.1" 200 11214 "-" "Mozilla/5.0 (Linux; Android 6.0.1; Nexus 5X Build/MMB29P) AppleWebKit/537.36 (KHTML, like Gecko) Chrome/139.0.7258.127 Mobile Safari/537.36 (compatible; GoogleOther)"
27.59.111.10 - - [23/Sep/2025:10:37:13 +0000] "GET /?gad_source=1&gad_campaignid=23039829741&gclid=CjwKCAjwisnGBhAXEiwA0zEORzrZAIkkPfjWrSFeATt3ZaOjGi3l6H4IH0FH8D4DMc1Rbpo2ptPRjxoCLgUQAvD_BwE HTTP/1.1" 200 11248 "https://www.google.com/" "Mozilla/5.0 (Linux; Android 10; K) AppleWebKit/537.36 (KHTML, like Gecko) Chrome/140.0.0.0 Mobile Safari/537.36"
49.14.158.31 - - [23/Sep/2025:10:40:26 +0000] "GET /?gad_source=1&gad_campaignid=23039829741&gclid=CjwKCAjwisnGBhAXEiwA0zEORynVtC8S7uP6t6-NILVMlLzj9K9hwQ4zF3eTQ6w6GYUKWplldi-OHhoCUBwQAvD_BwE HTTP/1.1" 200 11250 "https://www.google.com/" "Mozilla/5.0 (Linux; Android 10; K) AppleWebKit/537.36 (KHTML, like Gecko) Chrome/138.0.0.0 Mobile Safari/537.36"
49.14.158.31 - - [23/Sep/2025:10:40:26 +0000] "GET /assets/vendors/bootstrap/css/bootstrap.min.css HTTP/1.1" 200 23957 "https://gangasagar-puri-baidyanath.bhaktiroute.in/?gad_source=1&gad_campaignid=23039829741&gclid=CjwKCAjwisnGBhAXEiwA0zEORynVtC8S7uP6t6-NILVMlLzj9K9hwQ4zF3eTQ6w6GYUKWplldi-OHhoCUBwQAvD_BwE" "Mozilla/5.0 (Linux; Android 10; K) AppleWebKit/537.36 (KHTML, like Gecko) Chrome/138.0.0.0 Mobile Safari/537.36"
49.14.158.31 - - [23/Sep/2025:10:40:26 +0000] "GET /assets/vendors/jquery-ui/jquery-ui.min.css HTTP/1.1" 200 7621 "https://gangasagar-puri-baidyanath.bhaktiroute.in/?gad_source=1&gad_campaignid=23039829741&gclid=CjwKCAjwisnGBhAXEiwA0zEORynVtC8S7uP6t6-NILVMlLzj9K9hwQ4zF3eTQ6w6GYUKWplldi-OHhoCUBwQAvD_BwE" "Mozilla/5.0 (Linux; Android 10; K) AppleWebKit/537.36 (KHTML, like Gecko) Chrome/138.0.0.0 Mobile Safari/537.36"
49.14.158.31 - - [23/Sep/2025:10:40:26 +0000] "GET /assets/vendors/fancybox/dist/jquery.fancybox.min.css HTTP/1.1" 200 3108 "https://gangasagar-puri-baidyanath.bhaktiroute.in/?gad_source=1&gad_campaignid=23039829741&gclid=CjwKCAjwisnGBhAXEiwA0zEORynVtC8S7uP6t6-NILVMlLzj9K9hwQ4zF3eTQ6w6GYUKWplldi-OHhoCUBwQAvD_BwE" "Mozilla/5.0 (Linux; Android 10; K) AppleWebKit/537.36 (KHTML, like Gecko) Chrome/138.0.0.0 Mobile Safari/537.36"
49.14.158.31 - - [23/Sep/2025:10:40:26 +0000] "GET /assets/vendors/fontawesome/css/all.min.css HTTP/1.1" 200 12425 "https://gangasagar-puri-baidyanath.bhaktiroute.in/?gad_source=1&gad_campaignid=23039829741&gclid=CjwKCAjwisnGBhAXEiwA0zEORynVtC8S7uP6t6-NILVMlLzj9K9hwQ4zF3eTQ6w6GYUKWplldi-OHhoCUBwQAvD_BwE" "Mozilla/5.0 (Linux; Android 10; K) AppleWebKit/537.36 (KHTML, like Gecko) Chrome/138.0.0.0 Mobile Safari/537.36"
49.14.158.31 - - [23/Sep/2025:10:40:26 +0000] "GET /assets/vendors/slick/slick.css HTTP/1.1" 200 589 "https://gangasagar-puri-baidyanath.bhaktiroute.in/?gad_source=1&gad_campaignid=23039829741&gclid=CjwKCAjwisnGBhAXEiwA0zEORynVtC8S7uP6t6-NILVMlLzj9K9hwQ4zF3eTQ6w6GYUKWplldi-OHhoCUBwQAvD_BwE" "Mozilla/5.0 (Linux; Android 10; K) AppleWebKit/537.36 (KHTML, like Gecko) Chrome/138.0.0.0 Mobile Safari/537.36"
49.14.158.31 - - [23/Sep/2025:10:40:26 +0000] "GET /assets/vendors/elementskit-icon-pack/assets/css/ekiticons.css HTTP/1.1" 200 12672 "https://gangasagar-puri-baidyanath.bhaktiroute.in/?gad_source=1&gad_campaignid=23039829741&gclid=CjwKCAjwisnGBhAXEiwA0zEORynVtC8S7uP6t6-NILVMlLzj9K9hwQ4zF3eTQ6w6GYUKWplldi-OHhoCUBwQAvD_BwE" "Mozilla/5.0 (Linux; Android 10; K) AppleWebKit/537.36 (KHTML, like Gecko) Chrome/138.0.0.0 Mobile Safari/537.36"
49.14.158.31 - - [23/Sep/2025:10:40:26 +0000] "GET /assets/vendors/slick/slick-theme.css HTTP/1.1" 200 890 "https://gangasagar-puri-baidyanath.bhaktiroute.in/?gad_source=1&gad_campaignid=23039829741&gclid=CjwKCAjwisnGBhAXEiwA0zEORynVtC8S7uP6t6-NILVMlLzj9K9hwQ4zF3eTQ6w6GYUKWplldi-OHhoCUBwQAvD_BwE" "Mozilla/5.0 (Linux; Android 10; K) AppleWebKit/537.36 (KHTML, like Gecko) Chrome/138.0.0.0 Mobile Safari/537.36"
49.14.158.31 - - [23/Sep/2025:10:40:26 +0000] "GET /style.css HTTP/1.1" 200 20557 "https://gangasagar-puri-baidyanath.bhaktiroute.in/?gad_source=1&gad_campaignid=23039829741&gclid=CjwKCAjwisnGBhAXEiwA0zEORynVtC8S7uP6t6-NILVMlLzj9K9hwQ4zF3eTQ6w6GYUKWplldi-OHhoCUBwQAvD_BwE" "Mozilla/5.0 (Linux; Android 10; K) AppleWebKit/537.36 (KHTML, like Gecko) Chrome/138.0.0.0 Mobile Safari/537.36"
49.14.158.31 - - [23/Sep/2025:10:40:26 +0000] "GET /assets/images/whatsapp.png HTTP/1.1" 200 1946 "https://gangasagar-puri-baidyanath.bhaktiroute.in/?gad_source=1&gad_campaignid=23039829741&gclid=CjwKCAjwisnGBhAXEiwA0zEORynVtC8S7uP6t6-NILVMlLzj9K9hwQ4zF3eTQ6w6GYUKWplldi-OHhoCUBwQAvD_BwE" "Mozilla/5.0 (Linux; Android 10; K) AppleWebKit/537.36 (KHTML, like Gecko) Chrome/138.0.0.0 Mobile Safari/537.36"
49.14.158.31 - - [23/Sep/2025:10:40:27 +0000] "GET /assets/images/site-logo.png HTTP/1.1" 200 114858 "https://gangasagar-puri-baidyanath.bhaktiroute.in/?gad_source=1&gad_campaignid=23039829741&gclid=CjwKCAjwisnGBhAXEiwA0zEORynVtC8S7uP6t6-NILVMlLzj9K9hwQ4zF3eTQ6w6GYUKWplldi-OHhoCUBwQAvD_BwE" "Mozilla/5.0 (Linux; Android 10; K) AppleWebKit/537.36 (KHTML, like Gecko) Chrome/138.0.0.0 Mobile Safari/537.36"
49.14.158.31 - - [23/Sep/2025:10:40:27 +0000] "GET /assets/vendors/jquery/jquery.js HTTP/1.1" 200 30960 "https://gangasagar-puri-baidyanath.bhaktiroute.in/?gad_source=1&gad_campaignid=23039829741&gclid=CjwKCAjwisnGBhAXEiwA0zEORynVtC8S7uP6t6-NILVMlLzj9K9hwQ4zF3eTQ6w6GYUKWplldi-OHhoCUBwQAvD_BwE" "Mozilla/5.0 (Linux; Android 10; K) AppleWebKit/537.36 (KHTML, like Gecko) Chrome/138.0.0.0 Mobile Safari/537.36"
49.14.158.31 - - [23/Sep/2025:10:40:27 +0000] "GET /assets/vendors/waypoint/waypoints.js HTTP/1.1" 200 3694 "https://gangasagar-puri-baidyanath.bhaktiroute.in/?gad_source=1&gad_campaignid=23039829741&gclid=CjwKCAjwisnGBhAXEiwA0zEORynVtC8S7uP6t6-NILVMlLzj9K9hwQ4zF3eTQ6w6GYUKWplldi-OHhoCUBwQAvD_BwE" "Mozilla/5.0 (Linux; Android 10; K) AppleWebKit/537.36 (KHTML, like Gecko) Chrome/138.0.0.0 Mobile Safari/537.36"
49.14.158.31 - - [23/Sep/2025:10:40:27 +0000] "GET /assets/vendors/bootstrap/js/bootstrap.min.js HTTP/1.1" 200 16358 "https://gangasagar-puri-baidyanath.bhaktiroute.in/?gad_source=1&gad_campaignid=23039829741&gclid=CjwKCAjwisnGBhAXEiwA0zEORynVtC8S7uP6t6-NILVMlLzj9K9hwQ4zF3eTQ6w6GYUKWplldi-OHhoCUBwQAvD_BwE" "Mozilla/5.0 (Linux; Android 10; K) AppleWebKit/537.36 (KHTML, like Gecko) Chrome/138.0.0.0 Mobile Safari/537.36"
49.14.158.31 - - [23/Sep/2025:10:40:27 +0000] "GET /assets/vendors/jquery-ui/jquery-ui.min.js HTTP/1.1" 200 67821 "https://gangasagar-puri-baidyanath.bhaktiroute.in/?gad_source=1&gad_campaignid=23039829741&gclid=CjwKCAjwisnGBhAXEiwA0zEORynVtC8S7uP6t6-NILVMlLzj9K9hwQ4zF3eTQ6w6GYUKWplldi-OHhoCUBwQAvD_BwE" "Mozilla/5.0 (Linux; Android 10; K) AppleWebKit/537.36 (KHTML, like Gecko) Chrome/138.0.0.0 Mobile Safari/537.36"
49.14.158.31 - - [23/Sep/2025:10:40:27 +0000] "GET /assets/vendors/countdown-date-loop-counter/loopcounter.js HTTP/1.1" 200 617 "https://gangasagar-puri-baidyanath.bhaktiroute.in/?gad_source=1&gad_campaignid=23039829741&gclid=CjwKCAjwisnGBhAXEiwA0zEORynVtC8S7uP6t6-NILVMlLzj9K9hwQ4zF3eTQ6w6GYUKWplldi-OHhoCUBwQAvD_BwE" "Mozilla/5.0 (Linux; Android 10; K) AppleWebKit/537.36 (KHTML, like Gecko) Chrome/138.0.0.0 Mobile Safari/537.36"
49.14.158.31 - - [23/Sep/2025:10:40:27 +0000] "GET /assets/vendors/fontawesome/webfonts/fa-brands-400.woff2 HTTP/1.1" 200 75936 "https://gangasagar-puri-baidyanath.bhaktiroute.in/assets/vendors/fontawesome/css/all.min.css" "Mozilla/5.0 (Linux; Android 10; K) AppleWebKit/537.36 (KHTML, like Gecko) Chrome/138.0.0.0 Mobile Safari/537.36"
49.14.158.31 - - [23/Sep/2025:10:40:27 +0000] "GET /assets/vendors/fontawesome/webfonts/fa-solid-900.woff2 HTTP/1.1" 200 76084 "https://gangasagar-puri-baidyanath.bhaktiroute.in/assets/vendors/fontawesome/css/all.min.css" "Mozilla/5.0 (Linux; Android 10; K) AppleWebKit/537.36 (KHTML, like Gecko) Chrome/138.0.0.0 Mobile Safari/537.36"
49.14.158.31 - - [23/Sep/2025:10:40:27 +0000] "GET /assets/vendors/counterup/jquery.counterup.min.js HTTP/1.1" 200 589 "https://gangasagar-puri-baidyanath.bhaktiroute.in/?gad_source=1&gad_campaignid=23039829741&gclid=CjwKCAjwisnGBhAXEiwA0zEORynVtC8S7uP6t6-NILVMlLzj9K9hwQ4zF3eTQ6w6GYUKWplldi-OHhoCUBwQAvD_BwE" "Mozilla/5.0 (Linux; Android 10; K) AppleWebKit/537.36 (KHTML, like Gecko) Chrome/138.0.0.0 Mobile Safari/537.36"
49.14.158.31 - - [23/Sep/2025:10:40:27 +0000] "GET /assets/vendors/masonry/masonry.pkgd.min.js HTTP/1.1" 200 7367 "https://gangasagar-puri-baidyanath.bhaktiroute.in/?gad_source=1&gad_campaignid=23039829741&gclid=CjwKCAjwisnGBhAXEiwA0zEORynVtC8S7uP6t6-NILVMlLzj9K9hwQ4zF3eTQ6w6GYUKWplldi-OHhoCUBwQAvD_BwE" "Mozilla/5.0 (Linux; Android 10; K) AppleWebKit/537.36 (KHTML, like Gecko) Chrome/138.0.0.0 Mobile Safari/537.36"
49.14.158.31 - - [23/Sep/2025:10:40:27 +0000] "GET /assets/vendors/slick/slick.js HTTP/1.1" 200 15214 "https://gangasagar-puri-baidyanath.bhaktiroute.in/?gad_source=1&gad_campaignid=23039829741&gclid=CjwKCAjwisnGBhAXEiwA0zEORynVtC8S7uP6t6-NILVMlLzj9K9hwQ4zF3eTQ6w6GYUKWplldi-OHhoCUBwQAvD_BwE" "Mozilla/5.0 (Linux; Android 10; K) AppleWebKit/537.36 (KHTML, like Gecko) Chrome/138.0.0.0 Mobile Safari/537.36"
49.14.158.31 - - [23/Sep/2025:10:40:27 +0000] "GET /assets/vendors/fancybox/dist/jquery.fancybox.min.js HTTP/1.1" 200 22031 "https://gangasagar-puri-baidyanath.bhaktiroute.in/?gad_source=1&gad_campaignid=23039829741&gclid=CjwKCAjwisnGBhAXEiwA0zEORynVtC8S7uP6t6-NILVMlLzj9K9hwQ4zF3eTQ6w6GYUKWplldi-OHhoCUBwQAvD_BwE" "Mozilla/5.0 (Linux; Android 10; K) AppleWebKit/537.36 (KHTML, like Gecko) Chrome/138.0.0.0 Mobile Safari/537.36"
49.14.158.31 - - [23/Sep/2025:10:40:27 +0000] "GET /assets/vendors/slick-nav/jquery.slicknav.js HTTP/1.1" 200 4605 "https://gangasagar-puri-baidyanath.bhaktiroute.in/?gad_source=1&gad_campaignid=23039829741&gclid=CjwKCAjwisnGBhAXEiwA0zEORynVtC8S7uP6t6-NILVMlLzj9K9hwQ4zF3eTQ6w6GYUKWplldi-OHhoCUBwQAvD_BwE" "Mozilla/5.0 (Linux; Android 10; K) AppleWebKit/537.36 (KHTML, like Gecko) Chrome/138.0.0.0 Mobile Safari/537.36"
49.14.158.31 - - [23/Sep/2025:10:40:28 +0000] "GET /assets/js/custom.js HTTP/1.1" 200 1475 "https://gangasagar-puri-baidyanath.bhaktiroute.in/?gad_source=1&gad_campaignid=23039829741&gclid=CjwKCAjwisnGBhAXEiwA0zEORynVtC8S7uP6t6-NILVMlLzj9K9hwQ4zF3eTQ6w6GYUKWplldi-OHhoCUBwQAvD_BwE" "Mozilla/5.0 (Linux; Android 10; K) AppleWebKit/537.36 (KHTML, like Gecko) Chrome/138.0.0.0 Mobile Safari/537.36"
49.14.158.31 - - [23/Sep/2025:10:40:28 +0000] "GET /assets/images/savetime.png HTTP/1.1" 200 2451 "https://gangasagar-puri-baidyanath.bhaktiroute.in/?gad_source=1&gad_campaignid=23039829741&gclid=CjwKCAjwisnGBhAXEiwA0zEORynVtC8S7uP6t6-NILVMlLzj9K9hwQ4zF3eTQ6w6GYUKWplldi-OHhoCUBwQAvD_BwE" "Mozilla/5.0 (Linux; Android 10; K) AppleWebKit/537.36 (KHTML, like Gecko) Chrome/138.0.0.0 Mobile Safari/537.36"
49.14.158.31 - - [23/Sep/2025:10:40:28 +0000] "GET /assets/images/banner-img1.jpg HTTP/1.1" 200 318250 "https://gangasagar-puri-baidyanath.bhaktiroute.in/?gad_source=1&gad_campaignid=23039829741&gclid=CjwKCAjwisnGBhAXEiwA0zEORynVtC8S7uP6t6-NILVMlLzj9K9hwQ4zF3eTQ6w6GYUKWplldi-OHhoCUBwQAvD_BwE" "Mozilla/5.0 (Linux; Android 10; K) AppleWebKit/537.36 (KHTML, like Gecko) Chrome/138.0.0.0 Mobile Safari/537.36"
49.14.158.31 - - [23/Sep/2025:10:40:28 +0000] "GET /assets/images/multiple.png HTTP/1.1" 200 2118 "https://gangasagar-puri-baidyanath.bhaktiroute.in/?gad_source=1&gad_campaignid=23039829741&gclid=CjwKCAjwisnGBhAXEiwA0zEORynVtC8S7uP6t6-NILVMlLzj9K9hwQ4zF3eTQ6w6GYUKWplldi-OHhoCUBwQAvD_BwE" "Mozilla/5.0 (Linux; Android 10; K) AppleWebKit/537.36 (KHTML, like Gecko) Chrome/138.0.0.0 Mobile Safari/537.36"
49.14.158.31 - - [23/Sep/2025:10:40:28 +0000] "GET /assets/images/money.png HTTP/1.1" 200 2411 "https://gangasagar-puri-baidyanath.bhaktiroute.in/?gad_source=1&gad_campaignid=23039829741&gclid=CjwKCAjwisnGBhAXEiwA0zEORynVtC8S7uP6t6-NILVMlLzj9K9hwQ4zF3eTQ6w6GYUKWplldi-OHhoCUBwQAvD_BwE" "Mozilla/5.0 (Linux; Android 10; K) AppleWebKit/537.36 (KHTML, like Gecko) Chrome/138.0.0.0 Mobile Safari/537.36"
49.14.158.31 - - [23/Sep/2025:10:40:28 +0000] "GET /assets/images/trusted.png HTTP/1.1" 200 2617 "https://gangasagar-puri-baidyanath.bhaktiroute.in/?gad_source=1&gad_campaignid=23039829741&gclid=CjwKCAjwisnGBhAXEiwA0zEORynVtC8S7uP6t6-NILVMlLzj9K9hwQ4zF3eTQ6w6GYUKWplldi-OHhoCUBwQAvD_BwE" "Mozilla/5.0 (Linux; Android 10; K) AppleWebKit/537.36 (KHTML, like Gecko) Chrome/138.0.0.0 Mobile Safari/537.36"
49.14.158.31 - - [23/Sep/2025:10:40:28 +0000] "GET /assets/images/client-img1.png HTTP/1.1" 200 15378 "https://gangasagar-puri-baidyanath.bhaktiroute.in/?gad_source=1&gad_campaignid=23039829741&gclid=CjwKCAjwisnGBhAXEiwA0zEORynVtC8S7uP6t6-NILVMlLzj9K9hwQ4zF3eTQ6w6GYUKWplldi-OHhoCUBwQAvD_BwE" "Mozilla/5.0 (Linux; Android 10; K) AppleWebKit/537.36 (KHTML, like Gecko) Chrome/138.0.0.0 Mobile Safari/537.36"
49.14.158.31 - - [23/Sep/2025:10:40:28 +0000] "GET /assets/vendors/elementskit-icon-pack/assets/fonts/elementskit.woff?y24e1e HTTP/1.1" 200 442864 "https://gangasagar-puri-baidyanath.bhaktiroute.in/assets/vendors/elementskit-icon-pack/assets/css/ekiticons.css" "Mozilla/5.0 (Linux; Android 10; K) AppleWebKit/537.36 (KHTML, like Gecko) Chrome/138.0.0.0 Mobile Safari/537.36"
49.14.158.31 - - [23/Sep/2025:10:40:28 +0000] "GET /assets/images/client-img2.png HTTP/1.1" 200 21156 "https://gangasagar-puri-baidyanath.bhaktiroute.in/?gad_source=1&gad_campaignid=23039829741&gclid=CjwKCAjwisnGBhAXEiwA0zEORynVtC8S7uP6t6-NILVMlLzj9K9hwQ4zF3eTQ6w6GYUKWplldi-OHhoCUBwQAvD_BwE" "Mozilla/5.0 (Linux; Android 10; K) AppleWebKit/537.36 (KHTML, like Gecko) Chrome/138.0.0.0 Mobile Safari/537.36"
49.14.158.31 - - [23/Sep/2025:10:40:28 +0000] "GET /assets/vendors/slick/ajax-loader.gif HTTP/1.1" 200 3337 "https://gangasagar-puri-baidyanath.bhaktiroute.in/assets/vendors/slick/slick-theme.css" "Mozilla/5.0 (Linux; Android 10; K) AppleWebKit/537.36 (KHTML, like Gecko) Chrome/138.0.0.0 Mobile Safari/537.36"
49.14.158.31 - - [23/Sep/2025:10:40:28 +0000] "GET /assets/images/banner-img2.jpg HTTP/1.1" 200 178013 "https://gangasagar-puri-baidyanath.bhaktiroute.in/?gad_source=1&gad_campaignid=23039829741&gclid=CjwKCAjwisnGBhAXEiwA0zEORynVtC8S7uP6t6-NILVMlLzj9K9hwQ4zF3eTQ6w6GYUKWplldi-OHhoCUBwQAvD_BwE" "Mozilla/5.0 (Linux; Android 10; K) AppleWebKit/537.36 (KHTML, like Gecko) Chrome/138.0.0.0 Mobile Safari/537.36"
49.14.158.31 - - [23/Sep/2025:10:40:29 +0000] "GET /assets/images/banner-img3.jpg HTTP/1.1" 200 253676 "https://gangasagar-puri-baidyanath.bhaktiroute.in/?gad_source=1&gad_campaignid=23039829741&gclid=CjwKCAjwisnGBhAXEiwA0zEORynVtC8S7uP6t6-NILVMlLzj9K9hwQ4zF3eTQ6w6GYUKWplldi-OHhoCUBwQAvD_BwE" "Mozilla/5.0 (Linux; Android 10; K) AppleWebKit/537.36 (KHTML, like Gecko) Chrome/138.0.0.0 Mobile Safari/537.36"
49.14.158.31 - - [23/Sep/2025:10:40:29 +0000] "GET /assets/images/banner-img4.jpg HTTP/1.1" 200 322522 "https://gangasagar-puri-baidyanath.bhaktiroute.in/?gad_source=1&gad_campaignid=23039829741&gclid=CjwKCAjwisnGBhAXEiwA0zEORynVtC8S7uP6t6-NILVMlLzj9K9hwQ4zF3eTQ6w6GYUKWplldi-OHhoCUBwQAvD_BwE" "Mozilla/5.0 (Linux; Android 10; K) AppleWebKit/537.36 (KHTML, like Gecko) Chrome/138.0.0.0 Mobile Safari/537.36"
49.14.158.31 - - [23/Sep/2025:10:40:29 +0000] "GET /assets/images/banner-img7.jpg HTTP/1.1" 200 239190 "https://gangasagar-puri-baidyanath.bhaktiroute.in/?gad_source=1&gad_campaignid=23039829741&gclid=CjwKCAjwisnGBhAXEiwA0zEORynVtC8S7uP6t6-NILVMlLzj9K9hwQ4zF3eTQ6w6GYUKWplldi-OHhoCUBwQAvD_BwE" "Mozilla/5.0 (Linux; Android 10; K) AppleWebKit/537.36 (KHTML, like Gecko) Chrome/138.0.0.0 Mobile Safari/537.36"
49.14.158.31 - - [23/Sep/2025:10:40:29 +0000] "GET /assets/images/banner-img5.jpg HTTP/1.1" 200 262043 "https://gangasagar-puri-baidyanath.bhaktiroute.in/?gad_source=1&gad_campaignid=23039829741&gclid=CjwKCAjwisnGBhAXEiwA0zEORynVtC8S7uP6t6-NILVMlLzj9K9hwQ4zF3eTQ6w6GYUKWplldi-OHhoCUBwQAvD_BwE" "Mozilla/5.0 (Linux; Android 10; K) AppleWebKit/537.36 (KHTML, like Gecko) Chrome/138.0.0.0 Mobile Safari/537.36"
49.14.158.31 - - [23/Sep/2025:10:40:29 +0000] "GET /assets/images/client-img3.png HTTP/1.1" 200 22736 "https://gangasagar-puri-baidyanath.bhaktiroute.in/?gad_source=1&gad_campaignid=23039829741&gclid=CjwKCAjwisnGBhAXEiwA0zEORynVtC8S7uP6t6-NILVMlLzj9K9hwQ4zF3eTQ6w6GYUKWplldi-OHhoCUBwQAvD_BwE" "Mozilla/5.0 (Linux; Android 10; K) AppleWebKit/537.36 (KHTML, like Gecko) Chrome/138.0.0.0 Mobile Safari/537.36"
49.14.158.31 - - [23/Sep/2025:10:40:29 +0000] "GET /assets/images/banner-img6.jpg HTTP/1.1" 200 278757 "https://gangasagar-puri-baidyanath.bhaktiroute.in/?gad_source=1&gad_campaignid=23039829741&gclid=CjwKCAjwisnGBhAXEiwA0zEORynVtC8S7uP6t6-NILVMlLzj9K9hwQ4zF3eTQ6w6GYUKWplldi-OHhoCUBwQAvD_BwE" "Mozilla/5.0 (Linux; Android 10; K) AppleWebKit/537.36 (KHTML, like Gecko) Chrome/138.0.0.0 Mobile Safari/537.36"
49.14.158.31 - - [23/Sep/2025:10:40:29 +0000] "GET /assets/images/client-img4.png HTTP/1.1" 200 41600 "https://gangasagar-puri-baidyanath.bhaktiroute.in/?gad_source=1&gad_campaignid=23039829741&gclid=CjwKCAjwisnGBhAXEiwA0zEORynVtC8S7uP6t6-NILVMlLzj9K9hwQ4zF3eTQ6w6GYUKWplldi-OHhoCUBwQAvD_BwE" "Mozilla/5.0 (Linux; Android 10; K) AppleWebKit/537.36 (KHTML, like Gecko) Chrome/138.0.0.0 Mobile Safari/537.36"
49.14.158.31 - - [23/Sep/2025:10:40:29 +0000] "GET /assets/images/client-img5.png HTTP/1.1" 200 29434 "https://gangasagar-puri-baidyanath.bhaktiroute.in/?gad_source=1&gad_campaignid=23039829741&gclid=CjwKCAjwisnGBhAXEiwA0zEORynVtC8S7uP6t6-NILVMlLzj9K9hwQ4zF3eTQ6w6GYUKWplldi-OHhoCUBwQAvD_BwE" "Mozilla/5.0 (Linux; Android 10; K) AppleWebKit/537.36 (KHTML, like Gecko) Chrome/138.0.0.0 Mobile Safari/537.36"
49.14.158.31 - - [23/Sep/2025:10:40:30 +0000] "GET /assets/images/client-img6.png HTTP/1.1" 200 31141 "https://gangasagar-puri-baidyanath.bhaktiroute.in/?gad_source=1&gad_campaignid=23039829741&gclid=CjwKCAjwisnGBhAXEiwA0zEORynVtC8S7uP6t6-NILVMlLzj9K9hwQ4zF3eTQ6w6GYUKWplldi-OHhoCUBwQAvD_BwE" "Mozilla/5.0 (Linux; Android 10; K) AppleWebKit/537.36 (KHTML, like Gecko) Chrome/138.0.0.0 Mobile Safari/537.36"
49.14.158.31 - - [23/Sep/2025:10:40:30 +0000] "GET /assets/images/places/gangasagar.jpg HTTP/1.1" 200 54251 "https://gangasagar-puri-baidyanath.bhaktiroute.in/?gad_source=1&gad_campaignid=23039829741&gclid=CjwKCAjwisnGBhAXEiwA0zEORynVtC8S7uP6t6-NILVMlLzj9K9hwQ4zF3eTQ6w6GYUKWplldi-OHhoCUBwQAvD_BwE" "Mozilla/5.0 (Linux; Android 10; K) AppleWebKit/537.36 (KHTML, like Gecko) Chrome/138.0.0.0 Mobile Safari/537.36"
49.14.158.31 - - [23/Sep/2025:10:40:30 +0000] "GET /assets/images/places/jagannath-puri.jpg HTTP/1.1" 200 85515 "https://gangasagar-puri-baidyanath.bhaktiroute.in/?gad_source=1&gad_campaignid=23039829741&gclid=CjwKCAjwisnGBhAXEiwA0zEORynVtC8S7uP6t6-NILVMlLzj9K9hwQ4zF3eTQ6w6GYUKWplldi-OHhoCUBwQAvD_BwE" "Mozilla/5.0 (Linux; Android 10; K) AppleWebKit/537.36 (KHTML, like Gecko) Chrome/138.0.0.0 Mobile Safari/537.36"
49.14.158.31 - - [23/Sep/2025:10:40:30 +0000] "GET /assets/images/img7.jpg HTTP/1.1" 200 364047 "https://gangasagar-puri-baidyanath.bhaktiroute.in/?gad_source=1&gad_campaignid=23039829741&gclid=CjwKCAjwisnGBhAXEiwA0zEORynVtC8S7uP6t6-NILVMlLzj9K9hwQ4zF3eTQ6w6GYUKWplldi-OHhoCUBwQAvD_BwE" "Mozilla/5.0 (Linux; Android 10; K) AppleWebKit/537.36 (KHTML, like Gecko) Chrome/138.0.0.0 Mobile Safari/537.36"
49.14.158.31 - - [23/Sep/2025:10:40:31 +0000] "GET /assets/images/places/baba-baidyanath.jpg HTTP/1.1" 200 484631 "https://gangasagar-puri-baidyanath.bhaktiroute.in/?gad_source=1&gad_campaignid=23039829741&gclid=CjwKCAjwisnGBhAXEiwA0zEORynVtC8S7uP6t6-NILVMlLzj9K9hwQ4zF3eTQ6w6GYUKWplldi-OHhoCUBwQAvD_BwE" "Mozilla/5.0 (Linux; Android 10; K) AppleWebKit/537.36 (KHTML, like Gecko) Chrome/138.0.0.0 Mobile Safari/537.36"
49.14.158.31 - - [23/Sep/2025:10:40:31 +0000] "GET /assets/images/img8.png HTTP/1.1" 200 636044 "https://gangasagar-puri-baidyanath.bhaktiroute.in/?gad_source=1&gad_campaignid=23039829741&gclid=CjwKCAjwisnGBhAXEiwA0zEORynVtC8S7uP6t6-NILVMlLzj9K9hwQ4zF3eTQ6w6GYUKWplldi-OHhoCUBwQAvD_BwE" "Mozilla/5.0 (Linux; Android 10; K) AppleWebKit/537.36 (KHTML, like Gecko) Chrome/138.0.0.0 Mobile Safari/537.36"
49.14.158.31 - - [23/Sep/2025:10:40:32 +0000] "GET /assets/images/favicon.png HTTP/1.1" 200 1551 "https://gangasagar-puri-baidyanath.bhaktiroute.in/?gad_source=1&gad_campaignid=23039829741&gclid=CjwKCAjwisnGBhAXEiwA0zEORynVtC8S7uP6t6-NILVMlLzj9K9hwQ4zF3eTQ6w6GYUKWplldi-OHhoCUBwQAvD_BwE" "Mozilla/5.0 (Linux; Android 10; K) AppleWebKit/537.36 (KHTML, like Gecko) Chrome/138.0.0.0 Mobile Safari/537.36"
49.14.158.31 - - [23/Sep/2025:10:42:23 +0000] "GET /?gad_source=1&gad_campaignid=23039829741&gclid=CjwKCAjwisnGBhAXEiwA0zEORy4vECTvfNUN_siS3nG-4dQFSNMIpj_Lu1ILnb9Vn89n-e3SApW4ChoCqKwQAvD_BwE HTTP/1.1" 200 11248 "https://www.google.com/" "Mozilla/5.0 (Linux; Android 10; K) AppleWebKit/537.36 (KHTML, like Gecko) Chrome/138.0.0.0 Mobile Safari/537.36"
49.14.158.31 - - [23/Sep/2025:10:43:39 +0000] "GET /?gad_source=1&gad_campaignid=23039829741&gclid=CjwKCAjwisnGBhAXEiwA0zEOR9okkYfuvVfDNgFDoHfTJzq33VV2qbfKkaz439YQbofUFlgXai27HhoC50IQAvD_BwE HTTP/1.1" 200 11266 "https://www.google.com/" "Mozilla/5.0 (Linux; Android 10; K) AppleWebKit/537.36 (KHTML, like Gecko) Chrome/138.0.0.0 Mobile Safari/537.36"
49.14.158.31 - - [23/Sep/2025:10:43:53 +0000] "GET /?gad_source=1&gad_campaignid=23039829741&gclid=CjwKCAjwisnGBhAXEiwA0zEOR953wcVL2u_1EnUcFWYNNj9a-v4RpI9moyI9Q5WryhbU_JCG2ctHARoC8jgQAvD_BwE HTTP/1.1" 200 11297 "https://www.google.com/" "Mozilla/5.0 (Linux; Android 10; K) AppleWebKit/537.36 (KHTML, like Gecko) Chrome/138.0.0.0 Mobile Safari/537.36"
223.233.79.78 - - [23/Sep/2025:10:46:33 +0000] "GET / HTTP/1.1" 200 11143 "-" "Mozilla/5.0 (Windows NT 10.0; Win64; x64) AppleWebKit/537.36 (KHTML, like Gecko) Chrome/140.0.0.0 Safari/537.36"
66.249.68.1 - - [23/Sep/2025:10:46:58 +0000] "GET /tour-details.php?url=TripBabaBaidyanathDeoghar HTTP/1.1" 200 11457 "-" "Mozilla/5.0 (Linux; Android 6.0.1; Nexus 5X Build/MMB29P) AppleWebKit/537.36 (KHTML, like Gecko) Chrome/139.0.7258.127 Mobile Safari/537.36 (compatible; GoogleOther)"
66.249.68.7 - - [23/Sep/2025:10:47:01 +0000] "GET /assets/vendors/slick/slick.min.js HTTP/1.1" 200 10451 "https://gangasagar-puri-baidyanath.bhaktiroute.in/tour-details.php?url=TripBabaBaidyanathDeoghar" "Mozilla/5.0 (Linux; Android 6.0.1; Nexus 5X Build/MMB29P) AppleWebKit/537.36 (KHTML, like Gecko) Chrome/139.0.7258.127 Mobile Safari/537.36 (compatible; Googlebot/2.1; +http://www.google.com/bot.html)"
66.249.68.8 - - [23/Sep/2025:10:47:02 +0000] "GET /assets/js/custom.min.js HTTP/1.1" 200 1074 "https://gangasagar-puri-baidyanath.bhaktiroute.in/tour-details.php?url=TripBabaBaidyanathDeoghar" "Mozilla/5.0 (Linux; Android 6.0.1; Nexus 5X Build/MMB29P) AppleWebKit/537.36 (KHTML, like Gecko) Chrome/139.0.7258.127 Mobile Safari/537.36 (compatible; Googlebot/2.1; +http://www.google.com/bot.html)"
66.249.68.7 - - [23/Sep/2025:10:48:53 +0000] "GET /faq.php HTTP/1.1" 200 6957 "-" "Mozilla/5.0 (Linux; Android 6.0.1; Nexus 5X Build/MMB29P) AppleWebKit/537.36 (KHTML, like Gecko) Chrome/139.0.7258.127 Mobile Safari/537.36 (compatible; GoogleOther)"
172.253.254.53 - - [23/Sep/2025:10:54:27 +0000] "GET / HTTP/1.1" 200 11143 "https://www.google.com/" "Mozilla/5.0 (Linux; Android 10; K) AppleWebKit/537.36 (KHTML, like Gecko) Chrome/140.0.0.0 Safari/537.36"
172.253.192.117 - - [23/Sep/2025:10:54:27 +0000] "GET / HTTP/1.1" 200 11143 "https://www.google.com/" "Mozilla/5.0 (iPhone; CPU iPhone OS 18_6_2 like Mac OS X) AppleWebKit/605.1.15 (KHTML, like Gecko) Version/18.6 Mobile/15E148 Safari/604.1"
172.253.254.53 - - [23/Sep/2025:10:54:28 +0000] "GET /assets/vendors/bootstrap/css/bootstrap.min.css HTTP/1.1" 200 23957 "https://gangasagar-puri-baidyanath.bhaktiroute.in/" "Mozilla/5.0 (Linux; Android 10; K) AppleWebKit/537.36 (KHTML, like Gecko) Chrome/140.0.0.0 Safari/537.36"
172.253.254.53 - - [23/Sep/2025:10:54:28 +0000] "GET /assets/vendors/jquery-ui/jquery-ui.min.css HTTP/1.1" 200 7621 "https://gangasagar-puri-baidyanath.bhaktiroute.in/" "Mozilla/5.0 (Linux; Android 10; K) AppleWebKit/537.36 (KHTML, like Gecko) Chrome/140.0.0.0 Safari/537.36"
172.253.192.117 - - [23/Sep/2025:10:54:28 +0000] "GET /assets/vendors/bootstrap/css/bootstrap.min.css HTTP/1.1" 200 23957 "https://gangasagar-puri-baidyanath.bhaktiroute.in/" "Mozilla/5.0 (iPhone; CPU iPhone OS 18_6_2 like Mac OS X) AppleWebKit/605.1.15 (KHTML, like Gecko) Version/18.6 Mobile/15E148 Safari/604.1"
172.253.254.54 - - [23/Sep/2025:10:54:28 +0000] "GET /assets/vendors/fancybox/dist/jquery.fancybox.min.css HTTP/1.1" 200 3108 "https://gangasagar-puri-baidyanath.bhaktiroute.in/" "Mozilla/5.0 (Linux; Android 10; K) AppleWebKit/537.36 (KHTML, like Gecko) Chrome/140.0.0.0 Safari/537.36"
172.253.254.53 - - [23/Sep/2025:10:54:28 +0000] "GET /assets/vendors/elementskit-icon-pack/assets/css/ekiticons.css HTTP/1.1" 200 12672 "https://gangasagar-puri-baidyanath.bhaktiroute.in/" "Mozilla/5.0 (Linux; Android 10; K) AppleWebKit/537.36 (KHTML, like Gecko) Chrome/140.0.0.0 Safari/537.36"
172.253.254.59 - - [23/Sep/2025:10:54:28 +0000] "GET /assets/vendors/slick/slick.css HTTP/1.1" 200 589 "https://gangasagar-puri-baidyanath.bhaktiroute.in/" "Mozilla/5.0 (Linux; Android 10; K) AppleWebKit/537.36 (KHTML, like Gecko) Chrome/140.0.0.0 Safari/537.36"
172.253.254.55 - - [23/Sep/2025:10:54:28 +0000] "GET /assets/vendors/fontawesome/css/all.min.css HTTP/1.1" 200 12425 "https://gangasagar-puri-baidyanath.bhaktiroute.in/" "Mozilla/5.0 (Linux; Android 10; K) AppleWebKit/537.36 (KHTML, like Gecko) Chrome/140.0.0.0 Safari/537.36"
172.253.254.60 - - [23/Sep/2025:10:54:28 +0000] "GET /assets/vendors/slick/slick-theme.css HTTP/1.1" 200 890 "https://gangasagar-puri-baidyanath.bhaktiroute.in/" "Mozilla/5.0 (Linux; Android 10; K) AppleWebKit/537.36 (KHTML, like Gecko) Chrome/140.0.0.0 Safari/537.36"
172.253.254.54 - - [23/Sep/2025:10:54:28 +0000] "GET /style.css HTTP/1.1" 200 20557 "https://gangasagar-puri-baidyanath.bhaktiroute.in/" "Mozilla/5.0 (Linux; Android 10; K) AppleWebKit/537.36 (KHTML, like Gecko) Chrome/140.0.0.0 Safari/537.36"
172.253.192.117 - - [23/Sep/2025:10:54:28 +0000] "GET /assets/vendors/jquery-ui/jquery-ui.min.css HTTP/1.1" 200 7621 "https://gangasagar-puri-baidyanath.bhaktiroute.in/" "Mozilla/5.0 (iPhone; CPU iPhone OS 18_6_2 like Mac OS X) AppleWebKit/605.1.15 (KHTML, like Gecko) Version/18.6 Mobile/15E148 Safari/604.1"
172.253.254.59 - - [23/Sep/2025:10:54:28 +0000] "GET /assets/images/whatsapp.png HTTP/1.1" 200 1946 "https://gangasagar-puri-baidyanath.bhaktiroute.in/" "Mozilla/5.0 (Linux; Android 10; K) AppleWebKit/537.36 (KHTML, like Gecko) Chrome/140.0.0.0 Safari/537.36"
172.253.192.63 - - [23/Sep/2025:10:54:29 +0000] "GET /assets/vendors/fancybox/dist/jquery.fancybox.min.css HTTP/1.1" 200 3108 "https://gangasagar-puri-baidyanath.bhaktiroute.in/" "Mozilla/5.0 (iPhone; CPU iPhone OS 18_6_2 like Mac OS X) AppleWebKit/605.1.15 (KHTML, like Gecko) Version/18.6 Mobile/15E148 Safari/604.1"
172.253.192.116 - - [23/Sep/2025:10:54:29 +0000] "GET /assets/vendors/fontawesome/css/all.min.css HTTP/1.1" 200 12425 "https://gangasagar-puri-baidyanath.bhaktiroute.in/" "Mozilla/5.0 (iPhone; CPU iPhone OS 18_6_2 like Mac OS X) AppleWebKit/605.1.15 (KHTML, like Gecko) Version/18.6 Mobile/15E148 Safari/604.1"
172.253.192.250 - - [23/Sep/2025:10:54:29 +0000] "GET /assets/vendors/elementskit-icon-pack/assets/css/ekiticons.css HTTP/1.1" 200 12672 "https://gangasagar-puri-baidyanath.bhaktiroute.in/" "Mozilla/5.0 (iPhone; CPU iPhone OS 18_6_2 like Mac OS X) AppleWebKit/605.1.15 (KHTML, like Gecko) Version/18.6 Mobile/15E148 Safari/604.1"
172.253.192.58 - - [23/Sep/2025:10:54:29 +0000] "GET /assets/vendors/slick/slick.css HTTP/1.1" 200 589 "https://gangasagar-puri-baidyanath.bhaktiroute.in/" "Mozilla/5.0 (iPhone; CPU iPhone OS 18_6_2 like Mac OS X) AppleWebKit/605.1.15 (KHTML, like Gecko) Version/18.6 Mobile/15E148 Safari/604.1"
172.253.192.117 - - [23/Sep/2025:10:54:29 +0000] "GET /assets/vendors/slick/slick-theme.css HTTP/1.1" 200 890 "https://gangasagar-puri-baidyanath.bhaktiroute.in/" "Mozilla/5.0 (iPhone; CPU iPhone OS 18_6_2 like Mac OS X) AppleWebKit/605.1.15 (KHTML, like Gecko) Version/18.6 Mobile/15E148 Safari/604.1"
172.253.192.247 - - [23/Sep/2025:10:54:29 +0000] "GET /style.css HTTP/1.1" 200 20557 "https://gangasagar-puri-baidyanath.bhaktiroute.in/" "Mozilla/5.0 (iPhone; CPU iPhone OS 18_6_2 like Mac OS X) AppleWebKit/605.1.15 (KHTML, like Gecko) Version/18.6 Mobile/15E148 Safari/604.1"
172.253.254.59 - - [23/Sep/2025:10:54:29 +0000] "GET /assets/vendors/jquery/jquery.js HTTP/1.1" 200 30960 "https://gangasagar-puri-baidyanath.bhaktiroute.in/" "Mozilla/5.0 (Linux; Android 10; K) AppleWebKit/537.36 (KHTML, like Gecko) Chrome/140.0.0.0 Safari/537.36"
172.253.254.53 - - [23/Sep/2025:10:54:29 +0000] "GET /assets/vendors/bootstrap/js/bootstrap.min.js HTTP/1.1" 200 16358 "https://gangasagar-puri-baidyanath.bhaktiroute.in/" "Mozilla/5.0 (Linux; Android 10; K) AppleWebKit/537.36 (KHTML, like Gecko) Chrome/140.0.0.0 Safari/537.36"
172.253.254.55 - - [23/Sep/2025:10:54:29 +0000] "GET /assets/vendors/jquery-ui/jquery-ui.min.js HTTP/1.1" 200 67821 "https://gangasagar-puri-baidyanath.bhaktiroute.in/" "Mozilla/5.0 (Linux; Android 10; K) AppleWebKit/537.36 (KHTML, like Gecko) Chrome/140.0.0.0 Safari/537.36"
172.253.254.60 - - [23/Sep/2025:10:54:29 +0000] "GET /assets/vendors/countdown-date-loop-counter/loopcounter.js HTTP/1.1" 200 617 "https://gangasagar-puri-baidyanath.bhaktiroute.in/" "Mozilla/5.0 (Linux; Android 10; K) AppleWebKit/537.36 (KHTML, like Gecko) Chrome/140.0.0.0 Safari/537.36"
172.253.254.54 - - [23/Sep/2025:10:54:29 +0000] "GET /assets/vendors/waypoint/waypoints.js HTTP/1.1" 200 3694 "https://gangasagar-puri-baidyanath.bhaktiroute.in/" "Mozilla/5.0 (Linux; Android 10; K) AppleWebKit/537.36 (KHTML, like Gecko) Chrome/140.0.0.0 Safari/537.36"
172.253.192.116 - - [23/Sep/2025:10:54:29 +0000] "GET /assets/images/whatsapp.png HTTP/1.1" 200 1946 "https://gangasagar-puri-baidyanath.bhaktiroute.in/" "Mozilla/5.0 (iPhone; CPU iPhone OS 18_6_2 like Mac OS X) AppleWebKit/605.1.15 (KHTML, like Gecko) Version/18.6 Mobile/15E148 Safari/604.1"
172.253.254.54 - - [23/Sep/2025:10:54:29 +0000] "GET /assets/images/site-logo.png HTTP/1.1" 200 114858 "https://gangasagar-puri-baidyanath.bhaktiroute.in/" "Mozilla/5.0 (Linux; Android 10; K) AppleWebKit/537.36 (KHTML, like Gecko) Chrome/140.0.0.0 Safari/537.36"
172.253.254.53 - - [23/Sep/2025:10:54:29 +0000] "GET /assets/vendors/counterup/jquery.counterup.min.js HTTP/1.1" 200 589 "https://gangasagar-puri-baidyanath.bhaktiroute.in/" "Mozilla/5.0 (Linux; Android 10; K) AppleWebKit/537.36 (KHTML, like Gecko) Chrome/140.0.0.0 Safari/537.36"
172.253.254.60 - - [23/Sep/2025:10:54:29 +0000] "GET /assets/vendors/masonry/masonry.pkgd.min.js HTTP/1.1" 200 7367 "https://gangasagar-puri-baidyanath.bhaktiroute.in/" "Mozilla/5.0 (Linux; Android 10; K) AppleWebKit/537.36 (KHTML, like Gecko) Chrome/140.0.0.0 Safari/537.36"
172.253.254.54 - - [23/Sep/2025:10:54:29 +0000] "GET /assets/vendors/slick/slick.js HTTP/1.1" 200 15214 "https://gangasagar-puri-baidyanath.bhaktiroute.in/" "Mozilla/5.0 (Linux; Android 10; K) AppleWebKit/537.36 (KHTML, like Gecko) Chrome/140.0.0.0 Safari/537.36"
172.253.192.117 - - [23/Sep/2025:10:54:29 +0000] "GET /assets/images/site-logo.png HTTP/1.1" 200 114858 "https://gangasagar-puri-baidyanath.bhaktiroute.in/" "Mozilla/5.0 (iPhone; CPU iPhone OS 18_6_2 like Mac OS X) AppleWebKit/605.1.15 (KHTML, like Gecko) Version/18.6 Mobile/15E148 Safari/604.1"
172.253.192.116 - - [23/Sep/2025:10:54:29 +0000] "GET /assets/vendors/jquery/jquery.js HTTP/1.1" 200 30960 "https://gangasagar-puri-baidyanath.bhaktiroute.in/" "Mozilla/5.0 (iPhone; CPU iPhone OS 18_6_2 like Mac OS X) AppleWebKit/605.1.15 (KHTML, like Gecko) Version/18.6 Mobile/15E148 Safari/604.1"
172.253.254.59 - - [23/Sep/2025:10:54:29 +0000] "GET /assets/vendors/fancybox/dist/jquery.fancybox.min.js HTTP/1.1" 200 22031 "https://gangasagar-puri-baidyanath.bhaktiroute.in/" "Mozilla/5.0 (Linux; Android 10; K) AppleWebKit/537.36 (KHTML, like Gecko) Chrome/140.0.0.0 Safari/537.36"
172.253.254.53 - - [23/Sep/2025:10:54:29 +0000] "GET /assets/vendors/slick-nav/jquery.slicknav.js HTTP/1.1" 200 4605 "https://gangasagar-puri-baidyanath.bhaktiroute.in/" "Mozilla/5.0 (Linux; Android 10; K) AppleWebKit/537.36 (KHTML, like Gecko) Chrome/140.0.0.0 Safari/537.36"
172.253.192.63 - - [23/Sep/2025:10:54:29 +0000] "GET /assets/vendors/countdown-date-loop-counter/loopcounter.js HTTP/1.1" 200 617 "https://gangasagar-puri-baidyanath.bhaktiroute.in/" "Mozilla/5.0 (iPhone; CPU iPhone OS 18_6_2 like Mac OS X) AppleWebKit/605.1.15 (KHTML, like Gecko) Version/18.6 Mobile/15E148 Safari/604.1"
172.253.192.250 - - [23/Sep/2025:10:54:29 +0000] "GET /assets/vendors/bootstrap/js/bootstrap.min.js HTTP/1.1" 200 16358 "https://gangasagar-puri-baidyanath.bhaktiroute.in/" "Mozilla/5.0 (iPhone; CPU iPhone OS 18_6_2 like Mac OS X) AppleWebKit/605.1.15 (KHTML, like Gecko) Version/18.6 Mobile/15E148 Safari/604.1"
172.253.192.58 - - [23/Sep/2025:10:54:29 +0000] "GET /assets/vendors/jquery-ui/jquery-ui.min.js HTTP/1.1" 200 67821 "https://gangasagar-puri-baidyanath.bhaktiroute.in/" "Mozilla/5.0 (iPhone; CPU iPhone OS 18_6_2 like Mac OS X) AppleWebKit/605.1.15 (KHTML, like Gecko) Version/18.6 Mobile/15E148 Safari/604.1"
172.253.192.247 - - [23/Sep/2025:10:54:29 +0000] "GET /assets/vendors/waypoint/waypoints.js HTTP/1.1" 200 3694 "https://gangasagar-puri-baidyanath.bhaktiroute.in/" "Mozilla/5.0 (iPhone; CPU iPhone OS 18_6_2 like Mac OS X) AppleWebKit/605.1.15 (KHTML, like Gecko) Version/18.6 Mobile/15E148 Safari/604.1"
172.253.254.55 - - [23/Sep/2025:10:54:29 +0000] "GET /assets/js/custom.js HTTP/1.1" 200 1475 "https://gangasagar-puri-baidyanath.bhaktiroute.in/" "Mozilla/5.0 (Linux; Android 10; K) AppleWebKit/537.36 (KHTML, like Gecko) Chrome/140.0.0.0 Safari/537.36"
172.253.254.60 - - [23/Sep/2025:10:54:29 +0000] "GET /assets/images/savetime.png HTTP/1.1" 200 2451 "https://gangasagar-puri-baidyanath.bhaktiroute.in/" "Mozilla/5.0 (Linux; Android 10; K) AppleWebKit/537.36 (KHTML, like Gecko) Chrome/140.0.0.0 Safari/537.36"
172.253.254.54 - - [23/Sep/2025:10:54:29 +0000] "GET /assets/images/multiple.png HTTP/1.1" 200 2118 "https://gangasagar-puri-baidyanath.bhaktiroute.in/" "Mozilla/5.0 (Linux; Android 10; K) AppleWebKit/537.36 (KHTML, like Gecko) Chrome/140.0.0.0 Safari/537.36"
172.253.254.54 - - [23/Sep/2025:10:54:29 +0000] "GET /assets/images/money.png HTTP/1.1" 200 2411 "https://gangasagar-puri-baidyanath.bhaktiroute.in/" "Mozilla/5.0 (Linux; Android 10; K) AppleWebKit/537.36 (KHTML, like Gecko) Chrome/140.0.0.0 Safari/537.36"
172.253.254.59 - - [23/Sep/2025:10:54:29 +0000] "GET /assets/images/trusted.png HTTP/1.1" 200 2617 "https://gangasagar-puri-baidyanath.bhaktiroute.in/" "Mozilla/5.0 (Linux; Android 10; K) AppleWebKit/537.36 (KHTML, like Gecko) Chrome/140.0.0.0 Safari/537.36"
172.253.254.53 - - [23/Sep/2025:10:54:29 +0000] "GET /assets/images/client-img1.png HTTP/1.1" 200 15378 "https://gangasagar-puri-baidyanath.bhaktiroute.in/" "Mozilla/5.0 (Linux; Android 10; K) AppleWebKit/537.36 (KHTML, like Gecko) Chrome/140.0.0.0 Safari/537.36"
172.253.254.55 - - [23/Sep/2025:10:54:29 +0000] "GET /assets/images/client-img2.png HTTP/1.1" 200 21156 "https://gangasagar-puri-baidyanath.bhaktiroute.in/" "Mozilla/5.0 (Linux; Android 10; K) AppleWebKit/537.36 (KHTML, like Gecko) Chrome/140.0.0.0 Safari/537.36"
172.253.254.60 - - [23/Sep/2025:10:54:29 +0000] "GET /assets/images/client-img3.png HTTP/1.1" 200 22736 "https://gangasagar-puri-baidyanath.bhaktiroute.in/" "Mozilla/5.0 (Linux; Android 10; K) AppleWebKit/537.36 (KHTML, like Gecko) Chrome/140.0.0.0 Safari/537.36"
172.253.192.63 - - [23/Sep/2025:10:54:29 +0000] "GET /assets/vendors/counterup/jquery.counterup.min.js HTTP/1.1" 200 589 "https://gangasagar-puri-baidyanath.bhaktiroute.in/" "Mozilla/5.0 (iPhone; CPU iPhone OS 18_6_2 like Mac OS X) AppleWebKit/605.1.15 (KHTML, like Gecko) Version/18.6 Mobile/15E148 Safari/604.1"
172.253.192.250 - - [23/Sep/2025:10:54:29 +0000] "GET /assets/vendors/masonry/masonry.pkgd.min.js HTTP/1.1" 200 7367 "https://gangasagar-puri-baidyanath.bhaktiroute.in/" "Mozilla/5.0 (iPhone; CPU iPhone OS 18_6_2 like Mac OS X) AppleWebKit/605.1.15 (KHTML, like Gecko) Version/18.6 Mobile/15E148 Safari/604.1"
172.253.192.247 - - [23/Sep/2025:10:54:29 +0000] "GET /assets/vendors/slick/slick.js HTTP/1.1" 200 15214 "https://gangasagar-puri-baidyanath.bhaktiroute.in/" "Mozilla/5.0 (iPhone; CPU iPhone OS 18_6_2 like Mac OS X) AppleWebKit/605.1.15 (KHTML, like Gecko) Version/18.6 Mobile/15E148 Safari/604.1"
172.253.254.54 - - [23/Sep/2025:10:54:30 +0000] "GET /assets/images/client-img5.png HTTP/1.1" 200 29434 "https://gangasagar-puri-baidyanath.bhaktiroute.in/" "Mozilla/5.0 (Linux; Android 10; K) AppleWebKit/537.36 (KHTML, like Gecko) Chrome/140.0.0.0 Safari/537.36"
172.253.254.59 - - [23/Sep/2025:10:54:30 +0000] "GET /assets/images/client-img6.png HTTP/1.1" 200 31141 "https://gangasagar-puri-baidyanath.bhaktiroute.in/" "Mozilla/5.0 (Linux; Android 10; K) AppleWebKit/537.36 (KHTML, like Gecko) Chrome/140.0.0.0 Safari/537.36"
172.253.254.54 - - [23/Sep/2025:10:54:30 +0000] "GET /assets/images/client-img4.png HTTP/1.1" 200 41600 "https://gangasagar-puri-baidyanath.bhaktiroute.in/" "Mozilla/5.0 (Linux; Android 10; K) AppleWebKit/537.36 (KHTML, like Gecko) Chrome/140.0.0.0 Safari/537.36"
172.253.192.117 - - [23/Sep/2025:10:54:30 +0000] "GET /assets/vendors/fancybox/dist/jquery.fancybox.min.js HTTP/1.1" 200 22031 "https://gangasagar-puri-baidyanath.bhaktiroute.in/" "Mozilla/5.0 (iPhone; CPU iPhone OS 18_6_2 like Mac OS X) AppleWebKit/605.1.15 (KHTML, like Gecko) Version/18.6 Mobile/15E148 Safari/604.1"
172.253.192.116 - - [23/Sep/2025:10:54:30 +0000] "GET /assets/vendors/slick-nav/jquery.slicknav.js HTTP/1.1" 200 4605 "https://gangasagar-puri-baidyanath.bhaktiroute.in/" "Mozilla/5.0 (iPhone; CPU iPhone OS 18_6_2 like Mac OS X) AppleWebKit/605.1.15 (KHTML, like Gecko) Version/18.6 Mobile/15E148 Safari/604.1"
172.253.192.63 - - [23/Sep/2025:10:54:30 +0000] "GET /assets/js/custom.js HTTP/1.1" 200 1475 "https://gangasagar-puri-baidyanath.bhaktiroute.in/" "Mozilla/5.0 (iPhone; CPU iPhone OS 18_6_2 like Mac OS X) AppleWebKit/605.1.15 (KHTML, like Gecko) Version/18.6 Mobile/15E148 Safari/604.1"
172.253.192.250 - - [23/Sep/2025:10:54:30 +0000] "GET /assets/images/savetime.png HTTP/1.1" 200 2451 "https://gangasagar-puri-baidyanath.bhaktiroute.in/" "Mozilla/5.0 (iPhone; CPU iPhone OS 18_6_2 like Mac OS X) AppleWebKit/605.1.15 (KHTML, like Gecko) Version/18.6 Mobile/15E148 Safari/604.1"
172.253.192.247 - - [23/Sep/2025:10:54:30 +0000] "GET /assets/images/multiple.png HTTP/1.1" 200 2118 "https://gangasagar-puri-baidyanath.bhaktiroute.in/" "Mozilla/5.0 (iPhone; CPU iPhone OS 18_6_2 like Mac OS X) AppleWebKit/605.1.15 (KHTML, like Gecko) Version/18.6 Mobile/15E148 Safari/604.1"
172.253.192.117 - - [23/Sep/2025:10:54:30 +0000] "GET /assets/images/money.png HTTP/1.1" 200 2411 "https://gangasagar-puri-baidyanath.bhaktiroute.in/" "Mozilla/5.0 (iPhone; CPU iPhone OS 18_6_2 like Mac OS X) AppleWebKit/605.1.15 (KHTML, like Gecko) Version/18.6 Mobile/15E148 Safari/604.1"
172.253.192.116 - - [23/Sep/2025:10:54:30 +0000] "GET /assets/images/trusted.png HTTP/1.1" 200 2617 "https://gangasagar-puri-baidyanath.bhaktiroute.in/" "Mozilla/5.0 (iPhone; CPU iPhone OS 18_6_2 like Mac OS X) AppleWebKit/605.1.15 (KHTML, like Gecko) Version/18.6 Mobile/15E148 Safari/604.1"
172.253.192.63 - - [23/Sep/2025:10:54:30 +0000] "GET /assets/images/client-img1.png HTTP/1.1" 200 15378 "https://gangasagar-puri-baidyanath.bhaktiroute.in/" "Mozilla/5.0 (iPhone; CPU iPhone OS 18_6_2 like Mac OS X) AppleWebKit/605.1.15 (KHTML, like Gecko) Version/18.6 Mobile/15E148 Safari/604.1"
172.253.192.250 - - [23/Sep/2025:10:54:30 +0000] "GET /assets/images/client-img2.png HTTP/1.1" 200 21156 "https://gangasagar-puri-baidyanath.bhaktiroute.in/" "Mozilla/5.0 (iPhone; CPU iPhone OS 18_6_2 like Mac OS X) AppleWebKit/605.1.15 (KHTML, like Gecko) Version/18.6 Mobile/15E148 Safari/604.1"
172.253.192.58 - - [23/Sep/2025:10:54:30 +0000] "GET /assets/images/client-img3.png HTTP/1.1" 200 22736 "https://gangasagar-puri-baidyanath.bhaktiroute.in/" "Mozilla/5.0 (iPhone; CPU iPhone OS 18_6_2 like Mac OS X) AppleWebKit/605.1.15 (KHTML, like Gecko) Version/18.6 Mobile/15E148 Safari/604.1"
172.253.192.117 - - [23/Sep/2025:10:54:30 +0000] "GET /assets/images/client-img5.png HTTP/1.1" 200 29434 "https://gangasagar-puri-baidyanath.bhaktiroute.in/" "Mozilla/5.0 (iPhone; CPU iPhone OS 18_6_2 like Mac OS X) AppleWebKit/605.1.15 (KHTML, like Gecko) Version/18.6 Mobile/15E148 Safari/604.1"
172.253.192.116 - - [23/Sep/2025:10:54:30 +0000] "GET /assets/images/client-img6.png HTTP/1.1" 200 31141 "https://gangasagar-puri-baidyanath.bhaktiroute.in/" "Mozilla/5.0 (iPhone; CPU iPhone OS 18_6_2 like Mac OS X) AppleWebKit/605.1.15 (KHTML, like Gecko) Version/18.6 Mobile/15E148 Safari/604.1"
172.253.192.247 - - [23/Sep/2025:10:54:30 +0000] "GET /assets/images/client-img4.png HTTP/1.1" 200 41600 "https://gangasagar-puri-baidyanath.bhaktiroute.in/" "Mozilla/5.0 (iPhone; CPU iPhone OS 18_6_2 like Mac OS X) AppleWebKit/605.1.15 (KHTML, like Gecko) Version/18.6 Mobile/15E148 Safari/604.1"
172.253.254.53 - - [23/Sep/2025:10:54:30 +0000] "GET /assets/images/img8.png HTTP/1.1" 200 636036 "https://gangasagar-puri-baidyanath.bhaktiroute.in/" "Mozilla/5.0 (Linux; Android 10; K) AppleWebKit/537.36 (KHTML, like Gecko) Chrome/140.0.0.0 Safari/537.36"
172.253.254.53 - - [23/Sep/2025:10:54:31 +0000] "GET /assets/images/banner-img1.jpg HTTP/1.1" 200 318250 "https://gangasagar-puri-baidyanath.bhaktiroute.in/" "Mozilla/5.0 (Linux; Android 10; K) AppleWebKit/537.36 (KHTML, like Gecko) Chrome/140.0.0.0 Safari/537.36"
172.253.254.54 - - [23/Sep/2025:10:54:31 +0000] "GET /assets/images/banner-img2.jpg HTTP/1.1" 200 178013 "https://gangasagar-puri-baidyanath.bhaktiroute.in/" "Mozilla/5.0 (Linux; Android 10; K) AppleWebKit/537.36 (KHTML, like Gecko) Chrome/140.0.0.0 Safari/537.36"
172.253.192.58 - - [23/Sep/2025:10:54:31 +0000] "GET /assets/images/img8.png HTTP/1.1" 200 636036 "https://gangasagar-puri-baidyanath.bhaktiroute.in/" "Mozilla/5.0 (iPhone; CPU iPhone OS 18_6_2 like Mac OS X) AppleWebKit/605.1.15 (KHTML, like Gecko) Version/18.6 Mobile/15E148 Safari/604.1"
172.253.254.53 - - [23/Sep/2025:10:54:31 +0000] "GET /assets/vendors/elementskit-icon-pack/assets/fonts/elementskit.woff?y24e1e HTTP/1.1" 200 442864 "https://gangasagar-puri-baidyanath.bhaktiroute.in/assets/vendors/elementskit-icon-pack/assets/css/ekiticons.css" "Mozilla/5.0 (Linux; Android 10; K) AppleWebKit/537.36 (KHTML, like Gecko) Chrome/140.0.0.0 Safari/537.36"
172.253.254.53 - - [23/Sep/2025:10:54:32 +0000] "GET /assets/vendors/fontawesome/webfonts/fa-brands-400.woff2 HTTP/1.1" 200 75936 "https://gangasagar-puri-baidyanath.bhaktiroute.in/assets/vendors/fontawesome/css/all.min.css" "Mozilla/5.0 (Linux; Android 10; K) AppleWebKit/537.36 (KHTML, like Gecko) Chrome/140.0.0.0 Safari/537.36"
172.253.254.54 - - [23/Sep/2025:10:54:32 +0000] "GET /assets/images/banner-img5.jpg HTTP/1.1" 200 262043 "https://gangasagar-puri-baidyanath.bhaktiroute.in/" "Mozilla/5.0 (Linux; Android 10; K) AppleWebKit/537.36 (KHTML, like Gecko) Chrome/140.0.0.0 Safari/537.36"
172.253.254.53 - - [23/Sep/2025:10:54:32 +0000] "GET /assets/vendors/fontawesome/webfonts/fa-solid-900.woff2 HTTP/1.1" 200 76084 "https://gangasagar-puri-baidyanath.bhaktiroute.in/assets/vendors/fontawesome/css/all.min.css" "Mozilla/5.0 (Linux; Android 10; K) AppleWebKit/537.36 (KHTML, like Gecko) Chrome/140.0.0.0 Safari/537.36"
172.253.192.58 - - [23/Sep/2025:10:54:32 +0000] "GET /assets/images/banner-img1.jpg HTTP/1.1" 200 318250 "https://gangasagar-puri-baidyanath.bhaktiroute.in/" "Mozilla/5.0 (iPhone; CPU iPhone OS 18_6_2 like Mac OS X) AppleWebKit/605.1.15 (KHTML, like Gecko) Version/18.6 Mobile/15E148 Safari/604.1"
172.253.192.247 - - [23/Sep/2025:10:54:32 +0000] "GET /assets/images/banner-img2.jpg HTTP/1.1" 200 178013 "https://gangasagar-puri-baidyanath.bhaktiroute.in/" "Mozilla/5.0 (iPhone; CPU iPhone OS 18_6_2 like Mac OS X) AppleWebKit/605.1.15 (KHTML, like Gecko) Version/18.6 Mobile/15E148 Safari/604.1"
172.253.254.59 - - [23/Sep/2025:10:54:32 +0000] "GET /assets/images/banner-img4.jpg HTTP/1.1" 200 322522 "https://gangasagar-puri-baidyanath.bhaktiroute.in/" "Mozilla/5.0 (Linux; Android 10; K) AppleWebKit/537.36 (KHTML, like Gecko) Chrome/140.0.0.0 Safari/537.36"
172.253.254.60 - - [23/Sep/2025:10:54:32 +0000] "GET /assets/images/banner-img3.jpg HTTP/1.1" 200 253676 "https://gangasagar-puri-baidyanath.bhaktiroute.in/" "Mozilla/5.0 (Linux; Android 10; K) AppleWebKit/537.36 (KHTML, like Gecko) Chrome/140.0.0.0 Safari/537.36"
172.253.254.55 - - [23/Sep/2025:10:54:32 +0000] "GET /assets/images/banner-img6.jpg HTTP/1.1" 200 278757 "https://gangasagar-puri-baidyanath.bhaktiroute.in/" "Mozilla/5.0 (Linux; Android 10; K) AppleWebKit/537.36 (KHTML, like Gecko) Chrome/140.0.0.0 Safari/537.36"
172.253.254.54 - - [23/Sep/2025:10:54:32 +0000] "GET /assets/vendors/slick/ajax-loader.gif HTTP/1.1" 200 3337 "https://gangasagar-puri-baidyanath.bhaktiroute.in/assets/vendors/slick/slick-theme.css" "Mozilla/5.0 (Linux; Android 10; K) AppleWebKit/537.36 (KHTML, like Gecko) Chrome/140.0.0.0 Safari/537.36"
172.253.254.53 - - [23/Sep/2025:10:54:32 +0000] "GET /assets/images/banner-img7.jpg HTTP/1.1" 200 239190 "https://gangasagar-puri-baidyanath.bhaktiroute.in/" "Mozilla/5.0 (Linux; Android 10; K) AppleWebKit/537.36 (KHTML, like Gecko) Chrome/140.0.0.0 Safari/537.36"
172.253.254.54 - - [23/Sep/2025:10:54:32 +0000] "GET /assets/images/places/gangasagar.jpg HTTP/1.1" 200 54251 "https://gangasagar-puri-baidyanath.bhaktiroute.in/" "Mozilla/5.0 (Linux; Android 10; K) AppleWebKit/537.36 (KHTML, like Gecko) Chrome/140.0.0.0 Safari/537.36"
172.253.192.58 - - [23/Sep/2025:10:54:32 +0000] "GET /assets/vendors/elementskit-icon-pack/assets/fonts/elementskit.woff?y24e1e HTTP/1.1" 200 442864 "https://gangasagar-puri-baidyanath.bhaktiroute.in/assets/vendors/elementskit-icon-pack/assets/css/ekiticons.css" "Mozilla/5.0 (iPhone; CPU iPhone OS 18_6_2 like Mac OS X) AppleWebKit/605.1.15 (KHTML, like Gecko) Version/18.6 Mobile/15E148 Safari/604.1"
172.253.254.60 - - [23/Sep/2025:10:54:32 +0000] "GET /assets/images/places/jagannath-puri.jpg HTTP/1.1" 200 85515 "https://gangasagar-puri-baidyanath.bhaktiroute.in/" "Mozilla/5.0 (Linux; Android 10; K) AppleWebKit/537.36 (KHTML, like Gecko) Chrome/140.0.0.0 Safari/537.36"
172.253.254.59 - - [23/Sep/2025:10:54:33 +0000] "GET /assets/images/places/baba-baidyanath.jpg HTTP/1.1" 200 484631 "https://gangasagar-puri-baidyanath.bhaktiroute.in/" "Mozilla/5.0 (Linux; Android 10; K) AppleWebKit/537.36 (KHTML, like Gecko) Chrome/140.0.0.0 Safari/537.36"
172.253.254.55 - - [23/Sep/2025:10:54:33 +0000] "GET /assets/images/img7.jpg HTTP/1.1" 200 364047 "https://gangasagar-puri-baidyanath.bhaktiroute.in/" "Mozilla/5.0 (Linux; Android 10; K) AppleWebKit/537.36 (KHTML, like Gecko) Chrome/140.0.0.0 Safari/537.36"
172.253.192.58 - - [23/Sep/2025:10:54:33 +0000] "GET /assets/vendors/fontawesome/webfonts/fa-brands-400.woff2 HTTP/1.1" 200 75936 "https://gangasagar-puri-baidyanath.bhaktiroute.in/assets/vendors/fontawesome/css/all.min.css" "Mozilla/5.0 (iPhone; CPU iPhone OS 18_6_2 like Mac OS X) AppleWebKit/605.1.15 (KHTML, like Gecko) Version/18.6 Mobile/15E148 Safari/604.1"
172.253.192.117 - - [23/Sep/2025:10:54:33 +0000] "GET /assets/images/banner-img5.jpg HTTP/1.1" 200 262043 "https://gangasagar-puri-baidyanath.bhaktiroute.in/" "Mozilla/5.0 (iPhone; CPU iPhone OS 18_6_2 like Mac OS X) AppleWebKit/605.1.15 (KHTML, like Gecko) Version/18.6 Mobile/15E148 Safari/604.1"
172.253.192.58 - - [23/Sep/2025:10:54:33 +0000] "GET /assets/vendors/fontawesome/webfonts/fa-solid-900.woff2 HTTP/1.1" 200 76084 "https://gangasagar-puri-baidyanath.bhaktiroute.in/assets/vendors/fontawesome/css/all.min.css" "Mozilla/5.0 (iPhone; CPU iPhone OS 18_6_2 like Mac OS X) AppleWebKit/605.1.15 (KHTML, like Gecko) Version/18.6 Mobile/15E148 Safari/604.1"
172.253.192.63 - - [23/Sep/2025:10:54:33 +0000] "GET /assets/images/banner-img4.jpg HTTP/1.1" 200 322522 "https://gangasagar-puri-baidyanath.bhaktiroute.in/" "Mozilla/5.0 (iPhone; CPU iPhone OS 18_6_2 like Mac OS X) AppleWebKit/605.1.15 (KHTML, like Gecko) Version/18.6 Mobile/15E148 Safari/604.1"
172.253.192.117 - - [23/Sep/2025:10:54:33 +0000] "GET /assets/images/banner-img7.jpg HTTP/1.1" 200 239190 "https://gangasagar-puri-baidyanath.bhaktiroute.in/" "Mozilla/5.0 (iPhone; CPU iPhone OS 18_6_2 like Mac OS X) AppleWebKit/605.1.15 (KHTML, like Gecko) Version/18.6 Mobile/15E148 Safari/604.1"
172.253.192.116 - - [23/Sep/2025:10:54:33 +0000] "GET /assets/images/banner-img3.jpg HTTP/1.1" 200 253676 "https://gangasagar-puri-baidyanath.bhaktiroute.in/" "Mozilla/5.0 (iPhone; CPU iPhone OS 18_6_2 like Mac OS X) AppleWebKit/605.1.15 (KHTML, like Gecko) Version/18.6 Mobile/15E148 Safari/604.1"
172.253.192.250 - - [23/Sep/2025:10:54:33 +0000] "GET /assets/images/banner-img6.jpg HTTP/1.1" 200 278757 "https://gangasagar-puri-baidyanath.bhaktiroute.in/" "Mozilla/5.0 (iPhone; CPU iPhone OS 18_6_2 like Mac OS X) AppleWebKit/605.1.15 (KHTML, like Gecko) Version/18.6 Mobile/15E148 Safari/604.1"
