49.44.67.132 - - [23/Sep/2025:07:08:06 +0000] "GET /assets/images/client-img2.png HTTP/1.1" 200 21156 "https://gangasagar-puri-baidyanath.bhaktiroute.in/" "Mozilla/5.0 (Linux; Android 10; K) AppleWebKit/537.36 (KHTML, like Gecko) Chrome/140.0.0.0 Mobile Safari/537.36"
49.44.67.132 - - [23/Sep/2025:07:08:06 +0000] "GET /assets/images/client-img5.png HTTP/1.1" 200 29434 "https://gangasagar-puri-baidyanath.bhaktiroute.in/" "Mozilla/5.0 (Linux; Android 10; K) AppleWebKit/537.36 (KHTML, like Gecko) Chrome/140.0.0.0 Mobile Safari/537.36"
49.44.67.132 - - [23/Sep/2025:07:08:06 +0000] "GET /assets/images/client-img4.png HTTP/1.1" 200 41600 "https://gangasagar-puri-baidyanath.bhaktiroute.in/" "Mozilla/5.0 (Linux; Android 10; K) AppleWebKit/537.36 (KHTML, like Gecko) Chrome/140.0.0.0 Mobile Safari/537.36"
49.44.67.132 - - [23/Sep/2025:07:08:06 +0000] "GET /assets/images/client-img3.png HTTP/1.1" 200 22736 "https://gangasagar-puri-baidyanath.bhaktiroute.in/" "Mozilla/5.0 (Linux; Android 10; K) AppleWebKit/537.36 (KHTML, like Gecko) Chrome/140.0.0.0 Mobile Safari/537.36"
49.44.67.132 - - [23/Sep/2025:07:08:06 +0000] "GET /assets/images/client-img6.png HTTP/1.1" 200 31141 "https://gangasagar-puri-baidyanath.bhaktiroute.in/" "Mozilla/5.0 (Linux; Android 10; K) AppleWebKit/537.36 (KHTML, like Gecko) Chrome/140.0.0.0 Mobile Safari/537.36"
49.44.67.132 - - [23/Sep/2025:07:08:06 +0000] "GET /assets/images/img8.png HTTP/1.1" 200 636044 "https://gangasagar-puri-baidyanath.bhaktiroute.in/" "Mozilla/5.0 (Linux; Android 10; K) AppleWebKit/537.36 (KHTML, like Gecko) Chrome/140.0.0.0 Mobile Safari/537.36"
49.44.67.132 - - [23/Sep/2025:07:08:06 +0000] "GET /assets/vendors/fancybox/dist/jquery.fancybox.min.js HTTP/1.1" 200 22031 "https://gangasagar-puri-baidyanath.bhaktiroute.in/" "Mozilla/5.0 (Linux; Android 10; K) AppleWebKit/537.36 (KHTML, like Gecko) Chrome/140.0.0.0 Mobile Safari/537.36"
49.44.67.132 - - [23/Sep/2025:07:08:07 +0000] "GET /assets/images/banner-img2.jpg HTTP/1.1" 200 178013 "https://gangasagar-puri-baidyanath.bhaktiroute.in/" "Mozilla/5.0 (Linux; Android 10; K) AppleWebKit/537.36 (KHTML, like Gecko) Chrome/140.0.0.0 Mobile Safari/537.36"
49.44.67.132 - - [23/Sep/2025:07:08:07 +0000] "GET /assets/images/banner-img3.jpg HTTP/1.1" 200 253676 "https://gangasagar-puri-baidyanath.bhaktiroute.in/" "Mozilla/5.0 (Linux; Android 10; K) AppleWebKit/537.36 (KHTML, like Gecko) Chrome/140.0.0.0 Mobile Safari/537.36"
49.44.67.132 - - [23/Sep/2025:07:08:07 +0000] "GET /assets/images/banner-img5.jpg HTTP/1.1" 200 262043 "https://gangasagar-puri-baidyanath.bhaktiroute.in/" "Mozilla/5.0 (Linux; Android 10; K) AppleWebKit/537.36 (KHTML, like Gecko) Chrome/140.0.0.0 Mobile Safari/537.36"
49.44.67.132 - - [23/Sep/2025:07:08:07 +0000] "GET /assets/images/banner-img6.jpg HTTP/1.1" 200 278757 "https://gangasagar-puri-baidyanath.bhaktiroute.in/" "Mozilla/5.0 (Linux; Android 10; K) AppleWebKit/537.36 (KHTML, like Gecko) Chrome/140.0.0.0 Mobile Safari/537.36"
49.44.67.132 - - [23/Sep/2025:07:08:07 +0000] "GET /assets/images/banner-img4.jpg HTTP/1.1" 200 322522 "https://gangasagar-puri-baidyanath.bhaktiroute.in/" "Mozilla/5.0 (Linux; Android 10; K) AppleWebKit/537.36 (KHTML, like Gecko) Chrome/140.0.0.0 Mobile Safari/537.36"
49.44.67.132 - - [23/Sep/2025:07:08:07 +0000] "GET /assets/vendors/elementskit-icon-pack/assets/fonts/elementskit.woff?y24e1e HTTP/1.1" 200 442864 "https://gangasagar-puri-baidyanath.bhaktiroute.in/assets/vendors/elementskit-icon-pack/assets/css/ekiticons.css" "Mozilla/5.0 (Linux; Android 10; K) AppleWebKit/537.36 (KHTML, like Gecko) Chrome/140.0.0.0 Mobile Safari/537.36"
49.44.67.132 - - [23/Sep/2025:07:08:07 +0000] "GET /assets/vendors/fontawesome/webfonts/fa-brands-400.woff2 HTTP/1.1" 200 75936 "https://gangasagar-puri-baidyanath.bhaktiroute.in/assets/vendors/fontawesome/css/all.min.css" "Mozilla/5.0 (Linux; Android 10; K) AppleWebKit/537.36 (KHTML, like Gecko) Chrome/140.0.0.0 Mobile Safari/537.36"
49.44.67.132 - - [23/Sep/2025:07:08:07 +0000] "GET /assets/vendors/fontawesome/webfonts/fa-solid-900.woff2 HTTP/1.1" 200 76084 "https://gangasagar-puri-baidyanath.bhaktiroute.in/assets/vendors/fontawesome/css/all.min.css" "Mozilla/5.0 (Linux; Android 10; K) AppleWebKit/537.36 (KHTML, like Gecko) Chrome/140.0.0.0 Mobile Safari/537.36"
49.44.67.132 - - [23/Sep/2025:07:08:08 +0000] "GET /assets/vendors/slick/ajax-loader.gif HTTP/1.1" 200 3337 "https://gangasagar-puri-baidyanath.bhaktiroute.in/assets/vendors/slick/slick-theme.css" "Mozilla/5.0 (Linux; Android 10; K) AppleWebKit/537.36 (KHTML, like Gecko) Chrome/140.0.0.0 Mobile Safari/537.36"
49.44.67.132 - - [23/Sep/2025:07:08:08 +0000] "GET /assets/images/banner-img7.jpg HTTP/1.1" 200 239190 "https://gangasagar-puri-baidyanath.bhaktiroute.in/" "Mozilla/5.0 (Linux; Android 10; K) AppleWebKit/537.36 (KHTML, like Gecko) Chrome/140.0.0.0 Mobile Safari/537.36"
49.44.67.132 - - [23/Sep/2025:07:08:08 +0000] "GET /assets/images/banner-img1.jpg HTTP/1.1" 200 318250 "https://gangasagar-puri-baidyanath.bhaktiroute.in/" "Mozilla/5.0 (Linux; Android 10; K) AppleWebKit/537.36 (KHTML, like Gecko) Chrome/140.0.0.0 Mobile Safari/537.36"
49.44.67.132 - - [23/Sep/2025:07:08:09 +0000] "GET /assets/images/places/gangasagar.jpg HTTP/1.1" 200 54251 "https://gangasagar-puri-baidyanath.bhaktiroute.in/" "Mozilla/5.0 (Linux; Android 10; K) AppleWebKit/537.36 (KHTML, like Gecko) Chrome/140.0.0.0 Mobile Safari/537.36"
49.44.67.132 - - [23/Sep/2025:07:08:10 +0000] "GET /assets/images/places/baba-baidyanath.jpg HTTP/1.1" 200 484631 "https://gangasagar-puri-baidyanath.bhaktiroute.in/" "Mozilla/5.0 (Linux; Android 10; K) AppleWebKit/537.36 (KHTML, like Gecko) Chrome/140.0.0.0 Mobile Safari/537.36"
49.44.67.132 - - [23/Sep/2025:07:08:10 +0000] "GET /assets/images/places/jagannath-puri.jpg HTTP/1.1" 200 85515 "https://gangasagar-puri-baidyanath.bhaktiroute.in/" "Mozilla/5.0 (Linux; Android 10; K) AppleWebKit/537.36 (KHTML, like Gecko) Chrome/140.0.0.0 Mobile Safari/537.36"
49.44.67.132 - - [23/Sep/2025:07:08:10 +0000] "GET /assets/images/img7.jpg HTTP/1.1" 200 364047 "https://gangasagar-puri-baidyanath.bhaktiroute.in/" "Mozilla/5.0 (Linux; Android 10; K) AppleWebKit/537.36 (KHTML, like Gecko) Chrome/140.0.0.0 Mobile Safari/537.36"
157.32.159.69 - - [23/Sep/2025:07:08:18 +0000] "GET /assets/images/banner-img1.jpg HTTP/1.1" 200 318250 "https://gangasagar-puri-baidyanath.bhaktiroute.in/" "Mozilla/5.0 (Linux; Android 10; K) AppleWebKit/537.36 (KHTML, like Gecko) Chrome/140.0.0.0 Mobile Safari/537.36"
157.32.159.69 - - [23/Sep/2025:07:08:19 +0000] "GET /assets/vendors/elementskit-icon-pack/assets/fonts/elementskit.woff?y24e1e HTTP/1.1" 200 442864 "https://gangasagar-puri-baidyanath.bhaktiroute.in/assets/vendors/elementskit-icon-pack/assets/css/ekiticons.css" "Mozilla/5.0 (Linux; Android 10; K) AppleWebKit/537.36 (KHTML, like Gecko) Chrome/140.0.0.0 Mobile Safari/537.36"
157.32.159.69 - - [23/Sep/2025:07:08:19 +0000] "GET /index.php HTTP/1.1" 200 10995 "https://gangasagar-puri-baidyanath.bhaktiroute.in/" "Mozilla/5.0 (Linux; Android 10; K) AppleWebKit/537.36 (KHTML, like Gecko) Chrome/140.0.0.0 Mobile Safari/537.36"
157.32.159.69 - - [23/Sep/2025:07:08:21 +0000] "GET /assets/images/banner-img2.jpg HTTP/1.1" 200 178013 "https://gangasagar-puri-baidyanath.bhaktiroute.in/index.php" "Mozilla/5.0 (Linux; Android 10; K) AppleWebKit/537.36 (KHTML, like Gecko) Chrome/140.0.0.0 Mobile Safari/537.36"
157.32.159.69 - - [23/Sep/2025:07:08:26 +0000] "GET /assets/vendors/slick-nav/jquery.slicknav.js HTTP/1.1" 200 4605 "https://gangasagar-puri-baidyanath.bhaktiroute.in/index.php" "Mozilla/5.0 (Linux; Android 10; K) AppleWebKit/537.36 (KHTML, like Gecko) Chrome/140.0.0.0 Mobile Safari/537.36"
157.32.159.69 - - [23/Sep/2025:07:08:27 +0000] "GET /assets/js/custom.js HTTP/1.1" 200 1475 "https://gangasagar-puri-baidyanath.bhaktiroute.in/index.php" "Mozilla/5.0 (Linux; Android 10; K) AppleWebKit/537.36 (KHTML, like Gecko) Chrome/140.0.0.0 Mobile Safari/537.36"
157.32.159.69 - - [23/Sep/2025:07:08:28 +0000] "GET /assets/vendors/slick/ajax-loader.gif HTTP/1.1" 200 3337 "https://gangasagar-puri-baidyanath.bhaktiroute.in/assets/vendors/slick/slick-theme.css" "Mozilla/5.0 (Linux; Android 10; K) AppleWebKit/537.36 (KHTML, like Gecko) Chrome/140.0.0.0 Mobile Safari/537.36"
74.125.210.64 - - [23/Sep/2025:07:08:36 +0000] "GET / HTTP/1.1" 200 11008 "-" "Google-Adwords-Instant (+http://www.google.com/adsbot.html)"
66.249.88.71 - - [23/Sep/2025:07:08:37 +0000] "GET / HTTP/1.1" 200 10998 "-" "Google"
157.32.159.69 - - [23/Sep/2025:07:08:37 +0000] "GET /assets/images/banner-img7.jpg HTTP/1.1" 200 239190 "https://gangasagar-puri-baidyanath.bhaktiroute.in/index.php" "Mozilla/5.0 (Linux; Android 10; K) AppleWebKit/537.36 (KHTML, like Gecko) Chrome/140.0.0.0 Mobile Safari/537.36"
74.125.210.71 - - [23/Sep/2025:07:08:39 +0000] "GET / HTTP/1.1" 200 11008 "-" "Google-Adwords-Instant (+http://www.google.com/adsbot.html)"
66.249.88.72 - - [23/Sep/2025:07:08:39 +0000] "GET /assets/images/banner-img2.jpg HTTP/1.1" 200 178013 "-" "Google"
74.125.210.70 - - [23/Sep/2025:07:08:39 +0000] "GET / HTTP/1.1" 200 11057 "-" "Google-Adwords-Instant (+http://www.google.com/adsbot.html)"
66.249.88.70 - - [23/Sep/2025:07:08:40 +0000] "GET /assets/images/banner-img5.jpg HTTP/1.1" 200 262043 "-" "Google"
66.249.88.70 - - [23/Sep/2025:07:08:40 +0000] "GET /assets/images/banner-img3.jpg HTTP/1.1" 200 253676 "-" "Google"
157.32.159.69 - - [23/Sep/2025:07:08:40 +0000] "GET /assets/images/savetime.png HTTP/1.1" 200 2451 "https://gangasagar-puri-baidyanath.bhaktiroute.in/index.php" "Mozilla/5.0 (Linux; Android 10; K) AppleWebKit/537.36 (KHTML, like Gecko) Chrome/140.0.0.0 Mobile Safari/537.36"
66.249.88.70 - - [23/Sep/2025:07:08:40 +0000] "GET /assets/images/banner-img4.jpg HTTP/1.1" 200 322522 "-" "Google"
66.249.88.72 - - [23/Sep/2025:07:08:40 +0000] "GET /assets/images/banner-img1.jpg HTTP/1.1" 200 318250 "-" "Google"
157.32.159.69 - - [23/Sep/2025:07:08:41 +0000] "GET /assets/images/multiple.png HTTP/1.1" 200 2118 "https://gangasagar-puri-baidyanath.bhaktiroute.in/index.php" "Mozilla/5.0 (Linux; Android 10; K) AppleWebKit/537.36 (KHTML, like Gecko) Chrome/140.0.0.0 Mobile Safari/537.36"
74.125.212.235 - - [23/Sep/2025:07:08:50 +0000] "GET / HTTP/1.1" 200 11039 "-" "Mozilla/5.0 (Linux; Android 6.0.1; Nexus 5X Build/MMB29P; Google-AdWords-Express) AppleWebKit/[WEBKIT_VERSION] (KHTML, like Gecko) Chrome/[CHROME_VERSION] Mobile Safari/[WEBKIT_VERSION]"
74.125.212.236 - - [23/Sep/2025:07:08:51 +0000] "GET /?gclid=952824162 HTTP/1.1" 200 10992 "-" "Mozilla/5.0 AppleWebKit/537.36 (KHTML, like Gecko; Mozilla/5.0, Google-AdWords-Express) Chrome/139.0.7258.127 Safari/537.36"
74.125.212.235 - - [23/Sep/2025:07:08:51 +0000] "GET /assets/vendors/jquery-ui/jquery-ui.min.css HTTP/1.1" 200 7621 "https://gangasagar-puri-baidyanath.bhaktiroute.in/?gclid=952824162" "Mozilla/5.0 AppleWebKit/537.36 (KHTML, like Gecko; Mozilla/5.0, Google-AdWords-Express) Chrome/139.0.7258.127 Safari/537.36"
74.125.212.236 - - [23/Sep/2025:07:08:51 +0000] "GET /assets/vendors/waypoint/waypoints.js HTTP/1.1" 200 3694 "https://gangasagar-puri-baidyanath.bhaktiroute.in/?gclid=952824162" "Mozilla/5.0 AppleWebKit/537.36 (KHTML, like Gecko; Mozilla/5.0, Google-AdWords-Express) Chrome/139.0.7258.127 Safari/537.36"
74.125.212.235 - - [23/Sep/2025:07:08:51 +0000] "GET /assets/vendors/bootstrap/js/bootstrap.min.js HTTP/1.1" 200 16358 "https://gangasagar-puri-baidyanath.bhaktiroute.in/?gclid=952824162" "Mozilla/5.0 AppleWebKit/537.36 (KHTML, like Gecko; Mozilla/5.0, Google-AdWords-Express) Chrome/139.0.7258.127 Safari/537.36"
74.125.212.236 - - [23/Sep/2025:07:08:52 +0000] "GET / HTTP/1.1" 200 10990 "-" "Mozilla/5.0 (Linux; Android 6.0.1; Nexus 5X Build/MMB29P; Google-AdWords-Express) AppleWebKit/[WEBKIT_VERSION] (KHTML, like Gecko) Chrome/[CHROME_VERSION] Mobile Safari/[WEBKIT_VERSION]"
74.125.212.236 - - [23/Sep/2025:07:08:52 +0000] "GET /assets/vendors/slick/slick-theme.css HTTP/1.1" 200 890 "https://gangasagar-puri-baidyanath.bhaktiroute.in/?gclid=952824162" "Mozilla/5.0 AppleWebKit/537.36 (KHTML, like Gecko; Mozilla/5.0, Google-AdWords-Express) Chrome/139.0.7258.127 Safari/537.36"
74.125.212.237 - - [23/Sep/2025:07:08:52 +0000] "GET /assets/vendors/fancybox/dist/jquery.fancybox.min.css HTTP/1.1" 200 3108 "https://gangasagar-puri-baidyanath.bhaktiroute.in/?gclid=952824162" "Mozilla/5.0 AppleWebKit/537.36 (KHTML, like Gecko; Mozilla/5.0, Google-AdWords-Express) Chrome/139.0.7258.127 Safari/537.36"
74.125.212.235 - - [23/Sep/2025:07:08:52 +0000] "GET /assets/vendors/bootstrap/css/bootstrap.min.css HTTP/1.1" 200 23957 "https://gangasagar-puri-baidyanath.bhaktiroute.in/?gclid=952824162" "Mozilla/5.0 AppleWebKit/537.36 (KHTML, like Gecko; Mozilla/5.0, Google-AdWords-Express) Chrome/139.0.7258.127 Safari/537.36"
74.125.212.235 - - [23/Sep/2025:07:08:52 +0000] "GET /assets/vendors/jquery/jquery.js HTTP/1.1" 200 30960 "https://gangasagar-puri-baidyanath.bhaktiroute.in/?gclid=952824162" "Mozilla/5.0 AppleWebKit/537.36 (KHTML, like Gecko; Mozilla/5.0, Google-AdWords-Express) Chrome/139.0.7258.127 Safari/537.36"
74.125.212.236 - - [23/Sep/2025:07:08:52 +0000] "GET /assets/vendors/fontawesome/css/all.min.css HTTP/1.1" 200 12425 "https://gangasagar-puri-baidyanath.bhaktiroute.in/?gclid=952824162" "Mozilla/5.0 AppleWebKit/537.36 (KHTML, like Gecko; Mozilla/5.0, Google-AdWords-Express) Chrome/139.0.7258.127 Safari/537.36"
74.125.212.236 - - [23/Sep/2025:07:08:52 +0000] "GET /assets/vendors/elementskit-icon-pack/assets/css/ekiticons.css HTTP/1.1" 200 12672 "https://gangasagar-puri-baidyanath.bhaktiroute.in/?gclid=952824162" "Mozilla/5.0 AppleWebKit/537.36 (KHTML, like Gecko; Mozilla/5.0, Google-AdWords-Express) Chrome/139.0.7258.127 Safari/537.36"
74.125.212.237 - - [23/Sep/2025:07:08:52 +0000] "GET /assets/vendors/slick/slick.css HTTP/1.1" 200 589 "https://gangasagar-puri-baidyanath.bhaktiroute.in/?gclid=952824162" "Mozilla/5.0 AppleWebKit/537.36 (KHTML, like Gecko; Mozilla/5.0, Google-AdWords-Express) Chrome/139.0.7258.127 Safari/537.36"
74.125.212.236 - - [23/Sep/2025:07:08:52 +0000] "GET /style.css HTTP/1.1" 200 20557 "https://gangasagar-puri-baidyanath.bhaktiroute.in/?gclid=952824162" "Mozilla/5.0 AppleWebKit/537.36 (KHTML, like Gecko; Mozilla/5.0, Google-AdWords-Express) Chrome/139.0.7258.127 Safari/537.36"
74.125.212.235 - - [23/Sep/2025:07:08:52 +0000] "GET /assets/vendors/jquery-ui/jquery-ui.min.js HTTP/1.1" 200 67821 "https://gangasagar-puri-baidyanath.bhaktiroute.in/?gclid=952824162" "Mozilla/5.0 AppleWebKit/537.36 (KHTML, like Gecko; Mozilla/5.0, Google-AdWords-Express) Chrome/139.0.7258.127 Safari/537.36"
74.125.212.237 - - [23/Sep/2025:07:08:52 +0000] "GET /assets/vendors/countdown-date-loop-counter/loopcounter.js HTTP/1.1" 200 617 "https://gangasagar-puri-baidyanath.bhaktiroute.in/?gclid=952824162" "Mozilla/5.0 AppleWebKit/537.36 (KHTML, like Gecko; Mozilla/5.0, Google-AdWords-Express) Chrome/139.0.7258.127 Safari/537.36"
74.125.212.236 - - [23/Sep/2025:07:08:53 +0000] "GET /assets/vendors/counterup/jquery.counterup.min.js HTTP/1.1" 200 589 "https://gangasagar-puri-baidyanath.bhaktiroute.in/?gclid=952824162" "Mozilla/5.0 AppleWebKit/537.36 (KHTML, like Gecko; Mozilla/5.0, Google-AdWords-Express) Chrome/139.0.7258.127 Safari/537.36"
74.125.212.235 - - [23/Sep/2025:07:08:53 +0000] "GET /assets/vendors/slick/slick.js HTTP/1.1" 200 15214 "https://gangasagar-puri-baidyanath.bhaktiroute.in/?gclid=952824162" "Mozilla/5.0 AppleWebKit/537.36 (KHTML, like Gecko; Mozilla/5.0, Google-AdWords-Express) Chrome/139.0.7258.127 Safari/537.36"
74.125.212.237 - - [23/Sep/2025:07:08:53 +0000] "GET /assets/vendors/masonry/masonry.pkgd.min.js HTTP/1.1" 200 7367 "https://gangasagar-puri-baidyanath.bhaktiroute.in/?gclid=952824162" "Mozilla/5.0 AppleWebKit/537.36 (KHTML, like Gecko; Mozilla/5.0, Google-AdWords-Express) Chrome/139.0.7258.127 Safari/537.36"
74.125.212.235 - - [23/Sep/2025:07:08:53 +0000] "GET /assets/js/custom.js HTTP/1.1" 200 1475 "https://gangasagar-puri-baidyanath.bhaktiroute.in/?gclid=952824162" "Mozilla/5.0 AppleWebKit/537.36 (KHTML, like Gecko; Mozilla/5.0, Google-AdWords-Express) Chrome/139.0.7258.127 Safari/537.36"
74.125.212.235 - - [23/Sep/2025:07:08:53 +0000] "GET /assets/vendors/fancybox/dist/jquery.fancybox.min.js HTTP/1.1" 200 22031 "https://gangasagar-puri-baidyanath.bhaktiroute.in/?gclid=952824162" "Mozilla/5.0 AppleWebKit/537.36 (KHTML, like Gecko; Mozilla/5.0, Google-AdWords-Express) Chrome/139.0.7258.127 Safari/537.36"
74.125.212.235 - - [23/Sep/2025:07:08:53 +0000] "GET /assets/vendors/slick-nav/jquery.slicknav.js HTTP/1.1" 200 4605 "https://gangasagar-puri-baidyanath.bhaktiroute.in/?gclid=952824162" "Mozilla/5.0 AppleWebKit/537.36 (KHTML, like Gecko; Mozilla/5.0, Google-AdWords-Express) Chrome/139.0.7258.127 Safari/537.36"
74.125.210.64 - - [23/Sep/2025:07:09:08 +0000] "GET / HTTP/1.1" 200 10990 "-" "Google-Adwords-Instant (+http://www.google.com/adsbot.html)"
74.125.210.70 - - [23/Sep/2025:07:09:17 +0000] "GET / HTTP/1.1" 200 10990 "-" "Google-Adwords-Instant (+http://www.google.com/adsbot.html)"
74.125.210.64 - - [23/Sep/2025:07:09:21 +0000] "GET / HTTP/1.1" 200 10990 "-" "Google-Adwords-Instant (+http://www.google.com/adsbot.html)"
74.125.210.70 - - [23/Sep/2025:07:09:47 +0000] "GET / HTTP/1.1" 200 10990 "-" "Google-Adwords-Instant (+http://www.google.com/adsbot.html)"
74.125.210.70 - - [23/Sep/2025:07:10:08 +0000] "GET / HTTP/1.1" 200 10998 "-" "Google-Adwords-Instant (+http://www.google.com/adsbot.html)"
157.32.159.69 - - [23/Sep/2025:07:10:10 +0000] "GET /assets/images/banner-img4.jpg HTTP/1.1" 200 146945 "https://gangasagar-puri-baidyanath.bhaktiroute.in/index.php" "Mozilla/5.0 (Linux; Android 10; K) AppleWebKit/537.36 (KHTML, like Gecko) Chrome/140.0.0.0 Mobile Safari/537.36"
157.32.159.69 - - [23/Sep/2025:07:10:11 +0000] "GET /assets/images/banner-img3.jpg HTTP/1.1" 200 179713 "https://gangasagar-puri-baidyanath.bhaktiroute.in/index.php" "Mozilla/5.0 (Linux; Android 10; K) AppleWebKit/537.36 (KHTML, like Gecko) Chrome/140.0.0.0 Mobile Safari/537.36"
157.32.159.69 - - [23/Sep/2025:07:10:14 +0000] "GET /assets/images/banner-img6.jpg HTTP/1.1" 200 81409 "https://gangasagar-puri-baidyanath.bhaktiroute.in/index.php" "Mozilla/5.0 (Linux; Android 10; K) AppleWebKit/537.36 (KHTML, like Gecko) Chrome/140.0.0.0 Mobile Safari/537.36"
157.32.159.69 - - [23/Sep/2025:07:10:15 +0000] "GET /assets/images/banner-img5.jpg HTTP/1.1" 200 196097 "https://gangasagar-puri-baidyanath.bhaktiroute.in/index.php" "Mozilla/5.0 (Linux; Android 10; K) AppleWebKit/537.36 (KHTML, like Gecko) Chrome/140.0.0.0 Mobile Safari/537.36"
74.125.210.71 - - [23/Sep/2025:07:10:18 +0000] "GET / HTTP/1.1" 200 10990 "-" "Google-Adwords-Instant (+http://www.google.com/adsbot.html)"
103.87.207.78 - - [23/Sep/2025:07:10:28 +0000] "GET / HTTP/1.1" 200 10990 "-" "Mozilla/5.0 (Windows NT 10.0; Win64; x64) AppleWebKit/537.36 (KHTML, like Gecko) Chrome/140.0.0.0 Safari/537.36"
103.87.207.78 - - [23/Sep/2025:07:10:28 +0000] "GET /assets/vendors/bootstrap/css/bootstrap.min.css HTTP/1.1" 200 23957 "https://gangasagar-puri-baidyanath.bhaktiroute.in/" "Mozilla/5.0 (Windows NT 10.0; Win64; x64) AppleWebKit/537.36 (KHTML, like Gecko) Chrome/140.0.0.0 Safari/537.36"
103.87.207.78 - - [23/Sep/2025:07:10:28 +0000] "GET /assets/vendors/jquery-ui/jquery-ui.min.css HTTP/1.1" 200 7621 "https://gangasagar-puri-baidyanath.bhaktiroute.in/" "Mozilla/5.0 (Windows NT 10.0; Win64; x64) AppleWebKit/537.36 (KHTML, like Gecko) Chrome/140.0.0.0 Safari/537.36"
103.87.207.78 - - [23/Sep/2025:07:10:28 +0000] "GET /assets/vendors/fancybox/dist/jquery.fancybox.min.css HTTP/1.1" 200 3108 "https://gangasagar-puri-baidyanath.bhaktiroute.in/" "Mozilla/5.0 (Windows NT 10.0; Win64; x64) AppleWebKit/537.36 (KHTML, like Gecko) Chrome/140.0.0.0 Safari/537.36"
103.87.207.78 - - [23/Sep/2025:07:10:28 +0000] "GET /assets/vendors/fontawesome/css/all.min.css HTTP/1.1" 200 12425 "https://gangasagar-puri-baidyanath.bhaktiroute.in/" "Mozilla/5.0 (Windows NT 10.0; Win64; x64) AppleWebKit/537.36 (KHTML, like Gecko) Chrome/140.0.0.0 Safari/537.36"
103.87.207.78 - - [23/Sep/2025:07:10:28 +0000] "GET /assets/vendors/elementskit-icon-pack/assets/css/ekiticons.css HTTP/1.1" 200 12672 "https://gangasagar-puri-baidyanath.bhaktiroute.in/" "Mozilla/5.0 (Windows NT 10.0; Win64; x64) AppleWebKit/537.36 (KHTML, like Gecko) Chrome/140.0.0.0 Safari/537.36"
103.87.207.78 - - [23/Sep/2025:07:10:28 +0000] "GET /assets/vendors/slick/slick.css HTTP/1.1" 200 589 "https://gangasagar-puri-baidyanath.bhaktiroute.in/" "Mozilla/5.0 (Windows NT 10.0; Win64; x64) AppleWebKit/537.36 (KHTML, like Gecko) Chrome/140.0.0.0 Safari/537.36"
103.87.207.78 - - [23/Sep/2025:07:10:28 +0000] "GET /assets/vendors/slick/slick-theme.css HTTP/1.1" 200 890 "https://gangasagar-puri-baidyanath.bhaktiroute.in/" "Mozilla/5.0 (Windows NT 10.0; Win64; x64) AppleWebKit/537.36 (KHTML, like Gecko) Chrome/140.0.0.0 Safari/537.36"
103.87.207.78 - - [23/Sep/2025:07:10:29 +0000] "GET /style.css HTTP/1.1" 200 20557 "https://gangasagar-puri-baidyanath.bhaktiroute.in/" "Mozilla/5.0 (Windows NT 10.0; Win64; x64) AppleWebKit/537.36 (KHTML, like Gecko) Chrome/140.0.0.0 Safari/537.36"
103.87.207.78 - - [23/Sep/2025:07:10:29 +0000] "GET /assets/images/whatsapp.png HTTP/1.1" 200 1946 "https://gangasagar-puri-baidyanath.bhaktiroute.in/" "Mozilla/5.0 (Windows NT 10.0; Win64; x64) AppleWebKit/537.36 (KHTML, like Gecko) Chrome/140.0.0.0 Safari/537.36"
103.87.207.78 - - [23/Sep/2025:07:10:29 +0000] "GET /assets/vendors/jquery/jquery.js HTTP/1.1" 200 30960 "https://gangasagar-puri-baidyanath.bhaktiroute.in/" "Mozilla/5.0 (Windows NT 10.0; Win64; x64) AppleWebKit/537.36 (KHTML, like Gecko) Chrome/140.0.0.0 Safari/537.36"
103.87.207.78 - - [23/Sep/2025:07:10:29 +0000] "GET /assets/vendors/waypoint/waypoints.js HTTP/1.1" 200 3694 "https://gangasagar-puri-baidyanath.bhaktiroute.in/" "Mozilla/5.0 (Windows NT 10.0; Win64; x64) AppleWebKit/537.36 (KHTML, like Gecko) Chrome/140.0.0.0 Safari/537.36"
103.87.207.78 - - [23/Sep/2025:07:10:29 +0000] "GET /assets/vendors/bootstrap/js/bootstrap.min.js HTTP/1.1" 200 16358 "https://gangasagar-puri-baidyanath.bhaktiroute.in/" "Mozilla/5.0 (Windows NT 10.0; Win64; x64) AppleWebKit/537.36 (KHTML, like Gecko) Chrome/140.0.0.0 Safari/537.36"
103.87.207.78 - - [23/Sep/2025:07:10:29 +0000] "GET /assets/vendors/counterup/jquery.counterup.min.js HTTP/1.1" 200 589 "https://gangasagar-puri-baidyanath.bhaktiroute.in/" "Mozilla/5.0 (Windows NT 10.0; Win64; x64) AppleWebKit/537.36 (KHTML, like Gecko) Chrome/140.0.0.0 Safari/537.36"
103.87.207.78 - - [23/Sep/2025:07:10:29 +0000] "GET /assets/vendors/countdown-date-loop-counter/loopcounter.js HTTP/1.1" 200 617 "https://gangasagar-puri-baidyanath.bhaktiroute.in/" "Mozilla/5.0 (Windows NT 10.0; Win64; x64) AppleWebKit/537.36 (KHTML, like Gecko) Chrome/140.0.0.0 Safari/537.36"
103.87.207.78 - - [23/Sep/2025:07:10:29 +0000] "GET /assets/vendors/jquery-ui/jquery-ui.min.js HTTP/1.1" 200 67821 "https://gangasagar-puri-baidyanath.bhaktiroute.in/" "Mozilla/5.0 (Windows NT 10.0; Win64; x64) AppleWebKit/537.36 (KHTML, like Gecko) Chrome/140.0.0.0 Safari/537.36"
103.87.207.78 - - [23/Sep/2025:07:10:29 +0000] "GET /assets/vendors/masonry/masonry.pkgd.min.js HTTP/1.1" 200 7367 "https://gangasagar-puri-baidyanath.bhaktiroute.in/" "Mozilla/5.0 (Windows NT 10.0; Win64; x64) AppleWebKit/537.36 (KHTML, like Gecko) Chrome/140.0.0.0 Safari/537.36"
103.87.207.78 - - [23/Sep/2025:07:10:29 +0000] "GET /assets/vendors/fontawesome/webfonts/fa-brands-400.woff2 HTTP/1.1" 200 75936 "https://gangasagar-puri-baidyanath.bhaktiroute.in/assets/vendors/fontawesome/css/all.min.css" "Mozilla/5.0 (Windows NT 10.0; Win64; x64) AppleWebKit/537.36 (KHTML, like Gecko) Chrome/140.0.0.0 Safari/537.36"
103.87.207.78 - - [23/Sep/2025:07:10:29 +0000] "GET /assets/vendors/fontawesome/webfonts/fa-solid-900.woff2 HTTP/1.1" 200 76084 "https://gangasagar-puri-baidyanath.bhaktiroute.in/assets/vendors/fontawesome/css/all.min.css" "Mozilla/5.0 (Windows NT 10.0; Win64; x64) AppleWebKit/537.36 (KHTML, like Gecko) Chrome/140.0.0.0 Safari/537.36"
103.87.207.78 - - [23/Sep/2025:07:10:30 +0000] "GET /assets/images/banner-img1.jpg HTTP/1.1" 200 318250 "https://gangasagar-puri-baidyanath.bhaktiroute.in/" "Mozilla/5.0 (Windows NT 10.0; Win64; x64) AppleWebKit/537.36 (KHTML, like Gecko) Chrome/140.0.0.0 Safari/537.36"
103.87.207.78 - - [23/Sep/2025:07:10:30 +0000] "GET /assets/vendors/slick/slick.js HTTP/1.1" 200 15214 "https://gangasagar-puri-baidyanath.bhaktiroute.in/" "Mozilla/5.0 (Windows NT 10.0; Win64; x64) AppleWebKit/537.36 (KHTML, like Gecko) Chrome/140.0.0.0 Safari/537.36"
103.87.207.78 - - [23/Sep/2025:07:10:31 +0000] "GET /assets/vendors/fancybox/dist/jquery.fancybox.min.js HTTP/1.1" 200 22031 "https://gangasagar-puri-baidyanath.bhaktiroute.in/" "Mozilla/5.0 (Windows NT 10.0; Win64; x64) AppleWebKit/537.36 (KHTML, like Gecko) Chrome/140.0.0.0 Safari/537.36"
103.87.207.78 - - [23/Sep/2025:07:10:31 +0000] "GET /assets/vendors/slick-nav/jquery.slicknav.js HTTP/1.1" 200 4605 "https://gangasagar-puri-baidyanath.bhaktiroute.in/" "Mozilla/5.0 (Windows NT 10.0; Win64; x64) AppleWebKit/537.36 (KHTML, like Gecko) Chrome/140.0.0.0 Safari/537.36"
103.87.207.78 - - [23/Sep/2025:07:10:32 +0000] "GET /assets/js/custom.js HTTP/1.1" 200 1475 "https://gangasagar-puri-baidyanath.bhaktiroute.in/" "Mozilla/5.0 (Windows NT 10.0; Win64; x64) AppleWebKit/537.36 (KHTML, like Gecko) Chrome/140.0.0.0 Safari/537.36"
103.87.207.78 - - [23/Sep/2025:07:10:33 +0000] "GET /assets/images/savetime.png HTTP/1.1" 200 2451 "https://gangasagar-puri-baidyanath.bhaktiroute.in/" "Mozilla/5.0 (Windows NT 10.0; Win64; x64) AppleWebKit/537.36 (KHTML, like Gecko) Chrome/140.0.0.0 Safari/537.36"
103.87.207.78 - - [23/Sep/2025:07:10:33 +0000] "GET /assets/images/multiple.png HTTP/1.1" 200 2118 "https://gangasagar-puri-baidyanath.bhaktiroute.in/" "Mozilla/5.0 (Windows NT 10.0; Win64; x64) AppleWebKit/537.36 (KHTML, like Gecko) Chrome/140.0.0.0 Safari/537.36"
103.87.207.78 - - [23/Sep/2025:07:10:33 +0000] "GET /assets/images/money.png HTTP/1.1" 200 2411 "https://gangasagar-puri-baidyanath.bhaktiroute.in/" "Mozilla/5.0 (Windows NT 10.0; Win64; x64) AppleWebKit/537.36 (KHTML, like Gecko) Chrome/140.0.0.0 Safari/537.36"
103.87.207.78 - - [23/Sep/2025:07:10:33 +0000] "GET /assets/images/site-logo.png HTTP/1.1" 200 114858 "https://gangasagar-puri-baidyanath.bhaktiroute.in/" "Mozilla/5.0 (Windows NT 10.0; Win64; x64) AppleWebKit/537.36 (KHTML, like Gecko) Chrome/140.0.0.0 Safari/537.36"
103.87.207.78 - - [23/Sep/2025:07:10:33 +0000] "GET /assets/vendors/slick/ajax-loader.gif HTTP/1.1" 200 3337 "https://gangasagar-puri-baidyanath.bhaktiroute.in/assets/vendors/slick/slick-theme.css" "Mozilla/5.0 (Windows NT 10.0; Win64; x64) AppleWebKit/537.36 (KHTML, like Gecko) Chrome/140.0.0.0 Safari/537.36"
103.87.207.78 - - [23/Sep/2025:07:10:34 +0000] "GET /assets/images/banner-img3.jpg HTTP/1.1" 200 253676 "https://gangasagar-puri-baidyanath.bhaktiroute.in/" "Mozilla/5.0 (Windows NT 10.0; Win64; x64) AppleWebKit/537.36 (KHTML, like Gecko) Chrome/140.0.0.0 Safari/537.36"
103.87.207.78 - - [23/Sep/2025:07:10:35 +0000] "GET /assets/images/banner-img2.jpg HTTP/1.1" 200 178013 "https://gangasagar-puri-baidyanath.bhaktiroute.in/" "Mozilla/5.0 (Windows NT 10.0; Win64; x64) AppleWebKit/537.36 (KHTML, like Gecko) Chrome/140.0.0.0 Safari/537.36"
103.87.207.78 - - [23/Sep/2025:07:10:35 +0000] "GET /assets/images/banner-img4.jpg HTTP/1.1" 200 322522 "https://gangasagar-puri-baidyanath.bhaktiroute.in/" "Mozilla/5.0 (Windows NT 10.0; Win64; x64) AppleWebKit/537.36 (KHTML, like Gecko) Chrome/140.0.0.0 Safari/537.36"
103.87.207.78 - - [23/Sep/2025:07:10:38 +0000] "GET /assets/images/banner-img5.jpg HTTP/1.1" 200 262043 "https://gangasagar-puri-baidyanath.bhaktiroute.in/" "Mozilla/5.0 (Windows NT 10.0; Win64; x64) AppleWebKit/537.36 (KHTML, like Gecko) Chrome/140.0.0.0 Safari/537.36"
103.87.207.78 - - [23/Sep/2025:07:10:39 +0000] "GET /assets/images/banner-img7.jpg HTTP/1.1" 200 239190 "https://gangasagar-puri-baidyanath.bhaktiroute.in/" "Mozilla/5.0 (Windows NT 10.0; Win64; x64) AppleWebKit/537.36 (KHTML, like Gecko) Chrome/140.0.0.0 Safari/537.36"
103.87.207.78 - - [23/Sep/2025:07:10:40 +0000] "GET /assets/images/trusted.png HTTP/1.1" 200 2617 "https://gangasagar-puri-baidyanath.bhaktiroute.in/" "Mozilla/5.0 (Windows NT 10.0; Win64; x64) AppleWebKit/537.36 (KHTML, like Gecko) Chrome/140.0.0.0 Safari/537.36"
103.87.207.78 - - [23/Sep/2025:07:10:40 +0000] "GET /assets/images/client-img1.png HTTP/1.1" 200 15378 "https://gangasagar-puri-baidyanath.bhaktiroute.in/" "Mozilla/5.0 (Windows NT 10.0; Win64; x64) AppleWebKit/537.36 (KHTML, like Gecko) Chrome/140.0.0.0 Safari/537.36"
103.87.207.78 - - [23/Sep/2025:07:10:41 +0000] "GET /assets/images/client-img2.png HTTP/1.1" 200 21156 "https://gangasagar-puri-baidyanath.bhaktiroute.in/" "Mozilla/5.0 (Windows NT 10.0; Win64; x64) AppleWebKit/537.36 (KHTML, like Gecko) Chrome/140.0.0.0 Safari/537.36"
103.87.207.78 - - [23/Sep/2025:07:10:42 +0000] "GET /assets/images/client-img3.png HTTP/1.1" 200 22736 "https://gangasagar-puri-baidyanath.bhaktiroute.in/" "Mozilla/5.0 (Windows NT 10.0; Win64; x64) AppleWebKit/537.36 (KHTML, like Gecko) Chrome/140.0.0.0 Safari/537.36"
103.87.207.78 - - [23/Sep/2025:07:10:43 +0000] "GET /assets/images/client-img4.png HTTP/1.1" 200 41600 "https://gangasagar-puri-baidyanath.bhaktiroute.in/" "Mozilla/5.0 (Windows NT 10.0; Win64; x64) AppleWebKit/537.36 (KHTML, like Gecko) Chrome/140.0.0.0 Safari/537.36"
103.87.207.78 - - [23/Sep/2025:07:10:43 +0000] "GET /assets/vendors/elementskit-icon-pack/assets/fonts/elementskit.woff?y24e1e HTTP/1.1" 200 442864 "https://gangasagar-puri-baidyanath.bhaktiroute.in/assets/vendors/elementskit-icon-pack/assets/css/ekiticons.css" "Mozilla/5.0 (Windows NT 10.0; Win64; x64) AppleWebKit/537.36 (KHTML, like Gecko) Chrome/140.0.0.0 Safari/537.36"
103.87.207.78 - - [23/Sep/2025:07:10:43 +0000] "GET /assets/images/client-img5.png HTTP/1.1" 200 29434 "https://gangasagar-puri-baidyanath.bhaktiroute.in/" "Mozilla/5.0 (Windows NT 10.0; Win64; x64) AppleWebKit/537.36 (KHTML, like Gecko) Chrome/140.0.0.0 Safari/537.36"
103.87.207.78 - - [23/Sep/2025:07:10:44 +0000] "GET /assets/images/client-img6.png HTTP/1.1" 200 31141 "https://gangasagar-puri-baidyanath.bhaktiroute.in/" "Mozilla/5.0 (Windows NT 10.0; Win64; x64) AppleWebKit/537.36 (KHTML, like Gecko) Chrome/140.0.0.0 Safari/537.36"
103.87.207.78 - - [23/Sep/2025:07:10:44 +0000] "GET /assets/images/places/gangasagar.jpg HTTP/1.1" 200 54251 "https://gangasagar-puri-baidyanath.bhaktiroute.in/" "Mozilla/5.0 (Windows NT 10.0; Win64; x64) AppleWebKit/537.36 (KHTML, like Gecko) Chrome/140.0.0.0 Safari/537.36"
103.87.207.78 - - [23/Sep/2025:07:10:44 +0000] "GET /assets/images/banner-img6.jpg HTTP/1.1" 200 278757 "https://gangasagar-puri-baidyanath.bhaktiroute.in/" "Mozilla/5.0 (Windows NT 10.0; Win64; x64) AppleWebKit/537.36 (KHTML, like Gecko) Chrome/140.0.0.0 Safari/537.36"
103.87.207.78 - - [23/Sep/2025:07:10:45 +0000] "GET /assets/images/places/jagannath-puri.jpg HTTP/1.1" 200 85515 "https://gangasagar-puri-baidyanath.bhaktiroute.in/" "Mozilla/5.0 (Windows NT 10.0; Win64; x64) AppleWebKit/537.36 (KHTML, like Gecko) Chrome/140.0.0.0 Safari/537.36"
103.87.207.78 - - [23/Sep/2025:07:10:46 +0000] "GET /assets/images/img8.png HTTP/1.1" 200 636044 "https://gangasagar-puri-baidyanath.bhaktiroute.in/" "Mozilla/5.0 (Windows NT 10.0; Win64; x64) AppleWebKit/537.36 (KHTML, like Gecko) Chrome/140.0.0.0 Safari/537.36"
103.87.207.78 - - [23/Sep/2025:07:10:47 +0000] "GET /assets/images/img7.jpg HTTP/1.1" 200 364047 "https://gangasagar-puri-baidyanath.bhaktiroute.in/" "Mozilla/5.0 (Windows NT 10.0; Win64; x64) AppleWebKit/537.36 (KHTML, like Gecko) Chrome/140.0.0.0 Safari/537.36"
103.87.207.78 - - [23/Sep/2025:07:10:48 +0000] "GET /assets/images/places/baba-baidyanath.jpg HTTP/1.1" 200 484631 "https://gangasagar-puri-baidyanath.bhaktiroute.in/" "Mozilla/5.0 (Windows NT 10.0; Win64; x64) AppleWebKit/537.36 (KHTML, like Gecko) Chrome/140.0.0.0 Safari/537.36"
103.87.207.78 - - [23/Sep/2025:07:10:50 +0000] "GET /assets/images/favicon.png HTTP/1.1" 200 1551 "https://gangasagar-puri-baidyanath.bhaktiroute.in/" "Mozilla/5.0 (Windows NT 10.0; Win64; x64) AppleWebKit/537.36 (KHTML, like Gecko) Chrome/140.0.0.0 Safari/537.36"
103.87.207.78 - - [23/Sep/2025:07:11:14 +0000] "GET /index.php HTTP/1.1" 200 10995 "https://gangasagar-puri-baidyanath.bhaktiroute.in/" "Mozilla/5.0 (Windows NT 10.0; Win64; x64) AppleWebKit/537.36 (KHTML, like Gecko) Chrome/140.0.0.0 Safari/537.36"
152.58.0.65 - - [23/Sep/2025:07:11:20 +0000] "GET / HTTP/1.1" 200 10968 "-" "Mozilla/5.0 (Linux; Android 10; K) AppleWebKit/537.36 (KHTML, like Gecko) Chrome/140.0.0.0 Mobile Safari/537.36"
202.88.157.200 - - [23/Sep/2025:07:11:20 +0000] "GET /index.php HTTP/1.1" 200 10995 "https://www.google.com/" "Mozilla/5.0 (Windows NT 10.0; Win64; x64) AppleWebKit/537.36 (KHTML, like Gecko) Chrome/139.0.0.0 Safari/537.36"
152.58.0.65 - - [23/Sep/2025:07:11:20 +0000] "GET /assets/vendors/bootstrap/css/bootstrap.min.css HTTP/1.1" 200 23957 "https://gangasagar-puri-baidyanath.bhaktiroute.in/" "Mozilla/5.0 (Linux; Android 10; K) AppleWebKit/537.36 (KHTML, like Gecko) Chrome/140.0.0.0 Mobile Safari/537.36"
152.58.0.65 - - [23/Sep/2025:07:11:20 +0000] "GET /assets/vendors/jquery-ui/jquery-ui.min.css HTTP/1.1" 200 7621 "https://gangasagar-puri-baidyanath.bhaktiroute.in/" "Mozilla/5.0 (Linux; Android 10; K) AppleWebKit/537.36 (KHTML, like Gecko) Chrome/140.0.0.0 Mobile Safari/537.36"
152.58.0.65 - - [23/Sep/2025:07:11:20 +0000] "GET /assets/vendors/fancybox/dist/jquery.fancybox.min.css HTTP/1.1" 200 3108 "https://gangasagar-puri-baidyanath.bhaktiroute.in/" "Mozilla/5.0 (Linux; Android 10; K) AppleWebKit/537.36 (KHTML, like Gecko) Chrome/140.0.0.0 Mobile Safari/537.36"
152.58.0.65 - - [23/Sep/2025:07:11:20 +0000] "GET /assets/vendors/fontawesome/css/all.min.css HTTP/1.1" 200 12425 "https://gangasagar-puri-baidyanath.bhaktiroute.in/" "Mozilla/5.0 (Linux; Android 10; K) AppleWebKit/537.36 (KHTML, like Gecko) Chrome/140.0.0.0 Mobile Safari/537.36"
202.88.157.200 - - [23/Sep/2025:07:11:21 +0000] "GET /assets/vendors/bootstrap/css/bootstrap.min.css HTTP/1.1" 200 23957 "https://gangasagar-puri-baidyanath.bhaktiroute.in/index.php" "Mozilla/5.0 (Windows NT 10.0; Win64; x64) AppleWebKit/537.36 (KHTML, like Gecko) Chrome/139.0.0.0 Safari/537.36"
152.58.0.65 - - [23/Sep/2025:07:11:21 +0000] "GET /assets/vendors/elementskit-icon-pack/assets/css/ekiticons.css HTTP/1.1" 200 12672 "https://gangasagar-puri-baidyanath.bhaktiroute.in/" "Mozilla/5.0 (Linux; Android 10; K) AppleWebKit/537.36 (KHTML, like Gecko) Chrome/140.0.0.0 Mobile Safari/537.36"
152.58.0.65 - - [23/Sep/2025:07:11:21 +0000] "GET /assets/vendors/slick/slick.css HTTP/1.1" 200 589 "https://gangasagar-puri-baidyanath.bhaktiroute.in/" "Mozilla/5.0 (Linux; Android 10; K) AppleWebKit/537.36 (KHTML, like Gecko) Chrome/140.0.0.0 Mobile Safari/537.36"
152.58.0.65 - - [23/Sep/2025:07:11:21 +0000] "GET /assets/vendors/slick/slick-theme.css HTTP/1.1" 200 890 "https://gangasagar-puri-baidyanath.bhaktiroute.in/" "Mozilla/5.0 (Linux; Android 10; K) AppleWebKit/537.36 (KHTML, like Gecko) Chrome/140.0.0.0 Mobile Safari/537.36"
152.58.0.65 - - [23/Sep/2025:07:11:21 +0000] "GET /style.css HTTP/1.1" 200 20557 "https://gangasagar-puri-baidyanath.bhaktiroute.in/" "Mozilla/5.0 (Linux; Android 10; K) AppleWebKit/537.36 (KHTML, like Gecko) Chrome/140.0.0.0 Mobile Safari/537.36"
152.58.0.65 - - [23/Sep/2025:07:11:21 +0000] "GET /assets/images/whatsapp.png HTTP/1.1" 200 1946 "https://gangasagar-puri-baidyanath.bhaktiroute.in/" "Mozilla/5.0 (Linux; Android 10; K) AppleWebKit/537.36 (KHTML, like Gecko) Chrome/140.0.0.0 Mobile Safari/537.36"
152.58.0.65 - - [23/Sep/2025:07:11:21 +0000] "GET /assets/vendors/jquery/jquery.js HTTP/1.1" 200 30960 "https://gangasagar-puri-baidyanath.bhaktiroute.in/" "Mozilla/5.0 (Linux; Android 10; K) AppleWebKit/537.36 (KHTML, like Gecko) Chrome/140.0.0.0 Mobile Safari/537.36"
152.58.0.65 - - [23/Sep/2025:07:11:21 +0000] "GET /assets/images/site-logo.png HTTP/1.1" 200 114858 "https://gangasagar-puri-baidyanath.bhaktiroute.in/" "Mozilla/5.0 (Linux; Android 10; K) AppleWebKit/537.36 (KHTML, like Gecko) Chrome/140.0.0.0 Mobile Safari/537.36"
202.88.157.200 - - [23/Sep/2025:07:11:21 +0000] "GET /assets/vendors/jquery-ui/jquery-ui.min.css HTTP/1.1" 200 7621 "https://gangasagar-puri-baidyanath.bhaktiroute.in/index.php" "Mozilla/5.0 (Windows NT 10.0; Win64; x64) AppleWebKit/537.36 (KHTML, like Gecko) Chrome/139.0.0.0 Safari/537.36"
152.58.0.65 - - [23/Sep/2025:07:11:21 +0000] "GET /assets/vendors/waypoint/waypoints.js HTTP/1.1" 200 3694 "https://gangasagar-puri-baidyanath.bhaktiroute.in/" "Mozilla/5.0 (Linux; Android 10; K) AppleWebKit/537.36 (KHTML, like Gecko) Chrome/140.0.0.0 Mobile Safari/537.36"
152.58.0.65 - - [23/Sep/2025:07:11:21 +0000] "GET /assets/vendors/bootstrap/js/bootstrap.min.js HTTP/1.1" 200 16358 "https://gangasagar-puri-baidyanath.bhaktiroute.in/" "Mozilla/5.0 (Linux; Android 10; K) AppleWebKit/537.36 (KHTML, like Gecko) Chrome/140.0.0.0 Mobile Safari/537.36"
152.58.0.65 - - [23/Sep/2025:07:11:21 +0000] "GET /assets/vendors/countdown-date-loop-counter/loopcounter.js HTTP/1.1" 200 617 "https://gangasagar-puri-baidyanath.bhaktiroute.in/" "Mozilla/5.0 (Linux; Android 10; K) AppleWebKit/537.36 (KHTML, like Gecko) Chrome/140.0.0.0 Mobile Safari/537.36"
152.58.0.65 - - [23/Sep/2025:07:11:21 +0000] "GET /assets/vendors/jquery-ui/jquery-ui.min.js HTTP/1.1" 200 67821 "https://gangasagar-puri-baidyanath.bhaktiroute.in/" "Mozilla/5.0 (Linux; Android 10; K) AppleWebKit/537.36 (KHTML, like Gecko) Chrome/140.0.0.0 Mobile Safari/537.36"
152.58.0.65 - - [23/Sep/2025:07:11:21 +0000] "GET /assets/vendors/fontawesome/webfonts/fa-brands-400.woff2 HTTP/1.1" 200 75936 "https://gangasagar-puri-baidyanath.bhaktiroute.in/assets/vendors/fontawesome/css/all.min.css" "Mozilla/5.0 (Linux; Android 10; K) AppleWebKit/537.36 (KHTML, like Gecko) Chrome/140.0.0.0 Mobile Safari/537.36"
202.88.157.200 - - [23/Sep/2025:07:11:21 +0000] "GET /assets/vendors/fancybox/dist/jquery.fancybox.min.css HTTP/1.1" 200 3108 "https://gangasagar-puri-baidyanath.bhaktiroute.in/index.php" "Mozilla/5.0 (Windows NT 10.0; Win64; x64) AppleWebKit/537.36 (KHTML, like Gecko) Chrome/139.0.0.0 Safari/537.36"
152.58.0.65 - - [23/Sep/2025:07:11:22 +0000] "GET /assets/vendors/fontawesome/webfonts/fa-solid-900.woff2 HTTP/1.1" 200 76084 "https://gangasagar-puri-baidyanath.bhaktiroute.in/assets/vendors/fontawesome/css/all.min.css" "Mozilla/5.0 (Linux; Android 10; K) AppleWebKit/537.36 (KHTML, like Gecko) Chrome/140.0.0.0 Mobile Safari/537.36"
202.88.157.200 - - [23/Sep/2025:07:11:22 +0000] "GET /assets/vendors/fontawesome/css/all.min.css HTTP/1.1" 200 12425 "https://gangasagar-puri-baidyanath.bhaktiroute.in/index.php" "Mozilla/5.0 (Windows NT 10.0; Win64; x64) AppleWebKit/537.36 (KHTML, like Gecko) Chrome/139.0.0.0 Safari/537.36"
202.88.157.200 - - [23/Sep/2025:07:11:22 +0000] "GET /assets/vendors/elementskit-icon-pack/assets/css/ekiticons.css HTTP/1.1" 200 12672 "https://gangasagar-puri-baidyanath.bhaktiroute.in/index.php" "Mozilla/5.0 (Windows NT 10.0; Win64; x64) AppleWebKit/537.36 (KHTML, like Gecko) Chrome/139.0.0.0 Safari/537.36"
202.88.157.200 - - [23/Sep/2025:07:11:22 +0000] "GET /assets/vendors/slick/slick.css HTTP/1.1" 200 589 "https://gangasagar-puri-baidyanath.bhaktiroute.in/index.php" "Mozilla/5.0 (Windows NT 10.0; Win64; x64) AppleWebKit/537.36 (KHTML, like Gecko) Chrome/139.0.0.0 Safari/537.36"
202.88.157.200 - - [23/Sep/2025:07:11:22 +0000] "GET /assets/vendors/slick/slick-theme.css HTTP/1.1" 200 890 "https://gangasagar-puri-baidyanath.bhaktiroute.in/index.php" "Mozilla/5.0 (Windows NT 10.0; Win64; x64) AppleWebKit/537.36 (KHTML, like Gecko) Chrome/139.0.0.0 Safari/537.36"
202.88.157.200 - - [23/Sep/2025:07:11:22 +0000] "GET /style.css HTTP/1.1" 200 20557 "https://gangasagar-puri-baidyanath.bhaktiroute.in/index.php" "Mozilla/5.0 (Windows NT 10.0; Win64; x64) AppleWebKit/537.36 (KHTML, like Gecko) Chrome/139.0.0.0 Safari/537.36"
202.88.157.200 - - [23/Sep/2025:07:11:22 +0000] "GET /assets/images/whatsapp.png HTTP/1.1" 200 1946 "https://gangasagar-puri-baidyanath.bhaktiroute.in/index.php" "Mozilla/5.0 (Windows NT 10.0; Win64; x64) AppleWebKit/537.36 (KHTML, like Gecko) Chrome/139.0.0.0 Safari/537.36"
202.88.157.200 - - [23/Sep/2025:07:11:22 +0000] "GET /assets/images/site-logo.png HTTP/1.1" 200 114858 "https://gangasagar-puri-baidyanath.bhaktiroute.in/index.php" "Mozilla/5.0 (Windows NT 10.0; Win64; x64) AppleWebKit/537.36 (KHTML, like Gecko) Chrome/139.0.0.0 Safari/537.36"
202.88.157.200 - - [23/Sep/2025:07:11:22 +0000] "GET /assets/vendors/jquery/jquery.js HTTP/1.1" 200 30960 "https://gangasagar-puri-baidyanath.bhaktiroute.in/index.php" "Mozilla/5.0 (Windows NT 10.0; Win64; x64) AppleWebKit/537.36 (KHTML, like Gecko) Chrome/139.0.0.0 Safari/537.36"
152.58.0.65 - - [23/Sep/2025:07:11:22 +0000] "GET /assets/vendors/counterup/jquery.counterup.min.js HTTP/1.1" 200 589 "https://gangasagar-puri-baidyanath.bhaktiroute.in/" "Mozilla/5.0 (Linux; Android 10; K) AppleWebKit/537.36 (KHTML, like Gecko) Chrome/140.0.0.0 Mobile Safari/537.36"
202.88.157.200 - - [23/Sep/2025:07:11:22 +0000] "GET /assets/vendors/waypoint/waypoints.js HTTP/1.1" 200 3694 "https://gangasagar-puri-baidyanath.bhaktiroute.in/index.php" "Mozilla/5.0 (Windows NT 10.0; Win64; x64) AppleWebKit/537.36 (KHTML, like Gecko) Chrome/139.0.0.0 Safari/537.36"
152.58.0.65 - - [23/Sep/2025:07:11:23 +0000] "GET /assets/vendors/masonry/masonry.pkgd.min.js HTTP/1.1" 200 7367 "https://gangasagar-puri-baidyanath.bhaktiroute.in/" "Mozilla/5.0 (Linux; Android 10; K) AppleWebKit/537.36 (KHTML, like Gecko) Chrome/140.0.0.0 Mobile Safari/537.36"
152.58.0.65 - - [23/Sep/2025:07:11:23 +0000] "GET /assets/vendors/slick/slick.js HTTP/1.1" 200 15214 "https://gangasagar-puri-baidyanath.bhaktiroute.in/" "Mozilla/5.0 (Linux; Android 10; K) AppleWebKit/537.36 (KHTML, like Gecko) Chrome/140.0.0.0 Mobile Safari/537.36"
202.88.157.200 - - [23/Sep/2025:07:11:23 +0000] "GET /assets/vendors/bootstrap/js/bootstrap.min.js HTTP/1.1" 200 16358 "https://gangasagar-puri-baidyanath.bhaktiroute.in/index.php" "Mozilla/5.0 (Windows NT 10.0; Win64; x64) AppleWebKit/537.36 (KHTML, like Gecko) Chrome/139.0.0.0 Safari/537.36"
152.58.0.65 - - [23/Sep/2025:07:11:23 +0000] "GET /assets/vendors/fancybox/dist/jquery.fancybox.min.js HTTP/1.1" 200 22031 "https://gangasagar-puri-baidyanath.bhaktiroute.in/" "Mozilla/5.0 (Linux; Android 10; K) AppleWebKit/537.36 (KHTML, like Gecko) Chrome/140.0.0.0 Mobile Safari/537.36"
202.88.157.200 - - [23/Sep/2025:07:11:23 +0000] "GET /assets/vendors/jquery-ui/jquery-ui.min.js HTTP/1.1" 200 67821 "https://gangasagar-puri-baidyanath.bhaktiroute.in/index.php" "Mozilla/5.0 (Windows NT 10.0; Win64; x64) AppleWebKit/537.36 (KHTML, like Gecko) Chrome/139.0.0.0 Safari/537.36"
152.58.0.65 - - [23/Sep/2025:07:11:23 +0000] "GET /assets/vendors/slick-nav/jquery.slicknav.js HTTP/1.1" 200 4605 "https://gangasagar-puri-baidyanath.bhaktiroute.in/" "Mozilla/5.0 (Linux; Android 10; K) AppleWebKit/537.36 (KHTML, like Gecko) Chrome/140.0.0.0 Mobile Safari/537.36"
152.58.0.65 - - [23/Sep/2025:07:11:23 +0000] "GET /assets/images/banner-img2.jpg HTTP/1.1" 200 178013 "https://gangasagar-puri-baidyanath.bhaktiroute.in/" "Mozilla/5.0 (Linux; Android 10; K) AppleWebKit/537.36 (KHTML, like Gecko) Chrome/140.0.0.0 Mobile Safari/537.36"
202.88.157.200 - - [23/Sep/2025:07:11:23 +0000] "GET /assets/vendors/countdown-date-loop-counter/loopcounter.js HTTP/1.1" 200 617 "https://gangasagar-puri-baidyanath.bhaktiroute.in/index.php" "Mozilla/5.0 (Windows NT 10.0; Win64; x64) AppleWebKit/537.36 (KHTML, like Gecko) Chrome/139.0.0.0 Safari/537.36"
202.88.157.200 - - [23/Sep/2025:07:11:23 +0000] "GET /assets/vendors/counterup/jquery.counterup.min.js HTTP/1.1" 200 589 "https://gangasagar-puri-baidyanath.bhaktiroute.in/index.php" "Mozilla/5.0 (Windows NT 10.0; Win64; x64) AppleWebKit/537.36 (KHTML, like Gecko) Chrome/139.0.0.0 Safari/537.36"
202.88.157.200 - - [23/Sep/2025:07:11:23 +0000] "GET /assets/vendors/masonry/masonry.pkgd.min.js HTTP/1.1" 200 7367 "https://gangasagar-puri-baidyanath.bhaktiroute.in/index.php" "Mozilla/5.0 (Windows NT 10.0; Win64; x64) AppleWebKit/537.36 (KHTML, like Gecko) Chrome/139.0.0.0 Safari/537.36"
202.88.157.200 - - [23/Sep/2025:07:11:23 +0000] "GET /assets/vendors/slick/slick.js HTTP/1.1" 200 15214 "https://gangasagar-puri-baidyanath.bhaktiroute.in/index.php" "Mozilla/5.0 (Windows NT 10.0; Win64; x64) AppleWebKit/537.36 (KHTML, like Gecko) Chrome/139.0.0.0 Safari/537.36"
202.88.157.200 - - [23/Sep/2025:07:11:23 +0000] "GET /assets/vendors/fancybox/dist/jquery.fancybox.min.js HTTP/1.1" 200 22031 "https://gangasagar-puri-baidyanath.bhaktiroute.in/index.php" "Mozilla/5.0 (Windows NT 10.0; Win64; x64) AppleWebKit/537.36 (KHTML, like Gecko) Chrome/139.0.0.0 Safari/537.36"
152.58.0.65 - - [23/Sep/2025:07:11:23 +0000] "GET /assets/vendors/elementskit-icon-pack/assets/fonts/elementskit.woff?y24e1e HTTP/1.1" 200 442864 "https://gangasagar-puri-baidyanath.bhaktiroute.in/assets/vendors/elementskit-icon-pack/assets/css/ekiticons.css" "Mozilla/5.0 (Linux; Android 10; K) AppleWebKit/537.36 (KHTML, like Gecko) Chrome/140.0.0.0 Mobile Safari/537.36"
202.88.157.200 - - [23/Sep/2025:07:11:23 +0000] "GET /assets/js/custom.js HTTP/1.1" 200 1475 "https://gangasagar-puri-baidyanath.bhaktiroute.in/index.php" "Mozilla/5.0 (Windows NT 10.0; Win64; x64) AppleWebKit/537.36 (KHTML, like Gecko) Chrome/139.0.0.0 Safari/537.36"
202.88.157.200 - - [23/Sep/2025:07:11:23 +0000] "GET /assets/images/savetime.png HTTP/1.1" 200 2451 "https://gangasagar-puri-baidyanath.bhaktiroute.in/index.php" "Mozilla/5.0 (Windows NT 10.0; Win64; x64) AppleWebKit/537.36 (KHTML, like Gecko) Chrome/139.0.0.0 Safari/537.36"
202.88.157.200 - - [23/Sep/2025:07:11:23 +0000] "GET /assets/images/multiple.png HTTP/1.1" 200 2118 "https://gangasagar-puri-baidyanath.bhaktiroute.in/index.php" "Mozilla/5.0 (Windows NT 10.0; Win64; x64) AppleWebKit/537.36 (KHTML, like Gecko) Chrome/139.0.0.0 Safari/537.36"
202.88.157.200 - - [23/Sep/2025:07:11:23 +0000] "GET /assets/vendors/slick-nav/jquery.slicknav.js HTTP/1.1" 200 4605 "https://gangasagar-puri-baidyanath.bhaktiroute.in/index.php" "Mozilla/5.0 (Windows NT 10.0; Win64; x64) AppleWebKit/537.36 (KHTML, like Gecko) Chrome/139.0.0.0 Safari/537.36"
202.88.157.200 - - [23/Sep/2025:07:11:24 +0000] "GET /assets/images/money.png HTTP/1.1" 200 2411 "https://gangasagar-puri-baidyanath.bhaktiroute.in/index.php" "Mozilla/5.0 (Windows NT 10.0; Win64; x64) AppleWebKit/537.36 (KHTML, like Gecko) Chrome/139.0.0.0 Safari/537.36"
202.88.157.200 - - [23/Sep/2025:07:11:24 +0000] "GET /assets/images/trusted.png HTTP/1.1" 200 2617 "https://gangasagar-puri-baidyanath.bhaktiroute.in/index.php" "Mozilla/5.0 (Windows NT 10.0; Win64; x64) AppleWebKit/537.36 (KHTML, like Gecko) Chrome/139.0.0.0 Safari/537.36"
202.88.157.200 - - [23/Sep/2025:07:11:24 +0000] "GET /assets/images/client-img1.png HTTP/1.1" 200 15378 "https://gangasagar-puri-baidyanath.bhaktiroute.in/index.php" "Mozilla/5.0 (Windows NT 10.0; Win64; x64) AppleWebKit/537.36 (KHTML, like Gecko) Chrome/139.0.0.0 Safari/537.36"
202.88.157.200 - - [23/Sep/2025:07:11:24 +0000] "GET /assets/images/client-img2.png HTTP/1.1" 200 21156 "https://gangasagar-puri-baidyanath.bhaktiroute.in/index.php" "Mozilla/5.0 (Windows NT 10.0; Win64; x64) AppleWebKit/537.36 (KHTML, like Gecko) Chrome/139.0.0.0 Safari/537.36"
152.58.0.65 - - [23/Sep/2025:07:11:24 +0000] "GET /assets/js/custom.js HTTP/1.1" 200 1475 "https://gangasagar-puri-baidyanath.bhaktiroute.in/" "Mozilla/5.0 (Linux; Android 10; K) AppleWebKit/537.36 (KHTML, like Gecko) Chrome/140.0.0.0 Mobile Safari/537.36"
202.88.157.200 - - [23/Sep/2025:07:11:24 +0000] "GET /assets/images/client-img3.png HTTP/1.1" 200 22736 "https://gangasagar-puri-baidyanath.bhaktiroute.in/index.php" "Mozilla/5.0 (Windows NT 10.0; Win64; x64) AppleWebKit/537.36 (KHTML, like Gecko) Chrome/139.0.0.0 Safari/537.36"
202.88.157.200 - - [23/Sep/2025:07:11:24 +0000] "GET /assets/images/client-img4.png HTTP/1.1" 200 41600 "https://gangasagar-puri-baidyanath.bhaktiroute.in/index.php" "Mozilla/5.0 (Windows NT 10.0; Win64; x64) AppleWebKit/537.36 (KHTML, like Gecko) Chrome/139.0.0.0 Safari/537.36"
202.88.157.200 - - [23/Sep/2025:07:11:24 +0000] "GET /assets/images/client-img5.png HTTP/1.1" 200 29434 "https://gangasagar-puri-baidyanath.bhaktiroute.in/index.php" "Mozilla/5.0 (Windows NT 10.0; Win64; x64) AppleWebKit/537.36 (KHTML, like Gecko) Chrome/139.0.0.0 Safari/537.36"
152.58.0.65 - - [23/Sep/2025:07:11:24 +0000] "GET /assets/images/savetime.png HTTP/1.1" 200 2451 "https://gangasagar-puri-baidyanath.bhaktiroute.in/" "Mozilla/5.0 (Linux; Android 10; K) AppleWebKit/537.36 (KHTML, like Gecko) Chrome/140.0.0.0 Mobile Safari/537.36"
152.58.0.65 - - [23/Sep/2025:07:11:24 +0000] "GET /assets/images/multiple.png HTTP/1.1" 200 2118 "https://gangasagar-puri-baidyanath.bhaktiroute.in/" "Mozilla/5.0 (Linux; Android 10; K) AppleWebKit/537.36 (KHTML, like Gecko) Chrome/140.0.0.0 Mobile Safari/537.36"
202.88.157.200 - - [23/Sep/2025:07:11:24 +0000] "GET /assets/images/client-img6.png HTTP/1.1" 200 31141 "https://gangasagar-puri-baidyanath.bhaktiroute.in/index.php" "Mozilla/5.0 (Windows NT 10.0; Win64; x64) AppleWebKit/537.36 (KHTML, like Gecko) Chrome/139.0.0.0 Safari/537.36"
202.88.157.200 - - [23/Sep/2025:07:11:24 +0000] "GET /assets/images/img8.png HTTP/1.1" 200 636044 "https://gangasagar-puri-baidyanath.bhaktiroute.in/index.php" "Mozilla/5.0 (Windows NT 10.0; Win64; x64) AppleWebKit/537.36 (KHTML, like Gecko) Chrome/139.0.0.0 Safari/537.36"
