72.14.201.189 - - [21/Sep/2025:14:40:48 +0000] "GET / HTTP/1.1" 200 7475 "https://www.google.com/" "Mozilla/5.0 (Windows NT 10.0; Win64; x64) AppleWebKit/537.36 (KHTML, like Gecko) Chrome/140.0.0.0 Safari/537.36"
93.123.109.247 - - [21/Sep/2025:14:41:50 +0000] "GET /.env HTTP/1.1" 404 196 "-" "Mozilla/5.0 (Linux; Android 9; ONEPLUS A6000) AppleWebKit/537.36 (KHTML, like Gecko) Chrome/76.0.3809.111 Mobile Safari/537.36"
172.253.216.60 - - [21/Sep/2025:14:43:27 +0000] "GET / HTTP/1.1" 200 7475 "-" "Mozilla/5.0 (Windows NT 10.0; Win64; x64) AppleWebKit/537.36 (KHTML, like Gecko) Chrome/140.0.0.0 Safari/537.36"
172.253.216.60 - - [21/Sep/2025:14:43:27 +0000] "GET /assets/css/bootstrap.css HTTP/1.1" 200 23912 "https://htc.triohotels.in/" "Mozilla/5.0 (Windows NT 10.0; Win64; x64) AppleWebKit/537.36 (KHTML, like Gecko) Chrome/140.0.0.0 Safari/537.36"
172.253.7.115 - - [21/Sep/2025:14:43:27 +0000] "GET / HTTP/1.1" 200 7475 "-" "Mozilla/5.0 (Windows NT 10.0; Win64; x64) AppleWebKit/537.36 (KHTML, like Gecko) Chrome/138.0.0.0 Safari/537.36"
172.253.7.115 - - [21/Sep/2025:14:43:27 +0000] "GET /assets/css/bootstrap.css HTTP/1.1" 200 23912 "https://htc.triohotels.in/" "Mozilla/5.0 (Windows NT 10.0; Win64; x64) AppleWebKit/537.36 (KHTML, like Gecko) Chrome/138.0.0.0 Safari/537.36"
172.253.7.126 - - [21/Sep/2025:14:43:27 +0000] "GET /assets/css/meanmenu.css HTTP/1.1" 200 922 "https://htc.triohotels.in/" "Mozilla/5.0 (Windows NT 10.0; Win64; x64) AppleWebKit/537.36 (KHTML, like Gecko) Chrome/140.0.0.0 Safari/537.36"
172.253.216.53 - - [21/Sep/2025:14:43:27 +0000] "GET /assets/css/animate.min.css HTTP/1.1" 200 5008 "https://htc.triohotels.in/" "Mozilla/5.0 (Windows NT 10.0; Win64; x64) AppleWebKit/537.36 (KHTML, like Gecko) Chrome/140.0.0.0 Safari/537.36"
172.253.7.121 - - [21/Sep/2025:14:43:27 +0000] "GET /assets/css/swiper-bundle.css HTTP/1.1" 200 4417 "https://htc.triohotels.in/" "Mozilla/5.0 (Windows NT 10.0; Win64; x64) AppleWebKit/537.36 (KHTML, like Gecko) Chrome/140.0.0.0 Safari/537.36"
172.253.216.60 - - [21/Sep/2025:14:43:27 +0000] "GET /assets/css/slick.css HTTP/1.1" 200 581 "https://htc.triohotels.in/" "Mozilla/5.0 (Windows NT 10.0; Win64; x64) AppleWebKit/537.36 (KHTML, like Gecko) Chrome/140.0.0.0 Safari/537.36"
172.253.216.62 - - [21/Sep/2025:14:43:27 +0000] "GET /assets/css/nouislider.css HTTP/1.1" 200 1598 "https://htc.triohotels.in/" "Mozilla/5.0 (Windows NT 10.0; Win64; x64) AppleWebKit/537.36 (KHTML, like Gecko) Chrome/140.0.0.0 Safari/537.36"
74.125.184.178 - - [21/Sep/2025:14:43:27 +0000] "GET /assets/css/jquery-ui.min.css HTTP/1.1" 200 7619 "https://htc.triohotels.in/" "Mozilla/5.0 (Windows NT 10.0; Win64; x64) AppleWebKit/537.36 (KHTML, like Gecko) Chrome/140.0.0.0 Safari/537.36"
172.253.7.126 - - [21/Sep/2025:14:43:28 +0000] "GET /assets/css/backtotop.css HTTP/1.1" 200 504 "https://htc.triohotels.in/" "Mozilla/5.0 (Windows NT 10.0; Win64; x64) AppleWebKit/537.36 (KHTML, like Gecko) Chrome/140.0.0.0 Safari/537.36"
172.253.216.53 - - [21/Sep/2025:14:43:28 +0000] "GET /assets/css/magnific-popup.css HTTP/1.1" 200 1828 "https://htc.triohotels.in/" "Mozilla/5.0 (Windows NT 10.0; Win64; x64) AppleWebKit/537.36 (KHTML, like Gecko) Chrome/140.0.0.0 Safari/537.36"
172.253.7.121 - - [21/Sep/2025:14:43:28 +0000] "GET /assets/css/nice-select.css HTTP/1.1" 200 964 "https://htc.triohotels.in/" "Mozilla/5.0 (Windows NT 10.0; Win64; x64) AppleWebKit/537.36 (KHTML, like Gecko) Chrome/140.0.0.0 Safari/537.36"
172.253.216.60 - - [21/Sep/2025:14:43:28 +0000] "GET /assets/css/flaticon_royel.css HTTP/1.1" 200 565 "https://htc.triohotels.in/" "Mozilla/5.0 (Windows NT 10.0; Win64; x64) AppleWebKit/537.36 (KHTML, like Gecko) Chrome/140.0.0.0 Safari/537.36"
74.125.184.178 - - [21/Sep/2025:14:43:28 +0000] "GET /assets/css/spacing.css HTTP/1.1" 200 2142 "https://htc.triohotels.in/" "Mozilla/5.0 (Windows NT 10.0; Win64; x64) AppleWebKit/537.36 (KHTML, like Gecko) Chrome/140.0.0.0 Safari/537.36"
172.253.216.59 - - [21/Sep/2025:14:43:28 +0000] "GET /assets/css/meanmenu.css HTTP/1.1" 200 922 "https://htc.triohotels.in/" "Mozilla/5.0 (Windows NT 10.0; Win64; x64) AppleWebKit/537.36 (KHTML, like Gecko) Chrome/138.0.0.0 Safari/537.36"
172.253.216.54 - - [21/Sep/2025:14:43:28 +0000] "GET /assets/css/animate.min.css HTTP/1.1" 200 5008 "https://htc.triohotels.in/" "Mozilla/5.0 (Windows NT 10.0; Win64; x64) AppleWebKit/537.36 (KHTML, like Gecko) Chrome/138.0.0.0 Safari/537.36"
74.125.184.185 - - [21/Sep/2025:14:43:28 +0000] "GET /assets/css/swiper-bundle.css HTTP/1.1" 200 4417 "https://htc.triohotels.in/" "Mozilla/5.0 (Windows NT 10.0; Win64; x64) AppleWebKit/537.36 (KHTML, like Gecko) Chrome/138.0.0.0 Safari/537.36"
172.253.216.63 - - [21/Sep/2025:14:43:28 +0000] "GET /assets/css/slick.css HTTP/1.1" 200 581 "https://htc.triohotels.in/" "Mozilla/5.0 (Windows NT 10.0; Win64; x64) AppleWebKit/537.36 (KHTML, like Gecko) Chrome/138.0.0.0 Safari/537.36"
172.253.216.59 - - [21/Sep/2025:14:43:28 +0000] "GET /assets/css/nouislider.css HTTP/1.1" 200 1598 "https://htc.triohotels.in/" "Mozilla/5.0 (Windows NT 10.0; Win64; x64) AppleWebKit/537.36 (KHTML, like Gecko) Chrome/138.0.0.0 Safari/537.36"
172.253.7.115 - - [21/Sep/2025:14:43:28 +0000] "GET /assets/css/jquery-ui.min.css HTTP/1.1" 200 7619 "https://htc.triohotels.in/" "Mozilla/5.0 (Windows NT 10.0; Win64; x64) AppleWebKit/537.36 (KHTML, like Gecko) Chrome/138.0.0.0 Safari/537.36"
172.253.7.126 - - [21/Sep/2025:14:43:28 +0000] "GET /assets/css/main.css HTTP/1.1" 200 28223 "https://htc.triohotels.in/" "Mozilla/5.0 (Windows NT 10.0; Win64; x64) AppleWebKit/537.36 (KHTML, like Gecko) Chrome/140.0.0.0 Safari/537.36"
74.125.184.178 - - [21/Sep/2025:14:43:28 +0000] "GET /assets/img/logo/preloader.png HTTP/1.1" 200 5035 "https://htc.triohotels.in/" "Mozilla/5.0 (Windows NT 10.0; Win64; x64) AppleWebKit/537.36 (KHTML, like Gecko) Chrome/140.0.0.0 Safari/537.36"
172.253.216.60 - - [21/Sep/2025:14:43:28 +0000] "GET /assets/img/logo/logo.png HTTP/1.1" 200 5232 "https://htc.triohotels.in/" "Mozilla/5.0 (Windows NT 10.0; Win64; x64) AppleWebKit/537.36 (KHTML, like Gecko) Chrome/140.0.0.0 Safari/537.36"
172.253.216.59 - - [21/Sep/2025:14:43:28 +0000] "GET /assets/css/backtotop.css HTTP/1.1" 200 504 "https://htc.triohotels.in/" "Mozilla/5.0 (Windows NT 10.0; Win64; x64) AppleWebKit/537.36 (KHTML, like Gecko) Chrome/138.0.0.0 Safari/537.36"
172.253.216.54 - - [21/Sep/2025:14:43:28 +0000] "GET /assets/css/magnific-popup.css HTTP/1.1" 200 1828 "https://htc.triohotels.in/" "Mozilla/5.0 (Windows NT 10.0; Win64; x64) AppleWebKit/537.36 (KHTML, like Gecko) Chrome/138.0.0.0 Safari/537.36"
74.125.184.185 - - [21/Sep/2025:14:43:28 +0000] "GET /assets/css/nice-select.css HTTP/1.1" 200 964 "https://htc.triohotels.in/" "Mozilla/5.0 (Windows NT 10.0; Win64; x64) AppleWebKit/537.36 (KHTML, like Gecko) Chrome/138.0.0.0 Safari/537.36"
172.253.216.63 - - [21/Sep/2025:14:43:28 +0000] "GET /assets/css/flaticon_royel.css HTTP/1.1" 200 565 "https://htc.triohotels.in/" "Mozilla/5.0 (Windows NT 10.0; Win64; x64) AppleWebKit/537.36 (KHTML, like Gecko) Chrome/138.0.0.0 Safari/537.36"
172.253.7.115 - - [21/Sep/2025:14:43:28 +0000] "GET /assets/css/spacing.css HTTP/1.1" 200 2142 "https://htc.triohotels.in/" "Mozilla/5.0 (Windows NT 10.0; Win64; x64) AppleWebKit/537.36 (KHTML, like Gecko) Chrome/138.0.0.0 Safari/537.36"
172.253.216.62 - - [21/Sep/2025:14:43:28 +0000] "GET /assets/css/font-awesome-pro.css HTTP/1.1" 200 77984 "https://htc.triohotels.in/" "Mozilla/5.0 (Windows NT 10.0; Win64; x64) AppleWebKit/537.36 (KHTML, like Gecko) Chrome/140.0.0.0 Safari/537.36"
172.253.216.59 - - [21/Sep/2025:14:43:28 +0000] "GET /assets/css/main.css HTTP/1.1" 200 28223 "https://htc.triohotels.in/" "Mozilla/5.0 (Windows NT 10.0; Win64; x64) AppleWebKit/537.36 (KHTML, like Gecko) Chrome/138.0.0.0 Safari/537.36"
172.253.216.63 - - [21/Sep/2025:14:43:28 +0000] "GET /assets/img/logo/logo.png HTTP/1.1" 200 5232 "https://htc.triohotels.in/" "Mozilla/5.0 (Windows NT 10.0; Win64; x64) AppleWebKit/537.36 (KHTML, like Gecko) Chrome/138.0.0.0 Safari/537.36"
172.253.7.115 - - [21/Sep/2025:14:43:29 +0000] "GET /assets/img/logo/preloader.png HTTP/1.1" 200 5035 "https://htc.triohotels.in/" "Mozilla/5.0 (Windows NT 10.0; Win64; x64) AppleWebKit/537.36 (KHTML, like Gecko) Chrome/138.0.0.0 Safari/537.36"
172.253.7.126 - - [21/Sep/2025:14:43:29 +0000] "GET /assets/js/vendor/jquery.js HTTP/1.1" 200 30960 "https://htc.triohotels.in/" "Mozilla/5.0 (Windows NT 10.0; Win64; x64) AppleWebKit/537.36 (KHTML, like Gecko) Chrome/140.0.0.0 Safari/537.36"
172.253.7.121 - - [21/Sep/2025:14:43:29 +0000] "GET /assets/js/bootstrap-bundle.js HTTP/1.1" 200 23028 "https://htc.triohotels.in/" "Mozilla/5.0 (Windows NT 10.0; Win64; x64) AppleWebKit/537.36 (KHTML, like Gecko) Chrome/140.0.0.0 Safari/537.36"
172.253.216.53 - - [21/Sep/2025:14:43:29 +0000] "GET /assets/js/meanmenu.js HTTP/1.1" 200 3455 "https://htc.triohotels.in/" "Mozilla/5.0 (Windows NT 10.0; Win64; x64) AppleWebKit/537.36 (KHTML, like Gecko) Chrome/140.0.0.0 Safari/537.36"
172.253.216.59 - - [21/Sep/2025:14:43:29 +0000] "GET /assets/css/font-awesome-pro.css HTTP/1.1" 200 77984 "https://htc.triohotels.in/" "Mozilla/5.0 (Windows NT 10.0; Win64; x64) AppleWebKit/537.36 (KHTML, like Gecko) Chrome/138.0.0.0 Safari/537.36"
74.125.184.178 - - [21/Sep/2025:14:43:29 +0000] "GET /assets/img/bg/welcome-bg-2.jpg HTTP/1.1" 200 178579 "https://htc.triohotels.in/" "Mozilla/5.0 (Windows NT 10.0; Win64; x64) AppleWebKit/537.36 (KHTML, like Gecko) Chrome/140.0.0.0 Safari/537.36"
172.253.216.53 - - [21/Sep/2025:14:43:29 +0000] "GET /assets/js/slick.js HTTP/1.1" 200 11319 "https://htc.triohotels.in/" "Mozilla/5.0 (Windows NT 10.0; Win64; x64) AppleWebKit/537.36 (KHTML, like Gecko) Chrome/140.0.0.0 Safari/537.36"
172.253.216.62 - - [21/Sep/2025:14:43:29 +0000] "GET /assets/img/bg/welcome-bg-3.jpg HTTP/1.1" 200 168597 "https://htc.triohotels.in/" "Mozilla/5.0 (Windows NT 10.0; Win64; x64) AppleWebKit/537.36 (KHTML, like Gecko) Chrome/140.0.0.0 Safari/537.36"
172.253.216.59 - - [21/Sep/2025:14:43:29 +0000] "GET /assets/js/vendor/jquery.js HTTP/1.1" 200 30960 "https://htc.triohotels.in/" "Mozilla/5.0 (Windows NT 10.0; Win64; x64) AppleWebKit/537.36 (KHTML, like Gecko) Chrome/138.0.0.0 Safari/537.36"
172.253.216.54 - - [21/Sep/2025:14:43:29 +0000] "GET /assets/js/meanmenu.js HTTP/1.1" 200 3455 "https://htc.triohotels.in/" "Mozilla/5.0 (Windows NT 10.0; Win64; x64) AppleWebKit/537.36 (KHTML, like Gecko) Chrome/138.0.0.0 Safari/537.36"
74.125.184.185 - - [21/Sep/2025:14:43:29 +0000] "GET /assets/js/bootstrap-bundle.js HTTP/1.1" 200 23028 "https://htc.triohotels.in/" "Mozilla/5.0 (Windows NT 10.0; Win64; x64) AppleWebKit/537.36 (KHTML, like Gecko) Chrome/138.0.0.0 Safari/537.36"
172.253.7.115 - - [21/Sep/2025:14:43:29 +0000] "GET /assets/img/bg/welcome-bg-2.jpg HTTP/1.1" 200 178579 "https://htc.triohotels.in/" "Mozilla/5.0 (Windows NT 10.0; Win64; x64) AppleWebKit/537.36 (KHTML, like Gecko) Chrome/138.0.0.0 Safari/537.36"
172.253.7.126 - - [21/Sep/2025:14:43:29 +0000] "GET /assets/js/swiper-bundle.js HTTP/1.1" 200 37648 "https://htc.triohotels.in/" "Mozilla/5.0 (Windows NT 10.0; Win64; x64) AppleWebKit/537.36 (KHTML, like Gecko) Chrome/140.0.0.0 Safari/537.36"
172.253.7.121 - - [21/Sep/2025:14:43:29 +0000] "GET /assets/js/magnific-popup.js HTTP/1.1" 200 7359 "https://htc.triohotels.in/" "Mozilla/5.0 (Windows NT 10.0; Win64; x64) AppleWebKit/537.36 (KHTML, like Gecko) Chrome/140.0.0.0 Safari/537.36"
172.253.216.53 - - [21/Sep/2025:14:43:29 +0000] "GET /assets/js/nice-select.js HTTP/1.1" 200 1048 "https://htc.triohotels.in/" "Mozilla/5.0 (Windows NT 10.0; Win64; x64) AppleWebKit/537.36 (KHTML, like Gecko) Chrome/140.0.0.0 Safari/537.36"
172.253.216.62 - - [21/Sep/2025:14:43:29 +0000] "GET /assets/js/backtotop.js HTTP/1.1" 200 459 "https://htc.triohotels.in/" "Mozilla/5.0 (Windows NT 10.0; Win64; x64) AppleWebKit/537.36 (KHTML, like Gecko) Chrome/140.0.0.0 Safari/537.36"
172.253.216.54 - - [21/Sep/2025:14:43:29 +0000] "GET /assets/js/slick.js HTTP/1.1" 200 11319 "https://htc.triohotels.in/" "Mozilla/5.0 (Windows NT 10.0; Win64; x64) AppleWebKit/537.36 (KHTML, like Gecko) Chrome/138.0.0.0 Safari/537.36"
172.253.216.59 - - [21/Sep/2025:14:43:29 +0000] "GET /assets/img/bg/welcome-bg-3.jpg HTTP/1.1" 200 168597 "https://htc.triohotels.in/" "Mozilla/5.0 (Windows NT 10.0; Win64; x64) AppleWebKit/537.36 (KHTML, like Gecko) Chrome/138.0.0.0 Safari/537.36"
172.253.7.121 - - [21/Sep/2025:14:43:30 +0000] "GET /assets/fonts/flaticon_royel.ttf?6a84a3bb1e04c1e7f840bd4df1115600 HTTP/1.1" 200 10412 "https://htc.triohotels.in/assets/css/flaticon_royel.css" "Mozilla/5.0 (Windows NT 10.0; Win64; x64) AppleWebKit/537.36 (KHTML, like Gecko) Chrome/140.0.0.0 Safari/537.36"
172.253.216.62 - - [21/Sep/2025:14:43:30 +0000] "GET /assets/fonts/fa-brands-400.woff2 HTTP/1.1" 200 104740 "https://htc.triohotels.in/assets/css/font-awesome-pro.css" "Mozilla/5.0 (Windows NT 10.0; Win64; x64) AppleWebKit/537.36 (KHTML, like Gecko) Chrome/140.0.0.0 Safari/537.36"
172.253.216.59 - - [21/Sep/2025:14:43:30 +0000] "GET /assets/js/swiper-bundle.js HTTP/1.1" 200 37648 "https://htc.triohotels.in/" "Mozilla/5.0 (Windows NT 10.0; Win64; x64) AppleWebKit/537.36 (KHTML, like Gecko) Chrome/138.0.0.0 Safari/537.36"
172.253.216.59 - - [21/Sep/2025:14:43:30 +0000] "GET /assets/fonts/flaticon_royel.ttf?6a84a3bb1e04c1e7f840bd4df1115600 HTTP/1.1" 200 10412 "https://htc.triohotels.in/assets/css/flaticon_royel.css" "Mozilla/5.0 (Windows NT 10.0; Win64; x64) AppleWebKit/537.36 (KHTML, like Gecko) Chrome/138.0.0.0 Safari/537.36"
172.253.7.126 - - [21/Sep/2025:14:43:30 +0000] "GET /assets/fonts/fa-regular-400.woff2 HTTP/1.1" 200 357732 "https://htc.triohotels.in/assets/css/font-awesome-pro.css" "Mozilla/5.0 (Windows NT 10.0; Win64; x64) AppleWebKit/537.36 (KHTML, like Gecko) Chrome/140.0.0.0 Safari/537.36"
172.253.216.60 - - [21/Sep/2025:14:43:30 +0000] "GET /assets/img/bg/room-view.jpg HTTP/1.1" 200 1975874 "https://htc.triohotels.in/" "Mozilla/5.0 (Windows NT 10.0; Win64; x64) AppleWebKit/537.36 (KHTML, like Gecko) Chrome/140.0.0.0 Safari/537.36"
74.125.184.178 - - [21/Sep/2025:14:43:30 +0000] "GET /assets/fonts/fa-solid-900.woff2 HTTP/1.1" 200 303544 "https://htc.triohotels.in/assets/css/font-awesome-pro.css" "Mozilla/5.0 (Windows NT 10.0; Win64; x64) AppleWebKit/537.36 (KHTML, like Gecko) Chrome/140.0.0.0 Safari/537.36"
172.253.216.59 - - [21/Sep/2025:14:43:30 +0000] "GET /assets/fonts/fa-brands-400.woff2 HTTP/1.1" 200 104740 "https://htc.triohotels.in/assets/css/font-awesome-pro.css" "Mozilla/5.0 (Windows NT 10.0; Win64; x64) AppleWebKit/537.36 (KHTML, like Gecko) Chrome/138.0.0.0 Safari/537.36"
172.253.7.115 - - [21/Sep/2025:14:43:30 +0000] "GET /assets/fonts/fa-light-300.woff2 HTTP/1.1" 200 392136 "https://htc.triohotels.in/assets/css/font-awesome-pro.css" "Mozilla/5.0 (Windows NT 10.0; Win64; x64) AppleWebKit/537.36 (KHTML, like Gecko) Chrome/138.0.0.0 Safari/537.36"
172.253.216.54 - - [21/Sep/2025:14:43:30 +0000] "GET /assets/fonts/fa-solid-900.woff2 HTTP/1.1" 200 303544 "https://htc.triohotels.in/assets/css/font-awesome-pro.css" "Mozilla/5.0 (Windows NT 10.0; Win64; x64) AppleWebKit/537.36 (KHTML, like Gecko) Chrome/138.0.0.0 Safari/537.36"
172.253.216.59 - - [21/Sep/2025:14:43:30 +0000] "GET /assets/fonts/fa-thin-100.woff2 HTTP/1.1" 200 426420 "https://htc.triohotels.in/assets/css/font-awesome-pro.css" "Mozilla/5.0 (Windows NT 10.0; Win64; x64) AppleWebKit/537.36 (KHTML, like Gecko) Chrome/138.0.0.0 Safari/537.36"
172.253.7.126 - - [21/Sep/2025:14:43:30 +0000] "GET /assets/js/sidebar.js HTTP/1.1" 200 507 "https://htc.triohotels.in/" "Mozilla/5.0 (Windows NT 10.0; Win64; x64) AppleWebKit/537.36 (KHTML, like Gecko) Chrome/140.0.0.0 Safari/537.36"
74.125.184.178 - - [21/Sep/2025:14:43:30 +0000] "GET /assets/js/isotope-pkgd.js HTTP/1.1" 200 9876 "https://htc.triohotels.in/" "Mozilla/5.0 (Windows NT 10.0; Win64; x64) AppleWebKit/537.36 (KHTML, like Gecko) Chrome/140.0.0.0 Safari/537.36"
172.253.216.53 - - [21/Sep/2025:14:43:31 +0000] "GET /assets/fonts/fa-light-300.woff2 HTTP/1.1" 200 392136 "https://htc.triohotels.in/assets/css/font-awesome-pro.css" "Mozilla/5.0 (Windows NT 10.0; Win64; x64) AppleWebKit/537.36 (KHTML, like Gecko) Chrome/140.0.0.0 Safari/537.36"
74.125.184.185 - - [21/Sep/2025:14:43:31 +0000] "GET /assets/fonts/fa-regular-400.woff2 HTTP/1.1" 200 357732 "https://htc.triohotels.in/assets/css/font-awesome-pro.css" "Mozilla/5.0 (Windows NT 10.0; Win64; x64) AppleWebKit/537.36 (KHTML, like Gecko) Chrome/138.0.0.0 Safari/537.36"
172.253.216.63 - - [21/Sep/2025:14:43:31 +0000] "GET /assets/img/bg/room-view.jpg HTTP/1.1" 200 1975883 "https://htc.triohotels.in/" "Mozilla/5.0 (Windows NT 10.0; Win64; x64) AppleWebKit/537.36 (KHTML, like Gecko) Chrome/138.0.0.0 Safari/537.36"
172.253.7.126 - - [21/Sep/2025:14:43:31 +0000] "GET /assets/js/imagesloaded-pkgd.js HTTP/1.1" 200 1822 "https://htc.triohotels.in/" "Mozilla/5.0 (Windows NT 10.0; Win64; x64) AppleWebKit/537.36 (KHTML, like Gecko) Chrome/140.0.0.0 Safari/537.36"
74.125.184.178 - - [21/Sep/2025:14:43:31 +0000] "GET /assets/js/ajax-form.js HTTP/1.1" 200 516 "https://htc.triohotels.in/" "Mozilla/5.0 (Windows NT 10.0; Win64; x64) AppleWebKit/537.36 (KHTML, like Gecko) Chrome/140.0.0.0 Safari/537.36"
172.253.7.121 - - [21/Sep/2025:14:43:31 +0000] "GET /assets/fonts/fa-thin-100.woff2 HTTP/1.1" 200 426420 "https://htc.triohotels.in/assets/css/font-awesome-pro.css" "Mozilla/5.0 (Windows NT 10.0; Win64; x64) AppleWebKit/537.36 (KHTML, like Gecko) Chrome/140.0.0.0 Safari/537.36"
74.125.184.185 - - [21/Sep/2025:14:43:31 +0000] "GET /assets/js/magnific-popup.js HTTP/1.1" 200 7359 "https://htc.triohotels.in/" "Mozilla/5.0 (Windows NT 10.0; Win64; x64) AppleWebKit/537.36 (KHTML, like Gecko) Chrome/138.0.0.0 Safari/537.36"
172.253.216.59 - - [21/Sep/2025:14:43:31 +0000] "GET /assets/js/isotope-pkgd.js HTTP/1.1" 200 9876 "https://htc.triohotels.in/" "Mozilla/5.0 (Windows NT 10.0; Win64; x64) AppleWebKit/537.36 (KHTML, like Gecko) Chrome/138.0.0.0 Safari/537.36"
172.253.7.115 - - [21/Sep/2025:14:43:31 +0000] "GET /assets/js/backtotop.js HTTP/1.1" 200 459 "https://htc.triohotels.in/" "Mozilla/5.0 (Windows NT 10.0; Win64; x64) AppleWebKit/537.36 (KHTML, like Gecko) Chrome/138.0.0.0 Safari/537.36"
172.253.216.54 - - [21/Sep/2025:14:43:31 +0000] "GET /assets/js/nice-select.js HTTP/1.1" 200 1048 "https://htc.triohotels.in/" "Mozilla/5.0 (Windows NT 10.0; Win64; x64) AppleWebKit/537.36 (KHTML, like Gecko) Chrome/138.0.0.0 Safari/537.36"
172.253.216.59 - - [21/Sep/2025:14:43:31 +0000] "GET /assets/js/sidebar.js HTTP/1.1" 200 507 "https://htc.triohotels.in/" "Mozilla/5.0 (Windows NT 10.0; Win64; x64) AppleWebKit/537.36 (KHTML, like Gecko) Chrome/138.0.0.0 Safari/537.36"
172.253.7.126 - - [21/Sep/2025:14:43:31 +0000] "GET /assets/js/jquery-ui.min.js HTTP/1.1" 200 67610 "https://htc.triohotels.in/" "Mozilla/5.0 (Windows NT 10.0; Win64; x64) AppleWebKit/537.36 (KHTML, like Gecko) Chrome/140.0.0.0 Safari/537.36"
74.125.184.178 - - [21/Sep/2025:14:43:31 +0000] "GET /assets/js/settings.js HTTP/1.1" 200 2225 "https://htc.triohotels.in/" "Mozilla/5.0 (Windows NT 10.0; Win64; x64) AppleWebKit/537.36 (KHTML, like Gecko) Chrome/140.0.0.0 Safari/537.36"
172.253.216.53 - - [21/Sep/2025:14:43:31 +0000] "GET /assets/js/wow.min.js HTTP/1.1" 200 2837 "https://htc.triohotels.in/" "Mozilla/5.0 (Windows NT 10.0; Win64; x64) AppleWebKit/537.36 (KHTML, like Gecko) Chrome/140.0.0.0 Safari/537.36"
172.253.216.62 - - [21/Sep/2025:14:43:31 +0000] "GET /assets/img/gallery/pool.jpg HTTP/1.1" 200 319047 "https://htc.triohotels.in/" "Mozilla/5.0 (Windows NT 10.0; Win64; x64) AppleWebKit/537.36 (KHTML, like Gecko) Chrome/140.0.0.0 Safari/537.36"
172.253.216.60 - - [21/Sep/2025:14:43:31 +0000] "GET /assets/js/main.js HTTP/1.1" 200 4360 "https://htc.triohotels.in/" "Mozilla/5.0 (Windows NT 10.0; Win64; x64) AppleWebKit/537.36 (KHTML, like Gecko) Chrome/140.0.0.0 Safari/537.36"
74.125.184.185 - - [21/Sep/2025:14:43:31 +0000] "GET /assets/js/imagesloaded-pkgd.js HTTP/1.1" 200 1822 "https://htc.triohotels.in/" "Mozilla/5.0 (Windows NT 10.0; Win64; x64) AppleWebKit/537.36 (KHTML, like Gecko) Chrome/138.0.0.0 Safari/537.36"
172.253.216.59 - - [21/Sep/2025:14:43:31 +0000] "GET /assets/js/ajax-form.js HTTP/1.1" 200 516 "https://htc.triohotels.in/" "Mozilla/5.0 (Windows NT 10.0; Win64; x64) AppleWebKit/537.36 (KHTML, like Gecko) Chrome/138.0.0.0 Safari/537.36"
172.253.216.54 - - [21/Sep/2025:14:43:31 +0000] "GET /assets/js/settings.js HTTP/1.1" 200 2225 "https://htc.triohotels.in/" "Mozilla/5.0 (Windows NT 10.0; Win64; x64) AppleWebKit/537.36 (KHTML, like Gecko) Chrome/138.0.0.0 Safari/537.36"
172.253.216.59 - - [21/Sep/2025:14:43:31 +0000] "GET /assets/js/wow.min.js HTTP/1.1" 200 2837 "https://htc.triohotels.in/" "Mozilla/5.0 (Windows NT 10.0; Win64; x64) AppleWebKit/537.36 (KHTML, like Gecko) Chrome/138.0.0.0 Safari/537.36"
172.253.7.115 - - [21/Sep/2025:14:43:31 +0000] "GET /assets/js/jquery-ui.min.js HTTP/1.1" 200 67610 "https://htc.triohotels.in/" "Mozilla/5.0 (Windows NT 10.0; Win64; x64) AppleWebKit/537.36 (KHTML, like Gecko) Chrome/138.0.0.0 Safari/537.36"
172.253.216.63 - - [21/Sep/2025:14:43:31 +0000] "GET /assets/js/main.js HTTP/1.1" 200 4360 "https://htc.triohotels.in/" "Mozilla/5.0 (Windows NT 10.0; Win64; x64) AppleWebKit/537.36 (KHTML, like Gecko) Chrome/138.0.0.0 Safari/537.36"
172.253.216.53 - - [21/Sep/2025:14:43:31 +0000] "GET /assets/img/gallery/fitness.jpg HTTP/1.1" 200 357710 "https://htc.triohotels.in/" "Mozilla/5.0 (Windows NT 10.0; Win64; x64) AppleWebKit/537.36 (KHTML, like Gecko) Chrome/140.0.0.0 Safari/537.36"
172.253.7.121 - - [21/Sep/2025:14:43:31 +0000] "GET /assets/img/gallery/parking.jpg HTTP/1.1" 200 604310 "https://htc.triohotels.in/" "Mozilla/5.0 (Windows NT 10.0; Win64; x64) AppleWebKit/537.36 (KHTML, like Gecko) Chrome/140.0.0.0 Safari/537.36"
74.125.184.185 - - [21/Sep/2025:14:43:31 +0000] "GET /assets/img/gallery/pool.jpg HTTP/1.1" 200 319047 "https://htc.triohotels.in/" "Mozilla/5.0 (Windows NT 10.0; Win64; x64) AppleWebKit/537.36 (KHTML, like Gecko) Chrome/138.0.0.0 Safari/537.36"
172.253.216.60 - - [21/Sep/2025:14:43:31 +0000] "GET /assets/img/gallery/laundry.jpg HTTP/1.1" 200 183829 "https://htc.triohotels.in/" "Mozilla/5.0 (Windows NT 10.0; Win64; x64) AppleWebKit/537.36 (KHTML, like Gecko) Chrome/140.0.0.0 Safari/537.36"
172.253.216.63 - - [21/Sep/2025:14:43:31 +0000] "GET /assets/img/gallery/laundry.jpg HTTP/1.1" 200 183829 "https://htc.triohotels.in/" "Mozilla/5.0 (Windows NT 10.0; Win64; x64) AppleWebKit/537.36 (KHTML, like Gecko) Chrome/138.0.0.0 Safari/537.36"
172.253.7.115 - - [21/Sep/2025:14:43:31 +0000] "GET /assets/img/gallery/fitness.jpg HTTP/1.1" 200 357710 "https://htc.triohotels.in/" "Mozilla/5.0 (Windows NT 10.0; Win64; x64) AppleWebKit/537.36 (KHTML, like Gecko) Chrome/138.0.0.0 Safari/537.36"
172.253.216.59 - - [21/Sep/2025:14:43:31 +0000] "GET /assets/img/gallery/business-center.jpg HTTP/1.1" 200 812959 "https://htc.triohotels.in/" "Mozilla/5.0 (Windows NT 10.0; Win64; x64) AppleWebKit/537.36 (KHTML, like Gecko) Chrome/138.0.0.0 Safari/537.36"
172.253.7.126 - - [21/Sep/2025:14:43:32 +0000] "GET /assets/img/gallery/help-desk.jpg HTTP/1.1" 200 386084 "https://htc.triohotels.in/" "Mozilla/5.0 (Windows NT 10.0; Win64; x64) AppleWebKit/537.36 (KHTML, like Gecko) Chrome/140.0.0.0 Safari/537.36"
74.125.184.178 - - [21/Sep/2025:14:43:32 +0000] "GET /assets/img/gallery/business-center.jpg HTTP/1.1" 200 812959 "https://htc.triohotels.in/" "Mozilla/5.0 (Windows NT 10.0; Win64; x64) AppleWebKit/537.36 (KHTML, like Gecko) Chrome/140.0.0.0 Safari/537.36"
172.253.216.53 - - [21/Sep/2025:14:43:32 +0000] "GET /assets/img/room/1.jpg HTTP/1.1" 200 232239 "https://htc.triohotels.in/" "Mozilla/5.0 (Windows NT 10.0; Win64; x64) AppleWebKit/537.36 (KHTML, like Gecko) Chrome/140.0.0.0 Safari/537.36"
172.253.7.121 - - [21/Sep/2025:14:43:32 +0000] "GET /assets/img/room/2.jpg HTTP/1.1" 200 72014 "https://htc.triohotels.in/" "Mozilla/5.0 (Windows NT 10.0; Win64; x64) AppleWebKit/537.36 (KHTML, like Gecko) Chrome/140.0.0.0 Safari/537.36"
74.125.184.185 - - [21/Sep/2025:14:43:32 +0000] "GET /assets/img/room/1.jpg HTTP/1.1" 200 232239 "https://htc.triohotels.in/" "Mozilla/5.0 (Windows NT 10.0; Win64; x64) AppleWebKit/537.36 (KHTML, like Gecko) Chrome/138.0.0.0 Safari/537.36"
172.253.216.60 - - [21/Sep/2025:14:43:32 +0000] "GET /assets/img/room/3.jpg HTTP/1.1" 200 61648 "https://htc.triohotels.in/" "Mozilla/5.0 (Windows NT 10.0; Win64; x64) AppleWebKit/537.36 (KHTML, like Gecko) Chrome/140.0.0.0 Safari/537.36"
172.253.216.54 - - [21/Sep/2025:14:43:32 +0000] "GET /assets/img/gallery/help-desk.jpg HTTP/1.1" 200 386084 "https://htc.triohotels.in/" "Mozilla/5.0 (Windows NT 10.0; Win64; x64) AppleWebKit/537.36 (KHTML, like Gecko) Chrome/138.0.0.0 Safari/537.36"
172.253.216.63 - - [21/Sep/2025:14:43:32 +0000] "GET /assets/img/room/2.jpg HTTP/1.1" 200 72014 "https://htc.triohotels.in/" "Mozilla/5.0 (Windows NT 10.0; Win64; x64) AppleWebKit/537.36 (KHTML, like Gecko) Chrome/138.0.0.0 Safari/537.36"
172.253.7.115 - - [21/Sep/2025:14:43:32 +0000] "GET /assets/img/room/3.jpg HTTP/1.1" 200 61648 "https://htc.triohotels.in/" "Mozilla/5.0 (Windows NT 10.0; Win64; x64) AppleWebKit/537.36 (KHTML, like Gecko) Chrome/138.0.0.0 Safari/537.36"
172.253.7.126 - - [21/Sep/2025:14:43:32 +0000] "GET /assets/img/testimonials/user-1.jpg HTTP/1.1" 200 83743 "https://htc.triohotels.in/" "Mozilla/5.0 (Windows NT 10.0; Win64; x64) AppleWebKit/537.36 (KHTML, like Gecko) Chrome/140.0.0.0 Safari/537.36"
74.125.184.178 - - [21/Sep/2025:14:43:32 +0000] "GET /assets/img/testimonials/user-2.jpg HTTP/1.1" 200 99210 "https://htc.triohotels.in/" "Mozilla/5.0 (Windows NT 10.0; Win64; x64) AppleWebKit/537.36 (KHTML, like Gecko) Chrome/140.0.0.0 Safari/537.36"
172.253.216.59 - - [21/Sep/2025:14:43:32 +0000] "GET /assets/img/gallery/parking.jpg HTTP/1.1" 200 604310 "https://htc.triohotels.in/" "Mozilla/5.0 (Windows NT 10.0; Win64; x64) AppleWebKit/537.36 (KHTML, like Gecko) Chrome/138.0.0.0 Safari/537.36"
172.253.216.62 - - [21/Sep/2025:14:43:32 +0000] "GET /assets/img/testimonials/user-3.jpg HTTP/1.1" 200 1121 "https://htc.triohotels.in/" "Mozilla/5.0 (Windows NT 10.0; Win64; x64) AppleWebKit/537.36 (KHTML, like Gecko) Chrome/140.0.0.0 Safari/537.36"
172.253.216.53 - - [21/Sep/2025:14:43:32 +0000] "GET /assets/img/gallery/main-1.jpg HTTP/1.1" 200 62173 "https://htc.triohotels.in/" "Mozilla/5.0 (Windows NT 10.0; Win64; x64) AppleWebKit/537.36 (KHTML, like Gecko) Chrome/140.0.0.0 Safari/537.36"
172.253.7.121 - - [21/Sep/2025:14:43:32 +0000] "GET /assets/img/gallery/main-2.jpg HTTP/1.1" 200 26483 "https://htc.triohotels.in/" "Mozilla/5.0 (Windows NT 10.0; Win64; x64) AppleWebKit/537.36 (KHTML, like Gecko) Chrome/140.0.0.0 Safari/537.36"
74.125.184.185 - - [21/Sep/2025:14:43:32 +0000] "GET /assets/img/testimonials/user-1.jpg HTTP/1.1" 200 83743 "https://htc.triohotels.in/" "Mozilla/5.0 (Windows NT 10.0; Win64; x64) AppleWebKit/537.36 (KHTML, like Gecko) Chrome/138.0.0.0 Safari/537.36"
172.253.216.60 - - [21/Sep/2025:14:43:32 +0000] "GET /assets/img/gallery/main-4.jpg HTTP/1.1" 200 52426 "https://htc.triohotels.in/" "Mozilla/5.0 (Windows NT 10.0; Win64; x64) AppleWebKit/537.36 (KHTML, like Gecko) Chrome/140.0.0.0 Safari/537.36"
172.253.216.54 - - [21/Sep/2025:14:43:32 +0000] "GET /assets/img/testimonials/user-2.jpg HTTP/1.1" 200 99210 "https://htc.triohotels.in/" "Mozilla/5.0 (Windows NT 10.0; Win64; x64) AppleWebKit/537.36 (KHTML, like Gecko) Chrome/138.0.0.0 Safari/537.36"
172.253.216.63 - - [21/Sep/2025:14:43:32 +0000] "GET /assets/img/testimonials/user-3.jpg HTTP/1.1" 200 1121 "https://htc.triohotels.in/" "Mozilla/5.0 (Windows NT 10.0; Win64; x64) AppleWebKit/537.36 (KHTML, like Gecko) Chrome/138.0.0.0 Safari/537.36"
172.253.216.59 - - [21/Sep/2025:14:43:32 +0000] "GET /assets/img/gallery/main-1.jpg HTTP/1.1" 200 62173 "https://htc.triohotels.in/" "Mozilla/5.0 (Windows NT 10.0; Win64; x64) AppleWebKit/537.36 (KHTML, like Gecko) Chrome/138.0.0.0 Safari/537.36"
172.253.7.115 - - [21/Sep/2025:14:43:32 +0000] "GET /assets/img/gallery/main-2.jpg HTTP/1.1" 200 26483 "https://htc.triohotels.in/" "Mozilla/5.0 (Windows NT 10.0; Win64; x64) AppleWebKit/537.36 (KHTML, like Gecko) Chrome/138.0.0.0 Safari/537.36"
172.253.7.126 - - [21/Sep/2025:14:43:32 +0000] "GET /assets/img/gallery/main-5.jpg HTTP/1.1" 200 28004 "https://htc.triohotels.in/" "Mozilla/5.0 (Windows NT 10.0; Win64; x64) AppleWebKit/537.36 (KHTML, like Gecko) Chrome/140.0.0.0 Safari/537.36"
74.125.184.178 - - [21/Sep/2025:14:43:32 +0000] "GET /assets/img/gallery/main-6.jpg HTTP/1.1" 200 24823 "https://htc.triohotels.in/" "Mozilla/5.0 (Windows NT 10.0; Win64; x64) AppleWebKit/537.36 (KHTML, like Gecko) Chrome/140.0.0.0 Safari/537.36"
172.253.216.59 - - [21/Sep/2025:14:43:32 +0000] "GET /assets/img/gallery/main-4.jpg HTTP/1.1" 200 52426 "https://htc.triohotels.in/" "Mozilla/5.0 (Windows NT 10.0; Win64; x64) AppleWebKit/537.36 (KHTML, like Gecko) Chrome/138.0.0.0 Safari/537.36"
172.253.216.62 - - [21/Sep/2025:14:43:32 +0000] "GET /assets/img/gallery/main-9.jpg HTTP/1.1" 200 61265 "https://htc.triohotels.in/" "Mozilla/5.0 (Windows NT 10.0; Win64; x64) AppleWebKit/537.36 (KHTML, like Gecko) Chrome/140.0.0.0 Safari/537.36"
172.253.216.53 - - [21/Sep/2025:14:43:32 +0000] "GET /assets/img/gallery/main-10.jpg HTTP/1.1" 200 55669 "https://htc.triohotels.in/" "Mozilla/5.0 (Windows NT 10.0; Win64; x64) AppleWebKit/537.36 (KHTML, like Gecko) Chrome/140.0.0.0 Safari/537.36"
74.125.184.185 - - [21/Sep/2025:14:43:32 +0000] "GET /assets/img/gallery/main-5.jpg HTTP/1.1" 200 28004 "https://htc.triohotels.in/" "Mozilla/5.0 (Windows NT 10.0; Win64; x64) AppleWebKit/537.36 (KHTML, like Gecko) Chrome/138.0.0.0 Safari/537.36"
172.253.7.121 - - [21/Sep/2025:14:43:32 +0000] "GET /assets/img/gallery/main-15.jpg HTTP/1.1" 404 196 "https://htc.triohotels.in/" "Mozilla/5.0 (Windows NT 10.0; Win64; x64) AppleWebKit/537.36 (KHTML, like Gecko) Chrome/140.0.0.0 Safari/537.36"
172.253.216.54 - - [21/Sep/2025:14:43:32 +0000] "GET /assets/img/gallery/main-6.jpg HTTP/1.1" 200 24823 "https://htc.triohotels.in/" "Mozilla/5.0 (Windows NT 10.0; Win64; x64) AppleWebKit/537.36 (KHTML, like Gecko) Chrome/138.0.0.0 Safari/537.36"
172.253.216.60 - - [21/Sep/2025:14:43:32 +0000] "GET /assets/img/gallery/main-19.jpg HTTP/1.1" 200 24939 "https://htc.triohotels.in/" "Mozilla/5.0 (Windows NT 10.0; Win64; x64) AppleWebKit/537.36 (KHTML, like Gecko) Chrome/140.0.0.0 Safari/537.36"
172.253.216.63 - - [21/Sep/2025:14:43:32 +0000] "GET /assets/img/gallery/main-9.jpg HTTP/1.1" 200 61265 "https://htc.triohotels.in/" "Mozilla/5.0 (Windows NT 10.0; Win64; x64) AppleWebKit/537.36 (KHTML, like Gecko) Chrome/138.0.0.0 Safari/537.36"
172.253.216.59 - - [21/Sep/2025:14:43:32 +0000] "GET /assets/img/gallery/main-10.jpg HTTP/1.1" 200 55669 "https://htc.triohotels.in/" "Mozilla/5.0 (Windows NT 10.0; Win64; x64) AppleWebKit/537.36 (KHTML, like Gecko) Chrome/138.0.0.0 Safari/537.36"
172.253.7.115 - - [21/Sep/2025:14:43:32 +0000] "GET /assets/img/gallery/main-15.jpg HTTP/1.1" 404 196 "https://htc.triohotels.in/" "Mozilla/5.0 (Windows NT 10.0; Win64; x64) AppleWebKit/537.36 (KHTML, like Gecko) Chrome/138.0.0.0 Safari/537.36"
172.253.216.59 - - [21/Sep/2025:14:43:33 +0000] "GET /assets/img/gallery/main-19.jpg HTTP/1.1" 200 24939 "https://htc.triohotels.in/" "Mozilla/5.0 (Windows NT 10.0; Win64; x64) AppleWebKit/537.36 (KHTML, like Gecko) Chrome/138.0.0.0 Safari/537.36"
172.253.7.126 - - [21/Sep/2025:14:43:33 +0000] "GET /assets/img/service/5.jpg HTTP/1.1" 200 20035 "https://htc.triohotels.in/" "Mozilla/5.0 (Windows NT 10.0; Win64; x64) AppleWebKit/537.36 (KHTML, like Gecko) Chrome/140.0.0.0 Safari/537.36"
172.253.7.121 - - [21/Sep/2025:14:43:33 +0000] "GET /assets/img/service/1.jpg HTTP/1.1" 200 33558 "https://htc.triohotels.in/" "Mozilla/5.0 (Windows NT 10.0; Win64; x64) AppleWebKit/537.36 (KHTML, like Gecko) Chrome/140.0.0.0 Safari/537.36"
172.253.216.53 - - [21/Sep/2025:14:43:33 +0000] "GET /assets/img/service/3.jpg HTTP/1.1" 200 31907 "https://htc.triohotels.in/" "Mozilla/5.0 (Windows NT 10.0; Win64; x64) AppleWebKit/537.36 (KHTML, like Gecko) Chrome/140.0.0.0 Safari/537.36"
172.253.216.62 - - [21/Sep/2025:14:43:33 +0000] "GET /assets/img/service/2.jpg HTTP/1.1" 200 28651 "https://htc.triohotels.in/" "Mozilla/5.0 (Windows NT 10.0; Win64; x64) AppleWebKit/537.36 (KHTML, like Gecko) Chrome/140.0.0.0 Safari/537.36"
74.125.184.178 - - [21/Sep/2025:14:43:33 +0000] "GET /assets/img/service/4.jpg HTTP/1.1" 200 13530 "https://htc.triohotels.in/" "Mozilla/5.0 (Windows NT 10.0; Win64; x64) AppleWebKit/537.36 (KHTML, like Gecko) Chrome/140.0.0.0 Safari/537.36"
172.253.216.60 - - [21/Sep/2025:14:43:33 +0000] "GET /assets/img/bg/bd-room.jpg HTTP/1.1" 200 502774 "https://htc.triohotels.in/" "Mozilla/5.0 (Windows NT 10.0; Win64; x64) AppleWebKit/537.36 (KHTML, like Gecko) Chrome/140.0.0.0 Safari/537.36"
74.125.184.185 - - [21/Sep/2025:14:43:33 +0000] "GET /assets/img/service/5.jpg HTTP/1.1" 200 20035 "https://htc.triohotels.in/" "Mozilla/5.0 (Windows NT 10.0; Win64; x64) AppleWebKit/537.36 (KHTML, like Gecko) Chrome/138.0.0.0 Safari/537.36"
172.253.216.63 - - [21/Sep/2025:14:43:33 +0000] "GET /assets/img/service/3.jpg HTTP/1.1" 200 31907 "https://htc.triohotels.in/" "Mozilla/5.0 (Windows NT 10.0; Win64; x64) AppleWebKit/537.36 (KHTML, like Gecko) Chrome/138.0.0.0 Safari/537.36"
172.253.7.115 - - [21/Sep/2025:14:43:33 +0000] "GET /assets/img/service/1.jpg HTTP/1.1" 200 33558 "https://htc.triohotels.in/" "Mozilla/5.0 (Windows NT 10.0; Win64; x64) AppleWebKit/537.36 (KHTML, like Gecko) Chrome/138.0.0.0 Safari/537.36"
172.253.216.59 - - [21/Sep/2025:14:43:33 +0000] "GET /assets/img/bg/bd-room.jpg HTTP/1.1" 200 502774 "https://htc.triohotels.in/" "Mozilla/5.0 (Windows NT 10.0; Win64; x64) AppleWebKit/537.36 (KHTML, like Gecko) Chrome/138.0.0.0 Safari/537.36"
172.253.216.54 - - [21/Sep/2025:14:43:33 +0000] "GET /assets/img/service/4.jpg HTTP/1.1" 200 13530 "https://htc.triohotels.in/" "Mozilla/5.0 (Windows NT 10.0; Win64; x64) AppleWebKit/537.36 (KHTML, like Gecko) Chrome/138.0.0.0 Safari/537.36"
172.253.216.59 - - [21/Sep/2025:14:43:33 +0000] "GET /assets/img/service/2.jpg HTTP/1.1" 200 28651 "https://htc.triohotels.in/" "Mozilla/5.0 (Windows NT 10.0; Win64; x64) AppleWebKit/537.36 (KHTML, like Gecko) Chrome/138.0.0.0 Safari/537.36"
172.253.7.126 - - [21/Sep/2025:14:43:33 +0000] "GET /assets/img/bg/award.jpg HTTP/1.1" 200 50087 "https://htc.triohotels.in/" "Mozilla/5.0 (Windows NT 10.0; Win64; x64) AppleWebKit/537.36 (KHTML, like Gecko) Chrome/140.0.0.0 Safari/537.36"
74.125.184.185 - - [21/Sep/2025:14:43:33 +0000] "GET /assets/img/bg/award.jpg HTTP/1.1" 200 50087 "https://htc.triohotels.in/" "Mozilla/5.0 (Windows NT 10.0; Win64; x64) AppleWebKit/537.36 (KHTML, like Gecko) Chrome/138.0.0.0 Safari/537.36"
17.241.227.211 - - [21/Sep/2025:15:32:37 +0000] "GET /robots.txt HTTP/1.1" 404 196 "-" "Mozilla/5.0 (Macintosh; Intel Mac OS X 10_15_7) AppleWebKit/605.1.15 (KHTML, like Gecko) Version/17.4 Safari/605.1.15 (Applebot/0.1; +http://www.apple.com/go/applebot)"
17.241.227.211 - - [21/Sep/2025:15:32:37 +0000] "GET /index.php HTTP/1.1" 200 7475 "-" "Mozilla/5.0 (Macintosh; Intel Mac OS X 10_15_7) AppleWebKit/605.1.15 (KHTML, like Gecko) Version/17.4 Safari/605.1.15 (Applebot/0.1; +http://www.apple.com/go/applebot)"
17.241.219.17 - - [21/Sep/2025:18:41:06 +0000] "GET /contact-us.php HTTP/1.1" 200 5414 "-" "Mozilla/5.0 (Macintosh; Intel Mac OS X 10_15_7) AppleWebKit/605.1.15 (KHTML, like Gecko) Version/17.4 Safari/605.1.15 (Applebot/0.1; +http://www.apple.com/go/applebot)"
184.73.239.35 - - [21/Sep/2025:18:52:07 +0000] "GET /robots.txt HTTP/1.1" 404 196 "-" "Mozilla/5.0 AppleWebKit/537.36 (KHTML, like Gecko; compatible; Amazonbot/0.1; +https://developer.amazon.com/support/amazonbot) Chrome/119.0.6045.214 Safari/537.36"
34.195.248.30 - - [21/Sep/2025:18:52:09 +0000] "GET /about-us.php HTTP/1.1" 200 5716 "-" "Mozilla/5.0 AppleWebKit/537.36 (KHTML, like Gecko; compatible; Amazonbot/0.1; +https://developer.amazon.com/support/amazonbot) Chrome/119.0.6045.214 Safari/537.36"
52.3.156.186 - - [21/Sep/2025:18:52:10 +0000] "GET /index.php HTTP/1.1" 200 7475 "-" "Mozilla/5.0 AppleWebKit/537.36 (KHTML, like Gecko; compatible; Amazonbot/0.1; +https://developer.amazon.com/support/amazonbot) Chrome/119.0.6045.214 Safari/537.36"
172.182.215.71 - - [21/Sep/2025:20:43:15 +0000] "GET /robots.txt HTTP/1.1" 404 196 "-" "Mozilla/5.0 AppleWebKit/537.36 (KHTML, like Gecko; compatible; GPTBot/1.0; +https://openai.com/gptbot)"
172.182.215.12 - - [21/Sep/2025:20:43:16 +0000] "GET /robots.txt HTTP/1.1" 404 196 "-" "Mozilla/5.0 AppleWebKit/537.36 (KHTML, like Gecko; compatible; GPTBot/1.0; +https://openai.com/gptbot)"
17.241.227.238 - - [21/Sep/2025:20:54:22 +0000] "GET /rooms.php HTTP/1.1" 200 4960 "-" "Mozilla/5.0 (Macintosh; Intel Mac OS X 10_15_7) AppleWebKit/605.1.15 (KHTML, like Gecko) Version/17.4 Safari/605.1.15 (Applebot/0.1; +http://www.apple.com/go/applebot)"
17.241.227.6 - - [21/Sep/2025:20:59:04 +0000] "GET /services.php HTTP/1.1" 200 4517 "-" "Mozilla/5.0 (Macintosh; Intel Mac OS X 10_15_7) AppleWebKit/605.1.15 (KHTML, like Gecko) Version/17.4 Safari/605.1.15 (Applebot/0.1; +http://www.apple.com/go/applebot)"
17.241.219.245 - - [21/Sep/2025:21:16:05 +0000] "GET /contact-us.php HTTP/1.1" 200 5414 "-" "Mozilla/5.0 (Macintosh; Intel Mac OS X 10_15_7) AppleWebKit/605.1.15 (KHTML, like Gecko) Version/17.4 Safari/605.1.15 (Applebot/0.1; +http://www.apple.com/go/applebot)"
3.216.227.216 - - [21/Sep/2025:22:23:26 +0000] "GET /about-us.php HTTP/1.1" 200 5716 "-" "Mozilla/5.0 AppleWebKit/537.36 (KHTML, like Gecko; compatible; Amazonbot/0.1; +https://developer.amazon.com/support/amazonbot) Chrome/119.0.6045.214 Safari/537.36"
100.29.164.178 - - [21/Sep/2025:22:28:46 +0000] "GET /contact-us.php HTTP/1.1" 200 5414 "-" "Mozilla/5.0 AppleWebKit/537.36 (KHTML, like Gecko; compatible; Amazonbot/0.1; +https://developer.amazon.com/support/amazonbot) Chrome/119.0.6045.214 Safari/537.36"
34.135.143.163 - - [21/Sep/2025:22:52:43 +0000] "HEAD /robots.txt HTTP/1.1" 404 0 "-" "Mozilla/5.0 (X11; Linux x86_64) AppleWebKit/537.36 (KHTML, like Gecko) Chrome/136.0.0.0 Safari/537.36"
104.154.193.69 - - [21/Sep/2025:22:52:43 +0000] "HEAD /about-us.php HTTP/1.1" 200 0 "-" "Mozilla/5.0 AppleWebKit/537.36 (KHTML, like Gecko); compatible; ShapBot/0.1.0"
104.154.193.69 - - [21/Sep/2025:22:52:43 +0000] "GET /about-us.php HTTP/1.1" 200 5716 "-" "Mozilla/5.0 AppleWebKit/537.36 (KHTML, like Gecko); compatible; ShapBot/0.1.0"
66.249.77.129 - - [22/Sep/2025:00:24:00 +0000] "GET /robots.txt HTTP/1.1" 404 196 "-" "Mozilla/5.0 (compatible; Googlebot/2.1; +http://www.google.com/bot.html)"
74.125.218.128 - - [22/Sep/2025:00:24:02 +0000] "GET /apple-app-site-association HTTP/1.1" 404 196 "-" "Mozilla/5.0 (Linux; Android 6.0.1; Nexus 5X Build/MMB29P) AppleWebKit/537.36 (KHTML, like Gecko) Chrome/140.0.7339.127 Mobile Safari/537.36 (compatible; AdsBot-Google-Mobile; +http://www.google.com/mobile/adsbot.html)"
74.125.218.142 - - [22/Sep/2025:00:24:34 +0000] "GET /.well-known/apple-app-site-association HTTP/1.1" 404 196 "-" "Mozilla/5.0 (Linux; Android 6.0.1; Nexus 5X Build/MMB29P) AppleWebKit/537.36 (KHTML, like Gecko) Chrome/140.0.7339.127 Mobile Safari/537.36 (compatible; AdsBot-Google-Mobile; +http://www.google.com/mobile/adsbot.html)"
66.249.77.142 - - [22/Sep/2025:00:36:05 +0000] "GET /assets/img/gallery/pool.jpg HTTP/1.1" 200 319047 "-" "Googlebot-Image/1.0"
66.249.77.128 - - [22/Sep/2025:01:43:36 +0000] "GET /assets/img/bg/room-view.jpg HTTP/1.1" 200 1975883 "-" "Googlebot-Image/1.0"
17.241.75.74 - - [22/Sep/2025:02:23:28 +0000] "GET /room-details.php HTTP/1.1" 200 6817 "-" "Mozilla/5.0 (Macintosh; Intel Mac OS X 10_15_7) AppleWebKit/605.1.15 (KHTML, like Gecko) Version/17.4 Safari/605.1.15 (Applebot/0.1; +http://www.apple.com/go/applebot)"
54.209.100.30 - - [22/Sep/2025:02:37:54 +0000] "GET /contents.php HTTP/1.1" 200 4261 "-" "Mozilla/5.0 AppleWebKit/537.36 (KHTML, like Gecko; compatible; Amazonbot/0.1; +https://developer.amazon.com/support/amazonbot) Chrome/119.0.6045.214 Safari/537.36"
64.233.173.34 - - [22/Sep/2025:05:06:29 +0000] "GET /.well-known/traffic-advice HTTP/1.1" 404 196 "-" "Chrome Privacy Preserving Prefetch Proxy"
64.233.173.33 - - [22/Sep/2025:05:06:29 +0000] "GET /.well-known/traffic-advice HTTP/1.1" 404 196 "-" "Chrome Privacy Preserving Prefetch Proxy"
162.120.184.2 - - [22/Sep/2025:05:06:29 +0000] "GET / HTTP/1.1" 200 7475 "https://www.google.com/" "Mozilla/5.0 (X11; CrOS x86_64 14541.0.0) AppleWebKit/537.36 (KHTML, like Gecko) Chrome/139.0.0.0 Safari/537.36"
64.233.173.33 - - [22/Sep/2025:06:12:58 +0000] "GET /.well-known/traffic-advice HTTP/1.1" 404 196 "-" "Chrome Privacy Preserving Prefetch Proxy"
162.120.184.1 - - [22/Sep/2025:06:12:58 +0000] "GET / HTTP/1.1" 200 7475 "https://www.google.com/" "Mozilla/5.0 (Windows NT 10.0; Win64; x64) AppleWebKit/537.36 (KHTML, like Gecko) Chrome/140.0.0.0 Safari/537.36"
74.179.70.43 - - [22/Sep/2025:06:13:07 +0000] "GET / HTTP/1.1" 200 7475 "-" "Mozilla/5.0 (Windows NT 10.0; Win64; x64) AppleWebKit/537.36 (KHTML, like Gecko) Chrome/138.0.7204.92 Safari/537.36"
74.179.70.43 - - [22/Sep/2025:06:13:08 +0000] "GET /assets/css/bootstrap.css HTTP/1.1" 200 23912 "http://htc.triohotels.in/" "Mozilla/5.0 (Windows NT 10.0; Win64; x64) AppleWebKit/537.36 (KHTML, like Gecko) Chrome/138.0.7204.92 Safari/537.36"
74.179.70.43 - - [22/Sep/2025:06:13:08 +0000] "GET /assets/css/meanmenu.css HTTP/1.1" 200 922 "http://htc.triohotels.in/" "Mozilla/5.0 (Windows NT 10.0; Win64; x64) AppleWebKit/537.36 (KHTML, like Gecko) Chrome/138.0.7204.92 Safari/537.36"
74.179.70.43 - - [22/Sep/2025:06:13:08 +0000] "GET /assets/css/animate.min.css HTTP/1.1" 200 5008 "http://htc.triohotels.in/" "Mozilla/5.0 (Windows NT 10.0; Win64; x64) AppleWebKit/537.36 (KHTML, like Gecko) Chrome/138.0.7204.92 Safari/537.36"
74.179.70.43 - - [22/Sep/2025:06:13:08 +0000] "GET /assets/css/swiper-bundle.css HTTP/1.1" 200 4417 "http://htc.triohotels.in/" "Mozilla/5.0 (Windows NT 10.0; Win64; x64) AppleWebKit/537.36 (KHTML, like Gecko) Chrome/138.0.7204.92 Safari/537.36"
74.179.70.43 - - [22/Sep/2025:06:13:08 +0000] "GET /assets/css/slick.css HTTP/1.1" 200 581 "http://htc.triohotels.in/" "Mozilla/5.0 (Windows NT 10.0; Win64; x64) AppleWebKit/537.36 (KHTML, like Gecko) Chrome/138.0.7204.92 Safari/537.36"
74.179.70.43 - - [22/Sep/2025:06:13:08 +0000] "GET /assets/css/nouislider.css HTTP/1.1" 200 1598 "http://htc.triohotels.in/" "Mozilla/5.0 (Windows NT 10.0; Win64; x64) AppleWebKit/537.36 (KHTML, like Gecko) Chrome/138.0.7204.92 Safari/537.36"
74.179.70.43 - - [22/Sep/2025:06:13:08 +0000] "GET /assets/css/jquery-ui.min.css HTTP/1.1" 200 7619 "http://htc.triohotels.in/" "Mozilla/5.0 (Windows NT 10.0; Win64; x64) AppleWebKit/537.36 (KHTML, like Gecko) Chrome/138.0.7204.92 Safari/537.36"
74.179.70.43 - - [22/Sep/2025:06:13:08 +0000] "GET /assets/css/backtotop.css HTTP/1.1" 200 504 "http://htc.triohotels.in/" "Mozilla/5.0 (Windows NT 10.0; Win64; x64) AppleWebKit/537.36 (KHTML, like Gecko) Chrome/138.0.7204.92 Safari/537.36"
74.179.70.43 - - [22/Sep/2025:06:13:08 +0000] "GET /assets/css/magnific-popup.css HTTP/1.1" 200 1828 "http://htc.triohotels.in/" "Mozilla/5.0 (Windows NT 10.0; Win64; x64) AppleWebKit/537.36 (KHTML, like Gecko) Chrome/138.0.7204.92 Safari/537.36"
74.179.70.43 - - [22/Sep/2025:06:13:08 +0000] "GET /assets/css/nice-select.css HTTP/1.1" 200 964 "http://htc.triohotels.in/" "Mozilla/5.0 (Windows NT 10.0; Win64; x64) AppleWebKit/537.36 (KHTML, like Gecko) Chrome/138.0.7204.92 Safari/537.36"
74.179.70.43 - - [22/Sep/2025:06:13:08 +0000] "GET /assets/css/flaticon_royel.css HTTP/1.1" 200 565 "http://htc.triohotels.in/" "Mozilla/5.0 (Windows NT 10.0; Win64; x64) AppleWebKit/537.36 (KHTML, like Gecko) Chrome/138.0.7204.92 Safari/537.36"
74.179.70.43 - - [22/Sep/2025:06:13:08 +0000] "GET /assets/css/font-awesome-pro.css HTTP/1.1" 200 77984 "http://htc.triohotels.in/" "Mozilla/5.0 (Windows NT 10.0; Win64; x64) AppleWebKit/537.36 (KHTML, like Gecko) Chrome/138.0.7204.92 Safari/537.36"
74.179.70.43 - - [22/Sep/2025:06:13:08 +0000] "GET /assets/css/spacing.css HTTP/1.1" 200 2142 "http://htc.triohotels.in/" "Mozilla/5.0 (Windows NT 10.0; Win64; x64) AppleWebKit/537.36 (KHTML, like Gecko) Chrome/138.0.7204.92 Safari/537.36"
74.179.70.43 - - [22/Sep/2025:06:13:08 +0000] "GET /assets/css/main.css HTTP/1.1" 200 28223 "http://htc.triohotels.in/" "Mozilla/5.0 (Windows NT 10.0; Win64; x64) AppleWebKit/537.36 (KHTML, like Gecko) Chrome/138.0.7204.92 Safari/537.36"
74.179.70.43 - - [22/Sep/2025:06:13:08 +0000] "GET /assets/img/logo/preloader.png HTTP/1.1" 200 5035 "http://htc.triohotels.in/" "Mozilla/5.0 (Windows NT 10.0; Win64; x64) AppleWebKit/537.36 (KHTML, like Gecko) Chrome/138.0.7204.92 Safari/537.36"
74.179.70.43 - - [22/Sep/2025:06:13:08 +0000] "GET /assets/img/logo/logo.png HTTP/1.1" 200 5232 "http://htc.triohotels.in/" "Mozilla/5.0 (Windows NT 10.0; Win64; x64) AppleWebKit/537.36 (KHTML, like Gecko) Chrome/138.0.7204.92 Safari/537.36"
74.179.70.43 - - [22/Sep/2025:06:13:09 +0000] "GET /assets/js/bootstrap-bundle.js HTTP/1.1" 200 23028 "http://htc.triohotels.in/" "Mozilla/5.0 (Windows NT 10.0; Win64; x64) AppleWebKit/537.36 (KHTML, like Gecko) Chrome/138.0.7204.92 Safari/537.36"
74.179.70.43 - - [22/Sep/2025:06:13:09 +0000] "GET /assets/js/vendor/jquery.js HTTP/1.1" 200 30960 "http://htc.triohotels.in/" "Mozilla/5.0 (Windows NT 10.0; Win64; x64) AppleWebKit/537.36 (KHTML, like Gecko) Chrome/138.0.7204.92 Safari/537.36"
74.179.70.43 - - [22/Sep/2025:06:13:09 +0000] "GET /assets/js/meanmenu.js HTTP/1.1" 200 3455 "http://htc.triohotels.in/" "Mozilla/5.0 (Windows NT 10.0; Win64; x64) AppleWebKit/537.36 (KHTML, like Gecko) Chrome/138.0.7204.92 Safari/537.36"
74.179.70.43 - - [22/Sep/2025:06:13:09 +0000] "GET /assets/img/bg/welcome-bg-2.jpg HTTP/1.1" 200 178579 "http://htc.triohotels.in/" "Mozilla/5.0 (Windows NT 10.0; Win64; x64) AppleWebKit/537.36 (KHTML, like Gecko) Chrome/138.0.7204.92 Safari/537.36"
74.179.70.43 - - [22/Sep/2025:06:13:09 +0000] "GET /assets/img/bg/welcome-bg-3.jpg HTTP/1.1" 200 168597 "http://htc.triohotels.in/" "Mozilla/5.0 (Windows NT 10.0; Win64; x64) AppleWebKit/537.36 (KHTML, like Gecko) Chrome/138.0.7204.92 Safari/537.36"
74.179.70.43 - - [22/Sep/2025:06:13:09 +0000] "GET /assets/js/swiper-bundle.js HTTP/1.1" 200 37648 "http://htc.triohotels.in/" "Mozilla/5.0 (Windows NT 10.0; Win64; x64) AppleWebKit/537.36 (KHTML, like Gecko) Chrome/138.0.7204.92 Safari/537.36"
74.179.70.43 - - [22/Sep/2025:06:13:09 +0000] "GET /assets/js/slick.js HTTP/1.1" 200 11319 "http://htc.triohotels.in/" "Mozilla/5.0 (Windows NT 10.0; Win64; x64) AppleWebKit/537.36 (KHTML, like Gecko) Chrome/138.0.7204.92 Safari/537.36"
74.179.70.43 - - [22/Sep/2025:06:13:09 +0000] "GET /assets/js/magnific-popup.js HTTP/1.1" 200 7359 "http://htc.triohotels.in/" "Mozilla/5.0 (Windows NT 10.0; Win64; x64) AppleWebKit/537.36 (KHTML, like Gecko) Chrome/138.0.7204.92 Safari/537.36"
74.179.70.43 - - [22/Sep/2025:06:13:09 +0000] "GET /assets/js/backtotop.js HTTP/1.1" 200 459 "http://htc.triohotels.in/" "Mozilla/5.0 (Windows NT 10.0; Win64; x64) AppleWebKit/537.36 (KHTML, like Gecko) Chrome/138.0.7204.92 Safari/537.36"
74.179.70.43 - - [22/Sep/2025:06:13:09 +0000] "GET /assets/js/nice-select.js HTTP/1.1" 200 1048 "http://htc.triohotels.in/" "Mozilla/5.0 (Windows NT 10.0; Win64; x64) AppleWebKit/537.36 (KHTML, like Gecko) Chrome/138.0.7204.92 Safari/537.36"
74.179.70.43 - - [22/Sep/2025:06:13:09 +0000] "GET /assets/js/sidebar.js HTTP/1.1" 200 507 "http://htc.triohotels.in/" "Mozilla/5.0 (Windows NT 10.0; Win64; x64) AppleWebKit/537.36 (KHTML, like Gecko) Chrome/138.0.7204.92 Safari/537.36"
74.179.70.43 - - [22/Sep/2025:06:13:09 +0000] "GET /assets/js/isotope-pkgd.js HTTP/1.1" 200 9876 "http://htc.triohotels.in/" "Mozilla/5.0 (Windows NT 10.0; Win64; x64) AppleWebKit/537.36 (KHTML, like Gecko) Chrome/138.0.7204.92 Safari/537.36"
74.179.70.43 - - [22/Sep/2025:06:13:10 +0000] "GET /assets/img/bg/room-view.jpg HTTP/1.1" 200 1975874 "http://htc.triohotels.in/" "Mozilla/5.0 (Windows NT 10.0; Win64; x64) AppleWebKit/537.36 (KHTML, like Gecko) Chrome/138.0.7204.92 Safari/537.36"
74.179.70.43 - - [22/Sep/2025:06:13:10 +0000] "GET /assets/fonts/fa-thin-100.woff2 HTTP/1.1" 200 426420 "http://htc.triohotels.in/assets/css/font-awesome-pro.css" "Mozilla/5.0 (Windows NT 10.0; Win64; x64) AppleWebKit/537.36 (KHTML, like Gecko) Chrome/138.0.7204.92 Safari/537.36"
74.179.70.43 - - [22/Sep/2025:06:13:10 +0000] "GET /assets/fonts/fa-brands-400.woff2 HTTP/1.1" 200 104740 "http://htc.triohotels.in/assets/css/font-awesome-pro.css" "Mozilla/5.0 (Windows NT 10.0; Win64; x64) AppleWebKit/537.36 (KHTML, like Gecko) Chrome/138.0.7204.92 Safari/537.36"
74.179.70.43 - - [22/Sep/2025:06:13:10 +0000] "GET /assets/fonts/fa-solid-900.woff2 HTTP/1.1" 200 303544 "http://htc.triohotels.in/assets/css/font-awesome-pro.css" "Mozilla/5.0 (Windows NT 10.0; Win64; x64) AppleWebKit/537.36 (KHTML, like Gecko) Chrome/138.0.7204.92 Safari/537.36"
74.179.70.43 - - [22/Sep/2025:06:13:10 +0000] "GET /assets/fonts/fa-light-300.woff2 HTTP/1.1" 200 392136 "http://htc.triohotels.in/assets/css/font-awesome-pro.css" "Mozilla/5.0 (Windows NT 10.0; Win64; x64) AppleWebKit/537.36 (KHTML, like Gecko) Chrome/138.0.7204.92 Safari/537.36"
74.179.70.43 - - [22/Sep/2025:06:13:10 +0000] "GET /assets/fonts/flaticon_royel.ttf?6a84a3bb1e04c1e7f840bd4df1115600 HTTP/1.1" 200 10412 "http://htc.triohotels.in/assets/css/flaticon_royel.css" "Mozilla/5.0 (Windows NT 10.0; Win64; x64) AppleWebKit/537.36 (KHTML, like Gecko) Chrome/138.0.7204.92 Safari/537.36"
