20.171.207.244 - - [30/Aug/2025:16:14:01 +0000] "GET /assets/vendors/slick-nav/jquery.slicknav.js HTTP/1.1" 200 4605 "-" "Mozilla/5.0 AppleWebKit/537.36 (KHTML, like Gecko; compatible; GPTBot/1.2; +https://openai.com/gptbot)"
20.171.207.244 - - [30/Aug/2025:16:14:02 +0000] "GET /assets/vendors/waypoint/waypoints.js HTTP/1.1" 200 3694 "-" "Mozilla/5.0 AppleWebKit/537.36 (KHTML, like Gecko; compatible; GPTBot/1.2; +https://openai.com/gptbot)"
20.171.207.244 - - [30/Aug/2025:16:14:03 +0000] "GET /tour-details.php?url=MataVaishnoDeviDarshanwithPatnitop HTTP/1.1" 200 10768 "-" "Mozilla/5.0 AppleWebKit/537.36 (KHTML, like Gecko; compatible; GPTBot/1.2; +https://openai.com/gptbot)"
20.171.207.244 - - [30/Aug/2025:16:14:05 +0000] "GET /contact-us.php HTTP/1.1" 200 5895 "-" "Mozilla/5.0 AppleWebKit/537.36 (KHTML, like Gecko; compatible; GPTBot/1.2; +https://openai.com/gptbot)"
20.171.207.244 - - [30/Aug/2025:16:14:06 +0000] "GET /tour-details.php?url=MataVaishnoDeviWithShivKhori HTTP/1.1" 200 10821 "-" "Mozilla/5.0 AppleWebKit/537.36 (KHTML, like Gecko; compatible; GPTBot/1.2; +https://openai.com/gptbot)"
20.171.207.244 - - [30/Aug/2025:16:14:07 +0000] "GET /style.css HTTP/1.1" 200 20552 "-" "Mozilla/5.0 AppleWebKit/537.36 (KHTML, like Gecko; compatible; GPTBot/1.2; +https://openai.com/gptbot)"
20.171.207.244 - - [30/Aug/2025:16:14:08 +0000] "GET /assets/vendors/slick/slick.min.js HTTP/1.1" 200 10451 "-" "Mozilla/5.0 AppleWebKit/537.36 (KHTML, like Gecko; compatible; GPTBot/1.2; +https://openai.com/gptbot)"
20.171.207.244 - - [30/Aug/2025:16:14:09 +0000] "GET /assets/vendors/fancybox/dist/+t+ HTTP/1.1" 404 196 "-" "Mozilla/5.0 AppleWebKit/537.36 (KHTML, like Gecko; compatible; GPTBot/1.2; +https://openai.com/gptbot)"
20.171.207.244 - - [30/Aug/2025:16:14:10 +0000] "GET /assets/vendors/fancybox/dist/%7B%7Bposter%7D%7D HTTP/1.1" 404 196 "-" "Mozilla/5.0 AppleWebKit/537.36 (KHTML, like Gecko; compatible; GPTBot/1.2; +https://openai.com/gptbot)"
20.171.207.244 - - [30/Aug/2025:16:14:11 +0000] "GET /assets/js/custom.min.js HTTP/1.1" 200 1074 "-" "Mozilla/5.0 AppleWebKit/537.36 (KHTML, like Gecko; compatible; GPTBot/1.2; +https://openai.com/gptbot)"
20.171.207.244 - - [30/Aug/2025:16:14:12 +0000] "GET /assets/vendors/slick/slick-theme.css HTTP/1.1" 200 890 "-" "Mozilla/5.0 AppleWebKit/537.36 (KHTML, like Gecko; compatible; GPTBot/1.2; +https://openai.com/gptbot)"
20.171.207.244 - - [30/Aug/2025:16:14:14 +0000] "GET /assets/vendors/fancybox/dist/%7B%7Bsrc%7D%7D HTTP/1.1" 404 196 "-" "Mozilla/5.0 AppleWebKit/537.36 (KHTML, like Gecko; compatible; GPTBot/1.2; +https://openai.com/gptbot)"
20.171.207.244 - - [30/Aug/2025:16:14:15 +0000] "GET /tour-details.php?url=MataVaishnoDeviDarshan HTTP/1.1" 200 10556 "-" "Mozilla/5.0 AppleWebKit/537.36 (KHTML, like Gecko; compatible; GPTBot/1.2; +https://openai.com/gptbot)"
20.171.207.244 - - [30/Aug/2025:16:14:16 +0000] "GET /assets/vendors/bootstrap/css/bootstrap.min.css HTTP/1.1" 200 23957 "-" "Mozilla/5.0 AppleWebKit/537.36 (KHTML, like Gecko; compatible; GPTBot/1.2; +https://openai.com/gptbot)"
20.171.207.244 - - [30/Aug/2025:16:14:17 +0000] "GET /assets/vendors/fancybox/dist/jquery.fancybox.min.css HTTP/1.1" 200 3108 "-" "Mozilla/5.0 AppleWebKit/537.36 (KHTML, like Gecko; compatible; GPTBot/1.2; +https://openai.com/gptbot)"
20.171.207.244 - - [30/Aug/2025:16:14:18 +0000] "GET /assets/vendors/slick/fonts/slick.svg HTTP/1.1" 200 930 "-" "Mozilla/5.0 AppleWebKit/537.36 (KHTML, like Gecko; compatible; GPTBot/1.2; +https://openai.com/gptbot)"
20.171.207.244 - - [30/Aug/2025:16:14:19 +0000] "GET /assets/vendors/slick/fonts/slick.ttf HTTP/1.1" 200 1892 "-" "Mozilla/5.0 AppleWebKit/537.36 (KHTML, like Gecko; compatible; GPTBot/1.2; +https://openai.com/gptbot)"
20.171.207.244 - - [30/Aug/2025:16:14:20 +0000] "GET /assets/vendors/slick/fonts/slick.eot HTTP/1.1" 200 2048 "-" "Mozilla/5.0 AppleWebKit/537.36 (KHTML, like Gecko; compatible; GPTBot/1.2; +https://openai.com/gptbot)"
20.171.207.244 - - [30/Aug/2025:16:14:22 +0000] "GET /assets/vendors/slick/fonts/slick.woff HTTP/1.1" 200 1380 "-" "Mozilla/5.0 AppleWebKit/537.36 (KHTML, like Gecko; compatible; GPTBot/1.2; +https://openai.com/gptbot)"
66.249.79.196 - - [30/Aug/2025:16:35:43 +0000] "GET /robots.txt HTTP/1.1" 404 196 "-" "Mozilla/5.0 (compatible; Googlebot/2.1; +http://www.google.com/bot.html)"
72.14.199.196 - - [30/Aug/2025:16:35:44 +0000] "GET /apple-app-site-association HTTP/1.1" 404 196 "-" "Mozilla/5.0 (Linux; Android 6.0.1; Nexus 5X Build/MMB29P) AppleWebKit/537.36 (KHTML, like Gecko) Chrome/138.0.7204.183 Mobile Safari/537.36 (compatible; AdsBot-Google-Mobile; +http://www.google.com/mobile/adsbot.html)"
72.14.199.195 - - [30/Aug/2025:16:45:44 +0000] "GET /.well-known/apple-app-site-association HTTP/1.1" 404 196 "-" "Mozilla/5.0 (Linux; Android 6.0.1; Nexus 5X Build/MMB29P) AppleWebKit/537.36 (KHTML, like Gecko) Chrome/138.0.7204.183 Mobile Safari/537.36 (compatible; AdsBot-Google-Mobile; +http://www.google.com/mobile/adsbot.html)"
18.224.192.118 - - [30/Aug/2025:22:19:18 +0000] "GET / HTTP/1.1" 200 8804 "-" "Mozilla/5.0 zgrab/0.x"
18.224.192.118 - - [30/Aug/2025:22:19:22 +0000] "GET / HTTP/1.1" 200 8804 "-" "Mozilla/5.0 zgrab/0.x"
104.210.140.131 - - [31/Aug/2025:03:33:35 +0000] "GET /robots.txt HTTP/1.1" 404 196 "-" "Mozilla/5.0 (Macintosh; Intel Mac OS X 10_15_7) AppleWebKit/537.36 (KHTML, like Gecko) Chrome/131.0.0.0 Safari/537.36; compatible; OAI-SearchBot/1.0; +https://openai.com/searchbot"
104.210.140.137 - - [31/Aug/2025:03:33:35 +0000] "GET /robots.txt HTTP/1.1" 404 196 "-" "Mozilla/5.0 (Macintosh; Intel Mac OS X 10_15_7) AppleWebKit/537.36 (KHTML, like Gecko) Chrome/131.0.0.0 Safari/537.36; compatible; OAI-SearchBot/1.0; +https://openai.com/searchbot"
72.14.199.197 - - [31/Aug/2025:04:35:23 +0000] "GET /apple-app-site-association HTTP/1.1" 404 196 "-" "Mozilla/5.0 (Linux; Android 6.0.1; Nexus 5X Build/MMB29P) AppleWebKit/537.36 (KHTML, like Gecko) Chrome/138.0.7204.183 Mobile Safari/537.36 (compatible; AdsBot-Google-Mobile; +http://www.google.com/mobile/adsbot.html)"
72.14.199.195 - - [31/Aug/2025:04:45:25 +0000] "GET /.well-known/apple-app-site-association HTTP/1.1" 404 196 "-" "Mozilla/5.0 (Linux; Android 6.0.1; Nexus 5X Build/MMB29P) AppleWebKit/537.36 (KHTML, like Gecko) Chrome/138.0.7204.183 Mobile Safari/537.36 (compatible; AdsBot-Google-Mobile; +http://www.google.com/mobile/adsbot.html)"
176.65.148.43 - - [31/Aug/2025:05:12:58 +0000] "GET /.env HTTP/1.1" 404 196 "-" "Mozilla/5.0 (Windows NT 10.0; Win64; x64) AppleWebKit/537.36 (KHTML, like Gecko) Chrome/134.0.0.0 Safari/537.3"
35.203.163.27 - - [31/Aug/2025:09:16:38 +0000] "GET / HTTP/1.1" 200 60925 "-" "Mozilla/5.0 (Windows NT 10.0; Win64; x64) AppleWebKit/537.36 (KHTML, like Gecko) Chrome/88.0.4240.193 Safari/537.36"
35.203.163.27 - - [31/Aug/2025:09:16:39 +0000] "GET / HTTP/1.1" 200 60925 "-" "Mozilla/5.0 (Windows NT 10.0; Win64; x64) AppleWebKit/537.36 (KHTML, like Gecko) Chrome/88.0.4240.193 Safari/537.36"
35.203.163.27 - - [31/Aug/2025:09:16:39 +0000] "GET /wp-includes/wlwmanifest.xml HTTP/1.1" 404 196 "-" "Mozilla/5.0 (Windows NT 10.0; Win64; x64) AppleWebKit/537.36 (KHTML, like Gecko) Chrome/88.0.4240.193 Safari/537.36"
35.203.163.27 - - [31/Aug/2025:09:16:40 +0000] "GET /xmlrpc.php?rsd HTTP/1.1" 404 196 "-" "Mozilla/5.0 (Windows NT 10.0; Win64; x64) AppleWebKit/537.36 (KHTML, like Gecko) Chrome/88.0.4240.193 Safari/537.36"
35.203.163.27 - - [31/Aug/2025:09:16:40 +0000] "GET / HTTP/1.1" 200 60925 "-" "Mozilla/5.0 (Windows NT 10.0; Win64; x64) AppleWebKit/537.36 (KHTML, like Gecko) Chrome/88.0.4240.193 Safari/537.36"
35.203.163.27 - - [31/Aug/2025:09:16:41 +0000] "GET /blog/wp-includes/wlwmanifest.xml HTTP/1.1" 404 196 "-" "Mozilla/5.0 (Windows NT 10.0; Win64; x64) AppleWebKit/537.36 (KHTML, like Gecko) Chrome/88.0.4240.193 Safari/537.36"
35.203.163.27 - - [31/Aug/2025:09:16:41 +0000] "GET /web/wp-includes/wlwmanifest.xml HTTP/1.1" 404 196 "-" "Mozilla/5.0 (Windows NT 10.0; Win64; x64) AppleWebKit/537.36 (KHTML, like Gecko) Chrome/88.0.4240.193 Safari/537.36"
35.203.163.27 - - [31/Aug/2025:09:16:41 +0000] "GET /wordpress/wp-includes/wlwmanifest.xml HTTP/1.1" 404 196 "-" "Mozilla/5.0 (Windows NT 10.0; Win64; x64) AppleWebKit/537.36 (KHTML, like Gecko) Chrome/88.0.4240.193 Safari/537.36"
35.203.163.27 - - [31/Aug/2025:09:16:42 +0000] "GET /website/wp-includes/wlwmanifest.xml HTTP/1.1" 404 196 "-" "Mozilla/5.0 (Windows NT 10.0; Win64; x64) AppleWebKit/537.36 (KHTML, like Gecko) Chrome/88.0.4240.193 Safari/537.36"
35.203.163.27 - - [31/Aug/2025:09:16:42 +0000] "GET /wp/wp-includes/wlwmanifest.xml HTTP/1.1" 404 196 "-" "Mozilla/5.0 (Windows NT 10.0; Win64; x64) AppleWebKit/537.36 (KHTML, like Gecko) Chrome/88.0.4240.193 Safari/537.36"
35.203.163.27 - - [31/Aug/2025:09:16:42 +0000] "GET /news/wp-includes/wlwmanifest.xml HTTP/1.1" 404 196 "-" "Mozilla/5.0 (Windows NT 10.0; Win64; x64) AppleWebKit/537.36 (KHTML, like Gecko) Chrome/88.0.4240.193 Safari/537.36"
35.203.163.27 - - [31/Aug/2025:09:16:43 +0000] "GET /2020/wp-includes/wlwmanifest.xml HTTP/1.1" 404 196 "-" "Mozilla/5.0 (Windows NT 10.0; Win64; x64) AppleWebKit/537.36 (KHTML, like Gecko) Chrome/88.0.4240.193 Safari/537.36"
35.203.163.27 - - [31/Aug/2025:09:16:43 +0000] "GET /2019/wp-includes/wlwmanifest.xml HTTP/1.1" 404 196 "-" "Mozilla/5.0 (Windows NT 10.0; Win64; x64) AppleWebKit/537.36 (KHTML, like Gecko) Chrome/88.0.4240.193 Safari/537.36"
35.203.163.27 - - [31/Aug/2025:09:16:43 +0000] "GET /shop/wp-includes/wlwmanifest.xml HTTP/1.1" 404 196 "-" "Mozilla/5.0 (Windows NT 10.0; Win64; x64) AppleWebKit/537.36 (KHTML, like Gecko) Chrome/88.0.4240.193 Safari/537.36"
35.203.163.27 - - [31/Aug/2025:09:16:43 +0000] "GET /wp1/wp-includes/wlwmanifest.xml HTTP/1.1" 404 196 "-" "Mozilla/5.0 (Windows NT 10.0; Win64; x64) AppleWebKit/537.36 (KHTML, like Gecko) Chrome/88.0.4240.193 Safari/537.36"
35.203.163.27 - - [31/Aug/2025:09:16:44 +0000] "GET /test/wp-includes/wlwmanifest.xml HTTP/1.1" 404 196 "-" "Mozilla/5.0 (Windows NT 10.0; Win64; x64) AppleWebKit/537.36 (KHTML, like Gecko) Chrome/88.0.4240.193 Safari/537.36"
35.203.163.27 - - [31/Aug/2025:09:16:44 +0000] "GET /wp2/wp-includes/wlwmanifest.xml HTTP/1.1" 404 196 "-" "Mozilla/5.0 (Windows NT 10.0; Win64; x64) AppleWebKit/537.36 (KHTML, like Gecko) Chrome/88.0.4240.193 Safari/537.36"
35.203.163.27 - - [31/Aug/2025:09:16:44 +0000] "GET /site/wp-includes/wlwmanifest.xml HTTP/1.1" 404 196 "-" "Mozilla/5.0 (Windows NT 10.0; Win64; x64) AppleWebKit/537.36 (KHTML, like Gecko) Chrome/88.0.4240.193 Safari/537.36"
35.203.163.27 - - [31/Aug/2025:09:16:44 +0000] "GET /cms/wp-includes/wlwmanifest.xml HTTP/1.1" 404 196 "-" "Mozilla/5.0 (Windows NT 10.0; Win64; x64) AppleWebKit/537.36 (KHTML, like Gecko) Chrome/88.0.4240.193 Safari/537.36"
35.203.163.27 - - [31/Aug/2025:09:16:45 +0000] "GET /sito/wp-includes/wlwmanifest.xml HTTP/1.1" 404 196 "-" "Mozilla/5.0 (Windows NT 10.0; Win64; x64) AppleWebKit/537.36 (KHTML, like Gecko) Chrome/88.0.4240.193 Safari/537.36"
156.248.82.56 - - [31/Aug/2025:10:16:12 +0000] "GET /tour-details.php?url=MataVaishnoDeviDarshan%27 HTTP/1.1" 200 25 "-" "Mozilla/5.0 (Windows NT 10.0; Win64; x64) AppleWebKit/537.36 (KHTML, like Gecko) Chrome/126.0.0.0 Safari/537.36"
203.219.219.133 - - [31/Aug/2025:11:46:07 +0000] "GET / HTTP/1.1" 200 8804 "https://www.google.com/" "Mozilla/5.0 (Linux; Android 10; K) AppleWebKit/537.36 (KHTML, like Gecko) Chrome/139.0.0.0 Mobile Safari/537.36"
203.219.219.133 - - [31/Aug/2025:11:46:08 +0000] "GET /assets/vendors/bootstrap/css/bootstrap.min.css HTTP/1.1" 200 23957 "https://vaishnodevi.bhaktiroute.in/" "Mozilla/5.0 (Linux; Android 10; K) AppleWebKit/537.36 (KHTML, like Gecko) Chrome/139.0.0.0 Mobile Safari/537.36"
203.219.219.133 - - [31/Aug/2025:11:46:08 +0000] "GET /assets/vendors/jquery-ui/jquery-ui.min.css HTTP/1.1" 200 7621 "https://vaishnodevi.bhaktiroute.in/" "Mozilla/5.0 (Linux; Android 10; K) AppleWebKit/537.36 (KHTML, like Gecko) Chrome/139.0.0.0 Mobile Safari/537.36"
203.219.219.133 - - [31/Aug/2025:11:46:09 +0000] "GET /assets/vendors/fancybox/dist/jquery.fancybox.min.css HTTP/1.1" 200 3108 "https://vaishnodevi.bhaktiroute.in/" "Mozilla/5.0 (Linux; Android 10; K) AppleWebKit/537.36 (KHTML, like Gecko) Chrome/139.0.0.0 Mobile Safari/537.36"
203.219.219.133 - - [31/Aug/2025:11:46:09 +0000] "GET /assets/vendors/fontawesome/css/all.min.css HTTP/1.1" 200 12425 "https://vaishnodevi.bhaktiroute.in/" "Mozilla/5.0 (Linux; Android 10; K) AppleWebKit/537.36 (KHTML, like Gecko) Chrome/139.0.0.0 Mobile Safari/537.36"
203.219.219.133 - - [31/Aug/2025:11:46:09 +0000] "GET /assets/vendors/elementskit-icon-pack/assets/css/ekiticons.css HTTP/1.1" 200 12672 "https://vaishnodevi.bhaktiroute.in/" "Mozilla/5.0 (Linux; Android 10; K) AppleWebKit/537.36 (KHTML, like Gecko) Chrome/139.0.0.0 Mobile Safari/537.36"
203.219.219.133 - - [31/Aug/2025:11:46:09 +0000] "GET /assets/vendors/slick/slick.css HTTP/1.1" 200 589 "https://vaishnodevi.bhaktiroute.in/" "Mozilla/5.0 (Linux; Android 10; K) AppleWebKit/537.36 (KHTML, like Gecko) Chrome/139.0.0.0 Mobile Safari/537.36"
203.219.219.133 - - [31/Aug/2025:11:46:09 +0000] "GET /assets/vendors/slick/slick-theme.css HTTP/1.1" 200 890 "https://vaishnodevi.bhaktiroute.in/" "Mozilla/5.0 (Linux; Android 10; K) AppleWebKit/537.36 (KHTML, like Gecko) Chrome/139.0.0.0 Mobile Safari/537.36"
203.219.219.133 - - [31/Aug/2025:11:46:09 +0000] "GET /style.css HTTP/1.1" 200 20552 "https://vaishnodevi.bhaktiroute.in/" "Mozilla/5.0 (Linux; Android 10; K) AppleWebKit/537.36 (KHTML, like Gecko) Chrome/139.0.0.0 Mobile Safari/537.36"
203.153.17.36 - - [31/Aug/2025:11:46:10 +0000] "GET / HTTP/1.1" 200 8804 "https://www.google.com/" "Mozilla/5.0 (iPhone; CPU iPhone OS 18_5 like Mac OS X) AppleWebKit/605.1.15 (KHTML, like Gecko) Version/18.5 Mobile/15E148 Safari/604.1"
203.219.219.133 - - [31/Aug/2025:11:46:10 +0000] "GET /assets/vendors/waypoint/waypoints.js HTTP/1.1" 200 3694 "https://vaishnodevi.bhaktiroute.in/" "Mozilla/5.0 (Linux; Android 10; K) AppleWebKit/537.36 (KHTML, like Gecko) Chrome/139.0.0.0 Mobile Safari/537.36"
203.219.219.133 - - [31/Aug/2025:11:46:10 +0000] "GET /assets/vendors/bootstrap/js/bootstrap.min.js HTTP/1.1" 200 16358 "https://vaishnodevi.bhaktiroute.in/" "Mozilla/5.0 (Linux; Android 10; K) AppleWebKit/537.36 (KHTML, like Gecko) Chrome/139.0.0.0 Mobile Safari/537.36"
203.153.17.36 - - [31/Aug/2025:11:46:10 +0000] "GET /assets/vendors/bootstrap/css/bootstrap.min.css HTTP/1.1" 200 23957 "https://vaishnodevi.bhaktiroute.in/" "Mozilla/5.0 (iPhone; CPU iPhone OS 18_5 like Mac OS X) AppleWebKit/605.1.15 (KHTML, like Gecko) Version/18.5 Mobile/15E148 Safari/604.1"
203.219.219.133 - - [31/Aug/2025:11:46:10 +0000] "GET /assets/vendors/jquery/jquery.js HTTP/1.1" 200 30960 "https://vaishnodevi.bhaktiroute.in/" "Mozilla/5.0 (Linux; Android 10; K) AppleWebKit/537.36 (KHTML, like Gecko) Chrome/139.0.0.0 Mobile Safari/537.36"
203.219.219.133 - - [31/Aug/2025:11:46:10 +0000] "GET /assets/images/whatsapp.png HTTP/1.1" 200 1946 "https://vaishnodevi.bhaktiroute.in/" "Mozilla/5.0 (Linux; Android 10; K) AppleWebKit/537.36 (KHTML, like Gecko) Chrome/139.0.0.0 Mobile Safari/537.36"
203.219.219.133 - - [31/Aug/2025:11:46:10 +0000] "GET /assets/images/vaishno-devi.png HTTP/1.1" 200 190629 "https://vaishnodevi.bhaktiroute.in/" "Mozilla/5.0 (Linux; Android 10; K) AppleWebKit/537.36 (KHTML, like Gecko) Chrome/139.0.0.0 Mobile Safari/537.36"
203.219.219.133 - - [31/Aug/2025:11:46:11 +0000] "GET /assets/images/site-logo.png HTTP/1.1" 200 114858 "https://vaishnodevi.bhaktiroute.in/" "Mozilla/5.0 (Linux; Android 10; K) AppleWebKit/537.36 (KHTML, like Gecko) Chrome/139.0.0.0 Mobile Safari/537.36"
203.153.17.36 - - [31/Aug/2025:11:46:11 +0000] "GET /assets/vendors/jquery-ui/jquery-ui.min.css HTTP/1.1" 200 7621 "https://vaishnodevi.bhaktiroute.in/" "Mozilla/5.0 (iPhone; CPU iPhone OS 18_5 like Mac OS X) AppleWebKit/605.1.15 (KHTML, like Gecko) Version/18.5 Mobile/15E148 Safari/604.1"
203.219.219.133 - - [31/Aug/2025:11:46:11 +0000] "GET /assets/vendors/jquery-ui/jquery-ui.min.js HTTP/1.1" 200 67821 "https://vaishnodevi.bhaktiroute.in/" "Mozilla/5.0 (Linux; Android 10; K) AppleWebKit/537.36 (KHTML, like Gecko) Chrome/139.0.0.0 Mobile Safari/537.36"
203.219.219.133 - - [31/Aug/2025:11:46:11 +0000] "GET /assets/vendors/countdown-date-loop-counter/loopcounter.js HTTP/1.1" 200 617 "https://vaishnodevi.bhaktiroute.in/" "Mozilla/5.0 (Linux; Android 10; K) AppleWebKit/537.36 (KHTML, like Gecko) Chrome/139.0.0.0 Mobile Safari/537.36"
203.219.219.133 - - [31/Aug/2025:11:46:11 +0000] "GET /assets/vendors/counterup/jquery.counterup.min.js HTTP/1.1" 200 589 "https://vaishnodevi.bhaktiroute.in/" "Mozilla/5.0 (Linux; Android 10; K) AppleWebKit/537.36 (KHTML, like Gecko) Chrome/139.0.0.0 Mobile Safari/537.36"
203.219.219.133 - - [31/Aug/2025:11:46:11 +0000] "GET /assets/vendors/masonry/masonry.pkgd.min.js HTTP/1.1" 200 7367 "https://vaishnodevi.bhaktiroute.in/" "Mozilla/5.0 (Linux; Android 10; K) AppleWebKit/537.36 (KHTML, like Gecko) Chrome/139.0.0.0 Mobile Safari/537.36"
203.219.219.133 - - [31/Aug/2025:11:46:11 +0000] "GET /assets/vendors/slick/slick.js HTTP/1.1" 200 15214 "https://vaishnodevi.bhaktiroute.in/" "Mozilla/5.0 (Linux; Android 10; K) AppleWebKit/537.36 (KHTML, like Gecko) Chrome/139.0.0.0 Mobile Safari/537.36"
203.219.219.133 - - [31/Aug/2025:11:46:11 +0000] "GET /assets/vendors/fancybox/dist/jquery.fancybox.min.js HTTP/1.1" 200 22031 "https://vaishnodevi.bhaktiroute.in/" "Mozilla/5.0 (Linux; Android 10; K) AppleWebKit/537.36 (KHTML, like Gecko) Chrome/139.0.0.0 Mobile Safari/537.36"
203.153.17.36 - - [31/Aug/2025:11:46:11 +0000] "GET /assets/vendors/fancybox/dist/jquery.fancybox.min.css HTTP/1.1" 200 3108 "https://vaishnodevi.bhaktiroute.in/" "Mozilla/5.0 (iPhone; CPU iPhone OS 18_5 like Mac OS X) AppleWebKit/605.1.15 (KHTML, like Gecko) Version/18.5 Mobile/15E148 Safari/604.1"
203.153.17.36 - - [31/Aug/2025:11:46:12 +0000] "GET /assets/vendors/fontawesome/css/all.min.css HTTP/1.1" 200 12425 "https://vaishnodevi.bhaktiroute.in/" "Mozilla/5.0 (iPhone; CPU iPhone OS 18_5 like Mac OS X) AppleWebKit/605.1.15 (KHTML, like Gecko) Version/18.5 Mobile/15E148 Safari/604.1"
203.153.17.36 - - [31/Aug/2025:11:46:12 +0000] "GET /assets/vendors/elementskit-icon-pack/assets/css/ekiticons.css HTTP/1.1" 200 12672 "https://vaishnodevi.bhaktiroute.in/" "Mozilla/5.0 (iPhone; CPU iPhone OS 18_5 like Mac OS X) AppleWebKit/605.1.15 (KHTML, like Gecko) Version/18.5 Mobile/15E148 Safari/604.1"
203.219.219.133 - - [31/Aug/2025:11:46:12 +0000] "GET /assets/vendors/slick-nav/jquery.slicknav.js HTTP/1.1" 200 4605 "https://vaishnodevi.bhaktiroute.in/" "Mozilla/5.0 (Linux; Android 10; K) AppleWebKit/537.36 (KHTML, like Gecko) Chrome/139.0.0.0 Mobile Safari/537.36"
203.153.17.36 - - [31/Aug/2025:11:46:12 +0000] "GET /assets/vendors/slick/slick.css HTTP/1.1" 200 589 "https://vaishnodevi.bhaktiroute.in/" "Mozilla/5.0 (iPhone; CPU iPhone OS 18_5 like Mac OS X) AppleWebKit/605.1.15 (KHTML, like Gecko) Version/18.5 Mobile/15E148 Safari/604.1"
203.219.219.133 - - [31/Aug/2025:11:46:12 +0000] "GET /assets/js/custom.js HTTP/1.1" 200 1475 "https://vaishnodevi.bhaktiroute.in/" "Mozilla/5.0 (Linux; Android 10; K) AppleWebKit/537.36 (KHTML, like Gecko) Chrome/139.0.0.0 Mobile Safari/537.36"
203.153.17.36 - - [31/Aug/2025:11:46:12 +0000] "GET /assets/vendors/slick/slick-theme.css HTTP/1.1" 200 890 "https://vaishnodevi.bhaktiroute.in/" "Mozilla/5.0 (iPhone; CPU iPhone OS 18_5 like Mac OS X) AppleWebKit/605.1.15 (KHTML, like Gecko) Version/18.5 Mobile/15E148 Safari/604.1"
203.219.219.133 - - [31/Aug/2025:11:46:12 +0000] "GET /assets/images/savetime.png HTTP/1.1" 200 2451 "https://vaishnodevi.bhaktiroute.in/" "Mozilla/5.0 (Linux; Android 10; K) AppleWebKit/537.36 (KHTML, like Gecko) Chrome/139.0.0.0 Mobile Safari/537.36"
203.219.219.133 - - [31/Aug/2025:11:46:12 +0000] "GET /assets/images/multiple.png HTTP/1.1" 200 2118 "https://vaishnodevi.bhaktiroute.in/" "Mozilla/5.0 (Linux; Android 10; K) AppleWebKit/537.36 (KHTML, like Gecko) Chrome/139.0.0.0 Mobile Safari/537.36"
203.219.219.133 - - [31/Aug/2025:11:46:12 +0000] "GET /assets/images/money.png HTTP/1.1" 200 2411 "https://vaishnodevi.bhaktiroute.in/" "Mozilla/5.0 (Linux; Android 10; K) AppleWebKit/537.36 (KHTML, like Gecko) Chrome/139.0.0.0 Mobile Safari/537.36"
203.153.17.36 - - [31/Aug/2025:11:46:12 +0000] "GET /style.css HTTP/1.1" 200 20552 "https://vaishnodevi.bhaktiroute.in/" "Mozilla/5.0 (iPhone; CPU iPhone OS 18_5 like Mac OS X) AppleWebKit/605.1.15 (KHTML, like Gecko) Version/18.5 Mobile/15E148 Safari/604.1"
203.219.219.133 - - [31/Aug/2025:11:46:12 +0000] "GET /assets/images/trusted.png HTTP/1.1" 200 2617 "https://vaishnodevi.bhaktiroute.in/" "Mozilla/5.0 (Linux; Android 10; K) AppleWebKit/537.36 (KHTML, like Gecko) Chrome/139.0.0.0 Mobile Safari/537.36"
203.219.219.133 - - [31/Aug/2025:11:46:12 +0000] "GET /assets/images/img8.jpg HTTP/1.1" 200 46391 "https://vaishnodevi.bhaktiroute.in/" "Mozilla/5.0 (Linux; Android 10; K) AppleWebKit/537.36 (KHTML, like Gecko) Chrome/139.0.0.0 Mobile Safari/537.36"
203.153.17.36 - - [31/Aug/2025:11:46:12 +0000] "GET /assets/images/vaishno-devi.png HTTP/1.1" 200 190629 "https://vaishnodevi.bhaktiroute.in/" "Mozilla/5.0 (iPhone; CPU iPhone OS 18_5 like Mac OS X) AppleWebKit/605.1.15 (KHTML, like Gecko) Version/18.5 Mobile/15E148 Safari/604.1"
203.153.17.36 - - [31/Aug/2025:11:46:12 +0000] "GET /assets/vendors/waypoint/waypoints.js HTTP/1.1" 200 3694 "https://vaishnodevi.bhaktiroute.in/" "Mozilla/5.0 (iPhone; CPU iPhone OS 18_5 like Mac OS X) AppleWebKit/605.1.15 (KHTML, like Gecko) Version/18.5 Mobile/15E148 Safari/604.1"
203.153.17.36 - - [31/Aug/2025:11:46:12 +0000] "GET /assets/vendors/bootstrap/js/bootstrap.min.js HTTP/1.1" 200 16358 "https://vaishnodevi.bhaktiroute.in/" "Mozilla/5.0 (iPhone; CPU iPhone OS 18_5 like Mac OS X) AppleWebKit/605.1.15 (KHTML, like Gecko) Version/18.5 Mobile/15E148 Safari/604.1"
203.153.17.36 - - [31/Aug/2025:11:46:12 +0000] "GET /assets/vendors/jquery/jquery.js HTTP/1.1" 200 30960 "https://vaishnodevi.bhaktiroute.in/" "Mozilla/5.0 (iPhone; CPU iPhone OS 18_5 like Mac OS X) AppleWebKit/605.1.15 (KHTML, like Gecko) Version/18.5 Mobile/15E148 Safari/604.1"
203.153.17.36 - - [31/Aug/2025:11:46:12 +0000] "GET /assets/images/whatsapp.png HTTP/1.1" 200 1946 "https://vaishnodevi.bhaktiroute.in/" "Mozilla/5.0 (iPhone; CPU iPhone OS 18_5 like Mac OS X) AppleWebKit/605.1.15 (KHTML, like Gecko) Version/18.5 Mobile/15E148 Safari/604.1"
203.153.17.36 - - [31/Aug/2025:11:46:12 +0000] "GET /assets/images/site-logo.png HTTP/1.1" 200 114858 "https://vaishnodevi.bhaktiroute.in/" "Mozilla/5.0 (iPhone; CPU iPhone OS 18_5 like Mac OS X) AppleWebKit/605.1.15 (KHTML, like Gecko) Version/18.5 Mobile/15E148 Safari/604.1"
203.153.17.36 - - [31/Aug/2025:11:46:13 +0000] "GET /assets/vendors/jquery-ui/jquery-ui.min.js HTTP/1.1" 200 67821 "https://vaishnodevi.bhaktiroute.in/" "Mozilla/5.0 (iPhone; CPU iPhone OS 18_5 like Mac OS X) AppleWebKit/605.1.15 (KHTML, like Gecko) Version/18.5 Mobile/15E148 Safari/604.1"
203.153.17.36 - - [31/Aug/2025:11:46:13 +0000] "GET /assets/vendors/countdown-date-loop-counter/loopcounter.js HTTP/1.1" 200 617 "https://vaishnodevi.bhaktiroute.in/" "Mozilla/5.0 (iPhone; CPU iPhone OS 18_5 like Mac OS X) AppleWebKit/605.1.15 (KHTML, like Gecko) Version/18.5 Mobile/15E148 Safari/604.1"
203.153.17.36 - - [31/Aug/2025:11:46:13 +0000] "GET /assets/vendors/counterup/jquery.counterup.min.js HTTP/1.1" 200 589 "https://vaishnodevi.bhaktiroute.in/" "Mozilla/5.0 (iPhone; CPU iPhone OS 18_5 like Mac OS X) AppleWebKit/605.1.15 (KHTML, like Gecko) Version/18.5 Mobile/15E148 Safari/604.1"
203.153.17.36 - - [31/Aug/2025:11:46:13 +0000] "GET /assets/vendors/slick/slick.js HTTP/1.1" 200 15214 "https://vaishnodevi.bhaktiroute.in/" "Mozilla/5.0 (iPhone; CPU iPhone OS 18_5 like Mac OS X) AppleWebKit/605.1.15 (KHTML, like Gecko) Version/18.5 Mobile/15E148 Safari/604.1"
203.153.17.36 - - [31/Aug/2025:11:46:13 +0000] "GET /assets/vendors/masonry/masonry.pkgd.min.js HTTP/1.1" 200 7367 "https://vaishnodevi.bhaktiroute.in/" "Mozilla/5.0 (iPhone; CPU iPhone OS 18_5 like Mac OS X) AppleWebKit/605.1.15 (KHTML, like Gecko) Version/18.5 Mobile/15E148 Safari/604.1"
203.153.17.36 - - [31/Aug/2025:11:46:13 +0000] "GET /assets/vendors/fancybox/dist/jquery.fancybox.min.js HTTP/1.1" 200 22031 "https://vaishnodevi.bhaktiroute.in/" "Mozilla/5.0 (iPhone; CPU iPhone OS 18_5 like Mac OS X) AppleWebKit/605.1.15 (KHTML, like Gecko) Version/18.5 Mobile/15E148 Safari/604.1"
203.153.17.36 - - [31/Aug/2025:11:46:13 +0000] "GET /assets/vendors/slick-nav/jquery.slicknav.js HTTP/1.1" 200 4605 "https://vaishnodevi.bhaktiroute.in/" "Mozilla/5.0 (iPhone; CPU iPhone OS 18_5 like Mac OS X) AppleWebKit/605.1.15 (KHTML, like Gecko) Version/18.5 Mobile/15E148 Safari/604.1"
203.153.17.36 - - [31/Aug/2025:11:46:13 +0000] "GET /assets/js/custom.js HTTP/1.1" 200 1475 "https://vaishnodevi.bhaktiroute.in/" "Mozilla/5.0 (iPhone; CPU iPhone OS 18_5 like Mac OS X) AppleWebKit/605.1.15 (KHTML, like Gecko) Version/18.5 Mobile/15E148 Safari/604.1"
203.219.219.133 - - [31/Aug/2025:11:46:13 +0000] "GET /assets/vendors/slick/ajax-loader.gif HTTP/1.1" 200 3337 "https://vaishnodevi.bhaktiroute.in/assets/vendors/slick/slick-theme.css" "Mozilla/5.0 (Linux; Android 10; K) AppleWebKit/537.36 (KHTML, like Gecko) Chrome/139.0.0.0 Mobile Safari/537.36"
203.219.219.133 - - [31/Aug/2025:11:46:13 +0000] "GET /assets/vendors/fontawesome/webfonts/fa-brands-400.woff2 HTTP/1.1" 200 75936 "https://vaishnodevi.bhaktiroute.in/assets/vendors/fontawesome/css/all.min.css" "Mozilla/5.0 (Linux; Android 10; K) AppleWebKit/537.36 (KHTML, like Gecko) Chrome/139.0.0.0 Mobile Safari/537.36"
203.153.17.36 - - [31/Aug/2025:11:46:13 +0000] "GET /assets/images/savetime.png HTTP/1.1" 200 2451 "https://vaishnodevi.bhaktiroute.in/" "Mozilla/5.0 (iPhone; CPU iPhone OS 18_5 like Mac OS X) AppleWebKit/605.1.15 (KHTML, like Gecko) Version/18.5 Mobile/15E148 Safari/604.1"
203.153.17.36 - - [31/Aug/2025:11:46:13 +0000] "GET /assets/images/multiple.png HTTP/1.1" 200 2118 "https://vaishnodevi.bhaktiroute.in/" "Mozilla/5.0 (iPhone; CPU iPhone OS 18_5 like Mac OS X) AppleWebKit/605.1.15 (KHTML, like Gecko) Version/18.5 Mobile/15E148 Safari/604.1"
203.153.17.36 - - [31/Aug/2025:11:46:13 +0000] "GET /assets/images/money.png HTTP/1.1" 200 2411 "https://vaishnodevi.bhaktiroute.in/" "Mozilla/5.0 (iPhone; CPU iPhone OS 18_5 like Mac OS X) AppleWebKit/605.1.15 (KHTML, like Gecko) Version/18.5 Mobile/15E148 Safari/604.1"
203.153.17.36 - - [31/Aug/2025:11:46:14 +0000] "GET /assets/images/trusted.png HTTP/1.1" 200 2617 "https://vaishnodevi.bhaktiroute.in/" "Mozilla/5.0 (iPhone; CPU iPhone OS 18_5 like Mac OS X) AppleWebKit/605.1.15 (KHTML, like Gecko) Version/18.5 Mobile/15E148 Safari/604.1"
203.153.17.36 - - [31/Aug/2025:11:46:14 +0000] "GET /assets/images/img8.jpg HTTP/1.1" 200 46391 "https://vaishnodevi.bhaktiroute.in/" "Mozilla/5.0 (iPhone; CPU iPhone OS 18_5 like Mac OS X) AppleWebKit/605.1.15 (KHTML, like Gecko) Version/18.5 Mobile/15E148 Safari/604.1"
203.219.219.133 - - [31/Aug/2025:11:46:14 +0000] "GET /assets/vendors/fontawesome/webfonts/fa-solid-900.woff2 HTTP/1.1" 200 76084 "https://vaishnodevi.bhaktiroute.in/assets/vendors/fontawesome/css/all.min.css" "Mozilla/5.0 (Linux; Android 10; K) AppleWebKit/537.36 (KHTML, like Gecko) Chrome/139.0.0.0 Mobile Safari/537.36"
203.219.219.133 - - [31/Aug/2025:11:46:14 +0000] "GET /assets/images/banner-img2.png HTTP/1.1" 200 1492006 "https://vaishnodevi.bhaktiroute.in/" "Mozilla/5.0 (Linux; Android 10; K) AppleWebKit/537.36 (KHTML, like Gecko) Chrome/139.0.0.0 Mobile Safari/537.36"
203.219.219.133 - - [31/Aug/2025:11:46:14 +0000] "GET /assets/vendors/elementskit-icon-pack/assets/fonts/elementskit.woff?y24e1e HTTP/1.1" 200 442864 "https://vaishnodevi.bhaktiroute.in/assets/vendors/elementskit-icon-pack/assets/css/ekiticons.css" "Mozilla/5.0 (Linux; Android 10; K) AppleWebKit/537.36 (KHTML, like Gecko) Chrome/139.0.0.0 Mobile Safari/537.36"
203.153.17.36 - - [31/Aug/2025:11:46:14 +0000] "GET /assets/vendors/fontawesome/webfonts/fa-brands-400.woff2 HTTP/1.1" 200 75936 "https://vaishnodevi.bhaktiroute.in/assets/vendors/fontawesome/css/all.min.css" "Mozilla/5.0 (iPhone; CPU iPhone OS 18_5 like Mac OS X) AppleWebKit/605.1.15 (KHTML, like Gecko) Version/18.5 Mobile/15E148 Safari/604.1"
203.153.17.36 - - [31/Aug/2025:11:46:14 +0000] "GET /assets/vendors/slick/ajax-loader.gif HTTP/1.1" 200 3337 "https://vaishnodevi.bhaktiroute.in/assets/vendors/slick/slick-theme.css" "Mozilla/5.0 (iPhone; CPU iPhone OS 18_5 like Mac OS X) AppleWebKit/605.1.15 (KHTML, like Gecko) Version/18.5 Mobile/15E148 Safari/604.1"
203.219.219.133 - - [31/Aug/2025:11:46:15 +0000] "GET /assets/images/banner-img3.png HTTP/1.1" 200 1816805 "https://vaishnodevi.bhaktiroute.in/" "Mozilla/5.0 (Linux; Android 10; K) AppleWebKit/537.36 (KHTML, like Gecko) Chrome/139.0.0.0 Mobile Safari/537.36"
203.153.17.36 - - [31/Aug/2025:11:46:15 +0000] "GET /assets/vendors/fontawesome/webfonts/fa-solid-900.woff2 HTTP/1.1" 200 76084 "https://vaishnodevi.bhaktiroute.in/assets/vendors/fontawesome/css/all.min.css" "Mozilla/5.0 (iPhone; CPU iPhone OS 18_5 like Mac OS X) AppleWebKit/605.1.15 (KHTML, like Gecko) Version/18.5 Mobile/15E148 Safari/604.1"
203.153.17.36 - - [31/Aug/2025:11:46:15 +0000] "GET /assets/images/banner-img2.png HTTP/1.1" 200 1491989 "https://vaishnodevi.bhaktiroute.in/" "Mozilla/5.0 (iPhone; CPU iPhone OS 18_5 like Mac OS X) AppleWebKit/605.1.15 (KHTML, like Gecko) Version/18.5 Mobile/15E148 Safari/604.1"
203.153.17.36 - - [31/Aug/2025:11:46:15 +0000] "GET /assets/vendors/elementskit-icon-pack/assets/fonts/elementskit.woff?y24e1e HTTP/1.1" 200 442864 "https://vaishnodevi.bhaktiroute.in/assets/vendors/elementskit-icon-pack/assets/css/ekiticons.css" "Mozilla/5.0 (iPhone; CPU iPhone OS 18_5 like Mac OS X) AppleWebKit/605.1.15 (KHTML, like Gecko) Version/18.5 Mobile/15E148 Safari/604.1"
203.219.219.133 - - [31/Aug/2025:11:46:15 +0000] "GET /assets/images/banner-img1.png HTTP/1.1" 200 2975564 "https://vaishnodevi.bhaktiroute.in/" "Mozilla/5.0 (Linux; Android 10; K) AppleWebKit/537.36 (KHTML, like Gecko) Chrome/139.0.0.0 Mobile Safari/537.36"
203.153.17.36 - - [31/Aug/2025:11:46:15 +0000] "GET /assets/images/banner-img3.png HTTP/1.1" 200 1816805 "https://vaishnodevi.bhaktiroute.in/" "Mozilla/5.0 (iPhone; CPU iPhone OS 18_5 like Mac OS X) AppleWebKit/605.1.15 (KHTML, like Gecko) Version/18.5 Mobile/15E148 Safari/604.1"
203.153.17.36 - - [31/Aug/2025:11:46:15 +0000] "GET /assets/images/banner-img1.png HTTP/1.1" 200 2975537 "https://vaishnodevi.bhaktiroute.in/" "Mozilla/5.0 (iPhone; CPU iPhone OS 18_5 like Mac OS X) AppleWebKit/605.1.15 (KHTML, like Gecko) Version/18.5 Mobile/15E148 Safari/604.1"
203.219.219.133 - - [31/Aug/2025:11:46:16 +0000] "GET /assets/images/places/ardh-kuwari-cave.png HTTP/1.1" 200 424818 "https://vaishnodevi.bhaktiroute.in/" "Mozilla/5.0 (Linux; Android 10; K) AppleWebKit/537.36 (KHTML, like Gecko) Chrome/139.0.0.0 Mobile Safari/537.36"
203.219.219.133 - - [31/Aug/2025:11:46:16 +0000] "GET /assets/images/places/shiv-khori-mandir.png HTTP/1.1" 200 581656 "https://vaishnodevi.bhaktiroute.in/" "Mozilla/5.0 (Linux; Android 10; K) AppleWebKit/537.36 (KHTML, like Gecko) Chrome/139.0.0.0 Mobile Safari/537.36"
203.219.219.133 - - [31/Aug/2025:11:46:16 +0000] "GET /assets/images/places/patnitop.png HTTP/1.1" 200 583453 "https://vaishnodevi.bhaktiroute.in/" "Mozilla/5.0 (Linux; Android 10; K) AppleWebKit/537.36 (KHTML, like Gecko) Chrome/139.0.0.0 Mobile Safari/537.36"
203.219.219.133 - - [31/Aug/2025:11:46:16 +0000] "GET /assets/images/img7.jpg HTTP/1.1" 200 171908 "https://vaishnodevi.bhaktiroute.in/" "Mozilla/5.0 (Linux; Android 10; K) AppleWebKit/537.36 (KHTML, like Gecko) Chrome/139.0.0.0 Mobile Safari/537.36"
203.153.17.36 - - [31/Aug/2025:11:46:16 +0000] "GET /assets/images/places/shiv-khori-mandir.png HTTP/1.1" 200 581656 "https://vaishnodevi.bhaktiroute.in/" "Mozilla/5.0 (iPhone; CPU iPhone OS 18_5 like Mac OS X) AppleWebKit/605.1.15 (KHTML, like Gecko) Version/18.5 Mobile/15E148 Safari/604.1"
203.153.17.36 - - [31/Aug/2025:11:46:16 +0000] "GET /assets/images/places/ardh-kuwari-cave.png HTTP/1.1" 200 424818 "https://vaishnodevi.bhaktiroute.in/" "Mozilla/5.0 (iPhone; CPU iPhone OS 18_5 like Mac OS X) AppleWebKit/605.1.15 (KHTML, like Gecko) Version/18.5 Mobile/15E148 Safari/604.1"
203.153.17.36 - - [31/Aug/2025:11:46:16 +0000] "GET /assets/images/img7.jpg HTTP/1.1" 200 171908 "https://vaishnodevi.bhaktiroute.in/" "Mozilla/5.0 (iPhone; CPU iPhone OS 18_5 like Mac OS X) AppleWebKit/605.1.15 (KHTML, like Gecko) Version/18.5 Mobile/15E148 Safari/604.1"
203.153.17.36 - - [31/Aug/2025:11:46:17 +0000] "GET /assets/images/places/patnitop.png HTTP/1.1" 200 583453 "https://vaishnodevi.bhaktiroute.in/" "Mozilla/5.0 (iPhone; CPU iPhone OS 18_5 like Mac OS X) AppleWebKit/605.1.15 (KHTML, like Gecko) Version/18.5 Mobile/15E148 Safari/604.1"
146.70.184.51 - - [31/Aug/2025:11:46:54 +0000] "GET /tour-details.php?url=MataVaishnoDeviWithShivKhori HTTP/1.1" 200 10821 "-" "Mozilla/5.0 (Linux; U; Android 2.0; en-us; Droid Build/ESD20) AppleWebKit/530.17 (KHTML, like Gecko) Version/4.0 Mobile Safari/530.17"
146.70.184.51 - - [31/Aug/2025:11:46:54 +0000] "GET /tour-details.php?url=MataVaishnoDeviWithShivKhori%27 HTTP/1.1" 200 25 "-" "BlackBerry9000/4.6.0.167 Profile/MIDP-2.0 Configuration/CLDC-1.1 VendorID/102"
104.210.140.137 - - [31/Aug/2025:22:07:49 +0000] "GET /robots.txt HTTP/1.1" 404 196 "-" "Mozilla/5.0 (Macintosh; Intel Mac OS X 10_15_7) AppleWebKit/537.36 (KHTML, like Gecko) Chrome/131.0.0.0 Safari/537.36; compatible; OAI-SearchBot/1.0; +https://openai.com/searchbot"
104.210.140.131 - - [31/Aug/2025:22:07:51 +0000] "GET /robots.txt HTTP/1.1" 404 196 "-" "Mozilla/5.0 (Macintosh; Intel Mac OS X 10_15_7) AppleWebKit/537.36 (KHTML, like Gecko) Chrome/131.0.0.0 Safari/537.36; compatible; OAI-SearchBot/1.0; +https://openai.com/searchbot"
205.210.31.45 - - [01/Sep/2025:00:43:44 +0000] "GET / HTTP/1.1" 200 60925 "-" "-"
115.97.199.192 - - [01/Sep/2025:13:26:24 +0000] "GET / HTTP/1.1" 200 8804 "-" "Mozilla/5.0 (X11; Linux x86_64) AppleWebKit/537.36 (KHTML, like Gecko) SamsungBrowser/28.0 Chrome/130.0.0.0 Safari/537.36"
115.97.199.192 - - [01/Sep/2025:13:26:24 +0000] "GET /assets/images/vaishno-devi.png HTTP/1.1" 200 190629 "https://vaishnodevi.bhaktiroute.in/" "Mozilla/5.0 (X11; Linux x86_64) AppleWebKit/537.36 (KHTML, like Gecko) SamsungBrowser/28.0 Chrome/130.0.0.0 Safari/537.36"
115.97.199.192 - - [01/Sep/2025:13:26:25 +0000] "GET /assets/images/banner-img2.png HTTP/1.1" 200 1491988 "https://vaishnodevi.bhaktiroute.in/" "Mozilla/5.0 (X11; Linux x86_64) AppleWebKit/537.36 (KHTML, like Gecko) SamsungBrowser/28.0 Chrome/130.0.0.0 Safari/537.36"
115.97.199.192 - - [01/Sep/2025:13:26:25 +0000] "GET /assets/images/places/patnitop.png HTTP/1.1" 200 583453 "https://vaishnodevi.bhaktiroute.in/" "Mozilla/5.0 (X11; Linux x86_64) AppleWebKit/537.36 (KHTML, like Gecko) SamsungBrowser/28.0 Chrome/130.0.0.0 Safari/537.36"
115.97.199.192 - - [01/Sep/2025:13:26:25 +0000] "GET /assets/vendors/elementskit-icon-pack/assets/fonts/elementskit.woff?y24e1e HTTP/1.1" 200 442864 "https://vaishnodevi.bhaktiroute.in/assets/vendors/elementskit-icon-pack/assets/css/ekiticons.css" "Mozilla/5.0 (X11; Linux x86_64) AppleWebKit/537.36 (KHTML, like Gecko) SamsungBrowser/28.0 Chrome/130.0.0.0 Safari/537.36"
115.97.199.192 - - [01/Sep/2025:13:26:25 +0000] "GET /assets/images/places/ardh-kuwari-cave.png HTTP/1.1" 200 424818 "https://vaishnodevi.bhaktiroute.in/" "Mozilla/5.0 (X11; Linux x86_64) AppleWebKit/537.36 (KHTML, like Gecko) SamsungBrowser/28.0 Chrome/130.0.0.0 Safari/537.36"
115.97.199.192 - - [01/Sep/2025:13:26:25 +0000] "GET /assets/images/places/shiv-khori-mandir.png HTTP/1.1" 200 581656 "https://vaishnodevi.bhaktiroute.in/" "Mozilla/5.0 (X11; Linux x86_64) AppleWebKit/537.36 (KHTML, like Gecko) SamsungBrowser/28.0 Chrome/130.0.0.0 Safari/537.36"
115.97.199.192 - - [01/Sep/2025:13:26:25 +0000] "GET /assets/images/banner-img3.png HTTP/1.1" 200 1816823 "https://vaishnodevi.bhaktiroute.in/" "Mozilla/5.0 (X11; Linux x86_64) AppleWebKit/537.36 (KHTML, like Gecko) SamsungBrowser/28.0 Chrome/130.0.0.0 Safari/537.36"
115.97.199.192 - - [01/Sep/2025:13:26:25 +0000] "GET /assets/images/banner-img1.png HTTP/1.1" 200 2975537 "https://vaishnodevi.bhaktiroute.in/" "Mozilla/5.0 (X11; Linux x86_64) AppleWebKit/537.36 (KHTML, like Gecko) SamsungBrowser/28.0 Chrome/130.0.0.0 Safari/537.36"
115.97.199.192 - - [01/Sep/2025:13:26:38 +0000] "GET / HTTP/1.1" 200 8804 "-" "Mozilla/5.0 (X11; Linux x86_64) AppleWebKit/537.36 (KHTML, like Gecko) SamsungBrowser/28.0 Chrome/130.0.0.0 Safari/537.36"
66.249.90.32 - - [01/Sep/2025:14:13:08 +0000] "GET / HTTP/1.1" 200 8804 "-" "Mozilla/5.0 (X11; Linux x86_64) AppleWebKit/537.36 (KHTML, like Gecko; compatible; pageburst) Chrome/139.0.7258.127 Safari/537.36"
66.249.90.38 - - [01/Sep/2025:14:13:09 +0000] "GET /assets/vendors/fancybox/dist/jquery.fancybox.min.css HTTP/1.1" 200 3108 "https://vaishnodevi.bhaktiroute.in/" "Mozilla/5.0 (X11; Linux x86_64) AppleWebKit/537.36 (KHTML, like Gecko; compatible; pageburst) Chrome/139.0.7258.127 Safari/537.36"
66.249.90.32 - - [01/Sep/2025:14:13:09 +0000] "GET /assets/vendors/jquery-ui/jquery-ui.min.css HTTP/1.1" 200 7621 "https://vaishnodevi.bhaktiroute.in/" "Mozilla/5.0 (X11; Linux x86_64) AppleWebKit/537.36 (KHTML, like Gecko; compatible; pageburst) Chrome/139.0.7258.127 Safari/537.36"
66.249.90.32 - - [01/Sep/2025:14:13:11 +0000] "GET /assets/images/vaishno-devi.png HTTP/1.1" 200 190629 "https://vaishnodevi.bhaktiroute.in/" "Mozilla/5.0 (X11; Linux x86_64) AppleWebKit/537.36 (KHTML, like Gecko; compatible; pageburst) Chrome/139.0.7258.127 Safari/537.36"
66.249.90.38 - - [01/Sep/2025:14:13:11 +0000] "GET /assets/vendors/slick/slick.css HTTP/1.1" 200 589 "https://vaishnodevi.bhaktiroute.in/" "Mozilla/5.0 (X11; Linux x86_64) AppleWebKit/537.36 (KHTML, like Gecko; compatible; pageburst) Chrome/139.0.7258.127 Safari/537.36"
66.249.90.39 - - [01/Sep/2025:14:13:13 +0000] "GET /style.css HTTP/1.1" 200 20552 "https://vaishnodevi.bhaktiroute.in/" "Mozilla/5.0 (X11; Linux x86_64) AppleWebKit/537.36 (KHTML, like Gecko; compatible; pageburst) Chrome/139.0.7258.127 Safari/537.36"
66.249.90.38 - - [01/Sep/2025:14:13:14 +0000] "GET /assets/vendors/fontawesome/css/all.min.css HTTP/1.1" 200 12425 "https://vaishnodevi.bhaktiroute.in/" "Mozilla/5.0 (X11; Linux x86_64) AppleWebKit/537.36 (KHTML, like Gecko; compatible; pageburst) Chrome/139.0.7258.127 Safari/537.36"
66.249.90.39 - - [01/Sep/2025:14:13:15 +0000] "GET /assets/vendors/slick/slick-theme.css HTTP/1.1" 200 890 "https://vaishnodevi.bhaktiroute.in/" "Mozilla/5.0 (X11; Linux x86_64) AppleWebKit/537.36 (KHTML, like Gecko; compatible; pageburst) Chrome/139.0.7258.127 Safari/537.36"
66.249.90.38 - - [01/Sep/2025:14:13:16 +0000] "GET /assets/images/site-logo.png HTTP/1.1" 200 114858 "https://vaishnodevi.bhaktiroute.in/" "Mozilla/5.0 (X11; Linux x86_64) AppleWebKit/537.36 (KHTML, like Gecko; compatible; pageburst) Chrome/139.0.7258.127 Safari/537.36"
66.249.90.38 - - [01/Sep/2025:14:13:17 +0000] "GET /assets/vendors/bootstrap/css/bootstrap.min.css HTTP/1.1" 200 23957 "https://vaishnodevi.bhaktiroute.in/" "Mozilla/5.0 (X11; Linux x86_64) AppleWebKit/537.36 (KHTML, like Gecko; compatible; pageburst) Chrome/139.0.7258.127 Safari/537.36"
66.249.90.38 - - [01/Sep/2025:14:13:17 +0000] "GET /assets/vendors/elementskit-icon-pack/assets/css/ekiticons.css HTTP/1.1" 200 12672 "https://vaishnodevi.bhaktiroute.in/" "Mozilla/5.0 (X11; Linux x86_64) AppleWebKit/537.36 (KHTML, like Gecko; compatible; pageburst) Chrome/139.0.7258.127 Safari/537.36"
66.249.90.38 - - [01/Sep/2025:14:13:18 +0000] "GET /assets/images/whatsapp.png HTTP/1.1" 200 1946 "https://vaishnodevi.bhaktiroute.in/" "Mozilla/5.0 (X11; Linux x86_64) AppleWebKit/537.36 (KHTML, like Gecko; compatible; pageburst) Chrome/139.0.7258.127 Safari/537.36"
66.249.90.38 - - [01/Sep/2025:14:13:20 +0000] "GET /assets/vendors/jquery/jquery.js HTTP/1.1" 200 30960 "https://vaishnodevi.bhaktiroute.in/" "Mozilla/5.0 (X11; Linux x86_64) AppleWebKit/537.36 (KHTML, like Gecko; compatible; pageburst) Chrome/139.0.7258.127 Safari/537.36"
66.249.90.38 - - [01/Sep/2025:14:13:21 +0000] "GET /assets/vendors/bootstrap/js/bootstrap.min.js HTTP/1.1" 200 16358 "https://vaishnodevi.bhaktiroute.in/" "Mozilla/5.0 (X11; Linux x86_64) AppleWebKit/537.36 (KHTML, like Gecko; compatible; pageburst) Chrome/139.0.7258.127 Safari/537.36"
66.249.90.38 - - [01/Sep/2025:14:13:22 +0000] "GET /assets/vendors/waypoint/waypoints.js HTTP/1.1" 200 3694 "https://vaishnodevi.bhaktiroute.in/" "Mozilla/5.0 (X11; Linux x86_64) AppleWebKit/537.36 (KHTML, like Gecko; compatible; pageburst) Chrome/139.0.7258.127 Safari/537.36"
66.249.90.38 - - [01/Sep/2025:14:13:23 +0000] "GET /assets/vendors/countdown-date-loop-counter/loopcounter.js HTTP/1.1" 200 617 "https://vaishnodevi.bhaktiroute.in/" "Mozilla/5.0 (X11; Linux x86_64) AppleWebKit/537.36 (KHTML, like Gecko; compatible; pageburst) Chrome/139.0.7258.127 Safari/537.36"
66.249.90.38 - - [01/Sep/2025:14:13:24 +0000] "GET /assets/vendors/counterup/jquery.counterup.min.js HTTP/1.1" 200 589 "https://vaishnodevi.bhaktiroute.in/" "Mozilla/5.0 (X11; Linux x86_64) AppleWebKit/537.36 (KHTML, like Gecko; compatible; pageburst) Chrome/139.0.7258.127 Safari/537.36"
66.249.90.38 - - [01/Sep/2025:14:13:25 +0000] "GET /assets/vendors/fancybox/dist/jquery.fancybox.min.js HTTP/1.1" 200 22031 "https://vaishnodevi.bhaktiroute.in/" "Mozilla/5.0 (X11; Linux x86_64) AppleWebKit/537.36 (KHTML, like Gecko; compatible; pageburst) Chrome/139.0.7258.127 Safari/537.36"
66.249.90.38 - - [01/Sep/2025:14:13:26 +0000] "GET /assets/images/multiple.png HTTP/1.1" 200 2118 "https://vaishnodevi.bhaktiroute.in/" "Mozilla/5.0 (X11; Linux x86_64) AppleWebKit/537.36 (KHTML, like Gecko; compatible; pageburst) Chrome/139.0.7258.127 Safari/537.36"
66.249.90.38 - - [01/Sep/2025:14:13:27 +0000] "GET /assets/vendors/masonry/masonry.pkgd.min.js HTTP/1.1" 200 7367 "https://vaishnodevi.bhaktiroute.in/" "Mozilla/5.0 (X11; Linux x86_64) AppleWebKit/537.36 (KHTML, like Gecko; compatible; pageburst) Chrome/139.0.7258.127 Safari/537.36"
66.249.90.38 - - [01/Sep/2025:14:13:28 +0000] "GET /assets/vendors/slick-nav/jquery.slicknav.js HTTP/1.1" 200 4605 "https://vaishnodevi.bhaktiroute.in/" "Mozilla/5.0 (X11; Linux x86_64) AppleWebKit/537.36 (KHTML, like Gecko; compatible; pageburst) Chrome/139.0.7258.127 Safari/537.36"
66.249.90.38 - - [01/Sep/2025:14:13:29 +0000] "GET /assets/images/savetime.png HTTP/1.1" 200 2451 "https://vaishnodevi.bhaktiroute.in/" "Mozilla/5.0 (X11; Linux x86_64) AppleWebKit/537.36 (KHTML, like Gecko; compatible; pageburst) Chrome/139.0.7258.127 Safari/537.36"
66.249.90.38 - - [01/Sep/2025:14:13:30 +0000] "GET /assets/vendors/slick/slick.js HTTP/1.1" 200 15214 "https://vaishnodevi.bhaktiroute.in/" "Mozilla/5.0 (X11; Linux x86_64) AppleWebKit/537.36 (KHTML, like Gecko; compatible; pageburst) Chrome/139.0.7258.127 Safari/537.36"
66.249.90.38 - - [01/Sep/2025:14:13:31 +0000] "GET /assets/images/img8.jpg HTTP/1.1" 200 46391 "https://vaishnodevi.bhaktiroute.in/" "Mozilla/5.0 (X11; Linux x86_64) AppleWebKit/537.36 (KHTML, like Gecko; compatible; pageburst) Chrome/139.0.7258.127 Safari/537.36"
66.249.90.38 - - [01/Sep/2025:14:13:32 +0000] "GET /assets/images/money.png HTTP/1.1" 200 2411 "https://vaishnodevi.bhaktiroute.in/" "Mozilla/5.0 (X11; Linux x86_64) AppleWebKit/537.36 (KHTML, like Gecko; compatible; pageburst) Chrome/139.0.7258.127 Safari/537.36"
66.249.90.38 - - [01/Sep/2025:14:13:33 +0000] "GET /assets/vendors/jquery-ui/jquery-ui.min.js HTTP/1.1" 200 67821 "https://vaishnodevi.bhaktiroute.in/" "Mozilla/5.0 (X11; Linux x86_64) AppleWebKit/537.36 (KHTML, like Gecko; compatible; pageburst) Chrome/139.0.7258.127 Safari/537.36"
66.249.90.38 - - [01/Sep/2025:14:13:34 +0000] "GET /assets/js/custom.js HTTP/1.1" 200 1475 "https://vaishnodevi.bhaktiroute.in/" "Mozilla/5.0 (X11; Linux x86_64) AppleWebKit/537.36 (KHTML, like Gecko; compatible; pageburst) Chrome/139.0.7258.127 Safari/537.36"
66.249.90.38 - - [01/Sep/2025:14:13:35 +0000] "GET /assets/images/trusted.png HTTP/1.1" 200 2617 "https://vaishnodevi.bhaktiroute.in/" "Mozilla/5.0 (X11; Linux x86_64) AppleWebKit/537.36 (KHTML, like Gecko; compatible; pageburst) Chrome/139.0.7258.127 Safari/537.36"
66.249.90.38 - - [01/Sep/2025:14:13:38 +0000] "GET /assets/images/banner-img2.png HTTP/1.1" 200 1491989 "https://vaishnodevi.bhaktiroute.in/" "Mozilla/5.0 (X11; Linux x86_64) AppleWebKit/537.36 (KHTML, like Gecko; compatible; pageburst) Chrome/139.0.7258.127 Safari/537.36"
66.249.90.38 - - [01/Sep/2025:14:13:39 +0000] "GET /assets/images/banner-img1.png HTTP/1.1" 200 2975636 "https://vaishnodevi.bhaktiroute.in/" "Mozilla/5.0 (X11; Linux x86_64) AppleWebKit/537.36 (KHTML, like Gecko; compatible; pageburst) Chrome/139.0.7258.127 Safari/537.36"
66.249.90.38 - - [01/Sep/2025:14:13:39 +0000] "GET /assets/images/banner-img3.png HTTP/1.1" 200 1816886 "https://vaishnodevi.bhaktiroute.in/" "Mozilla/5.0 (X11; Linux x86_64) AppleWebKit/537.36 (KHTML, like Gecko; compatible; pageburst) Chrome/139.0.7258.127 Safari/537.36"
66.249.90.38 - - [01/Sep/2025:14:13:40 +0000] "GET /assets/images/places/shiv-khori-mandir.png HTTP/1.1" 200 581656 "https://vaishnodevi.bhaktiroute.in/" "Mozilla/5.0 (X11; Linux x86_64) AppleWebKit/537.36 (KHTML, like Gecko; compatible; pageburst) Chrome/139.0.7258.127 Safari/537.36"
66.249.90.39 - - [01/Sep/2025:14:13:41 +0000] "GET /assets/images/img7.jpg HTTP/1.1" 200 171908 "https://vaishnodevi.bhaktiroute.in/" "Mozilla/5.0 (X11; Linux x86_64) AppleWebKit/537.36 (KHTML, like Gecko; compatible; pageburst) Chrome/139.0.7258.127 Safari/537.36"
66.249.90.32 - - [01/Sep/2025:14:13:43 +0000] "GET /assets/images/places/patnitop.png HTTP/1.1" 200 583453 "https://vaishnodevi.bhaktiroute.in/" "Mozilla/5.0 (X11; Linux x86_64) AppleWebKit/537.36 (KHTML, like Gecko; compatible; pageburst) Chrome/139.0.7258.127 Safari/537.36"
66.249.90.39 - - [01/Sep/2025:14:13:44 +0000] "GET /assets/images/places/ardh-kuwari-cave.png HTTP/1.1" 200 424818 "https://vaishnodevi.bhaktiroute.in/" "Mozilla/5.0 (X11; Linux x86_64) AppleWebKit/537.36 (KHTML, like Gecko; compatible; pageburst) Chrome/139.0.7258.127 Safari/537.36"
66.249.90.32 - - [01/Sep/2025:14:13:45 +0000] "GET /assets/vendors/elementskit-icon-pack/assets/fonts/elementskit.woff?y24e1e HTTP/1.1" 200 442864 "https://vaishnodevi.bhaktiroute.in/assets/vendors/elementskit-icon-pack/assets/css/ekiticons.css" "Mozilla/5.0 (X11; Linux x86_64) AppleWebKit/537.36 (KHTML, like Gecko; compatible; pageburst) Chrome/139.0.7258.127 Safari/537.36"
66.249.90.32 - - [01/Sep/2025:14:13:46 +0000] "GET /assets/vendors/fontawesome/webfonts/fa-solid-900.woff2 HTTP/1.1" 200 76084 "https://vaishnodevi.bhaktiroute.in/assets/vendors/fontawesome/css/all.min.css" "Mozilla/5.0 (X11; Linux x86_64) AppleWebKit/537.36 (KHTML, like Gecko; compatible; pageburst) Chrome/139.0.7258.127 Safari/537.36"
66.249.90.33 - - [01/Sep/2025:14:13:47 +0000] "GET /assets/vendors/fontawesome/webfonts/fa-brands-400.woff2 HTTP/1.1" 200 75936 "https://vaishnodevi.bhaktiroute.in/assets/vendors/fontawesome/css/all.min.css" "Mozilla/5.0 (X11; Linux x86_64) AppleWebKit/537.36 (KHTML, like Gecko; compatible; pageburst) Chrome/139.0.7258.127 Safari/537.36"
66.249.90.33 - - [01/Sep/2025:14:13:48 +0000] "GET /assets/vendors/slick/ajax-loader.gif HTTP/1.1" 200 3337 "https://vaishnodevi.bhaktiroute.in/assets/vendors/slick/slick-theme.css" "Mozilla/5.0 (X11; Linux x86_64) AppleWebKit/537.36 (KHTML, like Gecko; compatible; pageburst) Chrome/139.0.7258.127 Safari/537.36"
104.210.140.131 - - [01/Sep/2025:16:44:15 +0000] "GET /robots.txt HTTP/1.1" 404 196 "-" "Mozilla/5.0 (Macintosh; Intel Mac OS X 10_15_7) AppleWebKit/537.36 (KHTML, like Gecko) Chrome/131.0.0.0 Safari/537.36; compatible; OAI-SearchBot/1.0; +https://openai.com/searchbot"
104.210.140.131 - - [01/Sep/2025:16:44:16 +0000] "GET /robots.txt HTTP/1.1" 404 196 "-" "Mozilla/5.0 (Macintosh; Intel Mac OS X 10_15_7) AppleWebKit/537.36 (KHTML, like Gecko) Chrome/131.0.0.0 Safari/537.36; compatible; OAI-SearchBot/1.0; +https://openai.com/searchbot"
27.115.124.97 - - [01/Sep/2025:18:39:29 +0000] "GET / HTTP/1.1" 200 60925 "-" "Mozilla/5.0 (Macintosh; Intel Mac OS X 10_15_7) AppleWebKit/537.36 (KHTML, like Gecko) Chrome/120.0.0.0 Safari/537.36 Edg/120.0.0.0"
27.115.124.3 - - [01/Sep/2025:18:39:56 +0000] "GET /assets/images/favicon.png HTTP/1.1" 200 1551 "-" "Mozilla/5.0 (Macintosh; Intel Mac OS X 10_7_0) AppleWebKit/535.11 (KHTML, like Gecko) Chrome/17.0.963.56 Safari/535.11"
27.115.124.114 - - [01/Sep/2025:18:39:59 +0000] "GET /robots.txt HTTP/1.1" 404 196 "-" "Mozilla/5.0 (Macintosh; Intel Mac OS X 10_7_0) AppleWebKit/535.11 (KHTML, like Gecko) Chrome/17.0.963.56 Safari/535.11"
27.115.124.68 - - [01/Sep/2025:18:40:03 +0000] "GET /sitemap.xml HTTP/1.1" 404 196 "-" "Mozilla/5.0 (Macintosh; Intel Mac OS X 10_7_0) AppleWebKit/535.11 (KHTML, like Gecko) Chrome/17.0.963.56 Safari/535.11"
27.115.124.34 - - [01/Sep/2025:18:40:17 +0000] "GET /config.json HTTP/1.1" 404 196 "-" "Mozilla/5.0 (Macintosh; Intel Mac OS X 10_7_0) AppleWebKit/535.11 (KHTML, like Gecko) Chrome/17.0.963.56 Safari/535.11"
3.250.86.236 - - [01/Sep/2025:22:36:21 +0000] "GET / HTTP/1.0" 200 60888 "-" "Mozilla/5.0 (compatible; NetcraftSurveyAgent/1.0; +info@netcraft.com)"
203.55.131.4 - - [02/Sep/2025:01:12:32 +0000] "GET / HTTP/1.1" 200 8777 "-" "Mozilla/5.0 (Windows NT 10.0; Win64; x64) AppleWebKit/537.36 (KHTML, like Gecko) Chrome/133.0.0.0 Safari/537.36"
206.168.34.201 - - [02/Sep/2025:09:37:53 +0000] "GET / HTTP/1.1" 200 8883 "-" "Mozilla/5.0 (compatible; CensysInspect/1.1; +https://about.censys.io/)"
