54.36.148.48 - - [31/Jul/2021:13:04:09 +0000] "GET /destinations.php HTTP/1.1" 200 89019 "-" "Mozilla/5.0 (compatible; AhrefsBot/7.0; +http://ahrefs.com/robot/)"
54.36.148.48 - - [31/Jul/2021:13:04:10 +0000] "GET /pagecontents.php?url=Travel-Themes HTTP/1.1" 200 70435 "-" "Mozilla/5.0 (compatible; AhrefsBot/7.0; +http://ahrefs.com/robot/)"
150.109.37.71 - - [31/Jul/2021:13:05:48 +0000] "GET /system.php HTTP/1.1" 301 253 "http://simplesite.com" "Mozilla/5.0 (Windows; U; Windows NT 5.1; en-US) AppleWebKit/533.4 (KHTML, like Gecko) Chrome/5.0.375.99 Safari/533.4"
150.109.37.71 - - [31/Jul/2021:13:05:48 +0000] "GET /system.php HTTP/1.1" 404 121584 "http://indiaexclusivetours.com/system.php" "Mozilla/5.0 (Windows; U; Windows NT 5.1; en-US) AppleWebKit/533.4 (KHTML, like Gecko) Chrome/5.0.375.99 Safari/533.4"
77.75.77.72 - - [31/Jul/2021:13:06:13 +0000] "GET /robots.txt HTTP/1.1" 404 121584 "-" "Mozilla/5.0 (compatible; SeznamBot/3.2; +http://napoveda.seznam.cz/en/seznambot-intro/)"
77.75.77.72 - - [31/Jul/2021:13:06:16 +0000] "GET /kerala-compleat-tour.html HTTP/1.1" 200 101159 "-" "Mozilla/5.0 (compatible; SeznamBot/3.2; +http://napoveda.seznam.cz/en/seznambot-intro/)"
207.46.13.96 - - [31/Jul/2021:13:12:47 +0000] "GET /galleryimg/7755585nepal%201.jpg HTTP/1.1" 200 382634 "-" "Mozilla/5.0 (compatible; bingbot/2.0; +http://www.bing.com/bingbot.htm)"
66.249.66.198 - - [31/Jul/2021:13:12:58 +0000] "GET /india-tour-packages/honeymoon-tour-package.html HTTP/1.1" 200 91309 "-" "Mozilla/5.0 (Linux; Android 6.0.1; Nexus 5X Build/MMB29P) AppleWebKit/537.36 (KHTML, like Gecko) Chrome/92.0.4515.119 Mobile Safari/537.36 (compatible; Googlebot/2.1; +http://www.google.com/bot.html)"
66.249.66.209 - - [31/Jul/2021:13:13:02 +0000] "GET /wp-content/cache/wpfc-minified/7/1473342606index.css HTTP/1.1" 200 261020 "https://www.indiaexclusivetours.com/india-tour-packages/honeymoon-tour-package.html" "Mozilla/5.0 (Linux; Android 6.0.1; Nexus 5X Build/MMB29P) AppleWebKit/537.36 (KHTML, like Gecko) Chrome/91.0.4472.90 Mobile Safari/537.36 (compatible; Googlebot/2.1; +http://www.google.com/bot.html)"
66.249.66.201 - - [31/Jul/2021:13:13:05 +0000] "HEAD /india-tour-packages/undefinedimages/style-picker/pattern15@2x.jpg HTTP/1.1" 404 - "https://www.indiaexclusivetours.com/india-tour-packages/honeymoon-tour-package.html" "Mozilla/5.0 (Linux; Android 6.0.1; Nexus 5X Build/MMB29P) AppleWebKit/537.36 (KHTML, like Gecko) Chrome/91.0.4472.90 Mobile Safari/537.36 (compatible; Googlebot/2.1; +http://www.google.com/bot.html)"
66.249.66.204 - - [31/Jul/2021:13:13:06 +0000] "HEAD /galleryimg/4234128hotel-solang-valley-resort-manali@2x.jpg HTTP/1.1" 404 - "https://www.indiaexclusivetours.com/india-tour-packages/honeymoon-tour-package.html" "Mozilla/5.0 (Linux; Android 6.0.1; Nexus 5X Build/MMB29P) AppleWebKit/537.36 (KHTML, like Gecko) Chrome/91.0.4472.90 Mobile Safari/537.36 (compatible; Googlebot/2.1; +http://www.google.com/bot.html)"
66.249.66.198 - - [31/Jul/2021:13:13:07 +0000] "HEAD /india-tour-packages/undefinedimages/style-picker/fullwidth@2x.jpg HTTP/1.1" 404 - "https://www.indiaexclusivetours.com/india-tour-packages/honeymoon-tour-package.html" "Mozilla/5.0 (Linux; Android 6.0.1; Nexus 5X Build/MMB29P) AppleWebKit/537.36 (KHTML, like Gecko) Chrome/91.0.4472.90 Mobile Safari/537.36 (compatible; Googlebot/2.1; +http://www.google.com/bot.html)"
66.249.66.198 - - [31/Jul/2021:13:13:08 +0000] "HEAD /india-tour-packages/undefinedimages/style-picker/pattern9@2x.jpg HTTP/1.1" 404 - "https://www.indiaexclusivetours.com/india-tour-packages/honeymoon-tour-package.html" "Mozilla/5.0 (Linux; Android 6.0.1; Nexus 5X Build/MMB29P) AppleWebKit/537.36 (KHTML, like Gecko) Chrome/91.0.4472.90 Mobile Safari/537.36 (compatible; Googlebot/2.1; +http://www.google.com/bot.html)"
66.249.66.201 - - [31/Jul/2021:13:13:09 +0000] "HEAD /india-tour-packages/undefinedimages/style-picker/pattern3@2x.jpg HTTP/1.1" 404 - "https://www.indiaexclusivetours.com/india-tour-packages/honeymoon-tour-package.html" "Mozilla/5.0 (Linux; Android 6.0.1; Nexus 5X Build/MMB29P) AppleWebKit/537.36 (KHTML, like Gecko) Chrome/91.0.4472.90 Mobile Safari/537.36 (compatible; Googlebot/2.1; +http://www.google.com/bot.html)"
66.249.66.198 - - [31/Jul/2021:13:13:11 +0000] "HEAD /india-tour-packages/undefinedimages/style-picker/pattern2@2x.jpg HTTP/1.1" 404 - "https://www.indiaexclusivetours.com/india-tour-packages/honeymoon-tour-package.html" "Mozilla/5.0 (Linux; Android 6.0.1; Nexus 5X Build/MMB29P) AppleWebKit/537.36 (KHTML, like Gecko) Chrome/91.0.4472.90 Mobile Safari/537.36 (compatible; Googlebot/2.1; +http://www.google.com/bot.html)"
66.249.66.198 - - [31/Jul/2021:13:13:12 +0000] "HEAD /galleryimg/9137949honeymoon-inn-shimla1@2x.jpg HTTP/1.1" 404 - "https://www.indiaexclusivetours.com/india-tour-packages/honeymoon-tour-package.html" "Mozilla/5.0 (Linux; Android 6.0.1; Nexus 5X Build/MMB29P) AppleWebKit/537.36 (KHTML, like Gecko) Chrome/91.0.4472.90 Mobile Safari/537.36 (compatible; Googlebot/2.1; +http://www.google.com/bot.html)"
66.249.66.198 - - [31/Jul/2021:13:13:14 +0000] "HEAD /galleryimg/b48df54c2d823a2c4a287cd496275a91@2x.jpg HTTP/1.1" 404 - "https://www.indiaexclusivetours.com/india-tour-packages/honeymoon-tour-package.html" "Mozilla/5.0 (Linux; Android 6.0.1; Nexus 5X Build/MMB29P) AppleWebKit/537.36 (KHTML, like Gecko) Chrome/91.0.4472.90 Mobile Safari/537.36 (compatible; Googlebot/2.1; +http://www.google.com/bot.html)"
66.249.66.198 - - [31/Jul/2021:13:13:16 +0000] "HEAD /galleryimg/1351064Kedarnathji@2x.jpg HTTP/1.1" 404 - "https://www.indiaexclusivetours.com/india-tour-packages/honeymoon-tour-package.html" "Mozilla/5.0 (Linux; Android 6.0.1; Nexus 5X Build/MMB29P) AppleWebKit/537.36 (KHTML, like Gecko) Chrome/91.0.4472.90 Mobile Safari/537.36 (compatible; Googlebot/2.1; +http://www.google.com/bot.html)"
54.36.148.48 - - [31/Jul/2021:13:13:32 +0000] "GET / HTTP/1.1" 200 121584 "-" "Mozilla/5.0 (compatible; AhrefsBot/7.0; +http://ahrefs.com/robot/)"
106.75.250.226 - - [31/Jul/2021:13:35:13 +0000] "GET /galleryimg/6497715somnath-temple2.jpg HTTP/1.1" 404 121584 "-" "Mozilla/5.0 (Macintosh; Intel Mac OS X 10_12_6) AppleWebKit/537.36 (KHTML, like Gecko) Chrome/59.0.3071.115 Safari/537.36"
106.75.246.34 - - [31/Jul/2021:13:35:14 +0000] "GET /galleryimg/6497715somnath-temple2.jpg HTTP/1.1" 404 121584 "-" "Mozilla/5.0 (Macintosh; Intel Mac OS X 10_12_6) AppleWebKit/537.36 (KHTML, like Gecko) Chrome/59.0.3071.115 Safari/537.36"
142.54.177.4 - - [31/Jul/2021:13:36:13 +0000] "GET / HTTP/1.1" 200 121584 "http://www.google.com.hk" "Mozilla/5.0 (Windows NT 6.1; WOW64) AppleWebKit/537.36 (KHTML, like Gecko) Chrome/42.0.2311.90 Safari/537.36"
142.54.177.4 - - [31/Jul/2021:13:36:46 +0000] "GET /wp-login.php HTTP/1.1" 404 121584 "-" "Mozilla/5.0 (Windows NT 10.0; WOW64) AppleWebKit/537.36 (KHTML, like Gecko) Chrome/46.0.2490.80 Safari/537.36"
142.54.177.4 - - [31/Jul/2021:13:37:19 +0000] "GET /robots.txt HTTP/1.1" 404 121584 "-" "Mozilla/5.0 (Windows NT 10.0; WOW64) AppleWebKit/537.36 (KHTML, like Gecko) Chrome/46.0.2490.80 Safari/537.36"
54.36.148.48 - - [31/Jul/2021:13:42:13 +0000] "GET /pagecontents.php?url=Holidays HTTP/1.1" 200 69988 "-" "Mozilla/5.0 (compatible; AhrefsBot/7.0; +http://ahrefs.com/robot/)"
20.98.122.200 - - [31/Jul/2021:13:43:18 +0000] "GET /galleryimg/5944320kerala-tourism-india.jpg HTTP/1.1" 200 383684 "https://yandex.com/images/search?text=kerala%20house&pos=464&p=15&img_url=https%3A%2F%2Fayurvedicholiday.files.wordpress.com%2F2013%2F10%2Freception-exterior1.jpg&rpt=simage" "Mozilla/5.0 (X11; Linux x86_64) AppleWebKit/537.36 (KHTML, like Gecko) HeadlessChrome/91.0.4472.77 Safari/537.36"
77.75.79.109 - - [31/Jul/2021:13:51:12 +0000] "GET /robots.txt HTTP/1.1" 404 121584 "-" "Mozilla/5.0 (compatible; SeznamBot/3.2; +http://napoveda.seznam.cz/en/seznambot-intro/)"
77.75.79.109 - - [31/Jul/2021:13:51:16 +0000] "GET /kerala-honeymoon-tour.html HTTP/1.1" 200 102643 "-" "Mozilla/5.0 (compatible; SeznamBot/3.2; +http://napoveda.seznam.cz/en/seznambot-intro/)"
178.168.198.141 - - [31/Jul/2021:13:55:40 +0000] "GET /thank-you.php HTTP/1.0" 301 256 "http://indiaexclusivetours.com/thank-you.php" "Mozilla/5.0 (Windows NT 6.1) AppleWebKit/537.36 (KHTML, like Gecko) Chrome/90.0.4430.85 Safari/537.36"
178.168.198.141 - - [31/Jul/2021:13:55:41 +0000] "GET /thank-you.php HTTP/1.0" 200 70006 "http://www.indiaexclusivetours.com/thank-you.php" "Mozilla/5.0 (Windows NT 6.1) AppleWebKit/537.36 (KHTML, like Gecko) Chrome/90.0.4430.85 Safari/537.36"
178.168.198.141 - - [31/Jul/2021:13:55:42 +0000] "GET /contact-us.php HTTP/1.0" 200 73766 "https://www.indiaexclusivetours.com/contact-us.php" "Mozilla/5.0 (Windows NT 6.1) AppleWebKit/537.36 (KHTML, like Gecko) Chrome/90.0.4430.85 Safari/537.36"
178.168.198.141 - - [31/Jul/2021:13:55:43 +0000] "POST /submit-enquiry.php HTTP/1.0" 200 151 "https://www.indiaexclusivetours.com/contact-us.php" "Mozilla/5.0 (Windows NT 6.1) AppleWebKit/537.36 (KHTML, like Gecko) Chrome/90.0.4430.85 Safari/537.36"
178.168.198.141 - - [31/Jul/2021:13:55:46 +0000] "GET /thank-you.php HTTP/1.0" 200 70006 "http://www.indiaexclusivetours.com/thank-you.php" "Mozilla/5.0 (Windows NT 6.1) AppleWebKit/537.36 (KHTML, like Gecko) Chrome/90.0.4430.85 Safari/537.36"
178.168.198.141 - - [31/Jul/2021:13:55:47 +0000] "GET /contact-us.php HTTP/1.0" 200 73766 "https://www.indiaexclusivetours.com/contact-us.php" "Mozilla/5.0 (Windows NT 6.1) AppleWebKit/537.36 (KHTML, like Gecko) Chrome/90.0.4430.85 Safari/537.36"
178.168.198.141 - - [31/Jul/2021:13:55:49 +0000] "GET /contact-us.php HTTP/1.0" 200 73766 "https://www.indiaexclusivetours.com/contact-us.php" "Mozilla/5.0 (Windows NT 6.1) AppleWebKit/537.36 (KHTML, like Gecko) Chrome/90.0.4430.85 Safari/537.36"
54.36.148.48 - - [31/Jul/2021:14:10:16 +0000] "GET /india-tour-packages/kashmir-tourism.html HTTP/1.1" 200 92203 "-" "Mozilla/5.0 (compatible; AhrefsBot/7.0; +http://ahrefs.com/robot/)"
207.46.13.105 - - [31/Jul/2021:14:11:34 +0000] "GET /galleryimg/5978804anjuna-beach1.jpg HTTP/1.1" 200 539437 "-" "Mozilla/5.0 (compatible; bingbot/2.0; +http://www.bing.com/bingbot.htm)"
42.236.10.121 - - [31/Jul/2021:14:18:55 +0000] "GET / HTTP/1.1" 200 121584 "https://www.indiaexclusivetours.com/" "-"
42.236.10.108 - - [31/Jul/2021:14:19:31 +0000] "GET / HTTP/1.1" 301 243 "http://indiaexclusivetours.com/" "-"
42.236.10.116 - - [31/Jul/2021:14:19:31 +0000] "GET / HTTP/1.1" 200 121584 "http://www.indiaexclusivetours.com/" "-"
42.236.10.71 - - [31/Jul/2021:14:19:33 +0000] "GET / HTTP/1.1" 200 121584 "http://www.indiaexclusivetours.com/" "-"
66.249.66.198 - - [31/Jul/2021:14:29:26 +0000] "GET /destination/somnath.html HTTP/1.1" 200 123056 "-" "Mozilla/5.0 (compatible; Googlebot/2.1; +http://www.google.com/bot.html)"
66.249.66.201 - - [31/Jul/2021:14:29:32 +0000] "GET /scripts/gen_validatorv4.js HTTP/1.1" 200 32085 "https://www.indiaexclusivetours.com/destination/somnath.html" "Mozilla/5.0 AppleWebKit/537.36 (KHTML, like Gecko; compatible; Googlebot/2.1; +http://www.google.com/bot.html) Chrome/91.0.4472.90 Safari/537.36"
66.249.66.201 - - [31/Jul/2021:14:33:46 +0000] "GET /destinations-in-india/southindiatours.html HTTP/1.1" 200 73058 "-" "Mozilla/5.0 (compatible; Googlebot/2.1; +http://www.google.com/bot.html)"
66.249.66.204 - - [31/Jul/2021:14:33:50 +0000] "GET /wp-content/cache/wpfc-minified/5/1473342609index.js HTTP/1.1" 200 349207 "https://www.indiaexclusivetours.com/destinations-in-india/southindiatours.html" "Mozilla/5.0 AppleWebKit/537.36 (KHTML, like Gecko; compatible; Googlebot/2.1; +http://www.google.com/bot.html) Chrome/91.0.4472.90 Safari/537.36"
54.36.148.48 - - [31/Jul/2021:14:34:12 +0000] "GET /destination/munnar.html HTTP/1.1" 200 135063 "-" "Mozilla/5.0 (compatible; AhrefsBot/7.0; +http://ahrefs.com/robot/)"
66.249.66.201 - - [31/Jul/2021:14:38:51 +0000] "GET /destinations-in-india/rajasthan-tour-packages.html HTTP/1.1" 200 75521 "-" "Mozilla/5.0 (compatible; Googlebot/2.1; +http://www.google.com/bot.html)"
54.36.148.48 - - [31/Jul/2021:14:41:11 +0000] "GET /about-destination.php?id=34 HTTP/1.1" 200 72673 "-" "Mozilla/5.0 (compatible; AhrefsBot/7.0; +http://ahrefs.com/robot/)"
54.36.148.48 - - [31/Jul/2021:14:42:54 +0000] "GET /destination/auli.html HTTP/1.1" 200 138988 "-" "Mozilla/5.0 (compatible; AhrefsBot/7.0; +http://ahrefs.com/robot/)"
195.154.123.19 - - [31/Jul/2021:14:42:55 +0000] "GET /wp-content/cache/wpfc-minified/9/1473342606index.css HTTP/1.1" 200 20716 "https://www.indiaexclusivetours.com/destination/auli.html" "Mozilla/5.0 (compatible; AhrefsBot/7.0; +http://ahrefs.com/robot/)"
195.154.123.19 - - [31/Jul/2021:14:42:55 +0000] "GET /wp-content/themes/trendytravel/css/responsive1c9b.css HTTP/1.1" 200 88478 "https://www.indiaexclusivetours.com/destination/auli.html" "Mozilla/5.0 (compatible; AhrefsBot/7.0; +http://ahrefs.com/robot/)"
195.154.123.19 - - [31/Jul/2021:14:42:55 +0000] "GET /wp-content/cache/wpfc-minified/10/1473342606index.css HTTP/1.1" 200 58094 "https://www.indiaexclusivetours.com/destination/auli.html" "Mozilla/5.0 (compatible; AhrefsBot/7.0; +http://ahrefs.com/robot/)"
195.154.123.19 - - [31/Jul/2021:14:42:55 +0000] "GET /wp-content/cache/wpfc-minified/6/1473342606index.css HTTP/1.1" 200 211100 "https://www.indiaexclusivetours.com/destination/auli.html" "Mozilla/5.0 (compatible; AhrefsBot/7.0; +http://ahrefs.com/robot/)"
195.154.123.19 - - [31/Jul/2021:14:42:55 +0000] "GET /wp-content/cache/wpfc-minified/7/1473342606index.css HTTP/1.1" 200 261020 "https://www.indiaexclusivetours.com/destination/auli.html" "Mozilla/5.0 (compatible; AhrefsBot/7.0; +http://ahrefs.com/robot/)"
195.154.123.19 - - [31/Jul/2021:14:42:55 +0000] "GET /wp-content/font-awesome/4.5.0/css/font-awesome.min1c9b.css?ver=4.6.1 HTTP/1.1" 200 27748 "https://www.indiaexclusivetours.com/destination/auli.html" "Mozilla/5.0 (compatible; AhrefsBot/7.0; +http://ahrefs.com/robot/)"
195.154.123.19 - - [31/Jul/2021:14:42:55 +0000] "GET /wp-content/cache/wpfc-minified/11/1473342607index.css HTTP/1.1" 200 230397 "https://www.indiaexclusivetours.com/destination/auli.html" "Mozilla/5.0 (compatible; AhrefsBot/7.0; +http://ahrefs.com/robot/)"
195.154.123.19 - - [31/Jul/2021:14:42:56 +0000] "GET /wp-content/plugins/LayerSlider/static/skins/noskin/skin.css HTTP/1.1" 200 1153 "https://www.indiaexclusivetours.com/destination/auli.html" "Mozilla/5.0 (compatible; AhrefsBot/7.0; +http://ahrefs.com/robot/)"
195.154.123.19 - - [31/Jul/2021:14:42:56 +0000] "GET /wp-content/cache/wpfc-minified/1/1473342607index.js HTTP/1.1" 200 998 "https://www.indiaexclusivetours.com/destination/auli.html" "Mozilla/5.0 (compatible; AhrefsBot/7.0; +http://ahrefs.com/robot/)"
195.154.123.19 - - [31/Jul/2021:14:42:56 +0000] "GET /wp-content/cache/wpfc-minified/2/1473342607index.js HTTP/1.1" 200 66674 "https://www.indiaexclusivetours.com/destination/auli.html" "Mozilla/5.0 (compatible; AhrefsBot/7.0; +http://ahrefs.com/robot/)"
195.154.123.19 - - [31/Jul/2021:14:42:56 +0000] "GET /wp-content/cache/wpfc-minified/3/1473342607index.js HTTP/1.1" 200 35340 "https://www.indiaexclusivetours.com/destination/auli.html" "Mozilla/5.0 (compatible; AhrefsBot/7.0; +http://ahrefs.com/robot/)"
195.154.123.19 - - [31/Jul/2021:14:42:56 +0000] "GET /wp-content/cache/wpfc-minified/5/1473342609index.js HTTP/1.1" 200 349207 "https://www.indiaexclusivetours.com/destination/auli.html" "Mozilla/5.0 (compatible; AhrefsBot/7.0; +http://ahrefs.com/robot/)"
195.154.123.19 - - [31/Jul/2021:14:42:56 +0000] "GET /wp-content/cache/wpfc-minified/4/1473342607index.js HTTP/1.1" 200 4917 "https://www.indiaexclusivetours.com/destination/auli.html" "Mozilla/5.0 (compatible; AhrefsBot/7.0; +http://ahrefs.com/robot/)"
195.154.123.19 - - [31/Jul/2021:14:42:56 +0000] "GET /scripts/gen_validatorv4.js HTTP/1.1" 200 32085 "https://www.indiaexclusivetours.com/destination/auli.html" "Mozilla/5.0 (compatible; AhrefsBot/7.0; +http://ahrefs.com/robot/)"
195.154.123.19 - - [31/Jul/2021:14:42:56 +0000] "GET /wp-content/cache/wpfc-minified/7e4d18a2c92c5f0a6e24feb1b/1473342613index.4e.js HTTP/1.1" 200 68267 "https://www.indiaexclusivetours.com/destination/auli.html" "Mozilla/5.0 (compatible; AhrefsBot/7.0; +http://ahrefs.com/robot/)"
195.154.123.19 - - [31/Jul/2021:14:42:56 +0000] "GET /wp-content/cache/wpfc-minified/9dd0a73761aa004f3343723cb/1473342613index.4f.js HTTP/1.1" 200 9426 "https://www.indiaexclusivetours.com/destination/auli.html" "Mozilla/5.0 (compatible; AhrefsBot/7.0; +http://ahrefs.com/robot/)"
195.154.123.19 - - [31/Jul/2021:14:42:56 +0000] "GET /wp-content/cache/wpfc-minified/5702bf263eb3bedb5f8879a36/1473342613index.50.js HTTP/1.1" 200 10887 "https://www.indiaexclusivetours.com/destination/auli.html" "Mozilla/5.0 (compatible; AhrefsBot/7.0; +http://ahrefs.com/robot/)"
195.154.123.19 - - [31/Jul/2021:14:42:56 +0000] "GET /wp-content/cache/wpfc-minified/b9a5034352d282ec5edebb7c8/1473342613index.51.js HTTP/1.1" 200 1539 "https://www.indiaexclusivetours.com/destination/auli.html" "Mozilla/5.0 (compatible; AhrefsBot/7.0; +http://ahrefs.com/robot/)"
195.154.123.19 - - [31/Jul/2021:14:42:56 +0000] "GET /wp-content/cache/wpfc-minified/7dbf03409e247f2cfae187525/1473342613index.52.js HTTP/1.1" 200 40057 "https://www.indiaexclusivetours.com/destination/auli.html" "Mozilla/5.0 (compatible; AhrefsBot/7.0; +http://ahrefs.com/robot/)"
195.154.123.19 - - [31/Jul/2021:14:42:56 +0000] "GET /wp-content/cache/wpfc-minified/556e6a1283242d4671558ca97/1473342613index.53.js HTTP/1.1" 200 63537 "https://www.indiaexclusivetours.com/destination/auli.html" "Mozilla/5.0 (compatible; AhrefsBot/7.0; +http://ahrefs.com/robot/)"
195.154.123.19 - - [31/Jul/2021:14:42:56 +0000] "GET /wp-content/cache/wpfc-minified/69488f6297e0427402a9e1db8/1473342612index.54.js HTTP/1.1" 200 23006 "https://www.indiaexclusivetours.com/destination/auli.html" "Mozilla/5.0 (compatible; AhrefsBot/7.0; +http://ahrefs.com/robot/)"
195.154.123.19 - - [31/Jul/2021:14:42:56 +0000] "GET /wp-content/cache/wpfc-minified/8/1473342606index.css HTTP/1.1" 200 4146 "https://www.indiaexclusivetours.com/destination/auli.html" "Mozilla/5.0 (compatible; AhrefsBot/7.0; +http://ahrefs.com/robot/)"
195.154.123.19 - - [31/Jul/2021:14:42:56 +0000] "GET /wp-content/cache/wpfc-minified/b4a49b3b61e2a32915b81fd60/1473342610index.55.js HTTP/1.1" 200 187580 "https://www.indiaexclusivetours.com/destination/auli.html" "Mozilla/5.0 (compatible; AhrefsBot/7.0; +http://ahrefs.com/robot/)"
54.36.148.48 - - [31/Jul/2021:14:43:42 +0000] "GET /destination/havelockicland.html HTTP/1.1" 200 125690 "-" "Mozilla/5.0 (compatible; AhrefsBot/7.0; +http://ahrefs.com/robot/)"
66.249.66.198 - - [31/Jul/2021:14:43:52 +0000] "GET /search-destinations.php?destination= HTTP/1.1" 200 74166 "-" "Mozilla/5.0 (compatible; Googlebot/2.1; +http://www.google.com/bot.html)"
54.36.148.48 - - [31/Jul/2021:14:52:24 +0000] "GET /destination/ HTTP/1.1" 200 69988 "-" "Mozilla/5.0 (compatible; AhrefsBot/7.0; +http://ahrefs.com/robot/)"
185.191.171.39 - - [31/Jul/2021:14:58:27 +0000] "GET /robots.txt HTTP/1.1" 404 121584 "-" "Mozilla/5.0 (compatible; SemrushBot/7~bl; +http://www.semrush.com/bot.html)"
185.191.171.10 - - [31/Jul/2021:14:58:29 +0000] "GET /wildlife-tour-of-india.html HTTP/1.1" 200 103332 "-" "Mozilla/5.0 (compatible; SemrushBot/7~bl; +http://www.semrush.com/bot.html)"
77.75.78.165 - - [31/Jul/2021:14:59:27 +0000] "GET /robots.txt HTTP/1.1" 404 121584 "-" "Mozilla/5.0 (compatible; SeznamBot/3.2; +http://napoveda.seznam.cz/en/seznambot-intro/)"
77.75.78.165 - - [31/Jul/2021:14:59:31 +0000] "GET /narayan-sarovar-tour.html HTTP/1.1" 200 92412 "-" "Mozilla/5.0 (compatible; SeznamBot/3.2; +http://napoveda.seznam.cz/en/seznambot-intro/)"
66.249.66.198 - - [31/Jul/2021:14:59:56 +0000] "GET /bhimtal-tour.html HTTP/1.1" 200 97648 "-" "Mozilla/5.0 (Linux; Android 6.0.1; Nexus 5X Build/MMB29P) AppleWebKit/537.36 (KHTML, like Gecko) Chrome/92.0.4515.119 Mobile Safari/537.36 (compatible; Googlebot/2.1; +http://www.google.com/bot.html)"
66.249.66.198 - - [31/Jul/2021:14:59:59 +0000] "HEAD /undefinedimages/style-picker/picker-icon@2x.png HTTP/1.1" 404 - "https://www.indiaexclusivetours.com/bhimtal-tour.html" "Mozilla/5.0 (Linux; Android 6.0.1; Nexus 5X Build/MMB29P) AppleWebKit/537.36 (KHTML, like Gecko) Chrome/91.0.4472.90 Mobile Safari/537.36 (compatible; Googlebot/2.1; +http://www.google.com/bot.html)"
66.249.66.198 - - [31/Jul/2021:15:00:00 +0000] "HEAD /undefinedimages/style-picker/fullwidth@2x.jpg HTTP/1.1" 404 - "https://www.indiaexclusivetours.com/bhimtal-tour.html" "Mozilla/5.0 (Linux; Android 6.0.1; Nexus 5X Build/MMB29P) AppleWebKit/537.36 (KHTML, like Gecko) Chrome/91.0.4472.90 Mobile Safari/537.36 (compatible; Googlebot/2.1; +http://www.google.com/bot.html)"
66.249.66.204 - - [31/Jul/2021:15:00:01 +0000] "HEAD /undefinedimages/style-picker/pattern3@2x.jpg HTTP/1.1" 404 - "https://www.indiaexclusivetours.com/bhimtal-tour.html" "Mozilla/5.0 (Linux; Android 6.0.1; Nexus 5X Build/MMB29P) AppleWebKit/537.36 (KHTML, like Gecko) Chrome/91.0.4472.90 Mobile Safari/537.36 (compatible; Googlebot/2.1; +http://www.google.com/bot.html)"
66.249.66.198 - - [31/Jul/2021:15:00:01 +0000] "HEAD /undefinedimages/style-picker/pattern1@2x.jpg HTTP/1.1" 404 - "https://www.indiaexclusivetours.com/bhimtal-tour.html" "Mozilla/5.0 (Linux; Android 6.0.1; Nexus 5X Build/MMB29P) AppleWebKit/537.36 (KHTML, like Gecko) Chrome/91.0.4472.90 Mobile Safari/537.36 (compatible; Googlebot/2.1; +http://www.google.com/bot.html)"
54.36.148.48 - - [31/Jul/2021:15:00:02 +0000] "GET /destinations-in-india/rajasthan-tour-packages.html HTTP/1.1" 200 75521 "-" "Mozilla/5.0 (compatible; AhrefsBot/7.0; +http://ahrefs.com/robot/)"
66.249.66.201 - - [31/Jul/2021:15:00:03 +0000] "HEAD /undefinedimages/style-picker/pattern9@2x.jpg HTTP/1.1" 404 - "https://www.indiaexclusivetours.com/bhimtal-tour.html" "Mozilla/5.0 (Linux; Android 6.0.1; Nexus 5X Build/MMB29P) AppleWebKit/537.36 (KHTML, like Gecko) Chrome/91.0.4472.90 Mobile Safari/537.36 (compatible; Googlebot/2.1; +http://www.google.com/bot.html)"
66.249.66.201 - - [31/Jul/2021:15:00:03 +0000] "HEAD /undefinedimages/style-picker/pattern2@2x.jpg HTTP/1.1" 404 - "https://www.indiaexclusivetours.com/bhimtal-tour.html" "Mozilla/5.0 (Linux; Android 6.0.1; Nexus 5X Build/MMB29P) AppleWebKit/537.36 (KHTML, like Gecko) Chrome/91.0.4472.90 Mobile Safari/537.36 (compatible; Googlebot/2.1; +http://www.google.com/bot.html)"
66.249.66.201 - - [31/Jul/2021:15:00:03 +0000] "HEAD /undefinedimages/style-picker/pattern11@2x.jpg HTTP/1.1" 404 - "https://www.indiaexclusivetours.com/bhimtal-tour.html" "Mozilla/5.0 (Linux; Android 6.0.1; Nexus 5X Build/MMB29P) AppleWebKit/537.36 (KHTML, like Gecko) Chrome/91.0.4472.90 Mobile Safari/537.36 (compatible; Googlebot/2.1; +http://www.google.com/bot.html)"
66.249.66.201 - - [31/Jul/2021:15:00:04 +0000] "HEAD /undefinedimages/style-picker/pattern5@2x.jpg HTTP/1.1" 404 - "https://www.indiaexclusivetours.com/bhimtal-tour.html" "Mozilla/5.0 (Linux; Android 6.0.1; Nexus 5X Build/MMB29P) AppleWebKit/537.36 (KHTML, like Gecko) Chrome/91.0.4472.90 Mobile Safari/537.36 (compatible; Googlebot/2.1; +http://www.google.com/bot.html)"
66.249.66.201 - - [31/Jul/2021:15:00:04 +0000] "HEAD /undefinedimages/style-picker/pattern8@2x.jpg HTTP/1.1" 404 - "https://www.indiaexclusivetours.com/bhimtal-tour.html" "Mozilla/5.0 (Linux; Android 6.0.1; Nexus 5X Build/MMB29P) AppleWebKit/537.36 (KHTML, like Gecko) Chrome/91.0.4472.90 Mobile Safari/537.36 (compatible; Googlebot/2.1; +http://www.google.com/bot.html)"
66.249.66.201 - - [31/Jul/2021:15:00:05 +0000] "HEAD /undefinedimages/style-picker/pattern7@2x.jpg HTTP/1.1" 404 - "https://www.indiaexclusivetours.com/bhimtal-tour.html" "Mozilla/5.0 (Linux; Android 6.0.1; Nexus 5X Build/MMB29P) AppleWebKit/537.36 (KHTML, like Gecko) Chrome/91.0.4472.90 Mobile Safari/537.36 (compatible; Googlebot/2.1; +http://www.google.com/bot.html)"
66.249.66.198 - - [31/Jul/2021:15:00:05 +0000] "HEAD /undefinedimages/style-picker/pattern12@2x.jpg HTTP/1.1" 404 - "https://www.indiaexclusivetours.com/bhimtal-tour.html" "Mozilla/5.0 (Linux; Android 6.0.1; Nexus 5X Build/MMB29P) AppleWebKit/537.36 (KHTML, like Gecko) Chrome/91.0.4472.90 Mobile Safari/537.36 (compatible; Googlebot/2.1; +http://www.google.com/bot.html)"
66.249.66.201 - - [31/Jul/2021:15:00:06 +0000] "HEAD /undefinedimages/style-picker/pattern13@2x.jpg HTTP/1.1" 404 - "https://www.indiaexclusivetours.com/bhimtal-tour.html" "Mozilla/5.0 (Linux; Android 6.0.1; Nexus 5X Build/MMB29P) AppleWebKit/537.36 (KHTML, like Gecko) Chrome/91.0.4472.90 Mobile Safari/537.36 (compatible; Googlebot/2.1; +http://www.google.com/bot.html)"
66.249.66.198 - - [31/Jul/2021:15:00:07 +0000] "HEAD /galleryimg/5520104images@2x.jpg HTTP/1.1" 404 - "https://www.indiaexclusivetours.com/bhimtal-tour.html" "Mozilla/5.0 (Linux; Android 6.0.1; Nexus 5X Build/MMB29P) AppleWebKit/537.36 (KHTML, like Gecko) Chrome/91.0.4472.90 Mobile Safari/537.36 (compatible; Googlebot/2.1; +http://www.google.com/bot.html)"
66.249.66.201 - - [31/Jul/2021:15:00:07 +0000] "HEAD /galleryimg/8035537jaisalmer@2x.jpg HTTP/1.1" 404 - "https://www.indiaexclusivetours.com/bhimtal-tour.html" "Mozilla/5.0 (Linux; Android 6.0.1; Nexus 5X Build/MMB29P) AppleWebKit/537.36 (KHTML, like Gecko) Chrome/91.0.4472.90 Mobile Safari/537.36 (compatible; Googlebot/2.1; +http://www.google.com/bot.html)"
66.249.66.201 - - [31/Jul/2021:15:00:08 +0000] "HEAD /galleryimg/7e2e522275c066f18051ae6ce53abd0c@2x.jpg HTTP/1.1" 404 - "https://www.indiaexclusivetours.com/bhimtal-tour.html" "Mozilla/5.0 (Linux; Android 6.0.1; Nexus 5X Build/MMB29P) AppleWebKit/537.36 (KHTML, like Gecko) Chrome/91.0.4472.90 Mobile Safari/537.36 (compatible; Googlebot/2.1; +http://www.google.com/bot.html)"
66.249.66.198 - - [31/Jul/2021:15:00:08 +0000] "HEAD /wp-content/themes/trendytravel/images/logo%402x@2x.png HTTP/1.1" 404 - "https://www.indiaexclusivetours.com/bhimtal-tour.html" "Mozilla/5.0 (Linux; Android 6.0.1; Nexus 5X Build/MMB29P) AppleWebKit/537.36 (KHTML, like Gecko) Chrome/91.0.4472.90 Mobile Safari/537.36 (compatible; Googlebot/2.1; +http://www.google.com/bot.html)"
66.249.66.198 - - [31/Jul/2021:15:00:09 +0000] "HEAD /galleryimg/c2f7ea1df7d35c71eb7108367e987feb@2x.jpg HTTP/1.1" 404 - "https://www.indiaexclusivetours.com/bhimtal-tour.html" "Mozilla/5.0 (Linux; Android 6.0.1; Nexus 5X Build/MMB29P) AppleWebKit/537.36 (KHTML, like Gecko) Chrome/91.0.4472.90 Mobile Safari/537.36 (compatible; Googlebot/2.1; +http://www.google.com/bot.html)"
66.249.66.198 - - [31/Jul/2021:15:00:09 +0000] "HEAD /wp-content/themes/trendytravel/images/member@2x.jpg HTTP/1.1" 404 - "https://www.indiaexclusivetours.com/bhimtal-tour.html" "Mozilla/5.0 (Linux; Android 6.0.1; Nexus 5X Build/MMB29P) AppleWebKit/537.36 (KHTML, like Gecko) Chrome/91.0.4472.90 Mobile Safari/537.36 (compatible; Googlebot/2.1; +http://www.google.com/bot.html)"
66.249.66.198 - - [31/Jul/2021:15:00:10 +0000] "HEAD /galleryimg/d2050896a2d1052c6b4fc51440d7f20d@2x.jpg HTTP/1.1" 404 - "https://www.indiaexclusivetours.com/bhimtal-tour.html" "Mozilla/5.0 (Linux; Android 6.0.1; Nexus 5X Build/MMB29P) AppleWebKit/537.36 (KHTML, like Gecko) Chrome/91.0.4472.90 Mobile Safari/537.36 (compatible; Googlebot/2.1; +http://www.google.com/bot.html)"
66.249.66.198 - - [31/Jul/2021:15:00:11 +0000] "HEAD /galleryimg/bhimtal1@2x.jpg HTTP/1.1" 404 - "https://www.indiaexclusivetours.com/bhimtal-tour.html" "Mozilla/5.0 (Linux; Android 6.0.1; Nexus 5X Build/MMB29P) AppleWebKit/537.36 (KHTML, like Gecko) Chrome/91.0.4472.90 Mobile Safari/537.36 (compatible; Googlebot/2.1; +http://www.google.com/bot.html)"
54.36.148.48 - - [31/Jul/2021:15:07:20 +0000] "GET /corbett-tour-package.html HTTP/1.1" 200 96597 "-" "Mozilla/5.0 (compatible; AhrefsBot/7.0; +http://ahrefs.com/robot/)"
66.249.66.198 - - [31/Jul/2021:15:10:06 +0000] "GET / HTTP/1.1" 200 121584 "-" "Mozilla/5.0 (compatible; Googlebot/2.1; +http://www.google.com/bot.html)"
54.36.148.48 - - [31/Jul/2021:15:14:43 +0000] "GET /destination/kovalam.html HTTP/1.1" 200 128121 "-" "Mozilla/5.0 (compatible; AhrefsBot/7.0; +http://ahrefs.com/robot/)"
66.249.66.201 - - [31/Jul/2021:15:18:29 +0000] "GET /karnataka-beach-tour.html HTTP/1.1" 200 105345 "-" "Mozilla/5.0 (compatible; Googlebot/2.1; +http://www.google.com/bot.html)"
106.202.132.88 - - [31/Jul/2021:15:20:40 +0000] "GET /galleryimg/9304357auli1.jpg HTTP/1.1" 200 490301 "https://www.google.com/" "Mozilla/5.0 (iPhone; CPU iPhone OS 14_6 like Mac OS X) AppleWebKit/605.1.15 (KHTML, like Gecko) GSA/170.0.386351093 Mobile/18F72 Safari/604.1"
54.36.148.48 - - [31/Jul/2021:15:21:33 +0000] "GET /destination/pahalgam.html HTTP/1.1" 200 128024 "-" "Mozilla/5.0 (compatible; AhrefsBot/7.0; +http://ahrefs.com/robot/)"
66.249.66.198 - - [31/Jul/2021:15:25:07 +0000] "GET /india-tour-packages/indialuxurytrain.html HTTP/1.1" 200 73617 "-" "Mozilla/5.0 (compatible; Googlebot/2.1; +http://www.google.com/bot.html)"
20.99.217.62 - - [31/Jul/2021:15:27:32 +0000] "GET /galleryimg/6443755jagannathTemple.jpg HTTP/1.1" 200 465126 "https://yandex.com/images/search?text=konark&pos=972&p=32&img_url=https%3A%2F%2Fupload.wikimedia.org%2Fwikipedia%2Fcommons%2Fthumb%2Fb%2Fbf%2FMayadevi_Temple%252C_Kon%25C3%25A2rak_13_-_Crocodile.jpg%2F240px-Mayadevi_Temple%252C_Kon%25C3%25A2rak_13_-_Crocodile.jpg&rpt=simage" "Mozilla/5.0 (X11; Linux x86_64) AppleWebKit/537.36 (KHTML, like Gecko) HeadlessChrome/91.0.4472.77 Safari/537.36"
54.36.148.48 - - [31/Jul/2021:15:28:14 +0000] "GET /india-tour-packages/weekend-tour-package.html HTTP/1.1" 200 87536 "-" "Mozilla/5.0 (compatible; AhrefsBot/7.0; +http://ahrefs.com/robot/)"
66.249.66.204 - - [31/Jul/2021:15:29:23 +0000] "GET /kashmir-honeymoon-tour.html HTTP/1.1" 200 104501 "-" "Mozilla/5.0 (Linux; Android 6.0.1; Nexus 5X Build/MMB29P) AppleWebKit/537.36 (KHTML, like Gecko) Chrome/91.0.4472.90 Mobile Safari/537.36 (compatible; Googlebot/2.1; +http://www.google.com/bot.html)"
66.249.66.201 - - [31/Jul/2021:15:29:38 +0000] "GET /wp-content/plugins/LayerSlider/static/skins/noskin/skin.css HTTP/1.1" 200 1153 "https://www.indiaexclusivetours.com/kashmir-honeymoon-tour.html" "Mozilla/5.0 (Linux; Android 6.0.1; Nexus 5X Build/MMB29P) AppleWebKit/537.36 (KHTML, like Gecko) Chrome/91.0.4472.90 Mobile Safari/537.36 (compatible; Googlebot/2.1; +http://www.google.com/bot.html)"
66.249.66.198 - - [31/Jul/2021:15:29:39 +0000] "HEAD /undefinedimages/style-picker/pattern15@2x.jpg HTTP/1.1" 404 - "https://www.indiaexclusivetours.com/kashmir-honeymoon-tour.html" "Mozilla/5.0 (Linux; Android 6.0.1; Nexus 5X Build/MMB29P) AppleWebKit/537.36 (KHTML, like Gecko) Chrome/91.0.4472.90 Mobile Safari/537.36 (compatible; Googlebot/2.1; +http://www.google.com/bot.html)"
66.249.66.198 - - [31/Jul/2021:15:29:40 +0000] "HEAD /galleryimg/7430642Shimla-Manali-Honeymoon-Tour@2x.jpg HTTP/1.1" 404 - "https://www.indiaexclusivetours.com/kashmir-honeymoon-tour.html" "Mozilla/5.0 (Linux; Android 6.0.1; Nexus 5X Build/MMB29P) AppleWebKit/537.36 (KHTML, like Gecko) Chrome/91.0.4472.90 Mobile Safari/537.36 (compatible; Googlebot/2.1; +http://www.google.com/bot.html)"
66.249.66.198 - - [31/Jul/2021:15:29:41 +0000] "HEAD /galleryimg/9348692mussoorie@2x.jpg HTTP/1.1" 404 - "https://www.indiaexclusivetours.com/kashmir-honeymoon-tour.html" "Mozilla/5.0 (Linux; Android 6.0.1; Nexus 5X Build/MMB29P) AppleWebKit/537.36 (KHTML, like Gecko) Chrome/91.0.4472.90 Mobile Safari/537.36 (compatible; Googlebot/2.1; +http://www.google.com/bot.html)"
66.249.66.198 - - [31/Jul/2021:15:29:43 +0000] "HEAD /galleryimg/kashmir-honeymoon-pic@2x.jpg HTTP/1.1" 404 - "https://www.indiaexclusivetours.com/kashmir-honeymoon-tour.html" "Mozilla/5.0 (Linux; Android 6.0.1; Nexus 5X Build/MMB29P) AppleWebKit/537.36 (KHTML, like Gecko) Chrome/91.0.4472.90 Mobile Safari/537.36 (compatible; Googlebot/2.1; +http://www.google.com/bot.html)"
66.249.66.198 - - [31/Jul/2021:15:29:44 +0000] "HEAD /galleryimg/kashmir3@2x.jpg HTTP/1.1" 404 - "https://www.indiaexclusivetours.com/kashmir-honeymoon-tour.html" "Mozilla/5.0 (Linux; Android 6.0.1; Nexus 5X Build/MMB29P) AppleWebKit/537.36 (KHTML, like Gecko) Chrome/91.0.4472.90 Mobile Safari/537.36 (compatible; Googlebot/2.1; +http://www.google.com/bot.html)"
66.249.66.198 - - [31/Jul/2021:15:29:46 +0000] "HEAD /galleryimg/9614425Kashmir-Tour-Packages@2x.jpg?timestamp=1627689600035 HTTP/1.1" 404 - "https://www.indiaexclusivetours.com/kashmir-honeymoon-tour.html" "Mozilla/5.0 (Linux; Android 6.0.1; Nexus 5X Build/MMB29P) AppleWebKit/537.36 (KHTML, like Gecko) Chrome/91.0.4472.90 Mobile Safari/537.36 (compatible; Googlebot/2.1; +http://www.google.com/bot.html)"
66.249.66.198 - - [31/Jul/2021:15:29:48 +0000] "HEAD /galleryimg/6056047Indigo@2x.jpg HTTP/1.1" 404 - "https://www.indiaexclusivetours.com/kashmir-honeymoon-tour.html" "Mozilla/5.0 (Linux; Android 6.0.1; Nexus 5X Build/MMB29P) AppleWebKit/537.36 (KHTML, like Gecko) Chrome/91.0.4472.90 Mobile Safari/537.36 (compatible; Googlebot/2.1; +http://www.google.com/bot.html)"
66.249.66.198 - - [31/Jul/2021:15:29:50 +0000] "HEAD /galleryimg/kashmir-honeymoon-package-3@2x.jpg HTTP/1.1" 404 - "https://www.indiaexclusivetours.com/kashmir-honeymoon-tour.html" "Mozilla/5.0 (Linux; Android 6.0.1; Nexus 5X Build/MMB29P) AppleWebKit/537.36 (KHTML, like Gecko) Chrome/91.0.4472.90 Mobile Safari/537.36 (compatible; Googlebot/2.1; +http://www.google.com/bot.html)"
54.36.148.48 - - [31/Jul/2021:15:34:20 +0000] "GET /about-destination.php?id=35 HTTP/1.1" 200 72673 "-" "Mozilla/5.0 (compatible; AhrefsBot/7.0; +http://ahrefs.com/robot/)"
17.121.113.59 - - [31/Jul/2021:15:34:45 +0000] "GET /robots.txt HTTP/1.1" 404 121584 "-" "Mozilla/5.0 (Macintosh; Intel Mac OS X 10_15_5) AppleWebKit/605.1.15 (KHTML, like Gecko) Version/13.1.1 Safari/605.1.15 (Applebot/0.1; +http://www.apple.com/go/applebot)"
17.121.113.59 - - [31/Jul/2021:15:34:46 +0000] "GET /kerala-culture-with-wildlife.html HTTP/1.1" 200 100638 "-" "Mozilla/5.0 (Macintosh; Intel Mac OS X 10_15_5) AppleWebKit/605.1.15 (KHTML, like Gecko) Version/13.1.1 Safari/605.1.15 (Applebot/0.1; +http://www.apple.com/go/applebot)"
66.249.66.201 - - [31/Jul/2021:15:35:31 +0000] "GET /desert-with-pink-city.html HTTP/1.1" 200 100108 "-" "Mozilla/5.0 (Linux; Android 6.0.1; Nexus 5X Build/MMB29P) AppleWebKit/537.36 (KHTML, like Gecko) Chrome/92.0.4515.119 Mobile Safari/537.36 (compatible; Googlebot/2.1; +http://www.google.com/bot.html)"
66.249.66.198 - - [31/Jul/2021:15:35:35 +0000] "GET /wp-content/cache/wpfc-minified/8/1473342606index.css HTTP/1.1" 200 4146 "https://www.indiaexclusivetours.com/desert-with-pink-city.html" "Mozilla/5.0 (Linux; Android 6.0.1; Nexus 5X Build/MMB29P) AppleWebKit/537.36 (KHTML, like Gecko) Chrome/91.0.4472.90 Mobile Safari/537.36 (compatible; Googlebot/2.1; +http://www.google.com/bot.html)"
66.249.66.198 - - [31/Jul/2021:15:35:36 +0000] "HEAD /undefinedimages/style-picker/pattern14@2x.jpg HTTP/1.1" 404 - "https://www.indiaexclusivetours.com/desert-with-pink-city.html" "Mozilla/5.0 (Linux; Android 6.0.1; Nexus 5X Build/MMB29P) AppleWebKit/537.36 (KHTML, like Gecko) Chrome/91.0.4472.90 Mobile Safari/537.36 (compatible; Googlebot/2.1; +http://www.google.com/bot.html)"
66.249.66.201 - - [31/Jul/2021:15:35:37 +0000] "HEAD /galleryimg/8775713hotel-marina-shimla@2x.jpg HTTP/1.1" 404 - "https://www.indiaexclusivetours.com/desert-with-pink-city.html" "Mozilla/5.0 (Linux; Android 6.0.1; Nexus 5X Build/MMB29P) AppleWebKit/537.36 (KHTML, like Gecko) Chrome/91.0.4472.90 Mobile Safari/537.36 (compatible; Googlebot/2.1; +http://www.google.com/bot.html)"
66.249.66.201 - - [31/Jul/2021:15:35:38 +0000] "HEAD /wp-content/themes/trendytravel/images/logo@2x.png HTTP/1.1" 404 - "https://www.indiaexclusivetours.com/desert-with-pink-city.html" "Mozilla/5.0 (Linux; Android 6.0.1; Nexus 5X Build/MMB29P) AppleWebKit/537.36 (KHTML, like Gecko) Chrome/91.0.4472.90 Mobile Safari/537.36 (compatible; Googlebot/2.1; +http://www.google.com/bot.html)"
66.249.66.201 - - [31/Jul/2021:15:35:40 +0000] "HEAD /galleryimg/5931467kashmir-srinagar-dallake@2x.jpg HTTP/1.1" 404 - "https://www.indiaexclusivetours.com/desert-with-pink-city.html" "Mozilla/5.0 (Linux; Android 6.0.1; Nexus 5X Build/MMB29P) AppleWebKit/537.36 (KHTML, like Gecko) Chrome/91.0.4472.90 Mobile Safari/537.36 (compatible; Googlebot/2.1; +http://www.google.com/bot.html)"
66.249.66.198 - - [31/Jul/2021:15:35:43 +0000] "HEAD /galleryimg/1763576jaipur%201@2x.jpg HTTP/1.1" 404 - "https://www.indiaexclusivetours.com/desert-with-pink-city.html" "Mozilla/5.0 (Linux; Android 6.0.1; Nexus 5X Build/MMB29P) AppleWebKit/537.36 (KHTML, like Gecko) Chrome/91.0.4472.90 Mobile Safari/537.36 (compatible; Googlebot/2.1; +http://www.google.com/bot.html)"
66.249.66.198 - - [31/Jul/2021:15:35:44 +0000] "HEAD /galleryimg/ HTTP/1.1" 200 - "https://www.indiaexclusivetours.com/desert-with-pink-city.html" "Mozilla/5.0 (Linux; Android 6.0.1; Nexus 5X Build/MMB29P) AppleWebKit/537.36 (KHTML, like Gecko) Chrome/91.0.4472.90 Mobile Safari/537.36 (compatible; Googlebot/2.1; +http://www.google.com/bot.html)"
66.249.66.198 - - [31/Jul/2021:15:35:46 +0000] "HEAD /galleryimg/a51f10fd9f69e71c097bb2fc14917c43@2x.jpg HTTP/1.1" 404 - "https://www.indiaexclusivetours.com/desert-with-pink-city.html" "Mozilla/5.0 (Linux; Android 6.0.1; Nexus 5X Build/MMB29P) AppleWebKit/537.36 (KHTML, like Gecko) Chrome/91.0.4472.90 Mobile Safari/537.36 (compatible; Googlebot/2.1; +http://www.google.com/bot.html)"
66.249.66.198 - - [31/Jul/2021:15:35:47 +0000] "HEAD /galleryimg/6098146srinagar1@2x.gif HTTP/1.1" 404 - "https://www.indiaexclusivetours.com/desert-with-pink-city.html" "Mozilla/5.0 (Linux; Android 6.0.1; Nexus 5X Build/MMB29P) AppleWebKit/537.36 (KHTML, like Gecko) Chrome/91.0.4472.90 Mobile Safari/537.36 (compatible; Googlebot/2.1; +http://www.google.com/bot.html)"
66.249.66.204 - - [31/Jul/2021:15:40:18 +0000] "GET /karnataka-beach-tour.html HTTP/1.1" 200 105345 "-" "Mozilla/5.0 (Linux; Android 6.0.1; Nexus 5X Build/MMB29P) AppleWebKit/537.36 (KHTML, like Gecko) Chrome/91.0.4472.90 Mobile Safari/537.36 (compatible; Googlebot/2.1; +http://www.google.com/bot.html)"
66.249.66.204 - - [31/Jul/2021:15:40:21 +0000] "GET /wp-content/cache/wpfc-minified/2/1473342607index.js HTTP/1.1" 200 66674 "https://www.indiaexclusivetours.com/karnataka-beach-tour.html" "Mozilla/5.0 (Linux; Android 6.0.1; Nexus 5X Build/MMB29P) AppleWebKit/537.36 (KHTML, like Gecko) Chrome/91.0.4472.90 Mobile Safari/537.36 (compatible; Googlebot/2.1; +http://www.google.com/bot.html)"
66.249.66.198 - - [31/Jul/2021:15:40:23 +0000] "HEAD /galleryimg/4355678shillong1@2x.jpg HTTP/1.1" 404 - "https://www.indiaexclusivetours.com/karnataka-beach-tour.html" "Mozilla/5.0 (Linux; Android 6.0.1; Nexus 5X Build/MMB29P) AppleWebKit/537.36 (KHTML, like Gecko) Chrome/91.0.4472.90 Mobile Safari/537.36 (compatible; Googlebot/2.1; +http://www.google.com/bot.html)"
66.249.66.201 - - [31/Jul/2021:15:40:25 +0000] "HEAD /galleryimg/045cedf653db08371d0b55240d921a73@2x.jpg HTTP/1.1" 404 - "https://www.indiaexclusivetours.com/karnataka-beach-tour.html" "Mozilla/5.0 (Linux; Android 6.0.1; Nexus 5X Build/MMB29P) AppleWebKit/537.36 (KHTML, like Gecko) Chrome/91.0.4472.90 Mobile Safari/537.36 (compatible; Googlebot/2.1; +http://www.google.com/bot.html)"
66.249.66.201 - - [31/Jul/2021:15:40:25 +0000] "HEAD /galleryimg/6098146srinagar1@2x.gif HTTP/1.1" 404 - "https://www.indiaexclusivetours.com/karnataka-beach-tour.html" "Mozilla/5.0 (Linux; Android 6.0.1; Nexus 5X Build/MMB29P) AppleWebKit/537.36 (KHTML, like Gecko) Chrome/91.0.4472.90 Mobile Safari/537.36 (compatible; Googlebot/2.1; +http://www.google.com/bot.html)"
66.249.66.198 - - [31/Jul/2021:15:40:27 +0000] "HEAD /galleryimg/4578147mountabu@2x.jpg HTTP/1.1" 404 - "https://www.indiaexclusivetours.com/karnataka-beach-tour.html" "Mozilla/5.0 (Linux; Android 6.0.1; Nexus 5X Build/MMB29P) AppleWebKit/537.36 (KHTML, like Gecko) Chrome/91.0.4472.90 Mobile Safari/537.36 (compatible; Googlebot/2.1; +http://www.google.com/bot.html)"
66.249.66.198 - - [31/Jul/2021:15:40:29 +0000] "HEAD /galleryimg/3220849pushkar1@2x.jpg HTTP/1.1" 404 - "https://www.indiaexclusivetours.com/karnataka-beach-tour.html" "Mozilla/5.0 (Linux; Android 6.0.1; Nexus 5X Build/MMB29P) AppleWebKit/537.36 (KHTML, like Gecko) Chrome/91.0.4472.90 Mobile Safari/537.36 (compatible; Googlebot/2.1; +http://www.google.com/bot.html)"
66.249.66.198 - - [31/Jul/2021:15:40:30 +0000] "HEAD /galleryimg/288688b87578d78e43a6726f26726e43@2x.jpg HTTP/1.1" 404 - "https://www.indiaexclusivetours.com/karnataka-beach-tour.html" "Mozilla/5.0 (Linux; Android 6.0.1; Nexus 5X Build/MMB29P) AppleWebKit/537.36 (KHTML, like Gecko) Chrome/91.0.4472.90 Mobile Safari/537.36 (compatible; Googlebot/2.1; +http://www.google.com/bot.html)"
54.36.148.48 - - [31/Jul/2021:15:40:32 +0000] "GET /car-details.php?id=2 HTTP/1.1" 200 109000 "-" "Mozilla/5.0 (compatible; AhrefsBot/7.0; +http://ahrefs.com/robot/)"
66.249.66.198 - - [31/Jul/2021:15:40:32 +0000] "HEAD /galleryimg/1565905img-1@2x.jpg HTTP/1.1" 404 - "https://www.indiaexclusivetours.com/karnataka-beach-tour.html" "Mozilla/5.0 (Linux; Android 6.0.1; Nexus 5X Build/MMB29P) AppleWebKit/537.36 (KHTML, like Gecko) Chrome/91.0.4472.90 Mobile Safari/537.36 (compatible; Googlebot/2.1; +http://www.google.com/bot.html)"
54.36.148.48 - - [31/Jul/2021:15:49:13 +0000] "GET /karnataka-beach-tour.html HTTP/1.1" 200 105345 "-" "Mozilla/5.0 (compatible; AhrefsBot/7.0; +http://ahrefs.com/robot/)"
203.159.80.207 - - [31/Jul/2021:15:52:51 +0000] "GET /administrator/index.php HTTP/1.1" 301 266 "-" "Mozilla/5.0 (Macintosh; Intel Mac OS X 10_10_1) AppleWebKit/537.36 (KHTML, like Gecko) Chrome/39.0.2171.95 Safari/537.36"
203.159.80.207 - - [31/Jul/2021:15:54:01 +0000] "GET /administrator/index.php HTTP/1.1" 301 257 "-" "Mozilla/5.0 (Macintosh; Intel Mac OS X 10_10_1) AppleWebKit/537.36 (KHTML, like Gecko) Chrome/39.0.2171.95 Safari/537.36"
203.159.80.207 - - [31/Jul/2021:15:54:01 +0000] "GET /administrator/ HTTP/1.1" 200 69988 "-" "Mozilla/5.0 (Macintosh; Intel Mac OS X 10_10_1) AppleWebKit/537.36 (KHTML, like Gecko) Chrome/39.0.2171.95 Safari/537.36"
54.36.148.48 - - [31/Jul/2021:15:56:15 +0000] "GET /about-destination.php?id=15 HTTP/1.1" 200 72673 "-" "Mozilla/5.0 (compatible; AhrefsBot/7.0; +http://ahrefs.com/robot/)"
185.191.171.7 - - [31/Jul/2021:15:56:26 +0000] "GET /destination/pangong-lake.html HTTP/1.1" 200 124740 "-" "Mozilla/5.0 (compatible; SemrushBot/7~bl; +http://www.semrush.com/bot.html)"
185.191.171.5 - - [31/Jul/2021:15:59:34 +0000] "GET /robots.txt HTTP/1.1" 404 121584 "-" "Mozilla/5.0 (compatible; SemrushBot/7~bl; +http://www.semrush.com/bot.html)"
185.191.171.3 - - [31/Jul/2021:15:59:36 +0000] "GET /destination/34.html HTTP/1.1" 200 123056 "-" "Mozilla/5.0 (compatible; SemrushBot/7~bl; +http://www.semrush.com/bot.html)"
212.193.171.152 - - [31/Jul/2021:16:00:48 +0000] "GET /thank-you.php HTTP/1.0" 301 256 "http://indiaexclusivetours.com/thank-you.php" "Mozilla/5.0 (Windows NT 6.1; WOW64) AppleWebKit/537.36 (KHTML, like Gecko) Chrome/83.0.4103.61 Safari/537.36"
212.193.171.152 - - [31/Jul/2021:16:00:49 +0000] "GET /thank-you.php HTTP/1.0" 200 70006 "http://www.indiaexclusivetours.com/thank-you.php" "Mozilla/5.0 (Windows NT 6.1; WOW64) AppleWebKit/537.36 (KHTML, like Gecko) Chrome/83.0.4103.61 Safari/537.36"
185.191.171.44 - - [31/Jul/2021:16:04:22 +0000] "GET /cars.php?id=1 HTTP/1.1" 500 - "-" "Mozilla/5.0 (compatible; SemrushBot/7~bl; +http://www.semrush.com/bot.html)"
54.198.46.51 - - [31/Jul/2021:16:09:04 +0000] "GET /robots.txt HTTP/1.1" 301 253 "https://www.google.com/" "Mozilla/5.0 (Macintosh; Intel Mac OS X 10_15_7) AppleWebKit/537.36 (KHTML, like Gecko) Chrome/90.0.4430.212 Safari/537.36"
54.198.46.51 - - [31/Jul/2021:16:09:04 +0000] "GET /robots.txt HTTP/1.1" 404 80723 "https://www.google.com/" "Mozilla/5.0 (Macintosh; Intel Mac OS X 10_15_7) AppleWebKit/537.36 (KHTML, like Gecko) Chrome/90.0.4430.212 Safari/537.36"
54.198.46.51 - - [31/Jul/2021:16:09:05 +0000] "GET /robots.txt HTTP/1.1" 404 80723 "https://www.google.com/" "Mozilla/5.0 (Windows NT 10.0; Win64; x64) AppleWebKit/537.36 (KHTML, like Gecko) Chrome/91.0.4472.77 Safari/537.36"
95.215.144.207 - - [31/Jul/2021:16:09:05 +0000] "GET / HTTP/1.1" 301 243 "https://www.google.com/" "Mozilla/5.0 (X11; Ubuntu; Linux x86_64; rv:89.0) Gecko/20100101 Firefox/89.0"
95.215.144.207 - - [31/Jul/2021:16:09:06 +0000] "GET / HTTP/1.1" 200 121584 "https://www.google.com/" "Mozilla/5.0 (X11; Ubuntu; Linux x86_64; rv:89.0) Gecko/20100101 Firefox/89.0"
185.191.171.6 - - [31/Jul/2021:16:09:11 +0000] "GET /search-destinations.php HTTP/1.1" 200 74166 "-" "Mozilla/5.0 (compatible; SemrushBot/7~bl; +http://www.semrush.com/bot.html)"
54.36.148.48 - - [31/Jul/2021:16:09:48 +0000] "GET /packages.php?id=17 HTTP/1.1" 200 72398 "-" "Mozilla/5.0 (compatible; AhrefsBot/7.0; +http://ahrefs.com/robot/)"
77.75.78.165 - - [31/Jul/2021:16:10:19 +0000] "GET /robots.txt HTTP/1.1" 404 121584 "-" "Mozilla/5.0 (compatible; SeznamBot/3.2; +http://napoveda.seznam.cz/en/seznambot-intro/)"
77.75.78.165 - - [31/Jul/2021:16:10:23 +0000] "GET /dayara-buggyal-trek.html HTTP/1.1" 200 98817 "-" "Mozilla/5.0 (compatible; SeznamBot/3.2; +http://napoveda.seznam.cz/en/seznambot-intro/)"
114.119.151.251 - - [31/Jul/2021:16:15:18 +0000] "GET /robots.txt HTTP/1.1" 301 253 "-" "Mozilla/5.0 (compatible;PetalBot;+https://webmaster.petalsearch.com/site/petalbot)"
114.119.151.251 - - [31/Jul/2021:16:15:18 +0000] "GET /robots.txt HTTP/1.1" 404 121584 "-" "Mozilla/5.0 (compatible;PetalBot;+https://webmaster.petalsearch.com/site/petalbot)"
185.191.171.1 - - [31/Jul/2021:16:22:18 +0000] "GET /malaysia-singapore-tour.html HTTP/1.1" 200 100042 "-" "Mozilla/5.0 (compatible; SemrushBot/7~bl; +http://www.semrush.com/bot.html)"
185.191.171.44 - - [31/Jul/2021:16:30:19 +0000] "GET /destination/miramar-beach.html HTTP/1.1" 200 124590 "-" "Mozilla/5.0 (compatible; SemrushBot/7~bl; +http://www.semrush.com/bot.html)"
66.249.66.198 - - [31/Jul/2021:16:34:51 +0000] "GET /kashmir-honeymoon-tour.html HTTP/1.1" 200 104501 "-" "Mozilla/5.0 (compatible; Googlebot/2.1; +http://www.google.com/bot.html)"
66.249.66.204 - - [31/Jul/2021:16:36:32 +0000] "GET /destination/majorda-beach-goa.html HTTP/1.1" 200 133646 "-" "Mozilla/5.0 (Linux; Android 6.0.1; Nexus 5X Build/MMB29P) AppleWebKit/537.36 (KHTML, like Gecko) Chrome/92.0.4515.119 Mobile Safari/537.36 (compatible; Googlebot/2.1; +http://www.google.com/bot.html)"
66.249.66.201 - - [31/Jul/2021:16:36:38 +0000] "HEAD /galleryimg/2317961045065bb5d41c937b3cd301ce@2x.jpg HTTP/1.1" 404 - "https://www.indiaexclusivetours.com/destination/majorda-beach-goa.html" "Mozilla/5.0 (Linux; Android 6.0.1; Nexus 5X Build/MMB29P) AppleWebKit/537.36 (KHTML, like Gecko) Chrome/91.0.4472.90 Mobile Safari/537.36 (compatible; Googlebot/2.1; +http://www.google.com/bot.html)"
66.249.66.201 - - [31/Jul/2021:16:36:38 +0000] "HEAD /galleryimg/21df2d1d8e4b814ddb1172b15a20113f@2x.jpg HTTP/1.1" 404 - "https://www.indiaexclusivetours.com/destination/majorda-beach-goa.html" "Mozilla/5.0 (Linux; Android 6.0.1; Nexus 5X Build/MMB29P) AppleWebKit/537.36 (KHTML, like Gecko) Chrome/91.0.4472.90 Mobile Safari/537.36 (compatible; Googlebot/2.1; +http://www.google.com/bot.html)"
66.249.66.198 - - [31/Jul/2021:16:36:40 +0000] "HEAD /galleryimg/be0ea55118f958d7d6c4c8993ba24a5f@2x.jpg HTTP/1.1" 404 - "https://www.indiaexclusivetours.com/destination/majorda-beach-goa.html" "Mozilla/5.0 (Linux; Android 6.0.1; Nexus 5X Build/MMB29P) AppleWebKit/537.36 (KHTML, like Gecko) Chrome/91.0.4472.90 Mobile Safari/537.36 (compatible; Googlebot/2.1; +http://www.google.com/bot.html)"
66.249.66.201 - - [31/Jul/2021:16:36:41 +0000] "HEAD /galleryimg/c8f48ad8428d45bed70cd7404cb089af@2x.jpg HTTP/1.1" 404 - "https://www.indiaexclusivetours.com/destination/majorda-beach-goa.html" "Mozilla/5.0 (Linux; Android 6.0.1; Nexus 5X Build/MMB29P) AppleWebKit/537.36 (KHTML, like Gecko) Chrome/91.0.4472.90 Mobile Safari/537.36 (compatible; Googlebot/2.1; +http://www.google.com/bot.html)"
66.249.66.198 - - [31/Jul/2021:16:36:43 +0000] "HEAD /galleryimg/78b42c79c1c8e3811b113597c305d218@2x.jpg HTTP/1.1" 404 - "https://www.indiaexclusivetours.com/destination/majorda-beach-goa.html" "Mozilla/5.0 (Linux; Android 6.0.1; Nexus 5X Build/MMB29P) AppleWebKit/537.36 (KHTML, like Gecko) Chrome/91.0.4472.90 Mobile Safari/537.36 (compatible; Googlebot/2.1; +http://www.google.com/bot.html)"
66.249.66.198 - - [31/Jul/2021:16:36:45 +0000] "HEAD /wp-content/themes/trendytravel/images/payment-logo@2x.png HTTP/1.1" 404 - "https://www.indiaexclusivetours.com/destination/majorda-beach-goa.html" "Mozilla/5.0 (Linux; Android 6.0.1; Nexus 5X Build/MMB29P) AppleWebKit/537.36 (KHTML, like Gecko) Chrome/91.0.4472.90 Mobile Safari/537.36 (compatible; Googlebot/2.1; +http://www.google.com/bot.html)"
66.249.66.198 - - [31/Jul/2021:16:36:47 +0000] "HEAD /galleryimg/43f8339fd6b1d7f3dcb3fec0d6c715ce@2x.jpg HTTP/1.1" 404 - "https://www.indiaexclusivetours.com/destination/majorda-beach-goa.html" "Mozilla/5.0 (Linux; Android 6.0.1; Nexus 5X Build/MMB29P) AppleWebKit/537.36 (KHTML, like Gecko) Chrome/91.0.4472.90 Mobile Safari/537.36 (compatible; Googlebot/2.1; +http://www.google.com/bot.html)"
40.77.167.97 - - [31/Jul/2021:16:39:31 +0000] "GET /galleryimg/dubai5.jpg HTTP/1.1" 200 54054 "-" "Mozilla/5.0 (compatible; bingbot/2.0; +http://www.bing.com/bingbot.htm)"
185.191.171.42 - - [31/Jul/2021:16:39:47 +0000] "GET /kashmir-valley-tour.html HTTP/1.1" 200 98716 "-" "Mozilla/5.0 (compatible; SemrushBot/7~bl; +http://www.semrush.com/bot.html)"
66.249.66.198 - - [31/Jul/2021:16:46:42 +0000] "GET /destinations-in-india/uttarakhand-tourism.html HTTP/1.1" 200 124529 "-" "Mozilla/5.0 (Linux; Android 6.0.1; Nexus 5X Build/MMB29P) AppleWebKit/537.36 (KHTML, like Gecko) Chrome/92.0.4515.119 Mobile Safari/537.36 (compatible; Googlebot/2.1; +http://www.google.com/bot.html)"
