5.188.48.14 - - [01/Aug/2021:23:28:18 +0000] "GET /thank-you.php HTTP/1.0" 200 70006 "http://www.indiaexclusivetours.com/thank-you.php" "Mozilla/5.0 (Windows NT 10.0; Win64; x64) AppleWebKit/537.36 (KHTML, like Gecko) Chrome/83.0.4087.0 Safari/537.36"
114.119.158.181 - - [01/Aug/2021:23:35:52 +0000] "GET /destinations-in-india?page=destinations-in-india HTTP/1.1" 301 293 "-" "Mozilla/5.0 (Linux; Android 7.0;) AppleWebKit/537.36 (KHTML, like Gecko) Mobile Safari/537.36 (compatible; PetalBot;+https://webmaster.petalsearch.com/site/petalbot)"
114.119.158.181 - - [01/Aug/2021:23:35:52 +0000] "GET /destinations-in-india/?page=destinations-in-india HTTP/1.1" 200 69988 "-" "Mozilla/5.0 (Linux; Android 7.0;) AppleWebKit/537.36 (KHTML, like Gecko) Mobile Safari/537.36 (compatible; PetalBot;+https://webmaster.petalsearch.com/site/petalbot)"
66.249.66.204 - - [01/Aug/2021:23:40:18 +0000] "GET /destination/kausani.html HTTP/1.1" 200 134776 "-" "Mozilla/5.0 (compatible; Googlebot/2.1; +http://www.google.com/bot.html)"
114.119.134.1 - - [01/Aug/2021:23:50:56 +0000] "GET /about-destination.php?id=21 HTTP/1.1" 200 72673 "-" "Mozilla/5.0 (Linux; Android 7.0;) AppleWebKit/537.36 (KHTML, like Gecko) Mobile Safari/537.36 (compatible; PetalBot;+https://webmaster.petalsearch.com/site/petalbot)"
114.119.134.1 - - [01/Aug/2021:23:54:28 +0000] "GET /srinagar-gulmarg-tour-package.html HTTP/1.1" 200 98513 "-" "Mozilla/5.0 (Linux; Android 7.0;) AppleWebKit/537.36 (KHTML, like Gecko) Mobile Safari/537.36 (compatible; PetalBot;+https://webmaster.petalsearch.com/site/petalbot)"
66.249.66.204 - - [02/Aug/2021:00:02:07 +0000] "GET /port-blair-havelock-elephant-beach-north-island.html HTTP/1.1" 200 110052 "-" "Mozilla/5.0 (compatible; Googlebot/2.1; +http://www.google.com/bot.html)"
114.119.150.92 - - [02/Aug/2021:00:07:34 +0000] "GET /destinations-in-india/andman.html HTTP/1.1" 200 105743 "-" "Mozilla/5.0 (Linux; Android 7.0;) AppleWebKit/537.36 (KHTML, like Gecko) Mobile Safari/537.36 (compatible; PetalBot;+https://webmaster.petalsearch.com/site/petalbot)"
216.244.66.234 - - [02/Aug/2021:00:16:30 +0000] "GET /robots.txt HTTP/1.1" 404 121584 "-" "Mozilla/5.0 (compatible; DotBot/1.2; +https://opensiteexplorer.org/dotbot; help@moz.com)"
5.53.116.11 - - [02/Aug/2021:00:20:56 +0000] "GET / HTTP/1.0" 301 243 "http://indiaexclusivetours.com/" "Mozilla/5.0 (Windows NT 10.0) AppleWebKit/537.36 (KHTML, like Gecko) Chrome/90.0.4430.85 Safari/537.36"
5.53.116.11 - - [02/Aug/2021:00:20:56 +0000] "GET / HTTP/1.0" 200 121584 "http://www.indiaexclusivetours.com/" "Mozilla/5.0 (Windows NT 10.0) AppleWebKit/537.36 (KHTML, like Gecko) Chrome/90.0.4430.85 Safari/537.36"
5.53.116.11 - - [02/Aug/2021:00:21:01 +0000] "GET /contact-us.php HTTP/1.0" 200 73766 "https://www.indiaexclusivetours.com/contact-us.php" "Mozilla/5.0 (Windows NT 10.0) AppleWebKit/537.36 (KHTML, like Gecko) Chrome/90.0.4430.85 Safari/537.36"
5.53.116.11 - - [02/Aug/2021:00:21:02 +0000] "POST /submit-enquiry.php HTTP/1.0" 200 151 "https://www.indiaexclusivetours.com/contact-us.php" "Mozilla/5.0 (Windows NT 10.0) AppleWebKit/537.36 (KHTML, like Gecko) Chrome/90.0.4430.85 Safari/537.36"
5.53.116.11 - - [02/Aug/2021:00:21:05 +0000] "GET /thank-you.php HTTP/1.0" 200 70006 "http://www.indiaexclusivetours.com/thank-you.php" "Mozilla/5.0 (Windows NT 10.0) AppleWebKit/537.36 (KHTML, like Gecko) Chrome/90.0.4430.85 Safari/537.36"
216.244.66.234 - - [02/Aug/2021:00:31:10 +0000] "GET /galleryimg/haridwar1.jpg HTTP/1.1" 200 374475 "-" "Mozilla/5.0 (compatible; DotBot/1.2; +https://opensiteexplorer.org/dotbot; help@moz.com)"
66.249.69.106 - - [02/Aug/2021:00:34:50 +0000] "GET /dwarka-somnath-temple-tour.html HTTP/1.1" 200 92412 "-" "Mozilla/5.0 (compatible; Googlebot/2.1; +http://www.google.com/bot.html)"
185.191.171.25 - - [02/Aug/2021:00:51:26 +0000] "GET /robots.txt HTTP/1.1" 404 121584 "-" "Mozilla/5.0 (compatible; SemrushBot/7~bl; +http://www.semrush.com/bot.html)"
185.191.171.37 - - [02/Aug/2021:00:51:28 +0000] "GET /international-packages.php HTTP/1.1" 200 77855 "-" "Mozilla/5.0 (compatible; SemrushBot/7~bl; +http://www.semrush.com/bot.html)"
77.75.79.119 - - [02/Aug/2021:01:05:47 +0000] "GET /robots.txt HTTP/1.1" 404 121584 "-" "Mozilla/5.0 (compatible; SeznamBot/3.2; +http://napoveda.seznam.cz/en/seznambot-intro/)"
77.75.79.119 - - [02/Aug/2021:01:05:50 +0000] "GET /ooty-honeymoon-tour-package.html HTTP/1.1" 200 100841 "-" "Mozilla/5.0 (compatible; SeznamBot/3.2; +http://napoveda.seznam.cz/en/seznambot-intro/)"
77.75.79.119 - - [02/Aug/2021:01:05:53 +0000] "GET /nepal-tour-3-n-4d.html HTTP/1.1" 200 97588 "-" "Mozilla/5.0 (compatible; SeznamBot/3.2; +http://napoveda.seznam.cz/en/seznambot-intro/)"
40.64.67.32 - - [02/Aug/2021:01:09:10 +0000] "GET /galleryimg/5900220houseboat.jpg HTTP/1.1" 200 1243176 "https://yandex.com/images/search?text=little%20venice&pos=465&p=15&img_url=https%3A%2F%2Fpbs.twimg.com%2Fmedia%2FDXO_itKXkAAmg4b.jpg&rpt=simage" "Mozilla/5.0 (X11; Linux x86_64) AppleWebKit/537.36 (KHTML, like Gecko) HeadlessChrome/91.0.4472.77 Safari/537.36"
66.249.66.211 - - [02/Aug/2021:01:11:40 +0000] "GET /golden-triangle-with-wildlife-tour.html HTTP/1.1" 200 102264 "-" "Mozilla/5.0 (compatible; Googlebot/2.1; +http://www.google.com/bot.html)"
66.249.66.209 - - [02/Aug/2021:01:11:44 +0000] "GET /scripts/gen_validatorv4.js HTTP/1.1" 200 32085 "http://www.indiaexclusivetours.com/golden-triangle-with-wildlife-tour.html" "Mozilla/5.0 AppleWebKit/537.36 (KHTML, like Gecko; compatible; Googlebot/2.1; +http://www.google.com/bot.html) Chrome/91.0.4472.90 Safari/537.36"
35.225.229.194 - - [02/Aug/2021:01:37:44 +0000] "GET /wp-admin/css/ HTTP/1.1" 404 121584 "binance.com" "Mozilla/5.0 (Windows NT 10.0; Win64; x64) AppleWebKit/537.36 (KHTML, like Gecko) Chrome/90.0.4430.85 Safari/537.36"
114.119.158.181 - - [02/Aug/2021:01:44:39 +0000] "GET /india-tour-packages/adventure-tour-package.html HTTP/1.1" 200 79547 "-" "Mozilla/5.0 (Linux; Android 7.0;) AppleWebKit/537.36 (KHTML, like Gecko) Mobile Safari/537.36 (compatible; PetalBot;+https://webmaster.petalsearch.com/site/petalbot)"
66.249.66.204 - - [02/Aug/2021:01:51:13 +0000] "GET /hotels-in-india/ HTTP/1.1" 200 69988 "-" "Mozilla/5.0 (Linux; Android 6.0.1; Nexus 5X Build/MMB29P) AppleWebKit/537.36 (KHTML, like Gecko) Chrome/91.0.4472.90 Mobile Safari/537.36 (compatible; Googlebot/2.1; +http://www.google.com/bot.html)"
66.249.66.201 - - [02/Aug/2021:01:52:01 +0000] "GET /hotels-in-india/wp-content/font-awesome/4.5.0/css/font-awesome.min1c9b.css?ver=4.6.1 HTTP/1.1" 200 27748 "https://www.indiaexclusivetours.com/hotels-in-india/" "Mozilla/5.0 (Linux; Android 6.0.1; Nexus 5X Build/MMB29P) AppleWebKit/537.36 (KHTML, like Gecko) Chrome/91.0.4472.90 Mobile Safari/537.36 (compatible; Googlebot/2.1; +http://www.google.com/bot.html)"
66.249.66.201 - - [02/Aug/2021:01:52:02 +0000] "GET /hotels-in-india/wp-content/cache/wpfc-minified/11/1473342607index.css HTTP/1.1" 200 230396 "https://www.indiaexclusivetours.com/hotels-in-india/" "Mozilla/5.0 (Linux; Android 6.0.1; Nexus 5X Build/MMB29P) AppleWebKit/537.36 (KHTML, like Gecko) Chrome/91.0.4472.90 Mobile Safari/537.36 (compatible; Googlebot/2.1; +http://www.google.com/bot.html)"
66.249.66.201 - - [02/Aug/2021:01:52:04 +0000] "GET /hotels-in-india/wp-content/cache/wpfc-minified/3/1473342607index.js HTTP/1.1" 200 35339 "https://www.indiaexclusivetours.com/hotels-in-india/" "Mozilla/5.0 (Linux; Android 6.0.1; Nexus 5X Build/MMB29P) AppleWebKit/537.36 (KHTML, like Gecko) Chrome/91.0.4472.90 Mobile Safari/537.36 (compatible; Googlebot/2.1; +http://www.google.com/bot.html)"
66.249.66.201 - - [02/Aug/2021:01:52:05 +0000] "GET /hotels-in-india/wp-content/plugins/LayerSlider/static/skins/noskin/skin.css HTTP/1.1" 200 1153 "https://www.indiaexclusivetours.com/hotels-in-india/" "Mozilla/5.0 (Linux; Android 6.0.1; Nexus 5X Build/MMB29P) AppleWebKit/537.36 (KHTML, like Gecko) Chrome/91.0.4472.90 Mobile Safari/537.36 (compatible; Googlebot/2.1; +http://www.google.com/bot.html)"
66.249.66.198 - - [02/Aug/2021:01:52:07 +0000] "GET /hotels-in-india/wp-content/cache/wpfc-minified/10/1473342606index.css HTTP/1.1" 200 57547 "https://www.indiaexclusivetours.com/hotels-in-india/" "Mozilla/5.0 (Linux; Android 6.0.1; Nexus 5X Build/MMB29P) AppleWebKit/537.36 (KHTML, like Gecko) Chrome/91.0.4472.90 Mobile Safari/537.36 (compatible; Googlebot/2.1; +http://www.google.com/bot.html)"
66.249.66.201 - - [02/Aug/2021:01:52:08 +0000] "GET /hotels-in-india/wp-content/cache/wpfc-minified/4/1473342607index.js HTTP/1.1" 200 4913 "https://www.indiaexclusivetours.com/hotels-in-india/" "Mozilla/5.0 (Linux; Android 6.0.1; Nexus 5X Build/MMB29P) AppleWebKit/537.36 (KHTML, like Gecko) Chrome/91.0.4472.90 Mobile Safari/537.36 (compatible; Googlebot/2.1; +http://www.google.com/bot.html)"
66.249.66.198 - - [02/Aug/2021:01:52:09 +0000] "GET /hotels-in-india/wp-content/cache/wpfc-minified/6/1473342606index.css HTTP/1.1" 200 209242 "https://www.indiaexclusivetours.com/hotels-in-india/" "Mozilla/5.0 (Linux; Android 6.0.1; Nexus 5X Build/MMB29P) AppleWebKit/537.36 (KHTML, like Gecko) Chrome/91.0.4472.90 Mobile Safari/537.36 (compatible; Googlebot/2.1; +http://www.google.com/bot.html)"
66.249.66.198 - - [02/Aug/2021:01:52:11 +0000] "GET /hotels-in-india/wp-content/cache/wpfc-minified/8/1473342606index.css HTTP/1.1" 200 4107 "https://www.indiaexclusivetours.com/hotels-in-india/" "Mozilla/5.0 (Linux; Android 6.0.1; Nexus 5X Build/MMB29P) AppleWebKit/537.36 (KHTML, like Gecko) Chrome/91.0.4472.90 Mobile Safari/537.36 (compatible; Googlebot/2.1; +http://www.google.com/bot.html)"
40.77.167.33 - - [02/Aug/2021:02:06:05 +0000] "GET /galleryimg/Beach-of-Goa.jpg HTTP/1.1" 200 127879 "-" "Mozilla/5.0 (compatible; bingbot/2.0; +http://www.bing.com/bingbot.htm)"
193.110.95.34 - - [02/Aug/2021:02:06:47 +0000] "GET /thank-you.php HTTP/1.0" 200 70006 "https://www.indiaexclusivetours.com/thank-you.php" "Mozilla/5.0 (Windows NT 6.1) AppleWebKit/537.36 (KHTML, like Gecko) Chrome/90.0.4430.72 Safari/537.36"
193.110.95.34 - - [02/Aug/2021:02:06:49 +0000] "GET /contact-us.php HTTP/1.0" 200 73766 "https://www.indiaexclusivetours.com/contact-us.php" "Mozilla/5.0 (Windows NT 6.1) AppleWebKit/537.36 (KHTML, like Gecko) Chrome/90.0.4430.72 Safari/537.36"
193.110.95.34 - - [02/Aug/2021:02:06:51 +0000] "POST /submit-enquiry.php HTTP/1.0" 200 151 "https://www.indiaexclusivetours.com/contact-us.php" "Mozilla/5.0 (Windows NT 6.1) AppleWebKit/537.36 (KHTML, like Gecko) Chrome/90.0.4430.72 Safari/537.36"
193.110.95.34 - - [02/Aug/2021:02:06:54 +0000] "GET /thank-you.php HTTP/1.0" 200 70006 "http://www.indiaexclusivetours.com/thank-you.php" "Mozilla/5.0 (Windows NT 6.1) AppleWebKit/537.36 (KHTML, like Gecko) Chrome/90.0.4430.72 Safari/537.36"
193.110.95.34 - - [02/Aug/2021:02:06:56 +0000] "GET /contact-us.php HTTP/1.0" 200 73766 "https://www.indiaexclusivetours.com/contact-us.php" "Mozilla/5.0 (Windows NT 6.1) AppleWebKit/537.36 (KHTML, like Gecko) Chrome/90.0.4430.72 Safari/537.36"
193.110.95.34 - - [02/Aug/2021:02:06:58 +0000] "GET /contact-us.php HTTP/1.0" 200 73766 "https://www.indiaexclusivetours.com/contact-us.php" "Mozilla/5.0 (Windows NT 6.1) AppleWebKit/537.36 (KHTML, like Gecko) Chrome/90.0.4430.72 Safari/537.36"
45.152.182.153 - - [02/Aug/2021:02:09:21 +0000] "GET /contact-us.php HTTP/1.1" 200 73766 "-" "Mozilla/5.0 (Windows NT 10.0; Win64; x64) AppleWebKit/537.36 (KHTML, like Gecko) Chrome/69.0.3451.0 Safari/537.36"
45.152.182.153 - - [02/Aug/2021:02:09:27 +0000] "POST /submit-enquiry.php HTTP/1.1" 200 151 "https://www.indiaexclusivetours.com/contact-us.php" "Mozilla/5.0 (Windows NT 10.0; Win64; x64) AppleWebKit/537.36 (KHTML, like Gecko) Chrome/69.0.3451.0 Safari/537.36"
49.34.192.244 - - [02/Aug/2021:02:24:42 +0000] "GET /galleryimg/anjuna-beach.jpg HTTP/1.1" 200 172929 "https://www.bing.com/" "Mozilla/5.0 (Mobile; LYF/F320B/LYF-F320B-002-02-16-180321;Android; rv:48.0) Gecko/48.0 Firefox/48.0 KAIOS/2.5.3.2"
66.249.66.211 - - [02/Aug/2021:02:25:20 +0000] "GET /robots.txt HTTP/1.1" 404 121584 "-" "Mozilla/5.0 (compatible; Googlebot/2.1; +http://www.google.com/bot.html)"
66.249.66.211 - - [02/Aug/2021:02:25:21 +0000] "GET /search-cars.php?id=1 HTTP/1.1" 500 - "-" "Mozilla/5.0 (compatible; Googlebot/2.1; +http://www.google.com/bot.html)"
185.191.171.1 - - [02/Aug/2021:02:26:08 +0000] "GET /robots.txt HTTP/1.1" 404 121584 "-" "Mozilla/5.0 (compatible; SemrushBot/7~bl; +http://www.semrush.com/bot.html)"
185.191.171.33 - - [02/Aug/2021:02:26:10 +0000] "GET /guwahati-shillong-tour.html HTTP/1.1" 200 98873 "-" "Mozilla/5.0 (compatible; SemrushBot/7~bl; +http://www.semrush.com/bot.html)"
66.249.66.207 - - [02/Aug/2021:02:30:22 +0000] "GET /search-cars.php?id=2 HTTP/1.1" 500 - "-" "Mozilla/5.0 (compatible; Googlebot/2.1; +http://www.google.com/bot.html)"
40.77.167.43 - - [02/Aug/2021:02:33:46 +0000] "GET /galleryimg/goa-beach3.jpg HTTP/1.1" 200 197219 "-" "Mozilla/5.0 (compatible; bingbot/2.0; +http://www.bing.com/bingbot.htm)"
77.75.76.160 - - [02/Aug/2021:02:35:03 +0000] "GET /robots.txt HTTP/1.1" 404 121584 "-" "Mozilla/5.0 (compatible; SeznamBot/3.2; +http://napoveda.seznam.cz/en/seznambot-intro/)"
77.75.76.160 - - [02/Aug/2021:02:35:07 +0000] "GET /explore-himalayas-tour-6n-7d.html HTTP/1.1" 200 98572 "-" "Mozilla/5.0 (compatible; SeznamBot/3.2; +http://napoveda.seznam.cz/en/seznambot-intro/)"
77.75.76.160 - - [02/Aug/2021:02:35:10 +0000] "GET /kashmir-leh-tour-package.html HTTP/1.1" 200 101612 "-" "Mozilla/5.0 (compatible; SeznamBot/3.2; +http://napoveda.seznam.cz/en/seznambot-intro/)"
77.75.76.160 - - [02/Aug/2021:02:35:12 +0000] "GET /singapore-tour.html HTTP/1.1" 200 96441 "-" "Mozilla/5.0 (compatible; SeznamBot/3.2; +http://napoveda.seznam.cz/en/seznambot-intro/)"
114.119.134.1 - - [02/Aug/2021:02:52:20 +0000] "GET /hotels-in-india/manali.html HTTP/1.1" 500 - "-" "Mozilla/5.0 (Linux; Android 7.0;) AppleWebKit/537.36 (KHTML, like Gecko) Mobile Safari/537.36 (compatible; PetalBot;+https://webmaster.petalsearch.com/site/petalbot)"
40.77.167.60 - - [02/Aug/2021:02:52:26 +0000] "GET /robots.txt HTTP/1.1" 404 46424 "-" "Mozilla/5.0 (compatible; bingbot/2.0; +http://www.bing.com/bingbot.htm)"
40.77.167.60 - - [02/Aug/2021:02:52:27 +0000] "GET /robots.txt HTTP/1.1" 404 121584 "-" "Mozilla/5.0 (compatible; bingbot/2.0; +http://www.bing.com/bingbot.htm)"
157.55.39.152 - - [02/Aug/2021:02:52:34 +0000] "GET /galleryimg/udaipur-rajasthan.jpg HTTP/1.1" 200 273924 "-" "Mozilla/5.0 (compatible; bingbot/2.0; +http://www.bing.com/bingbot.htm)"
40.77.167.43 - - [02/Aug/2021:03:00:00 +0000] "GET /india-tour-packages/dubai.html HTTP/1.1" 200 80195 "-" "Mozilla/5.0 (compatible; bingbot/2.0; +http://www.bing.com/bingbot.htm)"
114.119.139.202 - - [02/Aug/2021:03:05:26 +0000] "GET /robots.txt HTTP/1.1" 404 121584 "-" "Mozilla/5.0 (compatible;PetalBot;+https://webmaster.petalsearch.com/site/petalbot)"
207.46.13.173 - - [02/Aug/2021:03:06:10 +0000] "GET /ooty-kodaikanal-munnar-honeymoon-tour-package.html HTTP/1.1" 200 100849 "-" "Mozilla/5.0 (compatible; bingbot/2.0; +http://www.bing.com/bingbot.htm)"
66.249.66.211 - - [02/Aug/2021:03:06:57 +0000] "GET /about-destination.php?id=15 HTTP/1.1" 200 72673 "-" "Mozilla/5.0 (Linux; Android 6.0.1; Nexus 5X Build/MMB29P) AppleWebKit/537.36 (KHTML, like Gecko) Chrome/91.0.4472.90 Mobile Safari/537.36 (compatible; Googlebot/2.1; +http://www.google.com/bot.html)"
66.249.66.204 - - [02/Aug/2021:03:07:02 +0000] "HEAD /galleryimg/d02ba9dc34fc04997c48ca99028c9878@2x.jpg HTTP/1.1" 404 - "http://www.indiaexclusivetours.com/" "Mozilla/5.0 (Linux; Android 6.0.1; Nexus 5X Build/MMB29P) AppleWebKit/537.36 (KHTML, like Gecko) Chrome/91.0.4472.90 Mobile Safari/537.36 (compatible; Googlebot/2.1; +http://www.google.com/bot.html)"
66.249.66.207 - - [02/Aug/2021:03:07:03 +0000] "HEAD /undefinedimages/style-picker/pattern9@2x.jpg HTTP/1.1" 404 - "http://www.indiaexclusivetours.com/about-destination.php?id=15" "Mozilla/5.0 (Linux; Android 6.0.1; Nexus 5X Build/MMB29P) AppleWebKit/537.36 (KHTML, like Gecko) Chrome/91.0.4472.90 Mobile Safari/537.36 (compatible; Googlebot/2.1; +http://www.google.com/bot.html)"
66.249.66.204 - - [02/Aug/2021:03:07:03 +0000] "HEAD /galleryimg/ HTTP/1.1" 200 - "http://www.indiaexclusivetours.com/" "Mozilla/5.0 (Linux; Android 6.0.1; Nexus 5X Build/MMB29P) AppleWebKit/537.36 (KHTML, like Gecko) Chrome/91.0.4472.90 Mobile Safari/537.36 (compatible; Googlebot/2.1; +http://www.google.com/bot.html)"
66.249.66.204 - - [02/Aug/2021:03:07:03 +0000] "HEAD /galleryimg/b48df54c2d823a2c4a287cd496275a91@2x.jpg HTTP/1.1" 404 - "http://www.indiaexclusivetours.com/" "Mozilla/5.0 (Linux; Android 6.0.1; Nexus 5X Build/MMB29P) AppleWebKit/537.36 (KHTML, like Gecko) Chrome/91.0.4472.90 Mobile Safari/537.36 (compatible; Googlebot/2.1; +http://www.google.com/bot.html)"
66.249.66.207 - - [02/Aug/2021:03:07:04 +0000] "HEAD /undefinedimages/style-picker/pattern1@2x.jpg HTTP/1.1" 404 - "http://www.indiaexclusivetours.com/about-destination.php?id=15" "Mozilla/5.0 (Linux; Android 6.0.1; Nexus 5X Build/MMB29P) AppleWebKit/537.36 (KHTML, like Gecko) Chrome/91.0.4472.90 Mobile Safari/537.36 (compatible; Googlebot/2.1; +http://www.google.com/bot.html)"
66.249.66.207 - - [02/Aug/2021:03:07:05 +0000] "HEAD /wp-content/themes/trendytravel/images/logo%402x@2x.png HTTP/1.1" 404 - "http://www.indiaexclusivetours.com/about-destination.php?id=15" "Mozilla/5.0 (Linux; Android 6.0.1; Nexus 5X Build/MMB29P) AppleWebKit/537.36 (KHTML, like Gecko) Chrome/91.0.4472.90 Mobile Safari/537.36 (compatible; Googlebot/2.1; +http://www.google.com/bot.html)"
66.249.66.209 - - [02/Aug/2021:03:07:07 +0000] "HEAD /undefinedimages/style-picker/pattern15@2x.jpg HTTP/1.1" 404 - "http://www.indiaexclusivetours.com/about-destination.php?id=15" "Mozilla/5.0 (Linux; Android 6.0.1; Nexus 5X Build/MMB29P) AppleWebKit/537.36 (KHTML, like Gecko) Chrome/91.0.4472.90 Mobile Safari/537.36 (compatible; Googlebot/2.1; +http://www.google.com/bot.html)"
66.249.66.198 - - [02/Aug/2021:03:07:08 +0000] "HEAD /galleryimg/ HTTP/1.1" 200 - "http://www.indiaexclusivetours.com/" "Mozilla/5.0 (Linux; Android 6.0.1; Nexus 5X Build/MMB29P) AppleWebKit/537.36 (KHTML, like Gecko) Chrome/91.0.4472.90 Mobile Safari/537.36 (compatible; Googlebot/2.1; +http://www.google.com/bot.html)"
66.249.66.201 - - [02/Aug/2021:03:07:09 +0000] "HEAD /galleryimg/9348692mussoorie@2x.jpg HTTP/1.1" 404 - "http://www.indiaexclusivetours.com/" "Mozilla/5.0 (Linux; Android 6.0.1; Nexus 5X Build/MMB29P) AppleWebKit/537.36 (KHTML, like Gecko) Chrome/91.0.4472.90 Mobile Safari/537.36 (compatible; Googlebot/2.1; +http://www.google.com/bot.html)"
66.249.66.198 - - [02/Aug/2021:03:07:10 +0000] "HEAD /galleryimg/3220849pushkar1@2x.jpg HTTP/1.1" 404 - "http://www.indiaexclusivetours.com/" "Mozilla/5.0 (Linux; Android 6.0.1; Nexus 5X Build/MMB29P) AppleWebKit/537.36 (KHTML, like Gecko) Chrome/91.0.4472.90 Mobile Safari/537.36 (compatible; Googlebot/2.1; +http://www.google.com/bot.html)"
66.249.66.198 - - [02/Aug/2021:03:07:11 +0000] "HEAD /galleryimg/1763576jaipur%201@2x.jpg HTTP/1.1" 404 - "http://www.indiaexclusivetours.com/" "Mozilla/5.0 (Linux; Android 6.0.1; Nexus 5X Build/MMB29P) AppleWebKit/537.36 (KHTML, like Gecko) Chrome/91.0.4472.90 Mobile Safari/537.36 (compatible; Googlebot/2.1; +http://www.google.com/bot.html)"
66.249.66.207 - - [02/Aug/2021:03:07:12 +0000] "HEAD /undefinedimages/style-picker/pattern2@2x.jpg HTTP/1.1" 404 - "http://www.indiaexclusivetours.com/about-destination.php?id=15" "Mozilla/5.0 (Linux; Android 6.0.1; Nexus 5X Build/MMB29P) AppleWebKit/537.36 (KHTML, like Gecko) Chrome/91.0.4472.90 Mobile Safari/537.36 (compatible; Googlebot/2.1; +http://www.google.com/bot.html)"
66.249.66.198 - - [02/Aug/2021:03:07:13 +0000] "HEAD /galleryimg/d2050896a2d1052c6b4fc51440d7f20d@2x.jpg HTTP/1.1" 404 - "http://www.indiaexclusivetours.com/" "Mozilla/5.0 (Linux; Android 6.0.1; Nexus 5X Build/MMB29P) AppleWebKit/537.36 (KHTML, like Gecko) Chrome/91.0.4472.90 Mobile Safari/537.36 (compatible; Googlebot/2.1; +http://www.google.com/bot.html)"
126.89.59.58 - - [02/Aug/2021:03:15:29 +0000] "GET /galleryimg/1737278Nepal-Kathmandu-Valley.jpg HTTP/1.1" 200 154082 "https://www.google.com/" "Mozilla/5.0 (Windows NT 10.0; Win64; x64) AppleWebKit/537.36 (KHTML, like Gecko) Chrome/92.0.4515.107 Safari/537.36"
114.119.159.33 - - [02/Aug/2021:03:20:47 +0000] "GET /india-tour-packages/nepal.html HTTP/1.1" 200 84906 "-" "Mozilla/5.0 (Linux; Android 7.0;) AppleWebKit/537.36 (KHTML, like Gecko) Mobile Safari/537.36 (compatible; PetalBot;+https://webmaster.petalsearch.com/site/petalbot)"
114.119.158.181 - - [02/Aug/2021:03:22:26 +0000] "GET /india-tour-packages/indialuxurytrain.html HTTP/1.1" 200 73617 "-" "Mozilla/5.0 (Linux; Android 7.0;) AppleWebKit/537.36 (KHTML, like Gecko) Mobile Safari/537.36 (compatible; PetalBot;+https://webmaster.petalsearch.com/site/petalbot)"
77.75.79.95 - - [02/Aug/2021:03:24:12 +0000] "GET /robots.txt HTTP/1.1" 404 121584 "-" "Mozilla/5.0 (compatible; SeznamBot/3.2; +http://napoveda.seznam.cz/en/seznambot-intro/)"
77.75.79.95 - - [02/Aug/2021:03:24:15 +0000] "GET /destinations-in-india/wildlife-tour-package.html HTTP/1.1" 200 84700 "-" "Mozilla/5.0 (compatible; SeznamBot/3.2; +http://napoveda.seznam.cz/en/seznambot-intro/)"
77.75.79.95 - - [02/Aug/2021:03:24:18 +0000] "GET /galleryimg/shimla-manali.jpg HTTP/1.1" 200 77019 "-" "Mozilla/5.0 (compatible; SeznamBot/3.2; +http://napoveda.seznam.cz/en/seznambot-intro/)"
157.55.39.35 - - [02/Aug/2021:03:25:16 +0000] "GET /galleryimg/Jaisalmer.jpg HTTP/1.1" 200 81009 "-" "Mozilla/5.0 (compatible; bingbot/2.0; +http://www.bing.com/bingbot.htm)"
66.249.66.207 - - [02/Aug/2021:03:25:53 +0000] "GET /packages.php?id=27 HTTP/1.1" 200 72398 "-" "Mozilla/5.0 (Linux; Android 6.0.1; Nexus 5X Build/MMB29P) AppleWebKit/537.36 (KHTML, like Gecko) Chrome/91.0.4472.90 Mobile Safari/537.36 (compatible; Googlebot/2.1; +http://www.google.com/bot.html)"
66.249.66.207 - - [02/Aug/2021:03:25:59 +0000] "HEAD /undefinedimages/style-picker/pattern11@2x.jpg HTTP/1.1" 404 - "http://www.indiaexclusivetours.com/packages.php?id=27" "Mozilla/5.0 (Linux; Android 6.0.1; Nexus 5X Build/MMB29P) AppleWebKit/537.36 (KHTML, like Gecko) Chrome/91.0.4472.90 Mobile Safari/537.36 (compatible; Googlebot/2.1; +http://www.google.com/bot.html)"
66.249.66.198 - - [02/Aug/2021:03:26:00 +0000] "HEAD /galleryimg/b48df54c2d823a2c4a287cd496275a91@2x.jpg HTTP/1.1" 404 - "http://www.indiaexclusivetours.com/" "Mozilla/5.0 (Linux; Android 6.0.1; Nexus 5X Build/MMB29P) AppleWebKit/537.36 (KHTML, like Gecko) Chrome/91.0.4472.90 Mobile Safari/537.36 (compatible; Googlebot/2.1; +http://www.google.com/bot.html)"
66.249.66.198 - - [02/Aug/2021:03:26:00 +0000] "HEAD /galleryimg/ HTTP/1.1" 200 - "http://www.indiaexclusivetours.com/" "Mozilla/5.0 (Linux; Android 6.0.1; Nexus 5X Build/MMB29P) AppleWebKit/537.36 (KHTML, like Gecko) Chrome/91.0.4472.90 Mobile Safari/537.36 (compatible; Googlebot/2.1; +http://www.google.com/bot.html)"
66.249.66.201 - - [02/Aug/2021:03:26:02 +0000] "HEAD /galleryimg/045cedf653db08371d0b55240d921a73@2x.jpg HTTP/1.1" 404 - "http://www.indiaexclusivetours.com/" "Mozilla/5.0 (Linux; Android 6.0.1; Nexus 5X Build/MMB29P) AppleWebKit/537.36 (KHTML, like Gecko) Chrome/91.0.4472.90 Mobile Safari/537.36 (compatible; Googlebot/2.1; +http://www.google.com/bot.html)"
66.249.66.198 - - [02/Aug/2021:03:26:02 +0000] "HEAD /galleryimg/6098146srinagar1@2x.gif HTTP/1.1" 404 - "http://www.indiaexclusivetours.com/" "Mozilla/5.0 (Linux; Android 6.0.1; Nexus 5X Build/MMB29P) AppleWebKit/537.36 (KHTML, like Gecko) Chrome/91.0.4472.90 Mobile Safari/537.36 (compatible; Googlebot/2.1; +http://www.google.com/bot.html)"
66.249.66.198 - - [02/Aug/2021:03:26:03 +0000] "HEAD /galleryimg/d2050896a2d1052c6b4fc51440d7f20d@2x.jpg HTTP/1.1" 404 - "http://www.indiaexclusivetours.com/" "Mozilla/5.0 (Linux; Android 6.0.1; Nexus 5X Build/MMB29P) AppleWebKit/537.36 (KHTML, like Gecko) Chrome/91.0.4472.90 Mobile Safari/537.36 (compatible; Googlebot/2.1; +http://www.google.com/bot.html)"
66.249.66.198 - - [02/Aug/2021:03:26:04 +0000] "HEAD /galleryimg/d02ba9dc34fc04997c48ca99028c9878@2x.jpg HTTP/1.1" 404 - "http://www.indiaexclusivetours.com/" "Mozilla/5.0 (Linux; Android 6.0.1; Nexus 5X Build/MMB29P) AppleWebKit/537.36 (KHTML, like Gecko) Chrome/91.0.4472.90 Mobile Safari/537.36 (compatible; Googlebot/2.1; +http://www.google.com/bot.html)"
66.249.66.198 - - [02/Aug/2021:03:26:05 +0000] "HEAD /galleryimg/8775713hotel-marina-shimla@2x.jpg HTTP/1.1" 404 - "http://www.indiaexclusivetours.com/" "Mozilla/5.0 (Linux; Android 6.0.1; Nexus 5X Build/MMB29P) AppleWebKit/537.36 (KHTML, like Gecko) Chrome/91.0.4472.90 Mobile Safari/537.36 (compatible; Googlebot/2.1; +http://www.google.com/bot.html)"
66.249.66.198 - - [02/Aug/2021:03:26:06 +0000] "HEAD /galleryimg/4234128hotel-solang-valley-resort-manali@2x.jpg HTTP/1.1" 404 - "http://www.indiaexclusivetours.com/" "Mozilla/5.0 (Linux; Android 6.0.1; Nexus 5X Build/MMB29P) AppleWebKit/537.36 (KHTML, like Gecko) Chrome/91.0.4472.90 Mobile Safari/537.36 (compatible; Googlebot/2.1; +http://www.google.com/bot.html)"
66.249.66.198 - - [02/Aug/2021:03:26:07 +0000] "HEAD /galleryimg/4355678shillong1@2x.jpg HTTP/1.1" 404 - "http://www.indiaexclusivetours.com/" "Mozilla/5.0 (Linux; Android 6.0.1; Nexus 5X Build/MMB29P) AppleWebKit/537.36 (KHTML, like Gecko) Chrome/91.0.4472.90 Mobile Safari/537.36 (compatible; Googlebot/2.1; +http://www.google.com/bot.html)"
66.249.66.198 - - [02/Aug/2021:03:26:08 +0000] "HEAD /galleryimg/6058815redfort@2x.gif HTTP/1.1" 404 - "http://www.indiaexclusivetours.com/" "Mozilla/5.0 (Linux; Android 6.0.1; Nexus 5X Build/MMB29P) AppleWebKit/537.36 (KHTML, like Gecko) Chrome/91.0.4472.90 Mobile Safari/537.36 (compatible; Googlebot/2.1; +http://www.google.com/bot.html)"
114.119.145.134 - - [02/Aug/2021:03:32:20 +0000] "GET /undefinedimages/style-picker/boxed.jpg HTTP/1.1" 404 121584 "-" "Mozilla/5.0 (Linux; Android 7.0;) AppleWebKit/537.36 (KHTML, like Gecko) Mobile Safari/537.36 (compatible; PetalBot;+https://webmaster.petalsearch.com/site/petalbot)"
74.125.209.38 - - [02/Aug/2021:03:37:41 +0000] "GET /wp-content/themes/trendytravel/images/logo.png HTTP/1.1" 200 17025 "-" "Mozilla/5.0 (Windows NT 5.1; rv:11.0) Gecko Firefox/11.0 (via ggpht.com GoogleImageProxy)"
42.236.10.103 - - [02/Aug/2021:03:42:38 +0000] "GET / HTTP/1.1" 200 121584 "http://www.indiaexclusivetours.com/" "-"
42.236.10.112 - - [02/Aug/2021:03:42:38 +0000] "GET / HTTP/1.1" 200 121584 "https://www.indiaexclusivetours.com/" "-"
42.236.10.110 - - [02/Aug/2021:03:44:17 +0000] "GET / HTTP/1.1" 301 243 "https://indiaexclusivetours.com/" "-"
42.236.10.98 - - [02/Aug/2021:03:44:18 +0000] "GET / HTTP/1.1" 200 121584 "http://www.indiaexclusivetours.com/" "-"
42.236.10.73 - - [02/Aug/2021:03:44:20 +0000] "GET / HTTP/1.1" 301 243 "http://indiaexclusivetours.com/" "-"
42.236.10.90 - - [02/Aug/2021:03:44:21 +0000] "GET / HTTP/1.1" 200 121584 "http://www.indiaexclusivetours.com/" "-"
66.249.66.198 - - [02/Aug/2021:03:44:50 +0000] "GET /india-tour-packages/culture-tours.html HTTP/1.1" 200 83942 "-" "Mozilla/5.0 (Linux; Android 6.0.1; Nexus 5X Build/MMB29P) AppleWebKit/537.36 (KHTML, like Gecko) Chrome/91.0.4472.90 Mobile Safari/537.36 (compatible; Googlebot/2.1; +http://www.google.com/bot.html)"
66.249.66.204 - - [02/Aug/2021:03:44:53 +0000] "HEAD /india-tour-packages/undefinedimages/style-picker/pattern8@2x.jpg HTTP/1.1" 404 - "https://www.indiaexclusivetours.com/india-tour-packages/culture-tours.html" "Mozilla/5.0 (Linux; Android 6.0.1; Nexus 5X Build/MMB29P) AppleWebKit/537.36 (KHTML, like Gecko) Chrome/91.0.4472.90 Mobile Safari/537.36 (compatible; Googlebot/2.1; +http://www.google.com/bot.html)"
66.249.66.201 - - [02/Aug/2021:03:44:55 +0000] "HEAD /india-tour-packages/undefinedimages/style-picker/pattern12@2x.jpg HTTP/1.1" 404 - "https://www.indiaexclusivetours.com/india-tour-packages/culture-tours.html" "Mozilla/5.0 (Linux; Android 6.0.1; Nexus 5X Build/MMB29P) AppleWebKit/537.36 (KHTML, like Gecko) Chrome/91.0.4472.90 Mobile Safari/537.36 (compatible; Googlebot/2.1; +http://www.google.com/bot.html)"
66.249.66.201 - - [02/Aug/2021:03:44:55 +0000] "HEAD /galleryimg/045cedf653db08371d0b55240d921a73@2x.jpg HTTP/1.1" 404 - "https://www.indiaexclusivetours.com/india-tour-packages/culture-tours.html" "Mozilla/5.0 (Linux; Android 6.0.1; Nexus 5X Build/MMB29P) AppleWebKit/537.36 (KHTML, like Gecko) Chrome/91.0.4472.90 Mobile Safari/537.36 (compatible; Googlebot/2.1; +http://www.google.com/bot.html)"
66.249.66.201 - - [02/Aug/2021:03:44:55 +0000] "HEAD /galleryimg/a51f10fd9f69e71c097bb2fc14917c43@2x.jpg HTTP/1.1" 404 - "https://www.indiaexclusivetours.com/india-tour-packages/culture-tours.html" "Mozilla/5.0 (Linux; Android 6.0.1; Nexus 5X Build/MMB29P) AppleWebKit/537.36 (KHTML, like Gecko) Chrome/91.0.4472.90 Mobile Safari/537.36 (compatible; Googlebot/2.1; +http://www.google.com/bot.html)"
66.249.66.198 - - [02/Aug/2021:03:44:57 +0000] "HEAD /galleryimg/9348692mussoorie@2x.jpg HTTP/1.1" 404 - "https://www.indiaexclusivetours.com/india-tour-packages/culture-tours.html" "Mozilla/5.0 (Linux; Android 6.0.1; Nexus 5X Build/MMB29P) AppleWebKit/537.36 (KHTML, like Gecko) Chrome/91.0.4472.90 Mobile Safari/537.36 (compatible; Googlebot/2.1; +http://www.google.com/bot.html)"
66.249.66.198 - - [02/Aug/2021:03:44:57 +0000] "HEAD /galleryimg/6098146srinagar1@2x.gif HTTP/1.1" 404 - "https://www.indiaexclusivetours.com/india-tour-packages/culture-tours.html" "Mozilla/5.0 (Linux; Android 6.0.1; Nexus 5X Build/MMB29P) AppleWebKit/537.36 (KHTML, like Gecko) Chrome/91.0.4472.90 Mobile Safari/537.36 (compatible; Googlebot/2.1; +http://www.google.com/bot.html)"
66.249.66.201 - - [02/Aug/2021:03:44:57 +0000] "HEAD /galleryimg/5341217nainital1@2x.jpg HTTP/1.1" 404 - "https://www.indiaexclusivetours.com/india-tour-packages/culture-tours.html" "Mozilla/5.0 (Linux; Android 6.0.1; Nexus 5X Build/MMB29P) AppleWebKit/537.36 (KHTML, like Gecko) Chrome/91.0.4472.90 Mobile Safari/537.36 (compatible; Googlebot/2.1; +http://www.google.com/bot.html)"
66.249.66.198 - - [02/Aug/2021:03:44:58 +0000] "HEAD /galleryimg/1763576jaipur%201@2x.jpg HTTP/1.1" 404 - "https://www.indiaexclusivetours.com/india-tour-packages/culture-tours.html" "Mozilla/5.0 (Linux; Android 6.0.1; Nexus 5X Build/MMB29P) AppleWebKit/537.36 (KHTML, like Gecko) Chrome/91.0.4472.90 Mobile Safari/537.36 (compatible; Googlebot/2.1; +http://www.google.com/bot.html)"
66.249.66.198 - - [02/Aug/2021:03:44:58 +0000] "HEAD /galleryimg/4578147mountabu@2x.jpg HTTP/1.1" 404 - "https://www.indiaexclusivetours.com/india-tour-packages/culture-tours.html" "Mozilla/5.0 (Linux; Android 6.0.1; Nexus 5X Build/MMB29P) AppleWebKit/537.36 (KHTML, like Gecko) Chrome/91.0.4472.90 Mobile Safari/537.36 (compatible; Googlebot/2.1; +http://www.google.com/bot.html)"
66.249.66.198 - - [02/Aug/2021:03:44:59 +0000] "HEAD /galleryimg/8035537jaisalmer@2x.jpg HTTP/1.1" 404 - "https://www.indiaexclusivetours.com/india-tour-packages/culture-tours.html" "Mozilla/5.0 (Linux; Android 6.0.1; Nexus 5X Build/MMB29P) AppleWebKit/537.36 (KHTML, like Gecko) Chrome/91.0.4472.90 Mobile Safari/537.36 (compatible; Googlebot/2.1; +http://www.google.com/bot.html)"
66.249.66.198 - - [02/Aug/2021:03:44:59 +0000] "HEAD /galleryimg/5931467kashmir-srinagar-dallake@2x.jpg HTTP/1.1" 404 - "https://www.indiaexclusivetours.com/india-tour-packages/culture-tours.html" "Mozilla/5.0 (Linux; Android 6.0.1; Nexus 5X Build/MMB29P) AppleWebKit/537.36 (KHTML, like Gecko) Chrome/91.0.4472.90 Mobile Safari/537.36 (compatible; Googlebot/2.1; +http://www.google.com/bot.html)"
66.249.66.198 - - [02/Aug/2021:03:45:00 +0000] "HEAD /galleryimg/288688b87578d78e43a6726f26726e43@2x.jpg HTTP/1.1" 404 - "https://www.indiaexclusivetours.com/india-tour-packages/culture-tours.html" "Mozilla/5.0 (Linux; Android 6.0.1; Nexus 5X Build/MMB29P) AppleWebKit/537.36 (KHTML, like Gecko) Chrome/91.0.4472.90 Mobile Safari/537.36 (compatible; Googlebot/2.1; +http://www.google.com/bot.html)"
66.249.66.198 - - [02/Aug/2021:03:45:00 +0000] "HEAD /galleryimg/4272428sout@2x.jpg HTTP/1.1" 404 - "https://www.indiaexclusivetours.com/india-tour-packages/culture-tours.html" "Mozilla/5.0 (Linux; Android 6.0.1; Nexus 5X Build/MMB29P) AppleWebKit/537.36 (KHTML, like Gecko) Chrome/91.0.4472.90 Mobile Safari/537.36 (compatible; Googlebot/2.1; +http://www.google.com/bot.html)"
66.249.66.198 - - [02/Aug/2021:03:45:01 +0000] "HEAD /wp-content/uploads/international-tour-banner@2x.jpg HTTP/1.1" 404 - "https://www.indiaexclusivetours.com/india-tour-packages/culture-tours.html" "Mozilla/5.0 (Linux; Android 6.0.1; Nexus 5X Build/MMB29P) AppleWebKit/537.36 (KHTML, like Gecko) Chrome/91.0.4472.90 Mobile Safari/537.36 (compatible; Googlebot/2.1; +http://www.google.com/bot.html)"
66.249.66.198 - - [02/Aug/2021:03:45:01 +0000] "HEAD /india-tour-packages/undefinedimages/style-picker/boxed@2x.jpg HTTP/1.1" 404 - "https://www.indiaexclusivetours.com/india-tour-packages/culture-tours.html" "Mozilla/5.0 (Linux; Android 6.0.1; Nexus 5X Build/MMB29P) AppleWebKit/537.36 (KHTML, like Gecko) Chrome/91.0.4472.90 Mobile Safari/537.36 (compatible; Googlebot/2.1; +http://www.google.com/bot.html)"
66.249.66.198 - - [02/Aug/2021:03:45:02 +0000] "HEAD /india-tour-packages/undefinedimages/style-picker/pattern1@2x.jpg HTTP/1.1" 404 - "https://www.indiaexclusivetours.com/india-tour-packages/culture-tours.html" "Mozilla/5.0 (Linux; Android 6.0.1; Nexus 5X Build/MMB29P) AppleWebKit/537.36 (KHTML, like Gecko) Chrome/91.0.4472.90 Mobile Safari/537.36 (compatible; Googlebot/2.1; +http://www.google.com/bot.html)"
66.249.66.198 - - [02/Aug/2021:03:45:02 +0000] "HEAD /india-tour-packages/wp-content/themes/trendytravel/images/logo@2x.png HTTP/1.1" 404 - "https://www.indiaexclusivetours.com/india-tour-packages/culture-tours.html" "Mozilla/5.0 (Linux; Android 6.0.1; Nexus 5X Build/MMB29P) AppleWebKit/537.36 (KHTML, like Gecko) Chrome/91.0.4472.90 Mobile Safari/537.36 (compatible; Googlebot/2.1; +http://www.google.com/bot.html)"
66.249.66.198 - - [02/Aug/2021:03:45:03 +0000] "HEAD /galleryimg/3869784Tirupati-Balaji-Temple@2x.jpg HTTP/1.1" 404 - "https://www.indiaexclusivetours.com/india-tour-packages/culture-tours.html" "Mozilla/5.0 (Linux; Android 6.0.1; Nexus 5X Build/MMB29P) AppleWebKit/537.36 (KHTML, like Gecko) Chrome/91.0.4472.90 Mobile Safari/537.36 (compatible; Googlebot/2.1; +http://www.google.com/bot.html)"
66.249.66.198 - - [02/Aug/2021:03:45:04 +0000] "HEAD /galleryimg/6fa6a2dd1eadd0967f91676830838a2e@2x.png HTTP/1.1" 404 - "https://www.indiaexclusivetours.com/india-tour-packages/culture-tours.html" "Mozilla/5.0 (Linux; Android 6.0.1; Nexus 5X Build/MMB29P) AppleWebKit/537.36 (KHTML, like Gecko) Chrome/91.0.4472.90 Mobile Safari/537.36 (compatible; Googlebot/2.1; +http://www.google.com/bot.html)"
66.249.66.198 - - [02/Aug/2021:03:45:04 +0000] "HEAD /galleryimg/4193013taj-mahal@2x.jpg HTTP/1.1" 404 - "https://www.indiaexclusivetours.com/india-tour-packages/culture-tours.html" "Mozilla/5.0 (Linux; Android 6.0.1; Nexus 5X Build/MMB29P) AppleWebKit/537.36 (KHTML, like Gecko) Chrome/91.0.4472.90 Mobile Safari/537.36 (compatible; Googlebot/2.1; +http://www.google.com/bot.html)"
66.249.66.198 - - [02/Aug/2021:03:45:05 +0000] "HEAD /galleryimg/4355678shillong1@2x.jpg HTTP/1.1" 404 - "https://www.indiaexclusivetours.com/india-tour-packages/culture-tours.html" "Mozilla/5.0 (Linux; Android 6.0.1; Nexus 5X Build/MMB29P) AppleWebKit/537.36 (KHTML, like Gecko) Chrome/91.0.4472.90 Mobile Safari/537.36 (compatible; Googlebot/2.1; +http://www.google.com/bot.html)"
114.119.150.92 - - [02/Aug/2021:03:47:02 +0000] "GET /-houseboat-with-sonamarg-tour.html HTTP/1.1" 200 97411 "-" "Mozilla/5.0 (Linux; Android 7.0;) AppleWebKit/537.36 (KHTML, like Gecko) Mobile Safari/537.36 (compatible; PetalBot;+https://webmaster.petalsearch.com/site/petalbot)"
207.46.13.23 - - [02/Aug/2021:03:48:15 +0000] "GET /galleryimg/9640489Kirti-Stambh.jpg HTTP/1.1" 200 130168 "-" "Mozilla/5.0 (compatible; bingbot/2.0; +http://www.bing.com/bingbot.htm)"
54.36.148.48 - - [02/Aug/2021:03:49:56 +0000] "GET / HTTP/1.1" 200 121584 "-" "Mozilla/5.0 (compatible; AhrefsBot/7.0; +http://ahrefs.com/robot/)"
157.55.39.35 - - [02/Aug/2021:03:50:48 +0000] "GET /agar-mathura-tour.html HTTP/1.1" 200 99672 "-" "Mozilla/5.0 (compatible; bingbot/2.0; +http://www.bing.com/bingbot.htm)"
66.249.66.201 - - [02/Aug/2021:03:54:18 +0000] "GET /search-tours.php?tourcat=33 HTTP/1.1" 200 94257 "-" "Mozilla/5.0 (Linux; Android 6.0.1; Nexus 5X Build/MMB29P) AppleWebKit/537.36 (KHTML, like Gecko) Chrome/91.0.4472.90 Mobile Safari/537.36 (compatible; Googlebot/2.1; +http://www.google.com/bot.html)"
66.249.66.201 - - [02/Aug/2021:03:54:22 +0000] "HEAD /undefinedimages/style-picker/boxed@2x.jpg HTTP/1.1" 404 - "https://www.indiaexclusivetours.com/search-tours.php?tourcat=33" "Mozilla/5.0 (Linux; Android 6.0.1; Nexus 5X Build/MMB29P) AppleWebKit/537.36 (KHTML, like Gecko) Chrome/91.0.4472.90 Mobile Safari/537.36 (compatible; Googlebot/2.1; +http://www.google.com/bot.html)"
66.249.66.201 - - [02/Aug/2021:03:54:22 +0000] "HEAD /galleryimg/5626317Parshvanath@2x.jpg HTTP/1.1" 404 - "https://www.indiaexclusivetours.com/search-tours.php?tourcat=33" "Mozilla/5.0 (Linux; Android 6.0.1; Nexus 5X Build/MMB29P) AppleWebKit/537.36 (KHTML, like Gecko) Chrome/91.0.4472.90 Mobile Safari/537.36 (compatible; Googlebot/2.1; +http://www.google.com/bot.html)"
66.249.66.198 - - [02/Aug/2021:03:54:25 +0000] "HEAD /undefinedimages/style-picker/pattern1@2x.jpg HTTP/1.1" 404 - "https://www.indiaexclusivetours.com/search-tours.php?tourcat=33" "Mozilla/5.0 (Linux; Android 6.0.1; Nexus 5X Build/MMB29P) AppleWebKit/537.36 (KHTML, like Gecko) Chrome/91.0.4472.90 Mobile Safari/537.36 (compatible; Googlebot/2.1; +http://www.google.com/bot.html)"
66.249.66.201 - - [02/Aug/2021:03:54:26 +0000] "HEAD /undefinedimages/style-picker/pattern4@2x.jpg HTTP/1.1" 404 - "https://www.indiaexclusivetours.com/search-tours.php?tourcat=33" "Mozilla/5.0 (Linux; Android 6.0.1; Nexus 5X Build/MMB29P) AppleWebKit/537.36 (KHTML, like Gecko) Chrome/91.0.4472.90 Mobile Safari/537.36 (compatible; Googlebot/2.1; +http://www.google.com/bot.html)"
66.249.66.198 - - [02/Aug/2021:03:54:27 +0000] "HEAD /undefinedimages/style-picker/pattern2@2x.jpg HTTP/1.1" 404 - "https://www.indiaexclusivetours.com/search-tours.php?tourcat=33" "Mozilla/5.0 (Linux; Android 6.0.1; Nexus 5X Build/MMB29P) AppleWebKit/537.36 (KHTML, like Gecko) Chrome/91.0.4472.90 Mobile Safari/537.36 (compatible; Googlebot/2.1; +http://www.google.com/bot.html)"
66.249.66.198 - - [02/Aug/2021:03:54:29 +0000] "HEAD /undefinedimages/style-picker/pattern7@2x.jpg HTTP/1.1" 404 - "https://www.indiaexclusivetours.com/search-tours.php?tourcat=33" "Mozilla/5.0 (Linux; Android 6.0.1; Nexus 5X Build/MMB29P) AppleWebKit/537.36 (KHTML, like Gecko) Chrome/91.0.4472.90 Mobile Safari/537.36 (compatible; Googlebot/2.1; +http://www.google.com/bot.html)"
66.249.66.198 - - [02/Aug/2021:03:54:31 +0000] "HEAD /undefinedimages/style-picker/pattern6@2x.jpg HTTP/1.1" 404 - "https://www.indiaexclusivetours.com/search-tours.php?tourcat=33" "Mozilla/5.0 (Linux; Android 6.0.1; Nexus 5X Build/MMB29P) AppleWebKit/537.36 (KHTML, like Gecko) Chrome/91.0.4472.90 Mobile Safari/537.36 (compatible; Googlebot/2.1; +http://www.google.com/bot.html)"
66.249.66.198 - - [02/Aug/2021:03:54:33 +0000] "HEAD /galleryimg/861011Houseboats-in-Srinagar@2x.jpg HTTP/1.1" 404 - "https://www.indiaexclusivetours.com/search-tours.php?tourcat=33" "Mozilla/5.0 (Linux; Android 6.0.1; Nexus 5X Build/MMB29P) AppleWebKit/537.36 (KHTML, like Gecko) Chrome/91.0.4472.90 Mobile Safari/537.36 (compatible; Googlebot/2.1; +http://www.google.com/bot.html)"
85.10.199.185 - - [02/Aug/2021:03:55:09 +0000] "GET /robots.txt HTTP/1.1" 404 121584 "-" "Mozilla/5.0 (compatible; MJ12bot/v1.4.8; http://mj12bot.com/)"
85.10.199.185 - - [02/Aug/2021:03:55:11 +0000] "GET /destinations.php HTTP/1.1" 200 89019 "-" "Mozilla/5.0 (compatible; MJ12bot/v1.4.8; http://mj12bot.com/)"
85.10.199.185 - - [02/Aug/2021:03:55:14 +0000] "GET /domestic-packages.php HTTP/1.1" 200 89389 "-" "Mozilla/5.0 (compatible; MJ12bot/v1.4.8; http://mj12bot.com/)"
85.10.199.185 - - [02/Aug/2021:03:55:16 +0000] "GET /pagecontents.php?url=Online-Pyament HTTP/1.1" 200 69988 "-" "Mozilla/5.0 (compatible; MJ12bot/v1.4.8; http://mj12bot.com/)"
85.10.199.185 - - [02/Aug/2021:03:55:18 +0000] "GET /theme-packages.php HTTP/1.1" 200 80939 "-" "Mozilla/5.0 (compatible; MJ12bot/v1.4.8; http://mj12bot.com/)"
114.119.158.181 - - [02/Aug/2021:03:59:41 +0000] "GET /why-we-are-imp.php HTTP/1.1" 200 74662 "-" "Mozilla/5.0 (Linux; Android 7.0;) AppleWebKit/537.36 (KHTML, like Gecko) Mobile Safari/537.36 (compatible; PetalBot;+https://webmaster.petalsearch.com/site/petalbot)"
114.119.145.134 - - [02/Aug/2021:04:02:46 +0000] "GET /india-tour-packages/culture-tours.html HTTP/1.1" 200 83942 "-" "Mozilla/5.0 (Linux; Android 7.0;) AppleWebKit/537.36 (KHTML, like Gecko) Mobile Safari/537.36 (compatible; PetalBot;+https://webmaster.petalsearch.com/site/petalbot)"
66.249.66.201 - - [02/Aug/2021:04:02:51 +0000] "GET /agar-mathura-tour.html HTTP/1.1" 200 99672 "-" "Mozilla/5.0 (Linux; Android 6.0.1; Nexus 5X Build/MMB29P) AppleWebKit/537.36 (KHTML, like Gecko) Chrome/92.0.4515.119 Mobile Safari/537.36 (compatible; Googlebot/2.1; +http://www.google.com/bot.html)"
66.249.66.198 - - [02/Aug/2021:04:02:55 +0000] "GET /wp-content/cache/wpfc-minified/6/1473342606index.css HTTP/1.1" 200 211100 "https://www.indiaexclusivetours.com/agar-mathura-tour.html" "Mozilla/5.0 (Linux; Android 6.0.1; Nexus 5X Build/MMB29P) AppleWebKit/537.36 (KHTML, like Gecko) Chrome/91.0.4472.90 Mobile Safari/537.36 (compatible; Googlebot/2.1; +http://www.google.com/bot.html)"
66.249.66.201 - - [02/Aug/2021:04:02:57 +0000] "HEAD /galleryimg/b48df54c2d823a2c4a287cd496275a91@2x.jpg HTTP/1.1" 404 - "https://www.indiaexclusivetours.com/agar-mathura-tour.html" "Mozilla/5.0 (Linux; Android 6.0.1; Nexus 5X Build/MMB29P) AppleWebKit/537.36 (KHTML, like Gecko) Chrome/91.0.4472.90 Mobile Safari/537.36 (compatible; Googlebot/2.1; +http://www.google.com/bot.html)"
66.249.66.198 - - [02/Aug/2021:04:02:58 +0000] "HEAD /galleryimg/4355678shillong1@2x.jpg HTTP/1.1" 404 - "https://www.indiaexclusivetours.com/agar-mathura-tour.html" "Mozilla/5.0 (Linux; Android 6.0.1; Nexus 5X Build/MMB29P) AppleWebKit/537.36 (KHTML, like Gecko) Chrome/91.0.4472.90 Mobile Safari/537.36 (compatible; Googlebot/2.1; +http://www.google.com/bot.html)"
66.249.66.198 - - [02/Aug/2021:04:02:58 +0000] "HEAD /galleryimg/1351064Kedarnathji@2x.jpg HTTP/1.1" 404 - "https://www.indiaexclusivetours.com/agar-mathura-tour.html" "Mozilla/5.0 (Linux; Android 6.0.1; Nexus 5X Build/MMB29P) AppleWebKit/537.36 (KHTML, like Gecko) Chrome/91.0.4472.90 Mobile Safari/537.36 (compatible; Googlebot/2.1; +http://www.google.com/bot.html)"
66.249.66.198 - - [02/Aug/2021:04:02:58 +0000] "HEAD /galleryimg/6058815redfort@2x.gif HTTP/1.1" 404 - "https://www.indiaexclusivetours.com/agar-mathura-tour.html" "Mozilla/5.0 (Linux; Android 6.0.1; Nexus 5X Build/MMB29P) AppleWebKit/537.36 (KHTML, like Gecko) Chrome/91.0.4472.90 Mobile Safari/537.36 (compatible; Googlebot/2.1; +http://www.google.com/bot.html)"
66.249.66.198 - - [02/Aug/2021:04:02:59 +0000] "HEAD /galleryimg/6056047Indigo@2x.jpg HTTP/1.1" 404 - "https://www.indiaexclusivetours.com/agar-mathura-tour.html" "Mozilla/5.0 (Linux; Android 6.0.1; Nexus 5X Build/MMB29P) AppleWebKit/537.36 (KHTML, like Gecko) Chrome/91.0.4472.90 Mobile Safari/537.36 (compatible; Googlebot/2.1; +http://www.google.com/bot.html)"
66.249.66.198 - - [02/Aug/2021:04:02:59 +0000] "HEAD /galleryimg/9348692mussoorie@2x.jpg HTTP/1.1" 404 - "https://www.indiaexclusivetours.com/agar-mathura-tour.html" "Mozilla/5.0 (Linux; Android 6.0.1; Nexus 5X Build/MMB29P) AppleWebKit/537.36 (KHTML, like Gecko) Chrome/91.0.4472.90 Mobile Safari/537.36 (compatible; Googlebot/2.1; +http://www.google.com/bot.html)"
66.249.66.198 - - [02/Aug/2021:04:03:00 +0000] "HEAD /galleryimg/2842682mathura1@2x.gif?timestamp=1627862400035 HTTP/1.1" 404 - "https://www.indiaexclusivetours.com/agar-mathura-tour.html" "Mozilla/5.0 (Linux; Android 6.0.1; Nexus 5X Build/MMB29P) AppleWebKit/537.36 (KHTML, like Gecko) Chrome/91.0.4472.90 Mobile Safari/537.36 (compatible; Googlebot/2.1; +http://www.google.com/bot.html)"
66.249.66.198 - - [02/Aug/2021:04:03:00 +0000] "HEAD /galleryimg/taj@2x.jpg HTTP/1.1" 404 - "https://www.indiaexclusivetours.com/agar-mathura-tour.html" "Mozilla/5.0 (Linux; Android 6.0.1; Nexus 5X Build/MMB29P) AppleWebKit/537.36 (KHTML, like Gecko) Chrome/91.0.4472.90 Mobile Safari/537.36 (compatible; Googlebot/2.1; +http://www.google.com/bot.html)"
66.249.66.198 - - [02/Aug/2021:04:03:01 +0000] "HEAD /galleryimg/288688b87578d78e43a6726f26726e43@2x.jpg HTTP/1.1" 404 - "https://www.indiaexclusivetours.com/agar-mathura-tour.html" "Mozilla/5.0 (Linux; Android 6.0.1; Nexus 5X Build/MMB29P) AppleWebKit/537.36 (KHTML, like Gecko) Chrome/91.0.4472.90 Mobile Safari/537.36 (compatible; Googlebot/2.1; +http://www.google.com/bot.html)"
66.249.66.198 - - [02/Aug/2021:04:03:01 +0000] "HEAD /galleryimg/3220849pushkar1@2x.jpg HTTP/1.1" 404 - "https://www.indiaexclusivetours.com/agar-mathura-tour.html" "Mozilla/5.0 (Linux; Android 6.0.1; Nexus 5X Build/MMB29P) AppleWebKit/537.36 (KHTML, like Gecko) Chrome/91.0.4472.90 Mobile Safari/537.36 (compatible; Googlebot/2.1; +http://www.google.com/bot.html)"
66.249.66.198 - - [02/Aug/2021:04:03:02 +0000] "HEAD /galleryimg/9348692mussoorie@2x.jpg HTTP/1.1" 404 - "https://www.indiaexclusivetours.com/agar-mathura-tour.html" "Mozilla/5.0 (Linux; Android 6.0.1; Nexus 5X Build/MMB29P) AppleWebKit/537.36 (KHTML, like Gecko) Chrome/91.0.4472.90 Mobile Safari/537.36 (compatible; Googlebot/2.1; +http://www.google.com/bot.html)"
66.249.66.198 - - [02/Aug/2021:04:03:02 +0000] "HEAD /galleryimg/6058815redfort@2x.gif HTTP/1.1" 404 - "https://www.indiaexclusivetours.com/agar-mathura-tour.html" "Mozilla/5.0 (Linux; Android 6.0.1; Nexus 5X Build/MMB29P) AppleWebKit/537.36 (KHTML, like Gecko) Chrome/91.0.4472.90 Mobile Safari/537.36 (compatible; Googlebot/2.1; +http://www.google.com/bot.html)"
66.249.66.198 - - [02/Aug/2021:04:03:03 +0000] "HEAD /galleryimg/agrafort1@2x.jpg HTTP/1.1" 404 - "https://www.indiaexclusivetours.com/agar-mathura-tour.html" "Mozilla/5.0 (Linux; Android 6.0.1; Nexus 5X Build/MMB29P) AppleWebKit/537.36 (KHTML, like Gecko) Chrome/91.0.4472.90 Mobile Safari/537.36 (compatible; Googlebot/2.1; +http://www.google.com/bot.html)"
66.249.66.198 - - [02/Aug/2021:04:03:04 +0000] "HEAD /galleryimg/mathura@2x.jpg HTTP/1.1" 404 - "https://www.indiaexclusivetours.com/agar-mathura-tour.html" "Mozilla/5.0 (Linux; Android 6.0.1; Nexus 5X Build/MMB29P) AppleWebKit/537.36 (KHTML, like Gecko) Chrome/91.0.4472.90 Mobile Safari/537.36 (compatible; Googlebot/2.1; +http://www.google.com/bot.html)"
128.90.172.207 - - [02/Aug/2021:04:05:53 +0000] "GET /thank-you.php HTTP/1.0" 301 256 "http://indiaexclusivetours.com/thank-you.php" "Mozilla/5.0 (Windows NT 10.0; WOW64) AppleWebKit/537.36 (KHTML, like Gecko) Chrome/90.0.4430.85 Safari/537.36"
128.90.172.207 - - [02/Aug/2021:04:05:54 +0000] "GET /thank-you.php HTTP/1.0" 200 70006 "http://www.indiaexclusivetours.com/thank-you.php" "Mozilla/5.0 (Windows NT 10.0; WOW64) AppleWebKit/537.36 (KHTML, like Gecko) Chrome/90.0.4430.85 Safari/537.36"
128.90.172.207 - - [02/Aug/2021:04:05:55 +0000] "GET /index.php HTTP/1.0" 301 243 "http://www.indiaexclusivetours.com/index.php" "Mozilla/5.0 (Windows NT 10.0; WOW64) AppleWebKit/537.36 (KHTML, like Gecko) Chrome/90.0.4430.85 Safari/537.36"
128.90.172.207 - - [02/Aug/2021:04:05:56 +0000] "GET /contact-us.php HTTP/1.0" 200 73766 "https://www.indiaexclusivetours.com/contact-us.php" "Mozilla/5.0 (Windows NT 10.0; WOW64) AppleWebKit/537.36 (KHTML, like Gecko) Chrome/90.0.4430.85 Safari/537.36"
128.90.172.207 - - [02/Aug/2021:04:05:58 +0000] "POST /submit-enquiry.php HTTP/1.0" 200 151 "https://www.indiaexclusivetours.com/contact-us.php" "Mozilla/5.0 (Windows NT 10.0; WOW64) AppleWebKit/537.36 (KHTML, like Gecko) Chrome/90.0.4430.85 Safari/537.36"
128.90.172.207 - - [02/Aug/2021:04:06:01 +0000] "GET /thank-you.php HTTP/1.0" 200 70006 "http://www.indiaexclusivetours.com/thank-you.php" "Mozilla/5.0 (Windows NT 10.0; WOW64) AppleWebKit/537.36 (KHTML, like Gecko) Chrome/90.0.4430.85 Safari/537.36"
77.75.78.168 - - [02/Aug/2021:04:12:52 +0000] "GET /robots.txt HTTP/1.1" 404 121584 "-" "Mozilla/5.0 (compatible; SeznamBot/3.2; +http://napoveda.seznam.cz/en/seznambot-intro/)"
77.75.78.168 - - [02/Aug/2021:04:12:55 +0000] "GET /galleryimg/Thee-plukken-assam.jpg HTTP/1.1" 200 1043969 "-" "Mozilla/5.0 (compatible; SeznamBot/3.2; +http://napoveda.seznam.cz/en/seznambot-intro/)"
77.75.78.168 - - [02/Aug/2021:04:12:59 +0000] "GET /destination/palampur.html HTTP/1.1" 200 129251 "-" "Mozilla/5.0 (compatible; SeznamBot/3.2; +http://napoveda.seznam.cz/en/seznambot-intro/)"
77.75.78.168 - - [02/Aug/2021:04:13:01 +0000] "GET /shimla-manali-tour.html HTTP/1.1" 200 100494 "-" "Mozilla/5.0 (compatible; SeznamBot/3.2; +http://napoveda.seznam.cz/en/seznambot-intro/)"
103.82.14.94 - - [02/Aug/2021:04:16:21 +0000] "GET /?utm=semalt.com HTTP/1.1" 301 258 "https://semalt.com-----google.com/?q=semalt" "Mozilla/5.0 (Windows NT 10.0; Win64; x64) AppleWebKit/537.36 (KHTML, like Gecko) Chrome/74.0.3729.169 Safari/537.36"
103.82.14.94 - - [02/Aug/2021:04:16:21 +0000] "GET /?utm=semalt.com HTTP/1.1" 200 121584 "-" "Mozilla/5.0 (Windows NT 10.0; Win64; x64) AppleWebKit/537.36 (KHTML, like Gecko) Chrome/74.0.3729.169 Safari/537.36"
