17.121.115.196 - - [03/Aug/2021:19:28:09 +0000] "GET /tirupati-darshan-tour.html HTTP/1.1" 200 97393 "-" "Mozilla/5.0 (Macintosh; Intel Mac OS X 10_15_5) AppleWebKit/605.1.15 (KHTML, like Gecko) Version/13.1.1 Safari/605.1.15 (Applebot/0.1; +http://www.apple.com/go/applebot)"
185.191.34.215 - - [03/Aug/2021:19:35:42 +0000] "GET /blackhat.php HTTP/1.1" 404 110133 "-" "Mozilla/5.0 (Windows NT 10.0; Win64; x64) AppleWebKit/537.36 (KHTML, like Gecko) Chrome/74.0.3729.157 Safari/537.36"
17.121.114.202 - - [03/Aug/2021:19:41:22 +0000] "GET /manali-parwanoo-honeymoon-tour.html HTTP/1.1" 200 101087 "-" "Mozilla/5.0 (Macintosh; Intel Mac OS X 10_15_5) AppleWebKit/605.1.15 (KHTML, like Gecko) Version/13.1.1 Safari/605.1.15 (Applebot/0.1; +http://www.apple.com/go/applebot)"
40.77.167.19 - - [03/Aug/2021:19:46:40 +0000] "GET /destination/jaipur.html HTTP/1.1" 200 129804 "-" "Mozilla/5.0 (compatible; bingbot/2.0; +http://www.bing.com/bingbot.htm)"
157.55.39.188 - - [03/Aug/2021:19:47:04 +0000] "GET /wp-content/cache/wpfc-minified/9dd0a73761aa004f3343723cb/1473342613index.4f.js HTTP/1.1" 200 9426 "-" "Mozilla/5.0 (compatible; bingbot/2.0; +http://www.bing.com/bingbot.htm)"
157.55.39.188 - - [03/Aug/2021:19:47:04 +0000] "GET /wp-content/cache/wpfc-minified/b9a5034352d282ec5edebb7c8/1473342613index.51.js HTTP/1.1" 200 1539 "-" "Mozilla/5.0 (compatible; bingbot/2.0; +http://www.bing.com/bingbot.htm)"
157.55.39.188 - - [03/Aug/2021:19:47:04 +0000] "GET /wp-content/plugins/LayerSlider/static/skins/noskin/skin.css HTTP/1.1" 200 1153 "-" "Mozilla/5.0 (compatible; bingbot/2.0; +http://www.bing.com/bingbot.htm)"
40.77.167.33 - - [03/Aug/2021:19:47:07 +0000] "GET /wp-content/cache/wpfc-minified/7dbf03409e247f2cfae187525/1473342613index.52.js HTTP/1.1" 200 40057 "-" "Mozilla/5.0 (compatible; bingbot/2.0; +http://www.bing.com/bingbot.htm)"
157.55.39.11 - - [03/Aug/2021:19:47:07 +0000] "GET /wp-content/cache/wpfc-minified/4/1473342607index.js HTTP/1.1" 200 4917 "-" "Mozilla/5.0 (compatible; bingbot/2.0; +http://www.bing.com/bingbot.htm)"
207.46.13.106 - - [03/Aug/2021:19:47:07 +0000] "GET /scripts/gen_validatorv4.js HTTP/1.1" 200 32085 "-" "Mozilla/5.0 (compatible; bingbot/2.0; +http://www.bing.com/bingbot.htm)"
207.46.13.173 - - [03/Aug/2021:19:47:08 +0000] "GET /galleryimg/ HTTP/1.1" 200 69988 "-" "Mozilla/5.0 (compatible; bingbot/2.0; +http://www.bing.com/bingbot.htm)"
207.46.13.173 - - [03/Aug/2021:19:47:09 +0000] "GET /wp-content/cache/wpfc-minified/10/1473342606index.css HTTP/1.1" 200 58094 "-" "Mozilla/5.0 (compatible; bingbot/2.0; +http://www.bing.com/bingbot.htm)"
207.46.13.173 - - [03/Aug/2021:19:47:09 +0000] "GET /wp-content/cache/wpfc-minified/556e6a1283242d4671558ca97/1473342613index.53.js HTTP/1.1" 200 63537 "-" "Mozilla/5.0 (compatible; bingbot/2.0; +http://www.bing.com/bingbot.htm)"
207.46.13.183 - - [03/Aug/2021:19:47:10 +0000] "GET /wp-content/cache/wpfc-minified/1/1473342607index.js HTTP/1.1" 200 998 "-" "Mozilla/5.0 (compatible; bingbot/2.0; +http://www.bing.com/bingbot.htm)"
40.77.167.33 - - [03/Aug/2021:19:47:12 +0000] "GET /wp-content/cache/wpfc-minified/6/1473342606index.css HTTP/1.1" 200 211100 "-" "Mozilla/5.0 (compatible; bingbot/2.0; +http://www.bing.com/bingbot.htm)"
157.55.39.152 - - [03/Aug/2021:19:47:13 +0000] "GET /wp-content/cache/wpfc-minified/11/1473342607index.css HTTP/1.1" 200 230397 "-" "Mozilla/5.0 (compatible; bingbot/2.0; +http://www.bing.com/bingbot.htm)"
157.55.39.152 - - [03/Aug/2021:19:47:14 +0000] "GET /wp-content/cache/wpfc-minified/2/1473342607index.js HTTP/1.1" 200 66674 "-" "Mozilla/5.0 (compatible; bingbot/2.0; +http://www.bing.com/bingbot.htm)"
157.55.39.11 - - [03/Aug/2021:19:47:19 +0000] "GET /wp-content/cache/wpfc-minified/5/1473342609index.js HTTP/1.1" 200 349207 "-" "Mozilla/5.0 (compatible; bingbot/2.0; +http://www.bing.com/bingbot.htm)"
157.55.39.11 - - [03/Aug/2021:19:47:20 +0000] "GET /wp-content/cache/wpfc-minified/7/1473342606index.css HTTP/1.1" 200 261020 "-" "Mozilla/5.0 (compatible; bingbot/2.0; +http://www.bing.com/bingbot.htm)"
157.55.39.11 - - [03/Aug/2021:19:47:21 +0000] "GET /wp-content/cache/wpfc-minified/b4a49b3b61e2a32915b81fd60/1473342610index.55.js HTTP/1.1" 200 187580 "-" "Mozilla/5.0 (compatible; bingbot/2.0; +http://www.bing.com/bingbot.htm)"
157.55.39.11 - - [03/Aug/2021:19:47:22 +0000] "GET /wp-content/font-awesome/4.5.0/css/font-awesome.min1c9b.css?ver=4.6.1 HTTP/1.1" 200 27748 "-" "Mozilla/5.0 (compatible; bingbot/2.0; +http://www.bing.com/bingbot.htm)"
207.46.13.183 - - [03/Aug/2021:19:47:23 +0000] "GET /wp-content/cache/wpfc-minified/3/1473342607index.js HTTP/1.1" 200 35340 "-" "Mozilla/5.0 (compatible; bingbot/2.0; +http://www.bing.com/bingbot.htm)"
207.46.13.183 - - [03/Aug/2021:19:47:23 +0000] "GET /wp-content/themes/trendytravel/css/responsive1c9b.css HTTP/1.1" 200 88478 "-" "Mozilla/5.0 (compatible; bingbot/2.0; +http://www.bing.com/bingbot.htm)"
207.46.13.106 - - [03/Aug/2021:19:47:28 +0000] "GET /wp-content/cache/wpfc-minified/9/1473342606index.css HTTP/1.1" 200 20716 "-" "Mozilla/5.0 (compatible; bingbot/2.0; +http://www.bing.com/bingbot.htm)"
40.77.167.33 - - [03/Aug/2021:19:47:34 +0000] "GET /wp-content/cache/wpfc-minified/7e4d18a2c92c5f0a6e24feb1b/1473342613index.4e.js HTTP/1.1" 200 68267 "-" "Mozilla/5.0 (compatible; bingbot/2.0; +http://www.bing.com/bingbot.htm)"
47.103.77.10 - - [03/Aug/2021:19:53:32 +0000] "GET /wp-content/themes/distance-lite/languages/namespaces.php HTTP/1.1" 301 299 "http://simplesite.com" "Mozilla/5.0 (Windows; U; Windows NT 5.1; en-US) AppleWebKit/533.4 (KHTML, like Gecko) Chrome/5.0.375.99 Safari/533.4"
47.103.77.10 - - [03/Aug/2021:19:53:33 +0000] "GET /wp-content/themes/distance-lite/languages/namespaces.php HTTP/1.1" 404 121584 "http://indiaexclusivetours.com/wp-content/themes/distance-lite/languages/namespaces.php" "Mozilla/5.0 (Windows; U; Windows NT 5.1; en-US) AppleWebKit/533.4 (KHTML, like Gecko) Chrome/5.0.375.99 Safari/533.4"
47.103.77.10 - - [03/Aug/2021:19:53:35 +0000] "GET /wp-content/themes/distance-lite/languages/namespaces.php HTTP/1.1" 301 299 "http://simplesite.com" "Mozilla/5.0 (Windows; U; Windows NT 5.1; en-US) AppleWebKit/533.4 (KHTML, like Gecko) Chrome/5.0.375.99 Safari/533.4"
47.103.77.10 - - [03/Aug/2021:19:53:36 +0000] "GET /wp-content/themes/distance-lite/languages/namespaces.php HTTP/1.1" 404 121584 "http://indiaexclusivetours.com/wp-content/themes/distance-lite/languages/namespaces.php" "Mozilla/5.0 (Windows; U; Windows NT 5.1; en-US) AppleWebKit/533.4 (KHTML, like Gecko) Chrome/5.0.375.99 Safari/533.4"
17.121.115.65 - - [03/Aug/2021:19:59:28 +0000] "GET /udaipur-mount-abu-honeymoon-tour-package.html HTTP/1.1" 200 99799 "-" "Mozilla/5.0 (Macintosh; Intel Mac OS X 10_15_5) AppleWebKit/605.1.15 (KHTML, like Gecko) Version/13.1.1 Safari/605.1.15 (Applebot/0.1; +http://www.apple.com/go/applebot)"
216.244.66.234 - - [03/Aug/2021:20:04:46 +0000] "GET /robots.txt HTTP/1.1" 301 253 "-" "Mozilla/5.0 (compatible; DotBot/1.2; +https://opensiteexplorer.org/dotbot; help@moz.com)"
216.244.66.234 - - [03/Aug/2021:20:04:47 +0000] "GET /robots.txt HTTP/1.1" 404 121584 "-" "Mozilla/5.0 (compatible; DotBot/1.2; +https://opensiteexplorer.org/dotbot; help@moz.com)"
216.244.66.234 - - [03/Aug/2021:20:14:40 +0000] "GET /package-details.php?id=64 HTTP/1.1" 301 268 "-" "Mozilla/5.0 (compatible; DotBot/1.2; +https://opensiteexplorer.org/dotbot; help@moz.com)"
216.244.66.234 - - [03/Aug/2021:20:14:45 +0000] "GET /packages.php?id=21 HTTP/1.1" 301 261 "-" "Mozilla/5.0 (compatible; DotBot/1.2; +https://opensiteexplorer.org/dotbot; help@moz.com)"
66.249.66.209 - - [03/Aug/2021:20:20:29 +0000] "GET /robots.txt HTTP/1.1" 404 121584 "-" "Mozilla/5.0 (compatible; Googlebot/2.1; +http://www.google.com/bot.html)"
66.249.66.211 - - [03/Aug/2021:20:20:30 +0000] "GET /hotels-in-india/manali.html HTTP/1.1" 500 - "-" "Mozilla/5.0 (Linux; Android 6.0.1; Nexus 5X Build/MMB29P) AppleWebKit/537.36 (KHTML, like Gecko) Chrome/92.0.4515.119 Mobile Safari/537.36 (compatible; Googlebot/2.1; +http://www.google.com/bot.html)"
17.121.112.90 - - [03/Aug/2021:20:26:07 +0000] "GET /pagecontents.php?url=Weekend-Gateway HTTP/1.1" 200 70286 "-" "Mozilla/5.0 (Macintosh; Intel Mac OS X 10_15_5) AppleWebKit/605.1.15 (KHTML, like Gecko) Version/13.1.1 Safari/605.1.15 (Applebot/0.1; +http://www.apple.com/go/applebot)"
66.249.66.198 - - [03/Aug/2021:20:35:17 +0000] "GET /golden-triangle-india-tour.html HTTP/1.1" 200 100205 "-" "Mozilla/5.0 (compatible; Googlebot/2.1; +http://www.google.com/bot.html)"
185.191.171.8 - - [03/Aug/2021:20:42:24 +0000] "GET /robots.txt HTTP/1.1" 404 121584 "-" "Mozilla/5.0 (compatible; SemrushBot/7~bl; +http://www.semrush.com/bot.html)"
185.191.171.16 - - [03/Aug/2021:20:42:26 +0000] "GET /destinations-in-india/wildlife-tour-package.html HTTP/1.1" 200 84700 "-" "Mozilla/5.0 (compatible; SemrushBot/7~bl; +http://www.semrush.com/bot.html)"
66.249.66.198 - - [03/Aug/2021:20:44:39 +0000] "GET /galleryimg/chopta1.jpg HTTP/1.1" 200 68886 "-" "Googlebot-Image/1.0"
216.244.66.234 - - [03/Aug/2021:20:56:29 +0000] "GET /robots.txt HTTP/1.1" 404 121584 "-" "Mozilla/5.0 (compatible; DotBot/1.2; +https://opensiteexplorer.org/dotbot; help@moz.com)"
185.191.171.3 - - [03/Aug/2021:21:00:53 +0000] "GET /destination/ HTTP/1.1" 200 69988 "-" "Mozilla/5.0 (compatible; SemrushBot/7~bl; +http://www.semrush.com/bot.html)"
185.191.34.215 - - [03/Aug/2021:21:04:52 +0000] "POST /index.php HTTP/1.1" 200 110133 "-" "Mozilla/5.0 (Windows NT 10.0; Win64; x64; rv:67.0) Gecko/20100101 Firefox/67.0"
185.191.171.22 - - [03/Aug/2021:21:10:57 +0000] "GET /destination/candolim-beach.html HTTP/1.1" 200 126201 "-" "Mozilla/5.0 (compatible; SemrushBot/7~bl; +http://www.semrush.com/bot.html)"
17.121.112.74 - - [03/Aug/2021:21:14:25 +0000] "GET /india-tour-packages/singapore.html HTTP/1.1" 200 85794 "-" "Mozilla/5.0 (Macintosh; Intel Mac OS X 10_15_5) AppleWebKit/605.1.15 (KHTML, like Gecko) Version/13.1.1 Safari/605.1.15 (Applebot/0.1; +http://www.apple.com/go/applebot)"
17.121.114.219 - - [03/Aug/2021:21:18:33 +0000] "GET /nainital-kausani-ranikhet-tour.html HTTP/1.1" 200 98844 "-" "Mozilla/5.0 (Macintosh; Intel Mac OS X 10_15_5) AppleWebKit/605.1.15 (KHTML, like Gecko) Version/13.1.1 Safari/605.1.15 (Applebot/0.1; +http://www.apple.com/go/applebot)"
17.121.115.107 - - [03/Aug/2021:21:20:44 +0000] "GET /south-india-pilgrimage-tour.html HTTP/1.1" 200 105786 "-" "Mozilla/5.0 (Macintosh; Intel Mac OS X 10_15_5) AppleWebKit/605.1.15 (KHTML, like Gecko) Version/13.1.1 Safari/605.1.15 (Applebot/0.1; +http://www.apple.com/go/applebot)"
79.125.14.224 - - [03/Aug/2021:21:21:46 +0000] "GET /.env HTTP/1.1" 301 247 "-" "Mozilla/5.0 (X11; Linux x86_64) AppleWebKit/537.36 (KHTML, like Gecko) Chrome/81.0.4044.129 Safari/537.36"
79.125.14.224 - - [03/Aug/2021:21:21:46 +0000] "POST / HTTP/1.1" 301 243 "-" "Mozilla/5.0 (X11; Linux x86_64) AppleWebKit/537.36 (KHTML, like Gecko) Chrome/81.0.4044.129 Safari/537.36"
37.113.244.244 - - [03/Aug/2021:21:26:41 +0000] "GET /thank-you.php HTTP/1.0" 301 256 "http://indiaexclusivetours.com/thank-you.php" "Mozilla/5.0 (Windows NT 6.3; Win64; x64) AppleWebKit/537.36 (KHTML, like Gecko) Chrome/90.0.4430.72 Safari/537.36 Edg/90.0.818.42"
37.113.244.244 - - [03/Aug/2021:21:26:42 +0000] "GET /thank-you.php HTTP/1.0" 200 70006 "http://www.indiaexclusivetours.com/thank-you.php" "Mozilla/5.0 (Windows NT 6.3; Win64; x64) AppleWebKit/537.36 (KHTML, like Gecko) Chrome/90.0.4430.72 Safari/537.36 Edg/90.0.818.42"
37.113.244.244 - - [03/Aug/2021:21:26:43 +0000] "GET /index.php HTTP/1.0" 301 243 "http://www.indiaexclusivetours.com/index.php" "Mozilla/5.0 (Windows NT 6.3; Win64; x64) AppleWebKit/537.36 (KHTML, like Gecko) Chrome/90.0.4430.72 Safari/537.36 Edg/90.0.818.42"
37.113.244.244 - - [03/Aug/2021:21:26:44 +0000] "GET /contact-us.php HTTP/1.0" 200 73766 "https://www.indiaexclusivetours.com/contact-us.php" "Mozilla/5.0 (Windows NT 6.3; Win64; x64) AppleWebKit/537.36 (KHTML, like Gecko) Chrome/90.0.4430.72 Safari/537.36 Edg/90.0.818.42"
37.113.244.244 - - [03/Aug/2021:21:26:45 +0000] "POST /submit-enquiry.php HTTP/1.0" 200 151 "https://www.indiaexclusivetours.com/contact-us.php" "Mozilla/5.0 (Windows NT 6.3; Win64; x64) AppleWebKit/537.36 (KHTML, like Gecko) Chrome/90.0.4430.72 Safari/537.36 Edg/90.0.818.42"
37.113.244.244 - - [03/Aug/2021:21:26:48 +0000] "GET /thank-you.php HTTP/1.0" 200 70006 "http://www.indiaexclusivetours.com/thank-you.php" "Mozilla/5.0 (Windows NT 6.3; Win64; x64) AppleWebKit/537.36 (KHTML, like Gecko) Chrome/90.0.4430.72 Safari/537.36 Edg/90.0.818.42"
37.113.244.244 - - [03/Aug/2021:21:26:50 +0000] "GET /contact-us.php HTTP/1.0" 200 73766 "https://www.indiaexclusivetours.com/contact-us.php" "Mozilla/5.0 (Windows NT 6.3; Win64; x64) AppleWebKit/537.36 (KHTML, like Gecko) Chrome/90.0.4430.72 Safari/537.36 Edg/90.0.818.42"
37.113.244.244 - - [03/Aug/2021:21:26:51 +0000] "GET /contact-us.php HTTP/1.0" 200 73766 "https://www.indiaexclusivetours.com/contact-us.php" "Mozilla/5.0 (Windows NT 6.3; Win64; x64) AppleWebKit/537.36 (KHTML, like Gecko) Chrome/90.0.4430.72 Safari/537.36 Edg/90.0.818.42"
216.244.66.234 - - [03/Aug/2021:21:27:17 +0000] "GET /destination/anjuna-beach.html HTTP/1.1" 200 125732 "-" "Mozilla/5.0 (compatible; DotBot/1.2; +https://opensiteexplorer.org/dotbot; help@moz.com)"
216.244.66.234 - - [03/Aug/2021:21:27:22 +0000] "GET /destination/bharatpur.html HTTP/1.1" 200 129010 "-" "Mozilla/5.0 (compatible; DotBot/1.2; +https://opensiteexplorer.org/dotbot; help@moz.com)"
66.249.66.198 - - [03/Aug/2021:21:28:01 +0000] "GET /manali-volvo-bus-tour-package.html HTTP/1.1" 200 98228 "-" "Mozilla/5.0 (Linux; Android 6.0.1; Nexus 5X Build/MMB29P) AppleWebKit/537.36 (KHTML, like Gecko) Chrome/92.0.4515.119 Mobile Safari/537.36 (compatible; Googlebot/2.1; +http://www.google.com/bot.html)"
66.249.66.201 - - [03/Aug/2021:21:28:08 +0000] "HEAD /galleryimg/4421836manali-volvo@2x.jpg?timestamp=1627948800035 HTTP/1.1" 404 - "https://www.indiaexclusivetours.com/manali-volvo-bus-tour-package.html" "Mozilla/5.0 (Linux; Android 6.0.1; Nexus 5X Build/MMB29P) AppleWebKit/537.36 (KHTML, like Gecko) Chrome/91.0.4472.90 Mobile Safari/537.36 (compatible; Googlebot/2.1; +http://www.google.com/bot.html)"
66.249.66.198 - - [03/Aug/2021:21:28:10 +0000] "HEAD /galleryimg/9719884shimla1@2x.jpg HTTP/1.1" 404 - "https://www.indiaexclusivetours.com/manali-volvo-bus-tour-package.html" "Mozilla/5.0 (Linux; Android 6.0.1; Nexus 5X Build/MMB29P) AppleWebKit/537.36 (KHTML, like Gecko) Chrome/91.0.4472.90 Mobile Safari/537.36 (compatible; Googlebot/2.1; +http://www.google.com/bot.html)"
66.249.66.198 - - [03/Aug/2021:21:28:12 +0000] "HEAD /galleryimg/362903479846552ca33c822f20cee798@2x.jpg HTTP/1.1" 404 - "https://www.indiaexclusivetours.com/manali-volvo-bus-tour-package.html" "Mozilla/5.0 (Linux; Android 6.0.1; Nexus 5X Build/MMB29P) AppleWebKit/537.36 (KHTML, like Gecko) Chrome/91.0.4472.90 Mobile Safari/537.36 (compatible; Googlebot/2.1; +http://www.google.com/bot.html)"
66.249.66.198 - - [03/Aug/2021:21:28:16 +0000] "HEAD /galleryimg/volvo-in-side@2x.jpg HTTP/1.1" 404 - "https://www.indiaexclusivetours.com/manali-volvo-bus-tour-package.html" "Mozilla/5.0 (Linux; Android 6.0.1; Nexus 5X Build/MMB29P) AppleWebKit/537.36 (KHTML, like Gecko) Chrome/91.0.4472.90 Mobile Safari/537.36 (compatible; Googlebot/2.1; +http://www.google.com/bot.html)"
66.249.66.204 - - [03/Aug/2021:21:37:20 +0000] "GET /dwarka-somnath-temple-tour.html HTTP/1.1" 200 92412 "-" "Mozilla/5.0 (compatible; Googlebot/2.1; +http://www.google.com/bot.html)"
17.121.115.70 - - [03/Aug/2021:21:37:33 +0000] "GET /pagecontents.php?url=Mode-of-Payment HTTP/1.1" 200 73888 "-" "Mozilla/5.0 (Macintosh; Intel Mac OS X 10_15_5) AppleWebKit/605.1.15 (KHTML, like Gecko) Version/13.1.1 Safari/605.1.15 (Applebot/0.1; +http://www.apple.com/go/applebot)"
66.249.66.207 - - [03/Aug/2021:21:39:45 +0000] "GET /hotels-in-india/shimla.html HTTP/1.1" 500 - "-" "Mozilla/5.0 (Linux; Android 6.0.1; Nexus 5X Build/MMB29P) AppleWebKit/537.36 (KHTML, like Gecko) Chrome/92.0.4515.119 Mobile Safari/537.36 (compatible; Googlebot/2.1; +http://www.google.com/bot.html)"
5.45.207.143 - - [03/Aug/2021:21:41:30 +0000] "GET /robots.txt HTTP/1.1" 404 121584 "-" "Mozilla/5.0 (compatible; YandexBot/3.0; +http://yandex.com/bots)"
5.45.207.143 - - [03/Aug/2021:21:41:33 +0000] "GET / HTTP/1.1" 200 121584 "-" "Mozilla/5.0 (compatible; YandexBot/3.0; +http://yandex.com/bots)"
66.249.66.201 - - [03/Aug/2021:21:44:54 +0000] "GET /destinations-in-india/india-beaches-tour.html HTTP/1.1" 200 86082 "-" "Mozilla/5.0 (Linux; Android 6.0.1; Nexus 5X Build/MMB29P) AppleWebKit/537.36 (KHTML, like Gecko) Chrome/92.0.4515.119 Mobile Safari/537.36 (compatible; Googlebot/2.1; +http://www.google.com/bot.html)"
66.249.66.201 - - [03/Aug/2021:21:44:58 +0000] "HEAD /destinations-in-india/undefinedimages/style-picker/pattern10@2x.jpg HTTP/1.1" 404 - "https://www.indiaexclusivetours.com/destinations-in-india/india-beaches-tour.html" "Mozilla/5.0 (Linux; Android 6.0.1; Nexus 5X Build/MMB29P) AppleWebKit/537.36 (KHTML, like Gecko) Chrome/91.0.4472.90 Mobile Safari/537.36 (compatible; Googlebot/2.1; +http://www.google.com/bot.html)"
66.249.66.198 - - [03/Aug/2021:21:44:59 +0000] "HEAD /destinations-in-india/undefinedimages/style-picker/pattern12@2x.jpg HTTP/1.1" 404 - "https://www.indiaexclusivetours.com/destinations-in-india/india-beaches-tour.html" "Mozilla/5.0 (Linux; Android 6.0.1; Nexus 5X Build/MMB29P) AppleWebKit/537.36 (KHTML, like Gecko) Chrome/91.0.4472.90 Mobile Safari/537.36 (compatible; Googlebot/2.1; +http://www.google.com/bot.html)"
66.249.66.198 - - [03/Aug/2021:21:45:00 +0000] "HEAD /destinations-in-india/undefinedimages/style-picker/pattern11@2x.jpg HTTP/1.1" 404 - "https://www.indiaexclusivetours.com/destinations-in-india/india-beaches-tour.html" "Mozilla/5.0 (Linux; Android 6.0.1; Nexus 5X Build/MMB29P) AppleWebKit/537.36 (KHTML, like Gecko) Chrome/91.0.4472.90 Mobile Safari/537.36 (compatible; Googlebot/2.1; +http://www.google.com/bot.html)"
66.249.66.198 - - [03/Aug/2021:21:45:01 +0000] "HEAD /galleryimg/4355678shillong1@2x.jpg HTTP/1.1" 404 - "https://www.indiaexclusivetours.com/destinations-in-india/india-beaches-tour.html" "Mozilla/5.0 (Linux; Android 6.0.1; Nexus 5X Build/MMB29P) AppleWebKit/537.36 (KHTML, like Gecko) Chrome/91.0.4472.90 Mobile Safari/537.36 (compatible; Googlebot/2.1; +http://www.google.com/bot.html)"
66.249.66.198 - - [03/Aug/2021:21:45:03 +0000] "HEAD /galleryimg/045cedf653db08371d0b55240d921a73@2x.jpg HTTP/1.1" 404 - "https://www.indiaexclusivetours.com/destinations-in-india/india-beaches-tour.html" "Mozilla/5.0 (Linux; Android 6.0.1; Nexus 5X Build/MMB29P) AppleWebKit/537.36 (KHTML, like Gecko) Chrome/91.0.4472.90 Mobile Safari/537.36 (compatible; Googlebot/2.1; +http://www.google.com/bot.html)"
66.249.66.198 - - [03/Aug/2021:21:45:05 +0000] "HEAD /galleryimg/6098146srinagar1@2x.gif HTTP/1.1" 404 - "https://www.indiaexclusivetours.com/destinations-in-india/india-beaches-tour.html" "Mozilla/5.0 (Linux; Android 6.0.1; Nexus 5X Build/MMB29P) AppleWebKit/537.36 (KHTML, like Gecko) Chrome/91.0.4472.90 Mobile Safari/537.36 (compatible; Googlebot/2.1; +http://www.google.com/bot.html)"
66.249.66.198 - - [03/Aug/2021:21:45:06 +0000] "HEAD /galleryimg/1351064Kedarnathji@2x.jpg HTTP/1.1" 404 - "https://www.indiaexclusivetours.com/destinations-in-india/india-beaches-tour.html" "Mozilla/5.0 (Linux; Android 6.0.1; Nexus 5X Build/MMB29P) AppleWebKit/537.36 (KHTML, like Gecko) Chrome/91.0.4472.90 Mobile Safari/537.36 (compatible; Googlebot/2.1; +http://www.google.com/bot.html)"
66.249.66.198 - - [03/Aug/2021:21:45:08 +0000] "HEAD /galleryimg/8775713hotel-marina-shimla@2x.jpg HTTP/1.1" 404 - "https://www.indiaexclusivetours.com/destinations-in-india/india-beaches-tour.html" "Mozilla/5.0 (Linux; Android 6.0.1; Nexus 5X Build/MMB29P) AppleWebKit/537.36 (KHTML, like Gecko) Chrome/91.0.4472.90 Mobile Safari/537.36 (compatible; Googlebot/2.1; +http://www.google.com/bot.html)"
66.249.66.198 - - [03/Aug/2021:21:45:09 +0000] "HEAD /galleryimg/6058815redfort@2x.gif HTTP/1.1" 404 - "https://www.indiaexclusivetours.com/destinations-in-india/india-beaches-tour.html" "Mozilla/5.0 (Linux; Android 6.0.1; Nexus 5X Build/MMB29P) AppleWebKit/537.36 (KHTML, like Gecko) Chrome/91.0.4472.90 Mobile Safari/537.36 (compatible; Googlebot/2.1; +http://www.google.com/bot.html)"
66.249.66.204 - - [03/Aug/2021:21:50:02 +0000] "GET /golden-triangle-tour-with-kashmir-srinagar.html HTTP/1.1" 200 105215 "-" "Mozilla/5.0 (Linux; Android 6.0.1; Nexus 5X Build/MMB29P) AppleWebKit/537.36 (KHTML, like Gecko) Chrome/92.0.4515.119 Mobile Safari/537.36 (compatible; Googlebot/2.1; +http://www.google.com/bot.html)"
66.249.66.201 - - [03/Aug/2021:21:50:09 +0000] "HEAD /galleryimg/sringar@2x.jpg HTTP/1.1" 404 - "https://www.indiaexclusivetours.com/golden-triangle-tour-with-kashmir-srinagar.html" "Mozilla/5.0 (Linux; Android 6.0.1; Nexus 5X Build/MMB29P) AppleWebKit/537.36 (KHTML, like Gecko) Chrome/91.0.4472.90 Mobile Safari/537.36 (compatible; Googlebot/2.1; +http://www.google.com/bot.html)"
66.249.66.198 - - [03/Aug/2021:21:50:10 +0000] "HEAD /galleryimg/7e2e522275c066f18051ae6ce53abd0c@2x.jpg HTTP/1.1" 404 - "https://www.indiaexclusivetours.com/golden-triangle-tour-with-kashmir-srinagar.html" "Mozilla/5.0 (Linux; Android 6.0.1; Nexus 5X Build/MMB29P) AppleWebKit/537.36 (KHTML, like Gecko) Chrome/91.0.4472.90 Mobile Safari/537.36 (compatible; Googlebot/2.1; +http://www.google.com/bot.html)"
66.249.66.198 - - [03/Aug/2021:21:50:10 +0000] "HEAD /galleryimg/43f8339fd6b1d7f3dcb3fec0d6c715ce@2x.jpg HTTP/1.1" 404 - "https://www.indiaexclusivetours.com/golden-triangle-tour-with-kashmir-srinagar.html" "Mozilla/5.0 (Linux; Android 6.0.1; Nexus 5X Build/MMB29P) AppleWebKit/537.36 (KHTML, like Gecko) Chrome/91.0.4472.90 Mobile Safari/537.36 (compatible; Googlebot/2.1; +http://www.google.com/bot.html)"
66.249.66.198 - - [03/Aug/2021:21:50:10 +0000] "HEAD /galleryimg/a144ba2ebd63402b55c972d3fc0aafc0@2x.jpg HTTP/1.1" 404 - "https://www.indiaexclusivetours.com/golden-triangle-tour-with-kashmir-srinagar.html" "Mozilla/5.0 (Linux; Android 6.0.1; Nexus 5X Build/MMB29P) AppleWebKit/537.36 (KHTML, like Gecko) Chrome/91.0.4472.90 Mobile Safari/537.36 (compatible; Googlebot/2.1; +http://www.google.com/bot.html)"
66.249.66.198 - - [03/Aug/2021:21:50:11 +0000] "HEAD /galleryimg/7251614cc59bb8d5c03f99fbb0df0b2f@2x.jpg HTTP/1.1" 404 - "https://www.indiaexclusivetours.com/golden-triangle-tour-with-kashmir-srinagar.html" "Mozilla/5.0 (Linux; Android 6.0.1; Nexus 5X Build/MMB29P) AppleWebKit/537.36 (KHTML, like Gecko) Chrome/91.0.4472.90 Mobile Safari/537.36 (compatible; Googlebot/2.1; +http://www.google.com/bot.html)"
66.249.66.201 - - [03/Aug/2021:21:50:11 +0000] "HEAD /galleryimg/2317961045065bb5d41c937b3cd301ce@2x.jpg HTTP/1.1" 404 - "https://www.indiaexclusivetours.com/golden-triangle-tour-with-kashmir-srinagar.html" "Mozilla/5.0 (Linux; Android 6.0.1; Nexus 5X Build/MMB29P) AppleWebKit/537.36 (KHTML, like Gecko) Chrome/91.0.4472.90 Mobile Safari/537.36 (compatible; Googlebot/2.1; +http://www.google.com/bot.html)"
66.249.66.198 - - [03/Aug/2021:21:50:12 +0000] "HEAD /galleryimg/9711097Agra-Fort@2x.jpg HTTP/1.1" 404 - "https://www.indiaexclusivetours.com/golden-triangle-tour-with-kashmir-srinagar.html" "Mozilla/5.0 (Linux; Android 6.0.1; Nexus 5X Build/MMB29P) AppleWebKit/537.36 (KHTML, like Gecko) Chrome/91.0.4472.90 Mobile Safari/537.36 (compatible; Googlebot/2.1; +http://www.google.com/bot.html)"
66.249.66.198 - - [03/Aug/2021:21:50:12 +0000] "HEAD /galleryimg/952401taj@2x.jpg HTTP/1.1" 404 - "https://www.indiaexclusivetours.com/golden-triangle-tour-with-kashmir-srinagar.html" "Mozilla/5.0 (Linux; Android 6.0.1; Nexus 5X Build/MMB29P) AppleWebKit/537.36 (KHTML, like Gecko) Chrome/91.0.4472.90 Mobile Safari/537.36 (compatible; Googlebot/2.1; +http://www.google.com/bot.html)"
66.249.66.198 - - [03/Aug/2021:21:50:13 +0000] "HEAD /galleryimg/9640489Kirti-Stambh@2x.jpg HTTP/1.1" 404 - "https://www.indiaexclusivetours.com/golden-triangle-tour-with-kashmir-srinagar.html" "Mozilla/5.0 (Linux; Android 6.0.1; Nexus 5X Build/MMB29P) AppleWebKit/537.36 (KHTML, like Gecko) Chrome/91.0.4472.90 Mobile Safari/537.36 (compatible; Googlebot/2.1; +http://www.google.com/bot.html)"
66.249.66.198 - - [03/Aug/2021:21:50:14 +0000] "HEAD /galleryimg/9855291Agra-Fort@2x.jpg HTTP/1.1" 404 - "https://www.indiaexclusivetours.com/golden-triangle-tour-with-kashmir-srinagar.html" "Mozilla/5.0 (Linux; Android 6.0.1; Nexus 5X Build/MMB29P) AppleWebKit/537.36 (KHTML, like Gecko) Chrome/91.0.4472.90 Mobile Safari/537.36 (compatible; Googlebot/2.1; +http://www.google.com/bot.html)"
66.249.66.198 - - [03/Aug/2021:21:50:14 +0000] "HEAD /galleryimg/2072643ajmer1@2x.JPG HTTP/1.1" 404 - "https://www.indiaexclusivetours.com/golden-triangle-tour-with-kashmir-srinagar.html" "Mozilla/5.0 (Linux; Android 6.0.1; Nexus 5X Build/MMB29P) AppleWebKit/537.36 (KHTML, like Gecko) Chrome/91.0.4472.90 Mobile Safari/537.36 (compatible; Googlebot/2.1; +http://www.google.com/bot.html)"
66.249.66.198 - - [03/Aug/2021:21:50:15 +0000] "HEAD /galleryimg/Houseboats-in-Srinagar@2x.jpg HTTP/1.1" 404 - "https://www.indiaexclusivetours.com/golden-triangle-tour-with-kashmir-srinagar.html" "Mozilla/5.0 (Linux; Android 6.0.1; Nexus 5X Build/MMB29P) AppleWebKit/537.36 (KHTML, like Gecko) Chrome/91.0.4472.90 Mobile Safari/537.36 (compatible; Googlebot/2.1; +http://www.google.com/bot.html)"
66.249.66.198 - - [03/Aug/2021:21:50:15 +0000] "HEAD /galleryimg/6302339sringar@2x.jpg?timestamp=1627948800035 HTTP/1.1" 404 - "https://www.indiaexclusivetours.com/golden-triangle-tour-with-kashmir-srinagar.html" "Mozilla/5.0 (Linux; Android 6.0.1; Nexus 5X Build/MMB29P) AppleWebKit/537.36 (KHTML, like Gecko) Chrome/91.0.4472.90 Mobile Safari/537.36 (compatible; Googlebot/2.1; +http://www.google.com/bot.html)"
66.249.66.198 - - [03/Aug/2021:21:50:16 +0000] "HEAD /galleryimg/6894507manali@2x.jpg HTTP/1.1" 404 - "https://www.indiaexclusivetours.com/golden-triangle-tour-with-kashmir-srinagar.html" "Mozilla/5.0 (Linux; Android 6.0.1; Nexus 5X Build/MMB29P) AppleWebKit/537.36 (KHTML, like Gecko) Chrome/91.0.4472.90 Mobile Safari/537.36 (compatible; Googlebot/2.1; +http://www.google.com/bot.html)"
66.249.66.198 - - [03/Aug/2021:21:50:17 +0000] "HEAD /galleryimg/c2f7ea1df7d35c71eb7108367e987feb@2x.jpg HTTP/1.1" 404 - "https://www.indiaexclusivetours.com/golden-triangle-tour-with-kashmir-srinagar.html" "Mozilla/5.0 (Linux; Android 6.0.1; Nexus 5X Build/MMB29P) AppleWebKit/537.36 (KHTML, like Gecko) Chrome/91.0.4472.90 Mobile Safari/537.36 (compatible; Googlebot/2.1; +http://www.google.com/bot.html)"
66.249.66.198 - - [03/Aug/2021:21:50:17 +0000] "HEAD /galleryimg/kashmir@2x.jpg HTTP/1.1" 404 - "https://www.indiaexclusivetours.com/golden-triangle-tour-with-kashmir-srinagar.html" "Mozilla/5.0 (Linux; Android 6.0.1; Nexus 5X Build/MMB29P) AppleWebKit/537.36 (KHTML, like Gecko) Chrome/91.0.4472.90 Mobile Safari/537.36 (compatible; Googlebot/2.1; +http://www.google.com/bot.html)"
17.121.112.15 - - [03/Aug/2021:21:59:37 +0000] "GET /testimonials.php HTTP/1.1" 200 78297 "-" "Mozilla/5.0 (Macintosh; Intel Mac OS X 10_15_5) AppleWebKit/605.1.15 (KHTML, like Gecko) Version/13.1.1 Safari/605.1.15 (Applebot/0.1; +http://www.apple.com/go/applebot)"
17.121.113.216 - - [03/Aug/2021:22:07:21 +0000] "GET /robots.txt HTTP/1.1" 404 121584 "-" "Mozilla/5.0 (Macintosh; Intel Mac OS X 10_15_5) AppleWebKit/605.1.15 (KHTML, like Gecko) Version/13.1.1 Safari/605.1.15 (Applebot/0.1; +http://www.apple.com/go/applebot)"
17.121.113.216 - - [03/Aug/2021:22:07:22 +0000] "GET / HTTP/1.1" 200 121584 "-" "Mozilla/5.0 (Macintosh; Intel Mac OS X 10_15_5) AppleWebKit/605.1.15 (KHTML, like Gecko) Version/13.1.1 Safari/605.1.15 (Applebot/0.1; +http://www.apple.com/go/applebot)"
66.249.66.198 - - [03/Aug/2021:22:10:37 +0000] "GET /port-blair-havelock-elephant-beach-north-island.html HTTP/1.1" 200 110052 "-" "Mozilla/5.0 (Linux; Android 6.0.1; Nexus 5X Build/MMB29P) AppleWebKit/537.36 (KHTML, like Gecko) Chrome/92.0.4515.119 Mobile Safari/537.36 (compatible; Googlebot/2.1; +http://www.google.com/bot.html)"
66.249.66.198 - - [03/Aug/2021:22:10:41 +0000] "HEAD /galleryimg/3906355andman@2x.jpg HTTP/1.1" 404 - "https://www.indiaexclusivetours.com/port-blair-havelock-elephant-beach-north-island.html" "Mozilla/5.0 (Linux; Android 6.0.1; Nexus 5X Build/MMB29P) AppleWebKit/537.36 (KHTML, like Gecko) Chrome/91.0.4472.90 Mobile Safari/537.36 (compatible; Googlebot/2.1; +http://www.google.com/bot.html)"
66.249.66.198 - - [03/Aug/2021:22:10:41 +0000] "HEAD /galleryimg/7425927andman@2x.jpg HTTP/1.1" 404 - "https://www.indiaexclusivetours.com/port-blair-havelock-elephant-beach-north-island.html" "Mozilla/5.0 (Linux; Android 6.0.1; Nexus 5X Build/MMB29P) AppleWebKit/537.36 (KHTML, like Gecko) Chrome/91.0.4472.90 Mobile Safari/537.36 (compatible; Googlebot/2.1; +http://www.google.com/bot.html)"
66.249.66.201 - - [03/Aug/2021:22:10:42 +0000] "HEAD /galleryimg/8832566Bharatpur-beach@2x.jpg HTTP/1.1" 404 - "https://www.indiaexclusivetours.com/port-blair-havelock-elephant-beach-north-island.html" "Mozilla/5.0 (Linux; Android 6.0.1; Nexus 5X Build/MMB29P) AppleWebKit/537.36 (KHTML, like Gecko) Chrome/91.0.4472.90 Mobile Safari/537.36 (compatible; Googlebot/2.1; +http://www.google.com/bot.html)"
66.249.66.198 - - [03/Aug/2021:22:10:43 +0000] "HEAD /galleryimg/7346157Elephant-Beach@2x.jpg HTTP/1.1" 404 - "https://www.indiaexclusivetours.com/port-blair-havelock-elephant-beach-north-island.html" "Mozilla/5.0 (Linux; Android 6.0.1; Nexus 5X Build/MMB29P) AppleWebKit/537.36 (KHTML, like Gecko) Chrome/91.0.4472.90 Mobile Safari/537.36 (compatible; Googlebot/2.1; +http://www.google.com/bot.html)"
17.121.114.82 - - [03/Aug/2021:22:11:11 +0000] "GET /vaishno-devi-tour-package.html HTTP/1.1" 200 104795 "-" "Mozilla/5.0 (Macintosh; Intel Mac OS X 10_15_5) AppleWebKit/605.1.15 (KHTML, like Gecko) Version/13.1.1 Safari/605.1.15 (Applebot/0.1; +http://www.apple.com/go/applebot)"
157.55.39.11 - - [03/Aug/2021:22:17:51 +0000] "GET /galleryimg/ranthambore-rajasthan1.jpg HTTP/1.1" 200 1080766 "-" "Mozilla/5.0 (compatible; bingbot/2.0; +http://www.bing.com/bingbot.htm)"
17.121.114.122 - - [03/Aug/2021:22:26:52 +0000] "GET /jagannath-puri-tour-package.html HTTP/1.1" 200 98818 "-" "Mozilla/5.0 (Macintosh; Intel Mac OS X 10_15_5) AppleWebKit/605.1.15 (KHTML, like Gecko) Version/13.1.1 Safari/605.1.15 (Applebot/0.1; +http://www.apple.com/go/applebot)"
17.121.113.246 - - [03/Aug/2021:22:31:00 +0000] "GET /pagecontents.php?url=Privacy-Policy HTTP/1.1" 200 72603 "-" "Mozilla/5.0 (Macintosh; Intel Mac OS X 10_15_5) AppleWebKit/605.1.15 (KHTML, like Gecko) Version/13.1.1 Safari/605.1.15 (Applebot/0.1; +http://www.apple.com/go/applebot)"
185.191.171.18 - - [03/Aug/2021:22:34:34 +0000] "GET /robots.txt HTTP/1.1" 404 121584 "-" "Mozilla/5.0 (compatible; SemrushBot/7~bl; +http://www.semrush.com/bot.html)"
185.191.171.33 - - [03/Aug/2021:22:34:36 +0000] "GET /complete-nepal-tour-9n-10d.html HTTP/1.1" 200 101340 "-" "Mozilla/5.0 (compatible; SemrushBot/7~bl; +http://www.semrush.com/bot.html)"
66.249.66.204 - - [03/Aug/2021:22:41:28 +0000] "GET /nainital-tour-package.html HTTP/1.1" 200 98462 "-" "Mozilla/5.0 (Linux; Android 6.0.1; Nexus 5X Build/MMB29P) AppleWebKit/537.36 (KHTML, like Gecko) Chrome/92.0.4515.119 Mobile Safari/537.36 (compatible; Googlebot/2.1; +http://www.google.com/bot.html)"
66.249.66.201 - - [03/Aug/2021:22:41:33 +0000] "HEAD /wp-content/themes/trendytravel/images/logo%402x@2x.png HTTP/1.1" 404 - "https://www.indiaexclusivetours.com/nainital-tour-package.html" "Mozilla/5.0 (Linux; Android 6.0.1; Nexus 5X Build/MMB29P) AppleWebKit/537.36 (KHTML, like Gecko) Chrome/91.0.4472.90 Mobile Safari/537.36 (compatible; Googlebot/2.1; +http://www.google.com/bot.html)"
66.249.66.198 - - [03/Aug/2021:22:41:34 +0000] "HEAD /galleryimg/3220849pushkar1@2x.jpg HTTP/1.1" 404 - "https://www.indiaexclusivetours.com/nainital-tour-package.html" "Mozilla/5.0 (Linux; Android 6.0.1; Nexus 5X Build/MMB29P) AppleWebKit/537.36 (KHTML, like Gecko) Chrome/91.0.4472.90 Mobile Safari/537.36 (compatible; Googlebot/2.1; +http://www.google.com/bot.html)"
66.249.66.201 - - [03/Aug/2021:22:41:34 +0000] "HEAD /undefinedimages/style-picker/pattern1@2x.jpg HTTP/1.1" 404 - "https://www.indiaexclusivetours.com/nainital-tour-package.html" "Mozilla/5.0 (Linux; Android 6.0.1; Nexus 5X Build/MMB29P) AppleWebKit/537.36 (KHTML, like Gecko) Chrome/91.0.4472.90 Mobile Safari/537.36 (compatible; Googlebot/2.1; +http://www.google.com/bot.html)"
66.249.66.198 - - [03/Aug/2021:22:41:36 +0000] "HEAD /galleryimg/2317961045065bb5d41c937b3cd301ce@2x.jpg HTTP/1.1" 404 - "https://www.indiaexclusivetours.com/nainital-tour-package.html" "Mozilla/5.0 (Linux; Android 6.0.1; Nexus 5X Build/MMB29P) AppleWebKit/537.36 (KHTML, like Gecko) Chrome/91.0.4472.90 Mobile Safari/537.36 (compatible; Googlebot/2.1; +http://www.google.com/bot.html)"
66.249.66.198 - - [03/Aug/2021:22:41:38 +0000] "HEAD /galleryimg/362903479846552ca33c822f20cee798@2x.jpg HTTP/1.1" 404 - "https://www.indiaexclusivetours.com/nainital-tour-package.html" "Mozilla/5.0 (Linux; Android 6.0.1; Nexus 5X Build/MMB29P) AppleWebKit/537.36 (KHTML, like Gecko) Chrome/91.0.4472.90 Mobile Safari/537.36 (compatible; Googlebot/2.1; +http://www.google.com/bot.html)"
66.249.66.198 - - [03/Aug/2021:22:41:40 +0000] "HEAD /wp-content/themes/trendytravel/images/logo@2x.png HTTP/1.1" 404 - "https://www.indiaexclusivetours.com/nainital-tour-package.html" "Mozilla/5.0 (Linux; Android 6.0.1; Nexus 5X Build/MMB29P) AppleWebKit/537.36 (KHTML, like Gecko) Chrome/91.0.4472.90 Mobile Safari/537.36 (compatible; Googlebot/2.1; +http://www.google.com/bot.html)"
66.249.66.198 - - [03/Aug/2021:22:41:41 +0000] "HEAD /galleryimg/d02ba9dc34fc04997c48ca99028c9878@2x.jpg HTTP/1.1" 404 - "https://www.indiaexclusivetours.com/nainital-tour-package.html" "Mozilla/5.0 (Linux; Android 6.0.1; Nexus 5X Build/MMB29P) AppleWebKit/537.36 (KHTML, like Gecko) Chrome/91.0.4472.90 Mobile Safari/537.36 (compatible; Googlebot/2.1; +http://www.google.com/bot.html)"
66.249.66.198 - - [03/Aug/2021:22:41:43 +0000] "HEAD /undefinedimages/style-picker/boxed@2x.jpg HTTP/1.1" 404 - "https://www.indiaexclusivetours.com/nainital-tour-package.html" "Mozilla/5.0 (Linux; Android 6.0.1; Nexus 5X Build/MMB29P) AppleWebKit/537.36 (KHTML, like Gecko) Chrome/91.0.4472.90 Mobile Safari/537.36 (compatible; Googlebot/2.1; +http://www.google.com/bot.html)"
216.244.66.234 - - [03/Aug/2021:22:42:51 +0000] "GET /robots.txt HTTP/1.1" 301 253 "-" "Mozilla/5.0 (compatible; DotBot/1.2; +https://opensiteexplorer.org/dotbot; help@moz.com)"
216.244.66.234 - - [03/Aug/2021:22:42:52 +0000] "GET /robots.txt HTTP/1.1" 404 121584 "-" "Mozilla/5.0 (compatible; DotBot/1.2; +https://opensiteexplorer.org/dotbot; help@moz.com)"
17.121.113.125 - - [03/Aug/2021:22:47:09 +0000] "GET /destinations-in-india/himachal.html HTTP/1.1" 200 102011 "-" "Mozilla/5.0 (Macintosh; Intel Mac OS X 10_15_5) AppleWebKit/605.1.15 (KHTML, like Gecko) Version/13.1.1 Safari/605.1.15 (Applebot/0.1; +http://www.apple.com/go/applebot)"
216.244.66.234 - - [03/Aug/2021:22:52:49 +0000] "GET /package-details.php?id=27 HTTP/1.1" 301 268 "-" "Mozilla/5.0 (compatible; DotBot/1.2; +https://opensiteexplorer.org/dotbot; help@moz.com)"
35.237.64.8 - - [03/Aug/2021:23:06:14 +0000] "GET /robots.txt HTTP/1.0" 404 121584 "-" "ZoominfoBot (zoominfobot at zoominfo dot com)"
35.237.64.8 - - [03/Aug/2021:23:06:16 +0000] "GET / HTTP/1.0" 200 121584 "-" "ZoominfoBot (zoominfobot at zoominfo dot com)"
54.36.149.9 - - [03/Aug/2021:23:09:24 +0000] "GET /robots.txt HTTP/1.1" 404 121584 "-" "Mozilla/5.0 (compatible; AhrefsBot/7.0; +http://ahrefs.com/robot/)"
54.36.148.48 - - [03/Aug/2021:23:09:25 +0000] "GET / HTTP/1.1" 200 121584 "-" "Mozilla/5.0 (compatible; AhrefsBot/7.0; +http://ahrefs.com/robot/)"
35.237.64.8 - - [03/Aug/2021:23:16:42 +0000] "GET /robots.txt HTTP/1.0" 301 253 "-" "ZoominfoBot (zoominfobot at zoominfo dot com)"
35.237.64.8 - - [03/Aug/2021:23:16:43 +0000] "GET /robots.txt HTTP/1.1" 404 121584 "-" "ZoominfoBot (zoominfobot at zoominfo dot com)"
35.237.64.8 - - [03/Aug/2021:23:16:47 +0000] "GET / HTTP/1.0" 301 243 "-" "ZoominfoBot (zoominfobot at zoominfo dot com)"
17.121.113.124 - - [03/Aug/2021:23:22:32 +0000] "GET /india-tour-packages/adventure-tour-package.html HTTP/1.1" 200 79547 "-" "Mozilla/5.0 (Macintosh; Intel Mac OS X 10_15_5) AppleWebKit/605.1.15 (KHTML, like Gecko) Version/13.1.1 Safari/605.1.15 (Applebot/0.1; +http://www.apple.com/go/applebot)"
17.121.114.231 - - [03/Aug/2021:23:26:29 +0000] "GET /pagecontents.php?url=Travel-Guide HTTP/1.1" 200 70436 "-" "Mozilla/5.0 (Macintosh; Intel Mac OS X 10_15_5) AppleWebKit/605.1.15 (KHTML, like Gecko) Version/13.1.1 Safari/605.1.15 (Applebot/0.1; +http://www.apple.com/go/applebot)"
40.77.167.33 - - [03/Aug/2021:23:42:47 +0000] "GET /destinations-in-india/goa-holidays.html HTTP/1.1" 200 96146 "-" "Mozilla/5.0 (compatible; bingbot/2.0; +http://www.bing.com/bingbot.htm)"
40.77.167.33 - - [03/Aug/2021:23:46:10 +0000] "GET /destinations-in-india/uttarakhand-tourism.html HTTP/1.1" 200 124529 "-" "Mozilla/5.0 (compatible; bingbot/2.0; +http://www.bing.com/bingbot.htm)"
178.127.85.145 - - [03/Aug/2021:23:48:34 +0000] "GET /thank-you.php HTTP/1.0" 301 256 "http://indiaexclusivetours.com/thank-you.php" "Mozilla/5.0 (Windows NT 10.0; Win64; x64) AppleWebKit/537.36 (KHTML, like Gecko) Chrome/90.0.4430.85 Safari/537.36"
178.127.85.145 - - [03/Aug/2021:23:48:35 +0000] "GET /thank-you.php HTTP/1.0" 200 70006 "http://www.indiaexclusivetours.com/thank-you.php" "Mozilla/5.0 (Windows NT 10.0; Win64; x64) AppleWebKit/537.36 (KHTML, like Gecko) Chrome/90.0.4430.85 Safari/537.36"
20.83.92.2 - - [03/Aug/2021:23:52:32 +0000] "GET /galleryimg/5033128rishikesh3.jpg HTTP/1.1" 200 161950 "https://yandex.com/images/search?text=crazy%20kiya%20re&pos=630&p=21&img_url=https%3A%2F%2Fsun9-12.userapi.com%2Fc4655%2Fu100933800%2Fvideo%2Fl_67881ead.jpg&rpt=simage" "Mozilla/5.0 (X11; Linux x86_64) AppleWebKit/537.36 (KHTML, like Gecko) HeadlessChrome/91.0.4472.77 Safari/537.36"
82.165.83.130 - - [03/Aug/2021:23:57:23 +0000] "GET /wp-content/plugins/background-image-cropper/doc.php HTTP/1.1" 301 294 "http://simplesite.com" "Mozilla/5.0 (Windows; U; Windows NT 5.1; en-US) AppleWebKit/533.4 (KHTML, like Gecko) Chrome/5.0.375.99 Safari/533.4"
82.165.83.130 - - [03/Aug/2021:23:57:23 +0000] "GET /wp-content/plugins/background-image-cropper/doc.php HTTP/1.1" 404 121584 "http://indiaexclusivetours.com/wp-content/plugins/background-image-cropper/doc.php" "Mozilla/5.0 (Windows; U; Windows NT 5.1; en-US) AppleWebKit/533.4 (KHTML, like Gecko) Chrome/5.0.375.99 Safari/533.4"
66.249.66.198 - - [03/Aug/2021:23:58:37 +0000] "GET /robots.txt HTTP/1.1" 404 121584 "-" "Mozilla/5.0 (compatible; Googlebot/2.1; +http://www.google.com/bot.html)"
66.249.66.201 - - [03/Aug/2021:23:58:39 +0000] "GET /kerala-honeymoon-tour-package.html HTTP/1.1" 200 101178 "-" "Mozilla/5.0 (compatible; Googlebot/2.1; +http://www.google.com/bot.html)"
54.36.148.48 - - [03/Aug/2021:23:59:26 +0000] "GET /desert-with-pink-city.html HTTP/1.1" 200 100108 "-" "Mozilla/5.0 (compatible; AhrefsBot/7.0; +http://ahrefs.com/robot/)"
40.77.167.33 - - [04/Aug/2021:00:04:38 +0000] "GET /galleryimg/pushkar-lake.jpg HTTP/1.1" 200 250482 "-" "Mozilla/5.0 (compatible; bingbot/2.0; +http://www.bing.com/bingbot.htm)"
66.249.66.211 - - [04/Aug/2021:00:08:53 +0000] "GET /hotel/solang-valley-resort-manali.html HTTP/1.1" 500 - "-" "Mozilla/5.0 (Linux; Android 6.0.1; Nexus 5X Build/MMB29P) AppleWebKit/537.36 (KHTML, like Gecko) Chrome/92.0.4515.119 Mobile Safari/537.36 (compatible; Googlebot/2.1; +http://www.google.com/bot.html)"
66.249.66.201 - - [04/Aug/2021:00:14:02 +0000] "GET /amarnath-yatra-package-by-helicopter-3n-4d.html HTTP/1.1" 200 105039 "-" "Mozilla/5.0 (Linux; Android 6.0.1; Nexus 5X Build/MMB29P) AppleWebKit/537.36 (KHTML, like Gecko) Chrome/92.0.4515.119 Mobile Safari/537.36 (compatible; Googlebot/2.1; +http://www.google.com/bot.html)"
66.249.66.201 - - [04/Aug/2021:00:14:06 +0000] "HEAD /galleryimg/5762784golden-temple@2x.jpg HTTP/1.1" 404 - "https://www.indiaexclusivetours.com/amarnath-yatra-package-by-helicopter-3n-4d.html" "Mozilla/5.0 (Linux; Android 6.0.1; Nexus 5X Build/MMB29P) AppleWebKit/537.36 (KHTML, like Gecko) Chrome/91.0.4472.90 Mobile Safari/537.36 (compatible; Googlebot/2.1; +http://www.google.com/bot.html)"
66.249.66.198 - - [04/Aug/2021:00:14:07 +0000] "HEAD /galleryimg/3521922badrinath-temple@2x.jpg HTTP/1.1" 404 - "https://www.indiaexclusivetours.com/amarnath-yatra-package-by-helicopter-3n-4d.html" "Mozilla/5.0 (Linux; Android 6.0.1; Nexus 5X Build/MMB29P) AppleWebKit/537.36 (KHTML, like Gecko) Chrome/91.0.4472.90 Mobile Safari/537.36 (compatible; Googlebot/2.1; +http://www.google.com/bot.html)"
66.249.66.201 - - [04/Aug/2021:00:14:07 +0000] "HEAD /galleryimg/5f5a18aa6a1d3cf2a3eb935deb554a44@2x.gif HTTP/1.1" 404 - "https://www.indiaexclusivetours.com/amarnath-yatra-package-by-helicopter-3n-4d.html" "Mozilla/5.0 (Linux; Android 6.0.1; Nexus 5X Build/MMB29P) AppleWebKit/537.36 (KHTML, like Gecko) Chrome/91.0.4472.90 Mobile Safari/537.36 (compatible; Googlebot/2.1; +http://www.google.com/bot.html)"
66.249.66.201 - - [04/Aug/2021:00:14:08 +0000] "HEAD /undefinedimages/style-picker/pattern15@2x.jpg HTTP/1.1" 404 - "https://www.indiaexclusivetours.com/amarnath-yatra-package-by-helicopter-3n-4d.html" "Mozilla/5.0 (Linux; Android 6.0.1; Nexus 5X Build/MMB29P) AppleWebKit/537.36 (KHTML, like Gecko) Chrome/91.0.4472.90 Mobile Safari/537.36 (compatible; Googlebot/2.1; +http://www.google.com/bot.html)"
66.249.66.198 - - [04/Aug/2021:00:14:09 +0000] "HEAD /galleryimg/8775713hotel-marina-shimla@2x.jpg HTTP/1.1" 404 - "https://www.indiaexclusivetours.com/amarnath-yatra-package-by-helicopter-3n-4d.html" "Mozilla/5.0 (Linux; Android 6.0.1; Nexus 5X Build/MMB29P) AppleWebKit/537.36 (KHTML, like Gecko) Chrome/91.0.4472.90 Mobile Safari/537.36 (compatible; Googlebot/2.1; +http://www.google.com/bot.html)"
66.249.66.198 - - [04/Aug/2021:00:14:11 +0000] "HEAD /undefinedimages/style-picker/pattern11@2x.jpg HTTP/1.1" 404 - "https://www.indiaexclusivetours.com/amarnath-yatra-package-by-helicopter-3n-4d.html" "Mozilla/5.0 (Linux; Android 6.0.1; Nexus 5X Build/MMB29P) AppleWebKit/537.36 (KHTML, like Gecko) Chrome/91.0.4472.90 Mobile Safari/537.36 (compatible; Googlebot/2.1; +http://www.google.com/bot.html)"
66.249.66.198 - - [04/Aug/2021:00:14:12 +0000] "HEAD /undefinedimages/style-picker/pattern1@2x.jpg HTTP/1.1" 404 - "https://www.indiaexclusivetours.com/amarnath-yatra-package-by-helicopter-3n-4d.html" "Mozilla/5.0 (Linux; Android 6.0.1; Nexus 5X Build/MMB29P) AppleWebKit/537.36 (KHTML, like Gecko) Chrome/91.0.4472.90 Mobile Safari/537.36 (compatible; Googlebot/2.1; +http://www.google.com/bot.html)"
66.249.66.198 - - [04/Aug/2021:00:14:13 +0000] "HEAD /galleryimg/6056047Indigo@2x.jpg HTTP/1.1" 404 - "https://www.indiaexclusivetours.com/amarnath-yatra-package-by-helicopter-3n-4d.html" "Mozilla/5.0 (Linux; Android 6.0.1; Nexus 5X Build/MMB29P) AppleWebKit/537.36 (KHTML, like Gecko) Chrome/91.0.4472.90 Mobile Safari/537.36 (compatible; Googlebot/2.1; +http://www.google.com/bot.html)"
66.249.66.198 - - [04/Aug/2021:00:14:14 +0000] "HEAD /galleryimg/9348692mussoorie@2x.jpg HTTP/1.1" 404 - "https://www.indiaexclusivetours.com/amarnath-yatra-package-by-helicopter-3n-4d.html" "Mozilla/5.0 (Linux; Android 6.0.1; Nexus 5X Build/MMB29P) AppleWebKit/537.36 (KHTML, like Gecko) Chrome/91.0.4472.90 Mobile Safari/537.36 (compatible; Googlebot/2.1; +http://www.google.com/bot.html)"
66.249.66.198 - - [04/Aug/2021:00:14:15 +0000] "HEAD /wp-content/uploads/2014/07/support-author@2x.png HTTP/1.1" 404 - "https://www.indiaexclusivetours.com/amarnath-yatra-package-by-helicopter-3n-4d.html" "Mozilla/5.0 (Linux; Android 6.0.1; Nexus 5X Build/MMB29P) AppleWebKit/537.36 (KHTML, like Gecko) Chrome/91.0.4472.90 Mobile Safari/537.36 (compatible; Googlebot/2.1; +http://www.google.com/bot.html)"
66.249.66.198 - - [04/Aug/2021:00:14:16 +0000] "HEAD /galleryimg/7990193amrnath@2x.jpg HTTP/1.1" 404 - "https://www.indiaexclusivetours.com/amarnath-yatra-package-by-helicopter-3n-4d.html" "Mozilla/5.0 (Linux; Android 6.0.1; Nexus 5X Build/MMB29P) AppleWebKit/537.36 (KHTML, like Gecko) Chrome/91.0.4472.90 Mobile Safari/537.36 (compatible; Googlebot/2.1; +http://www.google.com/bot.html)"
66.249.66.198 - - [04/Aug/2021:00:14:17 +0000] "HEAD /galleryimg/kashmir-amarnath-yatra-tour-package@2x.jpg HTTP/1.1" 404 - "https://www.indiaexclusivetours.com/amarnath-yatra-package-by-helicopter-3n-4d.html" "Mozilla/5.0 (Linux; Android 6.0.1; Nexus 5X Build/MMB29P) AppleWebKit/537.36 (KHTML, like Gecko) Chrome/91.0.4472.90 Mobile Safari/537.36 (compatible; Googlebot/2.1; +http://www.google.com/bot.html)"
17.121.113.4 - - [04/Aug/2021:00:17:42 +0000] "GET /best-of-south-india-tour.html HTTP/1.1" 200 104316 "-" "Mozilla/5.0 (Macintosh; Intel Mac OS X 10_15_5) AppleWebKit/605.1.15 (KHTML, like Gecko) Version/13.1.1 Safari/605.1.15 (Applebot/0.1; +http://www.apple.com/go/applebot)"
37.0.10.26 - - [04/Aug/2021:00:20:15 +0000] "GET /wp-includes/wp-class.php HTTP/1.1" 301 267 "www.google.com" "Mozlila/5.0 (Linux; Android 7.0; SM-G892A Bulid/NRD90M; wv) AppleWebKit/537.36 (KHTML, like Gecko) Version/4.0 Chrome/60.0.3112.107 Moblie Safari/537.36"
37.0.10.26 - - [04/Aug/2021:00:20:28 +0000] "GET /wp-includes/wp-class.php HTTP/1.1" 404 121584 "www.google.com" "Mozlila/5.0 (Linux; Android 7.0; SM-G892A Bulid/NRD90M; wv) AppleWebKit/537.36 (KHTML, like Gecko) Version/4.0 Chrome/60.0.3112.107 Moblie Safari/537.36"
37.0.10.26 - - [04/Aug/2021:00:20:43 +0000] "GET /wp-includes/wp-class.php HTTP/1.1" 301 267 "www.google.com" "Mozlila/5.0 (Linux; Android 7.0; SM-G892A Bulid/NRD90M; wv) AppleWebKit/537.36 (KHTML, like Gecko) Version/4.0 Chrome/60.0.3112.107 Moblie Safari/537.36"
37.0.10.26 - - [04/Aug/2021:00:20:53 +0000] "GET /wp-includes/wp-class.php HTTP/1.1" 404 121584 "www.google.com" "Mozlila/5.0 (Linux; Android 7.0; SM-G892A Bulid/NRD90M; wv) AppleWebKit/537.36 (KHTML, like Gecko) Version/4.0 Chrome/60.0.3112.107 Moblie Safari/537.36"
17.121.114.108 - - [04/Aug/2021:00:22:21 +0000] "GET /gulmarg-skiing-tour-.html HTTP/1.1" 200 97980 "-" "Mozilla/5.0 (Macintosh; Intel Mac OS X 10_15_5) AppleWebKit/605.1.15 (KHTML, like Gecko) Version/13.1.1 Safari/605.1.15 (Applebot/0.1; +http://www.apple.com/go/applebot)"
66.249.66.204 - - [04/Aug/2021:00:24:19 +0000] "GET /golden-triangle-with-corbett-park.html HTTP/1.1" 200 105178 "-" "Mozilla/5.0 (Linux; Android 6.0.1; Nexus 5X Build/MMB29P) AppleWebKit/537.36 (KHTML, like Gecko) Chrome/92.0.4515.119 Mobile Safari/537.36 (compatible; Googlebot/2.1; +http://www.google.com/bot.html)"
66.249.66.198 - - [04/Aug/2021:00:24:24 +0000] "HEAD /undefinedimages/style-picker/pattern3@2x.jpg HTTP/1.1" 404 - "https://www.indiaexclusivetours.com/golden-triangle-with-corbett-park.html" "Mozilla/5.0 (Linux; Android 6.0.1; Nexus 5X Build/MMB29P) AppleWebKit/537.36 (KHTML, like Gecko) Chrome/91.0.4472.90 Mobile Safari/537.36 (compatible; Googlebot/2.1; +http://www.google.com/bot.html)"
66.249.66.198 - - [04/Aug/2021:00:24:25 +0000] "HEAD /galleryimg/d2050896a2d1052c6b4fc51440d7f20d@2x.jpg HTTP/1.1" 404 - "https://www.indiaexclusivetours.com/golden-triangle-with-corbett-park.html" "Mozilla/5.0 (Linux; Android 6.0.1; Nexus 5X Build/MMB29P) AppleWebKit/537.36 (KHTML, like Gecko) Chrome/91.0.4472.90 Mobile Safari/537.36 (compatible; Googlebot/2.1; +http://www.google.com/bot.html)"
66.249.66.198 - - [04/Aug/2021:00:24:25 +0000] "HEAD /undefinedimages/style-picker/pattern2@2x.jpg HTTP/1.1" 404 - "https://www.indiaexclusivetours.com/golden-triangle-with-corbett-park.html" "Mozilla/5.0 (Linux; Android 6.0.1; Nexus 5X Build/MMB29P) AppleWebKit/537.36 (KHTML, like Gecko) Chrome/91.0.4472.90 Mobile Safari/537.36 (compatible; Googlebot/2.1; +http://www.google.com/bot.html)"
66.249.66.201 - - [04/Aug/2021:00:24:28 +0000] "HEAD /undefinedimages/style-picker/pattern6@2x.jpg HTTP/1.1" 404 - "https://www.indiaexclusivetours.com/golden-triangle-with-corbett-park.html" "Mozilla/5.0 (Linux; Android 6.0.1; Nexus 5X Build/MMB29P) AppleWebKit/537.36 (KHTML, like Gecko) Chrome/91.0.4472.90 Mobile Safari/537.36 (compatible; Googlebot/2.1; +http://www.google.com/bot.html)"
66.249.66.198 - - [04/Aug/2021:00:24:29 +0000] "HEAD /undefinedimages/style-picker/boxed@2x.jpg HTTP/1.1" 404 - "https://www.indiaexclusivetours.com/golden-triangle-with-corbett-park.html" "Mozilla/5.0 (Linux; Android 6.0.1; Nexus 5X Build/MMB29P) AppleWebKit/537.36 (KHTML, like Gecko) Chrome/91.0.4472.90 Mobile Safari/537.36 (compatible; Googlebot/2.1; +http://www.google.com/bot.html)"
66.249.66.198 - - [04/Aug/2021:00:24:31 +0000] "HEAD /undefinedimages/style-picker/pattern8@2x.jpg HTTP/1.1" 404 - "https://www.indiaexclusivetours.com/golden-triangle-with-corbett-park.html" "Mozilla/5.0 (Linux; Android 6.0.1; Nexus 5X Build/MMB29P) AppleWebKit/537.36 (KHTML, like Gecko) Chrome/91.0.4472.90 Mobile Safari/537.36 (compatible; Googlebot/2.1; +http://www.google.com/bot.html)"
66.249.66.198 - - [04/Aug/2021:00:24:33 +0000] "HEAD /galleryimg/362903479846552ca33c822f20cee798@2x.jpg HTTP/1.1" 404 - "https://www.indiaexclusivetours.com/golden-triangle-with-corbett-park.html" "Mozilla/5.0 (Linux; Android 6.0.1; Nexus 5X Build/MMB29P) AppleWebKit/537.36 (KHTML, like Gecko) Chrome/91.0.4472.90 Mobile Safari/537.36 (compatible; Googlebot/2.1; +http://www.google.com/bot.html)"
