132.154.252.113 - - [31/Jul/2021:07:23:58 +0000] "GET /undefinedimages/style-picker/fullwidth.jpg HTTP/1.1" 404 97755 "https://www.indiaexclusivetours.com/about-us.php" "Mozilla/5.0 (Windows NT 6.1; Win64; x64) AppleWebKit/537.36 (KHTML, like Gecko) Chrome/92.0.4515.107 Safari/537.36"
132.154.252.113 - - [31/Jul/2021:07:23:58 +0000] "GET /undefinedimages/style-picker/boxed.jpg HTTP/1.1" 404 121584 "https://www.indiaexclusivetours.com/about-us.php" "Mozilla/5.0 (Windows NT 6.1; Win64; x64) AppleWebKit/537.36 (KHTML, like Gecko) Chrome/92.0.4515.107 Safari/537.36"
132.154.252.113 - - [31/Jul/2021:07:23:58 +0000] "GET /undefinedimages/style-picker/pattern1.jpg HTTP/1.1" 404 97755 "https://www.indiaexclusivetours.com/about-us.php" "Mozilla/5.0 (Windows NT 6.1; Win64; x64) AppleWebKit/537.36 (KHTML, like Gecko) Chrome/92.0.4515.107 Safari/537.36"
132.154.252.113 - - [31/Jul/2021:07:23:58 +0000] "GET /undefinedimages/style-picker/pattern2.jpg HTTP/1.1" 404 121584 "https://www.indiaexclusivetours.com/about-us.php" "Mozilla/5.0 (Windows NT 6.1; Win64; x64) AppleWebKit/537.36 (KHTML, like Gecko) Chrome/92.0.4515.107 Safari/537.36"
132.154.252.113 - - [31/Jul/2021:07:23:59 +0000] "GET /undefinedimages/style-picker/pattern3.jpg HTTP/1.1" 404 97755 "https://www.indiaexclusivetours.com/about-us.php" "Mozilla/5.0 (Windows NT 6.1; Win64; x64) AppleWebKit/537.36 (KHTML, like Gecko) Chrome/92.0.4515.107 Safari/537.36"
132.154.252.113 - - [31/Jul/2021:07:23:59 +0000] "GET /undefinedimages/style-picker/pattern4.jpg HTTP/1.1" 404 97755 "https://www.indiaexclusivetours.com/about-us.php" "Mozilla/5.0 (Windows NT 6.1; Win64; x64) AppleWebKit/537.36 (KHTML, like Gecko) Chrome/92.0.4515.107 Safari/537.36"
132.154.252.113 - - [31/Jul/2021:07:23:59 +0000] "GET /undefinedimages/style-picker/pattern6.jpg HTTP/1.1" 404 97755 "https://www.indiaexclusivetours.com/about-us.php" "Mozilla/5.0 (Windows NT 6.1; Win64; x64) AppleWebKit/537.36 (KHTML, like Gecko) Chrome/92.0.4515.107 Safari/537.36"
132.154.252.113 - - [31/Jul/2021:07:23:59 +0000] "GET /undefinedimages/style-picker/pattern5.jpg HTTP/1.1" 404 97755 "https://www.indiaexclusivetours.com/about-us.php" "Mozilla/5.0 (Windows NT 6.1; Win64; x64) AppleWebKit/537.36 (KHTML, like Gecko) Chrome/92.0.4515.107 Safari/537.36"
132.154.252.113 - - [31/Jul/2021:07:23:59 +0000] "GET /undefinedimages/style-picker/pattern7.jpg HTTP/1.1" 404 97755 "https://www.indiaexclusivetours.com/about-us.php" "Mozilla/5.0 (Windows NT 6.1; Win64; x64) AppleWebKit/537.36 (KHTML, like Gecko) Chrome/92.0.4515.107 Safari/537.36"
132.154.252.113 - - [31/Jul/2021:07:23:59 +0000] "GET /undefinedimages/style-picker/pattern8.jpg HTTP/1.1" 404 97755 "https://www.indiaexclusivetours.com/about-us.php" "Mozilla/5.0 (Windows NT 6.1; Win64; x64) AppleWebKit/537.36 (KHTML, like Gecko) Chrome/92.0.4515.107 Safari/537.36"
132.154.252.113 - - [31/Jul/2021:07:23:59 +0000] "GET /undefinedimages/style-picker/pattern9.jpg HTTP/1.1" 404 121584 "https://www.indiaexclusivetours.com/about-us.php" "Mozilla/5.0 (Windows NT 6.1; Win64; x64) AppleWebKit/537.36 (KHTML, like Gecko) Chrome/92.0.4515.107 Safari/537.36"
132.154.252.113 - - [31/Jul/2021:07:23:59 +0000] "GET /undefinedimages/style-picker/pattern10.jpg HTTP/1.1" 404 97755 "https://www.indiaexclusivetours.com/about-us.php" "Mozilla/5.0 (Windows NT 6.1; Win64; x64) AppleWebKit/537.36 (KHTML, like Gecko) Chrome/92.0.4515.107 Safari/537.36"
132.154.252.113 - - [31/Jul/2021:07:24:00 +0000] "GET /undefinedimages/style-picker/pattern11.jpg HTTP/1.1" 404 97755 "https://www.indiaexclusivetours.com/about-us.php" "Mozilla/5.0 (Windows NT 6.1; Win64; x64) AppleWebKit/537.36 (KHTML, like Gecko) Chrome/92.0.4515.107 Safari/537.36"
132.154.252.113 - - [31/Jul/2021:07:24:00 +0000] "GET /undefinedimages/style-picker/pattern12.jpg HTTP/1.1" 404 97755 "https://www.indiaexclusivetours.com/about-us.php" "Mozilla/5.0 (Windows NT 6.1; Win64; x64) AppleWebKit/537.36 (KHTML, like Gecko) Chrome/92.0.4515.107 Safari/537.36"
132.154.252.113 - - [31/Jul/2021:07:24:00 +0000] "GET /undefinedimages/style-picker/pattern13.jpg HTTP/1.1" 404 97755 "https://www.indiaexclusivetours.com/about-us.php" "Mozilla/5.0 (Windows NT 6.1; Win64; x64) AppleWebKit/537.36 (KHTML, like Gecko) Chrome/92.0.4515.107 Safari/537.36"
132.154.252.113 - - [31/Jul/2021:07:24:00 +0000] "GET /undefinedimages/style-picker/pattern14.jpg HTTP/1.1" 404 97755 "https://www.indiaexclusivetours.com/about-us.php" "Mozilla/5.0 (Windows NT 6.1; Win64; x64) AppleWebKit/537.36 (KHTML, like Gecko) Chrome/92.0.4515.107 Safari/537.36"
132.154.252.113 - - [31/Jul/2021:07:24:00 +0000] "GET /undefinedimages/style-picker/pattern15.jpg HTTP/1.1" 404 97755 "https://www.indiaexclusivetours.com/about-us.php" "Mozilla/5.0 (Windows NT 6.1; Win64; x64) AppleWebKit/537.36 (KHTML, like Gecko) Chrome/92.0.4515.107 Safari/537.36"
132.154.252.113 - - [31/Jul/2021:07:24:15 +0000] "GET /pagecontents.php?url=Terms-and-Conditions HTTP/1.1" 200 75637 "https://www.indiaexclusivetours.com/about-us.php" "Mozilla/5.0 (Windows NT 6.1; Win64; x64) AppleWebKit/537.36 (KHTML, like Gecko) Chrome/92.0.4515.107 Safari/537.36"
132.154.252.113 - - [31/Jul/2021:07:24:15 +0000] "GET /wp-content/themes/trendytravel/images/logo%402x.png HTTP/1.1" 404 121584 "https://www.indiaexclusivetours.com/pagecontents.php?url=Terms-and-Conditions" "Mozilla/5.0 (Windows NT 6.1; Win64; x64) AppleWebKit/537.36 (KHTML, like Gecko) Chrome/92.0.4515.107 Safari/537.36"
132.154.252.113 - - [31/Jul/2021:07:24:15 +0000] "GET /galleryimg/ HTTP/1.1" 200 69988 "https://www.indiaexclusivetours.com/pagecontents.php?url=Terms-and-Conditions" "Mozilla/5.0 (Windows NT 6.1; Win64; x64) AppleWebKit/537.36 (KHTML, like Gecko) Chrome/92.0.4515.107 Safari/537.36"
132.154.252.113 - - [31/Jul/2021:07:24:15 +0000] "GET /galleryimg/5a1e6e84f827997a80ca1436d4bab3ff.jpg HTTP/1.1" 200 327626 "https://www.indiaexclusivetours.com/pagecontents.php?url=Terms-and-Conditions" "Mozilla/5.0 (Windows NT 6.1; Win64; x64) AppleWebKit/537.36 (KHTML, like Gecko) Chrome/92.0.4515.107 Safari/537.36"
132.154.252.113 - - [31/Jul/2021:07:24:15 +0000] "GET /galleryimg/1565905img-1.jpg HTTP/1.1" 404 97755 "https://www.indiaexclusivetours.com/pagecontents.php?url=Terms-and-Conditions" "Mozilla/5.0 (Windows NT 6.1; Win64; x64) AppleWebKit/537.36 (KHTML, like Gecko) Chrome/92.0.4515.107 Safari/537.36"
132.154.252.113 - - [31/Jul/2021:07:24:16 +0000] "GET /undefinedimages/style-picker/picker-icon.png HTTP/1.1" 404 97755 "https://www.indiaexclusivetours.com/pagecontents.php?url=Terms-and-Conditions" "Mozilla/5.0 (Windows NT 6.1; Win64; x64) AppleWebKit/537.36 (KHTML, like Gecko) Chrome/92.0.4515.107 Safari/537.36"
132.154.252.113 - - [31/Jul/2021:07:24:16 +0000] "GET /undefinedimages/style-picker/fullwidth.jpg HTTP/1.1" 404 121584 "https://www.indiaexclusivetours.com/pagecontents.php?url=Terms-and-Conditions" "Mozilla/5.0 (Windows NT 6.1; Win64; x64) AppleWebKit/537.36 (KHTML, like Gecko) Chrome/92.0.4515.107 Safari/537.36"
132.154.252.113 - - [31/Jul/2021:07:24:16 +0000] "GET /undefinedimages/style-picker/boxed.jpg HTTP/1.1" 404 93159 "https://www.indiaexclusivetours.com/pagecontents.php?url=Terms-and-Conditions" "Mozilla/5.0 (Windows NT 6.1; Win64; x64) AppleWebKit/537.36 (KHTML, like Gecko) Chrome/92.0.4515.107 Safari/537.36"
132.154.252.113 - - [31/Jul/2021:07:24:16 +0000] "GET /undefinedimages/style-picker/pattern1.jpg HTTP/1.1" 404 97755 "https://www.indiaexclusivetours.com/pagecontents.php?url=Terms-and-Conditions" "Mozilla/5.0 (Windows NT 6.1; Win64; x64) AppleWebKit/537.36 (KHTML, like Gecko) Chrome/92.0.4515.107 Safari/537.36"
132.154.252.113 - - [31/Jul/2021:07:24:16 +0000] "GET /undefinedimages/style-picker/pattern2.jpg HTTP/1.1" 404 97755 "https://www.indiaexclusivetours.com/pagecontents.php?url=Terms-and-Conditions" "Mozilla/5.0 (Windows NT 6.1; Win64; x64) AppleWebKit/537.36 (KHTML, like Gecko) Chrome/92.0.4515.107 Safari/537.36"
132.154.252.113 - - [31/Jul/2021:07:24:16 +0000] "GET /undefinedimages/style-picker/pattern4.jpg HTTP/1.1" 404 97755 "https://www.indiaexclusivetours.com/pagecontents.php?url=Terms-and-Conditions" "Mozilla/5.0 (Windows NT 6.1; Win64; x64) AppleWebKit/537.36 (KHTML, like Gecko) Chrome/92.0.4515.107 Safari/537.36"
132.154.252.113 - - [31/Jul/2021:07:24:16 +0000] "GET /undefinedimages/style-picker/pattern3.jpg HTTP/1.1" 404 97755 "https://www.indiaexclusivetours.com/pagecontents.php?url=Terms-and-Conditions" "Mozilla/5.0 (Windows NT 6.1; Win64; x64) AppleWebKit/537.36 (KHTML, like Gecko) Chrome/92.0.4515.107 Safari/537.36"
132.154.252.113 - - [31/Jul/2021:07:24:16 +0000] "GET /undefinedimages/style-picker/pattern5.jpg HTTP/1.1" 404 97755 "https://www.indiaexclusivetours.com/pagecontents.php?url=Terms-and-Conditions" "Mozilla/5.0 (Windows NT 6.1; Win64; x64) AppleWebKit/537.36 (KHTML, like Gecko) Chrome/92.0.4515.107 Safari/537.36"
132.154.252.113 - - [31/Jul/2021:07:24:16 +0000] "GET /undefinedimages/style-picker/pattern7.jpg HTTP/1.1" 404 97755 "https://www.indiaexclusivetours.com/pagecontents.php?url=Terms-and-Conditions" "Mozilla/5.0 (Windows NT 6.1; Win64; x64) AppleWebKit/537.36 (KHTML, like Gecko) Chrome/92.0.4515.107 Safari/537.36"
132.154.252.113 - - [31/Jul/2021:07:24:16 +0000] "GET /undefinedimages/style-picker/pattern6.jpg HTTP/1.1" 404 97755 "https://www.indiaexclusivetours.com/pagecontents.php?url=Terms-and-Conditions" "Mozilla/5.0 (Windows NT 6.1; Win64; x64) AppleWebKit/537.36 (KHTML, like Gecko) Chrome/92.0.4515.107 Safari/537.36"
132.154.252.113 - - [31/Jul/2021:07:24:16 +0000] "GET /undefinedimages/style-picker/pattern8.jpg HTTP/1.1" 404 97755 "https://www.indiaexclusivetours.com/pagecontents.php?url=Terms-and-Conditions" "Mozilla/5.0 (Windows NT 6.1; Win64; x64) AppleWebKit/537.36 (KHTML, like Gecko) Chrome/92.0.4515.107 Safari/537.36"
132.154.252.113 - - [31/Jul/2021:07:24:16 +0000] "GET /undefinedimages/style-picker/pattern10.jpg HTTP/1.1" 404 97755 "https://www.indiaexclusivetours.com/pagecontents.php?url=Terms-and-Conditions" "Mozilla/5.0 (Windows NT 6.1; Win64; x64) AppleWebKit/537.36 (KHTML, like Gecko) Chrome/92.0.4515.107 Safari/537.36"
132.154.252.113 - - [31/Jul/2021:07:24:16 +0000] "GET /undefinedimages/style-picker/pattern9.jpg HTTP/1.1" 404 121584 "https://www.indiaexclusivetours.com/pagecontents.php?url=Terms-and-Conditions" "Mozilla/5.0 (Windows NT 6.1; Win64; x64) AppleWebKit/537.36 (KHTML, like Gecko) Chrome/92.0.4515.107 Safari/537.36"
132.154.252.113 - - [31/Jul/2021:07:24:17 +0000] "GET /undefinedimages/style-picker/pattern11.jpg HTTP/1.1" 404 97755 "https://www.indiaexclusivetours.com/pagecontents.php?url=Terms-and-Conditions" "Mozilla/5.0 (Windows NT 6.1; Win64; x64) AppleWebKit/537.36 (KHTML, like Gecko) Chrome/92.0.4515.107 Safari/537.36"
132.154.252.113 - - [31/Jul/2021:07:24:17 +0000] "GET /undefinedimages/style-picker/pattern12.jpg HTTP/1.1" 404 97755 "https://www.indiaexclusivetours.com/pagecontents.php?url=Terms-and-Conditions" "Mozilla/5.0 (Windows NT 6.1; Win64; x64) AppleWebKit/537.36 (KHTML, like Gecko) Chrome/92.0.4515.107 Safari/537.36"
132.154.252.113 - - [31/Jul/2021:07:24:17 +0000] "GET /undefinedimages/style-picker/pattern13.jpg HTTP/1.1" 404 97755 "https://www.indiaexclusivetours.com/pagecontents.php?url=Terms-and-Conditions" "Mozilla/5.0 (Windows NT 6.1; Win64; x64) AppleWebKit/537.36 (KHTML, like Gecko) Chrome/92.0.4515.107 Safari/537.36"
132.154.252.113 - - [31/Jul/2021:07:24:17 +0000] "GET /undefinedimages/style-picker/pattern14.jpg HTTP/1.1" 404 97755 "https://www.indiaexclusivetours.com/pagecontents.php?url=Terms-and-Conditions" "Mozilla/5.0 (Windows NT 6.1; Win64; x64) AppleWebKit/537.36 (KHTML, like Gecko) Chrome/92.0.4515.107 Safari/537.36"
132.154.252.113 - - [31/Jul/2021:07:24:17 +0000] "GET /undefinedimages/style-picker/pattern15.jpg HTTP/1.1" 404 97755 "https://www.indiaexclusivetours.com/pagecontents.php?url=Terms-and-Conditions" "Mozilla/5.0 (Windows NT 6.1; Win64; x64) AppleWebKit/537.36 (KHTML, like Gecko) Chrome/92.0.4515.107 Safari/537.36"
132.154.252.113 - - [31/Jul/2021:07:24:37 +0000] "GET /pagecontents.php?url=Privacy-Policy HTTP/1.1" 200 72603 "https://www.indiaexclusivetours.com/pagecontents.php?url=Terms-and-Conditions" "Mozilla/5.0 (Windows NT 6.1; Win64; x64) AppleWebKit/537.36 (KHTML, like Gecko) Chrome/92.0.4515.107 Safari/537.36"
132.154.252.113 - - [31/Jul/2021:07:24:37 +0000] "GET /galleryimg/ HTTP/1.1" 200 69988 "https://www.indiaexclusivetours.com/pagecontents.php?url=Privacy-Policy" "Mozilla/5.0 (Windows NT 6.1; Win64; x64) AppleWebKit/537.36 (KHTML, like Gecko) Chrome/92.0.4515.107 Safari/537.36"
132.154.252.113 - - [31/Jul/2021:07:24:38 +0000] "GET /galleryimg/1565905img-1.jpg HTTP/1.1" 404 121584 "https://www.indiaexclusivetours.com/pagecontents.php?url=Privacy-Policy" "Mozilla/5.0 (Windows NT 6.1; Win64; x64) AppleWebKit/537.36 (KHTML, like Gecko) Chrome/92.0.4515.107 Safari/537.36"
132.154.252.113 - - [31/Jul/2021:07:24:37 +0000] "GET /wp-content/themes/trendytravel/images/logo%402x.png HTTP/1.1" 404 121584 "https://www.indiaexclusivetours.com/pagecontents.php?url=Privacy-Policy" "Mozilla/5.0 (Windows NT 6.1; Win64; x64) AppleWebKit/537.36 (KHTML, like Gecko) Chrome/92.0.4515.107 Safari/537.36"
132.154.252.113 - - [31/Jul/2021:07:24:38 +0000] "GET /galleryimg/d720c70347527c01d519c9eabcd008e5.jpg HTTP/1.1" 200 327626 "https://www.indiaexclusivetours.com/pagecontents.php?url=Privacy-Policy" "Mozilla/5.0 (Windows NT 6.1; Win64; x64) AppleWebKit/537.36 (KHTML, like Gecko) Chrome/92.0.4515.107 Safari/537.36"
132.154.252.113 - - [31/Jul/2021:07:24:38 +0000] "GET /undefinedimages/style-picker/picker-icon.png HTTP/1.1" 404 97755 "https://www.indiaexclusivetours.com/pagecontents.php?url=Privacy-Policy" "Mozilla/5.0 (Windows NT 6.1; Win64; x64) AppleWebKit/537.36 (KHTML, like Gecko) Chrome/92.0.4515.107 Safari/537.36"
132.154.252.113 - - [31/Jul/2021:07:24:38 +0000] "GET /undefinedimages/style-picker/fullwidth.jpg HTTP/1.1" 404 97755 "https://www.indiaexclusivetours.com/pagecontents.php?url=Privacy-Policy" "Mozilla/5.0 (Windows NT 6.1; Win64; x64) AppleWebKit/537.36 (KHTML, like Gecko) Chrome/92.0.4515.107 Safari/537.36"
132.154.252.113 - - [31/Jul/2021:07:24:39 +0000] "GET /undefinedimages/style-picker/boxed.jpg HTTP/1.1" 404 97755 "https://www.indiaexclusivetours.com/pagecontents.php?url=Privacy-Policy" "Mozilla/5.0 (Windows NT 6.1; Win64; x64) AppleWebKit/537.36 (KHTML, like Gecko) Chrome/92.0.4515.107 Safari/537.36"
132.154.252.113 - - [31/Jul/2021:07:24:39 +0000] "GET /undefinedimages/style-picker/pattern2.jpg HTTP/1.1" 404 121584 "https://www.indiaexclusivetours.com/pagecontents.php?url=Privacy-Policy" "Mozilla/5.0 (Windows NT 6.1; Win64; x64) AppleWebKit/537.36 (KHTML, like Gecko) Chrome/92.0.4515.107 Safari/537.36"
132.154.252.113 - - [31/Jul/2021:07:24:39 +0000] "GET /undefinedimages/style-picker/pattern1.jpg HTTP/1.1" 404 97755 "https://www.indiaexclusivetours.com/pagecontents.php?url=Privacy-Policy" "Mozilla/5.0 (Windows NT 6.1; Win64; x64) AppleWebKit/537.36 (KHTML, like Gecko) Chrome/92.0.4515.107 Safari/537.36"
132.154.252.113 - - [31/Jul/2021:07:24:39 +0000] "GET /undefinedimages/style-picker/pattern3.jpg HTTP/1.1" 404 97755 "https://www.indiaexclusivetours.com/pagecontents.php?url=Privacy-Policy" "Mozilla/5.0 (Windows NT 6.1; Win64; x64) AppleWebKit/537.36 (KHTML, like Gecko) Chrome/92.0.4515.107 Safari/537.36"
132.154.252.113 - - [31/Jul/2021:07:24:39 +0000] "GET /undefinedimages/style-picker/pattern4.jpg HTTP/1.1" 404 97755 "https://www.indiaexclusivetours.com/pagecontents.php?url=Privacy-Policy" "Mozilla/5.0 (Windows NT 6.1; Win64; x64) AppleWebKit/537.36 (KHTML, like Gecko) Chrome/92.0.4515.107 Safari/537.36"
132.154.252.113 - - [31/Jul/2021:07:24:40 +0000] "GET /undefinedimages/style-picker/pattern5.jpg HTTP/1.1" 404 97755 "https://www.indiaexclusivetours.com/pagecontents.php?url=Privacy-Policy" "Mozilla/5.0 (Windows NT 6.1; Win64; x64) AppleWebKit/537.36 (KHTML, like Gecko) Chrome/92.0.4515.107 Safari/537.36"
132.154.252.113 - - [31/Jul/2021:07:24:40 +0000] "GET /undefinedimages/style-picker/pattern6.jpg HTTP/1.1" 404 97755 "https://www.indiaexclusivetours.com/pagecontents.php?url=Privacy-Policy" "Mozilla/5.0 (Windows NT 6.1; Win64; x64) AppleWebKit/537.36 (KHTML, like Gecko) Chrome/92.0.4515.107 Safari/537.36"
132.154.252.113 - - [31/Jul/2021:07:24:40 +0000] "GET /undefinedimages/style-picker/pattern7.jpg HTTP/1.1" 404 97755 "https://www.indiaexclusivetours.com/pagecontents.php?url=Privacy-Policy" "Mozilla/5.0 (Windows NT 6.1; Win64; x64) AppleWebKit/537.36 (KHTML, like Gecko) Chrome/92.0.4515.107 Safari/537.36"
132.154.252.113 - - [31/Jul/2021:07:24:40 +0000] "GET /undefinedimages/style-picker/pattern8.jpg HTTP/1.1" 404 97755 "https://www.indiaexclusivetours.com/pagecontents.php?url=Privacy-Policy" "Mozilla/5.0 (Windows NT 6.1; Win64; x64) AppleWebKit/537.36 (KHTML, like Gecko) Chrome/92.0.4515.107 Safari/537.36"
132.154.252.113 - - [31/Jul/2021:07:24:40 +0000] "GET /undefinedimages/style-picker/pattern9.jpg HTTP/1.1" 404 97755 "https://www.indiaexclusivetours.com/pagecontents.php?url=Privacy-Policy" "Mozilla/5.0 (Windows NT 6.1; Win64; x64) AppleWebKit/537.36 (KHTML, like Gecko) Chrome/92.0.4515.107 Safari/537.36"
132.154.252.113 - - [31/Jul/2021:07:24:40 +0000] "GET /undefinedimages/style-picker/pattern10.jpg HTTP/1.1" 404 97755 "https://www.indiaexclusivetours.com/pagecontents.php?url=Privacy-Policy" "Mozilla/5.0 (Windows NT 6.1; Win64; x64) AppleWebKit/537.36 (KHTML, like Gecko) Chrome/92.0.4515.107 Safari/537.36"
132.154.252.113 - - [31/Jul/2021:07:24:41 +0000] "GET /undefinedimages/style-picker/pattern11.jpg HTTP/1.1" 404 97755 "https://www.indiaexclusivetours.com/pagecontents.php?url=Privacy-Policy" "Mozilla/5.0 (Windows NT 6.1; Win64; x64) AppleWebKit/537.36 (KHTML, like Gecko) Chrome/92.0.4515.107 Safari/537.36"
132.154.252.113 - - [31/Jul/2021:07:24:41 +0000] "GET /undefinedimages/style-picker/pattern12.jpg HTTP/1.1" 404 97755 "https://www.indiaexclusivetours.com/pagecontents.php?url=Privacy-Policy" "Mozilla/5.0 (Windows NT 6.1; Win64; x64) AppleWebKit/537.36 (KHTML, like Gecko) Chrome/92.0.4515.107 Safari/537.36"
132.154.252.113 - - [31/Jul/2021:07:24:41 +0000] "GET /undefinedimages/style-picker/pattern13.jpg HTTP/1.1" 404 97755 "https://www.indiaexclusivetours.com/pagecontents.php?url=Privacy-Policy" "Mozilla/5.0 (Windows NT 6.1; Win64; x64) AppleWebKit/537.36 (KHTML, like Gecko) Chrome/92.0.4515.107 Safari/537.36"
132.154.252.113 - - [31/Jul/2021:07:24:41 +0000] "GET /undefinedimages/style-picker/pattern14.jpg HTTP/1.1" 404 97755 "https://www.indiaexclusivetours.com/pagecontents.php?url=Privacy-Policy" "Mozilla/5.0 (Windows NT 6.1; Win64; x64) AppleWebKit/537.36 (KHTML, like Gecko) Chrome/92.0.4515.107 Safari/537.36"
132.154.252.113 - - [31/Jul/2021:07:24:41 +0000] "GET /undefinedimages/style-picker/pattern15.jpg HTTP/1.1" 404 97755 "https://www.indiaexclusivetours.com/pagecontents.php?url=Privacy-Policy" "Mozilla/5.0 (Windows NT 6.1; Win64; x64) AppleWebKit/537.36 (KHTML, like Gecko) Chrome/92.0.4515.107 Safari/537.36"
157.55.39.164 - - [31/Jul/2021:07:25:17 +0000] "GET /galleryimg/sringar.jpg HTTP/1.1" 200 77419 "-" "Mozilla/5.0 (compatible; bingbot/2.0; +http://www.bing.com/bingbot.htm)"
207.46.13.23 - - [31/Jul/2021:07:26:12 +0000] "GET /galleryimg/8832566Bharatpur-beach.jpg HTTP/1.1" 200 151238 "-" "Mozilla/5.0 (compatible; bingbot/2.0; +http://www.bing.com/bingbot.htm)"
66.249.66.207 - - [31/Jul/2021:07:33:39 +0000] "GET /packages.php?id=26 HTTP/1.1" 200 72398 "-" "Mozilla/5.0 (Linux; Android 6.0.1; Nexus 5X Build/MMB29P) AppleWebKit/537.36 (KHTML, like Gecko) Chrome/91.0.4472.90 Mobile Safari/537.36 (compatible; Googlebot/2.1; +http://www.google.com/bot.html)"
66.249.66.198 - - [31/Jul/2021:07:33:45 +0000] "HEAD /galleryimg/3521922badrinath-temple@2x.jpg HTTP/1.1" 404 - "http://www.indiaexclusivetours.com/" "Mozilla/5.0 (Linux; Android 6.0.1; Nexus 5X Build/MMB29P) AppleWebKit/537.36 (KHTML, like Gecko) Chrome/91.0.4472.90 Mobile Safari/537.36 (compatible; Googlebot/2.1; +http://www.google.com/bot.html)"
66.249.66.209 - - [31/Jul/2021:07:33:46 +0000] "HEAD /wp-content/themes/trendytravel/images/logo@2x.png HTTP/1.1" 404 - "http://www.indiaexclusivetours.com/packages.php?id=26" "Mozilla/5.0 (Linux; Android 6.0.1; Nexus 5X Build/MMB29P) AppleWebKit/537.36 (KHTML, like Gecko) Chrome/91.0.4472.90 Mobile Safari/537.36 (compatible; Googlebot/2.1; +http://www.google.com/bot.html)"
66.249.66.209 - - [31/Jul/2021:07:33:46 +0000] "HEAD /undefinedimages/style-picker/pattern8@2x.jpg HTTP/1.1" 404 - "http://www.indiaexclusivetours.com/packages.php?id=26" "Mozilla/5.0 (Linux; Android 6.0.1; Nexus 5X Build/MMB29P) AppleWebKit/537.36 (KHTML, like Gecko) Chrome/91.0.4472.90 Mobile Safari/537.36 (compatible; Googlebot/2.1; +http://www.google.com/bot.html)"
66.249.66.198 - - [31/Jul/2021:07:33:47 +0000] "HEAD /galleryimg/b48df54c2d823a2c4a287cd496275a91@2x.jpg HTTP/1.1" 404 - "http://www.indiaexclusivetours.com/" "Mozilla/5.0 (Linux; Android 6.0.1; Nexus 5X Build/MMB29P) AppleWebKit/537.36 (KHTML, like Gecko) Chrome/91.0.4472.90 Mobile Safari/537.36 (compatible; Googlebot/2.1; +http://www.google.com/bot.html)"
66.249.66.209 - - [31/Jul/2021:07:33:48 +0000] "HEAD /undefinedimages/style-picker/pattern14@2x.jpg HTTP/1.1" 404 - "http://www.indiaexclusivetours.com/packages.php?id=26" "Mozilla/5.0 (Linux; Android 6.0.1; Nexus 5X Build/MMB29P) AppleWebKit/537.36 (KHTML, like Gecko) Chrome/91.0.4472.90 Mobile Safari/537.36 (compatible; Googlebot/2.1; +http://www.google.com/bot.html)"
66.249.66.207 - - [31/Jul/2021:07:33:49 +0000] "HEAD /undefinedimages/style-picker/pattern13@2x.jpg HTTP/1.1" 404 - "http://www.indiaexclusivetours.com/packages.php?id=26" "Mozilla/5.0 (Linux; Android 6.0.1; Nexus 5X Build/MMB29P) AppleWebKit/537.36 (KHTML, like Gecko) Chrome/91.0.4472.90 Mobile Safari/537.36 (compatible; Googlebot/2.1; +http://www.google.com/bot.html)"
66.249.66.198 - - [31/Jul/2021:07:33:50 +0000] "HEAD /galleryimg/5341217nainital1@2x.jpg HTTP/1.1" 404 - "http://www.indiaexclusivetours.com/" "Mozilla/5.0 (Linux; Android 6.0.1; Nexus 5X Build/MMB29P) AppleWebKit/537.36 (KHTML, like Gecko) Chrome/91.0.4472.90 Mobile Safari/537.36 (compatible; Googlebot/2.1; +http://www.google.com/bot.html)"
66.249.66.198 - - [31/Jul/2021:07:33:51 +0000] "HEAD /galleryimg/288688b87578d78e43a6726f26726e43@2x.jpg HTTP/1.1" 404 - "http://www.indiaexclusivetours.com/" "Mozilla/5.0 (Linux; Android 6.0.1; Nexus 5X Build/MMB29P) AppleWebKit/537.36 (KHTML, like Gecko) Chrome/91.0.4472.90 Mobile Safari/537.36 (compatible; Googlebot/2.1; +http://www.google.com/bot.html)"
66.249.66.198 - - [31/Jul/2021:07:33:52 +0000] "HEAD /wp-content/uploads/domestic-tour-banner@2x.jpg HTTP/1.1" 404 - "http://www.indiaexclusivetours.com/" "Mozilla/5.0 (Linux; Android 6.0.1; Nexus 5X Build/MMB29P) AppleWebKit/537.36 (KHTML, like Gecko) Chrome/91.0.4472.90 Mobile Safari/537.36 (compatible; Googlebot/2.1; +http://www.google.com/bot.html)"
66.249.66.198 - - [31/Jul/2021:07:33:53 +0000] "HEAD /galleryimg/4578147mountabu@2x.jpg HTTP/1.1" 404 - "http://www.indiaexclusivetours.com/" "Mozilla/5.0 (Linux; Android 6.0.1; Nexus 5X Build/MMB29P) AppleWebKit/537.36 (KHTML, like Gecko) Chrome/91.0.4472.90 Mobile Safari/537.36 (compatible; Googlebot/2.1; +http://www.google.com/bot.html)"
66.249.66.198 - - [31/Jul/2021:07:33:54 +0000] "HEAD /galleryimg/6056047Indigo@2x.jpg HTTP/1.1" 404 - "http://www.indiaexclusivetours.com/" "Mozilla/5.0 (Linux; Android 6.0.1; Nexus 5X Build/MMB29P) AppleWebKit/537.36 (KHTML, like Gecko) Chrome/91.0.4472.90 Mobile Safari/537.36 (compatible; Googlebot/2.1; +http://www.google.com/bot.html)"
66.249.66.198 - - [31/Jul/2021:07:33:55 +0000] "HEAD /galleryimg/5931467kashmir-srinagar-dallake@2x.jpg HTTP/1.1" 404 - "http://www.indiaexclusivetours.com/" "Mozilla/5.0 (Linux; Android 6.0.1; Nexus 5X Build/MMB29P) AppleWebKit/537.36 (KHTML, like Gecko) Chrome/91.0.4472.90 Mobile Safari/537.36 (compatible; Googlebot/2.1; +http://www.google.com/bot.html)"
66.249.66.207 - - [31/Jul/2021:07:33:57 +0000] "HEAD /undefinedimages/style-picker/pattern12@2x.jpg HTTP/1.1" 404 - "http://www.indiaexclusivetours.com/packages.php?id=26" "Mozilla/5.0 (Linux; Android 6.0.1; Nexus 5X Build/MMB29P) AppleWebKit/537.36 (KHTML, like Gecko) Chrome/91.0.4472.90 Mobile Safari/537.36 (compatible; Googlebot/2.1; +http://www.google.com/bot.html)"
66.249.66.209 - - [31/Jul/2021:07:43:07 +0000] "GET /packages.php?id=29 HTTP/1.1" 200 72398 "-" "Mozilla/5.0 (Linux; Android 6.0.1; Nexus 5X Build/MMB29P) AppleWebKit/537.36 (KHTML, like Gecko) Chrome/91.0.4472.90 Mobile Safari/537.36 (compatible; Googlebot/2.1; +http://www.google.com/bot.html)"
66.249.66.209 - - [31/Jul/2021:07:43:13 +0000] "HEAD /undefinedimages/style-picker/picker-icon@2x.png HTTP/1.1" 404 - "http://www.indiaexclusivetours.com/packages.php?id=29" "Mozilla/5.0 (Linux; Android 6.0.1; Nexus 5X Build/MMB29P) AppleWebKit/537.36 (KHTML, like Gecko) Chrome/91.0.4472.90 Mobile Safari/537.36 (compatible; Googlebot/2.1; +http://www.google.com/bot.html)"
66.249.66.207 - - [31/Jul/2021:07:43:14 +0000] "HEAD /undefinedimages/style-picker/boxed@2x.jpg HTTP/1.1" 404 - "http://www.indiaexclusivetours.com/packages.php?id=29" "Mozilla/5.0 (Linux; Android 6.0.1; Nexus 5X Build/MMB29P) AppleWebKit/537.36 (KHTML, like Gecko) Chrome/91.0.4472.90 Mobile Safari/537.36 (compatible; Googlebot/2.1; +http://www.google.com/bot.html)"
66.249.66.209 - - [31/Jul/2021:07:43:14 +0000] "HEAD /undefinedimages/style-picker/pattern1@2x.jpg HTTP/1.1" 404 - "http://www.indiaexclusivetours.com/packages.php?id=29" "Mozilla/5.0 (Linux; Android 6.0.1; Nexus 5X Build/MMB29P) AppleWebKit/537.36 (KHTML, like Gecko) Chrome/91.0.4472.90 Mobile Safari/537.36 (compatible; Googlebot/2.1; +http://www.google.com/bot.html)"
66.249.66.207 - - [31/Jul/2021:07:43:15 +0000] "HEAD /undefinedimages/style-picker/pattern3@2x.jpg HTTP/1.1" 404 - "http://www.indiaexclusivetours.com/packages.php?id=29" "Mozilla/5.0 (Linux; Android 6.0.1; Nexus 5X Build/MMB29P) AppleWebKit/537.36 (KHTML, like Gecko) Chrome/91.0.4472.90 Mobile Safari/537.36 (compatible; Googlebot/2.1; +http://www.google.com/bot.html)"
66.249.66.207 - - [31/Jul/2021:07:43:16 +0000] "HEAD /undefinedimages/style-picker/pattern2@2x.jpg HTTP/1.1" 404 - "http://www.indiaexclusivetours.com/packages.php?id=29" "Mozilla/5.0 (Linux; Android 6.0.1; Nexus 5X Build/MMB29P) AppleWebKit/537.36 (KHTML, like Gecko) Chrome/91.0.4472.90 Mobile Safari/537.36 (compatible; Googlebot/2.1; +http://www.google.com/bot.html)"
66.249.66.207 - - [31/Jul/2021:07:43:17 +0000] "HEAD /undefinedimages/style-picker/pattern4@2x.jpg HTTP/1.1" 404 - "http://www.indiaexclusivetours.com/packages.php?id=29" "Mozilla/5.0 (Linux; Android 6.0.1; Nexus 5X Build/MMB29P) AppleWebKit/537.36 (KHTML, like Gecko) Chrome/91.0.4472.90 Mobile Safari/537.36 (compatible; Googlebot/2.1; +http://www.google.com/bot.html)"
66.249.66.207 - - [31/Jul/2021:07:43:18 +0000] "HEAD /undefinedimages/style-picker/pattern7@2x.jpg HTTP/1.1" 404 - "http://www.indiaexclusivetours.com/packages.php?id=29" "Mozilla/5.0 (Linux; Android 6.0.1; Nexus 5X Build/MMB29P) AppleWebKit/537.36 (KHTML, like Gecko) Chrome/91.0.4472.90 Mobile Safari/537.36 (compatible; Googlebot/2.1; +http://www.google.com/bot.html)"
66.249.66.207 - - [31/Jul/2021:07:43:19 +0000] "HEAD /undefinedimages/style-picker/pattern6@2x.jpg HTTP/1.1" 404 - "http://www.indiaexclusivetours.com/packages.php?id=29" "Mozilla/5.0 (Linux; Android 6.0.1; Nexus 5X Build/MMB29P) AppleWebKit/537.36 (KHTML, like Gecko) Chrome/91.0.4472.90 Mobile Safari/537.36 (compatible; Googlebot/2.1; +http://www.google.com/bot.html)"
66.249.66.207 - - [31/Jul/2021:07:43:20 +0000] "HEAD /undefinedimages/style-picker/pattern10@2x.jpg HTTP/1.1" 404 - "http://www.indiaexclusivetours.com/packages.php?id=29" "Mozilla/5.0 (Linux; Android 6.0.1; Nexus 5X Build/MMB29P) AppleWebKit/537.36 (KHTML, like Gecko) Chrome/91.0.4472.90 Mobile Safari/537.36 (compatible; Googlebot/2.1; +http://www.google.com/bot.html)"
66.249.66.198 - - [31/Jul/2021:07:43:22 +0000] "HEAD /galleryimg/8775713hotel-marina-shimla@2x.jpg HTTP/1.1" 404 - "http://www.indiaexclusivetours.com/" "Mozilla/5.0 (Linux; Android 6.0.1; Nexus 5X Build/MMB29P) AppleWebKit/537.36 (KHTML, like Gecko) Chrome/91.0.4472.90 Mobile Safari/537.36 (compatible; Googlebot/2.1; +http://www.google.com/bot.html)"
66.249.66.198 - - [31/Jul/2021:07:43:22 +0000] "HEAD /galleryimg/9137949honeymoon-inn-shimla1@2x.jpg HTTP/1.1" 404 - "http://www.indiaexclusivetours.com/" "Mozilla/5.0 (Linux; Android 6.0.1; Nexus 5X Build/MMB29P) AppleWebKit/537.36 (KHTML, like Gecko) Chrome/91.0.4472.90 Mobile Safari/537.36 (compatible; Googlebot/2.1; +http://www.google.com/bot.html)"
66.249.66.207 - - [31/Jul/2021:07:43:23 +0000] "HEAD /undefinedimages/style-picker/pattern11@2x.jpg HTTP/1.1" 404 - "http://www.indiaexclusivetours.com/packages.php?id=29" "Mozilla/5.0 (Linux; Android 6.0.1; Nexus 5X Build/MMB29P) AppleWebKit/537.36 (KHTML, like Gecko) Chrome/91.0.4472.90 Mobile Safari/537.36 (compatible; Googlebot/2.1; +http://www.google.com/bot.html)"
66.249.66.198 - - [31/Jul/2021:07:43:24 +0000] "HEAD /galleryimg/4234128hotel-solang-valley-resort-manali@2x.jpg HTTP/1.1" 404 - "http://www.indiaexclusivetours.com/" "Mozilla/5.0 (Linux; Android 6.0.1; Nexus 5X Build/MMB29P) AppleWebKit/537.36 (KHTML, like Gecko) Chrome/91.0.4472.90 Mobile Safari/537.36 (compatible; Googlebot/2.1; +http://www.google.com/bot.html)"
114.119.147.203 - - [31/Jul/2021:07:45:49 +0000] "GET /destination/palampur.html HTTP/1.1" 200 129251 "-" "Mozilla/5.0 (Linux; Android 7.0;) AppleWebKit/537.36 (KHTML, like Gecko) Mobile Safari/537.36 (compatible; PetalBot;+https://webmaster.petalsearch.com/site/petalbot)"
114.119.142.27 - - [31/Jul/2021:07:47:42 +0000] "GET /india-tour-packages/undefinedimages/style-picker/fullwidth.jpg HTTP/1.1" 404 121584 "-" "Mozilla/5.0 (Linux; Android 7.0;) AppleWebKit/537.36 (KHTML, like Gecko) Mobile Safari/537.36 (compatible; PetalBot;+https://webmaster.petalsearch.com/site/petalbot)"
114.119.142.27 - - [31/Jul/2021:07:49:38 +0000] "GET /india-tour-packages/galleryimg HTTP/1.1" 404 121584 "-" "Mozilla/5.0 (Linux; Android 7.0;) AppleWebKit/537.36 (KHTML, like Gecko) Mobile Safari/537.36 (compatible; PetalBot;+https://webmaster.petalsearch.com/site/petalbot)"
114.119.145.134 - - [31/Jul/2021:07:51:28 +0000] "GET /car-details.php?id=3 HTTP/1.1" 200 109171 "-" "Mozilla/5.0 (Linux; Android 7.0;) AppleWebKit/537.36 (KHTML, like Gecko) Mobile Safari/537.36 (compatible; PetalBot;+https://webmaster.petalsearch.com/site/petalbot)"
114.119.134.1 - - [31/Jul/2021:07:53:02 +0000] "GET /destination/anjuna-beach.html HTTP/1.1" 200 125732 "-" "Mozilla/5.0 (Linux; Android 7.0;) AppleWebKit/537.36 (KHTML, like Gecko) Mobile Safari/537.36 (compatible; PetalBot;+https://webmaster.petalsearch.com/site/petalbot)"
114.119.134.1 - - [31/Jul/2021:07:54:45 +0000] "GET /saurashtra-tour.html HTTP/1.1" 200 92412 "-" "Mozilla/5.0 (Linux; Android 7.0;) AppleWebKit/537.36 (KHTML, like Gecko) Mobile Safari/537.36 (compatible; PetalBot;+https://webmaster.petalsearch.com/site/petalbot)"
20.98.122.200 - - [31/Jul/2021:07:54:58 +0000] "GET /galleryimg/6006646Kumarakom-House-Boat-Tours.jpg HTTP/1.1" 200 2236953 "https://yandex.com/images/search?text=kerala%20tour&pos=30&p=1&img_url=https%3A%2F%2Fpbs.twimg.com%2Fmedia%2FENR4tcOUYAYlJFX.jpg&rpt=simage" "Mozilla/5.0 (X11; Linux x86_64) AppleWebKit/537.36 (KHTML, like Gecko) HeadlessChrome/91.0.4472.77 Safari/537.36"
114.119.142.27 - - [31/Jul/2021:07:56:27 +0000] "GET /destination/varca-beach.html HTTP/1.1" 200 127003 "-" "Mozilla/5.0 (Linux; Android 7.0;) AppleWebKit/537.36 (KHTML, like Gecko) Mobile Safari/537.36 (compatible; PetalBot;+https://webmaster.petalsearch.com/site/petalbot)"
114.119.147.203 - - [31/Jul/2021:07:58:03 +0000] "GET /golden-triangle-tour-with-pushkar.html HTTP/1.1" 200 103816 "-" "Mozilla/5.0 (Linux; Android 7.0;) AppleWebKit/537.36 (KHTML, like Gecko) Mobile Safari/537.36 (compatible; PetalBot;+https://webmaster.petalsearch.com/site/petalbot)"
20.98.122.200 - - [31/Jul/2021:07:58:14 +0000] "GET /galleryimg/5550000kerala-tourism-india.jpg HTTP/1.1" 200 383684 "https://yandex.com/images/search?text=kerala%20tour&pos=184&p=6&img_url=https%3A%2F%2Fkeralattractions.files.wordpress.com%2F2013%2F01%2Falleppey-backwaters.jpg&rpt=simage" "Mozilla/5.0 (X11; Linux x86_64) AppleWebKit/537.36 (KHTML, like Gecko) HeadlessChrome/91.0.4472.77 Safari/537.36"
114.119.134.1 - - [31/Jul/2021:08:06:44 +0000] "GET /destination/candolim-beach.html HTTP/1.1" 200 126201 "-" "Mozilla/5.0 (Linux; Android 7.0;) AppleWebKit/537.36 (KHTML, like Gecko) Mobile Safari/537.36 (compatible; PetalBot;+https://webmaster.petalsearch.com/site/petalbot)"
114.119.159.33 - - [31/Jul/2021:08:08:39 +0000] "GET /about-destination.php?id=45 HTTP/1.1" 200 72673 "-" "Mozilla/5.0 (Linux; Android 7.0;) AppleWebKit/537.36 (KHTML, like Gecko) Mobile Safari/537.36 (compatible; PetalBot;+https://webmaster.petalsearch.com/site/petalbot)"
114.119.145.134 - - [31/Jul/2021:08:10:27 +0000] "GET /destination/hotel-destinations.php HTTP/1.1" 404 121584 "-" "Mozilla/5.0 (Linux; Android 7.0;) AppleWebKit/537.36 (KHTML, like Gecko) Mobile Safari/537.36 (compatible; PetalBot;+https://webmaster.petalsearch.com/site/petalbot)"
114.119.150.92 - - [31/Jul/2021:08:12:09 +0000] "GET /nainital-tour-package.html HTTP/1.1" 200 98462 "-" "Mozilla/5.0 (Linux; Android 7.0;) AppleWebKit/537.36 (KHTML, like Gecko) Mobile Safari/537.36 (compatible; PetalBot;+https://webmaster.petalsearch.com/site/petalbot)"
114.119.158.181 - - [31/Jul/2021:08:13:58 +0000] "GET /dhanaulti-tour-package.html HTTP/1.1" 200 97280 "-" "Mozilla/5.0 (Linux; Android 7.0;) AppleWebKit/537.36 (KHTML, like Gecko) Mobile Safari/537.36 (compatible; PetalBot;+https://webmaster.petalsearch.com/site/petalbot)"
216.244.66.234 - - [31/Jul/2021:08:22:28 +0000] "GET /robots.txt HTTP/1.1" 404 121584 "-" "Mozilla/5.0 (compatible; DotBot/1.2; +https://opensiteexplorer.org/dotbot; help@moz.com)"
124.65.117.38 - - [31/Jul/2021:08:24:08 +0000] "GET /thank-you.php HTTP/1.0" 301 256 "http://indiaexclusivetours.com/thank-you.php" "Mozilla/5.0 (Windows NT 6.3; Win64; x64) AppleWebKit/537.36 (KHTML, like Gecko) Chrome/90.0.4430.72 Safari/537.36"
103.21.163.70 - - [31/Jul/2021:08:24:21 +0000] "GET /thank-you.php HTTP/1.0" 301 256 "http://indiaexclusivetours.com/thank-you.php" "Mozilla/5.0 (Windows NT 6.3; Win64; x64) AppleWebKit/537.36 (KHTML, like Gecko) Chrome/90.0.4430.72 Safari/537.36"
124.65.117.38 - - [31/Jul/2021:08:25:01 +0000] "GET /thank-you.php HTTP/1.0" 200 70006 "http://www.indiaexclusivetours.com/thank-you.php" "Mozilla/5.0 (Windows NT 6.3; Win64; x64) AppleWebKit/537.36 (KHTML, like Gecko) Chrome/90.0.4430.72 Safari/537.36"
216.244.66.234 - - [31/Jul/2021:08:31:54 +0000] "GET /index.php HTTP/1.1" 301 243 "-" "Mozilla/5.0 (compatible; DotBot/1.2; +https://opensiteexplorer.org/dotbot; help@moz.com)"
207.46.13.23 - - [31/Jul/2021:08:35:18 +0000] "GET /galleryimg/9304357auli1.jpg HTTP/1.1" 200 490301 "-" "Mozilla/5.0 (compatible; bingbot/2.0; +http://www.bing.com/bingbot.htm)"
216.244.66.234 - - [31/Jul/2021:08:42:10 +0000] "GET /galleryimg/Lakshadweep-Islands.jpg HTTP/1.1" 200 258609 "-" "Mozilla/5.0 (compatible; DotBot/1.2; +https://opensiteexplorer.org/dotbot; help@moz.com)"
185.191.171.40 - - [31/Jul/2021:08:45:06 +0000] "GET /robots.txt HTTP/1.1" 404 121584 "-" "Mozilla/5.0 (compatible; SemrushBot/7~bl; +http://www.semrush.com/bot.html)"
185.191.171.1 - - [31/Jul/2021:08:45:08 +0000] "GET /destination/kasauli.html HTTP/1.1" 200 128459 "-" "Mozilla/5.0 (compatible; SemrushBot/7~bl; +http://www.semrush.com/bot.html)"
114.119.150.92 - - [31/Jul/2021:08:52:29 +0000] "GET /about-destination.php?id=26 HTTP/1.1" 200 72673 "-" "Mozilla/5.0 (Linux; Android 7.0;) AppleWebKit/537.36 (KHTML, like Gecko) Mobile Safari/537.36 (compatible; PetalBot;+https://webmaster.petalsearch.com/site/petalbot)"
77.75.76.161 - - [31/Jul/2021:08:53:39 +0000] "GET /robots.txt HTTP/1.1" 404 121584 "-" "Mozilla/5.0 (compatible; SeznamBot/3.2; +http://napoveda.seznam.cz/en/seznambot-intro/)"
77.75.76.161 - - [31/Jul/2021:08:53:42 +0000] "GET /galleryimg/1763576jaipur%201.jpg HTTP/1.1" 200 283841 "-" "Mozilla/5.0 (compatible; SeznamBot/3.2; +http://napoveda.seznam.cz/en/seznambot-intro/)"
114.119.158.181 - - [31/Jul/2021:08:54:06 +0000] "GET /packages.php?id=38 HTTP/1.1" 200 72398 "-" "Mozilla/5.0 (Linux; Android 7.0;) AppleWebKit/537.36 (KHTML, like Gecko) Mobile Safari/537.36 (compatible; PetalBot;+https://webmaster.petalsearch.com/site/petalbot)"
103.159.183.18 - - [31/Jul/2021:08:54:45 +0000] "GET /galleryimg/1347452Lakshadweep-Islands.jpg HTTP/1.1" 200 258609 "https://www.google.com/" "Mozilla/5.0 (Windows NT 10.0; Win64; x64) AppleWebKit/537.36 (KHTML, like Gecko) Chrome/92.0.4515.107 Safari/537.36"
114.119.158.181 - - [31/Jul/2021:08:56:00 +0000] "GET /packages.php?id=16 HTTP/1.1" 200 72398 "-" "Mozilla/5.0 (Linux; Android 7.0;) AppleWebKit/537.36 (KHTML, like Gecko) Mobile Safari/537.36 (compatible; PetalBot;+https://webmaster.petalsearch.com/site/petalbot)"
114.119.156.46 - - [31/Jul/2021:08:57:54 +0000] "GET /destinations.php HTTP/1.1" 200 89019 "-" "Mozilla/5.0 (Linux; Android 7.0;) AppleWebKit/537.36 (KHTML, like Gecko) Mobile Safari/537.36 (compatible; PetalBot;+https://webmaster.petalsearch.com/site/petalbot)"
162.241.252.143 - - [31/Jul/2021:08:58:36 +0000] "GET /wordpress/wp-admin/ HTTP/1.1" 301 262 "http://indiaexclusivetours.com/" "Mozilla/5.0 (Windows NT 10.0; Win64; x64) AppleWebKit/537.36 (KHTML, like Gecko) Chrome/78.0.3904.97 Safari/537.36"
162.241.252.143 - - [31/Jul/2021:08:58:36 +0000] "GET /wordpress/wp-admin/ HTTP/1.1" 404 121584 "http://indiaexclusivetours.com/" "Mozilla/5.0 (Windows NT 10.0; Win64; x64) AppleWebKit/537.36 (KHTML, like Gecko) Chrome/78.0.3904.97 Safari/537.36"
114.119.150.92 - - [31/Jul/2021:09:00:00 +0000] "GET /destinations-in-india/weekend-tour-package.html HTTP/1.1" 200 87837 "-" "Mozilla/5.0 (Linux; Android 7.0;) AppleWebKit/537.36 (KHTML, like Gecko) Mobile Safari/537.36 (compatible; PetalBot;+https://webmaster.petalsearch.com/site/petalbot)"
114.119.147.203 - - [31/Jul/2021:09:01:52 +0000] "GET /golden-triangle-india-tour.html HTTP/1.1" 200 100205 "-" "Mozilla/5.0 (Linux; Android 7.0;) AppleWebKit/537.36 (KHTML, like Gecko) Mobile Safari/537.36 (compatible; PetalBot;+https://webmaster.petalsearch.com/site/petalbot)"
66.249.66.204 - - [31/Jul/2021:09:04:08 +0000] "GET /robots.txt HTTP/1.1" 404 121584 "-" "Mozilla/5.0 (compatible; Googlebot/2.1; +http://www.google.com/bot.html)"
66.249.66.204 - - [31/Jul/2021:09:04:09 +0000] "GET /ooty-kodaikanal-munnar-honeymoon-tour-package.html HTTP/1.1" 200 100849 "-" "Mozilla/5.0 (Linux; Android 6.0.1; Nexus 5X Build/MMB29P) AppleWebKit/537.36 (KHTML, like Gecko) Chrome/92.0.4515.119 Mobile Safari/537.36 (compatible; Googlebot/2.1; +http://www.google.com/bot.html)"
207.46.13.23 - - [31/Jul/2021:09:06:52 +0000] "GET /hotel/solang-valley-resort-manali.html HTTP/1.1" 500 - "-" "Mozilla/5.0 (compatible; bingbot/2.0; +http://www.bing.com/bingbot.htm)"
66.249.66.209 - - [31/Jul/2021:09:07:34 +0000] "GET /india-tour-packages/india-beaches-tour.html HTTP/1.1" 200 85771 "-" "Mozilla/5.0 (compatible; Googlebot/2.1; +http://www.google.com/bot.html)"
66.249.66.211 - - [31/Jul/2021:09:07:34 +0000] "GET /robots.txt HTTP/1.1" 404 121584 "-" "Mozilla/5.0 (compatible; Googlebot/2.1; +http://www.google.com/bot.html)"
66.249.66.204 - - [31/Jul/2021:09:07:38 +0000] "GET /wp-content/cache/wpfc-minified/8/1473342606index.css HTTP/1.1" 200 4146 "http://www.indiaexclusivetours.com/" "Mozilla/5.0 AppleWebKit/537.36 (KHTML, like Gecko; compatible; Googlebot/2.1; +http://www.google.com/bot.html) Chrome/91.0.4472.90 Safari/537.36"
20.99.143.59 - - [31/Jul/2021:09:10:18 +0000] "GET /galleryimg/9855291Agra-Fort.jpg HTTP/1.1" 200 433338 "https://yandex.com/images/search?text=uttar%20pradesh%20india&pos=109&p=3&img_url=https%3A%2F%2Fwww.deccanherald.com%2Fsites%2Fdh%2Ffiles%2Farticle_images%2F2020%2F05%2F19%2FTaj%2520Mahal.PTI_-1875708441-1528743809.jpg&rpt=simage" "Mozilla/5.0 (X11; Linux x86_64) AppleWebKit/537.36 (KHTML, like Gecko) HeadlessChrome/91.0.4472.77 Safari/537.36"
114.119.159.33 - - [31/Jul/2021:09:14:25 +0000] "GET /about-destination.php?id=39 HTTP/1.1" 200 72673 "-" "Mozilla/5.0 (Linux; Android 7.0;) AppleWebKit/537.36 (KHTML, like Gecko) Mobile Safari/537.36 (compatible; PetalBot;+https://webmaster.petalsearch.com/site/petalbot)"
162.241.225.222 - - [31/Jul/2021:09:21:21 +0000] "GET /wp-conflg.php HTTP/1.1" 301 256 "http://simplesite.com" "Mozilla/5.0 (Windows; U; Windows NT 5.1; en-US) AppleWebKit/533.4 (KHTML, like Gecko) Chrome/5.0.375.99 Safari/533.4"
162.241.225.222 - - [31/Jul/2021:09:21:22 +0000] "GET /wp-conflg.php HTTP/1.1" 404 121584 "http://indiaexclusivetours.com/wp-conflg.php" "Mozilla/5.0 (Windows; U; Windows NT 5.1; en-US) AppleWebKit/533.4 (KHTML, like Gecko) Chrome/5.0.375.99 Safari/533.4"
95.90.188.150 - - [31/Jul/2021:09:25:11 +0000] "GET /galleryimg/goa-beach2.jpg HTTP/1.1" 200 138063 "https://www.google.com/" "Mozilla/5.0 (Windows NT 10.0; Win64; x64) AppleWebKit/537.36 (KHTML, like Gecko) Chrome/92.0.4515.107 Safari/537.36"
66.249.66.207 - - [31/Jul/2021:09:25:17 +0000] "GET /favicon.ico HTTP/1.1" 404 121584 "-" "Googlebot-Image/1.0"
20.69.185.4 - - [31/Jul/2021:09:25:33 +0000] "GET /galleryimg/5944320kerala-tourism-india.jpg HTTP/1.1" 200 383684 "https://yandex.com/images/search?text=kerala%20assembly&pos=305&p=10&img_url=https%3A%2F%2Fmydelhiadventures.files.wordpress.com%2F2010%2F04%2Fimg_2722.jpg&rpt=simage" "Mozilla/5.0 (X11; Linux x86_64) AppleWebKit/537.36 (KHTML, like Gecko) HeadlessChrome/91.0.4472.77 Safari/537.36"
72.49.49.11 - - [31/Jul/2021:09:26:01 +0000] "GET / HTTP/1.0" 200 121584 "http://www.indiaexclusivetours.com/" "Mozilla/5.0 (Windows NT 6.3; Win64; x64) AppleWebKit/537.36 (KHTML, like Gecko) Chrome/90.0.4430.93 Safari/537.36"
121.41.118.55 - - [31/Jul/2021:09:32:09 +0000] "GET /wp-admin/code87/5.php HTTP/1.1" 301 264 "http://simplesite.com" "Mozilla/5.0 (Windows; U; Windows NT 5.1; en-US) AppleWebKit/533.4 (KHTML, like Gecko) Chrome/5.0.375.99 Safari/533.4"
121.41.118.55 - - [31/Jul/2021:09:32:11 +0000] "GET /wp-admin/code87/5.php HTTP/1.1" 404 121584 "http://indiaexclusivetours.com/wp-admin/code87/5.php" "Mozilla/5.0 (Windows; U; Windows NT 5.1; en-US) AppleWebKit/533.4 (KHTML, like Gecko) Chrome/5.0.375.99 Safari/533.4"
40.77.167.68 - - [31/Jul/2021:09:37:08 +0000] "GET /galleryimg/5931467kashmir-srinagar-dallake.jpg HTTP/1.1" 200 377284 "-" "Mozilla/5.0 (compatible; bingbot/2.0; +http://www.bing.com/bingbot.htm)"
89.46.110.96 - - [31/Jul/2021:09:47:24 +0000] "GET /old/wp-admin/ HTTP/1.1" 301 256 "http://indiaexclusivetours.com/" "Mozilla/5.0 (Windows NT 10.0; Win64; x64) AppleWebKit/537.36 (KHTML, like Gecko) Chrome/78.0.3904.97 Safari/537.36"
89.46.110.96 - - [31/Jul/2021:09:47:25 +0000] "GET /old/wp-admin/ HTTP/1.1" 404 121584 "http://indiaexclusivetours.com/" "Mozilla/5.0 (Windows NT 10.0; Win64; x64) AppleWebKit/537.36 (KHTML, like Gecko) Chrome/78.0.3904.97 Safari/537.36"
114.119.156.46 - - [31/Jul/2021:09:54:32 +0000] "GET /destinations-in-india HTTP/1.1" 301 293 "-" "Mozilla/5.0 (Linux; Android 7.0;) AppleWebKit/537.36 (KHTML, like Gecko) Mobile Safari/537.36 (compatible; PetalBot;+https://webmaster.petalsearch.com/site/petalbot)"
114.119.156.46 - - [31/Jul/2021:09:54:32 +0000] "GET /destinations-in-india/?page=destinations-in-india HTTP/1.1" 200 69988 "-" "Mozilla/5.0 (Linux; Android 7.0;) AppleWebKit/537.36 (KHTML, like Gecko) Mobile Safari/537.36 (compatible; PetalBot;+https://webmaster.petalsearch.com/site/petalbot)"
77.75.76.165 - - [31/Jul/2021:09:54:59 +0000] "GET /robots.txt HTTP/1.1" 404 121584 "-" "Mozilla/5.0 (compatible; SeznamBot/3.2; +http://napoveda.seznam.cz/en/seznambot-intro/)"
77.75.76.165 - - [31/Jul/2021:09:55:02 +0000] "GET /singapore-city-tour.html HTTP/1.1" 200 95742 "-" "Mozilla/5.0 (compatible; SeznamBot/3.2; +http://napoveda.seznam.cz/en/seznambot-intro/)"
114.119.150.92 - - [31/Jul/2021:09:56:23 +0000] "GET /packages.php?id=40 HTTP/1.1" 200 72398 "-" "Mozilla/5.0 (Linux; Android 7.0;) AppleWebKit/537.36 (KHTML, like Gecko) Mobile Safari/537.36 (compatible; PetalBot;+https://webmaster.petalsearch.com/site/petalbot)"
114.119.158.181 - - [31/Jul/2021:10:00:15 +0000] "GET /about-destination.php?id=33 HTTP/1.1" 200 72673 "-" "Mozilla/5.0 (Linux; Android 7.0;) AppleWebKit/537.36 (KHTML, like Gecko) Mobile Safari/537.36 (compatible; PetalBot;+https://webmaster.petalsearch.com/site/petalbot)"
50.87.144.189 - - [31/Jul/2021:10:01:11 +0000] "GET /wp/wp-admin/ HTTP/1.1" 301 255 "http://indiaexclusivetours.com/" "Mozilla/5.0 (Windows NT 10.0; Win64; x64) AppleWebKit/537.36 (KHTML, like Gecko) Chrome/78.0.3904.97 Safari/537.36"
50.87.144.189 - - [31/Jul/2021:10:01:12 +0000] "GET /wp/wp-admin/ HTTP/1.1" 404 121584 "http://indiaexclusivetours.com/" "Mozilla/5.0 (Windows NT 10.0; Win64; x64) AppleWebKit/537.36 (KHTML, like Gecko) Chrome/78.0.3904.97 Safari/537.36"
114.119.145.134 - - [31/Jul/2021:10:02:07 +0000] "GET /wp-content/cache/wpfc-minified/7/1473342606index.css HTTP/1.1" 200 261020 "-" "Mozilla/5.0 (Linux; Android 7.0;) AppleWebKit/537.36 (KHTML, like Gecko) Mobile Safari/537.36 (compatible; PetalBot;+https://webmaster.petalsearch.com/site/petalbot)"
114.119.145.134 - - [31/Jul/2021:10:16:11 +0000] "GET /kerala-culture-with-wildlife.html HTTP/1.1" 200 100638 "-" "Mozilla/5.0 (Linux; Android 7.0;) AppleWebKit/537.36 (KHTML, like Gecko) Mobile Safari/537.36 (compatible; PetalBot;+https://webmaster.petalsearch.com/site/petalbot)"
185.191.171.44 - - [31/Jul/2021:10:17:09 +0000] "GET /robots.txt HTTP/1.1" 404 121584 "-" "Mozilla/5.0 (compatible; SemrushBot/7~bl; +http://www.semrush.com/bot.html)"
185.191.171.5 - - [31/Jul/2021:10:17:11 +0000] "GET /goa-beach-tour.html HTTP/1.1" 200 99927 "-" "Mozilla/5.0 (compatible; SemrushBot/7~bl; +http://www.semrush.com/bot.html)"
114.119.156.46 - - [31/Jul/2021:10:18:48 +0000] "GET /hotel-destinations.php HTTP/1.1" 200 71590 "-" "Mozilla/5.0 (Linux; Android 7.0;) AppleWebKit/537.36 (KHTML, like Gecko) Mobile Safari/537.36 (compatible; PetalBot;+https://webmaster.petalsearch.com/site/petalbot)"
66.249.66.198 - - [31/Jul/2021:10:20:29 +0000] "GET /dwarka-somnath-temple-tour.html HTTP/1.1" 200 92412 "-" "Mozilla/5.0 (Linux; Android 6.0.1; Nexus 5X Build/MMB29P) AppleWebKit/537.36 (KHTML, like Gecko) Chrome/92.0.4515.119 Mobile Safari/537.36 (compatible; Googlebot/2.1; +http://www.google.com/bot.html)"
66.249.66.201 - - [31/Jul/2021:10:20:33 +0000] "HEAD /undefinedimages/style-picker/fullwidth@2x.jpg HTTP/1.1" 404 - "https://www.indiaexclusivetours.com/dwarka-somnath-temple-tour.html" "Mozilla/5.0 (Linux; Android 6.0.1; Nexus 5X Build/MMB29P) AppleWebKit/537.36 (KHTML, like Gecko) Chrome/91.0.4472.90 Mobile Safari/537.36 (compatible; Googlebot/2.1; +http://www.google.com/bot.html)"
66.249.66.198 - - [31/Jul/2021:10:20:33 +0000] "HEAD /undefinedimages/style-picker/boxed@2x.jpg HTTP/1.1" 404 - "https://www.indiaexclusivetours.com/dwarka-somnath-temple-tour.html" "Mozilla/5.0 (Linux; Android 6.0.1; Nexus 5X Build/MMB29P) AppleWebKit/537.36 (KHTML, like Gecko) Chrome/91.0.4472.90 Mobile Safari/537.36 (compatible; Googlebot/2.1; +http://www.google.com/bot.html)"
66.249.66.198 - - [31/Jul/2021:10:20:34 +0000] "HEAD /undefinedimages/style-picker/pattern14@2x.jpg HTTP/1.1" 404 - "https://www.indiaexclusivetours.com/dwarka-somnath-temple-tour.html" "Mozilla/5.0 (Linux; Android 6.0.1; Nexus 5X Build/MMB29P) AppleWebKit/537.36 (KHTML, like Gecko) Chrome/91.0.4472.90 Mobile Safari/537.36 (compatible; Googlebot/2.1; +http://www.google.com/bot.html)"
66.249.66.198 - - [31/Jul/2021:10:20:35 +0000] "HEAD /wp-content/uploads/2014/07/support-author@2x.png HTTP/1.1" 404 - "https://www.indiaexclusivetours.com/dwarka-somnath-temple-tour.html" "Mozilla/5.0 (Linux; Android 6.0.1; Nexus 5X Build/MMB29P) AppleWebKit/537.36 (KHTML, like Gecko) Chrome/91.0.4472.90 Mobile Safari/537.36 (compatible; Googlebot/2.1; +http://www.google.com/bot.html)"
66.249.66.198 - - [31/Jul/2021:10:20:37 +0000] "HEAD /galleryimg/362903479846552ca33c822f20cee798@2x.jpg HTTP/1.1" 404 - "https://www.indiaexclusivetours.com/dwarka-somnath-temple-tour.html" "Mozilla/5.0 (Linux; Android 6.0.1; Nexus 5X Build/MMB29P) AppleWebKit/537.36 (KHTML, like Gecko) Chrome/91.0.4472.90 Mobile Safari/537.36 (compatible; Googlebot/2.1; +http://www.google.com/bot.html)"
66.249.66.198 - - [31/Jul/2021:10:20:39 +0000] "HEAD /galleryimg/7251614cc59bb8d5c03f99fbb0df0b2f@2x.jpg HTTP/1.1" 404 - "https://www.indiaexclusivetours.com/dwarka-somnath-temple-tour.html" "Mozilla/5.0 (Linux; Android 6.0.1; Nexus 5X Build/MMB29P) AppleWebKit/537.36 (KHTML, like Gecko) Chrome/91.0.4472.90 Mobile Safari/537.36 (compatible; Googlebot/2.1; +http://www.google.com/bot.html)"
66.249.66.198 - - [31/Jul/2021:10:20:40 +0000] "HEAD /wp-content/themes/trendytravel/images/member@2x.jpg HTTP/1.1" 404 - "https://www.indiaexclusivetours.com/dwarka-somnath-temple-tour.html" "Mozilla/5.0 (Linux; Android 6.0.1; Nexus 5X Build/MMB29P) AppleWebKit/537.36 (KHTML, like Gecko) Chrome/91.0.4472.90 Mobile Safari/537.36 (compatible; Googlebot/2.1; +http://www.google.com/bot.html)"
66.249.66.198 - - [31/Jul/2021:10:20:42 +0000] "HEAD /galleryimg/1351064Kedarnathji@2x.jpg HTTP/1.1" 404 - "https://www.indiaexclusivetours.com/dwarka-somnath-temple-tour.html" "Mozilla/5.0 (Linux; Android 6.0.1; Nexus 5X Build/MMB29P) AppleWebKit/537.36 (KHTML, like Gecko) Chrome/91.0.4472.90 Mobile Safari/537.36 (compatible; Googlebot/2.1; +http://www.google.com/bot.html)"
