66.249.66.198 - - [04/Aug/2021:02:38:21 +0000] "HEAD /galleryimg/8514435religous.%20tourism@2x.jpg HTTP/1.1" 404 - "https://www.indiaexclusivetours.com/golden-temple-tour.html" "Mozilla/5.0 (Linux; Android 6.0.1; Nexus 5X Build/MMB29P) AppleWebKit/537.36 (KHTML, like Gecko) Chrome/91.0.4472.90 Mobile Safari/537.36 (compatible; Googlebot/2.1; +http://www.google.com/bot.html)"
66.249.66.204 - - [04/Aug/2021:02:43:11 +0000] "GET /nainital-ranikhet-tour.html HTTP/1.1" 200 98521 "-" "Mozilla/5.0 (Linux; Android 6.0.1; Nexus 5X Build/MMB29P) AppleWebKit/537.36 (KHTML, like Gecko) Chrome/92.0.4515.119 Mobile Safari/537.36 (compatible; Googlebot/2.1; +http://www.google.com/bot.html)"
66.249.66.201 - - [04/Aug/2021:02:43:15 +0000] "HEAD /wp-content/themes/trendytravel/images/logo@2x.png HTTP/1.1" 404 - "https://www.indiaexclusivetours.com/nainital-ranikhet-tour.html" "Mozilla/5.0 (Linux; Android 6.0.1; Nexus 5X Build/MMB29P) AppleWebKit/537.36 (KHTML, like Gecko) Chrome/91.0.4472.90 Mobile Safari/537.36 (compatible; Googlebot/2.1; +http://www.google.com/bot.html)"
66.249.66.198 - - [04/Aug/2021:02:43:16 +0000] "HEAD /galleryimg/4355960Auli-Skiing@2x.jpg HTTP/1.1" 404 - "https://www.indiaexclusivetours.com/nainital-ranikhet-tour.html" "Mozilla/5.0 (Linux; Android 6.0.1; Nexus 5X Build/MMB29P) AppleWebKit/537.36 (KHTML, like Gecko) Chrome/91.0.4472.90 Mobile Safari/537.36 (compatible; Googlebot/2.1; +http://www.google.com/bot.html)"
66.249.66.198 - - [04/Aug/2021:02:43:16 +0000] "HEAD /galleryimg/4578147mountabu@2x.jpg HTTP/1.1" 404 - "https://www.indiaexclusivetours.com/nainital-ranikhet-tour.html" "Mozilla/5.0 (Linux; Android 6.0.1; Nexus 5X Build/MMB29P) AppleWebKit/537.36 (KHTML, like Gecko) Chrome/91.0.4472.90 Mobile Safari/537.36 (compatible; Googlebot/2.1; +http://www.google.com/bot.html)"
66.249.66.201 - - [04/Aug/2021:02:43:17 +0000] "HEAD /galleryimg/ranikhet1@2x.jpg HTTP/1.1" 404 - "https://www.indiaexclusivetours.com/nainital-ranikhet-tour.html" "Mozilla/5.0 (Linux; Android 6.0.1; Nexus 5X Build/MMB29P) AppleWebKit/537.36 (KHTML, like Gecko) Chrome/91.0.4472.90 Mobile Safari/537.36 (compatible; Googlebot/2.1; +http://www.google.com/bot.html)"
66.249.66.198 - - [04/Aug/2021:02:43:17 +0000] "HEAD /galleryimg/d02ba9dc34fc04997c48ca99028c9878@2x.jpg HTTP/1.1" 404 - "https://www.indiaexclusivetours.com/nainital-ranikhet-tour.html" "Mozilla/5.0 (Linux; Android 6.0.1; Nexus 5X Build/MMB29P) AppleWebKit/537.36 (KHTML, like Gecko) Chrome/91.0.4472.90 Mobile Safari/537.36 (compatible; Googlebot/2.1; +http://www.google.com/bot.html)"
66.249.66.201 - - [04/Aug/2021:02:43:17 +0000] "HEAD /wp-content/uploads/2014/07/support-author@2x.png HTTP/1.1" 404 - "https://www.indiaexclusivetours.com/nainital-ranikhet-tour.html" "Mozilla/5.0 (Linux; Android 6.0.1; Nexus 5X Build/MMB29P) AppleWebKit/537.36 (KHTML, like Gecko) Chrome/91.0.4472.90 Mobile Safari/537.36 (compatible; Googlebot/2.1; +http://www.google.com/bot.html)"
66.249.66.198 - - [04/Aug/2021:02:43:18 +0000] "HEAD /galleryimg/961813nainital3@2x.jpg?timestamp=1628035200035 HTTP/1.1" 404 - "https://www.indiaexclusivetours.com/nainital-ranikhet-tour.html" "Mozilla/5.0 (Linux; Android 6.0.1; Nexus 5X Build/MMB29P) AppleWebKit/537.36 (KHTML, like Gecko) Chrome/91.0.4472.90 Mobile Safari/537.36 (compatible; Googlebot/2.1; +http://www.google.com/bot.html)"
66.249.66.201 - - [04/Aug/2021:02:43:18 +0000] "HEAD /galleryimg/1565905img-1@2x.jpg HTTP/1.1" 404 - "https://www.indiaexclusivetours.com/nainital-ranikhet-tour.html" "Mozilla/5.0 (Linux; Android 6.0.1; Nexus 5X Build/MMB29P) AppleWebKit/537.36 (KHTML, like Gecko) Chrome/91.0.4472.90 Mobile Safari/537.36 (compatible; Googlebot/2.1; +http://www.google.com/bot.html)"
66.249.66.198 - - [04/Aug/2021:02:43:19 +0000] "HEAD /galleryimg/nainital4@2x.jpg HTTP/1.1" 404 - "https://www.indiaexclusivetours.com/nainital-ranikhet-tour.html" "Mozilla/5.0 (Linux; Android 6.0.1; Nexus 5X Build/MMB29P) AppleWebKit/537.36 (KHTML, like Gecko) Chrome/91.0.4472.90 Mobile Safari/537.36 (compatible; Googlebot/2.1; +http://www.google.com/bot.html)"
66.249.66.198 - - [04/Aug/2021:02:43:20 +0000] "HEAD /galleryimg/c2f7ea1df7d35c71eb7108367e987feb@2x.jpg HTTP/1.1" 404 - "https://www.indiaexclusivetours.com/nainital-ranikhet-tour.html" "Mozilla/5.0 (Linux; Android 6.0.1; Nexus 5X Build/MMB29P) AppleWebKit/537.36 (KHTML, like Gecko) Chrome/91.0.4472.90 Mobile Safari/537.36 (compatible; Googlebot/2.1; +http://www.google.com/bot.html)"
66.249.66.198 - - [04/Aug/2021:02:43:20 +0000] "HEAD /galleryimg/nainital2@2x.jpg HTTP/1.1" 404 - "https://www.indiaexclusivetours.com/nainital-ranikhet-tour.html" "Mozilla/5.0 (Linux; Android 6.0.1; Nexus 5X Build/MMB29P) AppleWebKit/537.36 (KHTML, like Gecko) Chrome/91.0.4472.90 Mobile Safari/537.36 (compatible; Googlebot/2.1; +http://www.google.com/bot.html)"
66.249.66.198 - - [04/Aug/2021:02:43:21 +0000] "HEAD /galleryimg/81aaf0796d6be35d72631a1c15cb2d7c@2x.jpg HTTP/1.1" 404 - "https://www.indiaexclusivetours.com/nainital-ranikhet-tour.html" "Mozilla/5.0 (Linux; Android 6.0.1; Nexus 5X Build/MMB29P) AppleWebKit/537.36 (KHTML, like Gecko) Chrome/91.0.4472.90 Mobile Safari/537.36 (compatible; Googlebot/2.1; +http://www.google.com/bot.html)"
66.249.66.198 - - [04/Aug/2021:02:43:21 +0000] "HEAD /galleryimg/5183732Surkanda_Devi-Temple-Dhanaulti@2x.jpg HTTP/1.1" 404 - "https://www.indiaexclusivetours.com/nainital-ranikhet-tour.html" "Mozilla/5.0 (Linux; Android 6.0.1; Nexus 5X Build/MMB29P) AppleWebKit/537.36 (KHTML, like Gecko) Chrome/91.0.4472.90 Mobile Safari/537.36 (compatible; Googlebot/2.1; +http://www.google.com/bot.html)"
66.249.66.198 - - [04/Aug/2021:02:43:22 +0000] "HEAD /galleryimg/5135777Haridwar@2x.jpg HTTP/1.1" 404 - "https://www.indiaexclusivetours.com/nainital-ranikhet-tour.html" "Mozilla/5.0 (Linux; Android 6.0.1; Nexus 5X Build/MMB29P) AppleWebKit/537.36 (KHTML, like Gecko) Chrome/91.0.4472.90 Mobile Safari/537.36 (compatible; Googlebot/2.1; +http://www.google.com/bot.html)"
66.249.66.198 - - [04/Aug/2021:02:43:22 +0000] "HEAD /galleryimg/2879162bhimtal@2x.jpg HTTP/1.1" 404 - "https://www.indiaexclusivetours.com/nainital-ranikhet-tour.html" "Mozilla/5.0 (Linux; Android 6.0.1; Nexus 5X Build/MMB29P) AppleWebKit/537.36 (KHTML, like Gecko) Chrome/91.0.4472.90 Mobile Safari/537.36 (compatible; Googlebot/2.1; +http://www.google.com/bot.html)"
66.249.66.198 - - [04/Aug/2021:02:43:23 +0000] "HEAD /galleryimg/3bcfdaeb5ad3fe2bc40291f2cf0474ad@2x.jpg HTTP/1.1" 404 - "https://www.indiaexclusivetours.com/nainital-ranikhet-tour.html" "Mozilla/5.0 (Linux; Android 6.0.1; Nexus 5X Build/MMB29P) AppleWebKit/537.36 (KHTML, like Gecko) Chrome/91.0.4472.90 Mobile Safari/537.36 (compatible; Googlebot/2.1; +http://www.google.com/bot.html)"
66.249.66.198 - - [04/Aug/2021:02:43:24 +0000] "HEAD /galleryimg/43f8339fd6b1d7f3dcb3fec0d6c715ce@2x.jpg HTTP/1.1" 404 - "https://www.indiaexclusivetours.com/nainital-ranikhet-tour.html" "Mozilla/5.0 (Linux; Android 6.0.1; Nexus 5X Build/MMB29P) AppleWebKit/537.36 (KHTML, like Gecko) Chrome/91.0.4472.90 Mobile Safari/537.36 (compatible; Googlebot/2.1; +http://www.google.com/bot.html)"
66.249.66.198 - - [04/Aug/2021:02:43:24 +0000] "HEAD /galleryimg/7251614cc59bb8d5c03f99fbb0df0b2f@2x.jpg HTTP/1.1" 404 - "https://www.indiaexclusivetours.com/nainital-ranikhet-tour.html" "Mozilla/5.0 (Linux; Android 6.0.1; Nexus 5X Build/MMB29P) AppleWebKit/537.36 (KHTML, like Gecko) Chrome/91.0.4472.90 Mobile Safari/537.36 (compatible; Googlebot/2.1; +http://www.google.com/bot.html)"
66.249.66.198 - - [04/Aug/2021:02:43:25 +0000] "HEAD /galleryimg/7e2e522275c066f18051ae6ce53abd0c@2x.jpg HTTP/1.1" 404 - "https://www.indiaexclusivetours.com/nainital-ranikhet-tour.html" "Mozilla/5.0 (Linux; Android 6.0.1; Nexus 5X Build/MMB29P) AppleWebKit/537.36 (KHTML, like Gecko) Chrome/91.0.4472.90 Mobile Safari/537.36 (compatible; Googlebot/2.1; +http://www.google.com/bot.html)"
66.249.66.198 - - [04/Aug/2021:02:43:25 +0000] "HEAD /galleryimg/5f5a18aa6a1d3cf2a3eb935deb554a44@2x.gif HTTP/1.1" 404 - "https://www.indiaexclusivetours.com/nainital-ranikhet-tour.html" "Mozilla/5.0 (Linux; Android 6.0.1; Nexus 5X Build/MMB29P) AppleWebKit/537.36 (KHTML, like Gecko) Chrome/91.0.4472.90 Mobile Safari/537.36 (compatible; Googlebot/2.1; +http://www.google.com/bot.html)"
66.249.66.198 - - [04/Aug/2021:02:43:26 +0000] "HEAD /galleryimg/3929492mussoorie@2x.jpg HTTP/1.1" 404 - "https://www.indiaexclusivetours.com/nainital-ranikhet-tour.html" "Mozilla/5.0 (Linux; Android 6.0.1; Nexus 5X Build/MMB29P) AppleWebKit/537.36 (KHTML, like Gecko) Chrome/91.0.4472.90 Mobile Safari/537.36 (compatible; Googlebot/2.1; +http://www.google.com/bot.html)"
66.249.66.204 - - [04/Aug/2021:02:48:19 +0000] "GET /valley-of-flowers-tour.html HTTP/1.1" 200 103453 "-" "Mozilla/5.0 (compatible; Googlebot/2.1; +http://www.google.com/bot.html)"
54.36.148.48 - - [04/Aug/2021:02:48:35 +0000] "GET /kashmir-tour-package.html HTTP/1.1" 200 98830 "-" "Mozilla/5.0 (compatible; AhrefsBot/7.0; +http://ahrefs.com/robot/)"
66.249.66.198 - - [04/Aug/2021:02:53:28 +0000] "GET /kashmir-tour-package.html HTTP/1.1" 200 98830 "-" "Mozilla/5.0 (Linux; Android 6.0.1; Nexus 5X Build/MMB29P) AppleWebKit/537.36 (KHTML, like Gecko) Chrome/92.0.4515.119 Mobile Safari/537.36 (compatible; Googlebot/2.1; +http://www.google.com/bot.html)"
66.249.66.201 - - [04/Aug/2021:02:53:33 +0000] "HEAD /galleryimg/6260757gulmarg@2x.gif HTTP/1.1" 404 - "https://www.indiaexclusivetours.com/kashmir-tour-package.html" "Mozilla/5.0 (Linux; Android 6.0.1; Nexus 5X Build/MMB29P) AppleWebKit/537.36 (KHTML, like Gecko) Chrome/91.0.4472.90 Mobile Safari/537.36 (compatible; Googlebot/2.1; +http://www.google.com/bot.html)"
66.249.66.201 - - [04/Aug/2021:02:53:33 +0000] "HEAD /galleryimg/288688b87578d78e43a6726f26726e43@2x.jpg HTTP/1.1" 404 - "https://www.indiaexclusivetours.com/kashmir-tour-package.html" "Mozilla/5.0 (Linux; Android 6.0.1; Nexus 5X Build/MMB29P) AppleWebKit/537.36 (KHTML, like Gecko) Chrome/91.0.4472.90 Mobile Safari/537.36 (compatible; Googlebot/2.1; +http://www.google.com/bot.html)"
66.249.66.198 - - [04/Aug/2021:02:53:35 +0000] "HEAD /galleryimg/5148259houseboat@2x.gif HTTP/1.1" 404 - "https://www.indiaexclusivetours.com/kashmir-tour-package.html" "Mozilla/5.0 (Linux; Android 6.0.1; Nexus 5X Build/MMB29P) AppleWebKit/537.36 (KHTML, like Gecko) Chrome/91.0.4472.90 Mobile Safari/537.36 (compatible; Googlebot/2.1; +http://www.google.com/bot.html)"
66.249.66.198 - - [04/Aug/2021:02:53:36 +0000] "HEAD /galleryimg/1560306Tulif1@2x.gif HTTP/1.1" 404 - "https://www.indiaexclusivetours.com/kashmir-tour-package.html" "Mozilla/5.0 (Linux; Android 6.0.1; Nexus 5X Build/MMB29P) AppleWebKit/537.36 (KHTML, like Gecko) Chrome/91.0.4472.90 Mobile Safari/537.36 (compatible; Googlebot/2.1; +http://www.google.com/bot.html)"
66.249.66.198 - - [04/Aug/2021:02:53:38 +0000] "HEAD /galleryimg/2311022emaging-Kashmir@2x.gif HTTP/1.1" 404 - "https://www.indiaexclusivetours.com/kashmir-tour-package.html" "Mozilla/5.0 (Linux; Android 6.0.1; Nexus 5X Build/MMB29P) AppleWebKit/537.36 (KHTML, like Gecko) Chrome/91.0.4472.90 Mobile Safari/537.36 (compatible; Googlebot/2.1; +http://www.google.com/bot.html)"
66.249.66.198 - - [04/Aug/2021:02:53:39 +0000] "HEAD /galleryimg/1697324srinagar1@2x.gif HTTP/1.1" 404 - "https://www.indiaexclusivetours.com/kashmir-tour-package.html" "Mozilla/5.0 (Linux; Android 6.0.1; Nexus 5X Build/MMB29P) AppleWebKit/537.36 (KHTML, like Gecko) Chrome/91.0.4472.90 Mobile Safari/537.36 (compatible; Googlebot/2.1; +http://www.google.com/bot.html)"
66.249.66.198 - - [04/Aug/2021:02:53:41 +0000] "HEAD /galleryimg/351446vashno-devi-temple@2x.gif HTTP/1.1" 404 - "https://www.indiaexclusivetours.com/kashmir-tour-package.html" "Mozilla/5.0 (Linux; Android 6.0.1; Nexus 5X Build/MMB29P) AppleWebKit/537.36 (KHTML, like Gecko) Chrome/91.0.4472.90 Mobile Safari/537.36 (compatible; Googlebot/2.1; +http://www.google.com/bot.html)"
66.249.66.198 - - [04/Aug/2021:02:53:43 +0000] "HEAD /galleryimg/gulmarg-skiing@2x.gif HTTP/1.1" 404 - "https://www.indiaexclusivetours.com/kashmir-tour-package.html" "Mozilla/5.0 (Linux; Android 6.0.1; Nexus 5X Build/MMB29P) AppleWebKit/537.36 (KHTML, like Gecko) Chrome/91.0.4472.90 Mobile Safari/537.36 (compatible; Googlebot/2.1; +http://www.google.com/bot.html)"
79.125.14.224 - - [04/Aug/2021:02:54:55 +0000] "GET /.env HTTP/1.1" 301 247 "-" "Mozilla/5.0 (X11; Linux x86_64) AppleWebKit/537.36 (KHTML, like Gecko) Chrome/81.0.4044.129 Safari/537.36"
79.125.14.224 - - [04/Aug/2021:02:54:55 +0000] "POST / HTTP/1.1" 301 243 "-" "Mozilla/5.0 (X11; Linux x86_64) AppleWebKit/537.36 (KHTML, like Gecko) Chrome/81.0.4044.129 Safari/537.36"
66.249.66.211 - - [04/Aug/2021:03:08:53 +0000] "GET /hotel/solang-valley-resort-manali.html HTTP/1.1" 500 - "-" "Mozilla/5.0 (Linux; Android 6.0.1; Nexus 5X Build/MMB29P) AppleWebKit/537.36 (KHTML, like Gecko) Chrome/92.0.4515.119 Mobile Safari/537.36 (compatible; Googlebot/2.1; +http://www.google.com/bot.html)"
114.119.138.140 - - [04/Aug/2021:03:19:30 +0000] "GET /robots.txt HTTP/1.1" 404 121584 "-" "Mozilla/5.0 (compatible;PetalBot;+https://webmaster.petalsearch.com/site/petalbot)"
185.191.34.215 - - [04/Aug/2021:03:23:15 +0000] "POST /wp-content/themes/hello.php?id=1 HTTP/1.1" 404 110133 "-" "wp.support.wordpress.com"
121.5.109.55 - - [04/Aug/2021:03:24:41 +0000] "GET / HTTP/1.1" 301 243 "-" "Mozilla/5.0 (Linux; Android 10; LIO-AN00 Build/HUAWEILIO-AN00; wv) AppleWebKit/537.36 (KHTML, like Gecko) Version/4.0 Chrome/78.0.3904.62 XWEB/2692 MMWEBSDK/200901 Mobile Safari/537.36"
121.5.109.55 - - [04/Aug/2021:03:24:47 +0000] "GET / HTTP/1.1" 200 121584 "http://indiaexclusivetours.com" "Mozilla/5.0 (Linux; Android 10; LIO-AN00 Build/HUAWEILIO-AN00; wv) AppleWebKit/537.36 (KHTML, like Gecko) Version/4.0 Chrome/78.0.3904.62 XWEB/2692 MMWEBSDK/200901 Mobile Safari/537.36"
66.249.66.204 - - [04/Aug/2021:03:29:05 +0000] "GET /india-tour-packages/honeymoon-tour-package.html HTTP/1.1" 200 91309 "-" "Mozilla/5.0 (compatible; Googlebot/2.1; +http://www.google.com/bot.html)"
66.249.66.209 - - [04/Aug/2021:03:29:28 +0000] "GET /hotels-in-india/shimla.html HTTP/1.1" 500 - "-" "Mozilla/5.0 (Linux; Android 6.0.1; Nexus 5X Build/MMB29P) AppleWebKit/537.36 (KHTML, like Gecko) Chrome/92.0.4515.119 Mobile Safari/537.36 (compatible; Googlebot/2.1; +http://www.google.com/bot.html)"
54.36.148.48 - - [04/Aug/2021:03:35:28 +0000] "GET /kashmir-valley-tour.html HTTP/1.1" 200 98716 "-" "Mozilla/5.0 (compatible; AhrefsBot/7.0; +http://ahrefs.com/robot/)"
45.133.172.23 - - [04/Aug/2021:03:39:05 +0000] "GET /contact-us.php HTTP/1.0" 200 73766 "https://www.indiaexclusivetours.com/contact-us.php" "Mozilla/5.0 (Windows NT 6.3; Win64; x64) AppleWebKit/537.36 (KHTML, like Gecko) Chrome/90.0.4430.72 Safari/537.36 Edg/90.0.818.42"
45.133.172.23 - - [04/Aug/2021:03:39:08 +0000] "POST /submit-enquiry.php HTTP/1.0" 200 151 "https://www.indiaexclusivetours.com/contact-us.php" "Mozilla/5.0 (Windows NT 6.3; Win64; x64) AppleWebKit/537.36 (KHTML, like Gecko) Chrome/90.0.4430.72 Safari/537.36 Edg/90.0.818.42"
45.133.172.23 - - [04/Aug/2021:03:39:10 +0000] "GET /thank-you.php HTTP/1.0" 200 70006 "http://www.indiaexclusivetours.com/thank-you.php" "Mozilla/5.0 (Windows NT 6.3; Win64; x64) AppleWebKit/537.36 (KHTML, like Gecko) Chrome/90.0.4430.72 Safari/537.36 Edg/90.0.818.42"
118.174.213.9 - - [04/Aug/2021:03:49:01 +0000] "GET /?utm=semalt.com HTTP/1.1" 301 258 "https://semalt.com-----google.com/?q=semalt" "Mozilla/5.0 (Windows NT 10.0; Win64; x64) AppleWebKit/537.36 (KHTML, like Gecko) Chrome/74.0.3729.169 Safari/537.36"
118.174.213.9 - - [04/Aug/2021:03:49:02 +0000] "GET /?utm=semalt.com HTTP/1.1" 200 80723 "-" "Mozilla/5.0 (Windows NT 10.0; Win64; x64) AppleWebKit/537.36 (KHTML, like Gecko) Chrome/74.0.3729.169 Safari/537.36"
54.236.253.7 - - [04/Aug/2021:03:51:08 +0000] "GET /robots.txt HTTP/1.1" 301 253 "-" "Mozilla/5.0 (compatible; proximic; +http://www.proximic.com/info/spider.php)"
54.198.200.47 - - [04/Aug/2021:03:51:09 +0000] "GET /robots.txt HTTP/1.1" 404 93159 "-" "Mozilla/5.0 (compatible; proximic; +http://www.proximic.com/info/spider.php)"
54.198.200.47 - - [04/Aug/2021:03:51:09 +0000] "GET /robots.txt HTTP/1.1" 404 80723 "-" "Mozilla/5.0 (compatible; proximic; +http://www.proximic.com/info/spider.php)"
54.236.253.7 - - [04/Aug/2021:03:51:09 +0000] "GET /robots.txt HTTP/1.1" 404 121584 "-" "Mozilla/5.0 (compatible; proximic; +http://www.proximic.com/info/spider.php)"
54.236.253.7 - - [04/Aug/2021:03:51:10 +0000] "GET /robots.txt HTTP/1.1" 301 253 "-" "Mozilla/5.0 (compatible; proximic; +http://www.proximic.com/info/spider.php)"
54.198.200.47 - - [04/Aug/2021:03:51:10 +0000] "GET /ads.txt HTTP/1.1" 404 121584 "-" "Mozilla/5.0 (compatible; proximic; +http://www.proximic.com/info/spider.php)"
54.236.253.7 - - [04/Aug/2021:03:51:10 +0000] "GET /robots.txt HTTP/1.1" 404 80723 "-" "Mozilla/5.0 (compatible; proximic; +http://www.proximic.com/info/spider.php)"
54.236.253.7 - - [04/Aug/2021:03:51:10 +0000] "GET /ads.txt HTTP/1.1" 301 250 "-" "Mozilla/5.0 (compatible; proximic; +http://www.proximic.com/info/spider.php)"
54.236.253.7 - - [04/Aug/2021:03:51:11 +0000] "GET /ads.txt HTTP/1.1" 404 121584 "-" "Mozilla/5.0 (compatible; proximic; +http://www.proximic.com/info/spider.php)"
216.244.66.234 - - [04/Aug/2021:03:53:56 +0000] "GET /robots.txt HTTP/1.1" 301 253 "-" "Mozilla/5.0 (compatible; DotBot/1.2; +https://opensiteexplorer.org/dotbot; help@moz.com)"
216.244.66.234 - - [04/Aug/2021:03:53:56 +0000] "GET /robots.txt HTTP/1.1" 404 121584 "-" "Mozilla/5.0 (compatible; DotBot/1.2; +https://opensiteexplorer.org/dotbot; help@moz.com)"
216.244.66.234 - - [04/Aug/2021:03:53:57 +0000] "GET /robots.txt HTTP/1.1" 404 121584 "-" "Mozilla/5.0 (compatible; DotBot/1.2; +https://opensiteexplorer.org/dotbot; help@moz.com)"
114.119.134.1 - - [04/Aug/2021:03:54:47 +0000] "GET /robots.txt HTTP/1.1" 301 253 "-" "Mozilla/5.0 (compatible;PetalBot;+https://webmaster.petalsearch.com/site/petalbot)"
114.119.134.1 - - [04/Aug/2021:03:54:47 +0000] "GET /robots.txt HTTP/1.1" 404 121584 "-" "Mozilla/5.0 (compatible;PetalBot;+https://webmaster.petalsearch.com/site/petalbot)"
216.244.66.234 - - [04/Aug/2021:04:04:42 +0000] "GET /index.php HTTP/1.1" 301 252 "-" "Mozilla/5.0 (compatible; DotBot/1.2; +https://opensiteexplorer.org/dotbot; help@moz.com)"
216.244.66.234 - - [04/Aug/2021:04:07:57 +0000] "GET /package-details.php?id=10 HTTP/1.1" 301 268 "-" "Mozilla/5.0 (compatible; DotBot/1.2; +https://opensiteexplorer.org/dotbot; help@moz.com)"
216.244.66.234 - - [04/Aug/2021:04:12:02 +0000] "GET /galleryimg/5135777Haridwar.jpg HTTP/1.1" 200 210729 "-" "Mozilla/5.0 (compatible; DotBot/1.2; +https://opensiteexplorer.org/dotbot; help@moz.com)"
185.191.171.39 - - [04/Aug/2021:04:12:30 +0000] "GET /robots.txt HTTP/1.1" 404 121584 "-" "Mozilla/5.0 (compatible; SemrushBot/7~bl; +http://www.semrush.com/bot.html)"
185.191.171.45 - - [04/Aug/2021:04:12:34 +0000] "GET /destination/34.html HTTP/1.1" 200 123056 "-" "Mozilla/5.0 (compatible; SemrushBot/7~bl; +http://www.semrush.com/bot.html)"
40.77.167.60 - - [04/Aug/2021:04:25:31 +0000] "GET /robots.txt HTTP/1.1" 404 46424 "-" "Mozilla/5.0 (compatible; bingbot/2.0; +http://www.bing.com/bingbot.htm)"
40.77.167.60 - - [04/Aug/2021:04:25:32 +0000] "GET /robots.txt HTTP/1.1" 404 121584 "-" "Mozilla/5.0 (compatible; bingbot/2.0; +http://www.bing.com/bingbot.htm)"
40.77.167.33 - - [04/Aug/2021:04:25:37 +0000] "GET /destination/dharamshala.html HTTP/1.1" 200 128613 "-" "Mozilla/5.0 (compatible; bingbot/2.0; +http://www.bing.com/bingbot.htm)"
66.249.66.204 - - [04/Aug/2021:04:28:44 +0000] "GET / HTTP/1.1" 200 121584 "-" "Mozilla/5.0 (compatible; Googlebot/2.1; +http://www.google.com/bot.html)"
66.249.66.201 - - [04/Aug/2021:04:35:38 +0000] "GET /india-tour-packages/honeymoon-tour-package.html HTTP/1.1" 200 91309 "-" "Mozilla/5.0 (compatible; Googlebot/2.1; +http://www.google.com/bot.html)"
74.125.209.37 - - [04/Aug/2021:04:36:27 +0000] "GET /wp-content/themes/trendytravel/images/logo.png HTTP/1.1" 200 17025 "-" "Mozilla/5.0 (Windows NT 5.1; rv:11.0) Gecko Firefox/11.0 (via ggpht.com GoogleImageProxy)"
66.249.66.204 - - [04/Aug/2021:04:41:28 +0000] "GET /chardham-yatra-package.html HTTP/1.1" 200 107686 "-" "Mozilla/5.0 (Linux; Android 6.0.1; Nexus 5X Build/MMB29P) AppleWebKit/537.36 (KHTML, like Gecko) Chrome/92.0.4515.119 Mobile Safari/537.36 (compatible; Googlebot/2.1; +http://www.google.com/bot.html)"
66.249.66.198 - - [04/Aug/2021:04:41:31 +0000] "GET /wp-content/cache/wpfc-minified/9/1473342606index.css HTTP/1.1" 200 20716 "https://www.indiaexclusivetours.com/chardham-yatra-package.html" "Mozilla/5.0 (Linux; Android 6.0.1; Nexus 5X Build/MMB29P) AppleWebKit/537.36 (KHTML, like Gecko) Chrome/91.0.4472.90 Mobile Safari/537.36 (compatible; Googlebot/2.1; +http://www.google.com/bot.html)"
66.249.66.201 - - [04/Aug/2021:04:41:32 +0000] "HEAD /galleryimg/7990193amrnath@2x.jpg HTTP/1.1" 404 - "https://www.indiaexclusivetours.com/chardham-yatra-package.html" "Mozilla/5.0 (Linux; Android 6.0.1; Nexus 5X Build/MMB29P) AppleWebKit/537.36 (KHTML, like Gecko) Chrome/91.0.4472.90 Mobile Safari/537.36 (compatible; Googlebot/2.1; +http://www.google.com/bot.html)"
66.249.66.201 - - [04/Aug/2021:04:41:33 +0000] "HEAD /galleryimg/5762784golden-temple@2x.jpg HTTP/1.1" 404 - "https://www.indiaexclusivetours.com/chardham-yatra-package.html" "Mozilla/5.0 (Linux; Android 6.0.1; Nexus 5X Build/MMB29P) AppleWebKit/537.36 (KHTML, like Gecko) Chrome/91.0.4472.90 Mobile Safari/537.36 (compatible; Googlebot/2.1; +http://www.google.com/bot.html)"
66.249.66.198 - - [04/Aug/2021:04:41:34 +0000] "HEAD /galleryimg/yamunotri-temple@2x.jpg HTTP/1.1" 404 - "https://www.indiaexclusivetours.com/chardham-yatra-package.html" "Mozilla/5.0 (Linux; Android 6.0.1; Nexus 5X Build/MMB29P) AppleWebKit/537.36 (KHTML, like Gecko) Chrome/91.0.4472.90 Mobile Safari/537.36 (compatible; Googlebot/2.1; +http://www.google.com/bot.html)"
66.249.66.201 - - [04/Aug/2021:04:41:35 +0000] "HEAD /galleryimg/9772707gangotri-temple@2x.png?timestamp=1628035200035 HTTP/1.1" 404 - "https://www.indiaexclusivetours.com/chardham-yatra-package.html" "Mozilla/5.0 (Linux; Android 6.0.1; Nexus 5X Build/MMB29P) AppleWebKit/537.36 (KHTML, like Gecko) Chrome/91.0.4472.90 Mobile Safari/537.36 (compatible; Googlebot/2.1; +http://www.google.com/bot.html)"
66.249.66.198 - - [04/Aug/2021:04:41:37 +0000] "HEAD /galleryimg/kedarnath@2x.jpg HTTP/1.1" 404 - "https://www.indiaexclusivetours.com/chardham-yatra-package.html" "Mozilla/5.0 (Linux; Android 6.0.1; Nexus 5X Build/MMB29P) AppleWebKit/537.36 (KHTML, like Gecko) Chrome/91.0.4472.90 Mobile Safari/537.36 (compatible; Googlebot/2.1; +http://www.google.com/bot.html)"
66.249.66.198 - - [04/Aug/2021:04:41:39 +0000] "HEAD /galleryimg/2317961045065bb5d41c937b3cd301ce@2x.jpg HTTP/1.1" 404 - "https://www.indiaexclusivetours.com/chardham-yatra-package.html" "Mozilla/5.0 (Linux; Android 6.0.1; Nexus 5X Build/MMB29P) AppleWebKit/537.36 (KHTML, like Gecko) Chrome/91.0.4472.90 Mobile Safari/537.36 (compatible; Googlebot/2.1; +http://www.google.com/bot.html)"
66.249.66.198 - - [04/Aug/2021:04:41:41 +0000] "HEAD /galleryimg/1858459amarnath-yatra1@2x.jpg HTTP/1.1" 404 - "https://www.indiaexclusivetours.com/chardham-yatra-package.html" "Mozilla/5.0 (Linux; Android 6.0.1; Nexus 5X Build/MMB29P) AppleWebKit/537.36 (KHTML, like Gecko) Chrome/91.0.4472.90 Mobile Safari/537.36 (compatible; Googlebot/2.1; +http://www.google.com/bot.html)"
66.249.66.198 - - [04/Aug/2021:04:41:43 +0000] "HEAD /galleryimg/badrinath%20ji@2x.jpg HTTP/1.1" 404 - "https://www.indiaexclusivetours.com/chardham-yatra-package.html" "Mozilla/5.0 (Linux; Android 6.0.1; Nexus 5X Build/MMB29P) AppleWebKit/537.36 (KHTML, like Gecko) Chrome/91.0.4472.90 Mobile Safari/537.36 (compatible; Googlebot/2.1; +http://www.google.com/bot.html)"
66.249.66.198 - - [04/Aug/2021:04:46:37 +0000] "GET /mussoorie-dhanaulti-tour-package.html HTTP/1.1" 200 98841 "-" "Mozilla/5.0 (Linux; Android 6.0.1; Nexus 5X Build/MMB29P) AppleWebKit/537.36 (KHTML, like Gecko) Chrome/92.0.4515.119 Mobile Safari/537.36 (compatible; Googlebot/2.1; +http://www.google.com/bot.html)"
66.249.66.201 - - [04/Aug/2021:04:46:42 +0000] "HEAD /galleryimg/1258961lansdowne1@2x.jpg HTTP/1.1" 404 - "https://www.indiaexclusivetours.com/mussoorie-dhanaulti-tour-package.html" "Mozilla/5.0 (Linux; Android 6.0.1; Nexus 5X Build/MMB29P) AppleWebKit/537.36 (KHTML, like Gecko) Chrome/91.0.4472.90 Mobile Safari/537.36 (compatible; Googlebot/2.1; +http://www.google.com/bot.html)"
66.249.66.198 - - [04/Aug/2021:04:46:43 +0000] "HEAD /galleryimg/dhanulti1@2x.jpg HTTP/1.1" 404 - "https://www.indiaexclusivetours.com/mussoorie-dhanaulti-tour-package.html" "Mozilla/5.0 (Linux; Android 6.0.1; Nexus 5X Build/MMB29P) AppleWebKit/537.36 (KHTML, like Gecko) Chrome/91.0.4472.90 Mobile Safari/537.36 (compatible; Googlebot/2.1; +http://www.google.com/bot.html)"
66.249.66.198 - - [04/Aug/2021:04:46:43 +0000] "HEAD /galleryimg/images@2x.jpg HTTP/1.1" 404 - "https://www.indiaexclusivetours.com/mussoorie-dhanaulti-tour-package.html" "Mozilla/5.0 (Linux; Android 6.0.1; Nexus 5X Build/MMB29P) AppleWebKit/537.36 (KHTML, like Gecko) Chrome/91.0.4472.90 Mobile Safari/537.36 (compatible; Googlebot/2.1; +http://www.google.com/bot.html)"
66.249.66.201 - - [04/Aug/2021:04:46:45 +0000] "HEAD /galleryimg/dhanaulti-camp@2x.jpg HTTP/1.1" 404 - "https://www.indiaexclusivetours.com/mussoorie-dhanaulti-tour-package.html" "Mozilla/5.0 (Linux; Android 6.0.1; Nexus 5X Build/MMB29P) AppleWebKit/537.36 (KHTML, like Gecko) Chrome/91.0.4472.90 Mobile Safari/537.36 (compatible; Googlebot/2.1; +http://www.google.com/bot.html)"
66.249.66.198 - - [04/Aug/2021:04:46:46 +0000] "HEAD /galleryimg/mussoorie@2x.jpg HTTP/1.1" 404 - "https://www.indiaexclusivetours.com/mussoorie-dhanaulti-tour-package.html" "Mozilla/5.0 (Linux; Android 6.0.1; Nexus 5X Build/MMB29P) AppleWebKit/537.36 (KHTML, like Gecko) Chrome/91.0.4472.90 Mobile Safari/537.36 (compatible; Googlebot/2.1; +http://www.google.com/bot.html)"
66.249.66.198 - - [04/Aug/2021:04:46:48 +0000] "HEAD /galleryimg/2112599mussoorie2@2x.jpg?timestamp=1628035200035 HTTP/1.1" 404 - "https://www.indiaexclusivetours.com/mussoorie-dhanaulti-tour-package.html" "Mozilla/5.0 (Linux; Android 6.0.1; Nexus 5X Build/MMB29P) AppleWebKit/537.36 (KHTML, like Gecko) Chrome/91.0.4472.90 Mobile Safari/537.36 (compatible; Googlebot/2.1; +http://www.google.com/bot.html)"
66.249.66.198 - - [04/Aug/2021:04:46:50 +0000] "HEAD /galleryimg/5135777Haridwar@2x.jpg HTTP/1.1" 404 - "https://www.indiaexclusivetours.com/mussoorie-dhanaulti-tour-package.html" "Mozilla/5.0 (Linux; Android 6.0.1; Nexus 5X Build/MMB29P) AppleWebKit/537.36 (KHTML, like Gecko) Chrome/91.0.4472.90 Mobile Safari/537.36 (compatible; Googlebot/2.1; +http://www.google.com/bot.html)"
66.249.66.198 - - [04/Aug/2021:04:46:52 +0000] "HEAD /galleryimg/3929492mussoorie@2x.jpg HTTP/1.1" 404 - "https://www.indiaexclusivetours.com/mussoorie-dhanaulti-tour-package.html" "Mozilla/5.0 (Linux; Android 6.0.1; Nexus 5X Build/MMB29P) AppleWebKit/537.36 (KHTML, like Gecko) Chrome/91.0.4472.90 Mobile Safari/537.36 (compatible; Googlebot/2.1; +http://www.google.com/bot.html)"
212.193.171.152 - - [04/Aug/2021:04:52:17 +0000] "GET /thank-you.php HTTP/1.0" 301 256 "http://indiaexclusivetours.com/thank-you.php" "Mozilla/5.0 (Windows NT 10.0; WOW64) AppleWebKit/537.36 (KHTML, like Gecko) Chrome/83.0.4103.61 Safari/537.36"
212.193.171.152 - - [04/Aug/2021:04:52:17 +0000] "GET /thank-you.php HTTP/1.0" 200 70006 "http://www.indiaexclusivetours.com/thank-you.php" "Mozilla/5.0 (Windows NT 10.0; WOW64) AppleWebKit/537.36 (KHTML, like Gecko) Chrome/83.0.4103.61 Safari/537.36"
54.36.148.48 - - [04/Aug/2021:04:52:31 +0000] "GET /srinagar-gulmarg-tour-package.html HTTP/1.1" 200 98513 "-" "Mozilla/5.0 (compatible; AhrefsBot/7.0; +http://ahrefs.com/robot/)"
66.249.66.204 - - [04/Aug/2021:04:56:54 +0000] "GET /destinations-in-india/goa-holidays.html HTTP/1.1" 200 96146 "-" "Mozilla/5.0 (Linux; Android 6.0.1; Nexus 5X Build/MMB29P) AppleWebKit/537.36 (KHTML, like Gecko) Chrome/92.0.4515.119 Mobile Safari/537.36 (compatible; Googlebot/2.1; +http://www.google.com/bot.html)"
66.249.66.201 - - [04/Aug/2021:04:56:59 +0000] "HEAD /destinations-in-india/undefinedimages/style-picker/pattern9@2x.jpg HTTP/1.1" 404 - "https://www.indiaexclusivetours.com/destinations-in-india/goa-holidays.html" "Mozilla/5.0 (Linux; Android 6.0.1; Nexus 5X Build/MMB29P) AppleWebKit/537.36 (KHTML, like Gecko) Chrome/91.0.4472.90 Mobile Safari/537.36 (compatible; Googlebot/2.1; +http://www.google.com/bot.html)"
66.249.66.198 - - [04/Aug/2021:04:57:00 +0000] "HEAD /destinations-in-india/wp-content/themes/trendytravel/images/logo@2x.png HTTP/1.1" 404 - "https://www.indiaexclusivetours.com/destinations-in-india/goa-holidays.html" "Mozilla/5.0 (Linux; Android 6.0.1; Nexus 5X Build/MMB29P) AppleWebKit/537.36 (KHTML, like Gecko) Chrome/91.0.4472.90 Mobile Safari/537.36 (compatible; Googlebot/2.1; +http://www.google.com/bot.html)"
66.249.66.198 - - [04/Aug/2021:04:57:00 +0000] "HEAD /destinations-in-india/undefinedimages/style-picker/picker-icon@2x.png HTTP/1.1" 404 - "https://www.indiaexclusivetours.com/destinations-in-india/goa-holidays.html" "Mozilla/5.0 (Linux; Android 6.0.1; Nexus 5X Build/MMB29P) AppleWebKit/537.36 (KHTML, like Gecko) Chrome/91.0.4472.90 Mobile Safari/537.36 (compatible; Googlebot/2.1; +http://www.google.com/bot.html)"
66.249.66.201 - - [04/Aug/2021:04:57:01 +0000] "HEAD /galleryimg/ HTTP/1.1" 200 - "https://www.indiaexclusivetours.com/destinations-in-india/goa-holidays.html" "Mozilla/5.0 (Linux; Android 6.0.1; Nexus 5X Build/MMB29P) AppleWebKit/537.36 (KHTML, like Gecko) Chrome/91.0.4472.90 Mobile Safari/537.36 (compatible; Googlebot/2.1; +http://www.google.com/bot.html)"
66.249.66.198 - - [04/Aug/2021:04:57:01 +0000] "HEAD /destinations-in-india/undefinedimages/style-picker/pattern10@2x.jpg HTTP/1.1" 404 - "https://www.indiaexclusivetours.com/destinations-in-india/goa-holidays.html" "Mozilla/5.0 (Linux; Android 6.0.1; Nexus 5X Build/MMB29P) AppleWebKit/537.36 (KHTML, like Gecko) Chrome/91.0.4472.90 Mobile Safari/537.36 (compatible; Googlebot/2.1; +http://www.google.com/bot.html)"
66.249.66.198 - - [04/Aug/2021:04:57:02 +0000] "HEAD /destinations-in-india/undefinedimages/style-picker/pattern2@2x.jpg HTTP/1.1" 404 - "https://www.indiaexclusivetours.com/destinations-in-india/goa-holidays.html" "Mozilla/5.0 (Linux; Android 6.0.1; Nexus 5X Build/MMB29P) AppleWebKit/537.36 (KHTML, like Gecko) Chrome/91.0.4472.90 Mobile Safari/537.36 (compatible; Googlebot/2.1; +http://www.google.com/bot.html)"
66.249.66.198 - - [04/Aug/2021:04:57:02 +0000] "HEAD /destinations-in-india/undefinedimages/style-picker/pattern7@2x.jpg HTTP/1.1" 404 - "https://www.indiaexclusivetours.com/destinations-in-india/goa-holidays.html" "Mozilla/5.0 (Linux; Android 6.0.1; Nexus 5X Build/MMB29P) AppleWebKit/537.36 (KHTML, like Gecko) Chrome/91.0.4472.90 Mobile Safari/537.36 (compatible; Googlebot/2.1; +http://www.google.com/bot.html)"
66.249.66.198 - - [04/Aug/2021:04:57:03 +0000] "HEAD /galleryimg/5341217nainital1@2x.jpg HTTP/1.1" 404 - "https://www.indiaexclusivetours.com/destinations-in-india/goa-holidays.html" "Mozilla/5.0 (Linux; Android 6.0.1; Nexus 5X Build/MMB29P) AppleWebKit/537.36 (KHTML, like Gecko) Chrome/91.0.4472.90 Mobile Safari/537.36 (compatible; Googlebot/2.1; +http://www.google.com/bot.html)"
66.249.66.198 - - [04/Aug/2021:04:57:03 +0000] "HEAD /galleryimg/5978804anjuna-beach1@2x.jpg HTTP/1.1" 404 - "https://www.indiaexclusivetours.com/destinations-in-india/goa-holidays.html" "Mozilla/5.0 (Linux; Android 6.0.1; Nexus 5X Build/MMB29P) AppleWebKit/537.36 (KHTML, like Gecko) Chrome/91.0.4472.90 Mobile Safari/537.36 (compatible; Googlebot/2.1; +http://www.google.com/bot.html)"
66.249.66.198 - - [04/Aug/2021:04:57:04 +0000] "HEAD /galleryimg/6904453majoda-beach3@2x.jpg HTTP/1.1" 404 - "https://www.indiaexclusivetours.com/destinations-in-india/goa-holidays.html" "Mozilla/5.0 (Linux; Android 6.0.1; Nexus 5X Build/MMB29P) AppleWebKit/537.36 (KHTML, like Gecko) Chrome/91.0.4472.90 Mobile Safari/537.36 (compatible; Googlebot/2.1; +http://www.google.com/bot.html)"
66.249.66.198 - - [04/Aug/2021:04:57:04 +0000] "HEAD /galleryimg/d2050896a2d1052c6b4fc51440d7f20d@2x.jpg HTTP/1.1" 404 - "https://www.indiaexclusivetours.com/destinations-in-india/goa-holidays.html" "Mozilla/5.0 (Linux; Android 6.0.1; Nexus 5X Build/MMB29P) AppleWebKit/537.36 (KHTML, like Gecko) Chrome/91.0.4472.90 Mobile Safari/537.36 (compatible; Googlebot/2.1; +http://www.google.com/bot.html)"
66.249.66.198 - - [04/Aug/2021:04:57:05 +0000] "HEAD /galleryimg/6904453majoda-beach3@2x.jpg HTTP/1.1" 404 - "https://www.indiaexclusivetours.com/destinations-in-india/goa-holidays.html" "Mozilla/5.0 (Linux; Android 6.0.1; Nexus 5X Build/MMB29P) AppleWebKit/537.36 (KHTML, like Gecko) Chrome/91.0.4472.90 Mobile Safari/537.36 (compatible; Googlebot/2.1; +http://www.google.com/bot.html)"
66.249.66.198 - - [04/Aug/2021:04:57:05 +0000] "HEAD /destinations-in-india/undefinedimages/style-picker/pattern13@2x.jpg HTTP/1.1" 404 - "https://www.indiaexclusivetours.com/destinations-in-india/goa-holidays.html" "Mozilla/5.0 (Linux; Android 6.0.1; Nexus 5X Build/MMB29P) AppleWebKit/537.36 (KHTML, like Gecko) Chrome/91.0.4472.90 Mobile Safari/537.36 (compatible; Googlebot/2.1; +http://www.google.com/bot.html)"
66.249.66.198 - - [04/Aug/2021:04:57:06 +0000] "HEAD /wp-content/uploads/2014/07/support-author@2x.png HTTP/1.1" 404 - "https://www.indiaexclusivetours.com/destinations-in-india/goa-holidays.html" "Mozilla/5.0 (Linux; Android 6.0.1; Nexus 5X Build/MMB29P) AppleWebKit/537.36 (KHTML, like Gecko) Chrome/91.0.4472.90 Mobile Safari/537.36 (compatible; Googlebot/2.1; +http://www.google.com/bot.html)"
66.249.66.198 - - [04/Aug/2021:04:57:06 +0000] "HEAD /destinations-in-india/undefinedimages/style-picker/pattern15@2x.jpg HTTP/1.1" 404 - "https://www.indiaexclusivetours.com/destinations-in-india/goa-holidays.html" "Mozilla/5.0 (Linux; Android 6.0.1; Nexus 5X Build/MMB29P) AppleWebKit/537.36 (KHTML, like Gecko) Chrome/91.0.4472.90 Mobile Safari/537.36 (compatible; Googlebot/2.1; +http://www.google.com/bot.html)"
66.249.66.198 - - [04/Aug/2021:04:57:07 +0000] "HEAD /galleryimg/510223Candolim1@2x.jpg HTTP/1.1" 404 - "https://www.indiaexclusivetours.com/destinations-in-india/goa-holidays.html" "Mozilla/5.0 (Linux; Android 6.0.1; Nexus 5X Build/MMB29P) AppleWebKit/537.36 (KHTML, like Gecko) Chrome/91.0.4472.90 Mobile Safari/537.36 (compatible; Googlebot/2.1; +http://www.google.com/bot.html)"
66.249.66.198 - - [04/Aug/2021:04:57:07 +0000] "HEAD /galleryimg/4578147mountabu@2x.jpg HTTP/1.1" 404 - "https://www.indiaexclusivetours.com/destinations-in-india/goa-holidays.html" "Mozilla/5.0 (Linux; Android 6.0.1; Nexus 5X Build/MMB29P) AppleWebKit/537.36 (KHTML, like Gecko) Chrome/91.0.4472.90 Mobile Safari/537.36 (compatible; Googlebot/2.1; +http://www.google.com/bot.html)"
66.249.66.198 - - [04/Aug/2021:04:57:08 +0000] "HEAD /destinations-in-india/undefinedimages/style-picker/pattern5@2x.jpg HTTP/1.1" 404 - "https://www.indiaexclusivetours.com/destinations-in-india/goa-holidays.html" "Mozilla/5.0 (Linux; Android 6.0.1; Nexus 5X Build/MMB29P) AppleWebKit/537.36 (KHTML, like Gecko) Chrome/91.0.4472.90 Mobile Safari/537.36 (compatible; Googlebot/2.1; +http://www.google.com/bot.html)"
66.249.66.198 - - [04/Aug/2021:04:57:08 +0000] "HEAD /galleryimg/510223Candolim1@2x.jpg HTTP/1.1" 404 - "https://www.indiaexclusivetours.com/destinations-in-india/goa-holidays.html" "Mozilla/5.0 (Linux; Android 6.0.1; Nexus 5X Build/MMB29P) AppleWebKit/537.36 (KHTML, like Gecko) Chrome/91.0.4472.90 Mobile Safari/537.36 (compatible; Googlebot/2.1; +http://www.google.com/bot.html)"
66.249.66.198 - - [04/Aug/2021:04:57:09 +0000] "HEAD /wp-content/uploads/domestic-tour-banner@2x.jpg HTTP/1.1" 404 - "https://www.indiaexclusivetours.com/destinations-in-india/goa-holidays.html" "Mozilla/5.0 (Linux; Android 6.0.1; Nexus 5X Build/MMB29P) AppleWebKit/537.36 (KHTML, like Gecko) Chrome/91.0.4472.90 Mobile Safari/537.36 (compatible; Googlebot/2.1; +http://www.google.com/bot.html)"
66.249.66.198 - - [04/Aug/2021:04:57:10 +0000] "HEAD /galleryimg/5978804anjuna-beach1@2x.jpg HTTP/1.1" 404 - "https://www.indiaexclusivetours.com/destinations-in-india/goa-holidays.html" "Mozilla/5.0 (Linux; Android 6.0.1; Nexus 5X Build/MMB29P) AppleWebKit/537.36 (KHTML, like Gecko) Chrome/91.0.4472.90 Mobile Safari/537.36 (compatible; Googlebot/2.1; +http://www.google.com/bot.html)"
129.56.73.86 - - [04/Aug/2021:05:01:25 +0000] "GET /?utm=semalt.com HTTP/1.1" 301 258 "https://semalt.com-----google.com/?q=semalt" "Mozilla/5.0 (Windows NT 10.0; Win64; x64) AppleWebKit/537.36 (KHTML, like Gecko) Chrome/74.0.3729.169 Safari/537.36"
66.249.66.198 - - [04/Aug/2021:05:02:02 +0000] "GET /nainital-kausani-ranikhet-tour.html HTTP/1.1" 200 98844 "-" "Mozilla/5.0 (compatible; Googlebot/2.1; +http://www.google.com/bot.html)"
113.31.113.156 - - [04/Aug/2021:05:15:33 +0000] "GET /galleryimg/6791010arambol-beach-goa.jpg HTTP/1.1" 200 265920 "-" "Mozilla/5.0 (Macintosh; Intel Mac OS X 10_12_6) AppleWebKit/537.36 (KHTML, like Gecko) Chrome/59.0.3071.115 Safari/537.36"
66.249.66.209 - - [04/Aug/2021:05:32:53 +0000] "GET /hotel/solang-valley-resort-manali.html HTTP/1.1" 500 - "-" "Mozilla/5.0 (Linux; Android 6.0.1; Nexus 5X Build/MMB29P) AppleWebKit/537.36 (KHTML, like Gecko) Chrome/92.0.4515.119 Mobile Safari/537.36 (compatible; Googlebot/2.1; +http://www.google.com/bot.html)"
66.249.66.201 - - [04/Aug/2021:05:34:17 +0000] "GET /beach-houseboat-hills-tour.html HTTP/1.1" 200 100922 "-" "Mozilla/5.0 (Linux; Android 6.0.1; Nexus 5X Build/MMB29P) AppleWebKit/537.36 (KHTML, like Gecko) Chrome/92.0.4515.119 Mobile Safari/537.36 (compatible; Googlebot/2.1; +http://www.google.com/bot.html)"
66.249.66.198 - - [04/Aug/2021:05:34:23 +0000] "HEAD /galleryimg/ HTTP/1.1" 200 - "https://www.indiaexclusivetours.com/beach-houseboat-hills-tour.html" "Mozilla/5.0 (Linux; Android 6.0.1; Nexus 5X Build/MMB29P) AppleWebKit/537.36 (KHTML, like Gecko) Chrome/91.0.4472.90 Mobile Safari/537.36 (compatible; Googlebot/2.1; +http://www.google.com/bot.html)"
66.249.66.198 - - [04/Aug/2021:05:34:23 +0000] "HEAD /galleryimg/4224116muunar@2x.jpg HTTP/1.1" 404 - "https://www.indiaexclusivetours.com/beach-houseboat-hills-tour.html" "Mozilla/5.0 (Linux; Android 6.0.1; Nexus 5X Build/MMB29P) AppleWebKit/537.36 (KHTML, like Gecko) Chrome/91.0.4472.90 Mobile Safari/537.36 (compatible; Googlebot/2.1; +http://www.google.com/bot.html)"
66.249.66.198 - - [04/Aug/2021:05:34:24 +0000] "HEAD /galleryimg/ HTTP/1.1" 200 - "https://www.indiaexclusivetours.com/beach-houseboat-hills-tour.html" "Mozilla/5.0 (Linux; Android 6.0.1; Nexus 5X Build/MMB29P) AppleWebKit/537.36 (KHTML, like Gecko) Chrome/91.0.4472.90 Mobile Safari/537.36 (compatible; Googlebot/2.1; +http://www.google.com/bot.html)"
66.249.66.201 - - [04/Aug/2021:05:34:25 +0000] "HEAD /galleryimg/191989kumarakom@2x.jpg HTTP/1.1" 404 - "https://www.indiaexclusivetours.com/beach-houseboat-hills-tour.html" "Mozilla/5.0 (Linux; Android 6.0.1; Nexus 5X Build/MMB29P) AppleWebKit/537.36 (KHTML, like Gecko) Chrome/91.0.4472.90 Mobile Safari/537.36 (compatible; Googlebot/2.1; +http://www.google.com/bot.html)"
66.249.66.198 - - [04/Aug/2021:05:34:25 +0000] "HEAD /galleryimg/7111213kumarakom@2x.jpg HTTP/1.1" 404 - "https://www.indiaexclusivetours.com/beach-houseboat-hills-tour.html" "Mozilla/5.0 (Linux; Android 6.0.1; Nexus 5X Build/MMB29P) AppleWebKit/537.36 (KHTML, like Gecko) Chrome/91.0.4472.90 Mobile Safari/537.36 (compatible; Googlebot/2.1; +http://www.google.com/bot.html)"
66.249.66.201 - - [04/Aug/2021:05:34:26 +0000] "HEAD /galleryimg/a144ba2ebd63402b55c972d3fc0aafc0@2x.jpg HTTP/1.1" 404 - "https://www.indiaexclusivetours.com/beach-houseboat-hills-tour.html" "Mozilla/5.0 (Linux; Android 6.0.1; Nexus 5X Build/MMB29P) AppleWebKit/537.36 (KHTML, like Gecko) Chrome/91.0.4472.90 Mobile Safari/537.36 (compatible; Googlebot/2.1; +http://www.google.com/bot.html)"
66.249.66.198 - - [04/Aug/2021:05:34:26 +0000] "HEAD /galleryimg/7251290kumarakom@2x.jpg HTTP/1.1" 404 - "https://www.indiaexclusivetours.com/beach-houseboat-hills-tour.html" "Mozilla/5.0 (Linux; Android 6.0.1; Nexus 5X Build/MMB29P) AppleWebKit/537.36 (KHTML, like Gecko) Chrome/91.0.4472.90 Mobile Safari/537.36 (compatible; Googlebot/2.1; +http://www.google.com/bot.html)"
66.249.66.198 - - [04/Aug/2021:05:34:27 +0000] "HEAD /galleryimg/5550000kerala-tourism-india@2x.jpg HTTP/1.1" 404 - "https://www.indiaexclusivetours.com/beach-houseboat-hills-tour.html" "Mozilla/5.0 (Linux; Android 6.0.1; Nexus 5X Build/MMB29P) AppleWebKit/537.36 (KHTML, like Gecko) Chrome/91.0.4472.90 Mobile Safari/537.36 (compatible; Googlebot/2.1; +http://www.google.com/bot.html)"
66.249.66.198 - - [04/Aug/2021:05:34:27 +0000] "HEAD /galleryimg/8386845munnar-tourism@2x.jpg HTTP/1.1" 404 - "https://www.indiaexclusivetours.com/beach-houseboat-hills-tour.html" "Mozilla/5.0 (Linux; Android 6.0.1; Nexus 5X Build/MMB29P) AppleWebKit/537.36 (KHTML, like Gecko) Chrome/91.0.4472.90 Mobile Safari/537.36 (compatible; Googlebot/2.1; +http://www.google.com/bot.html)"
66.249.66.198 - - [04/Aug/2021:05:34:27 +0000] "HEAD /galleryimg/8686494munnar-tour@2x.jpg HTTP/1.1" 404 - "https://www.indiaexclusivetours.com/beach-houseboat-hills-tour.html" "Mozilla/5.0 (Linux; Android 6.0.1; Nexus 5X Build/MMB29P) AppleWebKit/537.36 (KHTML, like Gecko) Chrome/91.0.4472.90 Mobile Safari/537.36 (compatible; Googlebot/2.1; +http://www.google.com/bot.html)"
66.249.66.207 - - [04/Aug/2021:05:43:10 +0000] "GET /hotels-in-india/shimla.html HTTP/1.1" 500 - "-" "Mozilla/5.0 (Linux; Android 6.0.1; Nexus 5X Build/MMB29P) AppleWebKit/537.36 (KHTML, like Gecko) Chrome/92.0.4515.119 Mobile Safari/537.36 (compatible; Googlebot/2.1; +http://www.google.com/bot.html)"
114.134.26.211 - - [04/Aug/2021:05:43:18 +0000] "GET /galleryimg/culture1.jpg HTTP/1.1" 200 298996 "https://www.google.com/" "Mozilla/5.0 (Windows NT 10.0; Win64; x64) AppleWebKit/537.36 (KHTML, like Gecko) Chrome/92.0.4515.107 Safari/537.36"
114.134.26.211 - - [04/Aug/2021:05:43:21 +0000] "GET /galleryimg/culture1.jpg HTTP/1.1" 200 298996 "https://www.google.com/" "Mozilla/5.0 (Windows NT 10.0; Win64; x64) AppleWebKit/537.36 (KHTML, like Gecko) Chrome/92.0.4515.107 Safari/537.36"
216.244.66.234 - - [04/Aug/2021:05:43:53 +0000] "GET /robots.txt HTTP/1.1" 301 253 "-" "Mozilla/5.0 (compatible; DotBot/1.2; +https://opensiteexplorer.org/dotbot; help@moz.com)"
216.244.66.234 - - [04/Aug/2021:05:43:54 +0000] "GET /robots.txt HTTP/1.1" 404 121584 "-" "Mozilla/5.0 (compatible; DotBot/1.2; +https://opensiteexplorer.org/dotbot; help@moz.com)"
216.244.66.234 - - [04/Aug/2021:06:00:16 +0000] "GET /package-details.php?id=102 HTTP/1.1" 301 269 "-" "Mozilla/5.0 (compatible; DotBot/1.2; +https://opensiteexplorer.org/dotbot; help@moz.com)"
207.46.13.183 - - [04/Aug/2021:06:22:00 +0000] "GET /galleryimg/47bceb4a175a374dce5a8c4449318d69.jpg HTTP/1.1" 404 121584 "-" "Mozilla/5.0 (compatible; bingbot/2.0; +http://www.bing.com/bingbot.htm)"
66.249.66.211 - - [04/Aug/2021:06:26:02 +0000] "GET /kashmir-paorama-tour.html HTTP/1.1" 200 97540 "-" "Mozilla/5.0 (compatible; Googlebot/2.1; +http://www.google.com/bot.html)"
114.119.138.140 - - [04/Aug/2021:06:30:32 +0000] "GET /robots.txt HTTP/1.1" 301 253 "-" "Mozilla/5.0 (compatible;PetalBot;+https://webmaster.petalsearch.com/site/petalbot)"
114.119.138.140 - - [04/Aug/2021:06:30:32 +0000] "GET /robots.txt HTTP/1.1" 404 121584 "-" "Mozilla/5.0 (compatible;PetalBot;+https://webmaster.petalsearch.com/site/petalbot)"
66.249.66.201 - - [04/Aug/2021:06:34:37 +0000] "GET /destinations-in-india/andman.html HTTP/1.1" 200 105743 "-" "Mozilla/5.0 (compatible; Googlebot/2.1; +http://www.google.com/bot.html)"
216.244.66.234 - - [04/Aug/2021:06:36:12 +0000] "GET /robots.txt HTTP/1.1" 301 253 "-" "Mozilla/5.0 (compatible; DotBot/1.2; +https://opensiteexplorer.org/dotbot; help@moz.com)"
216.244.66.234 - - [04/Aug/2021:06:36:13 +0000] "GET /robots.txt HTTP/1.1" 404 121584 "-" "Mozilla/5.0 (compatible; DotBot/1.2; +https://opensiteexplorer.org/dotbot; help@moz.com)"
66.249.66.201 - - [04/Aug/2021:06:39:51 +0000] "GET / HTTP/1.1" 200 121584 "-" "Mozilla/5.0 (Linux; Android 6.0.1; Nexus 5X Build/MMB29P) AppleWebKit/537.36 (KHTML, like Gecko) Chrome/92.0.4515.119 Mobile Safari/537.36 (compatible; Googlebot/2.1; +http://www.google.com/bot.html)"
66.249.66.198 - - [04/Aug/2021:06:39:56 +0000] "HEAD /wp-content/plugins/LayerSlider/static/img/blank@2x.gif HTTP/1.1" 404 - "https://www.indiaexclusivetours.com/" "Mozilla/5.0 (Linux; Android 6.0.1; Nexus 5X Build/MMB29P) AppleWebKit/537.36 (KHTML, like Gecko) Chrome/91.0.4472.90 Mobile Safari/537.36 (compatible; Googlebot/2.1; +http://www.google.com/bot.html)"
66.249.66.198 - - [04/Aug/2021:06:39:56 +0000] "HEAD /galleryimg/be0ea55118f958d7d6c4c8993ba24a5f@2x.jpg HTTP/1.1" 404 - "https://www.indiaexclusivetours.com/" "Mozilla/5.0 (Linux; Android 6.0.1; Nexus 5X Build/MMB29P) AppleWebKit/537.36 (KHTML, like Gecko) Chrome/91.0.4472.90 Mobile Safari/537.36 (compatible; Googlebot/2.1; +http://www.google.com/bot.html)"
66.249.66.198 - - [04/Aug/2021:06:39:57 +0000] "HEAD /galleryimg/f23081fe20bd1cdc0b06640b2fc20621@2x.jpg HTTP/1.1" 404 - "https://www.indiaexclusivetours.com/" "Mozilla/5.0 (Linux; Android 6.0.1; Nexus 5X Build/MMB29P) AppleWebKit/537.36 (KHTML, like Gecko) Chrome/91.0.4472.90 Mobile Safari/537.36 (compatible; Googlebot/2.1; +http://www.google.com/bot.html)"
66.249.66.201 - - [04/Aug/2021:06:40:00 +0000] "HEAD /galleryimg/2c1c594703521afd8a990dcc5ebecff6@2x.gif HTTP/1.1" 404 - "https://www.indiaexclusivetours.com/" "Mozilla/5.0 (Linux; Android 6.0.1; Nexus 5X Build/MMB29P) AppleWebKit/537.36 (KHTML, like Gecko) Chrome/91.0.4472.90 Mobile Safari/537.36 (compatible; Googlebot/2.1; +http://www.google.com/bot.html)"
66.249.66.198 - - [04/Aug/2021:06:40:01 +0000] "HEAD /wp-content/plugins/LayerSlider/static/img/blank@2x.gif HTTP/1.1" 404 - "https://www.indiaexclusivetours.com/" "Mozilla/5.0 (Linux; Android 6.0.1; Nexus 5X Build/MMB29P) AppleWebKit/537.36 (KHTML, like Gecko) Chrome/91.0.4472.90 Mobile Safari/537.36 (compatible; Googlebot/2.1; +http://www.google.com/bot.html)"
66.249.66.198 - - [04/Aug/2021:06:40:02 +0000] "HEAD /galleryimg/6fa61491bd258de635b97cccbcf82cbc@2x.jpg HTTP/1.1" 404 - "https://www.indiaexclusivetours.com/" "Mozilla/5.0 (Linux; Android 6.0.1; Nexus 5X Build/MMB29P) AppleWebKit/537.36 (KHTML, like Gecko) Chrome/91.0.4472.90 Mobile Safari/537.36 (compatible; Googlebot/2.1; +http://www.google.com/bot.html)"
66.249.66.198 - - [04/Aug/2021:06:40:04 +0000] "HEAD /galleryimg/97c09dff0951fa9c5921581cb701894a@2x.jpg HTTP/1.1" 404 - "https://www.indiaexclusivetours.com/" "Mozilla/5.0 (Linux; Android 6.0.1; Nexus 5X Build/MMB29P) AppleWebKit/537.36 (KHTML, like Gecko) Chrome/91.0.4472.90 Mobile Safari/537.36 (compatible; Googlebot/2.1; +http://www.google.com/bot.html)"
66.249.66.198 - - [04/Aug/2021:06:40:06 +0000] "HEAD /galleryimg/47d462e4aa4d86f44f97cc8b9831c0ea@2x.jpg HTTP/1.1" 404 - "https://www.indiaexclusivetours.com/" "Mozilla/5.0 (Linux; Android 6.0.1; Nexus 5X Build/MMB29P) AppleWebKit/537.36 (KHTML, like Gecko) Chrome/91.0.4472.90 Mobile Safari/537.36 (compatible; Googlebot/2.1; +http://www.google.com/bot.html)"
216.244.66.234 - - [04/Aug/2021:06:45:07 +0000] "GET /about-destination.php?id=12 HTTP/1.1" 301 270 "-" "Mozilla/5.0 (compatible; DotBot/1.2; +https://opensiteexplorer.org/dotbot; help@moz.com)"
185.191.34.215 - - [04/Aug/2021:06:47:58 +0000] "POST /wp-includes/Requests/Hooker.php HTTP/1.1" 404 110133 "-" "Mozilla/5.0 (Windows NT 10.0; Win64; x64; rv:67.0) Gecko/20100101 Firefox/67.0"
213.233.150.84 - - [04/Aug/2021:06:53:10 +0000] "GET / HTTP/1.1" 200 121584 "-" "Mozilla/5.0 (iPhone; CPU iPhone OS 14_6 like Mac OS X) AppleWebKit/605.1.15 (KHTML, like Gecko) Version/14.1.1 Mobile/15E148 Safari/604.1"
213.233.150.84 - - [04/Aug/2021:06:53:11 +0000] "GET /wp-content/cache/wpfc-minified/9/1473342606index.css HTTP/1.1" 200 20716 "https://www.indiaexclusivetours.com/" "Mozilla/5.0 (iPhone; CPU iPhone OS 14_6 like Mac OS X) AppleWebKit/605.1.15 (KHTML, like Gecko) Version/14.1.1 Mobile/15E148 Safari/604.1"
213.233.150.84 - - [04/Aug/2021:06:53:11 +0000] "GET /wp-content/cache/wpfc-minified/8/1473342606index.css HTTP/1.1" 200 4146 "https://www.indiaexclusivetours.com/" "Mozilla/5.0 (iPhone; CPU iPhone OS 14_6 like Mac OS X) AppleWebKit/605.1.15 (KHTML, like Gecko) Version/14.1.1 Mobile/15E148 Safari/604.1"
213.233.150.84 - - [04/Aug/2021:06:53:11 +0000] "GET /wp-content/cache/wpfc-minified/11/1473342607index.css HTTP/1.1" 200 230397 "https://www.indiaexclusivetours.com/" "Mozilla/5.0 (iPhone; CPU iPhone OS 14_6 like Mac OS X) AppleWebKit/605.1.15 (KHTML, like Gecko) Version/14.1.1 Mobile/15E148 Safari/604.1"
213.233.150.84 - - [04/Aug/2021:06:53:11 +0000] "GET /wp-content/font-awesome/4.5.0/css/font-awesome.min1c9b.css?ver=4.6.1 HTTP/1.1" 200 27748 "https://www.indiaexclusivetours.com/" "Mozilla/5.0 (iPhone; CPU iPhone OS 14_6 like Mac OS X) AppleWebKit/605.1.15 (KHTML, like Gecko) Version/14.1.1 Mobile/15E148 Safari/604.1"
213.233.150.84 - - [04/Aug/2021:06:53:11 +0000] "GET /wp-content/cache/wpfc-minified/6/1473342606index.css HTTP/1.1" 200 211100 "https://www.indiaexclusivetours.com/" "Mozilla/5.0 (iPhone; CPU iPhone OS 14_6 like Mac OS X) AppleWebKit/605.1.15 (KHTML, like Gecko) Version/14.1.1 Mobile/15E148 Safari/604.1"
213.233.150.84 - - [04/Aug/2021:06:53:11 +0000] "GET /wp-content/cache/wpfc-minified/5/1473342609index.js HTTP/1.1" 200 349207 "https://www.indiaexclusivetours.com/" "Mozilla/5.0 (iPhone; CPU iPhone OS 14_6 like Mac OS X) AppleWebKit/605.1.15 (KHTML, like Gecko) Version/14.1.1 Mobile/15E148 Safari/604.1"
