17.121.112.44 - - [03/Aug/2021:00:52:23 +0000] "GET /galleryimg/7e2e522275c066f18051ae6ce53abd0c.jpg HTTP/1.1" 200 55973 "-" "Mozilla/5.0 (Macintosh; Intel Mac OS X 10_15_5) AppleWebKit/605.1.15 (KHTML, like Gecko) Version/13.1.1 Safari/605.1.15 (Applebot/0.1; +http://www.apple.com/go/applebot)"
66.249.66.204 - - [03/Aug/2021:00:58:24 +0000] "GET /india-tour-packages/honeymoon-tour-package.html HTTP/1.1" 200 91309 "-" "Mozilla/5.0 (compatible; Googlebot/2.1; +http://www.google.com/bot.html)"
114.119.147.203 - - [03/Aug/2021:01:02:10 +0000] "GET /india-tour-packages/culture-tours-.html HTTP/1.1" 200 74432 "-" "Mozilla/5.0 (Linux; Android 7.0;) AppleWebKit/537.36 (KHTML, like Gecko) Mobile Safari/537.36 (compatible; PetalBot;+https://webmaster.petalsearch.com/site/petalbot)"
144.86.173.128 - - [03/Aug/2021:01:04:16 +0000] "GET / HTTP/1.1" 200 121584 "-" "Expanse, a Palo Alto Networks company, searches across the global IPv4 space multiple times per day to identify customers' presences on the Internet. If you would like to be excluded from our scans, please send IP addresses/domains to: scaninfo@paloaltonetworks.com"
185.191.171.33 - - [03/Aug/2021:01:14:52 +0000] "GET /robots.txt HTTP/1.1" 404 121584 "-" "Mozilla/5.0 (compatible; SemrushBot/7~bl; +http://www.semrush.com/bot.html)"
185.191.171.2 - - [03/Aug/2021:01:14:54 +0000] "GET /shimla-tour-package.html HTTP/1.1" 200 99703 "-" "Mozilla/5.0 (compatible; SemrushBot/7~bl; +http://www.semrush.com/bot.html)"
66.249.66.204 - - [03/Aug/2021:01:18:21 +0000] "GET /goa-beach-tour.html HTTP/1.1" 200 99927 "-" "Mozilla/5.0 (compatible; Googlebot/2.1; +http://www.google.com/bot.html)"
114.119.145.134 - - [03/Aug/2021:01:24:38 +0000] "GET /galleryimg/2435672ooty-honeymoon-package.jpg HTTP/1.1" 200 90643 "-" "Mozilla/5.0 (Linux; Android 7.0;) AppleWebKit/537.36 (KHTML, like Gecko) Mobile Safari/537.36 (compatible; PetalBot;+https://webmaster.petalsearch.com/site/petalbot)"
17.121.113.225 - - [03/Aug/2021:01:38:23 +0000] "GET /galleryimg/362903479846552ca33c822f20cee798.jpg HTTP/1.1" 200 56493 "-" "Mozilla/5.0 (Macintosh; Intel Mac OS X 10_15_5) AppleWebKit/605.1.15 (KHTML, like Gecko) Version/13.1.1 Safari/605.1.15 (Applebot/0.1; +http://www.apple.com/go/applebot)"
185.191.171.44 - - [03/Aug/2021:01:38:49 +0000] "GET /-kashmir-houseboat-tour.html HTTP/1.1" 200 98056 "-" "Mozilla/5.0 (compatible; SemrushBot/7~bl; +http://www.semrush.com/bot.html)"
54.36.148.48 - - [03/Aug/2021:01:39:26 +0000] "GET /destination/dharamshala.html HTTP/1.1" 200 128613 "-" "Mozilla/5.0 (compatible; AhrefsBot/7.0; +http://ahrefs.com/robot/)"
17.121.114.33 - - [03/Aug/2021:01:56:30 +0000] "GET /destination/sir-hugh-rose-island.html HTTP/1.1" 200 125600 "-" "Mozilla/5.0 (Macintosh; Intel Mac OS X 10_15_5) AppleWebKit/605.1.15 (KHTML, like Gecko) Version/13.1.1 Safari/605.1.15 (Applebot/0.1; +http://www.apple.com/go/applebot)"
114.119.145.134 - - [03/Aug/2021:02:00:29 +0000] "GET /karnataka-beach-tour.html HTTP/1.1" 200 105345 "-" "Mozilla/5.0 (Linux; Android 7.0;) AppleWebKit/537.36 (KHTML, like Gecko) Mobile Safari/537.36 (compatible; PetalBot;+https://webmaster.petalsearch.com/site/petalbot)"
77.75.78.164 - - [03/Aug/2021:02:01:27 +0000] "GET /robots.txt HTTP/1.1" 404 121584 "-" "Mozilla/5.0 (compatible; SeznamBot/3.2; +http://napoveda.seznam.cz/en/seznambot-intro/)"
77.75.78.164 - - [03/Aug/2021:02:01:31 +0000] "GET /galleryimg/2826345Huge-Rose.jpg HTTP/1.1" 200 69495 "-" "Mozilla/5.0 (compatible; SeznamBot/3.2; +http://napoveda.seznam.cz/en/seznambot-intro/)"
114.119.156.46 - - [03/Aug/2021:02:16:50 +0000] "GET /packages.php?id=39 HTTP/1.1" 200 72398 "-" "Mozilla/5.0 (Linux; Android 7.0;) AppleWebKit/537.36 (KHTML, like Gecko) Mobile Safari/537.36 (compatible; PetalBot;+https://webmaster.petalsearch.com/site/petalbot)"
66.249.66.204 - - [03/Aug/2021:02:18:10 +0000] "GET /bhimtal-tour.html HTTP/1.1" 200 97648 "-" "Mozilla/5.0 (compatible; Googlebot/2.1; +http://www.google.com/bot.html)"
66.249.66.198 - - [03/Aug/2021:02:18:13 +0000] "GET /wp-content/cache/wpfc-minified/4/1473342607index.js HTTP/1.1" 200 4917 "https://www.indiaexclusivetours.com/bhimtal-tour.html" "Mozilla/5.0 AppleWebKit/537.36 (KHTML, like Gecko; compatible; Googlebot/2.1; +http://www.google.com/bot.html) Chrome/91.0.4472.90 Safari/537.36"
114.119.159.33 - - [03/Aug/2021:02:25:25 +0000] "GET /kerala-compleat-tour.html HTTP/1.1" 200 101159 "-" "Mozilla/5.0 (Linux; Android 7.0;) AppleWebKit/537.36 (KHTML, like Gecko) Mobile Safari/537.36 (compatible; PetalBot;+https://webmaster.petalsearch.com/site/petalbot)"
94.103.232.174 - - [03/Aug/2021:02:29:38 +0000] "GET /contact-us.php HTTP/1.1" 200 73766 "-" "Mozilla/5.0 (Windows NT 10.0; Win64; x64) AppleWebKit/537.36 (KHTML, like Gecko) Chrome/69.0.3451.0 Safari/537.36"
94.103.232.174 - - [03/Aug/2021:02:29:40 +0000] "POST /submit-enquiry.php HTTP/1.1" 200 151 "https://www.indiaexclusivetours.com/contact-us.php" "Mozilla/5.0 (Windows NT 10.0; Win64; x64) AppleWebKit/537.36 (KHTML, like Gecko) Chrome/69.0.3451.0 Safari/537.36"
185.191.171.22 - - [03/Aug/2021:02:36:15 +0000] "GET /robots.txt HTTP/1.1" 404 121584 "-" "Mozilla/5.0 (compatible; SemrushBot/7~bl; +http://www.semrush.com/bot.html)"
185.191.171.24 - - [03/Aug/2021:02:36:16 +0000] "GET /destinations-in-india/leh-ladakh.html HTTP/1.1" 200 96403 "-" "Mozilla/5.0 (compatible; SemrushBot/7~bl; +http://www.semrush.com/bot.html)"
104.244.77.95 - - [03/Aug/2021:02:43:11 +0000] "GET /thank-you.php HTTP/1.0" 200 70006 "https://www.indiaexclusivetours.com/thank-you.php" "Mozilla/5.0 (Windows NT 10.0; Win64; x64) AppleWebKit/537.36 (KHTML, like Gecko) Chrome/90.0.4430.93 Safari/537.36"
104.244.77.95 - - [03/Aug/2021:02:43:15 +0000] "GET /contact-us.php HTTP/1.0" 200 73766 "https://www.indiaexclusivetours.com/contact-us.php" "Mozilla/5.0 (Windows NT 10.0; Win64; x64) AppleWebKit/537.36 (KHTML, like Gecko) Chrome/90.0.4430.93 Safari/537.36"
94.181.47.232 - - [03/Aug/2021:02:50:27 +0000] "GET /thank-you.php HTTP/1.0" 301 256 "http://indiaexclusivetours.com/thank-you.php" "Mozilla/5.0 (Windows NT 10.0; Win64; x64) AppleWebKit/537.36 (KHTML, like Gecko) Chrome/83.0.4096.0 Safari/537.36"
94.181.47.232 - - [03/Aug/2021:02:50:28 +0000] "GET /thank-you.php HTTP/1.0" 200 70006 "http://www.indiaexclusivetours.com/thank-you.php" "Mozilla/5.0 (Windows NT 10.0; Win64; x64) AppleWebKit/537.36 (KHTML, like Gecko) Chrome/83.0.4096.0 Safari/537.36"
185.191.171.15 - - [03/Aug/2021:02:50:40 +0000] "GET /amazing-ladakh-tour.html HTTP/1.1" 200 98696 "-" "Mozilla/5.0 (compatible; SemrushBot/7~bl; +http://www.semrush.com/bot.html)"
185.191.171.7 - - [03/Aug/2021:02:59:47 +0000] "GET /destination/natural-rock.html HTTP/1.1" 200 125418 "-" "Mozilla/5.0 (compatible; SemrushBot/7~bl; +http://www.semrush.com/bot.html)"
207.46.13.106 - - [03/Aug/2021:03:05:49 +0000] "GET /galleryimg/mahabaleshwar-temple.jpg HTTP/1.1" 200 28262 "-" "Mozilla/5.0 (compatible; bingbot/2.0; +http://www.bing.com/bingbot.htm)"
66.249.66.198 - - [03/Aug/2021:03:38:35 +0000] "GET /favicon.ico HTTP/1.1" 404 121584 "-" "Googlebot-Image/1.0"
5.45.207.143 - - [03/Aug/2021:03:41:27 +0000] "GET /robots.txt HTTP/1.1" 404 121584 "-" "Mozilla/5.0 (compatible; YandexBot/3.0; +http://yandex.com/bots)"
5.45.207.143 - - [03/Aug/2021:03:41:31 +0000] "GET /galleryimg/beach.jpg HTTP/1.1" 200 276312 "-" "Mozilla/5.0 (compatible; YandexImages/3.0; +http://yandex.com/bots)"
54.36.148.48 - - [03/Aug/2021:03:57:51 +0000] "GET / HTTP/1.1" 200 121584 "-" "Mozilla/5.0 (compatible; AhrefsBot/7.0; +http://ahrefs.com/robot/)"
5.188.48.14 - - [03/Aug/2021:04:14:49 +0000] "GET /agra-same-day-tour.html HTTP/1.0" 200 100348 "https://www.indiaexclusivetours.com/agra-same-day-tour.html" "Mozilla/5.0 (Windows NT 10.0; Win64; x64) AppleWebKit/537.36 (KHTML, like Gecko) Chrome/83.0.4103.61 Safari/537.36"
5.188.48.14 - - [03/Aug/2021:04:14:51 +0000] "POST /submit-enquiry.php HTTP/1.0" 200 151 "https://www.indiaexclusivetours.com/agra-same-day-tour.html" "Mozilla/5.0 (Windows NT 10.0; Win64; x64) AppleWebKit/537.36 (KHTML, like Gecko) Chrome/83.0.4103.61 Safari/537.36"
5.188.48.14 - - [03/Aug/2021:04:14:53 +0000] "GET /thank-you.php HTTP/1.0" 200 70006 "http://www.indiaexclusivetours.com/thank-you.php" "Mozilla/5.0 (Windows NT 10.0; Win64; x64) AppleWebKit/537.36 (KHTML, like Gecko) Chrome/83.0.4103.61 Safari/537.36"
207.46.13.173 - - [03/Aug/2021:04:18:05 +0000] "GET /galleryimg/1347452Lakshadweep-Islands.jpg HTTP/1.1" 200 258609 "-" "Mozilla/5.0 (compatible; bingbot/2.0; +http://www.bing.com/bingbot.htm)"
157.55.39.188 - - [03/Aug/2021:04:32:15 +0000] "GET /galleryimg/badrinath%20ji.jpg HTTP/1.1" 200 74520 "-" "Mozilla/5.0 (compatible; bingbot/2.0; +http://www.bing.com/bingbot.htm)"
207.46.13.96 - - [03/Aug/2021:04:34:19 +0000] "GET /destinations-in-india/kashmir-tourism.html HTTP/1.1" 200 102798 "-" "Mozilla/5.0 (compatible; bingbot/2.0; +http://www.bing.com/bingbot.htm)"
185.191.171.41 - - [03/Aug/2021:04:36:53 +0000] "GET /robots.txt HTTP/1.1" 404 121584 "-" "Mozilla/5.0 (compatible; SemrushBot/7~bl; +http://www.semrush.com/bot.html)"
185.191.171.25 - - [03/Aug/2021:04:36:55 +0000] "GET /wild-adventure-tour.html HTTP/1.1" 200 101041 "-" "Mozilla/5.0 (compatible; SemrushBot/7~bl; +http://www.semrush.com/bot.html)"
128.199.55.11 - - [03/Aug/2021:04:38:12 +0000] "GET / HTTP/1.1" 301 243 "-" "Mozilla/5.0 (Windows NT 10.0; Win64; x64) AppleWebKit/537.36 (KHTML, like Gecko) Chrome/63.0.3239.132 Safari/537.36"
128.199.55.11 - - [03/Aug/2021:04:38:12 +0000] "GET /wp-includes/wlwmanifest.xml HTTP/1.1" 301 270 "-" "Mozilla/5.0 (Windows NT 10.0; Win64; x64) AppleWebKit/537.36 (KHTML, like Gecko) Chrome/63.0.3239.132 Safari/537.36"
128.199.55.11 - - [03/Aug/2021:04:38:12 +0000] "GET /xmlrpc.php?rsd HTTP/1.1" 301 257 "-" "Mozilla/5.0 (Windows NT 10.0; Win64; x64) AppleWebKit/537.36 (KHTML, like Gecko) Chrome/63.0.3239.132 Safari/537.36"
128.199.55.11 - - [03/Aug/2021:04:38:12 +0000] "GET / HTTP/1.1" 301 243 "-" "Mozilla/5.0 (Windows NT 10.0; Win64; x64) AppleWebKit/537.36 (KHTML, like Gecko) Chrome/63.0.3239.132 Safari/537.36"
128.199.55.11 - - [03/Aug/2021:04:38:13 +0000] "GET /blog/wp-includes/wlwmanifest.xml HTTP/1.1" 301 275 "-" "Mozilla/5.0 (Windows NT 10.0; Win64; x64) AppleWebKit/537.36 (KHTML, like Gecko) Chrome/63.0.3239.132 Safari/537.36"
128.199.55.11 - - [03/Aug/2021:04:38:13 +0000] "GET /web/wp-includes/wlwmanifest.xml HTTP/1.1" 301 274 "-" "Mozilla/5.0 (Windows NT 10.0; Win64; x64) AppleWebKit/537.36 (KHTML, like Gecko) Chrome/63.0.3239.132 Safari/537.36"
128.199.55.11 - - [03/Aug/2021:04:38:13 +0000] "GET /wordpress/wp-includes/wlwmanifest.xml HTTP/1.1" 301 280 "-" "Mozilla/5.0 (Windows NT 10.0; Win64; x64) AppleWebKit/537.36 (KHTML, like Gecko) Chrome/63.0.3239.132 Safari/537.36"
128.199.55.11 - - [03/Aug/2021:04:38:13 +0000] "GET /website/wp-includes/wlwmanifest.xml HTTP/1.1" 301 278 "-" "Mozilla/5.0 (Windows NT 10.0; Win64; x64) AppleWebKit/537.36 (KHTML, like Gecko) Chrome/63.0.3239.132 Safari/537.36"
128.199.55.11 - - [03/Aug/2021:04:38:13 +0000] "GET /wp/wp-includes/wlwmanifest.xml HTTP/1.1" 301 273 "-" "Mozilla/5.0 (Windows NT 10.0; Win64; x64) AppleWebKit/537.36 (KHTML, like Gecko) Chrome/63.0.3239.132 Safari/537.36"
128.199.55.11 - - [03/Aug/2021:04:38:13 +0000] "GET /news/wp-includes/wlwmanifest.xml HTTP/1.1" 301 275 "-" "Mozilla/5.0 (Windows NT 10.0; Win64; x64) AppleWebKit/537.36 (KHTML, like Gecko) Chrome/63.0.3239.132 Safari/537.36"
128.199.55.11 - - [03/Aug/2021:04:38:13 +0000] "GET /2015/wp-includes/wlwmanifest.xml HTTP/1.1" 301 275 "-" "Mozilla/5.0 (Windows NT 10.0; Win64; x64) AppleWebKit/537.36 (KHTML, like Gecko) Chrome/63.0.3239.132 Safari/537.36"
128.199.55.11 - - [03/Aug/2021:04:38:13 +0000] "GET /2016/wp-includes/wlwmanifest.xml HTTP/1.1" 301 275 "-" "Mozilla/5.0 (Windows NT 10.0; Win64; x64) AppleWebKit/537.36 (KHTML, like Gecko) Chrome/63.0.3239.132 Safari/537.36"
128.199.55.11 - - [03/Aug/2021:04:38:14 +0000] "GET /2017/wp-includes/wlwmanifest.xml HTTP/1.1" 301 275 "-" "Mozilla/5.0 (Windows NT 10.0; Win64; x64) AppleWebKit/537.36 (KHTML, like Gecko) Chrome/63.0.3239.132 Safari/537.36"
128.199.55.11 - - [03/Aug/2021:04:38:14 +0000] "GET /2018/wp-includes/wlwmanifest.xml HTTP/1.1" 301 275 "-" "Mozilla/5.0 (Windows NT 10.0; Win64; x64) AppleWebKit/537.36 (KHTML, like Gecko) Chrome/63.0.3239.132 Safari/537.36"
128.199.55.11 - - [03/Aug/2021:04:38:14 +0000] "GET /shop/wp-includes/wlwmanifest.xml HTTP/1.1" 301 275 "-" "Mozilla/5.0 (Windows NT 10.0; Win64; x64) AppleWebKit/537.36 (KHTML, like Gecko) Chrome/63.0.3239.132 Safari/537.36"
128.199.55.11 - - [03/Aug/2021:04:38:14 +0000] "GET /wp1/wp-includes/wlwmanifest.xml HTTP/1.1" 301 274 "-" "Mozilla/5.0 (Windows NT 10.0; Win64; x64) AppleWebKit/537.36 (KHTML, like Gecko) Chrome/63.0.3239.132 Safari/537.36"
128.199.55.11 - - [03/Aug/2021:04:38:14 +0000] "GET /test/wp-includes/wlwmanifest.xml HTTP/1.1" 301 275 "-" "Mozilla/5.0 (Windows NT 10.0; Win64; x64) AppleWebKit/537.36 (KHTML, like Gecko) Chrome/63.0.3239.132 Safari/537.36"
128.199.55.11 - - [03/Aug/2021:04:38:14 +0000] "GET /media/wp-includes/wlwmanifest.xml HTTP/1.1" 301 276 "-" "Mozilla/5.0 (Windows NT 10.0; Win64; x64) AppleWebKit/537.36 (KHTML, like Gecko) Chrome/63.0.3239.132 Safari/537.36"
128.199.55.11 - - [03/Aug/2021:04:38:14 +0000] "GET /wp2/wp-includes/wlwmanifest.xml HTTP/1.1" 301 274 "-" "Mozilla/5.0 (Windows NT 10.0; Win64; x64) AppleWebKit/537.36 (KHTML, like Gecko) Chrome/63.0.3239.132 Safari/537.36"
128.199.55.11 - - [03/Aug/2021:04:38:15 +0000] "GET /site/wp-includes/wlwmanifest.xml HTTP/1.1" 301 275 "-" "Mozilla/5.0 (Windows NT 10.0; Win64; x64) AppleWebKit/537.36 (KHTML, like Gecko) Chrome/63.0.3239.132 Safari/537.36"
128.199.55.11 - - [03/Aug/2021:04:38:15 +0000] "GET /cms/wp-includes/wlwmanifest.xml HTTP/1.1" 301 274 "-" "Mozilla/5.0 (Windows NT 10.0; Win64; x64) AppleWebKit/537.36 (KHTML, like Gecko) Chrome/63.0.3239.132 Safari/537.36"
128.199.55.11 - - [03/Aug/2021:04:38:15 +0000] "GET /sito/wp-includes/wlwmanifest.xml HTTP/1.1" 301 275 "-" "Mozilla/5.0 (Windows NT 10.0; Win64; x64) AppleWebKit/537.36 (KHTML, like Gecko) Chrome/63.0.3239.132 Safari/537.36"
77.75.78.167 - - [03/Aug/2021:04:54:14 +0000] "GET /robots.txt HTTP/1.1" 404 121584 "-" "Mozilla/5.0 (compatible; SeznamBot/3.2; +http://napoveda.seznam.cz/en/seznambot-intro/)"
77.75.78.167 - - [03/Aug/2021:04:54:18 +0000] "GET /gangtok-darjeeling-tour.html HTTP/1.1" 200 101875 "-" "Mozilla/5.0 (compatible; SeznamBot/3.2; +http://napoveda.seznam.cz/en/seznambot-intro/)"
54.36.149.107 - - [03/Aug/2021:04:55:26 +0000] "GET /robots.txt HTTP/1.1" 301 253 "-" "Mozilla/5.0 (compatible; AhrefsBot/7.0; +http://ahrefs.com/robot/)"
54.36.149.107 - - [03/Aug/2021:04:55:27 +0000] "GET /robots.txt HTTP/1.1" 404 121584 "-" "Mozilla/5.0 (compatible; AhrefsBot/7.0; +http://ahrefs.com/robot/)"
54.36.148.48 - - [03/Aug/2021:04:55:28 +0000] "GET / HTTP/1.1" 301 243 "-" "Mozilla/5.0 (compatible; AhrefsBot/7.0; +http://ahrefs.com/robot/)"
185.220.102.252 - - [03/Aug/2021:05:18:24 +0000] "GET /ckeditor/ckfinder/core/connector/php/connector.php HTTP/1.1" 301 293 "-" "Mozilla/5.0 (Windows NT 10.0; Win64; x64) AppleWebKit/537.36 (KHTML, like Gecko) Chrome/89.0.3945.117 Safari/537.36"
185.220.102.252 - - [03/Aug/2021:05:18:25 +0000] "GET /ckeditor/ckfinder/core/connector/php/connector.php HTTP/1.1" 404 97755 "-" "Mozilla/5.0 (Windows NT 10.0; Win64; x64) AppleWebKit/537.36 (KHTML, like Gecko) Chrome/89.0.3945.117 Safari/537.36"
114.119.147.203 - - [03/Aug/2021:05:27:54 +0000] "GET /robots.txt HTTP/1.1" 301 253 "-" "Mozilla/5.0 (compatible;PetalBot;+https://webmaster.petalsearch.com/site/petalbot)"
114.119.147.203 - - [03/Aug/2021:05:27:54 +0000] "GET /robots.txt HTTP/1.1" 404 121584 "-" "Mozilla/5.0 (compatible;PetalBot;+https://webmaster.petalsearch.com/site/petalbot)"
185.191.171.7 - - [03/Aug/2021:05:28:24 +0000] "GET /destination/bekal.html HTTP/1.1" 200 129512 "-" "Mozilla/5.0 (compatible; SemrushBot/7~bl; +http://www.semrush.com/bot.html)"
5.188.48.58 - - [03/Aug/2021:05:28:37 +0000] "GET /contact-us.php HTTP/1.0" 200 73766 "https://www.indiaexclusivetours.com/contact-us.php" "Mozilla/5.0 (Windows NT 10.0; ) AppleWebKit/537.36 (KHTML, like Gecko) Chrome/83.0.4103.34 Safari/537.36 Edg/83.0.478.25"
103.81.94.49 - - [03/Aug/2021:05:36:54 +0000] "GET /galleryimg/desert-camp.jpg HTTP/1.1" 200 27314 "https://www.google.com/" "Mozilla/5.0 (Windows NT 10.0; Win64; x64) AppleWebKit/537.36 (KHTML, like Gecko) Chrome/92.0.4515.107 Safari/537.36"
185.191.171.21 - - [03/Aug/2021:05:39:19 +0000] "GET /robots.txt HTTP/1.1" 404 121584 "-" "Mozilla/5.0 (compatible; SemrushBot/7~bl; +http://www.semrush.com/bot.html)"
185.191.171.21 - - [03/Aug/2021:05:39:21 +0000] "GET /car-rentals.php HTTP/1.1" 200 71604 "-" "Mozilla/5.0 (compatible; SemrushBot/7~bl; +http://www.semrush.com/bot.html)"
66.249.66.201 - - [03/Aug/2021:05:40:31 +0000] "GET /golden-triangle-hill-station-tour.html HTTP/1.1" 200 103773 "-" "Mozilla/5.0 (Linux; Android 6.0.1; Nexus 5X Build/MMB29P) AppleWebKit/537.36 (KHTML, like Gecko) Chrome/92.0.4515.119 Mobile Safari/537.36 (compatible; Googlebot/2.1; +http://www.google.com/bot.html)"
66.249.66.209 - - [03/Aug/2021:05:40:35 +0000] "GET /robots.txt HTTP/1.1" 404 121584 "-" "Mozilla/5.0 (compatible; Googlebot/2.1; +http://www.google.com/bot.html)"
66.249.66.198 - - [03/Aug/2021:05:40:35 +0000] "GET /wp-content/cache/wpfc-minified/5/1473342609index.js HTTP/1.1" 200 349207 "https://www.indiaexclusivetours.com/golden-triangle-hill-station-tour.html" "Mozilla/5.0 (Linux; Android 6.0.1; Nexus 5X Build/MMB29P) AppleWebKit/537.36 (KHTML, like Gecko) Chrome/91.0.4472.90 Mobile Safari/537.36 (compatible; Googlebot/2.1; +http://www.google.com/bot.html)"
66.249.66.209 - - [03/Aug/2021:05:40:37 +0000] "GET /wp-content/themes/trendytravel/css/responsive1c9b.css HTTP/1.1" 200 88478 "https://www.indiaexclusivetours.com/golden-triangle-hill-station-tour.html" "Mozilla/5.0 (Linux; Android 6.0.1; Nexus 5X Build/MMB29P) AppleWebKit/537.36 (KHTML, like Gecko) Chrome/91.0.4472.90 Mobile Safari/537.36 (compatible; Googlebot/2.1; +http://www.google.com/bot.html)"
66.249.66.201 - - [03/Aug/2021:05:40:39 +0000] "HEAD /undefinedimages/style-picker/boxed@2x.jpg HTTP/1.1" 404 - "https://www.indiaexclusivetours.com/golden-triangle-hill-station-tour.html" "Mozilla/5.0 (Linux; Android 6.0.1; Nexus 5X Build/MMB29P) AppleWebKit/537.36 (KHTML, like Gecko) Chrome/91.0.4472.90 Mobile Safari/537.36 (compatible; Googlebot/2.1; +http://www.google.com/bot.html)"
66.249.66.198 - - [03/Aug/2021:05:40:40 +0000] "HEAD /undefinedimages/style-picker/pattern4@2x.jpg HTTP/1.1" 404 - "https://www.indiaexclusivetours.com/golden-triangle-hill-station-tour.html" "Mozilla/5.0 (Linux; Android 6.0.1; Nexus 5X Build/MMB29P) AppleWebKit/537.36 (KHTML, like Gecko) Chrome/91.0.4472.90 Mobile Safari/537.36 (compatible; Googlebot/2.1; +http://www.google.com/bot.html)"
66.249.66.198 - - [03/Aug/2021:05:40:41 +0000] "HEAD /undefinedimages/style-picker/pattern11@2x.jpg HTTP/1.1" 404 - "https://www.indiaexclusivetours.com/golden-triangle-hill-station-tour.html" "Mozilla/5.0 (Linux; Android 6.0.1; Nexus 5X Build/MMB29P) AppleWebKit/537.36 (KHTML, like Gecko) Chrome/91.0.4472.90 Mobile Safari/537.36 (compatible; Googlebot/2.1; +http://www.google.com/bot.html)"
66.249.66.198 - - [03/Aug/2021:05:40:42 +0000] "HEAD /wp-content/themes/trendytravel/images/logo%402x@2x.png HTTP/1.1" 404 - "https://www.indiaexclusivetours.com/golden-triangle-hill-station-tour.html" "Mozilla/5.0 (Linux; Android 6.0.1; Nexus 5X Build/MMB29P) AppleWebKit/537.36 (KHTML, like Gecko) Chrome/91.0.4472.90 Mobile Safari/537.36 (compatible; Googlebot/2.1; +http://www.google.com/bot.html)"
66.249.66.198 - - [03/Aug/2021:05:40:44 +0000] "HEAD /undefinedimages/style-picker/pattern12@2x.jpg HTTP/1.1" 404 - "https://www.indiaexclusivetours.com/golden-triangle-hill-station-tour.html" "Mozilla/5.0 (Linux; Android 6.0.1; Nexus 5X Build/MMB29P) AppleWebKit/537.36 (KHTML, like Gecko) Chrome/91.0.4472.90 Mobile Safari/537.36 (compatible; Googlebot/2.1; +http://www.google.com/bot.html)"
66.249.66.198 - - [03/Aug/2021:05:40:46 +0000] "HEAD /undefinedimages/style-picker/pattern13@2x.jpg HTTP/1.1" 404 - "https://www.indiaexclusivetours.com/golden-triangle-hill-station-tour.html" "Mozilla/5.0 (Linux; Android 6.0.1; Nexus 5X Build/MMB29P) AppleWebKit/537.36 (KHTML, like Gecko) Chrome/91.0.4472.90 Mobile Safari/537.36 (compatible; Googlebot/2.1; +http://www.google.com/bot.html)"
66.249.66.198 - - [03/Aug/2021:05:40:48 +0000] "HEAD /undefinedimages/style-picker/pattern14@2x.jpg HTTP/1.1" 404 - "https://www.indiaexclusivetours.com/golden-triangle-hill-station-tour.html" "Mozilla/5.0 (Linux; Android 6.0.1; Nexus 5X Build/MMB29P) AppleWebKit/537.36 (KHTML, like Gecko) Chrome/91.0.4472.90 Mobile Safari/537.36 (compatible; Googlebot/2.1; +http://www.google.com/bot.html)"
54.36.148.48 - - [03/Aug/2021:05:45:37 +0000] "GET /destination/varca-beach.html HTTP/1.1" 200 127003 "-" "Mozilla/5.0 (compatible; AhrefsBot/7.0; +http://ahrefs.com/robot/)"
20.83.92.2 - - [03/Aug/2021:05:48:44 +0000] "GET /galleryimg/2571081India-Gate_gate.jpg HTTP/1.1" 200 223746 "https://yandex.com/images/search?text=monuments&pos=586&p=19&img_url=https%3A%2F%2Fpbs.twimg.com%2Fmedia%2FEvoWIfLXIAEvSYJ.jpg&rpt=simage" "Mozilla/5.0 (X11; Linux x86_64) AppleWebKit/537.36 (KHTML, like Gecko) HeadlessChrome/91.0.4472.77 Safari/537.36"
185.191.171.45 - - [03/Aug/2021:05:50:54 +0000] "GET /destination/1.html HTTP/1.1" 200 123056 "-" "Mozilla/5.0 (compatible; SemrushBot/7~bl; +http://www.semrush.com/bot.html)"
66.249.66.198 - - [03/Aug/2021:05:56:22 +0000] "GET /destinations-in-india/leh-ladakh.html HTTP/1.1" 200 96403 "-" "Mozilla/5.0 (Linux; Android 6.0.1; Nexus 5X Build/MMB29P) AppleWebKit/537.36 (KHTML, like Gecko) Chrome/92.0.4515.119 Mobile Safari/537.36 (compatible; Googlebot/2.1; +http://www.google.com/bot.html)"
185.191.171.19 - - [03/Aug/2021:06:14:07 +0000] "GET /india-tour-packages/culture-tours.html HTTP/1.1" 200 83942 "-" "Mozilla/5.0 (compatible; SemrushBot/7~bl; +http://www.semrush.com/bot.html)"
77.75.77.11 - - [03/Aug/2021:06:23:06 +0000] "GET /robots.txt HTTP/1.1" 404 121584 "-" "Mozilla/5.0 (compatible; SeznamBot/3.2; +http://napoveda.seznam.cz/en/seznambot-intro/)"
77.75.77.11 - - [03/Aug/2021:06:23:10 +0000] "GET /galleryimg/9893379Kirti-Stambh.jpg HTTP/1.1" 200 130168 "-" "Mozilla/5.0 (compatible; SeznamBot/3.2; +http://napoveda.seznam.cz/en/seznambot-intro/)"
77.75.77.11 - - [03/Aug/2021:06:23:13 +0000] "GET /galleryimg/rishikesh-aarthi.jpg HTTP/1.1" 200 126525 "-" "Mozilla/5.0 (compatible; SeznamBot/3.2; +http://napoveda.seznam.cz/en/seznambot-intro/)"
54.36.148.48 - - [03/Aug/2021:06:40:12 +0000] "GET / HTTP/1.1" 200 121584 "-" "Mozilla/5.0 (compatible; AhrefsBot/7.0; +http://ahrefs.com/robot/)"
185.191.171.37 - - [03/Aug/2021:06:41:48 +0000] "GET /robots.txt HTTP/1.1" 404 121584 "-" "Mozilla/5.0 (compatible; SemrushBot/7~bl; +http://www.semrush.com/bot.html)"
185.191.171.23 - - [03/Aug/2021:06:41:50 +0000] "GET /destinations-in-india/southindiatours.html HTTP/1.1" 200 73058 "-" "Mozilla/5.0 (compatible; SemrushBot/7~bl; +http://www.semrush.com/bot.html)"
66.249.66.198 - - [03/Aug/2021:06:48:37 +0000] "GET /destination/-gir-national-park.html HTTP/1.1" 200 123056 "-" "Mozilla/5.0 (Linux; Android 6.0.1; Nexus 5X Build/MMB29P) AppleWebKit/537.36 (KHTML, like Gecko) Chrome/92.0.4515.119 Mobile Safari/537.36 (compatible; Googlebot/2.1; +http://www.google.com/bot.html)"
66.249.66.198 - - [03/Aug/2021:06:48:42 +0000] "HEAD /galleryimg/8775713hotel-marina-shimla@2x.jpg HTTP/1.1" 404 - "https://www.indiaexclusivetours.com/destination/-gir-national-park.html" "Mozilla/5.0 (Linux; Android 6.0.1; Nexus 5X Build/MMB29P) AppleWebKit/537.36 (KHTML, like Gecko) Chrome/91.0.4472.90 Mobile Safari/537.36 (compatible; Googlebot/2.1; +http://www.google.com/bot.html)"
66.249.66.201 - - [03/Aug/2021:06:48:43 +0000] "HEAD /destination/undefinedimages/style-picker/picker-icon@2x.png HTTP/1.1" 404 - "https://www.indiaexclusivetours.com/destination/-gir-national-park.html" "Mozilla/5.0 (Linux; Android 6.0.1; Nexus 5X Build/MMB29P) AppleWebKit/537.36 (KHTML, like Gecko) Chrome/91.0.4472.90 Mobile Safari/537.36 (compatible; Googlebot/2.1; +http://www.google.com/bot.html)"
66.249.66.201 - - [03/Aug/2021:06:48:44 +0000] "HEAD /destination/undefinedimages/style-picker/pattern2@2x.jpg HTTP/1.1" 404 - "https://www.indiaexclusivetours.com/destination/-gir-national-park.html" "Mozilla/5.0 (Linux; Android 6.0.1; Nexus 5X Build/MMB29P) AppleWebKit/537.36 (KHTML, like Gecko) Chrome/91.0.4472.90 Mobile Safari/537.36 (compatible; Googlebot/2.1; +http://www.google.com/bot.html)"
66.249.66.198 - - [03/Aug/2021:06:48:46 +0000] "HEAD /destination/undefinedimages/style-picker/fullwidth@2x.jpg HTTP/1.1" 404 - "https://www.indiaexclusivetours.com/destination/-gir-national-park.html" "Mozilla/5.0 (Linux; Android 6.0.1; Nexus 5X Build/MMB29P) AppleWebKit/537.36 (KHTML, like Gecko) Chrome/91.0.4472.90 Mobile Safari/537.36 (compatible; Googlebot/2.1; +http://www.google.com/bot.html)"
66.249.66.198 - - [03/Aug/2021:06:48:49 +0000] "HEAD /destination/undefinedimages/style-picker/pattern4@2x.jpg HTTP/1.1" 404 - "https://www.indiaexclusivetours.com/destination/-gir-national-park.html" "Mozilla/5.0 (Linux; Android 6.0.1; Nexus 5X Build/MMB29P) AppleWebKit/537.36 (KHTML, like Gecko) Chrome/91.0.4472.90 Mobile Safari/537.36 (compatible; Googlebot/2.1; +http://www.google.com/bot.html)"
66.249.66.198 - - [03/Aug/2021:06:48:51 +0000] "GET /india-tour-packages/india-pilgrimage-tour.html HTTP/1.1" 200 98472 "-" "Mozilla/5.0 (Linux; Android 6.0.1; Nexus 5X Build/MMB29P) AppleWebKit/537.36 (KHTML, like Gecko) Chrome/92.0.4515.119 Mobile Safari/537.36 (compatible; Googlebot/2.1; +http://www.google.com/bot.html)"
66.249.66.198 - - [03/Aug/2021:06:48:53 +0000] "HEAD /destination/undefinedimages/style-picker/pattern1@2x.jpg HTTP/1.1" 404 - "https://www.indiaexclusivetours.com/destination/-gir-national-park.html" "Mozilla/5.0 (Linux; Android 6.0.1; Nexus 5X Build/MMB29P) AppleWebKit/537.36 (KHTML, like Gecko) Chrome/91.0.4472.90 Mobile Safari/537.36 (compatible; Googlebot/2.1; +http://www.google.com/bot.html)"
66.249.66.198 - - [03/Aug/2021:06:48:55 +0000] "HEAD /india-tour-packages/undefinedimages/style-picker/pattern2@2x.jpg HTTP/1.1" 404 - "https://www.indiaexclusivetours.com/india-tour-packages/india-pilgrimage-tour.html" "Mozilla/5.0 (Linux; Android 6.0.1; Nexus 5X Build/MMB29P) AppleWebKit/537.36 (KHTML, like Gecko) Chrome/91.0.4472.90 Mobile Safari/537.36 (compatible; Googlebot/2.1; +http://www.google.com/bot.html)"
66.249.66.198 - - [03/Aug/2021:06:48:57 +0000] "HEAD /india-tour-packages/undefinedimages/style-picker/fullwidth@2x.jpg HTTP/1.1" 404 - "https://www.indiaexclusivetours.com/india-tour-packages/india-pilgrimage-tour.html" "Mozilla/5.0 (Linux; Android 6.0.1; Nexus 5X Build/MMB29P) AppleWebKit/537.36 (KHTML, like Gecko) Chrome/91.0.4472.90 Mobile Safari/537.36 (compatible; Googlebot/2.1; +http://www.google.com/bot.html)"
66.249.66.198 - - [03/Aug/2021:06:48:59 +0000] "HEAD /india-tour-packages/undefinedimages/style-picker/picker-icon@2x.png HTTP/1.1" 404 - "https://www.indiaexclusivetours.com/india-tour-packages/india-pilgrimage-tour.html" "Mozilla/5.0 (Linux; Android 6.0.1; Nexus 5X Build/MMB29P) AppleWebKit/537.36 (KHTML, like Gecko) Chrome/91.0.4472.90 Mobile Safari/537.36 (compatible; Googlebot/2.1; +http://www.google.com/bot.html)"
66.249.66.198 - - [03/Aug/2021:06:49:00 +0000] "HEAD /india-tour-packages/undefinedimages/style-picker/pattern1@2x.jpg HTTP/1.1" 404 - "https://www.indiaexclusivetours.com/india-tour-packages/india-pilgrimage-tour.html" "Mozilla/5.0 (Linux; Android 6.0.1; Nexus 5X Build/MMB29P) AppleWebKit/537.36 (KHTML, like Gecko) Chrome/91.0.4472.90 Mobile Safari/537.36 (compatible; Googlebot/2.1; +http://www.google.com/bot.html)"
66.249.66.204 - - [03/Aug/2021:06:49:05 +0000] "HEAD /india-tour-packages/undefinedimages/style-picker/boxed@2x.jpg HTTP/1.1" 404 - "https://www.indiaexclusivetours.com/india-tour-packages/india-pilgrimage-tour.html" "Mozilla/5.0 (Linux; Android 6.0.1; Nexus 5X Build/MMB29P) AppleWebKit/537.36 (KHTML, like Gecko) Chrome/91.0.4472.90 Mobile Safari/537.36 (compatible; Googlebot/2.1; +http://www.google.com/bot.html)"
66.249.66.198 - - [03/Aug/2021:06:49:06 +0000] "HEAD /india-tour-packages/undefinedimages/style-picker/pattern5@2x.jpg HTTP/1.1" 404 - "https://www.indiaexclusivetours.com/india-tour-packages/india-pilgrimage-tour.html" "Mozilla/5.0 (Linux; Android 6.0.1; Nexus 5X Build/MMB29P) AppleWebKit/537.36 (KHTML, like Gecko) Chrome/91.0.4472.90 Mobile Safari/537.36 (compatible; Googlebot/2.1; +http://www.google.com/bot.html)"
77.75.77.62 - - [03/Aug/2021:06:53:37 +0000] "GET /robots.txt HTTP/1.1" 404 121584 "-" "Mozilla/5.0 (compatible; SeznamBot/3.2; +http://napoveda.seznam.cz/en/seznambot-intro/)"
77.75.77.62 - - [03/Aug/2021:06:53:41 +0000] "GET /galleryimg/6093288andman1.jpg HTTP/1.1" 200 96540 "-" "Mozilla/5.0 (compatible; SeznamBot/3.2; +http://napoveda.seznam.cz/en/seznambot-intro/)"
77.75.77.62 - - [03/Aug/2021:06:53:44 +0000] "GET /galleryimg/desert-camp.jpg HTTP/1.1" 200 27314 "-" "Mozilla/5.0 (compatible; SeznamBot/3.2; +http://napoveda.seznam.cz/en/seznambot-intro/)"
66.249.66.198 - - [03/Aug/2021:06:55:00 +0000] "GET /destination/jaipur.html HTTP/1.1" 200 129804 "-" "Mozilla/5.0 (Linux; Android 6.0.1; Nexus 5X Build/MMB29P) AppleWebKit/537.36 (KHTML, like Gecko) Chrome/92.0.4515.119 Mobile Safari/537.36 (compatible; Googlebot/2.1; +http://www.google.com/bot.html)"
66.249.66.198 - - [03/Aug/2021:06:55:04 +0000] "HEAD /galleryimg/5931467kashmir-srinagar-dallake@2x.jpg HTTP/1.1" 404 - "https://www.indiaexclusivetours.com/destination/jaipur.html" "Mozilla/5.0 (Linux; Android 6.0.1; Nexus 5X Build/MMB29P) AppleWebKit/537.36 (KHTML, like Gecko) Chrome/91.0.4472.90 Mobile Safari/537.36 (compatible; Googlebot/2.1; +http://www.google.com/bot.html)"
66.249.66.201 - - [03/Aug/2021:06:55:05 +0000] "HEAD /galleryimg/6098146srinagar1@2x.gif HTTP/1.1" 404 - "https://www.indiaexclusivetours.com/destination/jaipur.html" "Mozilla/5.0 (Linux; Android 6.0.1; Nexus 5X Build/MMB29P) AppleWebKit/537.36 (KHTML, like Gecko) Chrome/91.0.4472.90 Mobile Safari/537.36 (compatible; Googlebot/2.1; +http://www.google.com/bot.html)"
66.249.66.201 - - [03/Aug/2021:06:55:06 +0000] "HEAD /galleryimg/288688b87578d78e43a6726f26726e43@2x.jpg HTTP/1.1" 404 - "https://www.indiaexclusivetours.com/destination/jaipur.html" "Mozilla/5.0 (Linux; Android 6.0.1; Nexus 5X Build/MMB29P) AppleWebKit/537.36 (KHTML, like Gecko) Chrome/91.0.4472.90 Mobile Safari/537.36 (compatible; Googlebot/2.1; +http://www.google.com/bot.html)"
66.249.66.201 - - [03/Aug/2021:06:55:08 +0000] "HEAD /destination/undefinedimages/style-picker/pattern4@2x.jpg HTTP/1.1" 404 - "https://www.indiaexclusivetours.com/destination/jaipur.html" "Mozilla/5.0 (Linux; Android 6.0.1; Nexus 5X Build/MMB29P) AppleWebKit/537.36 (KHTML, like Gecko) Chrome/91.0.4472.90 Mobile Safari/537.36 (compatible; Googlebot/2.1; +http://www.google.com/bot.html)"
66.249.66.198 - - [03/Aug/2021:06:55:11 +0000] "HEAD /destination/undefinedimages/style-picker/pattern6@2x.jpg HTTP/1.1" 404 - "https://www.indiaexclusivetours.com/destination/jaipur.html" "Mozilla/5.0 (Linux; Android 6.0.1; Nexus 5X Build/MMB29P) AppleWebKit/537.36 (KHTML, like Gecko) Chrome/91.0.4472.90 Mobile Safari/537.36 (compatible; Googlebot/2.1; +http://www.google.com/bot.html)"
66.249.66.198 - - [03/Aug/2021:06:55:12 +0000] "HEAD /destination/undefinedimages/style-picker/pattern11@2x.jpg HTTP/1.1" 404 - "https://www.indiaexclusivetours.com/destination/jaipur.html" "Mozilla/5.0 (Linux; Android 6.0.1; Nexus 5X Build/MMB29P) AppleWebKit/537.36 (KHTML, like Gecko) Chrome/91.0.4472.90 Mobile Safari/537.36 (compatible; Googlebot/2.1; +http://www.google.com/bot.html)"
66.249.66.198 - - [03/Aug/2021:06:55:13 +0000] "HEAD /destination/undefinedimages/style-picker/pattern1@2x.jpg HTTP/1.1" 404 - "https://www.indiaexclusivetours.com/destination/jaipur.html" "Mozilla/5.0 (Linux; Android 6.0.1; Nexus 5X Build/MMB29P) AppleWebKit/537.36 (KHTML, like Gecko) Chrome/91.0.4472.90 Mobile Safari/537.36 (compatible; Googlebot/2.1; +http://www.google.com/bot.html)"
66.249.66.198 - - [03/Aug/2021:06:55:15 +0000] "HEAD /galleryimg/9137949honeymoon-inn-shimla1@2x.jpg HTTP/1.1" 404 - "https://www.indiaexclusivetours.com/destination/jaipur.html" "Mozilla/5.0 (Linux; Android 6.0.1; Nexus 5X Build/MMB29P) AppleWebKit/537.36 (KHTML, like Gecko) Chrome/91.0.4472.90 Mobile Safari/537.36 (compatible; Googlebot/2.1; +http://www.google.com/bot.html)"
66.249.66.204 - - [03/Aug/2021:07:11:07 +0000] "GET /lakshadweep-beach-tour.html HTTP/1.1" 200 98005 "-" "Mozilla/5.0 (compatible; Googlebot/2.1; +http://www.google.com/bot.html)"
66.249.66.198 - - [03/Aug/2021:07:32:15 +0000] "GET /india-buddhist-pilgrimage-tours.html HTTP/1.1" 200 101574 "-" "Mozilla/5.0 (Linux; Android 6.0.1; Nexus 5X Build/MMB29P) AppleWebKit/537.36 (KHTML, like Gecko) Chrome/92.0.4515.119 Mobile Safari/537.36 (compatible; Googlebot/2.1; +http://www.google.com/bot.html)"
207.46.13.106 - - [03/Aug/2021:07:32:15 +0000] "GET /galleryimg/5775300Bharatpur-beach.jpg HTTP/1.1" 200 151238 "-" "Mozilla/5.0 (compatible; bingbot/2.0; +http://www.bing.com/bingbot.htm)"
66.249.66.198 - - [03/Aug/2021:07:32:18 +0000] "HEAD /undefinedimages/style-picker/fullwidth@2x.jpg HTTP/1.1" 404 - "https://www.indiaexclusivetours.com/india-buddhist-pilgrimage-tours.html" "Mozilla/5.0 (Linux; Android 6.0.1; Nexus 5X Build/MMB29P) AppleWebKit/537.36 (KHTML, like Gecko) Chrome/91.0.4472.90 Mobile Safari/537.36 (compatible; Googlebot/2.1; +http://www.google.com/bot.html)"
66.249.66.201 - - [03/Aug/2021:07:32:19 +0000] "HEAD /undefinedimages/style-picker/picker-icon@2x.png HTTP/1.1" 404 - "https://www.indiaexclusivetours.com/india-buddhist-pilgrimage-tours.html" "Mozilla/5.0 (Linux; Android 6.0.1; Nexus 5X Build/MMB29P) AppleWebKit/537.36 (KHTML, like Gecko) Chrome/91.0.4472.90 Mobile Safari/537.36 (compatible; Googlebot/2.1; +http://www.google.com/bot.html)"
66.249.66.201 - - [03/Aug/2021:07:32:20 +0000] "HEAD /undefinedimages/style-picker/pattern3@2x.jpg HTTP/1.1" 404 - "https://www.indiaexclusivetours.com/india-buddhist-pilgrimage-tours.html" "Mozilla/5.0 (Linux; Android 6.0.1; Nexus 5X Build/MMB29P) AppleWebKit/537.36 (KHTML, like Gecko) Chrome/91.0.4472.90 Mobile Safari/537.36 (compatible; Googlebot/2.1; +http://www.google.com/bot.html)"
66.249.66.198 - - [03/Aug/2021:07:32:22 +0000] "HEAD /undefinedimages/style-picker/pattern5@2x.jpg HTTP/1.1" 404 - "https://www.indiaexclusivetours.com/india-buddhist-pilgrimage-tours.html" "Mozilla/5.0 (Linux; Android 6.0.1; Nexus 5X Build/MMB29P) AppleWebKit/537.36 (KHTML, like Gecko) Chrome/91.0.4472.90 Mobile Safari/537.36 (compatible; Googlebot/2.1; +http://www.google.com/bot.html)"
66.249.66.198 - - [03/Aug/2021:07:32:24 +0000] "HEAD /undefinedimages/style-picker/pattern2@2x.jpg HTTP/1.1" 404 - "https://www.indiaexclusivetours.com/india-buddhist-pilgrimage-tours.html" "Mozilla/5.0 (Linux; Android 6.0.1; Nexus 5X Build/MMB29P) AppleWebKit/537.36 (KHTML, like Gecko) Chrome/91.0.4472.90 Mobile Safari/537.36 (compatible; Googlebot/2.1; +http://www.google.com/bot.html)"
66.249.66.198 - - [03/Aug/2021:07:32:26 +0000] "HEAD /undefinedimages/style-picker/pattern15@2x.jpg HTTP/1.1" 404 - "https://www.indiaexclusivetours.com/india-buddhist-pilgrimage-tours.html" "Mozilla/5.0 (Linux; Android 6.0.1; Nexus 5X Build/MMB29P) AppleWebKit/537.36 (KHTML, like Gecko) Chrome/91.0.4472.90 Mobile Safari/537.36 (compatible; Googlebot/2.1; +http://www.google.com/bot.html)"
66.249.66.198 - - [03/Aug/2021:07:32:27 +0000] "HEAD /undefinedimages/style-picker/pattern8@2x.jpg HTTP/1.1" 404 - "https://www.indiaexclusivetours.com/india-buddhist-pilgrimage-tours.html" "Mozilla/5.0 (Linux; Android 6.0.1; Nexus 5X Build/MMB29P) AppleWebKit/537.36 (KHTML, like Gecko) Chrome/91.0.4472.90 Mobile Safari/537.36 (compatible; Googlebot/2.1; +http://www.google.com/bot.html)"
66.249.66.198 - - [03/Aug/2021:07:32:29 +0000] "HEAD /undefinedimages/style-picker/pattern1@2x.jpg HTTP/1.1" 404 - "https://www.indiaexclusivetours.com/india-buddhist-pilgrimage-tours.html" "Mozilla/5.0 (Linux; Android 6.0.1; Nexus 5X Build/MMB29P) AppleWebKit/537.36 (KHTML, like Gecko) Chrome/91.0.4472.90 Mobile Safari/537.36 (compatible; Googlebot/2.1; +http://www.google.com/bot.html)"
54.36.148.48 - - [03/Aug/2021:07:33:31 +0000] "GET /destination/miramar-beach.html HTTP/1.1" 200 124590 "-" "Mozilla/5.0 (compatible; AhrefsBot/7.0; +http://ahrefs.com/robot/)"
1.38.44.92 - - [03/Aug/2021:07:38:54 +0000] "GET /galleryimg/manali.jpg HTTP/1.1" 200 137901 "https://www.google.com/" "Mozilla/5.0 (Windows NT 10.0; Win64; x64) AppleWebKit/537.36 (KHTML, like Gecko) Chrome/92.0.4515.107 Safari/537.36"
66.249.66.198 - - [03/Aug/2021:07:43:59 +0000] "GET /galleryimg/5245841Basgo.jpg HTTP/1.1" 200 63789 "-" "Googlebot-Image/1.0"
66.249.66.204 - - [03/Aug/2021:07:50:52 +0000] "GET /car-details.php?id=2 HTTP/1.1" 200 109000 "-" "Mozilla/5.0 (Linux; Android 6.0.1; Nexus 5X Build/MMB29P) AppleWebKit/537.36 (KHTML, like Gecko) Chrome/92.0.4515.119 Mobile Safari/537.36 (compatible; Googlebot/2.1; +http://www.google.com/bot.html)"
66.249.66.201 - - [03/Aug/2021:07:50:56 +0000] "HEAD /galleryimg/1565905img-1@2x.jpg HTTP/1.1" 404 - "https://www.indiaexclusivetours.com/car-details.php?id=2" "Mozilla/5.0 (Linux; Android 6.0.1; Nexus 5X Build/MMB29P) AppleWebKit/537.36 (KHTML, like Gecko) Chrome/91.0.4472.90 Mobile Safari/537.36 (compatible; Googlebot/2.1; +http://www.google.com/bot.html)"
66.249.66.198 - - [03/Aug/2021:07:50:57 +0000] "HEAD /galleryimg/3bcfdaeb5ad3fe2bc40291f2cf0474ad@2x.jpg HTTP/1.1" 404 - "https://www.indiaexclusivetours.com/car-details.php?id=2" "Mozilla/5.0 (Linux; Android 6.0.1; Nexus 5X Build/MMB29P) AppleWebKit/537.36 (KHTML, like Gecko) Chrome/91.0.4472.90 Mobile Safari/537.36 (compatible; Googlebot/2.1; +http://www.google.com/bot.html)"
66.249.66.198 - - [03/Aug/2021:07:50:58 +0000] "HEAD /galleryimg/21df2d1d8e4b814ddb1172b15a20113f@2x.jpg HTTP/1.1" 404 - "https://www.indiaexclusivetours.com/car-details.php?id=2" "Mozilla/5.0 (Linux; Android 6.0.1; Nexus 5X Build/MMB29P) AppleWebKit/537.36 (KHTML, like Gecko) Chrome/91.0.4472.90 Mobile Safari/537.36 (compatible; Googlebot/2.1; +http://www.google.com/bot.html)"
66.249.66.198 - - [03/Aug/2021:07:50:58 +0000] "HEAD /galleryimg/6fa61491bd258de635b97cccbcf82cbc@2x.jpg HTTP/1.1" 404 - "https://www.indiaexclusivetours.com/car-details.php?id=2" "Mozilla/5.0 (Linux; Android 6.0.1; Nexus 5X Build/MMB29P) AppleWebKit/537.36 (KHTML, like Gecko) Chrome/91.0.4472.90 Mobile Safari/537.36 (compatible; Googlebot/2.1; +http://www.google.com/bot.html)"
66.249.66.198 - - [03/Aug/2021:07:51:00 +0000] "HEAD /undefinedimages/style-picker/pattern6@2x.jpg HTTP/1.1" 404 - "https://www.indiaexclusivetours.com/car-details.php?id=2" "Mozilla/5.0 (Linux; Android 6.0.1; Nexus 5X Build/MMB29P) AppleWebKit/537.36 (KHTML, like Gecko) Chrome/91.0.4472.90 Mobile Safari/537.36 (compatible; Googlebot/2.1; +http://www.google.com/bot.html)"
66.249.66.198 - - [03/Aug/2021:07:51:01 +0000] "HEAD /undefinedimages/style-picker/pattern5@2x.jpg HTTP/1.1" 404 - "https://www.indiaexclusivetours.com/car-details.php?id=2" "Mozilla/5.0 (Linux; Android 6.0.1; Nexus 5X Build/MMB29P) AppleWebKit/537.36 (KHTML, like Gecko) Chrome/91.0.4472.90 Mobile Safari/537.36 (compatible; Googlebot/2.1; +http://www.google.com/bot.html)"
66.249.66.198 - - [03/Aug/2021:07:51:02 +0000] "HEAD /undefinedimages/style-picker/pattern7@2x.jpg HTTP/1.1" 404 - "https://www.indiaexclusivetours.com/car-details.php?id=2" "Mozilla/5.0 (Linux; Android 6.0.1; Nexus 5X Build/MMB29P) AppleWebKit/537.36 (KHTML, like Gecko) Chrome/91.0.4472.90 Mobile Safari/537.36 (compatible; Googlebot/2.1; +http://www.google.com/bot.html)"
66.249.66.198 - - [03/Aug/2021:07:51:04 +0000] "HEAD /undefinedimages/style-picker/fullwidth@2x.jpg HTTP/1.1" 404 - "https://www.indiaexclusivetours.com/car-details.php?id=2" "Mozilla/5.0 (Linux; Android 6.0.1; Nexus 5X Build/MMB29P) AppleWebKit/537.36 (KHTML, like Gecko) Chrome/91.0.4472.90 Mobile Safari/537.36 (compatible; Googlebot/2.1; +http://www.google.com/bot.html)"
77.75.78.166 - - [03/Aug/2021:07:51:05 +0000] "GET /robots.txt HTTP/1.1" 404 121584 "-" "Mozilla/5.0 (compatible; SeznamBot/3.2; +http://napoveda.seznam.cz/en/seznambot-intro/)"
66.249.66.198 - - [03/Aug/2021:07:51:05 +0000] "HEAD /undefinedimages/style-picker/pattern10@2x.jpg HTTP/1.1" 404 - "https://www.indiaexclusivetours.com/car-details.php?id=2" "Mozilla/5.0 (Linux; Android 6.0.1; Nexus 5X Build/MMB29P) AppleWebKit/537.36 (KHTML, like Gecko) Chrome/91.0.4472.90 Mobile Safari/537.36 (compatible; Googlebot/2.1; +http://www.google.com/bot.html)"
66.249.66.198 - - [03/Aug/2021:07:51:06 +0000] "HEAD /undefinedimages/style-picker/boxed@2x.jpg HTTP/1.1" 404 - "https://www.indiaexclusivetours.com/car-details.php?id=2" "Mozilla/5.0 (Linux; Android 6.0.1; Nexus 5X Build/MMB29P) AppleWebKit/537.36 (KHTML, like Gecko) Chrome/91.0.4472.90 Mobile Safari/537.36 (compatible; Googlebot/2.1; +http://www.google.com/bot.html)"
77.75.78.166 - - [03/Aug/2021:07:51:08 +0000] "GET /destination/rishikesh.html HTTP/1.1" 200 125440 "-" "Mozilla/5.0 (compatible; SeznamBot/3.2; +http://napoveda.seznam.cz/en/seznambot-intro/)"
66.249.66.204 - - [03/Aug/2021:07:53:12 +0000] "GET /destinations-in-india/wp-content/themes/trendytravel/images/logo%402x.png HTTP/1.1" 404 121584 "-" "Googlebot-Image/1.0"
66.249.66.201 - - [03/Aug/2021:07:54:58 +0000] "GET / HTTP/1.1" 200 121584 "-" "Mozilla/5.0 (compatible; Googlebot/2.1; +http://www.google.com/bot.html)"
66.249.66.198 - - [03/Aug/2021:07:57:07 +0000] "HEAD /galleryimg/4355678shillong1@2x.jpg HTTP/1.1" 404 - "https://www.indiaexclusivetours.com/destinations-in-india/leh-ladakh.html" "Mozilla/5.0 (Linux; Android 6.0.1; Nexus 5X Build/MMB29P) AppleWebKit/537.36 (KHTML, like Gecko) Chrome/91.0.4472.90 Mobile Safari/537.36 (compatible; Googlebot/2.1; +http://www.google.com/bot.html)"
66.249.66.201 - - [03/Aug/2021:07:57:08 +0000] "HEAD /galleryimg/1351064Kedarnathji@2x.jpg HTTP/1.1" 404 - "https://www.indiaexclusivetours.com/destinations-in-india/leh-ladakh.html" "Mozilla/5.0 (Linux; Android 6.0.1; Nexus 5X Build/MMB29P) AppleWebKit/537.36 (KHTML, like Gecko) Chrome/91.0.4472.90 Mobile Safari/537.36 (compatible; Googlebot/2.1; +http://www.google.com/bot.html)"
66.249.66.201 - - [03/Aug/2021:07:57:09 +0000] "HEAD /galleryimg/6058815redfort@2x.gif HTTP/1.1" 404 - "https://www.indiaexclusivetours.com/destinations-in-india/leh-ladakh.html" "Mozilla/5.0 (Linux; Android 6.0.1; Nexus 5X Build/MMB29P) AppleWebKit/537.36 (KHTML, like Gecko) Chrome/91.0.4472.90 Mobile Safari/537.36 (compatible; Googlebot/2.1; +http://www.google.com/bot.html)"
66.249.66.198 - - [03/Aug/2021:07:57:10 +0000] "HEAD /galleryimg/5341217nainital1@2x.jpg HTTP/1.1" 404 - "https://www.indiaexclusivetours.com/destinations-in-india/leh-ladakh.html" "Mozilla/5.0 (Linux; Android 6.0.1; Nexus 5X Build/MMB29P) AppleWebKit/537.36 (KHTML, like Gecko) Chrome/91.0.4472.90 Mobile Safari/537.36 (compatible; Googlebot/2.1; +http://www.google.com/bot.html)"
66.249.66.198 - - [03/Aug/2021:07:57:12 +0000] "HEAD /galleryimg/a51f10fd9f69e71c097bb2fc14917c43@2x.jpg HTTP/1.1" 404 - "https://www.indiaexclusivetours.com/destinations-in-india/leh-ladakh.html" "Mozilla/5.0 (Linux; Android 6.0.1; Nexus 5X Build/MMB29P) AppleWebKit/537.36 (KHTML, like Gecko) Chrome/91.0.4472.90 Mobile Safari/537.36 (compatible; Googlebot/2.1; +http://www.google.com/bot.html)"
66.249.66.198 - - [03/Aug/2021:07:57:14 +0000] "HEAD /galleryimg/4578147mountabu@2x.jpg HTTP/1.1" 404 - "https://www.indiaexclusivetours.com/destinations-in-india/leh-ladakh.html" "Mozilla/5.0 (Linux; Android 6.0.1; Nexus 5X Build/MMB29P) AppleWebKit/537.36 (KHTML, like Gecko) Chrome/91.0.4472.90 Mobile Safari/537.36 (compatible; Googlebot/2.1; +http://www.google.com/bot.html)"
66.249.66.198 - - [03/Aug/2021:07:57:16 +0000] "HEAD /galleryimg/ HTTP/1.1" 200 - "https://www.indiaexclusivetours.com/destinations-in-india/leh-ladakh.html" "Mozilla/5.0 (Linux; Android 6.0.1; Nexus 5X Build/MMB29P) AppleWebKit/537.36 (KHTML, like Gecko) Chrome/91.0.4472.90 Mobile Safari/537.36 (compatible; Googlebot/2.1; +http://www.google.com/bot.html)"
66.249.66.198 - - [03/Aug/2021:07:57:17 +0000] "HEAD /galleryimg/7829489leh-palce2@2x.jpg HTTP/1.1" 404 - "https://www.indiaexclusivetours.com/destinations-in-india/leh-ladakh.html" "Mozilla/5.0 (Linux; Android 6.0.1; Nexus 5X Build/MMB29P) AppleWebKit/537.36 (KHTML, like Gecko) Chrome/91.0.4472.90 Mobile Safari/537.36 (compatible; Googlebot/2.1; +http://www.google.com/bot.html)"
185.191.171.19 - - [03/Aug/2021:08:01:42 +0000] "GET /robots.txt HTTP/1.1" 404 121584 "-" "Mozilla/5.0 (compatible; SemrushBot/7~bl; +http://www.semrush.com/bot.html)"
185.191.171.45 - - [03/Aug/2021:08:01:43 +0000] "GET /kashmir-leh-tour-package.html HTTP/1.1" 200 101612 "-" "Mozilla/5.0 (compatible; SemrushBot/7~bl; +http://www.semrush.com/bot.html)"
66.249.66.201 - - [03/Aug/2021:08:02:26 +0000] "GET /galleryimg/9135364ladakh1.jpg HTTP/1.1" 200 65890 "-" "Googlebot-Image/1.0"
66.249.66.204 - - [03/Aug/2021:08:03:17 +0000] "GET /breathtaking-scenery-of-bhutan.html HTTP/1.1" 200 98266 "-" "Mozilla/5.0 (Linux; Android 6.0.1; Nexus 5X Build/MMB29P) AppleWebKit/537.36 (KHTML, like Gecko) Chrome/92.0.4515.119 Mobile Safari/537.36 (compatible; Googlebot/2.1; +http://www.google.com/bot.html)"
66.249.66.201 - - [03/Aug/2021:08:04:21 +0000] "HEAD /undefinedimages/style-picker/pattern12@2x.jpg HTTP/1.1" 404 - "https://www.indiaexclusivetours.com/breathtaking-scenery-of-bhutan.html" "Mozilla/5.0 (Linux; Android 6.0.1; Nexus 5X Build/MMB29P) AppleWebKit/537.36 (KHTML, like Gecko) Chrome/91.0.4472.90 Mobile Safari/537.36 (compatible; Googlebot/2.1; +http://www.google.com/bot.html)"
66.249.66.201 - - [03/Aug/2021:08:04:21 +0000] "HEAD /undefinedimages/style-picker/pattern14@2x.jpg HTTP/1.1" 404 - "https://www.indiaexclusivetours.com/breathtaking-scenery-of-bhutan.html" "Mozilla/5.0 (Linux; Android 6.0.1; Nexus 5X Build/MMB29P) AppleWebKit/537.36 (KHTML, like Gecko) Chrome/91.0.4472.90 Mobile Safari/537.36 (compatible; Googlebot/2.1; +http://www.google.com/bot.html)"
66.249.66.201 - - [03/Aug/2021:08:04:21 +0000] "HEAD /galleryimg/045cedf653db08371d0b55240d921a73@2x.jpg HTTP/1.1" 404 - "https://www.indiaexclusivetours.com/breathtaking-scenery-of-bhutan.html" "Mozilla/5.0 (Linux; Android 6.0.1; Nexus 5X Build/MMB29P) AppleWebKit/537.36 (KHTML, like Gecko) Chrome/91.0.4472.90 Mobile Safari/537.36 (compatible; Googlebot/2.1; +http://www.google.com/bot.html)"
66.249.66.201 - - [03/Aug/2021:08:04:22 +0000] "HEAD /galleryimg/b48df54c2d823a2c4a287cd496275a91@2x.jpg HTTP/1.1" 404 - "https://www.indiaexclusivetours.com/breathtaking-scenery-of-bhutan.html" "Mozilla/5.0 (Linux; Android 6.0.1; Nexus 5X Build/MMB29P) AppleWebKit/537.36 (KHTML, like Gecko) Chrome/91.0.4472.90 Mobile Safari/537.36 (compatible; Googlebot/2.1; +http://www.google.com/bot.html)"
66.249.66.198 - - [03/Aug/2021:08:04:23 +0000] "HEAD /galleryimg/1763576jaipur%201@2x.jpg HTTP/1.1" 404 - "https://www.indiaexclusivetours.com/breathtaking-scenery-of-bhutan.html" "Mozilla/5.0 (Linux; Android 6.0.1; Nexus 5X Build/MMB29P) AppleWebKit/537.36 (KHTML, like Gecko) Chrome/91.0.4472.90 Mobile Safari/537.36 (compatible; Googlebot/2.1; +http://www.google.com/bot.html)"
66.249.66.201 - - [03/Aug/2021:08:04:23 +0000] "HEAD /galleryimg/8035537jaisalmer@2x.jpg HTTP/1.1" 404 - "https://www.indiaexclusivetours.com/breathtaking-scenery-of-bhutan.html" "Mozilla/5.0 (Linux; Android 6.0.1; Nexus 5X Build/MMB29P) AppleWebKit/537.36 (KHTML, like Gecko) Chrome/91.0.4472.90 Mobile Safari/537.36 (compatible; Googlebot/2.1; +http://www.google.com/bot.html)"
66.249.66.204 - - [03/Aug/2021:08:04:24 +0000] "HEAD /galleryimg/3220849pushkar1@2x.jpg HTTP/1.1" 404 - "https://www.indiaexclusivetours.com/breathtaking-scenery-of-bhutan.html" "Mozilla/5.0 (Linux; Android 6.0.1; Nexus 5X Build/MMB29P) AppleWebKit/537.36 (KHTML, like Gecko) Chrome/91.0.4472.90 Mobile Safari/537.36 (compatible; Googlebot/2.1; +http://www.google.com/bot.html)"
66.249.66.201 - - [03/Aug/2021:08:04:25 +0000] "HEAD /galleryimg/7082347Thimpu@2x.jpg HTTP/1.1" 404 - "https://www.indiaexclusivetours.com/breathtaking-scenery-of-bhutan.html" "Mozilla/5.0 (Linux; Android 6.0.1; Nexus 5X Build/MMB29P) AppleWebKit/537.36 (KHTML, like Gecko) Chrome/91.0.4472.90 Mobile Safari/537.36 (compatible; Googlebot/2.1; +http://www.google.com/bot.html)"
66.249.66.198 - - [03/Aug/2021:08:04:25 +0000] "HEAD /galleryimg/d02ba9dc34fc04997c48ca99028c9878@2x.jpg HTTP/1.1" 404 - "https://www.indiaexclusivetours.com/breathtaking-scenery-of-bhutan.html" "Mozilla/5.0 (Linux; Android 6.0.1; Nexus 5X Build/MMB29P) AppleWebKit/537.36 (KHTML, like Gecko) Chrome/91.0.4472.90 Mobile Safari/537.36 (compatible; Googlebot/2.1; +http://www.google.com/bot.html)"
66.249.66.198 - - [03/Aug/2021:08:04:26 +0000] "HEAD /galleryimg/4234128hotel-solang-valley-resort-manali@2x.jpg HTTP/1.1" 404 - "https://www.indiaexclusivetours.com/breathtaking-scenery-of-bhutan.html" "Mozilla/5.0 (Linux; Android 6.0.1; Nexus 5X Build/MMB29P) AppleWebKit/537.36 (KHTML, like Gecko) Chrome/91.0.4472.90 Mobile Safari/537.36 (compatible; Googlebot/2.1; +http://www.google.com/bot.html)"
66.249.66.198 - - [03/Aug/2021:08:04:26 +0000] "HEAD /galleryimg/9137949honeymoon-inn-shimla1@2x.jpg HTTP/1.1" 404 - "https://www.indiaexclusivetours.com/breathtaking-scenery-of-bhutan.html" "Mozilla/5.0 (Linux; Android 6.0.1; Nexus 5X Build/MMB29P) AppleWebKit/537.36 (KHTML, like Gecko) Chrome/91.0.4472.90 Mobile Safari/537.36 (compatible; Googlebot/2.1; +http://www.google.com/bot.html)"
