66.249.66.198 - - [01/Aug/2021:09:40:08 +0000] "HEAD /galleryimg/2409519Dajeeling2@2x.gif HTTP/1.1" 404 - "https://www.indiaexclusivetours.com/aasam-.html" "Mozilla/5.0 (Linux; Android 6.0.1; Nexus 5X Build/MMB29P) AppleWebKit/537.36 (KHTML, like Gecko) Chrome/91.0.4472.90 Mobile Safari/537.36 (compatible; Googlebot/2.1; +http://www.google.com/bot.html)"
66.249.66.198 - - [01/Aug/2021:09:40:08 +0000] "HEAD /galleryimg/5312389assam@2x.jpg?timestamp=1627776000035 HTTP/1.1" 404 - "https://www.indiaexclusivetours.com/aasam-.html" "Mozilla/5.0 (Linux; Android 6.0.1; Nexus 5X Build/MMB29P) AppleWebKit/537.36 (KHTML, like Gecko) Chrome/91.0.4472.90 Mobile Safari/537.36 (compatible; Googlebot/2.1; +http://www.google.com/bot.html)"
66.249.66.198 - - [01/Aug/2021:09:40:10 +0000] "HEAD /galleryimg/dharlene-in-tea-field-assam@2x.jpg HTTP/1.1" 404 - "https://www.indiaexclusivetours.com/aasam-.html" "Mozilla/5.0 (Linux; Android 6.0.1; Nexus 5X Build/MMB29P) AppleWebKit/537.36 (KHTML, like Gecko) Chrome/91.0.4472.90 Mobile Safari/537.36 (compatible; Googlebot/2.1; +http://www.google.com/bot.html)"
66.249.66.198 - - [01/Aug/2021:09:40:12 +0000] "HEAD /galleryimg/362903479846552ca33c822f20cee798@2x.jpg HTTP/1.1" 404 - "https://www.indiaexclusivetours.com/aasam-.html" "Mozilla/5.0 (Linux; Android 6.0.1; Nexus 5X Build/MMB29P) AppleWebKit/537.36 (KHTML, like Gecko) Chrome/91.0.4472.90 Mobile Safari/537.36 (compatible; Googlebot/2.1; +http://www.google.com/bot.html)"
66.249.66.198 - - [01/Aug/2021:09:40:14 +0000] "HEAD /galleryimg/5f5a18aa6a1d3cf2a3eb935deb554a44@2x.gif HTTP/1.1" 404 - "https://www.indiaexclusivetours.com/aasam-.html" "Mozilla/5.0 (Linux; Android 6.0.1; Nexus 5X Build/MMB29P) AppleWebKit/537.36 (KHTML, like Gecko) Chrome/91.0.4472.90 Mobile Safari/537.36 (compatible; Googlebot/2.1; +http://www.google.com/bot.html)"
66.249.66.198 - - [01/Aug/2021:09:40:16 +0000] "HEAD /wp-content/uploads/2014/07/support-author@2x.png HTTP/1.1" 404 - "https://www.indiaexclusivetours.com/aasam-.html" "Mozilla/5.0 (Linux; Android 6.0.1; Nexus 5X Build/MMB29P) AppleWebKit/537.36 (KHTML, like Gecko) Chrome/91.0.4472.90 Mobile Safari/537.36 (compatible; Googlebot/2.1; +http://www.google.com/bot.html)"
66.249.66.198 - - [01/Aug/2021:09:40:17 +0000] "HEAD /undefinedimages/style-picker/boxed@2x.jpg HTTP/1.1" 404 - "https://www.indiaexclusivetours.com/aasam-.html" "Mozilla/5.0 (Linux; Android 6.0.1; Nexus 5X Build/MMB29P) AppleWebKit/537.36 (KHTML, like Gecko) Chrome/91.0.4472.90 Mobile Safari/537.36 (compatible; Googlebot/2.1; +http://www.google.com/bot.html)"
216.244.66.234 - - [01/Aug/2021:09:50:15 +0000] "GET /robots.txt HTTP/1.1" 404 121584 "-" "Mozilla/5.0 (compatible; DotBot/1.2; +https://opensiteexplorer.org/dotbot; help@moz.com)"
66.249.66.204 - - [01/Aug/2021:09:51:12 +0000] "GET /rajasthan-culture-tour.html HTTP/1.1" 200 103596 "-" "Mozilla/5.0 (Linux; Android 6.0.1; Nexus 5X Build/MMB29P) AppleWebKit/537.36 (KHTML, like Gecko) Chrome/91.0.4472.90 Mobile Safari/537.36 (compatible; Googlebot/2.1; +http://www.google.com/bot.html)"
66.249.66.198 - - [01/Aug/2021:09:51:17 +0000] "HEAD /undefinedimages/style-picker/pattern15@2x.jpg HTTP/1.1" 404 - "https://www.indiaexclusivetours.com/rajasthan-culture-tour.html" "Mozilla/5.0 (Linux; Android 6.0.1; Nexus 5X Build/MMB29P) AppleWebKit/537.36 (KHTML, like Gecko) Chrome/91.0.4472.90 Mobile Safari/537.36 (compatible; Googlebot/2.1; +http://www.google.com/bot.html)"
66.249.66.201 - - [01/Aug/2021:09:51:18 +0000] "HEAD /galleryimg/1351064Kedarnathji@2x.jpg HTTP/1.1" 404 - "https://www.indiaexclusivetours.com/rajasthan-culture-tour.html" "Mozilla/5.0 (Linux; Android 6.0.1; Nexus 5X Build/MMB29P) AppleWebKit/537.36 (KHTML, like Gecko) Chrome/91.0.4472.90 Mobile Safari/537.36 (compatible; Googlebot/2.1; +http://www.google.com/bot.html)"
66.249.66.198 - - [01/Aug/2021:09:51:18 +0000] "HEAD /galleryimg/a51f10fd9f69e71c097bb2fc14917c43@2x.jpg HTTP/1.1" 404 - "https://www.indiaexclusivetours.com/rajasthan-culture-tour.html" "Mozilla/5.0 (Linux; Android 6.0.1; Nexus 5X Build/MMB29P) AppleWebKit/537.36 (KHTML, like Gecko) Chrome/91.0.4472.90 Mobile Safari/537.36 (compatible; Googlebot/2.1; +http://www.google.com/bot.html)"
66.249.66.201 - - [01/Aug/2021:09:51:19 +0000] "HEAD /galleryimg/d02ba9dc34fc04997c48ca99028c9878@2x.jpg HTTP/1.1" 404 - "https://www.indiaexclusivetours.com/rajasthan-culture-tour.html" "Mozilla/5.0 (Linux; Android 6.0.1; Nexus 5X Build/MMB29P) AppleWebKit/537.36 (KHTML, like Gecko) Chrome/91.0.4472.90 Mobile Safari/537.36 (compatible; Googlebot/2.1; +http://www.google.com/bot.html)"
66.249.66.198 - - [01/Aug/2021:09:51:19 +0000] "HEAD /galleryimg/3220849pushkar1@2x.jpg HTTP/1.1" 404 - "https://www.indiaexclusivetours.com/rajasthan-culture-tour.html" "Mozilla/5.0 (Linux; Android 6.0.1; Nexus 5X Build/MMB29P) AppleWebKit/537.36 (KHTML, like Gecko) Chrome/91.0.4472.90 Mobile Safari/537.36 (compatible; Googlebot/2.1; +http://www.google.com/bot.html)"
66.249.66.198 - - [01/Aug/2021:09:51:20 +0000] "HEAD /galleryimg/a144ba2ebd63402b55c972d3fc0aafc0@2x.jpg HTTP/1.1" 404 - "https://www.indiaexclusivetours.com/rajasthan-culture-tour.html" "Mozilla/5.0 (Linux; Android 6.0.1; Nexus 5X Build/MMB29P) AppleWebKit/537.36 (KHTML, like Gecko) Chrome/91.0.4472.90 Mobile Safari/537.36 (compatible; Googlebot/2.1; +http://www.google.com/bot.html)"
66.249.66.198 - - [01/Aug/2021:09:51:21 +0000] "HEAD /galleryimg/9348692mussoorie@2x.jpg HTTP/1.1" 404 - "https://www.indiaexclusivetours.com/rajasthan-culture-tour.html" "Mozilla/5.0 (Linux; Android 6.0.1; Nexus 5X Build/MMB29P) AppleWebKit/537.36 (KHTML, like Gecko) Chrome/91.0.4472.90 Mobile Safari/537.36 (compatible; Googlebot/2.1; +http://www.google.com/bot.html)"
66.249.66.198 - - [01/Aug/2021:09:51:22 +0000] "HEAD /galleryimg/c2f7ea1df7d35c71eb7108367e987feb@2x.jpg HTTP/1.1" 404 - "https://www.indiaexclusivetours.com/rajasthan-culture-tour.html" "Mozilla/5.0 (Linux; Android 6.0.1; Nexus 5X Build/MMB29P) AppleWebKit/537.36 (KHTML, like Gecko) Chrome/91.0.4472.90 Mobile Safari/537.36 (compatible; Googlebot/2.1; +http://www.google.com/bot.html)"
66.249.66.198 - - [01/Aug/2021:09:51:23 +0000] "HEAD /galleryimg/4355678shillong1@2x.jpg HTTP/1.1" 404 - "https://www.indiaexclusivetours.com/rajasthan-culture-tour.html" "Mozilla/5.0 (Linux; Android 6.0.1; Nexus 5X Build/MMB29P) AppleWebKit/537.36 (KHTML, like Gecko) Chrome/91.0.4472.90 Mobile Safari/537.36 (compatible; Googlebot/2.1; +http://www.google.com/bot.html)"
66.249.66.198 - - [01/Aug/2021:09:51:25 +0000] "HEAD /galleryimg/2324040pushkar@2x.jpg HTTP/1.1" 404 - "https://www.indiaexclusivetours.com/rajasthan-culture-tour.html" "Mozilla/5.0 (Linux; Android 6.0.1; Nexus 5X Build/MMB29P) AppleWebKit/537.36 (KHTML, like Gecko) Chrome/91.0.4472.90 Mobile Safari/537.36 (compatible; Googlebot/2.1; +http://www.google.com/bot.html)"
66.249.66.198 - - [01/Aug/2021:09:51:26 +0000] "HEAD /galleryimg/2175843culture2@2x.jpg?timestamp=1627776000035 HTTP/1.1" 404 - "https://www.indiaexclusivetours.com/rajasthan-culture-tour.html" "Mozilla/5.0 (Linux; Android 6.0.1; Nexus 5X Build/MMB29P) AppleWebKit/537.36 (KHTML, like Gecko) Chrome/91.0.4472.90 Mobile Safari/537.36 (compatible; Googlebot/2.1; +http://www.google.com/bot.html)"
66.249.66.198 - - [01/Aug/2021:09:51:27 +0000] "HEAD /galleryimg/Lalgarh%20Palace-%20Bikaner@2x.jpg HTTP/1.1" 404 - "https://www.indiaexclusivetours.com/rajasthan-culture-tour.html" "Mozilla/5.0 (Linux; Android 6.0.1; Nexus 5X Build/MMB29P) AppleWebKit/537.36 (KHTML, like Gecko) Chrome/91.0.4472.90 Mobile Safari/537.36 (compatible; Googlebot/2.1; +http://www.google.com/bot.html)"
66.249.66.198 - - [01/Aug/2021:09:51:28 +0000] "HEAD /galleryimg/culture1@2x.jpg HTTP/1.1" 404 - "https://www.indiaexclusivetours.com/rajasthan-culture-tour.html" "Mozilla/5.0 (Linux; Android 6.0.1; Nexus 5X Build/MMB29P) AppleWebKit/537.36 (KHTML, like Gecko) Chrome/91.0.4472.90 Mobile Safari/537.36 (compatible; Googlebot/2.1; +http://www.google.com/bot.html)"
120.228.118.190 - - [01/Aug/2021:09:54:14 +0000] "GET / HTTP/1.1" 301 243 "http://@indiaexclusivetours.com" "Mozilla/5.0 (Windows NT 10.0; WOW64) AppleWebKit/537.36 (KHTML, like Gecko) Chrome/86.0.4240.198 Safari/537.36"
120.228.118.190 - - [01/Aug/2021:09:54:20 +0000] "GET / HTTP/1.1" 200 121584 "http://@indiaexclusivetours.com" "Mozilla/5.0 (Windows NT 10.0; WOW64) AppleWebKit/537.36 (KHTML, like Gecko) Chrome/86.0.4240.198 Safari/537.36"
114.119.142.27 - - [01/Aug/2021:10:03:58 +0000] "GET /destination/valley-of-flowers.html HTTP/1.1" 200 125487 "-" "Mozilla/5.0 (Linux; Android 7.0;) AppleWebKit/537.36 (KHTML, like Gecko) Mobile Safari/537.36 (compatible; PetalBot;+https://webmaster.petalsearch.com/site/petalbot)"
114.119.137.200 - - [01/Aug/2021:10:05:36 +0000] "GET /destination HTTP/1.1" 301 273 "-" "Mozilla/5.0 (Linux; Android 7.0;) AppleWebKit/537.36 (KHTML, like Gecko) Mobile Safari/537.36 (compatible; PetalBot;+https://webmaster.petalsearch.com/site/petalbot)"
114.119.137.200 - - [01/Aug/2021:10:05:37 +0000] "GET /destination/?page=destination HTTP/1.1" 200 69988 "-" "Mozilla/5.0 (Linux; Android 7.0;) AppleWebKit/537.36 (KHTML, like Gecko) Mobile Safari/537.36 (compatible; PetalBot;+https://webmaster.petalsearch.com/site/petalbot)"
216.244.66.234 - - [01/Aug/2021:10:06:29 +0000] "GET /galleryimg/Rajasthan-desert.jpg HTTP/1.1" 200 495279 "-" "Mozilla/5.0 (compatible; DotBot/1.2; +https://opensiteexplorer.org/dotbot; help@moz.com)"
114.119.159.33 - - [01/Aug/2021:10:07:20 +0000] "GET /galleryimg/7888355havelock.jpg HTTP/1.1" 200 88168 "-" "Mozilla/5.0 (Linux; Android 7.0;) AppleWebKit/537.36 (KHTML, like Gecko) Mobile Safari/537.36 (compatible; PetalBot;+https://webmaster.petalsearch.com/site/petalbot)"
77.75.78.166 - - [01/Aug/2021:10:09:16 +0000] "GET /robots.txt HTTP/1.1" 404 121584 "-" "Mozilla/5.0 (compatible; SeznamBot/3.2; +http://napoveda.seznam.cz/en/seznambot-intro/)"
77.75.78.166 - - [01/Aug/2021:10:09:20 +0000] "GET /badrinath-yatra-package.html HTTP/1.1" 200 99189 "-" "Mozilla/5.0 (compatible; SeznamBot/3.2; +http://napoveda.seznam.cz/en/seznambot-intro/)"
77.75.78.166 - - [01/Aug/2021:10:09:23 +0000] "GET /corbett-tour-package.html HTTP/1.1" 200 96597 "-" "Mozilla/5.0 (compatible; SeznamBot/3.2; +http://napoveda.seznam.cz/en/seznambot-intro/)"
20.98.122.200 - - [01/Aug/2021:10:20:28 +0000] "GET /galleryimg/213782Varkala-beach.jpg HTTP/1.1" 200 521996 "https://yandex.com/images/search?text=lakshadweep&pos=407&p=13&img_url=https%3A%2F%2Flakshadweepadventures.com%2Fwp-content%2Fuploads%2F2019%2F04%2FLakshadweep-Snorkeling.jpg&rpt=simage" "Mozilla/5.0 (X11; Linux x86_64) AppleWebKit/537.36 (KHTML, like Gecko) HeadlessChrome/91.0.4472.77 Safari/537.36"
114.119.147.203 - - [01/Aug/2021:10:20:53 +0000] "GET /pagecontents.php?url=Weekend-Gateway HTTP/1.1" 200 70286 "-" "Mozilla/5.0 (Linux; Android 7.0;) AppleWebKit/537.36 (KHTML, like Gecko) Mobile Safari/537.36 (compatible; PetalBot;+https://webmaster.petalsearch.com/site/petalbot)"
114.119.138.140 - - [01/Aug/2021:10:23:21 +0000] "GET /india-buddhist-pilgrimage-tours.html HTTP/1.1" 200 101574 "-" "Mozilla/5.0 (Linux; Android 7.0;) AppleWebKit/537.36 (KHTML, like Gecko) Mobile Safari/537.36 (compatible; PetalBot;+https://webmaster.petalsearch.com/site/petalbot)"
114.119.138.140 - - [01/Aug/2021:10:28:10 +0000] "GET /galleryimg/9304357auli1.jpg HTTP/1.1" 200 490301 "-" "Mozilla/5.0 (Linux; Android 7.0;) AppleWebKit/537.36 (KHTML, like Gecko) Mobile Safari/537.36 (compatible; PetalBot;+https://webmaster.petalsearch.com/site/petalbot)"
185.191.171.4 - - [01/Aug/2021:10:28:52 +0000] "GET /robots.txt HTTP/1.1" 404 121584 "-" "Mozilla/5.0 (compatible; SemrushBot/7~bl; +http://www.semrush.com/bot.html)"
185.191.171.6 - - [01/Aug/2021:10:28:54 +0000] "GET /india-tour-packages/indialuxurytrain.html HTTP/1.1" 200 73617 "-" "Mozilla/5.0 (compatible; SemrushBot/7~bl; +http://www.semrush.com/bot.html)"
173.201.185.119 - - [01/Aug/2021:10:34:42 +0000] "GET /blog/wp-admin/ HTTP/1.1" 301 257 "http://indiaexclusivetours.com/" "Mozilla/5.0 (Windows NT 10.0; Win64; x64) AppleWebKit/537.36 (KHTML, like Gecko) Chrome/78.0.3904.97 Safari/537.36"
173.201.185.119 - - [01/Aug/2021:10:34:43 +0000] "GET /blog/wp-admin/ HTTP/1.1" 404 121584 "http://indiaexclusivetours.com/" "Mozilla/5.0 (Windows NT 10.0; Win64; x64) AppleWebKit/537.36 (KHTML, like Gecko) Chrome/78.0.3904.97 Safari/537.36"
114.119.138.140 - - [01/Aug/2021:10:36:41 +0000] "GET /golden-triangle-with-haridwar-and-rishikesh.html HTTP/1.1" 200 102181 "-" "Mozilla/5.0 (Linux; Android 7.0;) AppleWebKit/537.36 (KHTML, like Gecko) Mobile Safari/537.36 (compatible; PetalBot;+https://webmaster.petalsearch.com/site/petalbot)"
207.46.13.173 - - [01/Aug/2021:10:45:37 +0000] "GET /galleryimg/mussoorie-lake.jpg HTTP/1.1" 200 248917 "-" "Mozilla/5.0 (compatible; bingbot/2.0; +http://www.bing.com/bingbot.htm)"
114.119.145.134 - - [01/Aug/2021:10:48:11 +0000] "GET /galleryimg/Gangtok.gif HTTP/1.1" 200 146856 "-" "Mozilla/5.0 (Linux; Android 7.0;) AppleWebKit/537.36 (KHTML, like Gecko) Mobile Safari/537.36 (compatible; PetalBot;+https://webmaster.petalsearch.com/site/petalbot)"
54.36.149.46 - - [01/Aug/2021:10:50:26 +0000] "GET /robots.txt HTTP/1.1" 404 121584 "-" "Mozilla/5.0 (compatible; AhrefsBot/7.0; +http://ahrefs.com/robot/)"
54.36.148.48 - - [01/Aug/2021:10:50:27 +0000] "GET / HTTP/1.1" 200 121584 "-" "Mozilla/5.0 (compatible; AhrefsBot/7.0; +http://ahrefs.com/robot/)"
114.119.156.46 - - [01/Aug/2021:10:51:57 +0000] "GET /kashmir-paorama-tour.html HTTP/1.1" 200 97540 "-" "Mozilla/5.0 (Linux; Android 7.0;) AppleWebKit/537.36 (KHTML, like Gecko) Mobile Safari/537.36 (compatible; PetalBot;+https://webmaster.petalsearch.com/site/petalbot)"
66.249.66.204 - - [01/Aug/2021:10:56:40 +0000] "GET /lansdowne-tour-package.html HTTP/1.1" 200 98644 "-" "Mozilla/5.0 (Linux; Android 6.0.1; Nexus 5X Build/MMB29P) AppleWebKit/537.36 (KHTML, like Gecko) Chrome/91.0.4472.90 Mobile Safari/537.36 (compatible; Googlebot/2.1; +http://www.google.com/bot.html)"
66.249.66.201 - - [01/Aug/2021:10:56:45 +0000] "HEAD /undefinedimages/style-picker/pattern4@2x.jpg HTTP/1.1" 404 - "https://www.indiaexclusivetours.com/lansdowne-tour-package.html" "Mozilla/5.0 (Linux; Android 6.0.1; Nexus 5X Build/MMB29P) AppleWebKit/537.36 (KHTML, like Gecko) Chrome/91.0.4472.90 Mobile Safari/537.36 (compatible; Googlebot/2.1; +http://www.google.com/bot.html)"
66.249.66.201 - - [01/Aug/2021:10:56:45 +0000] "HEAD /undefinedimages/style-picker/pattern6@2x.jpg HTTP/1.1" 404 - "https://www.indiaexclusivetours.com/lansdowne-tour-package.html" "Mozilla/5.0 (Linux; Android 6.0.1; Nexus 5X Build/MMB29P) AppleWebKit/537.36 (KHTML, like Gecko) Chrome/91.0.4472.90 Mobile Safari/537.36 (compatible; Googlebot/2.1; +http://www.google.com/bot.html)"
66.249.66.201 - - [01/Aug/2021:10:56:46 +0000] "HEAD /undefinedimages/style-picker/pattern10@2x.jpg HTTP/1.1" 404 - "https://www.indiaexclusivetours.com/lansdowne-tour-package.html" "Mozilla/5.0 (Linux; Android 6.0.1; Nexus 5X Build/MMB29P) AppleWebKit/537.36 (KHTML, like Gecko) Chrome/91.0.4472.90 Mobile Safari/537.36 (compatible; Googlebot/2.1; +http://www.google.com/bot.html)"
66.249.66.198 - - [01/Aug/2021:10:56:49 +0000] "HEAD /galleryimg/4355960Auli-Skiing@2x.jpg HTTP/1.1" 404 - "https://www.indiaexclusivetours.com/lansdowne-tour-package.html" "Mozilla/5.0 (Linux; Android 6.0.1; Nexus 5X Build/MMB29P) AppleWebKit/537.36 (KHTML, like Gecko) Chrome/91.0.4472.90 Mobile Safari/537.36 (compatible; Googlebot/2.1; +http://www.google.com/bot.html)"
66.249.66.198 - - [01/Aug/2021:10:56:50 +0000] "HEAD /galleryimg/3521922badrinath-temple@2x.jpg HTTP/1.1" 404 - "https://www.indiaexclusivetours.com/lansdowne-tour-package.html" "Mozilla/5.0 (Linux; Android 6.0.1; Nexus 5X Build/MMB29P) AppleWebKit/537.36 (KHTML, like Gecko) Chrome/91.0.4472.90 Mobile Safari/537.36 (compatible; Googlebot/2.1; +http://www.google.com/bot.html)"
66.249.66.198 - - [01/Aug/2021:10:56:52 +0000] "HEAD /galleryimg/2879162bhimtal@2x.jpg HTTP/1.1" 404 - "https://www.indiaexclusivetours.com/lansdowne-tour-package.html" "Mozilla/5.0 (Linux; Android 6.0.1; Nexus 5X Build/MMB29P) AppleWebKit/537.36 (KHTML, like Gecko) Chrome/91.0.4472.90 Mobile Safari/537.36 (compatible; Googlebot/2.1; +http://www.google.com/bot.html)"
66.249.66.198 - - [01/Aug/2021:10:56:54 +0000] "HEAD /galleryimg/5135777Haridwar@2x.jpg HTTP/1.1" 404 - "https://www.indiaexclusivetours.com/lansdowne-tour-package.html" "Mozilla/5.0 (Linux; Android 6.0.1; Nexus 5X Build/MMB29P) AppleWebKit/537.36 (KHTML, like Gecko) Chrome/91.0.4472.90 Mobile Safari/537.36 (compatible; Googlebot/2.1; +http://www.google.com/bot.html)"
66.249.66.198 - - [01/Aug/2021:10:56:56 +0000] "HEAD /galleryimg/lansdowne-outside@2x.jpg HTTP/1.1" 404 - "https://www.indiaexclusivetours.com/lansdowne-tour-package.html" "Mozilla/5.0 (Linux; Android 6.0.1; Nexus 5X Build/MMB29P) AppleWebKit/537.36 (KHTML, like Gecko) Chrome/91.0.4472.90 Mobile Safari/537.36 (compatible; Googlebot/2.1; +http://www.google.com/bot.html)"
114.119.147.203 - - [01/Aug/2021:10:57:53 +0000] "GET /galleryimg/puri-rath-yatra.jpg HTTP/1.1" 200 261237 "-" "Mozilla/5.0 (Linux; Android 7.0;) AppleWebKit/537.36 (KHTML, like Gecko) Mobile Safari/537.36 (compatible; PetalBot;+https://webmaster.petalsearch.com/site/petalbot)"
77.75.78.166 - - [01/Aug/2021:11:01:22 +0000] "GET /robots.txt HTTP/1.1" 404 121584 "-" "Mozilla/5.0 (compatible; SeznamBot/3.2; +http://napoveda.seznam.cz/en/seznambot-intro/)"
77.75.78.166 - - [01/Aug/2021:11:01:26 +0000] "GET /destinations-in-india/weekend-tour-package.html HTTP/1.1" 200 87837 "-" "Mozilla/5.0 (compatible; SeznamBot/3.2; +http://napoveda.seznam.cz/en/seznambot-intro/)"
77.75.78.166 - - [01/Aug/2021:11:01:29 +0000] "GET /wp-content/themes/trendytravel/images/bg6.jpg HTTP/1.1" 200 175037 "-" "Mozilla/5.0 (compatible; SeznamBot/3.2; +http://napoveda.seznam.cz/en/seznambot-intro/)"
114.119.134.1 - - [01/Aug/2021:11:09:39 +0000] "GET /destination/sabarmatiashram.html HTTP/1.1" 200 123056 "-" "Mozilla/5.0 (Linux; Android 7.0;) AppleWebKit/537.36 (KHTML, like Gecko) Mobile Safari/537.36 (compatible; PetalBot;+https://webmaster.petalsearch.com/site/petalbot)"
114.119.142.27 - - [01/Aug/2021:11:11:47 +0000] "GET /galleryimg/Sitapur-beach.jpg HTTP/1.1" 200 79252 "-" "Mozilla/5.0 (Linux; Android 7.0;) AppleWebKit/537.36 (KHTML, like Gecko) Mobile Safari/537.36 (compatible; PetalBot;+https://webmaster.petalsearch.com/site/petalbot)"
114.119.145.134 - - [01/Aug/2021:11:20:14 +0000] "GET /-kashmir-houseboat-tour.html HTTP/1.1" 200 98056 "-" "Mozilla/5.0 (Linux; Android 7.0;) AppleWebKit/537.36 (KHTML, like Gecko) Mobile Safari/537.36 (compatible; PetalBot;+https://webmaster.petalsearch.com/site/petalbot)"
114.119.138.140 - - [01/Aug/2021:11:26:57 +0000] "GET /kerala-backwater-tour-.html HTTP/1.1" 200 100677 "-" "Mozilla/5.0 (Linux; Android 7.0;) AppleWebKit/537.36 (KHTML, like Gecko) Mobile Safari/537.36 (compatible; PetalBot;+https://webmaster.petalsearch.com/site/petalbot)"
114.119.150.92 - - [01/Aug/2021:11:28:44 +0000] "GET /dayara-buggyal-trek.html HTTP/1.1" 200 98817 "-" "Mozilla/5.0 (Linux; Android 7.0;) AppleWebKit/537.36 (KHTML, like Gecko) Mobile Safari/537.36 (compatible; PetalBot;+https://webmaster.petalsearch.com/site/petalbot)"
40.77.167.6 - - [01/Aug/2021:11:29:55 +0000] "GET /galleryimg/lansdown-market.jpg HTTP/1.1" 200 206962 "-" "Mozilla/5.0 (compatible; bingbot/2.0; +http://www.bing.com/bingbot.htm)"
114.119.134.1 - - [01/Aug/2021:11:46:21 +0000] "GET /vaishno-devi-tour-package.html HTTP/1.1" 200 104795 "-" "Mozilla/5.0 (Linux; Android 7.0;) AppleWebKit/537.36 (KHTML, like Gecko) Mobile Safari/537.36 (compatible; PetalBot;+https://webmaster.petalsearch.com/site/petalbot)"
114.119.145.134 - - [01/Aug/2021:12:08:10 +0000] "GET /packages.php?id=17 HTTP/1.1" 200 72398 "-" "Mozilla/5.0 (Linux; Android 7.0;) AppleWebKit/537.36 (KHTML, like Gecko) Mobile Safari/537.36 (compatible; PetalBot;+https://webmaster.petalsearch.com/site/petalbot)"
66.249.66.198 - - [01/Aug/2021:12:14:10 +0000] "GET /aasam-.html HTTP/1.1" 200 99116 "-" "Mozilla/5.0 (compatible; Googlebot/2.1; +http://www.google.com/bot.html)"
66.249.66.201 - - [01/Aug/2021:12:14:15 +0000] "GET /scripts/gen_validatorv4.js HTTP/1.1" 200 32085 "https://www.indiaexclusivetours.com/aasam-.html" "Mozilla/5.0 AppleWebKit/537.36 (KHTML, like Gecko; compatible; Googlebot/2.1; +http://www.google.com/bot.html) Chrome/91.0.4472.90 Safari/537.36"
157.55.39.68 - - [01/Aug/2021:12:15:55 +0000] "GET /galleryimg/6480665amritsar.jpg HTTP/1.1" 200 180773 "-" "Mozilla/5.0 (compatible; bingbot/2.0; +http://www.bing.com/bingbot.htm)"
77.75.78.170 - - [01/Aug/2021:12:16:07 +0000] "GET /robots.txt HTTP/1.1" 404 121584 "-" "Mozilla/5.0 (compatible; SeznamBot/3.2; +http://napoveda.seznam.cz/en/seznambot-intro/)"
77.75.78.170 - - [01/Aug/2021:12:16:11 +0000] "GET /galleryimg/5665280Kirti-Stambh.jpg HTTP/1.1" 200 130168 "-" "Mozilla/5.0 (compatible; SeznamBot/3.2; +http://napoveda.seznam.cz/en/seznambot-intro/)"
77.75.78.170 - - [01/Aug/2021:12:16:14 +0000] "GET /port-blair-havelock-baratang.html HTTP/1.1" 200 110216 "-" "Mozilla/5.0 (compatible; SeznamBot/3.2; +http://napoveda.seznam.cz/en/seznambot-intro/)"
77.75.78.170 - - [01/Aug/2021:12:16:16 +0000] "GET /testimonials.php HTTP/1.1" 200 78297 "-" "Mozilla/5.0 (compatible; SeznamBot/3.2; +http://napoveda.seznam.cz/en/seznambot-intro/)"
114.119.138.140 - - [01/Aug/2021:12:19:02 +0000] "GET /nainital-kausani-honeymoon-tour.html HTTP/1.1" 200 105326 "-" "Mozilla/5.0 (Linux; Android 7.0;) AppleWebKit/537.36 (KHTML, like Gecko) Mobile Safari/537.36 (compatible; PetalBot;+https://webmaster.petalsearch.com/site/petalbot)"
114.119.134.1 - - [01/Aug/2021:12:20:43 +0000] "GET /india-tour-packages/car-rentals.php HTTP/1.1" 404 121584 "-" "Mozilla/5.0 (Linux; Android 7.0;) AppleWebKit/537.36 (KHTML, like Gecko) Mobile Safari/537.36 (compatible; PetalBot;+https://webmaster.petalsearch.com/site/petalbot)"
114.119.145.134 - - [01/Aug/2021:12:27:32 +0000] "GET /pagecontents.php?url=Mode-of-Payment HTTP/1.1" 200 73888 "-" "Mozilla/5.0 (Linux; Android 7.0;) AppleWebKit/537.36 (KHTML, like Gecko) Mobile Safari/537.36 (compatible; PetalBot;+https://webmaster.petalsearch.com/site/petalbot)"
62.210.188.222 - - [01/Aug/2021:12:34:12 +0000] "GET /robots.txt HTTP/1.1" 404 121584 "-" "Mozilla/5.0 (compatible; Barkrowler/0.9; +https://babbar.tech/crawler)"
62.210.188.222 - - [01/Aug/2021:12:34:20 +0000] "GET /robots.txt HTTP/1.1" 404 121584 "-" "Mozilla/5.0 (compatible; Barkrowler/0.9; +https://babbar.tech/crawler)"
62.210.188.222 - - [01/Aug/2021:12:34:30 +0000] "GET /.html HTTP/1.1" 403 121584 "-" "Mozilla/5.0 (compatible; Barkrowler/0.9; +https://babbar.tech/crawler)"
62.210.188.222 - - [01/Aug/2021:12:34:39 +0000] "GET /index.php HTTP/1.1" 301 243 "-" "Mozilla/5.0 (compatible; Barkrowler/0.9; +https://babbar.tech/crawler)"
114.119.137.124 - - [01/Aug/2021:12:36:33 +0000] "GET /rajasthan-culture-tour.html HTTP/1.1" 200 103596 "-" "Mozilla/5.0 (Linux; Android 7.0;) AppleWebKit/537.36 (KHTML, like Gecko) Mobile Safari/537.36 (compatible; PetalBot;+https://webmaster.petalsearch.com/site/petalbot)"
114.119.137.124 - - [01/Aug/2021:12:36:33 +0000] "GET /wp-content/cache/wpfc-minified/9/1473342606index.css HTTP/1.1" 200 20716 "https://www.indiaexclusivetours.com/rajasthan-culture-tour.html" "Mozilla/5.0 (Linux; Android 7.0;) AppleWebKit/537.36 (KHTML, like Gecko) Mobile Safari/537.36 (compatible; PetalBot;+https://webmaster.petalsearch.com/site/petalbot)"
114.119.137.124 - - [01/Aug/2021:12:36:33 +0000] "GET /wp-content/cache/wpfc-minified/10/1473342606index.css HTTP/1.1" 200 58094 "https://www.indiaexclusivetours.com/rajasthan-culture-tour.html" "Mozilla/5.0 (Linux; Android 7.0;) AppleWebKit/537.36 (KHTML, like Gecko) Mobile Safari/537.36 (compatible; PetalBot;+https://webmaster.petalsearch.com/site/petalbot)"
114.119.137.124 - - [01/Aug/2021:12:36:33 +0000] "GET /wp-content/themes/trendytravel/css/responsive1c9b.css HTTP/1.1" 200 88478 "https://www.indiaexclusivetours.com/rajasthan-culture-tour.html" "Mozilla/5.0 (Linux; Android 7.0;) AppleWebKit/537.36 (KHTML, like Gecko) Mobile Safari/537.36 (compatible; PetalBot;+https://webmaster.petalsearch.com/site/petalbot)"
114.119.137.124 - - [01/Aug/2021:12:36:34 +0000] "GET /wp-content/font-awesome/4.5.0/css/font-awesome.min1c9b.css?ver=4.6.1 HTTP/1.1" 200 27748 "https://www.indiaexclusivetours.com/rajasthan-culture-tour.html" "Mozilla/5.0 (Linux; Android 7.0;) AppleWebKit/537.36 (KHTML, like Gecko) Mobile Safari/537.36 (compatible; PetalBot;+https://webmaster.petalsearch.com/site/petalbot)"
114.119.137.124 - - [01/Aug/2021:12:36:33 +0000] "GET /wp-content/cache/wpfc-minified/6/1473342606index.css HTTP/1.1" 200 211100 "https://www.indiaexclusivetours.com/rajasthan-culture-tour.html" "Mozilla/5.0 (Linux; Android 7.0;) AppleWebKit/537.36 (KHTML, like Gecko) Mobile Safari/537.36 (compatible; PetalBot;+https://webmaster.petalsearch.com/site/petalbot)"
114.119.137.124 - - [01/Aug/2021:12:36:33 +0000] "GET /wp-content/cache/wpfc-minified/7/1473342606index.css HTTP/1.1" 200 261020 "https://www.indiaexclusivetours.com/rajasthan-culture-tour.html" "Mozilla/5.0 (Linux; Android 7.0;) AppleWebKit/537.36 (KHTML, like Gecko) Mobile Safari/537.36 (compatible; PetalBot;+https://webmaster.petalsearch.com/site/petalbot)"
114.119.137.124 - - [01/Aug/2021:12:36:34 +0000] "GET /wp-content/plugins/LayerSlider/static/skins/noskin/skin.css HTTP/1.1" 200 1153 "https://www.indiaexclusivetours.com/rajasthan-culture-tour.html" "Mozilla/5.0 (Linux; Android 7.0;) AppleWebKit/537.36 (KHTML, like Gecko) Mobile Safari/537.36 (compatible; PetalBot;+https://webmaster.petalsearch.com/site/petalbot)"
114.119.137.124 - - [01/Aug/2021:12:36:33 +0000] "GET /wp-content/cache/wpfc-minified/11/1473342607index.css HTTP/1.1" 200 230397 "https://www.indiaexclusivetours.com/rajasthan-culture-tour.html" "Mozilla/5.0 (Linux; Android 7.0;) AppleWebKit/537.36 (KHTML, like Gecko) Mobile Safari/537.36 (compatible; PetalBot;+https://webmaster.petalsearch.com/site/petalbot)"
114.119.137.124 - - [01/Aug/2021:12:36:34 +0000] "GET /wp-content/cache/wpfc-minified/2/1473342607index.js HTTP/1.1" 200 66674 "https://www.indiaexclusivetours.com/rajasthan-culture-tour.html" "Mozilla/5.0 (Linux; Android 7.0;) AppleWebKit/537.36 (KHTML, like Gecko) Mobile Safari/537.36 (compatible; PetalBot;+https://webmaster.petalsearch.com/site/petalbot)"
114.119.137.124 - - [01/Aug/2021:12:36:34 +0000] "GET /wp-content/cache/wpfc-minified/1/1473342607index.js HTTP/1.1" 200 998 "https://www.indiaexclusivetours.com/rajasthan-culture-tour.html" "Mozilla/5.0 (Linux; Android 7.0;) AppleWebKit/537.36 (KHTML, like Gecko) Mobile Safari/537.36 (compatible; PetalBot;+https://webmaster.petalsearch.com/site/petalbot)"
114.119.137.124 - - [01/Aug/2021:12:36:34 +0000] "GET /wp-content/cache/wpfc-minified/5/1473342609index.js HTTP/1.1" 200 349207 "https://www.indiaexclusivetours.com/rajasthan-culture-tour.html" "Mozilla/5.0 (Linux; Android 7.0;) AppleWebKit/537.36 (KHTML, like Gecko) Mobile Safari/537.36 (compatible; PetalBot;+https://webmaster.petalsearch.com/site/petalbot)"
114.119.137.124 - - [01/Aug/2021:12:36:34 +0000] "GET /wp-content/cache/wpfc-minified/3/1473342607index.js HTTP/1.1" 200 35340 "https://www.indiaexclusivetours.com/rajasthan-culture-tour.html" "Mozilla/5.0 (Linux; Android 7.0;) AppleWebKit/537.36 (KHTML, like Gecko) Mobile Safari/537.36 (compatible; PetalBot;+https://webmaster.petalsearch.com/site/petalbot)"
114.119.137.124 - - [01/Aug/2021:12:36:34 +0000] "GET /wp-content/cache/wpfc-minified/4/1473342607index.js HTTP/1.1" 200 4917 "https://www.indiaexclusivetours.com/rajasthan-culture-tour.html" "Mozilla/5.0 (Linux; Android 7.0;) AppleWebKit/537.36 (KHTML, like Gecko) Mobile Safari/537.36 (compatible; PetalBot;+https://webmaster.petalsearch.com/site/petalbot)"
114.119.137.124 - - [01/Aug/2021:12:36:34 +0000] "GET /scripts/gen_validatorv4.js HTTP/1.1" 200 32085 "https://www.indiaexclusivetours.com/rajasthan-culture-tour.html" "Mozilla/5.0 (Linux; Android 7.0;) AppleWebKit/537.36 (KHTML, like Gecko) Mobile Safari/537.36 (compatible; PetalBot;+https://webmaster.petalsearch.com/site/petalbot)"
114.119.137.124 - - [01/Aug/2021:12:36:34 +0000] "GET /wp-content/cache/wpfc-minified/9dd0a73761aa004f3343723cb/1473342613index.4f.js HTTP/1.1" 200 9426 "https://www.indiaexclusivetours.com/rajasthan-culture-tour.html" "Mozilla/5.0 (Linux; Android 7.0;) AppleWebKit/537.36 (KHTML, like Gecko) Mobile Safari/537.36 (compatible; PetalBot;+https://webmaster.petalsearch.com/site/petalbot)"
114.119.137.124 - - [01/Aug/2021:12:36:34 +0000] "GET /wp-content/cache/wpfc-minified/7dbf03409e247f2cfae187525/1473342613index.52.js HTTP/1.1" 200 40057 "https://www.indiaexclusivetours.com/rajasthan-culture-tour.html" "Mozilla/5.0 (Linux; Android 7.0;) AppleWebKit/537.36 (KHTML, like Gecko) Mobile Safari/537.36 (compatible; PetalBot;+https://webmaster.petalsearch.com/site/petalbot)"
114.119.137.124 - - [01/Aug/2021:12:36:34 +0000] "GET /wp-content/cache/wpfc-minified/5702bf263eb3bedb5f8879a36/1473342613index.50.js HTTP/1.1" 200 10887 "https://www.indiaexclusivetours.com/rajasthan-culture-tour.html" "Mozilla/5.0 (Linux; Android 7.0;) AppleWebKit/537.36 (KHTML, like Gecko) Mobile Safari/537.36 (compatible; PetalBot;+https://webmaster.petalsearch.com/site/petalbot)"
114.119.137.124 - - [01/Aug/2021:12:36:34 +0000] "GET /wp-content/cache/wpfc-minified/b9a5034352d282ec5edebb7c8/1473342613index.51.js HTTP/1.1" 200 1539 "https://www.indiaexclusivetours.com/rajasthan-culture-tour.html" "Mozilla/5.0 (Linux; Android 7.0;) AppleWebKit/537.36 (KHTML, like Gecko) Mobile Safari/537.36 (compatible; PetalBot;+https://webmaster.petalsearch.com/site/petalbot)"
114.119.137.124 - - [01/Aug/2021:12:36:34 +0000] "GET /wp-content/cache/wpfc-minified/7e4d18a2c92c5f0a6e24feb1b/1473342613index.4e.js HTTP/1.1" 200 68267 "https://www.indiaexclusivetours.com/rajasthan-culture-tour.html" "Mozilla/5.0 (Linux; Android 7.0;) AppleWebKit/537.36 (KHTML, like Gecko) Mobile Safari/537.36 (compatible; PetalBot;+https://webmaster.petalsearch.com/site/petalbot)"
114.119.137.124 - - [01/Aug/2021:12:36:34 +0000] "GET /wp-content/cache/wpfc-minified/556e6a1283242d4671558ca97/1473342613index.53.js HTTP/1.1" 200 63537 "https://www.indiaexclusivetours.com/rajasthan-culture-tour.html" "Mozilla/5.0 (Linux; Android 7.0;) AppleWebKit/537.36 (KHTML, like Gecko) Mobile Safari/537.36 (compatible; PetalBot;+https://webmaster.petalsearch.com/site/petalbot)"
114.119.137.124 - - [01/Aug/2021:12:36:34 +0000] "GET /wp-content/cache/wpfc-minified/69488f6297e0427402a9e1db8/1473342612index.54.js HTTP/1.1" 200 23006 "https://www.indiaexclusivetours.com/rajasthan-culture-tour.html" "Mozilla/5.0 (Linux; Android 7.0;) AppleWebKit/537.36 (KHTML, like Gecko) Mobile Safari/537.36 (compatible; PetalBot;+https://webmaster.petalsearch.com/site/petalbot)"
114.119.137.124 - - [01/Aug/2021:12:36:34 +0000] "GET /wp-content/cache/wpfc-minified/b4a49b3b61e2a32915b81fd60/1473342610index.55.js HTTP/1.1" 200 187580 "https://www.indiaexclusivetours.com/rajasthan-culture-tour.html" "Mozilla/5.0 (Linux; Android 7.0;) AppleWebKit/537.36 (KHTML, like Gecko) Mobile Safari/537.36 (compatible; PetalBot;+https://webmaster.petalsearch.com/site/petalbot)"
114.119.137.124 - - [01/Aug/2021:12:36:34 +0000] "GET /wp-content/cache/wpfc-minified/8/1473342606index.css HTTP/1.1" 200 4146 "https://www.indiaexclusivetours.com/rajasthan-culture-tour.html" "Mozilla/5.0 (Linux; Android 7.0;) AppleWebKit/537.36 (KHTML, like Gecko) Mobile Safari/537.36 (compatible; PetalBot;+https://webmaster.petalsearch.com/site/petalbot)"
66.249.66.204 - - [01/Aug/2021:12:37:42 +0000] "GET /agar-mathura-tour.html HTTP/1.1" 200 99672 "-" "Mozilla/5.0 (compatible; Googlebot/2.1; +http://www.google.com/bot.html)"
117.230.5.227 - - [01/Aug/2021:13:02:42 +0000] "GET /galleryimg/jaipur.jpg HTTP/1.1" 200 215237 "https://www.google.com/" "Mozilla/5.0 (Windows NT 10.0; Win64; x64) AppleWebKit/537.36 (KHTML, like Gecko) Chrome/92.0.4515.107 Safari/537.36"
114.119.137.200 - - [01/Aug/2021:13:06:47 +0000] "GET /galleryimg/jaipur.jpg HTTP/1.1" 200 215237 "-" "Mozilla/5.0 (Linux; Android 7.0;) AppleWebKit/537.36 (KHTML, like Gecko) Mobile Safari/537.36 (compatible; PetalBot;+https://webmaster.petalsearch.com/site/petalbot)"
62.210.188.222 - - [01/Aug/2021:13:06:56 +0000] "GET /hotel/ HTTP/1.1" 200 69988 "-" "Mozilla/5.0 (compatible; Barkrowler/0.9; +https://babbar.tech/crawler)"
62.210.188.222 - - [01/Aug/2021:13:07:05 +0000] "GET /index.php HTTP/1.1" 301 244 "-" "Mozilla/5.0 (compatible; Barkrowler/0.9; +https://babbar.tech/crawler)"
62.210.188.222 - - [01/Aug/2021:13:07:13 +0000] "GET /contact-us.php HTTP/1.1" 200 73766 "-" "Mozilla/5.0 (compatible; Barkrowler/0.9; +https://babbar.tech/crawler)"
62.210.188.222 - - [01/Aug/2021:13:07:20 +0000] "GET /about-us.php HTTP/1.1" 200 74045 "-" "Mozilla/5.0 (compatible; Barkrowler/0.9; +https://babbar.tech/crawler)"
77.75.79.101 - - [01/Aug/2021:13:07:23 +0000] "GET /robots.txt HTTP/1.1" 404 121584 "-" "Mozilla/5.0 (compatible; SeznamBot/3.2; +http://napoveda.seznam.cz/en/seznambot-intro/)"
77.75.79.101 - - [01/Aug/2021:13:07:27 +0000] "GET /kashmir-srinagar-tour-package.html HTTP/1.1" 200 99851 "-" "Mozilla/5.0 (compatible; SeznamBot/3.2; +http://napoveda.seznam.cz/en/seznambot-intro/)"
62.210.188.222 - - [01/Aug/2021:13:07:28 +0000] "GET /destinations.php HTTP/1.1" 200 89019 "-" "Mozilla/5.0 (compatible; Barkrowler/0.9; +https://babbar.tech/crawler)"
77.75.79.101 - - [01/Aug/2021:13:07:30 +0000] "GET /golden-triangle-tour-package.html HTTP/1.1" 200 101396 "-" "Mozilla/5.0 (compatible; SeznamBot/3.2; +http://napoveda.seznam.cz/en/seznambot-intro/)"
62.210.188.222 - - [01/Aug/2021:13:07:37 +0000] "GET /contact-us.php HTTP/1.1" 200 73766 "-" "Mozilla/5.0 (compatible; Barkrowler/0.9; +https://babbar.tech/crawler)"
62.210.188.222 - - [01/Aug/2021:13:07:44 +0000] "GET /theme-packages.php HTTP/1.1" 200 80939 "-" "Mozilla/5.0 (compatible; Barkrowler/0.9; +https://babbar.tech/crawler)"
62.210.188.222 - - [01/Aug/2021:13:07:54 +0000] "GET /destination/ HTTP/1.1" 200 69988 "-" "Mozilla/5.0 (compatible; Barkrowler/0.9; +https://babbar.tech/crawler)"
62.210.188.222 - - [01/Aug/2021:13:08:02 +0000] "GET /domestic-packages.php HTTP/1.1" 200 89389 "-" "Mozilla/5.0 (compatible; Barkrowler/0.9; +https://babbar.tech/crawler)"
62.210.188.222 - - [01/Aug/2021:13:08:09 +0000] "GET /golden-triangle.html HTTP/1.1" 200 100204 "-" "Mozilla/5.0 (compatible; Barkrowler/0.9; +https://babbar.tech/crawler)"
62.210.188.222 - - [01/Aug/2021:13:08:18 +0000] "GET /cars.php?id=1 HTTP/1.1" 500 - "-" "Mozilla/5.0 (compatible; Barkrowler/0.9; +https://babbar.tech/crawler)"
62.210.188.222 - - [01/Aug/2021:13:08:30 +0000] "GET /car-rentals.php HTTP/1.1" 200 71604 "-" "Mozilla/5.0 (compatible; Barkrowler/0.9; +https://babbar.tech/crawler)"
62.210.188.222 - - [01/Aug/2021:13:08:39 +0000] "GET /destinations.php HTTP/1.1" 200 89019 "-" "Mozilla/5.0 (compatible; Barkrowler/0.9; +https://babbar.tech/crawler)"
62.210.188.222 - - [01/Aug/2021:13:08:50 +0000] "GET /hotel/index.php HTTP/1.1" 301 250 "-" "Mozilla/5.0 (compatible; Barkrowler/0.9; +https://babbar.tech/crawler)"
62.210.188.222 - - [01/Aug/2021:13:08:59 +0000] "GET /hotels-in-india/ HTTP/1.1" 200 69988 "-" "Mozilla/5.0 (compatible; Barkrowler/0.9; +https://babbar.tech/crawler)"
62.210.188.222 - - [01/Aug/2021:13:09:09 +0000] "GET /best-of-nature.html HTTP/1.1" 200 100576 "-" "Mozilla/5.0 (compatible; Barkrowler/0.9; +https://babbar.tech/crawler)"
62.210.188.222 - - [01/Aug/2021:13:09:19 +0000] "GET /packages.php?id=1 HTTP/1.1" 200 72398 "-" "Mozilla/5.0 (compatible; Barkrowler/0.9; +https://babbar.tech/crawler)"
62.210.188.222 - - [01/Aug/2021:13:09:29 +0000] "GET /package-category.php HTTP/1.1" 200 43144 "-" "Mozilla/5.0 (compatible; Barkrowler/0.9; +https://babbar.tech/crawler)"
62.210.188.222 - - [01/Aug/2021:13:09:54 +0000] "GET /testimonials.php HTTP/1.1" 200 78297 "-" "Mozilla/5.0 (compatible; Barkrowler/0.9; +https://babbar.tech/crawler)"
62.210.188.222 - - [01/Aug/2021:13:10:04 +0000] "GET /aasam-.html HTTP/1.1" 200 99116 "-" "Mozilla/5.0 (compatible; Barkrowler/0.9; +https://babbar.tech/crawler)"
62.210.188.222 - - [01/Aug/2021:13:10:13 +0000] "GET /cars.php?id=2 HTTP/1.1" 500 - "-" "Mozilla/5.0 (compatible; Barkrowler/0.9; +https://babbar.tech/crawler)"
62.210.188.222 - - [01/Aug/2021:13:10:30 +0000] "GET /theme-packages.php HTTP/1.1" 200 80939 "-" "Mozilla/5.0 (compatible; Barkrowler/0.9; +https://babbar.tech/crawler)"
62.210.188.222 - - [01/Aug/2021:13:10:39 +0000] "GET /singapore-tour.html HTTP/1.1" 200 96441 "-" "Mozilla/5.0 (compatible; Barkrowler/0.9; +https://babbar.tech/crawler)"
62.210.188.222 - - [01/Aug/2021:13:10:49 +0000] "GET /dubai-tour.html HTTP/1.1" 200 100979 "-" "Mozilla/5.0 (compatible; Barkrowler/0.9; +https://babbar.tech/crawler)"
62.210.188.222 - - [01/Aug/2021:13:10:58 +0000] "GET /destination/index.php HTTP/1.1" 301 256 "-" "Mozilla/5.0 (compatible; Barkrowler/0.9; +https://babbar.tech/crawler)"
62.210.188.222 - - [01/Aug/2021:13:11:07 +0000] "GET /hotel/destinations.php HTTP/1.1" 404 121584 "-" "Mozilla/5.0 (compatible; Barkrowler/0.9; +https://babbar.tech/crawler)"
62.210.188.222 - - [01/Aug/2021:13:11:18 +0000] "GET /hotel-destinations.php HTTP/1.1" 200 71590 "-" "Mozilla/5.0 (compatible; Barkrowler/0.9; +https://babbar.tech/crawler)"
62.210.188.222 - - [01/Aug/2021:13:11:27 +0000] "GET /weekend-packages.php HTTP/1.1" 200 75719 "-" "Mozilla/5.0 (compatible; Barkrowler/0.9; +https://babbar.tech/crawler)"
62.210.188.222 - - [01/Aug/2021:13:11:35 +0000] "GET /packages.php?id=2 HTTP/1.1" 200 72398 "-" "Mozilla/5.0 (compatible; Barkrowler/0.9; +https://babbar.tech/crawler)"
62.210.188.222 - - [01/Aug/2021:13:11:45 +0000] "GET /packages.php?id=34 HTTP/1.1" 200 72398 "-" "Mozilla/5.0 (compatible; Barkrowler/0.9; +https://babbar.tech/crawler)"
62.210.188.222 - - [01/Aug/2021:13:12:04 +0000] "GET /packages.php?id=33 HTTP/1.1" 200 72398 "-" "Mozilla/5.0 (compatible; Barkrowler/0.9; +https://babbar.tech/crawler)"
62.210.188.222 - - [01/Aug/2021:13:12:13 +0000] "GET /packages.php?id=37 HTTP/1.1" 200 72398 "-" "Mozilla/5.0 (compatible; Barkrowler/0.9; +https://babbar.tech/crawler)"
62.210.188.222 - - [01/Aug/2021:13:12:23 +0000] "GET /packages.php?id=16 HTTP/1.1" 200 72398 "-" "Mozilla/5.0 (compatible; Barkrowler/0.9; +https://babbar.tech/crawler)"
62.210.188.222 - - [01/Aug/2021:13:12:33 +0000] "GET /packages.php?id=45 HTTP/1.1" 200 72398 "-" "Mozilla/5.0 (compatible; Barkrowler/0.9; +https://babbar.tech/crawler)"
62.210.188.222 - - [01/Aug/2021:13:12:44 +0000] "GET /packages.php?id=40 HTTP/1.1" 200 72398 "-" "Mozilla/5.0 (compatible; Barkrowler/0.9; +https://babbar.tech/crawler)"
62.210.188.222 - - [01/Aug/2021:13:12:54 +0000] "GET /packages.php?id=41 HTTP/1.1" 200 72398 "-" "Mozilla/5.0 (compatible; Barkrowler/0.9; +https://babbar.tech/crawler)"
62.210.188.222 - - [01/Aug/2021:13:13:04 +0000] "GET /packages.php?id=38 HTTP/1.1" 200 72398 "-" "Mozilla/5.0 (compatible; Barkrowler/0.9; +https://babbar.tech/crawler)"
62.210.188.222 - - [01/Aug/2021:13:13:14 +0000] "GET /car-details.php?id=3 HTTP/1.1" 200 109171 "-" "Mozilla/5.0 (compatible; Barkrowler/0.9; +https://babbar.tech/crawler)"
62.210.188.222 - - [01/Aug/2021:13:13:28 +0000] "GET /car-details.php?id=2 HTTP/1.1" 200 109000 "-" "Mozilla/5.0 (compatible; Barkrowler/0.9; +https://babbar.tech/crawler)"
62.210.188.222 - - [01/Aug/2021:13:13:38 +0000] "GET /car-details.php?id=4 HTTP/1.1" 200 109017 "-" "Mozilla/5.0 (compatible; Barkrowler/0.9; +https://babbar.tech/crawler)"
62.210.188.222 - - [01/Aug/2021:13:13:49 +0000] "GET /hotels.php?city=15 HTTP/1.1" 500 - "-" "Mozilla/5.0 (compatible; Barkrowler/0.9; +https://babbar.tech/crawler)"
49.36.183.186 - - [01/Aug/2021:13:21:33 +0000] "GET /galleryimg/9304357auli1.jpg HTTP/1.1" 200 490301 "https://www.google.com/" "Mozilla/5.0 (Windows NT 10.0; Win64; x64) AppleWebKit/537.36 (KHTML, like Gecko) Chrome/92.0.4515.107 Safari/537.36"
66.249.66.207 - - [01/Aug/2021:13:21:41 +0000] "GET /robots.txt HTTP/1.1" 404 121584 "-" "Mozilla/5.0 (compatible; Googlebot/2.1; +http://www.google.com/bot.html)"
66.249.66.211 - - [01/Aug/2021:13:21:43 +0000] "GET /favicon.ico HTTP/1.1" 404 121584 "-" "Googlebot-Image/1.0"
114.119.147.203 - - [01/Aug/2021:13:22:27 +0000] "GET /india-tour-packages/domestic-packages.php HTTP/1.1" 404 121584 "-" "Mozilla/5.0 (Linux; Android 7.0;) AppleWebKit/537.36 (KHTML, like Gecko) Mobile Safari/537.36 (compatible; PetalBot;+https://webmaster.petalsearch.com/site/petalbot)"
185.191.171.23 - - [01/Aug/2021:13:22:46 +0000] "GET /robots.txt HTTP/1.1" 404 121584 "-" "Mozilla/5.0 (compatible; SemrushBot/7~bl; +http://www.semrush.com/bot.html)"
185.191.171.21 - - [01/Aug/2021:13:22:48 +0000] "GET /destination/lansdown-tourism.html HTTP/1.1" 200 130631 "-" "Mozilla/5.0 (compatible; SemrushBot/7~bl; +http://www.semrush.com/bot.html)"
185.191.171.36 - - [01/Aug/2021:13:24:01 +0000] "GET /about-destination.php?id=9 HTTP/1.1" 200 72673 "-" "Mozilla/5.0 (compatible; SemrushBot/7~bl; +http://www.semrush.com/bot.html)"
114.119.138.140 - - [01/Aug/2021:13:35:40 +0000] "GET /about-destination.php?id=30 HTTP/1.1" 200 72673 "-" "Mozilla/5.0 (Linux; Android 7.0;) AppleWebKit/537.36 (KHTML, like Gecko) Mobile Safari/537.36 (compatible; PetalBot;+https://webmaster.petalsearch.com/site/petalbot)"
20.69.150.214 - - [01/Aug/2021:13:39:52 +0000] "GET /galleryimg/7510358andman2.jpg HTTP/1.1" 200 63804 "https://yandex.com/images/search?text=andaman%20fox-face&pos=788&p=26&img_url=https%3A%2F%2Fsaintsandmonks.com%2Fimages%2Fneil-island.jpg&rpt=simage" "Mozilla/5.0 (X11; Linux x86_64) AppleWebKit/537.36 (KHTML, like Gecko) HeadlessChrome/91.0.4472.77 Safari/537.36"
62.210.188.222 - - [01/Aug/2021:13:45:31 +0000] "GET /hotels.php?city=14 HTTP/1.1" 500 - "-" "Mozilla/5.0 (compatible; Barkrowler/0.9; +https://babbar.tech/crawler)"
62.210.188.222 - - [01/Aug/2021:13:45:44 +0000] "GET /queen-of-the-hill-.html HTTP/1.1" 200 100382 "-" "Mozilla/5.0 (compatible; Barkrowler/0.9; +https://babbar.tech/crawler)"
62.210.188.222 - - [01/Aug/2021:13:45:56 +0000] "GET /north-india-cultural.html HTTP/1.1" 200 99204 "-" "Mozilla/5.0 (compatible; Barkrowler/0.9; +https://babbar.tech/crawler)"
62.210.188.222 - - [01/Aug/2021:13:46:09 +0000] "GET /destination/chail.html HTTP/1.1" 200 128539 "-" "Mozilla/5.0 (compatible; Barkrowler/0.9; +https://babbar.tech/crawler)"
114.119.158.181 - - [01/Aug/2021:13:46:18 +0000] "GET /galleryimg/5978804anjuna-beach1.jpg HTTP/1.1" 200 539437 "-" "Mozilla/5.0 (Linux; Android 7.0;) AppleWebKit/537.36 (KHTML, like Gecko) Mobile Safari/537.36 (compatible; PetalBot;+https://webmaster.petalsearch.com/site/petalbot)"
62.210.188.222 - - [01/Aug/2021:13:46:27 +0000] "GET /destination/bekal.html HTTP/1.1" 200 129512 "-" "Mozilla/5.0 (compatible; Barkrowler/0.9; +https://babbar.tech/crawler)"
62.210.188.222 - - [01/Aug/2021:13:46:40 +0000] "GET /destination/jaipur.html HTTP/1.1" 200 129804 "-" "Mozilla/5.0 (compatible; Barkrowler/0.9; +https://babbar.tech/crawler)"
62.210.188.222 - - [01/Aug/2021:13:46:53 +0000] "GET /destination/alwar.html HTTP/1.1" 200 129190 "-" "Mozilla/5.0 (compatible; Barkrowler/0.9; +https://babbar.tech/crawler)"
62.210.188.222 - - [01/Aug/2021:13:47:05 +0000] "GET /destination/destinations.php HTTP/1.1" 404 121584 "-" "Mozilla/5.0 (compatible; Barkrowler/0.9; +https://babbar.tech/crawler)"
62.210.188.222 - - [01/Aug/2021:13:47:21 +0000] "GET /destination/manali.html HTTP/1.1" 200 135666 "-" "Mozilla/5.0 (compatible; Barkrowler/0.9; +https://babbar.tech/crawler)"
62.210.188.222 - - [01/Aug/2021:13:47:32 +0000] "GET /destination/auli.html HTTP/1.1" 200 138988 "-" "Mozilla/5.0 (compatible; Barkrowler/0.9; +https://babbar.tech/crawler)"
62.210.188.222 - - [01/Aug/2021:13:47:45 +0000] "GET /destination/cochin.html HTTP/1.1" 200 123056 "-" "Mozilla/5.0 (compatible; Barkrowler/0.9; +https://babbar.tech/crawler)"
62.210.188.222 - - [01/Aug/2021:13:47:57 +0000] "GET /hotel/marina-hotel-.html HTTP/1.1" 500 - "-" "Mozilla/5.0 (compatible; Barkrowler/0.9; +https://babbar.tech/crawler)"
62.210.188.222 - - [01/Aug/2021:13:48:10 +0000] "GET /hotel/car-rentals.php HTTP/1.1" 404 121584 "-" "Mozilla/5.0 (compatible; Barkrowler/0.9; +https://babbar.tech/crawler)"
62.210.188.222 - - [01/Aug/2021:13:48:25 +0000] "GET /hotels-in-india/index.php HTTP/1.1" 301 260 "-" "Mozilla/5.0 (compatible; Barkrowler/0.9; +https://babbar.tech/crawler)"
62.210.188.222 - - [01/Aug/2021:13:48:36 +0000] "GET /essence-of-kerala.html HTTP/1.1" 200 102342 "-" "Mozilla/5.0 (compatible; Barkrowler/0.9; +https://babbar.tech/crawler)"
62.210.188.222 - - [01/Aug/2021:13:48:48 +0000] "GET /about-destination.php?id=12 HTTP/1.1" 200 72673 "-" "Mozilla/5.0 (compatible; Barkrowler/0.9; +https://babbar.tech/crawler)"
62.210.188.222 - - [01/Aug/2021:13:49:02 +0000] "GET /about-destination.php?id=26 HTTP/1.1" 200 72673 "-" "Mozilla/5.0 (compatible; Barkrowler/0.9; +https://babbar.tech/crawler)"
20.69.150.214 - - [01/Aug/2021:13:49:02 +0000] "GET /galleryimg/andman1.jpg HTTP/1.1" 200 96540 "https://yandex.com/images/search?text=andaman%20fox-face&pos=911&p=30&img_url=https%3A%2F%2Fwww.holidayclaimsbureau.co.uk%2Fwp-content%2Fuploads%2F2018%2F10%2Ftravel-3571077_1920.jpg&rpt=simage" "Mozilla/5.0 (X11; Linux x86_64) AppleWebKit/537.36 (KHTML, like Gecko) HeadlessChrome/91.0.4472.77 Safari/537.36"
62.210.188.222 - - [01/Aug/2021:13:49:14 +0000] "GET /about-destination.php?id=14 HTTP/1.1" 200 72673 "-" "Mozilla/5.0 (compatible; Barkrowler/0.9; +https://babbar.tech/crawler)"
62.210.188.222 - - [01/Aug/2021:13:49:52 +0000] "GET /about-destination.php?id=13 HTTP/1.1" 200 72673 "-" "Mozilla/5.0 (compatible; Barkrowler/0.9; +https://babbar.tech/crawler)"
62.210.188.222 - - [01/Aug/2021:13:50:07 +0000] "GET /about-destination.php?id=29 HTTP/1.1" 200 72673 "-" "Mozilla/5.0 (compatible; Barkrowler/0.9; +https://babbar.tech/crawler)"
62.210.188.222 - - [01/Aug/2021:13:50:18 +0000] "GET /about-destination.php?id=27 HTTP/1.1" 200 72673 "-" "Mozilla/5.0 (compatible; Barkrowler/0.9; +https://babbar.tech/crawler)"
62.210.188.222 - - [01/Aug/2021:13:50:31 +0000] "GET /about-destination.php?id=2 HTTP/1.1" 200 72673 "-" "Mozilla/5.0 (compatible; Barkrowler/0.9; +https://babbar.tech/crawler)"
62.210.188.222 - - [01/Aug/2021:13:50:41 +0000] "GET /about-destination.php?id=1 HTTP/1.1" 200 72673 "-" "Mozilla/5.0 (compatible; Barkrowler/0.9; +https://babbar.tech/crawler)"
62.210.188.222 - - [01/Aug/2021:13:50:55 +0000] "GET /about-destination.php?id=9 HTTP/1.1" 200 72673 "-" "Mozilla/5.0 (compatible; Barkrowler/0.9; +https://babbar.tech/crawler)"
62.210.188.222 - - [01/Aug/2021:13:51:05 +0000] "GET /international-packages.php HTTP/1.1" 200 77855 "-" "Mozilla/5.0 (compatible; Barkrowler/0.9; +https://babbar.tech/crawler)"
62.210.188.222 - - [01/Aug/2021:13:51:17 +0000] "GET /domestic-packages.php HTTP/1.1" 200 89389 "-" "Mozilla/5.0 (compatible; Barkrowler/0.9; +https://babbar.tech/crawler)"
62.210.188.222 - - [01/Aug/2021:13:51:28 +0000] "GET /wildlife-tour-of-india.html HTTP/1.1" 200 103332 "-" "Mozilla/5.0 (compatible; Barkrowler/0.9; +https://babbar.tech/crawler)"
62.210.188.222 - - [01/Aug/2021:13:51:40 +0000] "GET /golden-triangle-tour.html HTTP/1.1" 200 100788 "-" "Mozilla/5.0 (compatible; Barkrowler/0.9; +https://babbar.tech/crawler)"
62.210.188.222 - - [01/Aug/2021:13:51:51 +0000] "GET /golden-temple-tour.html HTTP/1.1" 200 100353 "-" "Mozilla/5.0 (compatible; Barkrowler/0.9; +https://babbar.tech/crawler)"
62.210.188.222 - - [01/Aug/2021:13:52:02 +0000] "GET /wild-adventure-tour.html HTTP/1.1" 200 101041 "-" "Mozilla/5.0 (compatible; Barkrowler/0.9; +https://babbar.tech/crawler)"
62.210.188.222 - - [01/Aug/2021:13:52:17 +0000] "GET /why-we-are-imp.php HTTP/1.1" 200 74662 "-" "Mozilla/5.0 (compatible; Barkrowler/0.9; +https://babbar.tech/crawler)"
62.210.188.222 - - [01/Aug/2021:13:52:32 +0000] "GET /goa-beach-tour.html HTTP/1.1" 200 99927 "-" "Mozilla/5.0 (compatible; Barkrowler/0.9; +https://babbar.tech/crawler)"
62.210.188.222 - - [01/Aug/2021:13:52:43 +0000] "GET /desert-triangle-tour.html HTTP/1.1" 200 98590 "-" "Mozilla/5.0 (compatible; Barkrowler/0.9; +https://babbar.tech/crawler)"
62.210.188.222 - - [01/Aug/2021:13:52:57 +0000] "GET /desert-tour-package.html HTTP/1.1" 200 100008 "-" "Mozilla/5.0 (compatible; Barkrowler/0.9; +https://babbar.tech/crawler)"
62.210.188.222 - - [01/Aug/2021:13:53:09 +0000] "GET /dubai-arabian-nights.html HTTP/1.1" 200 94615 "-" "Mozilla/5.0 (compatible; Barkrowler/0.9; +https://babbar.tech/crawler)"
62.210.188.222 - - [01/Aug/2021:13:53:22 +0000] "GET /lansdowne-tour.html HTTP/1.1" 200 95698 "-" "Mozilla/5.0 (compatible; Barkrowler/0.9; +https://babbar.tech/crawler)"
62.210.188.222 - - [01/Aug/2021:13:53:34 +0000] "GET /kerala-weekend-tour.html HTTP/1.1" 200 98669 "-" "Mozilla/5.0 (compatible; Barkrowler/0.9; +https://babbar.tech/crawler)"
114.119.137.200 - - [01/Aug/2021:13:55:38 +0000] "GET /golden-triangle-with-corbett-park.html HTTP/1.1" 200 105178 "-" "Mozilla/5.0 (Linux; Android 7.0;) AppleWebKit/537.36 (KHTML, like Gecko) Mobile Safari/537.36 (compatible; PetalBot;+https://webmaster.petalsearch.com/site/petalbot)"
193.169.254.217 - - [01/Aug/2021:13:56:07 +0000] "GET /sites/default/modules/civicrm/packages/OpenFlashChart/php-ofc-library/ofc_upload_image.php HTTP/1.1" 301 333 "http://indiaexclusivetours.com/sites/default/modules/civicrm/packages/OpenFlashChart/php-ofc-library/ofc_upload_image.php" "Mozilla/5.0 (Windows NT 6.1; WOW64) AppleWebKit/537.36 (KHTML, like Gecko) Chrome/42.0.2311.152 Safari/537.36"
