114.119.138.140 - - [30/Jul/2021:23:50:03 +0000] "GET /badrinath-yatra-package.html HTTP/1.1" 404 226 "-" "Mozilla/5.0 (Linux; Android 7.0;) AppleWebKit/537.36 (KHTML, like Gecko) Mobile Safari/537.36 (compatible; PetalBot;+https://webmaster.petalsearch.com/site/petalbot)"
114.119.145.134 - - [30/Jul/2021:23:52:53 +0000] "GET /manali-volvo-bus-tour-package.html HTTP/1.1" 404 232 "-" "Mozilla/5.0 (Linux; Android 7.0;) AppleWebKit/537.36 (KHTML, like Gecko) Mobile Safari/537.36 (compatible; PetalBot;+https://webmaster.petalsearch.com/site/petalbot)"
114.119.137.200 - - [31/Jul/2021:00:01:09 +0000] "GET /honeymoon-with-jaipur-jodhpur.html HTTP/1.1" 404 232 "-" "Mozilla/5.0 (Linux; Android 7.0;) AppleWebKit/537.36 (KHTML, like Gecko) Mobile Safari/537.36 (compatible; PetalBot;+https://webmaster.petalsearch.com/site/petalbot)"
66.249.66.198 - - [31/Jul/2021:00:02:07 +0000] "GET /lansdowne-tour-package.html HTTP/1.1" 404 225 "-" "Mozilla/5.0 (Linux; Android 6.0.1; Nexus 5X Build/MMB29P) AppleWebKit/537.36 (KHTML, like Gecko) Chrome/91.0.4472.90 Mobile Safari/537.36 (compatible; Googlebot/2.1; +http://www.google.com/bot.html)"
114.119.147.203 - - [31/Jul/2021:00:03:49 +0000] "GET /hotels-in-india/car-rentals.php HTTP/1.1" 404 229 "-" "Mozilla/5.0 (Linux; Android 7.0;) AppleWebKit/537.36 (KHTML, like Gecko) Mobile Safari/537.36 (compatible; PetalBot;+https://webmaster.petalsearch.com/site/petalbot)"
114.119.150.92 - - [31/Jul/2021:00:06:36 +0000] "GET /about-destination.php?id=2 HTTP/1.1" 404 219 "-" "Mozilla/5.0 (Linux; Android 7.0;) AppleWebKit/537.36 (KHTML, like Gecko) Mobile Safari/537.36 (compatible; PetalBot;+https://webmaster.petalsearch.com/site/petalbot)"
77.75.79.17 - - [31/Jul/2021:00:06:41 +0000] "GET /robots.txt HTTP/1.1" 404 208 "-" "Mozilla/5.0 (compatible; SeznamBot/3.2; +http://napoveda.seznam.cz/en/seznambot-intro/)"
77.75.79.17 - - [31/Jul/2021:00:06:44 +0000] "GET /destinations-in-india/india-trekking-tours.html HTTP/1.1" 404 245 "-" "Mozilla/5.0 (compatible; SeznamBot/3.2; +http://napoveda.seznam.cz/en/seznambot-intro/)"
114.119.134.1 - - [31/Jul/2021:00:12:20 +0000] "GET /hotels-in-india/hotel-destinations.php HTTP/1.1" 404 236 "-" "Mozilla/5.0 (Linux; Android 7.0;) AppleWebKit/537.36 (KHTML, like Gecko) Mobile Safari/537.36 (compatible; PetalBot;+https://webmaster.petalsearch.com/site/petalbot)"
114.119.137.200 - - [31/Jul/2021:00:15:12 +0000] "GET /beach-houseboat-hills-tour.html HTTP/1.1" 404 229 "-" "Mozilla/5.0 (Linux; Android 7.0;) AppleWebKit/537.36 (KHTML, like Gecko) Mobile Safari/537.36 (compatible; PetalBot;+https://webmaster.petalsearch.com/site/petalbot)"
114.119.142.27 - - [31/Jul/2021:00:24:18 +0000] "GET /wp-content/cache/wpfc-minified/6/1473342606index.css HTTP/1.1" 404 250 "-" "Mozilla/5.0 (Linux; Android 7.0;) AppleWebKit/537.36 (KHTML, like Gecko) Mobile Safari/537.36 (compatible; PetalBot;+https://webmaster.petalsearch.com/site/petalbot)"
114.119.156.46 - - [31/Jul/2021:00:27:10 +0000] "GET /valley-of-flowers-tour.html HTTP/1.1" 404 225 "-" "Mozilla/5.0 (Linux; Android 7.0;) AppleWebKit/537.36 (KHTML, like Gecko) Mobile Safari/537.36 (compatible; PetalBot;+https://webmaster.petalsearch.com/site/petalbot)"
114.119.134.1 - - [31/Jul/2021:00:35:58 +0000] "GET /destinations-in-india/index.php HTTP/1.1" 404 229 "-" "Mozilla/5.0 (Linux; Android 7.0;) AppleWebKit/537.36 (KHTML, like Gecko) Mobile Safari/537.36 (compatible; PetalBot;+https://webmaster.petalsearch.com/site/petalbot)"
114.119.156.46 - - [31/Jul/2021:00:38:50 +0000] "GET /destination/lansdown-tourism.html HTTP/1.1" 404 231 "-" "Mozilla/5.0 (Linux; Android 7.0;) AppleWebKit/537.36 (KHTML, like Gecko) Mobile Safari/537.36 (compatible; PetalBot;+https://webmaster.petalsearch.com/site/petalbot)"
114.119.159.33 - - [31/Jul/2021:00:41:44 +0000] "GET /mussoorie-tour-package.html HTTP/1.1" 404 225 "-" "Mozilla/5.0 (Linux; Android 7.0;) AppleWebKit/537.36 (KHTML, like Gecko) Mobile Safari/537.36 (compatible; PetalBot;+https://webmaster.petalsearch.com/site/petalbot)"
114.119.150.92 - - [31/Jul/2021:00:44:40 +0000] "GET /north-india-bird-watching-tour.html HTTP/1.1" 404 233 "-" "Mozilla/5.0 (Linux; Android 7.0;) AppleWebKit/537.36 (KHTML, like Gecko) Mobile Safari/537.36 (compatible; PetalBot;+https://webmaster.petalsearch.com/site/petalbot)"
216.244.66.234 - - [31/Jul/2021:00:45:44 +0000] "GET /robots.txt HTTP/1.1" 404 208 "-" "Mozilla/5.0 (compatible; DotBot/1.2; +https://opensiteexplorer.org/dotbot; help@moz.com)"
114.119.134.1 - - [31/Jul/2021:00:47:27 +0000] "GET /india-tour-packages/wp-content/uploads/domestic-tour-banner.jpg HTTP/1.1" 404 261 "-" "Mozilla/5.0 (Linux; Android 7.0;) AppleWebKit/537.36 (KHTML, like Gecko) Mobile Safari/537.36 (compatible; PetalBot;+https://webmaster.petalsearch.com/site/petalbot)"
114.119.145.134 - - [31/Jul/2021:00:50:16 +0000] "GET /kerala-backwater-tour.html HTTP/1.1" 404 224 "-" "Mozilla/5.0 (Linux; Android 7.0;) AppleWebKit/537.36 (KHTML, like Gecko) Mobile Safari/537.36 (compatible; PetalBot;+https://webmaster.petalsearch.com/site/petalbot)"
66.249.66.204 - - [31/Jul/2021:00:56:09 +0000] "GET /destination/pushkar.html HTTP/1.1" 404 222 "-" "Mozilla/5.0 (compatible; Googlebot/2.1; +http://www.google.com/bot.html)"
114.119.134.1 - - [31/Jul/2021:00:58:08 +0000] "GET /dehradun-mussoorie-tour-package.html HTTP/1.1" 404 234 "-" "Mozilla/5.0 (Linux; Android 7.0;) AppleWebKit/537.36 (KHTML, like Gecko) Mobile Safari/537.36 (compatible; PetalBot;+https://webmaster.petalsearch.com/site/petalbot)"
54.36.148.98 - - [31/Jul/2021:01:00:35 +0000] "GET /robots.txt HTTP/1.1" 404 208 "-" "Mozilla/5.0 (compatible; AhrefsBot/7.0; +http://ahrefs.com/robot/)"
54.36.148.48 - - [31/Jul/2021:01:00:36 +0000] "GET / HTTP/1.1" 403 209 "-" "Mozilla/5.0 (compatible; AhrefsBot/7.0; +http://ahrefs.com/robot/)"
216.244.66.234 - - [31/Jul/2021:01:05:21 +0000] "GET /galleryimg/1864157gulmarg.gif HTTP/1.1" 404 227 "-" "Mozilla/5.0 (compatible; DotBot/1.2; +https://opensiteexplorer.org/dotbot; help@moz.com)"
17.121.115.190 - - [31/Jul/2021:01:07:19 +0000] "GET /destination/udaipur.html HTTP/1.1" 404 222 "-" "Mozilla/5.0 (Macintosh; Intel Mac OS X 10_15_5) AppleWebKit/605.1.15 (KHTML, like Gecko) Version/13.1.1 Safari/605.1.15 (Applebot/0.1; +http://www.apple.com/go/applebot)"
114.119.137.200 - - [31/Jul/2021:01:07:26 +0000] "GET /valley-of-flowers-with-hemkund-sahib-trek.html HTTP/1.1" 404 244 "-" "Mozilla/5.0 (Linux; Android 7.0;) AppleWebKit/537.36 (KHTML, like Gecko) Mobile Safari/537.36 (compatible; PetalBot;+https://webmaster.petalsearch.com/site/petalbot)"
40.77.167.43 - - [31/Jul/2021:01:14:23 +0000] "GET /galleryimg/646878Taj%20Mahal%20india.jpg HTTP/1.1" 404 234 "-" "Mozilla/5.0 (compatible; bingbot/2.0; +http://www.bing.com/bingbot.htm)"
114.119.156.46 - - [31/Jul/2021:01:14:44 +0000] "GET /india-tour-packages/honeymoon-tour-package.html HTTP/1.1" 404 245 "-" "Mozilla/5.0 (Linux; Android 7.0;) AppleWebKit/537.36 (KHTML, like Gecko) Mobile Safari/537.36 (compatible; PetalBot;+https://webmaster.petalsearch.com/site/petalbot)"
114.119.156.46 - - [31/Jul/2021:01:17:50 +0000] "GET /destination/alappuzha.html HTTP/1.1" 404 224 "-" "Mozilla/5.0 (Linux; Android 7.0;) AppleWebKit/537.36 (KHTML, like Gecko) Mobile Safari/537.36 (compatible; PetalBot;+https://webmaster.petalsearch.com/site/petalbot)"
3.235.185.78 - - [31/Jul/2021:01:18:38 +0000] "GET /robots.txt HTTP/1.1" 404 208 "-" "CCBot/2.0 (https://commoncrawl.org/faq/)"
3.235.185.78 - - [31/Jul/2021:01:18:38 +0000] "GET /ooty-honeymoon-tour-package.html HTTP/1.1" 404 230 "-" "CCBot/2.0 (https://commoncrawl.org/faq/)"
3.235.185.78 - - [31/Jul/2021:01:20:47 +0000] "GET /weekend-packages.php HTTP/1.1" 404 218 "-" "CCBot/2.0 (https://commoncrawl.org/faq/)"
114.119.159.33 - - [31/Jul/2021:01:20:48 +0000] "GET /destinations-in-india/hotel-destinations.php HTTP/1.1" 404 242 "-" "Mozilla/5.0 (Linux; Android 7.0;) AppleWebKit/537.36 (KHTML, like Gecko) Mobile Safari/537.36 (compatible; PetalBot;+https://webmaster.petalsearch.com/site/petalbot)"
3.235.185.78 - - [31/Jul/2021:01:22:24 +0000] "GET /destinations-in-india/north-east.html HTTP/1.1" 404 235 "-" "CCBot/2.0 (https://commoncrawl.org/faq/)"
77.75.79.62 - - [31/Jul/2021:01:23:37 +0000] "GET /robots.txt HTTP/1.1" 404 208 "-" "Mozilla/5.0 (compatible; SeznamBot/3.2; +http://napoveda.seznam.cz/en/seznambot-intro/)"
77.75.79.62 - - [31/Jul/2021:01:23:39 +0000] "GET /nainital-kausani-honeymoon-tour.html HTTP/1.1" 404 234 "-" "Mozilla/5.0 (compatible; SeznamBot/3.2; +http://napoveda.seznam.cz/en/seznambot-intro/)"
3.235.185.78 - - [31/Jul/2021:01:23:41 +0000] "GET /golden-triangle-tour-with-kashmir-srinagar.html HTTP/1.1" 404 245 "-" "CCBot/2.0 (https://commoncrawl.org/faq/)"
114.119.138.140 - - [31/Jul/2021:01:24:26 +0000] "GET /golden-triangle-tour-with-kashmir-srinagar.html HTTP/1.1" 404 245 "-" "Mozilla/5.0 (Linux; Android 7.0;) AppleWebKit/537.36 (KHTML, like Gecko) Mobile Safari/537.36 (compatible; PetalBot;+https://webmaster.petalsearch.com/site/petalbot)"
3.235.185.78 - - [31/Jul/2021:01:24:45 +0000] "GET /golden-triangle-tour-with-pushkar.html HTTP/1.1" 404 236 "-" "CCBot/2.0 (https://commoncrawl.org/faq/)"
66.249.66.211 - - [31/Jul/2021:01:25:44 +0000] "GET /destinations-in-india/india-beaches-tour.html HTTP/1.1" 404 243 "-" "Mozilla/5.0 (compatible; Googlebot/2.1; +http://www.google.com/bot.html)"
3.235.185.78 - - [31/Jul/2021:01:25:59 +0000] "GET /india-tour-packages/kerala.html HTTP/1.1" 404 229 "-" "CCBot/2.0 (https://commoncrawl.org/faq/)"
114.119.159.33 - - [31/Jul/2021:01:27:22 +0000] "GET /destination/dharamshala.html HTTP/1.1" 404 226 "-" "Mozilla/5.0 (Linux; Android 7.0;) AppleWebKit/537.36 (KHTML, like Gecko) Mobile Safari/537.36 (compatible; PetalBot;+https://webmaster.petalsearch.com/site/petalbot)"
18.206.76.226 - - [31/Jul/2021:01:28:34 +0000] "GET /robots.txt HTTP/1.1" 404 208 "-" "CCBot/2.0 (https://commoncrawl.org/faq/)"
18.206.76.226 - - [31/Jul/2021:01:28:34 +0000] "GET /ooty-honeymoon-tour-package.html HTTP/1.1" 404 230 "-" "CCBot/2.0 (https://commoncrawl.org/faq/)"
18.206.76.226 - - [31/Jul/2021:01:30:28 +0000] "GET /weekend-packages.php HTTP/1.1" 404 218 "-" "CCBot/2.0 (https://commoncrawl.org/faq/)"
18.206.76.226 - - [31/Jul/2021:01:31:47 +0000] "GET /destinations-in-india/north-east.html HTTP/1.1" 404 235 "-" "CCBot/2.0 (https://commoncrawl.org/faq/)"
18.206.76.226 - - [31/Jul/2021:01:32:46 +0000] "GET /golden-triangle-tour-with-kashmir-srinagar.html HTTP/1.1" 404 245 "-" "CCBot/2.0 (https://commoncrawl.org/faq/)"
18.206.76.226 - - [31/Jul/2021:01:33:52 +0000] "GET /golden-triangle-tour-with-pushkar.html HTTP/1.1" 404 236 "-" "CCBot/2.0 (https://commoncrawl.org/faq/)"
18.206.76.226 - - [31/Jul/2021:01:34:46 +0000] "GET /india-tour-packages/kerala.html HTTP/1.1" 404 229 "-" "CCBot/2.0 (https://commoncrawl.org/faq/)"
114.119.137.200 - - [31/Jul/2021:01:35:40 +0000] "GET /jagannath-puri-tour-package.html HTTP/1.1" 404 230 "-" "Mozilla/5.0 (Linux; Android 7.0;) AppleWebKit/537.36 (KHTML, like Gecko) Mobile Safari/537.36 (compatible; PetalBot;+https://webmaster.petalsearch.com/site/petalbot)"
18.206.76.226 - - [31/Jul/2021:01:35:51 +0000] "GET /manali-parwanoo-honeymoon-tour.html HTTP/1.1" 404 233 "-" "CCBot/2.0 (https://commoncrawl.org/faq/)"
18.206.76.226 - - [31/Jul/2021:01:36:55 +0000] "GET /chopta-trekking-tour.html HTTP/1.1" 404 223 "-" "CCBot/2.0 (https://commoncrawl.org/faq/)"
18.206.76.226 - - [31/Jul/2021:01:38:08 +0000] "GET /pagecontents.php?url=Travel-Guide HTTP/1.1" 404 214 "-" "CCBot/2.0 (https://commoncrawl.org/faq/)"
18.206.76.226 - - [31/Jul/2021:01:39:09 +0000] "GET /pagecontents.php?url=Online-Pyament HTTP/1.1" 404 214 "-" "CCBot/2.0 (https://commoncrawl.org/faq/)"
114.119.137.200 - - [31/Jul/2021:01:40:17 +0000] "GET /index.php HTTP/1.1" 404 207 "-" "Mozilla/5.0 (Linux; Android 7.0;) AppleWebKit/537.36 (KHTML, like Gecko) Mobile Safari/537.36 (compatible; PetalBot;+https://webmaster.petalsearch.com/site/petalbot)"
18.206.76.226 - - [31/Jul/2021:01:40:19 +0000] "GET /car-details.php?id=2 HTTP/1.1" 404 213 "-" "CCBot/2.0 (https://commoncrawl.org/faq/)"
18.206.76.226 - - [31/Jul/2021:01:41:16 +0000] "GET /kedanath-badrinath-yatra-package.html HTTP/1.1" 404 235 "-" "CCBot/2.0 (https://commoncrawl.org/faq/)"
18.206.76.226 - - [31/Jul/2021:01:42:21 +0000] "GET /car-details.php?id=3 HTTP/1.1" 404 213 "-" "CCBot/2.0 (https://commoncrawl.org/faq/)"
113.31.103.168 - - [31/Jul/2021:01:42:40 +0000] "GET /galleryimg/6177143dhanaulti.jpg HTTP/1.1" 404 229 "-" "Mozilla/5.0 (Macintosh; Intel Mac OS X 10_12_6) AppleWebKit/537.36 (KHTML, like Gecko) Chrome/59.0.3071.115 Safari/537.36"
18.206.76.226 - - [31/Jul/2021:01:43:18 +0000] "GET /car-details.php?id=4 HTTP/1.1" 404 213 "-" "CCBot/2.0 (https://commoncrawl.org/faq/)"
18.206.76.226 - - [31/Jul/2021:01:44:22 +0000] "GET /kashmir-leh-tour-package.html HTTP/1.1" 404 227 "-" "CCBot/2.0 (https://commoncrawl.org/faq/)"
18.206.76.226 - - [31/Jul/2021:01:45:15 +0000] "GET /pagecontents.php?url=Holidays HTTP/1.1" 404 214 "-" "CCBot/2.0 (https://commoncrawl.org/faq/)"
18.206.76.226 - - [31/Jul/2021:01:46:17 +0000] "GET /golden-triangle-tour-package.html HTTP/1.1" 404 231 "-" "CCBot/2.0 (https://commoncrawl.org/faq/)"
18.206.76.226 - - [31/Jul/2021:01:49:13 +0000] "GET /pagecontents.php?url=Terms-and-Conditions HTTP/1.1" 404 214 "-" "CCBot/2.0 (https://commoncrawl.org/faq/)"
18.206.76.226 - - [31/Jul/2021:01:50:17 +0000] "GET /golden-temple-tour.html HTTP/1.1" 404 221 "-" "CCBot/2.0 (https://commoncrawl.org/faq/)"
18.206.76.226 - - [31/Jul/2021:01:51:12 +0000] "GET /india-tour-packages/dubai.html HTTP/1.1" 404 228 "-" "CCBot/2.0 (https://commoncrawl.org/faq/)"
18.206.76.226 - - [31/Jul/2021:01:52:13 +0000] "GET /vaishno-devi-tour-package.html HTTP/1.1" 404 228 "-" "CCBot/2.0 (https://commoncrawl.org/faq/)"
18.206.76.226 - - [31/Jul/2021:01:54:07 +0000] "GET /destinations-in-india/andman.html HTTP/1.1" 404 231 "-" "CCBot/2.0 (https://commoncrawl.org/faq/)"
18.206.76.226 - - [31/Jul/2021:01:55:02 +0000] "GET /hotel/marina-hotel-.html HTTP/1.1" 404 222 "-" "CCBot/2.0 (https://commoncrawl.org/faq/)"
18.206.76.226 - - [31/Jul/2021:01:56:05 +0000] "GET /pagecontents.php?url=Mode-of-Payment HTTP/1.1" 404 214 "-" "CCBot/2.0 (https://commoncrawl.org/faq/)"
18.206.76.226 - - [31/Jul/2021:01:56:59 +0000] "GET /about-us.php HTTP/1.1" 404 210 "-" "CCBot/2.0 (https://commoncrawl.org/faq/)"
18.206.76.226 - - [31/Jul/2021:01:58:02 +0000] "GET /testimonials.php HTTP/1.1" 404 214 "-" "CCBot/2.0 (https://commoncrawl.org/faq/)"
114.119.158.181 - - [31/Jul/2021:01:58:05 +0000] "GET /destinations-in-india/india-beaches-tour.html HTTP/1.1" 404 243 "-" "Mozilla/5.0 (Linux; Android 7.0;) AppleWebKit/537.36 (KHTML, like Gecko) Mobile Safari/537.36 (compatible; PetalBot;+https://webmaster.petalsearch.com/site/petalbot)"
18.206.76.226 - - [31/Jul/2021:01:58:57 +0000] "GET /golden-triangle-with-khajuraho.html HTTP/1.1" 404 233 "-" "CCBot/2.0 (https://commoncrawl.org/faq/)"
18.206.76.226 - - [31/Jul/2021:02:00:00 +0000] "GET /india-tour-packages/india-beaches-tour.html HTTP/1.1" 404 241 "-" "CCBot/2.0 (https://commoncrawl.org/faq/)"
18.206.76.226 - - [31/Jul/2021:02:02:58 +0000] "GET /destinations-in-india/leh-ladakh.html HTTP/1.1" 404 235 "-" "CCBot/2.0 (https://commoncrawl.org/faq/)"
18.206.76.226 - - [31/Jul/2021:02:04:01 +0000] "GET /tirupati-darshan-tour.html HTTP/1.1" 404 224 "-" "CCBot/2.0 (https://commoncrawl.org/faq/)"
40.77.167.26 - - [31/Jul/2021:02:05:10 +0000] "GET /galleryimg/2626050har-ki-pauri.jpg HTTP/1.1" 404 232 "-" "Mozilla/5.0 (compatible; bingbot/2.0; +http://www.bing.com/bingbot.htm)"
18.206.76.226 - - [31/Jul/2021:02:06:00 +0000] "GET /hotel/hotel-honeymoon-inn.html HTTP/1.1" 404 228 "-" "CCBot/2.0 (https://commoncrawl.org/faq/)"
18.206.76.226 - - [31/Jul/2021:02:06:54 +0000] "GET /india-tour-packages/weekend-tour-package.html HTTP/1.1" 404 243 "-" "CCBot/2.0 (https://commoncrawl.org/faq/)"
18.206.76.226 - - [31/Jul/2021:02:07:57 +0000] "GET /golden-triangle-india-tour.html HTTP/1.1" 404 229 "-" "CCBot/2.0 (https://commoncrawl.org/faq/)"
192.160.102.170 - - [31/Jul/2021:02:08:33 +0000] "GET /thank-you.php HTTP/1.0" 404 211 "https://www.indiaexclusivetours.com/thank-you.php" "Mozilla/5.0 (Windows NT 6.3; Win64; x64) AppleWebKit/537.36 (KHTML, like Gecko) Chrome/90.0.4430.72 Safari/537.36 Edg/90.0.818.42"
185.220.101.218 - - [31/Jul/2021:02:08:36 +0000] "GET / HTTP/1.0" 403 209 "https://www.indiaexclusivetours.com/" "Mozilla/5.0 (Windows NT 6.3; Win64; x64) AppleWebKit/537.36 (KHTML, like Gecko) Chrome/90.0.4430.72 Safari/537.36 Edg/90.0.818.42"
185.220.101.218 - - [31/Jul/2021:02:08:38 +0000] "GET / HTTP/1.0" 403 209 "https://www.indiaexclusivetours.com/" "Mozilla/5.0 (Windows NT 6.3; Win64; x64) AppleWebKit/537.36 (KHTML, like Gecko) Chrome/90.0.4430.72 Safari/537.36 Edg/90.0.818.42"
18.206.76.226 - - [31/Jul/2021:02:08:50 +0000] "GET /india-buddhist-pilgrimage-tours.html HTTP/1.1" 404 234 "-" "CCBot/2.0 (https://commoncrawl.org/faq/)"
18.206.76.226 - - [31/Jul/2021:02:09:49 +0000] "GET /india-tour-packages/india-trekking-tours.html HTTP/1.1" 404 243 "-" "CCBot/2.0 (https://commoncrawl.org/faq/)"
18.206.76.226 - - [31/Jul/2021:02:14:35 +0000] "GET /destination/pushkar.html HTTP/1.1" 404 222 "-" "CCBot/2.0 (https://commoncrawl.org/faq/)"
18.206.76.226 - - [31/Jul/2021:02:15:32 +0000] "GET /golden-triangle-tour.html HTTP/1.1" 404 223 "-" "CCBot/2.0 (https://commoncrawl.org/faq/)"
18.206.76.226 - - [31/Jul/2021:02:16:26 +0000] "GET /chardham-yatra-package.html HTTP/1.1" 404 225 "-" "CCBot/2.0 (https://commoncrawl.org/faq/)"
18.206.76.226 - - [31/Jul/2021:02:17:26 +0000] "GET /mussoorie-tour-package.html HTTP/1.1" 404 225 "-" "CCBot/2.0 (https://commoncrawl.org/faq/)"
18.206.76.226 - - [31/Jul/2021:02:20:19 +0000] "GET /india-tour-packages/adventure-tour-package.html HTTP/1.1" 404 245 "-" "CCBot/2.0 (https://commoncrawl.org/faq/)"
18.206.76.226 - - [31/Jul/2021:02:21:18 +0000] "GET /contact-us.php HTTP/1.1" 404 212 "-" "CCBot/2.0 (https://commoncrawl.org/faq/)"
66.249.66.204 - - [31/Jul/2021:02:23:56 +0000] "GET /lansdowne-tour-package.html HTTP/1.1" 404 225 "-" "Mozilla/5.0 (compatible; Googlebot/2.1; +http://www.google.com/bot.html)"
18.206.76.226 - - [31/Jul/2021:02:24:02 +0000] "GET /kashmir-paorama-tour.html HTTP/1.1" 404 223 "-" "CCBot/2.0 (https://commoncrawl.org/faq/)"
18.206.76.226 - - [31/Jul/2021:02:25:53 +0000] "GET /udaipur-mount-abu-honeymoon-tour-package.html HTTP/1.1" 404 243 "-" "CCBot/2.0 (https://commoncrawl.org/faq/)"
18.206.76.226 - - [31/Jul/2021:02:27:44 +0000] "GET /destination/jaipur.html HTTP/1.1" 404 221 "-" "CCBot/2.0 (https://commoncrawl.org/faq/)"
18.206.76.226 - - [31/Jul/2021:02:28:35 +0000] "GET /kashmir-honeymoon-tour.html HTTP/1.1" 404 225 "-" "CCBot/2.0 (https://commoncrawl.org/faq/)"
18.206.76.226 - - [31/Jul/2021:02:29:22 +0000] "GET /guwahati-shillong-tour.html HTTP/1.1" 404 225 "-" "CCBot/2.0 (https://commoncrawl.org/faq/)"
18.206.76.226 - - [31/Jul/2021:02:30:56 +0000] "GET /india-tour-packages/honeymoon-tour-package.html HTTP/1.1" 404 245 "-" "CCBot/2.0 (https://commoncrawl.org/faq/)"
77.75.78.166 - - [31/Jul/2021:02:32:51 +0000] "GET /robots.txt HTTP/1.1" 404 208 "-" "Mozilla/5.0 (compatible; SeznamBot/3.2; +http://napoveda.seznam.cz/en/seznambot-intro/)"
77.75.78.166 - - [31/Jul/2021:02:32:53 +0000] "GET /galleryimg/narayan-sarovar-kutch.jpg HTTP/1.1" 404 234 "-" "Mozilla/5.0 (compatible; SeznamBot/3.2; +http://napoveda.seznam.cz/en/seznambot-intro/)"
18.206.76.226 - - [31/Jul/2021:02:33:15 +0000] "GET /hotel/solang-valley-resort-manali.html HTTP/1.1" 404 236 "-" "CCBot/2.0 (https://commoncrawl.org/faq/)"
18.206.76.226 - - [31/Jul/2021:02:38:37 +0000] "GET /india-tour-packages/uttarakhand-tourism.html HTTP/1.1" 404 242 "-" "CCBot/2.0 (https://commoncrawl.org/faq/)"
40.77.167.60 - - [31/Jul/2021:02:39:49 +0000] "GET /robots.txt HTTP/1.1" 404 208 "-" "Mozilla/5.0 (compatible; bingbot/2.0; +http://www.bing.com/bingbot.htm)"
40.77.167.60 - - [31/Jul/2021:02:39:50 +0000] "GET /robots.txt HTTP/1.1" 404 208 "-" "Mozilla/5.0 (compatible; bingbot/2.0; +http://www.bing.com/bingbot.htm)"
40.77.167.43 - - [31/Jul/2021:02:39:52 +0000] "GET /kerala-houseboat-tour-.html HTTP/1.1" 404 225 "-" "Mozilla/5.0 (compatible; bingbot/2.0; +http://www.bing.com/bingbot.htm)"
18.206.76.226 - - [31/Jul/2021:02:40:55 +0000] "GET /destinations-in-india/uttarakhand-tourism.html HTTP/1.1" 404 244 "-" "CCBot/2.0 (https://commoncrawl.org/faq/)"
18.206.76.226 - - [31/Jul/2021:02:47:09 +0000] "GET /golden-triangle-with-varanasi.html HTTP/1.1" 404 232 "-" "CCBot/2.0 (https://commoncrawl.org/faq/)"
18.206.76.226 - - [31/Jul/2021:02:47:54 +0000] "GET /nainital-kausani-honeymoon-tour.html HTTP/1.1" 404 234 "-" "CCBot/2.0 (https://commoncrawl.org/faq/)"
188.170.198.210 - - [31/Jul/2021:02:47:56 +0000] "GET /thank-you.php HTTP/1.0" 404 211 "http://indiaexclusivetours.com/thank-you.php" "Mozilla/5.0 (Windows NT 6.3; Win64; x64) AppleWebKit/537.36 (KHTML, like Gecko) Chrome/83.0.4103.44 Safari/537.36"
185.191.171.38 - - [31/Jul/2021:02:48:02 +0000] "GET /robots.txt HTTP/1.1" 404 208 "-" "Mozilla/5.0 (compatible; SemrushBot/7~bl; +http://www.semrush.com/bot.html)"
185.191.171.33 - - [31/Jul/2021:02:48:03 +0000] "GET / HTTP/1.1" 403 209 "-" "Mozilla/5.0 (compatible; SemrushBot/7~bl; +http://www.semrush.com/bot.html)"
18.206.76.226 - - [31/Jul/2021:02:48:44 +0000] "GET /india-tour-packages/north-east.html HTTP/1.1" 404 233 "-" "CCBot/2.0 (https://commoncrawl.org/faq/)"
18.206.76.226 - - [31/Jul/2021:02:49:35 +0000] "GET /golden-triangle-with-wildlife-tour.html HTTP/1.1" 404 237 "-" "CCBot/2.0 (https://commoncrawl.org/faq/)"
18.206.76.226 - - [31/Jul/2021:02:50:26 +0000] "GET /kerala-honeymoon-tour.html HTTP/1.1" 404 224 "-" "CCBot/2.0 (https://commoncrawl.org/faq/)"
18.206.76.226 - - [31/Jul/2021:02:52:00 +0000] "GET /destinations-in-india/goa-holidays.html HTTP/1.1" 404 237 "-" "CCBot/2.0 (https://commoncrawl.org/faq/)"
18.206.76.226 - - [31/Jul/2021:02:52:46 +0000] "GET /india-tour-packages/golden-triangle-tours.html HTTP/1.1" 404 244 "-" "CCBot/2.0 (https://commoncrawl.org/faq/)"
18.206.76.226 - - [31/Jul/2021:02:53:31 +0000] "GET /nainital-tour-package.html HTTP/1.1" 404 224 "-" "CCBot/2.0 (https://commoncrawl.org/faq/)"
66.249.66.207 - - [31/Jul/2021:02:54:06 +0000] "GET /destinations-in-india/india-beaches-tour.html HTTP/1.1" 404 243 "-" "Mozilla/5.0 (Linux; Android 6.0.1; Nexus 5X Build/MMB29P) AppleWebKit/537.36 (KHTML, like Gecko) Chrome/92.0.4515.119 Mobile Safari/537.36 (compatible; Googlebot/2.1; +http://www.google.com/bot.html)"
18.206.76.226 - - [31/Jul/2021:02:54:19 +0000] "GET /india-tour-packages/bhutan.html HTTP/1.1" 404 229 "-" "CCBot/2.0 (https://commoncrawl.org/faq/)"
18.206.76.226 - - [31/Jul/2021:02:55:04 +0000] "GET /india-tour-packages/singapore.html HTTP/1.1" 404 232 "-" "CCBot/2.0 (https://commoncrawl.org/faq/)"
18.206.76.226 - - [31/Jul/2021:02:55:52 +0000] "GET /-houseboat-with-sonamarg-tour.html HTTP/1.1" 404 232 "-" "CCBot/2.0 (https://commoncrawl.org/faq/)"
18.206.76.226 - - [31/Jul/2021:02:56:38 +0000] "GET /amarnath-yatra-package.html HTTP/1.1" 404 225 "-" "CCBot/2.0 (https://commoncrawl.org/faq/)"
18.206.76.226 - - [31/Jul/2021:02:57:22 +0000] "GET /india-tour-packages/wildlife-tour-package.html HTTP/1.1" 404 244 "-" "CCBot/2.0 (https://commoncrawl.org/faq/)"
18.206.76.226 - - [31/Jul/2021:02:58:05 +0000] "GET /ooty-kodaikanal-munnar-honeymoon-tour-package.html HTTP/1.1" 404 248 "-" "CCBot/2.0 (https://commoncrawl.org/faq/)"
114.119.134.1 - - [31/Jul/2021:02:58:49 +0000] "GET /destination/munnar.html HTTP/1.1" 404 221 "-" "Mozilla/5.0 (Linux; Android 7.0;) AppleWebKit/537.36 (KHTML, like Gecko) Mobile Safari/537.36 (compatible; PetalBot;+https://webmaster.petalsearch.com/site/petalbot)"
18.206.76.226 - - [31/Jul/2021:02:58:50 +0000] "GET /pagecontents.php?url=Hotels HTTP/1.1" 404 214 "-" "CCBot/2.0 (https://commoncrawl.org/faq/)"
18.206.76.226 - - [31/Jul/2021:02:59:36 +0000] "GET /destinations-in-india/kashmir-tourism.html HTTP/1.1" 404 240 "-" "CCBot/2.0 (https://commoncrawl.org/faq/)"
18.206.76.226 - - [31/Jul/2021:03:00:19 +0000] "GET /agra-same-day-tour.html HTTP/1.1" 404 221 "-" "CCBot/2.0 (https://commoncrawl.org/faq/)"
18.206.76.226 - - [31/Jul/2021:03:01:04 +0000] "GET /car-rentals.php HTTP/1.1" 404 213 "-" "CCBot/2.0 (https://commoncrawl.org/faq/)"
18.206.76.226 - - [31/Jul/2021:03:01:47 +0000] "GET /destinations-in-india/gujarat-tourism.html HTTP/1.1" 404 240 "-" "CCBot/2.0 (https://commoncrawl.org/faq/)"
18.206.76.226 - - [31/Jul/2021:03:02:31 +0000] "GET /india-tour-packages/gujarat-tourism.html HTTP/1.1" 404 238 "-" "CCBot/2.0 (https://commoncrawl.org/faq/)"
18.206.76.226 - - [31/Jul/2021:03:03:17 +0000] "GET /jagannath-puri-tour-package.html HTTP/1.1" 404 230 "-" "CCBot/2.0 (https://commoncrawl.org/faq/)"
18.206.76.226 - - [31/Jul/2021:03:04:03 +0000] "GET /pagecontents.php?url=Weekend-Gateway HTTP/1.1" 404 214 "-" "CCBot/2.0 (https://commoncrawl.org/faq/)"
18.206.76.226 - - [31/Jul/2021:03:04:50 +0000] "GET /india-tour-packages/culture-tours-.html HTTP/1.1" 404 237 "-" "CCBot/2.0 (https://commoncrawl.org/faq/)"
18.206.76.226 - - [31/Jul/2021:03:05:39 +0000] "GET /manali-shimla-honeymoon-tour-package.html HTTP/1.1" 404 239 "-" "CCBot/2.0 (https://commoncrawl.org/faq/)"
18.206.76.226 - - [31/Jul/2021:03:06:27 +0000] "GET /haridwar-rishikesh-tour-package.html HTTP/1.1" 404 234 "-" "CCBot/2.0 (https://commoncrawl.org/faq/)"
18.206.76.226 - - [31/Jul/2021:03:08:45 +0000] "GET /amarnath-yatra-package-by-helicopter-3n-4d.html HTTP/1.1" 404 245 "-" "CCBot/2.0 (https://commoncrawl.org/faq/)"
18.206.76.226 - - [31/Jul/2021:03:11:59 +0000] "GET /india-tour-packages/hill-station-tours.html HTTP/1.1" 404 241 "-" "CCBot/2.0 (https://commoncrawl.org/faq/)"
18.206.76.226 - - [31/Jul/2021:03:13:30 +0000] "GET /golden-triangle-with-golden-temple.html HTTP/1.1" 404 237 "-" "CCBot/2.0 (https://commoncrawl.org/faq/)"
66.249.66.204 - - [31/Jul/2021:03:13:55 +0000] "GET /hotel/solang-valley-resort-manali.html HTTP/1.1" 404 236 "-" "Mozilla/5.0 (Linux; Android 6.0.1; Nexus 5X Build/MMB29P) AppleWebKit/537.36 (KHTML, like Gecko) Chrome/92.0.4515.119 Mobile Safari/537.36 (compatible; Googlebot/2.1; +http://www.google.com/bot.html)"
18.206.76.226 - - [31/Jul/2021:03:15:57 +0000] "GET /india-tour-packages/rajasthan.html HTTP/1.1" 404 232 "-" "CCBot/2.0 (https://commoncrawl.org/faq/)"
18.206.76.226 - - [31/Jul/2021:03:19:43 +0000] "GET /hotel-destinations.php HTTP/1.1" 404 220 "-" "CCBot/2.0 (https://commoncrawl.org/faq/)"
18.206.76.226 - - [31/Jul/2021:03:20:31 +0000] "GET /why-we-are-imp.php HTTP/1.1" 404 216 "-" "CCBot/2.0 (https://commoncrawl.org/faq/)"
18.206.76.226 - - [31/Jul/2021:03:22:01 +0000] "GET /agar-mathura-tour.html HTTP/1.1" 404 220 "-" "CCBot/2.0 (https://commoncrawl.org/faq/)"
18.206.76.226 - - [31/Jul/2021:03:26:35 +0000] "GET /destination/jaisalmer.html HTTP/1.1" 404 224 "-" "CCBot/2.0 (https://commoncrawl.org/faq/)"
114.119.137.200 - - [31/Jul/2021:03:29:13 +0000] "GET /destinations-in-india/himachal.html HTTP/1.1" 404 233 "-" "Mozilla/5.0 (Linux; Android 7.0;) AppleWebKit/537.36 (KHTML, like Gecko) Mobile Safari/537.36 (compatible; PetalBot;+https://webmaster.petalsearch.com/site/petalbot)"
66.249.66.198 - - [31/Jul/2021:03:29:23 +0000] "GET /destination/candolim-beach.html HTTP/1.1" 404 229 "-" "Mozilla/5.0 (Linux; Android 6.0.1; Nexus 5X Build/MMB29P) AppleWebKit/537.36 (KHTML, like Gecko) Chrome/91.0.4472.90 Mobile Safari/537.36 (compatible; Googlebot/2.1; +http://www.google.com/bot.html)"
77.75.76.163 - - [31/Jul/2021:03:29:34 +0000] "GET /robots.txt HTTP/1.1" 404 208 "-" "Mozilla/5.0 (compatible; SeznamBot/3.2; +http://napoveda.seznam.cz/en/seznambot-intro/)"
77.75.76.163 - - [31/Jul/2021:03:29:37 +0000] "GET /car-rentals.php HTTP/1.1" 404 213 "-" "Mozilla/5.0 (compatible; SeznamBot/3.2; +http://napoveda.seznam.cz/en/seznambot-intro/)"
18.206.76.226 - - [31/Jul/2021:03:30:57 +0000] "GET /destination/mount-abu.html HTTP/1.1" 404 224 "-" "CCBot/2.0 (https://commoncrawl.org/faq/)"
114.119.134.1 - - [31/Jul/2021:03:32:48 +0000] "GET /hotel/car-rentals.php HTTP/1.1" 404 219 "-" "Mozilla/5.0 (Linux; Android 7.0;) AppleWebKit/537.36 (KHTML, like Gecko) Mobile Safari/537.36 (compatible; PetalBot;+https://webmaster.petalsearch.com/site/petalbot)"
18.206.76.226 - - [31/Jul/2021:03:33:08 +0000] "GET /destinations-in-india/rajasthan.html HTTP/1.1" 404 234 "-" "CCBot/2.0 (https://commoncrawl.org/faq/)"
157.55.39.186 - - [31/Jul/2021:03:33:18 +0000] "GET /galleryimg/9968118pahalgam.gif HTTP/1.1" 404 228 "-" "Mozilla/5.0 (compatible; bingbot/2.0; +http://www.bing.com/bingbot.htm)"
18.206.76.226 - - [31/Jul/2021:03:33:52 +0000] "GET /south-india-pilgrimage-tour.html HTTP/1.1" 404 230 "-" "CCBot/2.0 (https://commoncrawl.org/faq/)"
66.249.66.204 - - [31/Jul/2021:03:34:14 +0000] "GET /destination/sir-hugh-rose-island.html HTTP/1.1" 404 235 "-" "Mozilla/5.0 (Linux; Android 6.0.1; Nexus 5X Build/MMB29P) AppleWebKit/537.36 (KHTML, like Gecko) Chrome/92.0.4515.119 Mobile Safari/537.36 (compatible; Googlebot/2.1; +http://www.google.com/bot.html)"
18.206.76.226 - - [31/Jul/2021:03:34:35 +0000] "GET /golden-triangle.html HTTP/1.1" 404 218 "-" "CCBot/2.0 (https://commoncrawl.org/faq/)"
18.206.76.226 - - [31/Jul/2021:03:35:18 +0000] "GET /golden-triangle-with-haridwar-and-rishikesh.html HTTP/1.1" 404 246 "-" "CCBot/2.0 (https://commoncrawl.org/faq/)"
18.206.76.226 - - [31/Jul/2021:03:36:02 +0000] "GET /hotels-in-india/shimla.html HTTP/1.1" 404 225 "-" "CCBot/2.0 (https://commoncrawl.org/faq/)"
18.206.76.226 - - [31/Jul/2021:03:36:46 +0000] "GET /shimla-manali-tour-package.html HTTP/1.1" 404 229 "-" "CCBot/2.0 (https://commoncrawl.org/faq/)"
157.55.39.152 - - [31/Jul/2021:03:37:15 +0000] "GET /galleryimg/405064KASAULI-2.jpg HTTP/1.1" 404 228 "-" "Mozilla/5.0 (compatible; bingbot/2.0; +http://www.bing.com/bingbot.htm)"
18.206.76.226 - - [31/Jul/2021:03:38:54 +0000] "GET /golden-triangle-with-corbett-park.html HTTP/1.1" 404 236 "-" "CCBot/2.0 (https://commoncrawl.org/faq/)"
18.206.76.226 - - [31/Jul/2021:03:39:35 +0000] "GET /golden-triangle-hill-station-tour.html HTTP/1.1" 404 236 "-" "CCBot/2.0 (https://commoncrawl.org/faq/)"
18.206.76.226 - - [31/Jul/2021:03:42:24 +0000] "GET /india-tour-packages/india-pilgrimage-tour.html HTTP/1.1" 404 244 "-" "CCBot/2.0 (https://commoncrawl.org/faq/)"
18.206.76.226 - - [31/Jul/2021:03:45:13 +0000] "GET /cars.php?id=2 HTTP/1.1" 404 206 "-" "CCBot/2.0 (https://commoncrawl.org/faq/)"
18.206.76.226 - - [31/Jul/2021:03:45:57 +0000] "GET /cars.php?id=1 HTTP/1.1" 404 206 "-" "CCBot/2.0 (https://commoncrawl.org/faq/)"
18.206.76.226 - - [31/Jul/2021:03:46:40 +0000] "GET /badrinath-yatra-package.html HTTP/1.1" 404 226 "-" "CCBot/2.0 (https://commoncrawl.org/faq/)"
18.206.76.226 - - [31/Jul/2021:03:47:23 +0000] "GET /pagecontents.php?url=Travel-Themes HTTP/1.1" 404 214 "-" "CCBot/2.0 (https://commoncrawl.org/faq/)"
114.119.150.92 - - [31/Jul/2021:03:47:56 +0000] "GET /india-tour-packages/kerala.html HTTP/1.1" 404 229 "-" "Mozilla/5.0 (Linux; Android 7.0;) AppleWebKit/537.36 (KHTML, like Gecko) Mobile Safari/537.36 (compatible; PetalBot;+https://webmaster.petalsearch.com/site/petalbot)"
18.206.76.226 - - [31/Jul/2021:03:48:46 +0000] "GET /pagecontents.php?url=Privacy-Policy HTTP/1.1" 404 214 "-" "CCBot/2.0 (https://commoncrawl.org/faq/)"
18.206.76.226 - - [31/Jul/2021:03:49:29 +0000] "GET /destinations-in-india/kerala.html HTTP/1.1" 404 231 "-" "CCBot/2.0 (https://commoncrawl.org/faq/)"
18.206.76.226 - - [31/Jul/2021:03:50:09 +0000] "GET /india-tour-packages/nepal.html HTTP/1.1" 404 228 "-" "CCBot/2.0 (https://commoncrawl.org/faq/)"
18.206.76.226 - - [31/Jul/2021:03:51:34 +0000] "GET /nainital-kausani-ranikhet-tour.html HTTP/1.1" 404 233 "-" "CCBot/2.0 (https://commoncrawl.org/faq/)"
54.36.148.223 - - [31/Jul/2021:03:51:38 +0000] "GET /robots.txt HTTP/1.1" 404 208 "-" "Mozilla/5.0 (compatible; AhrefsBot/7.0; +http://ahrefs.com/robot/)"
54.36.148.48 - - [31/Jul/2021:03:51:38 +0000] "GET / HTTP/1.1" 403 209 "-" "Mozilla/5.0 (compatible; AhrefsBot/7.0; +http://ahrefs.com/robot/)"
185.191.171.24 - - [31/Jul/2021:03:52:13 +0000] "GET /robots.txt HTTP/1.1" 404 208 "-" "Mozilla/5.0 (compatible; SemrushBot/7~bl; +http://www.semrush.com/bot.html)"
185.191.171.5 - - [31/Jul/2021:03:52:14 +0000] "GET /destination/index.php HTTP/1.1" 404 219 "-" "Mozilla/5.0 (compatible; SemrushBot/7~bl; +http://www.semrush.com/bot.html)"
18.206.76.226 - - [31/Jul/2021:03:52:16 +0000] "GET /lansdowne-tour-package.html HTTP/1.1" 404 225 "-" "CCBot/2.0 (https://commoncrawl.org/faq/)"
18.206.76.226 - - [31/Jul/2021:03:52:57 +0000] "GET /destinations-in-india/punjab.html HTTP/1.1" 404 231 "-" "CCBot/2.0 (https://commoncrawl.org/faq/)"
18.206.76.226 - - [31/Jul/2021:03:53:39 +0000] "GET /hotels-in-india/manali.html HTTP/1.1" 404 225 "-" "CCBot/2.0 (https://commoncrawl.org/faq/)"
18.206.76.226 - - [31/Jul/2021:03:54:20 +0000] "GET /destinations-in-india/himachal.html HTTP/1.1" 404 233 "-" "CCBot/2.0 (https://commoncrawl.org/faq/)"
18.206.76.226 - - [31/Jul/2021:03:55:00 +0000] "GET /international-packages.php HTTP/1.1" 404 224 "-" "CCBot/2.0 (https://commoncrawl.org/faq/)"
137.59.243.18 - - [31/Jul/2021:03:57:22 +0000] "GET /galleryimg/agrafort1.jpg HTTP/1.1" 404 222 "https://in.images.search.yahoo.com/search/images;_ylt=AwrwJUjvyARhChUAdMG9HAx.;_ylu=c2VjA3NlYXJjaARzbGsDYnV0dG9u;_ylc=X1MDMjExNDcyMzAwNQRfcgMyBGFjdG4DY2xrBGNzcmNwdmlkAzJfb1d2ekV3TGpJNEpqRVBZUURvZkFUck1UTTNMZ0FBQUFCREIxelQEZnIDbWNhZmVlBGZyMgNzYS1ncARncHJpZANfUzBkcmlCY1FxaUJvV3N4NkN5dXZBBG5fc3VnZwMwBG9yaWdpbgNpbi5pbWFnZXMuc2VhcmNoLnlhaG9vLmNvbQRwb3MDMARwcXN0cgMEcHFzdHJsAwRxc3RybAMzMwRxdWVyeQMlMjBnYXlhdHJpJTIwdGFwYWJob29taSUyMG1hdGh1cmEEdF9zdG1wAzE2Mjc3MDM1NTA-?p=+gayatri+tapabhoomi+mathura&fr=mcafee&fr2=sb-top-in.images.search&ei=UTF-8&x=wrt&type=E211US1289G0" "Mozilla/5.0 (Windows NT 10.0; Win64; x64) AppleWebKit/537.36 (KHTML, like Gecko) Chrome/92.0.4515.107 Safari/537.36"
137.59.243.18 - - [31/Jul/2021:03:57:23 +0000] "GET /galleryimg/agrafort1.jpg HTTP/1.1" 404 222 "https://in.images.search.yahoo.com/search/images;_ylt=AwrwJUjvyARhChUAdMG9HAx.;_ylu=c2VjA3NlYXJjaARzbGsDYnV0dG9u;_ylc=X1MDMjExNDcyMzAwNQRfcgMyBGFjdG4DY2xrBGNzcmNwdmlkAzJfb1d2ekV3TGpJNEpqRVBZUURvZkFUck1UTTNMZ0FBQUFCREIxelQEZnIDbWNhZmVlBGZyMgNzYS1ncARncHJpZANfUzBkcmlCY1FxaUJvV3N4NkN5dXZBBG5fc3VnZwMwBG9yaWdpbgNpbi5pbWFnZXMuc2VhcmNoLnlhaG9vLmNvbQRwb3MDMARwcXN0cgMEcHFzdHJsAwRxc3RybAMzMwRxdWVyeQMlMjBnYXlhdHJpJTIwdGFwYWJob29taSUyMG1hdGh1cmEEdF9zdG1wAzE2Mjc3MDM1NTA-?p=+gayatri+tapabhoomi+mathura&fr=mcafee&fr2=sb-top-in.images.search&ei=UTF-8&x=wrt&type=E211US1289G0" "Mozilla/5.0 (Windows NT 10.0; Win64; x64) AppleWebKit/537.36 (KHTML, like Gecko) Chrome/92.0.4515.107 Safari/537.36"
137.59.243.18 - - [31/Jul/2021:03:57:23 +0000] "GET /galleryimg/agrafort1.jpg HTTP/1.1" 404 222 "https://in.images.search.yahoo.com/search/images;_ylt=AwrwJUjvyARhChUAdMG9HAx.;_ylu=c2VjA3NlYXJjaARzbGsDYnV0dG9u;_ylc=X1MDMjExNDcyMzAwNQRfcgMyBGFjdG4DY2xrBGNzcmNwdmlkAzJfb1d2ekV3TGpJNEpqRVBZUURvZkFUck1UTTNMZ0FBQUFCREIxelQEZnIDbWNhZmVlBGZyMgNzYS1ncARncHJpZANfUzBkcmlCY1FxaUJvV3N4NkN5dXZBBG5fc3VnZwMwBG9yaWdpbgNpbi5pbWFnZXMuc2VhcmNoLnlhaG9vLmNvbQRwb3MDMARwcXN0cgMEcHFzdHJsAwRxc3RybAMzMwRxdWVyeQMlMjBnYXlhdHJpJTIwdGFwYWJob29taSUyMG1hdGh1cmEEdF9zdG1wAzE2Mjc3MDM1NTA-?p=+gayatri+tapabhoomi+mathura&fr=mcafee&fr2=sb-top-in.images.search&ei=UTF-8&x=wrt&type=E211US1289G0" "Mozilla/5.0 (Windows NT 10.0; Win64; x64) AppleWebKit/537.36 (KHTML, like Gecko) Chrome/92.0.4515.107 Safari/537.36"
137.59.243.18 - - [31/Jul/2021:03:57:30 +0000] "GET /galleryimg/agrafort1.jpg HTTP/1.1" 404 222 "https://in.images.search.yahoo.com/search/images;_ylt=AwrwJUjvyARhChUAdMG9HAx.;_ylu=c2VjA3NlYXJjaARzbGsDYnV0dG9u;_ylc=X1MDMjExNDcyMzAwNQRfcgMyBGFjdG4DY2xrBGNzcmNwdmlkAzJfb1d2ekV3TGpJNEpqRVBZUURvZkFUck1UTTNMZ0FBQUFCREIxelQEZnIDbWNhZmVlBGZyMgNzYS1ncARncHJpZANfUzBkcmlCY1FxaUJvV3N4NkN5dXZBBG5fc3VnZwMwBG9yaWdpbgNpbi5pbWFnZXMuc2VhcmNoLnlhaG9vLmNvbQRwb3MDMARwcXN0cgMEcHFzdHJsAwRxc3RybAMzMwRxdWVyeQMlMjBnYXlhdHJpJTIwdGFwYWJob29taSUyMG1hdGh1cmEEdF9zdG1wAzE2Mjc3MDM1NTA-?p=+gayatri+tapabhoomi+mathura&fr=mcafee&fr2=sb-top-in.images.search&ei=UTF-8&x=wrt&type=E211US1289G0" "Mozilla/5.0 (Windows NT 10.0; Win64; x64) AppleWebKit/537.36 (KHTML, like Gecko) Chrome/92.0.4515.107 Safari/537.36"
137.59.243.18 - - [31/Jul/2021:03:57:32 +0000] "GET /galleryimg/agrafort1.jpg HTTP/1.1" 404 222 "https://in.images.search.yahoo.com/search/images;_ylt=AwrwJUjvyARhChUAdMG9HAx.;_ylu=c2VjA3NlYXJjaARzbGsDYnV0dG9u;_ylc=X1MDMjExNDcyMzAwNQRfcgMyBGFjdG4DY2xrBGNzcmNwdmlkAzJfb1d2ekV3TGpJNEpqRVBZUURvZkFUck1UTTNMZ0FBQUFCREIxelQEZnIDbWNhZmVlBGZyMgNzYS1ncARncHJpZANfUzBkcmlCY1FxaUJvV3N4NkN5dXZBBG5fc3VnZwMwBG9yaWdpbgNpbi5pbWFnZXMuc2VhcmNoLnlhaG9vLmNvbQRwb3MDMARwcXN0cgMEcHFzdHJsAwRxc3RybAMzMwRxdWVyeQMlMjBnYXlhdHJpJTIwdGFwYWJob29taSUyMG1hdGh1cmEEdF9zdG1wAzE2Mjc3MDM1NTA-?p=+gayatri+tapabhoomi+mathura&fr=mcafee&fr2=sb-top-in.images.search&ei=UTF-8&x=wrt&type=E211US1289G0" "Mozilla/5.0 (Windows NT 10.0; Win64; x64) AppleWebKit/537.36 (KHTML, like Gecko) Chrome/92.0.4515.107 Safari/537.36"
137.59.243.18 - - [31/Jul/2021:03:57:33 +0000] "GET /galleryimg/agrafort1.jpg HTTP/1.1" 404 222 "https://in.images.search.yahoo.com/search/images;_ylt=AwrwJUjvyARhChUAdMG9HAx.;_ylu=c2VjA3NlYXJjaARzbGsDYnV0dG9u;_ylc=X1MDMjExNDcyMzAwNQRfcgMyBGFjdG4DY2xrBGNzcmNwdmlkAzJfb1d2ekV3TGpJNEpqRVBZUURvZkFUck1UTTNMZ0FBQUFCREIxelQEZnIDbWNhZmVlBGZyMgNzYS1ncARncHJpZANfUzBkcmlCY1FxaUJvV3N4NkN5dXZBBG5fc3VnZwMwBG9yaWdpbgNpbi5pbWFnZXMuc2VhcmNoLnlhaG9vLmNvbQRwb3MDMARwcXN0cgMEcHFzdHJsAwRxc3RybAMzMwRxdWVyeQMlMjBnYXlhdHJpJTIwdGFwYWJob29taSUyMG1hdGh1cmEEdF9zdG1wAzE2Mjc3MDM1NTA-?p=+gayatri+tapabhoomi+mathura&fr=mcafee&fr2=sb-top-in.images.search&ei=UTF-8&x=wrt&type=E211US1289G0" "Mozilla/5.0 (Windows NT 10.0; Win64; x64) AppleWebKit/537.36 (KHTML, like Gecko) Chrome/92.0.4515.107 Safari/537.36"
137.59.243.18 - - [31/Jul/2021:03:57:34 +0000] "GET /galleryimg/agrafort1.jpg HTTP/1.1" 404 222 "https://in.images.search.yahoo.com/search/images;_ylt=AwrwJUjvyARhChUAdMG9HAx.;_ylu=c2VjA3NlYXJjaARzbGsDYnV0dG9u;_ylc=X1MDMjExNDcyMzAwNQRfcgMyBGFjdG4DY2xrBGNzcmNwdmlkAzJfb1d2ekV3TGpJNEpqRVBZUURvZkFUck1UTTNMZ0FBQUFCREIxelQEZnIDbWNhZmVlBGZyMgNzYS1ncARncHJpZANfUzBkcmlCY1FxaUJvV3N4NkN5dXZBBG5fc3VnZwMwBG9yaWdpbgNpbi5pbWFnZXMuc2VhcmNoLnlhaG9vLmNvbQRwb3MDMARwcXN0cgMEcHFzdHJsAwRxc3RybAMzMwRxdWVyeQMlMjBnYXlhdHJpJTIwdGFwYWJob29taSUyMG1hdGh1cmEEdF9zdG1wAzE2Mjc3MDM1NTA-?p=+gayatri+tapabhoomi+mathura&fr=mcafee&fr2=sb-top-in.images.search&ei=UTF-8&x=wrt&type=E211US1289G0" "Mozilla/5.0 (Windows NT 10.0; Win64; x64) AppleWebKit/537.36 (KHTML, like Gecko) Chrome/92.0.4515.107 Safari/537.36"
137.59.243.18 - - [31/Jul/2021:03:57:35 +0000] "GET /galleryimg/agrafort1.jpg HTTP/1.1" 404 222 "https://in.images.search.yahoo.com/search/images;_ylt=AwrwJUjvyARhChUAdMG9HAx.;_ylu=c2VjA3NlYXJjaARzbGsDYnV0dG9u;_ylc=X1MDMjExNDcyMzAwNQRfcgMyBGFjdG4DY2xrBGNzcmNwdmlkAzJfb1d2ekV3TGpJNEpqRVBZUURvZkFUck1UTTNMZ0FBQUFCREIxelQEZnIDbWNhZmVlBGZyMgNzYS1ncARncHJpZANfUzBkcmlCY1FxaUJvV3N4NkN5dXZBBG5fc3VnZwMwBG9yaWdpbgNpbi5pbWFnZXMuc2VhcmNoLnlhaG9vLmNvbQRwb3MDMARwcXN0cgMEcHFzdHJsAwRxc3RybAMzMwRxdWVyeQMlMjBnYXlhdHJpJTIwdGFwYWJob29taSUyMG1hdGh1cmEEdF9zdG1wAzE2Mjc3MDM1NTA-?p=+gayatri+tapabhoomi+mathura&fr=mcafee&fr2=sb-top-in.images.search&ei=UTF-8&x=wrt&type=E211US1289G0" "Mozilla/5.0 (Windows NT 10.0; Win64; x64) AppleWebKit/537.36 (KHTML, like Gecko) Chrome/92.0.4515.107 Safari/537.36"
137.59.243.18 - - [31/Jul/2021:03:57:35 +0000] "GET /galleryimg/agrafort1.jpg HTTP/1.1" 404 222 "https://in.images.search.yahoo.com/search/images;_ylt=AwrwJUjvyARhChUAdMG9HAx.;_ylu=c2VjA3NlYXJjaARzbGsDYnV0dG9u;_ylc=X1MDMjExNDcyMzAwNQRfcgMyBGFjdG4DY2xrBGNzcmNwdmlkAzJfb1d2ekV3TGpJNEpqRVBZUURvZkFUck1UTTNMZ0FBQUFCREIxelQEZnIDbWNhZmVlBGZyMgNzYS1ncARncHJpZANfUzBkcmlCY1FxaUJvV3N4NkN5dXZBBG5fc3VnZwMwBG9yaWdpbgNpbi5pbWFnZXMuc2VhcmNoLnlhaG9vLmNvbQRwb3MDMARwcXN0cgMEcHFzdHJsAwRxc3RybAMzMwRxdWVyeQMlMjBnYXlhdHJpJTIwdGFwYWJob29taSUyMG1hdGh1cmEEdF9zdG1wAzE2Mjc3MDM1NTA-?p=+gayatri+tapabhoomi+mathura&fr=mcafee&fr2=sb-top-in.images.search&ei=UTF-8&x=wrt&type=E211US1289G0" "Mozilla/5.0 (Windows NT 10.0; Win64; x64) AppleWebKit/537.36 (KHTML, like Gecko) Chrome/92.0.4515.107 Safari/537.36"
137.59.243.18 - - [31/Jul/2021:03:57:36 +0000] "GET /galleryimg/agrafort1.jpg HTTP/1.1" 404 222 "https://in.images.search.yahoo.com/search/images;_ylt=AwrwJUjvyARhChUAdMG9HAx.;_ylu=c2VjA3NlYXJjaARzbGsDYnV0dG9u;_ylc=X1MDMjExNDcyMzAwNQRfcgMyBGFjdG4DY2xrBGNzcmNwdmlkAzJfb1d2ekV3TGpJNEpqRVBZUURvZkFUck1UTTNMZ0FBQUFCREIxelQEZnIDbWNhZmVlBGZyMgNzYS1ncARncHJpZANfUzBkcmlCY1FxaUJvV3N4NkN5dXZBBG5fc3VnZwMwBG9yaWdpbgNpbi5pbWFnZXMuc2VhcmNoLnlhaG9vLmNvbQRwb3MDMARwcXN0cgMEcHFzdHJsAwRxc3RybAMzMwRxdWVyeQMlMjBnYXlhdHJpJTIwdGFwYWJob29taSUyMG1hdGh1cmEEdF9zdG1wAzE2Mjc3MDM1NTA-?p=+gayatri+tapabhoomi+mathura&fr=mcafee&fr2=sb-top-in.images.search&ei=UTF-8&x=wrt&type=E211US1289G0" "Mozilla/5.0 (Windows NT 10.0; Win64; x64) AppleWebKit/537.36 (KHTML, like Gecko) Chrome/92.0.4515.107 Safari/537.36"
137.59.243.18 - - [31/Jul/2021:03:57:36 +0000] "GET /galleryimg/agrafort1.jpg HTTP/1.1" 404 222 "https://in.images.search.yahoo.com/search/images;_ylt=AwrwJUjvyARhChUAdMG9HAx.;_ylu=c2VjA3NlYXJjaARzbGsDYnV0dG9u;_ylc=X1MDMjExNDcyMzAwNQRfcgMyBGFjdG4DY2xrBGNzcmNwdmlkAzJfb1d2ekV3TGpJNEpqRVBZUURvZkFUck1UTTNMZ0FBQUFCREIxelQEZnIDbWNhZmVlBGZyMgNzYS1ncARncHJpZANfUzBkcmlCY1FxaUJvV3N4NkN5dXZBBG5fc3VnZwMwBG9yaWdpbgNpbi5pbWFnZXMuc2VhcmNoLnlhaG9vLmNvbQRwb3MDMARwcXN0cgMEcHFzdHJsAwRxc3RybAMzMwRxdWVyeQMlMjBnYXlhdHJpJTIwdGFwYWJob29taSUyMG1hdGh1cmEEdF9zdG1wAzE2Mjc3MDM1NTA-?p=+gayatri+tapabhoomi+mathura&fr=mcafee&fr2=sb-top-in.images.search&ei=UTF-8&x=wrt&type=E211US1289G0" "Mozilla/5.0 (Windows NT 10.0; Win64; x64) AppleWebKit/537.36 (KHTML, like Gecko) Chrome/92.0.4515.107 Safari/537.36"
137.59.243.18 - - [31/Jul/2021:03:57:37 +0000] "GET /galleryimg/agrafort1.jpg HTTP/1.1" 404 222 "https://in.images.search.yahoo.com/search/images;_ylt=AwrwJUjvyARhChUAdMG9HAx.;_ylu=c2VjA3NlYXJjaARzbGsDYnV0dG9u;_ylc=X1MDMjExNDcyMzAwNQRfcgMyBGFjdG4DY2xrBGNzcmNwdmlkAzJfb1d2ekV3TGpJNEpqRVBZUURvZkFUck1UTTNMZ0FBQUFCREIxelQEZnIDbWNhZmVlBGZyMgNzYS1ncARncHJpZANfUzBkcmlCY1FxaUJvV3N4NkN5dXZBBG5fc3VnZwMwBG9yaWdpbgNpbi5pbWFnZXMuc2VhcmNoLnlhaG9vLmNvbQRwb3MDMARwcXN0cgMEcHFzdHJsAwRxc3RybAMzMwRxdWVyeQMlMjBnYXlhdHJpJTIwdGFwYWJob29taSUyMG1hdGh1cmEEdF9zdG1wAzE2Mjc3MDM1NTA-?p=+gayatri+tapabhoomi+mathura&fr=mcafee&fr2=sb-top-in.images.search&ei=UTF-8&x=wrt&type=E211US1289G0" "Mozilla/5.0 (Windows NT 10.0; Win64; x64) AppleWebKit/537.36 (KHTML, like Gecko) Chrome/92.0.4515.107 Safari/537.36"
137.59.243.18 - - [31/Jul/2021:03:57:38 +0000] "GET /galleryimg/agrafort1.jpg HTTP/1.1" 404 222 "https://in.images.search.yahoo.com/search/images;_ylt=AwrwJUjvyARhChUAdMG9HAx.;_ylu=c2VjA3NlYXJjaARzbGsDYnV0dG9u;_ylc=X1MDMjExNDcyMzAwNQRfcgMyBGFjdG4DY2xrBGNzcmNwdmlkAzJfb1d2ekV3TGpJNEpqRVBZUURvZkFUck1UTTNMZ0FBQUFCREIxelQEZnIDbWNhZmVlBGZyMgNzYS1ncARncHJpZANfUzBkcmlCY1FxaUJvV3N4NkN5dXZBBG5fc3VnZwMwBG9yaWdpbgNpbi5pbWFnZXMuc2VhcmNoLnlhaG9vLmNvbQRwb3MDMARwcXN0cgMEcHFzdHJsAwRxc3RybAMzMwRxdWVyeQMlMjBnYXlhdHJpJTIwdGFwYWJob29taSUyMG1hdGh1cmEEdF9zdG1wAzE2Mjc3MDM1NTA-?p=+gayatri+tapabhoomi+mathura&fr=mcafee&fr2=sb-top-in.images.search&ei=UTF-8&x=wrt&type=E211US1289G0" "Mozilla/5.0 (Windows NT 10.0; Win64; x64) AppleWebKit/537.36 (KHTML, like Gecko) Chrome/92.0.4515.107 Safari/537.36"
137.59.243.18 - - [31/Jul/2021:03:57:39 +0000] "GET /galleryimg/agrafort1.jpg HTTP/1.1" 404 222 "https://in.images.search.yahoo.com/search/images;_ylt=AwrwJUjvyARhChUAdMG9HAx.;_ylu=c2VjA3NlYXJjaARzbGsDYnV0dG9u;_ylc=X1MDMjExNDcyMzAwNQRfcgMyBGFjdG4DY2xrBGNzcmNwdmlkAzJfb1d2ekV3TGpJNEpqRVBZUURvZkFUck1UTTNMZ0FBQUFCREIxelQEZnIDbWNhZmVlBGZyMgNzYS1ncARncHJpZANfUzBkcmlCY1FxaUJvV3N4NkN5dXZBBG5fc3VnZwMwBG9yaWdpbgNpbi5pbWFnZXMuc2VhcmNoLnlhaG9vLmNvbQRwb3MDMARwcXN0cgMEcHFzdHJsAwRxc3RybAMzMwRxdWVyeQMlMjBnYXlhdHJpJTIwdGFwYWJob29taSUyMG1hdGh1cmEEdF9zdG1wAzE2Mjc3MDM1NTA-?p=+gayatri+tapabhoomi+mathura&fr=mcafee&fr2=sb-top-in.images.search&ei=UTF-8&x=wrt&type=E211US1289G0" "Mozilla/5.0 (Windows NT 10.0; Win64; x64) AppleWebKit/537.36 (KHTML, like Gecko) Chrome/92.0.4515.107 Safari/537.36"
137.59.243.18 - - [31/Jul/2021:03:57:40 +0000] "GET /galleryimg/agrafort1.jpg HTTP/1.1" 404 222 "https://in.images.search.yahoo.com/search/images;_ylt=AwrwJUjvyARhChUAdMG9HAx.;_ylu=c2VjA3NlYXJjaARzbGsDYnV0dG9u;_ylc=X1MDMjExNDcyMzAwNQRfcgMyBGFjdG4DY2xrBGNzcmNwdmlkAzJfb1d2ekV3TGpJNEpqRVBZUURvZkFUck1UTTNMZ0FBQUFCREIxelQEZnIDbWNhZmVlBGZyMgNzYS1ncARncHJpZANfUzBkcmlCY1FxaUJvV3N4NkN5dXZBBG5fc3VnZwMwBG9yaWdpbgNpbi5pbWFnZXMuc2VhcmNoLnlhaG9vLmNvbQRwb3MDMARwcXN0cgMEcHFzdHJsAwRxc3RybAMzMwRxdWVyeQMlMjBnYXlhdHJpJTIwdGFwYWJob29taSUyMG1hdGh1cmEEdF9zdG1wAzE2Mjc3MDM1NTA-?p=+gayatri+tapabhoomi+mathura&fr=mcafee&fr2=sb-top-in.images.search&ei=UTF-8&x=wrt&type=E211US1289G0" "Mozilla/5.0 (Windows NT 10.0; Win64; x64) AppleWebKit/537.36 (KHTML, like Gecko) Chrome/92.0.4515.107 Safari/537.36"
137.59.243.18 - - [31/Jul/2021:03:57:40 +0000] "GET /galleryimg/agrafort1.jpg HTTP/1.1" 404 222 "https://in.images.search.yahoo.com/search/images;_ylt=AwrwJUjvyARhChUAdMG9HAx.;_ylu=c2VjA3NlYXJjaARzbGsDYnV0dG9u;_ylc=X1MDMjExNDcyMzAwNQRfcgMyBGFjdG4DY2xrBGNzcmNwdmlkAzJfb1d2ekV3TGpJNEpqRVBZUURvZkFUck1UTTNMZ0FBQUFCREIxelQEZnIDbWNhZmVlBGZyMgNzYS1ncARncHJpZANfUzBkcmlCY1FxaUJvV3N4NkN5dXZBBG5fc3VnZwMwBG9yaWdpbgNpbi5pbWFnZXMuc2VhcmNoLnlhaG9vLmNvbQRwb3MDMARwcXN0cgMEcHFzdHJsAwRxc3RybAMzMwRxdWVyeQMlMjBnYXlhdHJpJTIwdGFwYWJob29taSUyMG1hdGh1cmEEdF9zdG1wAzE2Mjc3MDM1NTA-?p=+gayatri+tapabhoomi+mathura&fr=mcafee&fr2=sb-top-in.images.search&ei=UTF-8&x=wrt&type=E211US1289G0" "Mozilla/5.0 (Windows NT 10.0; Win64; x64) AppleWebKit/537.36 (KHTML, like Gecko) Chrome/92.0.4515.107 Safari/537.36"
137.59.243.18 - - [31/Jul/2021:03:57:41 +0000] "GET /galleryimg/agrafort1.jpg HTTP/1.1" 404 222 "https://in.images.search.yahoo.com/search/images;_ylt=AwrwJUjvyARhChUAdMG9HAx.;_ylu=c2VjA3NlYXJjaARzbGsDYnV0dG9u;_ylc=X1MDMjExNDcyMzAwNQRfcgMyBGFjdG4DY2xrBGNzcmNwdmlkAzJfb1d2ekV3TGpJNEpqRVBZUURvZkFUck1UTTNMZ0FBQUFCREIxelQEZnIDbWNhZmVlBGZyMgNzYS1ncARncHJpZANfUzBkcmlCY1FxaUJvV3N4NkN5dXZBBG5fc3VnZwMwBG9yaWdpbgNpbi5pbWFnZXMuc2VhcmNoLnlhaG9vLmNvbQRwb3MDMARwcXN0cgMEcHFzdHJsAwRxc3RybAMzMwRxdWVyeQMlMjBnYXlhdHJpJTIwdGFwYWJob29taSUyMG1hdGh1cmEEdF9zdG1wAzE2Mjc3MDM1NTA-?p=+gayatri+tapabhoomi+mathura&fr=mcafee&fr2=sb-top-in.images.search&ei=UTF-8&x=wrt&type=E211US1289G0" "Mozilla/5.0 (Windows NT 10.0; Win64; x64) AppleWebKit/537.36 (KHTML, like Gecko) Chrome/92.0.4515.107 Safari/537.36"
137.59.243.18 - - [31/Jul/2021:03:57:42 +0000] "GET /galleryimg/agrafort1.jpg HTTP/1.1" 404 222 "https://in.images.search.yahoo.com/search/images;_ylt=AwrwJUjvyARhChUAdMG9HAx.;_ylu=c2VjA3NlYXJjaARzbGsDYnV0dG9u;_ylc=X1MDMjExNDcyMzAwNQRfcgMyBGFjdG4DY2xrBGNzcmNwdmlkAzJfb1d2ekV3TGpJNEpqRVBZUURvZkFUck1UTTNMZ0FBQUFCREIxelQEZnIDbWNhZmVlBGZyMgNzYS1ncARncHJpZANfUzBkcmlCY1FxaUJvV3N4NkN5dXZBBG5fc3VnZwMwBG9yaWdpbgNpbi5pbWFnZXMuc2VhcmNoLnlhaG9vLmNvbQRwb3MDMARwcXN0cgMEcHFzdHJsAwRxc3RybAMzMwRxdWVyeQMlMjBnYXlhdHJpJTIwdGFwYWJob29taSUyMG1hdGh1cmEEdF9zdG1wAzE2Mjc3MDM1NTA-?p=+gayatri+tapabhoomi+mathura&fr=mcafee&fr2=sb-top-in.images.search&ei=UTF-8&x=wrt&type=E211US1289G0" "Mozilla/5.0 (Windows NT 10.0; Win64; x64) AppleWebKit/537.36 (KHTML, like Gecko) Chrome/92.0.4515.107 Safari/537.36"
137.59.243.18 - - [31/Jul/2021:03:57:42 +0000] "GET /galleryimg/agrafort1.jpg HTTP/1.1" 404 222 "https://in.images.search.yahoo.com/search/images;_ylt=AwrwJUjvyARhChUAdMG9HAx.;_ylu=c2VjA3NlYXJjaARzbGsDYnV0dG9u;_ylc=X1MDMjExNDcyMzAwNQRfcgMyBGFjdG4DY2xrBGNzcmNwdmlkAzJfb1d2ekV3TGpJNEpqRVBZUURvZkFUck1UTTNMZ0FBQUFCREIxelQEZnIDbWNhZmVlBGZyMgNzYS1ncARncHJpZANfUzBkcmlCY1FxaUJvV3N4NkN5dXZBBG5fc3VnZwMwBG9yaWdpbgNpbi5pbWFnZXMuc2VhcmNoLnlhaG9vLmNvbQRwb3MDMARwcXN0cgMEcHFzdHJsAwRxc3RybAMzMwRxdWVyeQMlMjBnYXlhdHJpJTIwdGFwYWJob29taSUyMG1hdGh1cmEEdF9zdG1wAzE2Mjc3MDM1NTA-?p=+gayatri+tapabhoomi+mathura&fr=mcafee&fr2=sb-top-in.images.search&ei=UTF-8&x=wrt&type=E211US1289G0" "Mozilla/5.0 (Windows NT 10.0; Win64; x64) AppleWebKit/537.36 (KHTML, like Gecko) Chrome/92.0.4515.107 Safari/537.36"
137.59.243.18 - - [31/Jul/2021:03:57:43 +0000] "GET /galleryimg/agrafort1.jpg HTTP/1.1" 404 222 "https://in.images.search.yahoo.com/search/images;_ylt=AwrwJUjvyARhChUAdMG9HAx.;_ylu=c2VjA3NlYXJjaARzbGsDYnV0dG9u;_ylc=X1MDMjExNDcyMzAwNQRfcgMyBGFjdG4DY2xrBGNzcmNwdmlkAzJfb1d2ekV3TGpJNEpqRVBZUURvZkFUck1UTTNMZ0FBQUFCREIxelQEZnIDbWNhZmVlBGZyMgNzYS1ncARncHJpZANfUzBkcmlCY1FxaUJvV3N4NkN5dXZBBG5fc3VnZwMwBG9yaWdpbgNpbi5pbWFnZXMuc2VhcmNoLnlhaG9vLmNvbQRwb3MDMARwcXN0cgMEcHFzdHJsAwRxc3RybAMzMwRxdWVyeQMlMjBnYXlhdHJpJTIwdGFwYWJob29taSUyMG1hdGh1cmEEdF9zdG1wAzE2Mjc3MDM1NTA-?p=+gayatri+tapabhoomi+mathura&fr=mcafee&fr2=sb-top-in.images.search&ei=UTF-8&x=wrt&type=E211US1289G0" "Mozilla/5.0 (Windows NT 10.0; Win64; x64) AppleWebKit/537.36 (KHTML, like Gecko) Chrome/92.0.4515.107 Safari/537.36"
114.119.147.203 - - [31/Jul/2021:04:01:32 +0000] "GET /orissa-beach-tour.html HTTP/1.1" 404 220 "-" "Mozilla/5.0 (Linux; Android 7.0;) AppleWebKit/537.36 (KHTML, like Gecko) Mobile Safari/537.36 (compatible; PetalBot;+https://webmaster.petalsearch.com/site/petalbot)"
77.75.76.172 - - [31/Jul/2021:04:02:59 +0000] "GET /robots.txt HTTP/1.1" 404 208 "-" "Mozilla/5.0 (compatible; SeznamBot/3.2; +http://napoveda.seznam.cz/en/seznambot-intro/)"
77.75.76.172 - - [31/Jul/2021:04:03:01 +0000] "GET /destinations-in-india/uttarakhand-tourism.html HTTP/1.1" 404 244 "-" "Mozilla/5.0 (compatible; SeznamBot/3.2; +http://napoveda.seznam.cz/en/seznambot-intro/)"
114.119.145.134 - - [31/Jul/2021:04:14:01 +0000] "GET /destination/dwarika.html HTTP/1.1" 404 222 "-" "Mozilla/5.0 (Linux; Android 7.0;) AppleWebKit/537.36 (KHTML, like Gecko) Mobile Safari/537.36 (compatible; PetalBot;+https://webmaster.petalsearch.com/site/petalbot)"
