127.0.0.1 - - [29/Nov/2025:06:01:58 +0000] "GET /robots.txt HTTP/1.0" 200 26 "-" "Mozilla/5.0 (Windows NT 10.0; Win64; x64) AppleWebKit/537.36 (KHTML, like Gecko) Chrome/103.0.5060.134 Safari/537.36"
127.0.0.1 - - [29/Nov/2025:06:02:50 +0000] "POST /?_task=mail&_action=refresh HTTP/1.1" 200 157 "https://himachaltravelguide.in/webmail/?_task=mail&_mbox=INBOX" "Mozilla/5.0 (Windows NT 10.0; Win64; x64) AppleWebKit/537.36 (KHTML, like Gecko) Chrome/142.0.0.0 Safari/537.36"
127.0.0.1 - - [29/Nov/2025:06:03:51 +0000] "POST /?_task=mail&_action=refresh HTTP/1.1" 200 157 "https://himachaltravelguide.in/webmail/?_task=mail&_mbox=INBOX" "Mozilla/5.0 (Windows NT 10.0; Win64; x64) AppleWebKit/537.36 (KHTML, like Gecko) Chrome/142.0.0.0 Safari/537.36"
127.0.0.1 - - [29/Nov/2025:06:04:52 +0000] "POST /?_task=mail&_action=refresh HTTP/1.1" 200 157 "https://himachaltravelguide.in/webmail/?_task=mail&_mbox=INBOX" "Mozilla/5.0 (Windows NT 10.0; Win64; x64) AppleWebKit/537.36 (KHTML, like Gecko) Chrome/142.0.0.0 Safari/537.36"
127.0.0.1 - - [29/Nov/2025:06:05:53 +0000] "POST /?_task=mail&_action=refresh HTTP/1.1" 200 157 "https://himachaltravelguide.in/webmail/?_task=mail&_mbox=INBOX" "Mozilla/5.0 (Windows NT 10.0; Win64; x64) AppleWebKit/537.36 (KHTML, like Gecko) Chrome/142.0.0.0 Safari/537.36"
127.0.0.1 - - [29/Nov/2025:06:15:28 +0000] "POST /?_task=mail&_action=refresh HTTP/1.1" 200 157 "https://himachaltravelguide.in/webmail/?_task=mail&_mbox=INBOX" "Mozilla/5.0 (Windows NT 10.0; Win64; x64) AppleWebKit/537.36 (KHTML, like Gecko) Chrome/142.0.0.0 Safari/537.36"
127.0.0.1 - - [29/Nov/2025:06:15:53 +0000] "POST /?_task=mail&_action=refresh HTTP/1.1" 200 157 "https://himachaltravelguide.in/webmail/?_task=mail&_mbox=INBOX" "Mozilla/5.0 (Windows NT 10.0; Win64; x64) AppleWebKit/537.36 (KHTML, like Gecko) Chrome/142.0.0.0 Safari/537.36"
127.0.0.1 - - [29/Nov/2025:06:16:53 +0000] "POST /?_task=mail&_action=refresh HTTP/1.1" 200 157 "https://himachaltravelguide.in/webmail/?_task=mail&_mbox=INBOX" "Mozilla/5.0 (Windows NT 10.0; Win64; x64) AppleWebKit/537.36 (KHTML, like Gecko) Chrome/142.0.0.0 Safari/537.36"
127.0.0.1 - - [29/Nov/2025:06:17:53 +0000] "POST /?_task=mail&_action=refresh HTTP/1.1" 200 157 "https://himachaltravelguide.in/webmail/?_task=mail&_mbox=INBOX" "Mozilla/5.0 (Windows NT 10.0; Win64; x64) AppleWebKit/537.36 (KHTML, like Gecko) Chrome/142.0.0.0 Safari/537.36"
127.0.0.1 - - [29/Nov/2025:06:18:53 +0000] "POST /?_task=mail&_action=refresh HTTP/1.1" 200 157 "https://himachaltravelguide.in/webmail/?_task=mail&_mbox=INBOX" "Mozilla/5.0 (Windows NT 10.0; Win64; x64) AppleWebKit/537.36 (KHTML, like Gecko) Chrome/142.0.0.0 Safari/537.36"
127.0.0.1 - - [29/Nov/2025:06:19:53 +0000] "POST /?_task=mail&_action=refresh HTTP/1.1" 200 157 "https://himachaltravelguide.in/webmail/?_task=mail&_mbox=INBOX" "Mozilla/5.0 (Windows NT 10.0; Win64; x64) AppleWebKit/537.36 (KHTML, like Gecko) Chrome/142.0.0.0 Safari/537.36"
127.0.0.1 - - [29/Nov/2025:06:20:53 +0000] "POST /?_task=mail&_action=refresh HTTP/1.1" 200 157 "https://himachaltravelguide.in/webmail/?_task=mail&_mbox=INBOX" "Mozilla/5.0 (Windows NT 10.0; Win64; x64) AppleWebKit/537.36 (KHTML, like Gecko) Chrome/142.0.0.0 Safari/537.36"
127.0.0.1 - - [29/Nov/2025:06:21:53 +0000] "POST /?_task=mail&_action=refresh HTTP/1.1" 200 157 "https://himachaltravelguide.in/webmail/?_task=mail&_mbox=INBOX" "Mozilla/5.0 (Windows NT 10.0; Win64; x64) AppleWebKit/537.36 (KHTML, like Gecko) Chrome/142.0.0.0 Safari/537.36"
127.0.0.1 - - [29/Nov/2025:06:22:53 +0000] "POST /?_task=mail&_action=refresh HTTP/1.1" 200 157 "https://himachaltravelguide.in/webmail/?_task=mail&_mbox=INBOX" "Mozilla/5.0 (Windows NT 10.0; Win64; x64) AppleWebKit/537.36 (KHTML, like Gecko) Chrome/142.0.0.0 Safari/537.36"
88.214.25.121 - - [29/Nov/2025:06:23:35 +0000] "\x03\x00\x00/*\xE0\x00\x00\x00\x00\x00Cookie: mstshash=Administr" 400 151 "-" "-"
127.0.0.1 - - [29/Nov/2025:06:23:53 +0000] "POST /?_task=mail&_action=refresh HTTP/1.1" 200 157 "https://himachaltravelguide.in/webmail/?_task=mail&_mbox=INBOX" "Mozilla/5.0 (Windows NT 10.0; Win64; x64) AppleWebKit/537.36 (KHTML, like Gecko) Chrome/142.0.0.0 Safari/537.36"
127.0.0.1 - - [29/Nov/2025:06:24:53 +0000] "POST /?_task=mail&_action=refresh HTTP/1.1" 200 157 "https://himachaltravelguide.in/webmail/?_task=mail&_mbox=INBOX" "Mozilla/5.0 (Windows NT 10.0; Win64; x64) AppleWebKit/537.36 (KHTML, like Gecko) Chrome/142.0.0.0 Safari/537.36"
127.0.0.1 - - [29/Nov/2025:06:25:53 +0000] "POST /?_task=mail&_action=refresh HTTP/1.1" 200 157 "https://himachaltravelguide.in/webmail/?_task=mail&_mbox=INBOX" "Mozilla/5.0 (Windows NT 10.0; Win64; x64) AppleWebKit/537.36 (KHTML, like Gecko) Chrome/142.0.0.0 Safari/537.36"
127.0.0.1 - - [29/Nov/2025:06:26:53 +0000] "POST /?_task=mail&_action=refresh HTTP/1.1" 200 157 "https://himachaltravelguide.in/webmail/?_task=mail&_mbox=INBOX" "Mozilla/5.0 (Windows NT 10.0; Win64; x64) AppleWebKit/537.36 (KHTML, like Gecko) Chrome/142.0.0.0 Safari/537.36"
45.227.254.155 - - [29/Nov/2025:06:27:31 +0000] "\x03\x00\x00/*\xE0\x00\x00\x00\x00\x00Cookie: mstshash=Administr" 400 151 "-" "-"
127.0.0.1 - - [29/Nov/2025:06:27:53 +0000] "POST /?_task=mail&_action=refresh HTTP/1.1" 200 157 "https://himachaltravelguide.in/webmail/?_task=mail&_mbox=INBOX" "Mozilla/5.0 (Windows NT 10.0; Win64; x64) AppleWebKit/537.36 (KHTML, like Gecko) Chrome/142.0.0.0 Safari/537.36"
127.0.0.1 - - [29/Nov/2025:06:28:53 +0000] "POST /?_task=mail&_action=refresh HTTP/1.1" 200 157 "https://himachaltravelguide.in/webmail/?_task=mail&_mbox=INBOX" "Mozilla/5.0 (Windows NT 10.0; Win64; x64) AppleWebKit/537.36 (KHTML, like Gecko) Chrome/142.0.0.0 Safari/537.36"
127.0.0.1 - - [29/Nov/2025:06:31:39 +0000] "POST /?_task=mail&_action=refresh HTTP/1.1" 200 157 "https://himachaltravelguide.in/webmail/?_task=mail&_mbox=INBOX" "Mozilla/5.0 (Windows NT 10.0; Win64; x64) AppleWebKit/537.36 (KHTML, like Gecko) Chrome/142.0.0.0 Safari/537.36"
127.0.0.1 - - [29/Nov/2025:06:31:53 +0000] "POST /?_task=mail&_action=refresh HTTP/1.1" 200 157 "https://himachaltravelguide.in/webmail/?_task=mail&_mbox=INBOX" "Mozilla/5.0 (Windows NT 10.0; Win64; x64) AppleWebKit/537.36 (KHTML, like Gecko) Chrome/142.0.0.0 Safari/537.36"
127.0.0.1 - - [29/Nov/2025:06:32:53 +0000] "POST /?_task=mail&_action=refresh HTTP/1.1" 200 157 "https://himachaltravelguide.in/webmail/?_task=mail&_mbox=INBOX" "Mozilla/5.0 (Windows NT 10.0; Win64; x64) AppleWebKit/537.36 (KHTML, like Gecko) Chrome/142.0.0.0 Safari/537.36"
127.0.0.1 - - [29/Nov/2025:06:33:53 +0000] "POST /?_task=mail&_action=refresh HTTP/1.1" 200 157 "https://himachaltravelguide.in/webmail/?_task=mail&_mbox=INBOX" "Mozilla/5.0 (Windows NT 10.0; Win64; x64) AppleWebKit/537.36 (KHTML, like Gecko) Chrome/142.0.0.0 Safari/537.36"
127.0.0.1 - - [29/Nov/2025:06:34:53 +0000] "POST /?_task=mail&_action=refresh HTTP/1.1" 200 157 "https://himachaltravelguide.in/webmail/?_task=mail&_mbox=INBOX" "Mozilla/5.0 (Windows NT 10.0; Win64; x64) AppleWebKit/537.36 (KHTML, like Gecko) Chrome/142.0.0.0 Safari/537.36"
127.0.0.1 - - [29/Nov/2025:06:35:53 +0000] "POST /?_task=mail&_action=refresh HTTP/1.1" 200 157 "https://himachaltravelguide.in/webmail/?_task=mail&_mbox=INBOX" "Mozilla/5.0 (Windows NT 10.0; Win64; x64) AppleWebKit/537.36 (KHTML, like Gecko) Chrome/142.0.0.0 Safari/537.36"
127.0.0.1 - - [29/Nov/2025:06:36:53 +0000] "POST /?_task=mail&_action=refresh HTTP/1.1" 200 157 "https://himachaltravelguide.in/webmail/?_task=mail&_mbox=INBOX" "Mozilla/5.0 (Windows NT 10.0; Win64; x64) AppleWebKit/537.36 (KHTML, like Gecko) Chrome/142.0.0.0 Safari/537.36"
127.0.0.1 - - [29/Nov/2025:06:37:53 +0000] "POST /?_task=mail&_action=refresh HTTP/1.1" 200 157 "https://himachaltravelguide.in/webmail/?_task=mail&_mbox=INBOX" "Mozilla/5.0 (Windows NT 10.0; Win64; x64) AppleWebKit/537.36 (KHTML, like Gecko) Chrome/142.0.0.0 Safari/537.36"
127.0.0.1 - - [29/Nov/2025:06:38:53 +0000] "POST /?_task=mail&_action=refresh HTTP/1.1" 200 157 "https://himachaltravelguide.in/webmail/?_task=mail&_mbox=INBOX" "Mozilla/5.0 (Windows NT 10.0; Win64; x64) AppleWebKit/537.36 (KHTML, like Gecko) Chrome/142.0.0.0 Safari/537.36"
127.0.0.1 - - [29/Nov/2025:06:39:53 +0000] "POST /?_task=mail&_action=refresh HTTP/1.1" 200 157 "https://himachaltravelguide.in/webmail/?_task=mail&_mbox=INBOX" "Mozilla/5.0 (Windows NT 10.0; Win64; x64) AppleWebKit/537.36 (KHTML, like Gecko) Chrome/142.0.0.0 Safari/537.36"
127.0.0.1 - - [29/Nov/2025:06:40:53 +0000] "POST /?_task=mail&_action=refresh HTTP/1.1" 200 157 "https://himachaltravelguide.in/webmail/?_task=mail&_mbox=INBOX" "Mozilla/5.0 (Windows NT 10.0; Win64; x64) AppleWebKit/537.36 (KHTML, like Gecko) Chrome/142.0.0.0 Safari/537.36"
127.0.0.1 - - [29/Nov/2025:06:41:53 +0000] "POST /?_task=mail&_action=refresh HTTP/1.1" 200 157 "https://himachaltravelguide.in/webmail/?_task=mail&_mbox=INBOX" "Mozilla/5.0 (Windows NT 10.0; Win64; x64) AppleWebKit/537.36 (KHTML, like Gecko) Chrome/142.0.0.0 Safari/537.36"
127.0.0.1 - - [29/Nov/2025:06:42:53 +0000] "POST /?_task=mail&_action=refresh HTTP/1.1" 200 157 "https://himachaltravelguide.in/webmail/?_task=mail&_mbox=INBOX" "Mozilla/5.0 (Windows NT 10.0; Win64; x64) AppleWebKit/537.36 (KHTML, like Gecko) Chrome/142.0.0.0 Safari/537.36"
127.0.0.1 - - [29/Nov/2025:06:43:53 +0000] "POST /?_task=mail&_action=refresh HTTP/1.1" 200 157 "https://himachaltravelguide.in/webmail/?_task=mail&_mbox=INBOX" "Mozilla/5.0 (Windows NT 10.0; Win64; x64) AppleWebKit/537.36 (KHTML, like Gecko) Chrome/142.0.0.0 Safari/537.36"
198.74.54.62 - - [29/Nov/2025:06:44:13 +0000] "" 400 0 "-" "-"
198.74.54.62 - - [29/Nov/2025:06:44:14 +0000] "GET / HTTP/1.0" 301 163 "-" "-"
198.74.54.62 - - [29/Nov/2025:06:44:17 +0000] "\x16\x03\x00\x00S\x01\x00\x00O\x03\x00?G\xD7\xF7\xBA,\xEE\xEA\xB2`~\xF3\x00\xFD\x82{\xB9\xD5\x96\xC8w\x9B\xE6\xC4\xDB<=\xDBo\xEF\x10n\x00\x00(\x00\x16\x00\x13\x00" 400 151 "-" "-"
198.74.54.62 - - [29/Nov/2025:06:44:17 +0000] "\x16\x03\x00\x00i\x01\x00\x00e\x03\x03U\x1C\xA7\xE4random1random2random3random4\x00\x00\x0C\x00/\x00" 400 151 "-" "-"
127.0.0.1 - - [29/Nov/2025:06:44:53 +0000] "POST /?_task=mail&_action=refresh HTTP/1.1" 200 157 "https://himachaltravelguide.in/webmail/?_task=mail&_mbox=INBOX" "Mozilla/5.0 (Windows NT 10.0; Win64; x64) AppleWebKit/537.36 (KHTML, like Gecko) Chrome/142.0.0.0 Safari/537.36"
198.74.54.62 - - [29/Nov/2025:06:45:25 +0000] "\x16\x03\x00\x00i\x01\x00\x00e\x03\x03U\x1C\xA7\xE4random1random2random3random4\x00\x00\x0C\x00/\x00" 400 151 "-" "-"
127.0.0.1 - - [29/Nov/2025:06:45:53 +0000] "POST /?_task=mail&_action=refresh HTTP/1.1" 200 157 "https://himachaltravelguide.in/webmail/?_task=mail&_mbox=INBOX" "Mozilla/5.0 (Windows NT 10.0; Win64; x64) AppleWebKit/537.36 (KHTML, like Gecko) Chrome/142.0.0.0 Safari/537.36"
127.0.0.1 - - [29/Nov/2025:06:46:53 +0000] "POST /?_task=mail&_action=refresh HTTP/1.1" 200 157 "https://himachaltravelguide.in/webmail/?_task=mail&_mbox=INBOX" "Mozilla/5.0 (Windows NT 10.0; Win64; x64) AppleWebKit/537.36 (KHTML, like Gecko) Chrome/142.0.0.0 Safari/537.36"
127.0.0.1 - - [29/Nov/2025:06:47:53 +0000] "POST /?_task=mail&_action=refresh HTTP/1.1" 200 157 "https://himachaltravelguide.in/webmail/?_task=mail&_mbox=INBOX" "Mozilla/5.0 (Windows NT 10.0; Win64; x64) AppleWebKit/537.36 (KHTML, like Gecko) Chrome/142.0.0.0 Safari/537.36"
127.0.0.1 - - [29/Nov/2025:06:48:53 +0000] "POST /?_task=mail&_action=refresh HTTP/1.1" 200 157 "https://himachaltravelguide.in/webmail/?_task=mail&_mbox=INBOX" "Mozilla/5.0 (Windows NT 10.0; Win64; x64) AppleWebKit/537.36 (KHTML, like Gecko) Chrome/142.0.0.0 Safari/537.36"
127.0.0.1 - - [29/Nov/2025:06:49:53 +0000] "POST /?_task=mail&_action=refresh HTTP/1.1" 200 157 "https://himachaltravelguide.in/webmail/?_task=mail&_mbox=INBOX" "Mozilla/5.0 (Windows NT 10.0; Win64; x64) AppleWebKit/537.36 (KHTML, like Gecko) Chrome/142.0.0.0 Safari/537.36"
127.0.0.1 - - [29/Nov/2025:06:50:53 +0000] "POST /?_task=mail&_action=refresh HTTP/1.1" 200 157 "https://himachaltravelguide.in/webmail/?_task=mail&_mbox=INBOX" "Mozilla/5.0 (Windows NT 10.0; Win64; x64) AppleWebKit/537.36 (KHTML, like Gecko) Chrome/142.0.0.0 Safari/537.36"
127.0.0.1 - - [29/Nov/2025:06:51:53 +0000] "POST /?_task=mail&_action=refresh HTTP/1.1" 200 157 "https://himachaltravelguide.in/webmail/?_task=mail&_mbox=INBOX" "Mozilla/5.0 (Windows NT 10.0; Win64; x64) AppleWebKit/537.36 (KHTML, like Gecko) Chrome/142.0.0.0 Safari/537.36"
127.0.0.1 - - [29/Nov/2025:06:52:53 +0000] "POST /?_task=mail&_action=refresh HTTP/1.1" 200 157 "https://himachaltravelguide.in/webmail/?_task=mail&_mbox=INBOX" "Mozilla/5.0 (Windows NT 10.0; Win64; x64) AppleWebKit/537.36 (KHTML, like Gecko) Chrome/142.0.0.0 Safari/537.36"
127.0.0.1 - - [29/Nov/2025:06:53:53 +0000] "POST /?_task=mail&_action=refresh HTTP/1.1" 200 157 "https://himachaltravelguide.in/webmail/?_task=mail&_mbox=INBOX" "Mozilla/5.0 (Windows NT 10.0; Win64; x64) AppleWebKit/537.36 (KHTML, like Gecko) Chrome/142.0.0.0 Safari/537.36"
127.0.0.1 - - [29/Nov/2025:06:54:53 +0000] "POST /?_task=mail&_action=refresh HTTP/1.1" 200 157 "https://himachaltravelguide.in/webmail/?_task=mail&_mbox=INBOX" "Mozilla/5.0 (Windows NT 10.0; Win64; x64) AppleWebKit/537.36 (KHTML, like Gecko) Chrome/142.0.0.0 Safari/537.36"
127.0.0.1 - - [29/Nov/2025:06:55:53 +0000] "POST /?_task=mail&_action=refresh HTTP/1.1" 200 157 "https://himachaltravelguide.in/webmail/?_task=mail&_mbox=INBOX" "Mozilla/5.0 (Windows NT 10.0; Win64; x64) AppleWebKit/537.36 (KHTML, like Gecko) Chrome/142.0.0.0 Safari/537.36"
127.0.0.1 - - [29/Nov/2025:06:57:46 +0000] "POST /?_task=mail&_action=refresh HTTP/1.1" 200 157 "https://himachaltravelguide.in/webmail/?_task=mail&_mbox=INBOX" "Mozilla/5.0 (Windows NT 10.0; Win64; x64) AppleWebKit/537.36 (KHTML, like Gecko) Chrome/142.0.0.0 Safari/537.36"
127.0.0.1 - - [29/Nov/2025:06:58:47 +0000] "POST /?_task=mail&_action=refresh HTTP/1.1" 200 157 "https://himachaltravelguide.in/webmail/?_task=mail&_mbox=INBOX" "Mozilla/5.0 (Windows NT 10.0; Win64; x64) AppleWebKit/537.36 (KHTML, like Gecko) Chrome/142.0.0.0 Safari/537.36"
127.0.0.1 - - [29/Nov/2025:06:59:48 +0000] "POST /?_task=mail&_action=refresh HTTP/1.1" 200 157 "https://himachaltravelguide.in/webmail/?_task=mail&_mbox=INBOX" "Mozilla/5.0 (Windows NT 10.0; Win64; x64) AppleWebKit/537.36 (KHTML, like Gecko) Chrome/142.0.0.0 Safari/537.36"
127.0.0.1 - - [29/Nov/2025:07:00:49 +0000] "POST /?_task=mail&_action=refresh HTTP/1.1" 200 157 "https://himachaltravelguide.in/webmail/?_task=mail&_mbox=INBOX" "Mozilla/5.0 (Windows NT 10.0; Win64; x64) AppleWebKit/537.36 (KHTML, like Gecko) Chrome/142.0.0.0 Safari/537.36"
127.0.0.1 - - [29/Nov/2025:07:01:50 +0000] "POST /?_task=mail&_action=refresh HTTP/1.1" 200 157 "https://himachaltravelguide.in/webmail/?_task=mail&_mbox=INBOX" "Mozilla/5.0 (Windows NT 10.0; Win64; x64) AppleWebKit/537.36 (KHTML, like Gecko) Chrome/142.0.0.0 Safari/537.36"
127.0.0.1 - - [29/Nov/2025:07:02:51 +0000] "POST /?_task=mail&_action=refresh HTTP/1.1" 200 157 "https://himachaltravelguide.in/webmail/?_task=mail&_mbox=INBOX" "Mozilla/5.0 (Windows NT 10.0; Win64; x64) AppleWebKit/537.36 (KHTML, like Gecko) Chrome/142.0.0.0 Safari/537.36"
127.0.0.1 - - [29/Nov/2025:07:03:52 +0000] "POST /?_task=mail&_action=refresh HTTP/1.1" 200 157 "https://himachaltravelguide.in/webmail/?_task=mail&_mbox=INBOX" "Mozilla/5.0 (Windows NT 10.0; Win64; x64) AppleWebKit/537.36 (KHTML, like Gecko) Chrome/142.0.0.0 Safari/537.36"
64.62.156.142 - - [29/Nov/2025:07:04:39 +0000] "GET / HTTP/1.1" 302 139 "-" "Mozilla/5.0 (Windows NT 10.0.0; Win64; x64; ) AppleWebKit/537.36 (KHTML, like Gecko) Chrome/124.0.6367.63 Chrome/124.0.6367.63 Not-A.Brand/99 Safari/537.36"
64.62.156.151 - - [29/Nov/2025:07:04:43 +0000] "GET / HTTP/1.1" 302 139 "-" "Mozilla/5.0 (Windows NT 10.0; Win64; x64) AppleWebKit/537.36 (KHTML, like Gecko) Chrome/109.0.0.0 Safari/537.36 Edg/109.0.1518.78"
64.62.156.151 - - [29/Nov/2025:07:04:44 +0000] "GET / HTTP/1.1" 302 5 "http://165.232.190.148:2031/" "Mozilla/5.0 (Windows NT 10.0; Win64; x64) AppleWebKit/537.36 (KHTML, like Gecko) Chrome/109.0.0.0 Safari/537.36 Edg/109.0.1518.78"
64.62.156.151 - - [29/Nov/2025:07:04:44 +0000] "GET /login/index.php HTTP/1.1" 200 1909 "https://165.232.190.148:2087/" "Mozilla/5.0 (Windows NT 10.0; Win64; x64) AppleWebKit/537.36 (KHTML, like Gecko) Chrome/109.0.0.0 Safari/537.36 Edg/109.0.1518.78"
64.62.156.142 - - [29/Nov/2025:07:04:49 +0000] "GET /favicon.ico HTTP/1.1" 302 139 "-" "Mozilla/5.0 (Windows NT 10.0; rv:110.0) Gecko/20100101 Firefox/110.0"
127.0.0.1 - - [29/Nov/2025:07:04:53 +0000] "POST /?_task=mail&_action=refresh HTTP/1.1" 200 157 "https://himachaltravelguide.in/webmail/?_task=mail&_mbox=INBOX" "Mozilla/5.0 (Windows NT 10.0; Win64; x64) AppleWebKit/537.36 (KHTML, like Gecko) Chrome/142.0.0.0 Safari/537.36"
127.0.0.1 - - [29/Nov/2025:07:05:53 +0000] "POST /?_task=mail&_action=refresh HTTP/1.1" 200 157 "https://himachaltravelguide.in/webmail/?_task=mail&_mbox=INBOX" "Mozilla/5.0 (Windows NT 10.0; Win64; x64) AppleWebKit/537.36 (KHTML, like Gecko) Chrome/142.0.0.0 Safari/537.36"
162.142.125.112 - - [29/Nov/2025:07:06:25 +0000] "GET / HTTP/1.1" 302 5 "-" "-"
162.142.125.112 - - [29/Nov/2025:07:06:37 +0000] "GET / HTTP/1.1" 302 5 "-" "Mozilla/5.0 (compatible; CensysInspect/1.1; +https://about.censys.io/)"
162.142.125.112 - - [29/Nov/2025:07:06:39 +0000] "PRI * HTTP/2.0" 400 151 "-" "-"
162.142.125.112 - - [29/Nov/2025:07:06:40 +0000] "GET /login/index.php HTTP/1.1" 200 1909 "-" "Mozilla/5.0 (compatible; CensysInspect/1.1; +https://about.censys.io/)"
162.142.125.112 - - [29/Nov/2025:07:06:44 +0000] "GET /design/img/ico/favicon.ico HTTP/1.1" 200 5430 "-" "Mozilla/5.0 (compatible; CensysInspect/1.1; +https://about.censys.io/)"
162.142.125.112 - - [29/Nov/2025:07:06:46 +0000] "GET /favicon.ico HTTP/1.1" 404 147 "-" "Mozilla/5.0 (compatible; CensysInspect/1.1; +https://about.censys.io/)"
127.0.0.1 - - [29/Nov/2025:07:06:53 +0000] "POST /?_task=mail&_action=refresh HTTP/1.1" 200 157 "https://himachaltravelguide.in/webmail/?_task=mail&_mbox=INBOX" "Mozilla/5.0 (Windows NT 10.0; Win64; x64) AppleWebKit/537.36 (KHTML, like Gecko) Chrome/142.0.0.0 Safari/537.36"
162.142.125.112 - - [29/Nov/2025:07:06:59 +0000] "GET /.well-known/security.txt HTTP/1.1" 404 147 "-" "Mozilla/5.0 (compatible; CensysInspect/1.1; +https://about.censys.io/)"
127.0.0.1 - - [29/Nov/2025:07:07:53 +0000] "POST /?_task=mail&_action=refresh HTTP/1.1" 200 157 "https://himachaltravelguide.in/webmail/?_task=mail&_mbox=INBOX" "Mozilla/5.0 (Windows NT 10.0; Win64; x64) AppleWebKit/537.36 (KHTML, like Gecko) Chrome/142.0.0.0 Safari/537.36"
127.0.0.1 - - [29/Nov/2025:07:08:53 +0000] "POST /?_task=mail&_action=refresh HTTP/1.1" 200 157 "https://himachaltravelguide.in/webmail/?_task=mail&_mbox=INBOX" "Mozilla/5.0 (Windows NT 10.0; Win64; x64) AppleWebKit/537.36 (KHTML, like Gecko) Chrome/142.0.0.0 Safari/537.36"
127.0.0.1 - - [29/Nov/2025:07:09:53 +0000] "POST /?_task=mail&_action=refresh HTTP/1.1" 200 157 "https://himachaltravelguide.in/webmail/?_task=mail&_mbox=INBOX" "Mozilla/5.0 (Windows NT 10.0; Win64; x64) AppleWebKit/537.36 (KHTML, like Gecko) Chrome/142.0.0.0 Safari/537.36"
127.0.0.1 - - [29/Nov/2025:07:10:53 +0000] "POST /?_task=mail&_action=refresh HTTP/1.1" 200 157 "https://himachaltravelguide.in/webmail/?_task=mail&_mbox=INBOX" "Mozilla/5.0 (Windows NT 10.0; Win64; x64) AppleWebKit/537.36 (KHTML, like Gecko) Chrome/142.0.0.0 Safari/537.36"
127.0.0.1 - - [29/Nov/2025:07:11:56 +0000] "POST /?_task=mail&_action=refresh HTTP/1.1" 200 157 "https://himachaltravelguide.in/webmail/?_task=mail&_mbox=INBOX" "Mozilla/5.0 (Windows NT 10.0; Win64; x64) AppleWebKit/537.36 (KHTML, like Gecko) Chrome/142.0.0.0 Safari/537.36"
127.0.0.1 - - [29/Nov/2025:07:12:45 +0000] "GET /?_task=mail&_caps=pdf%3D1%2Cflash%3D0%2Ctiff%3D0%2Cwebp%3D1&_uid=42397&_mbox=INBOX&_framed=1&_action=preview HTTP/1.1" 200 13230 "https://himachaltravelguide.in/webmail/?_task=mail&_mbox=INBOX" "Mozilla/5.0 (Windows NT 10.0; Win64; x64) AppleWebKit/537.36 (KHTML, like Gecko) Chrome/142.0.0.0 Safari/537.36"
127.0.0.1 - - [29/Nov/2025:07:12:56 +0000] "POST /?_task=mail&_action=refresh HTTP/1.1" 200 157 "https://himachaltravelguide.in/webmail/?_task=mail&_mbox=INBOX" "Mozilla/5.0 (Windows NT 10.0; Win64; x64) AppleWebKit/537.36 (KHTML, like Gecko) Chrome/142.0.0.0 Safari/537.36"
127.0.0.1 - - [29/Nov/2025:07:13:07 +0000] "GET /?_task=mail&_caps=pdf%3D1%2Cflash%3D0%2Ctiff%3D0%2Cwebp%3D1&_uid=42398&_mbox=INBOX&_framed=1&_action=preview HTTP/1.1" 200 13259 "https://himachaltravelguide.in/webmail/?_task=mail&_mbox=INBOX" "Mozilla/5.0 (Windows NT 10.0; Win64; x64) AppleWebKit/537.36 (KHTML, like Gecko) Chrome/142.0.0.0 Safari/537.36"
127.0.0.1 - - [29/Nov/2025:07:13:07 +0000] "GET /?_task=addressbook&_action=photo&_email=prasadsharmw3481%40gmail.com HTTP/1.1" 200 65 "https://himachaltravelguide.in/webmail/?_task=mail&_caps=pdf%3D1%2Cflash%3D0%2Ctiff%3D0%2Cwebp%3D1&_uid=42398&_mbox=INBOX&_framed=1&_action=preview" "Mozilla/5.0 (Windows NT 10.0; Win64; x64) AppleWebKit/537.36 (KHTML, like Gecko) Chrome/142.0.0.0 Safari/537.36"
127.0.0.1 - - [29/Nov/2025:07:13:21 +0000] "GET /?_task=mail&_caps=pdf%3D1%2Cflash%3D0%2Ctiff%3D0%2Cwebp%3D1&_uid=42399&_mbox=INBOX&_framed=1&_action=preview HTTP/1.1" 200 13277 "https://himachaltravelguide.in/webmail/?_task=mail&_mbox=INBOX" "Mozilla/5.0 (Windows NT 10.0; Win64; x64) AppleWebKit/537.36 (KHTML, like Gecko) Chrome/142.0.0.0 Safari/537.36"
127.0.0.1 - - [29/Nov/2025:07:13:22 +0000] "GET /?_task=addressbook&_action=photo&_email=shadanmohammad95%40gmail.com HTTP/1.1" 200 65 "https://himachaltravelguide.in/webmail/?_task=mail&_caps=pdf%3D1%2Cflash%3D0%2Ctiff%3D0%2Cwebp%3D1&_uid=42399&_mbox=INBOX&_framed=1&_action=preview" "Mozilla/5.0 (Windows NT 10.0; Win64; x64) AppleWebKit/537.36 (KHTML, like Gecko) Chrome/142.0.0.0 Safari/537.36"
127.0.0.1 - - [29/Nov/2025:07:13:38 +0000] "GET /?_task=mail&_caps=pdf%3D1%2Cflash%3D0%2Ctiff%3D0%2Cwebp%3D1&_uid=42400&_mbox=INBOX&_framed=1&_action=preview HTTP/1.1" 200 13278 "https://himachaltravelguide.in/webmail/?_task=mail&_mbox=INBOX" "Mozilla/5.0 (Windows NT 10.0; Win64; x64) AppleWebKit/537.36 (KHTML, like Gecko) Chrome/142.0.0.0 Safari/537.36"
127.0.0.1 - - [29/Nov/2025:07:13:40 +0000] "GET /?_task=mail&_caps=pdf%3D1%2Cflash%3D0%2Ctiff%3D0%2Cwebp%3D1&_uid=42399&_mbox=INBOX&_framed=1&_action=preview HTTP/1.1" 200 13239 "https://himachaltravelguide.in/webmail/?_task=mail&_mbox=INBOX" "Mozilla/5.0 (Windows NT 10.0; Win64; x64) AppleWebKit/537.36 (KHTML, like Gecko) Chrome/142.0.0.0 Safari/537.36"
127.0.0.1 - - [29/Nov/2025:07:13:42 +0000] "GET /?_task=mail&_caps=pdf%3D1%2Cflash%3D0%2Ctiff%3D0%2Cwebp%3D1&_uid=42401&_mbox=INBOX&_framed=1&_action=preview HTTP/1.1" 200 13222 "https://himachaltravelguide.in/webmail/?_task=mail&_mbox=INBOX" "Mozilla/5.0 (Windows NT 10.0; Win64; x64) AppleWebKit/537.36 (KHTML, like Gecko) Chrome/142.0.0.0 Safari/537.36"
127.0.0.1 - - [29/Nov/2025:07:13:42 +0000] "GET /?_task=addressbook&_action=photo&_email=riturawat710%40gmail.com HTTP/1.1" 200 65 "https://himachaltravelguide.in/webmail/?_task=mail&_caps=pdf%3D1%2Cflash%3D0%2Ctiff%3D0%2Cwebp%3D1&_uid=42401&_mbox=INBOX&_framed=1&_action=preview" "Mozilla/5.0 (Windows NT 10.0; Win64; x64) AppleWebKit/537.36 (KHTML, like Gecko) Chrome/142.0.0.0 Safari/537.36"
127.0.0.1 - - [29/Nov/2025:07:13:57 +0000] "POST /?_task=mail&_action=refresh HTTP/1.1" 200 250 "https://himachaltravelguide.in/webmail/?_task=mail&_mbox=INBOX" "Mozilla/5.0 (Windows NT 10.0; Win64; x64) AppleWebKit/537.36 (KHTML, like Gecko) Chrome/142.0.0.0 Safari/537.36"
127.0.0.1 - - [29/Nov/2025:07:14:02 +0000] "GET /?_task=mail&_caps=pdf%3D1%2Cflash%3D0%2Ctiff%3D0%2Cwebp%3D1&_uid=42402&_mbox=INBOX&_framed=1&_action=preview HTTP/1.1" 200 14962 "https://himachaltravelguide.in/webmail/?_task=mail&_mbox=INBOX" "Mozilla/5.0 (Windows NT 10.0; Win64; x64) AppleWebKit/537.36 (KHTML, like Gecko) Chrome/142.0.0.0 Safari/537.36"
127.0.0.1 - - [29/Nov/2025:07:14:02 +0000] "GET /?_task=addressbook&_action=photo&_email=info%40himachaltravelguide.in HTTP/1.1" 200 65 "https://himachaltravelguide.in/webmail/?_task=mail&_caps=pdf%3D1%2Cflash%3D0%2Ctiff%3D0%2Cwebp%3D1&_uid=42402&_mbox=INBOX&_framed=1&_action=preview" "Mozilla/5.0 (Windows NT 10.0; Win64; x64) AppleWebKit/537.36 (KHTML, like Gecko) Chrome/142.0.0.0 Safari/537.36"
185.247.137.39 - - [29/Nov/2025:07:29:52 +0000] "GET / HTTP/1.1" 200 4979 "-" "Mozilla/5.0 (compatible; InternetMeasurement/1.0; +https://internet-measurement.com/)"
87.236.176.105 - - [29/Nov/2025:07:29:57 +0000] "GET /skins/elastic/images/favicon.ico?s=1612812581 HTTP/1.1" 200 2294 "-" "Mozilla/5.0 (compatible; InternetMeasurement/1.0; +https://internet-measurement.com/)"
127.0.0.1 - - [29/Nov/2025:07:35:49 +0000] "POST /v1/user_panel_dashboard/ HTTP/1.1" 200 6309 "-" "-"
127.0.0.1 - - [29/Nov/2025:07:35:49 +0000] "POST /v1/files_system_lock/ HTTP/1.1" 200 28 "-" "-"
122.161.78.207 - - [29/Nov/2025:07:35:49 +0000] "POST /cwp_2de40b928a3796fa/iumdesti/iumdesti/index.php?module=files_system_lock&acc=status HTTP/1.1" 200 22 "https://165.232.190.148:2083/cwp_2de40b928a3796fa/iumdesti/" "Mozilla/5.0 (Windows NT 10.0; Win64; x64) AppleWebKit/537.36 (KHTML, like Gecko) Chrome/142.0.0.0 Safari/537.36"
127.0.0.1 - - [29/Nov/2025:07:35:51 +0000] "POST /v1/user_panel_dashboard/ HTTP/1.1" 200 6309 "-" "-"
127.0.0.1 - - [29/Nov/2025:07:35:52 +0000] "POST /v1/files_system_lock/ HTTP/1.1" 403 69 "-" "-"
122.161.78.207 - - [29/Nov/2025:07:35:52 +0000] "POST /cwp_2de40b928a3796fa/iumdesti/iumdesti/index.php?module=files_system_lock&acc=changstpublic HTTP/1.1" 200 64 "https://165.232.190.148:2083/cwp_2de40b928a3796fa/iumdesti/" "Mozilla/5.0 (Windows NT 10.0; Win64; x64) AppleWebKit/537.36 (KHTML, like Gecko) Chrome/142.0.0.0 Safari/537.36"
122.161.78.207 - - [29/Nov/2025:07:36:08 +0000] "POST /cwp_2de40b928a3796fa/iumdesti/iumdesti/index.php?acc=logon HTTP/1.1" 302 5 "https://165.232.190.148:2083/cwp_2de40b928a3796fa/iumdesti/" "Mozilla/5.0 (Windows NT 10.0; Win64; x64) AppleWebKit/537.36 (KHTML, like Gecko) Chrome/142.0.0.0 Safari/537.36"
127.0.0.1 - - [29/Nov/2025:07:36:08 +0000] "POST /v1/loginfail/ HTTP/1.1" 200 40 "-" "-"
122.161.78.207 - - [29/Nov/2025:07:36:08 +0000] "GET /login/?acc=logon HTTP/1.1" 200 25507 "https://165.232.190.148:2083/cwp_2de40b928a3796fa/iumdesti/" "Mozilla/5.0 (Windows NT 10.0; Win64; x64) AppleWebKit/537.36 (KHTML, like Gecko) Chrome/142.0.0.0 Safari/537.36"
127.0.0.1 - - [29/Nov/2025:07:36:08 +0000] "POST /v1/loginfail/ HTTP/1.1" 200 40 "-" "-"
122.161.78.207 - - [29/Nov/2025:07:36:08 +0000] "GET /login/?acc=logon HTTP/1.1" 200 25507 "https://165.232.190.148:2083/cwp_2de40b928a3796fa/iumdesti/" "Mozilla/5.0 (Windows NT 10.0; Win64; x64) AppleWebKit/537.36 (KHTML, like Gecko) Chrome/142.0.0.0 Safari/537.36"
122.161.78.207 - - [29/Nov/2025:07:36:09 +0000] "POST /login/index.php?acc=cookie HTTP/1.1" 200 5 "https://165.232.190.148:2083/login/?acc=logon" "Mozilla/5.0 (Windows NT 10.0; Win64; x64) AppleWebKit/537.36 (KHTML, like Gecko) Chrome/142.0.0.0 Safari/537.36"
64.227.90.185 - - [29/Nov/2025:07:58:26 +0000] "GET / HTTP/1.1" 200 4980 "-" "Mozilla/5.0 (Windows NT 6.1) AppleWebKit/537.36 (KHTML, like Gecko) Chrome/41.0.2228.0 Safari/537.36"
64.227.90.185 - - [29/Nov/2025:07:58:30 +0000] "GET /skins/elastic/images/favicon.ico?s=1612812581 HTTP/1.1" 200 2294 "-" "Mozilla/5.0 (Windows NT 10.0; Win64; x64) AppleWebKit/537.36 (KHTML, like Gecko) Chrome/102.0.5005.63 Safari/537.36"
20.163.60.170 - - [29/Nov/2025:08:00:23 +0000] "GET / HTTP/1.1" 301 163 "-" "Mozilla/5.0 zgrab/0.x"
127.0.0.1 - - [29/Nov/2025:08:00:29 +0000] "POST /v1/loginfail/ HTTP/1.1" 200 40 "-" "-"
20.163.60.170 - - [29/Nov/2025:08:00:29 +0000] "GET / HTTP/1.1" 200 24375 "http://165.232.190.148:2082/" "Mozilla/5.0 zgrab/0.x"
20.163.60.170 - - [29/Nov/2025:08:00:30 +0000] "MGLNDD_165.232.190.148_2082" 400 151 "-" "-"
62.60.131.153 - - [29/Nov/2025:08:30:13 +0000] "GET /pma/admin/ HTTP/1.1" 301 163 "-" "Mozilla/5.0 (Windows NT 10.0; Win64; x64) AppleWebKit/537.36 (KHTML, like Gecko) Chrome/115.0.0.0 Safari/537.36 Edg/115.0.1901.203"
62.60.131.153 - - [29/Nov/2025:08:30:14 +0000] "GET /pma/admin/ HTTP/1.1" 404 549 "-" "Mozilla/5.0 (Windows NT 10.0; Win64; x64) AppleWebKit/537.36 (KHTML, like Gecko) Chrome/115.0.0.0 Safari/537.36 Edg/115.0.1901.203"
45.156.129.71 - - [29/Nov/2025:08:40:25 +0000] "GET / HTTP/1.1" 302 139 "-" "Mozilla/5.0 (Windows NT 10.0; WOW64) AppleWebKit/537.36 (KHTML, like Gecko) Chrome/66.0.3359.117 Safari/537.36"
127.0.0.1 - - [29/Nov/2025:08:40:26 +0000] "POST /v1/loginfail/ HTTP/1.1" 200 40 "-" "-"
45.156.129.73 - - [29/Nov/2025:08:40:26 +0000] "GET / HTTP/1.1" 200 24375 "http://165.232.190.148:2083/" "Mozilla/5.0 (Windows NT 10.0; WOW64) AppleWebKit/537.36 (KHTML, like Gecko) Chrome/66.0.3359.117 Safari/537.36"
45.156.129.73 - - [29/Nov/2025:08:40:44 +0000] "GET /favicon.ico HTTP/1.1" 302 139 "-" "Mozilla/5.0 (Windows NT 10.0; WOW64) AppleWebKit/537.36 (KHTML, like Gecko) Chrome/66.0.3359.117 Safari/537.36"
3.134.148.59 - - [29/Nov/2025:08:50:00 +0000] "GET / HTTP/1.1" 301 163 "-" "cypex.ai/scanning Mozilla/5.0 (Macintosh; Intel Mac OS X 10_15_7) Chrome/126.0.0.0 Safari/537.36"
3.134.148.59 - - [29/Nov/2025:08:50:05 +0000] "GET / HTTP/1.1" 301 163 "-" "cypex.ai/scanning Mozilla/5.0 (Macintosh; Intel Mac OS X 10_15_7) Chrome/126.0.0.0 Safari/537.36"
3.134.148.59 - - [29/Nov/2025:08:50:06 +0000] "GET / HTTP/1.1" 302 5 "http://165.232.190.148:2086/" "cypex.ai/scanning Mozilla/5.0 (Macintosh; Intel Mac OS X 10_15_7) Chrome/126.0.0.0 Safari/537.36"
3.134.148.59 - - [29/Nov/2025:08:50:07 +0000] "GET /login/index.php HTTP/1.1" 200 1909 "https://165.232.190.148:2087/" "cypex.ai/scanning Mozilla/5.0 (Macintosh; Intel Mac OS X 10_15_7) Chrome/126.0.0.0 Safari/537.36"
3.134.148.59 - - [29/Nov/2025:08:53:38 +0000] "\x16\x03\x01\x00{\x01\x00\x00w\x03\x03\x02\x88 \xE9\x08\xEC8\xDF\xDC\x8A,\xA3s-\xBD`\x06{r\x99\xBD\xE7?\x0F\x1C\xDA" 400 151 "-" "-"
3.134.148.59 - - [29/Nov/2025:08:56:19 +0000] "\x16\x03\x01\x00{\x01\x00\x00w\x03\x03\xC3\x853\xED\x03\xAA\xFA\x1C\xAD" 400 151 "-" "-"
127.0.0.1 - - [29/Nov/2025:10:00:33 +0000] "POST /v1/loginfail/ HTTP/1.1" 200 40 "-" "-"
65.49.1.142 - - [29/Nov/2025:10:00:34 +0000] "GET / HTTP/1.1" 200 24375 "-" "Mozilla/5.0 (X11; Linux x86_64) AppleWebKit/537.36 (KHTML, like Gecko) Chrome/138.0.0.0 Safari/537.36"
65.49.1.152 - - [29/Nov/2025:10:01:14 +0000] "GET / HTTP/1.1" 302 5 "-" "Mozilla/5.0 (Windows NT 10.0; Win64; x64; rv:124.0) Gecko/20100101 Firefox/124.0"
65.49.1.159 - - [29/Nov/2025:10:01:38 +0000] "GET / HTTP/1.1" 302 5 "-" "Mozilla/5.0 (Windows NT 10.0; Win64; x64; rv:140.0) Gecko/20100101 Firefox/140.0"
65.49.1.159 - - [29/Nov/2025:10:01:38 +0000] "GET /login/index.php HTTP/1.1" 200 1909 "https://165.232.190.148:2087/" "Mozilla/5.0 (Windows NT 10.0; Win64; x64; rv:140.0) Gecko/20100101 Firefox/140.0"
65.49.1.159 - - [29/Nov/2025:10:01:44 +0000] "GET /favicon.ico HTTP/1.1" 404 549 "-" "Mozilla/5.0 (Macintosh; Intel Mac OS X 10_15_7) AppleWebKit/537.36 (KHTML, like Gecko) Chrome/108.0.0.0 Safari/537.36"
127.0.0.1 - - [29/Nov/2025:10:05:39 +0000] "POST /v1/loginfail/ HTTP/1.1" 200 40 "-" "-"
122.161.78.207 - - [29/Nov/2025:10:05:39 +0000] "GET / HTTP/1.1" 200 25507 "-" "Mozilla/5.0 (Windows NT 10.0; Win64; x64) AppleWebKit/537.36 (KHTML, like Gecko) Chrome/142.0.0.0 Safari/537.36"
122.161.78.207 - - [29/Nov/2025:10:05:40 +0000] "POST /login/index.php?acc=cookie HTTP/1.1" 200 5 "https://165.232.190.148:2083/" "Mozilla/5.0 (Windows NT 10.0; Win64; x64) AppleWebKit/537.36 (KHTML, like Gecko) Chrome/142.0.0.0 Safari/537.36"
122.161.78.207 - - [29/Nov/2025:10:05:58 +0000] "GET /login/cwp_theme/original/font-awesome/webfonts/fa-solid-900.woff2 HTTP/1.1" 200 40148 "https://165.232.190.148:2083/login/cwp_theme/original/font-awesome/css/fontawesome-all.css" "Mozilla/5.0 (Windows NT 10.0; Win64; x64) AppleWebKit/537.36 (KHTML, like Gecko) Chrome/142.0.0.0 Safari/537.36"
127.0.0.1 - - [29/Nov/2025:10:05:59 +0000] "POST /v1/valid_user/ HTTP/1.1" 200 254 "-" "-"
122.161.78.207 - - [29/Nov/2025:10:05:59 +0000] "POST /login/index.php?acc=validate HTTP/1.1" 200 154 "https://165.232.190.148:2083/" "Mozilla/5.0 (Windows NT 10.0; Win64; x64) AppleWebKit/537.36 (KHTML, like Gecko) Chrome/142.0.0.0 Safari/537.36"
127.0.0.1 - - [29/Nov/2025:10:05:59 +0000] "POST /v1/generaluser/ HTTP/1.1" 200 426 "-" "-"
127.0.0.1 - - [29/Nov/2025:10:05:59 +0000] "POST /oauth/v2/server/authorize.php HTTP/1.1" 302 77 "-" "-"
122.161.78.207 - - [29/Nov/2025:10:05:59 +0000] "POST /iumdesti/ HTTP/1.1" 302 5 "https://165.232.190.148:2083/" "Mozilla/5.0 (Windows NT 10.0; Win64; x64) AppleWebKit/537.36 (KHTML, like Gecko) Chrome/142.0.0.0 Safari/537.36"
122.161.78.207 - - [29/Nov/2025:10:05:59 +0000] "GET /cwp_a14f697d1de1a26f/iumdesti/ HTTP/1.1" 302 139 "-" "Mozilla/5.0 (Windows NT 10.0; Win64; x64) AppleWebKit/537.36 (KHTML, like Gecko) Chrome/142.0.0.0 Safari/537.36"
127.0.0.1 - - [29/Nov/2025:10:06:00 +0000] "POST /v1/user_panel_dashboard/ HTTP/1.1" 200 6308 "-" "-"
122.161.78.207 - - [29/Nov/2025:10:06:00 +0000] "GET /cwp_a14f697d1de1a26f/iumdesti/ HTTP/1.1" 200 268302 "-" "Mozilla/5.0 (Windows NT 10.0; Win64; x64) AppleWebKit/537.36 (KHTML, like Gecko) Chrome/142.0.0.0 Safari/537.36"
122.161.78.207 - - [29/Nov/2025:10:06:01 +0000] "GET /iumdesti/cwp_theme/original/font-awesome/webfonts/fa-solid-900.woff2 HTTP/1.1" 200 40148 "https://165.232.190.148:2083/iumdesti/cwp_theme/original/font-awesome/css/fontawesome-all.css" "Mozilla/5.0 (Windows NT 10.0; Win64; x64) AppleWebKit/537.36 (KHTML, like Gecko) Chrome/142.0.0.0 Safari/537.36"
122.161.78.207 - - [29/Nov/2025:10:06:01 +0000] "GET /iumdesti/cwp_theme/original/font-awesome/webfonts/fa-brands-400.woff2 HTTP/1.1" 200 54488 "https://165.232.190.148:2083/iumdesti/cwp_theme/original/font-awesome/css/fontawesome-all.css" "Mozilla/5.0 (Windows NT 10.0; Win64; x64) AppleWebKit/537.36 (KHTML, like Gecko) Chrome/142.0.0.0 Safari/537.36"
127.0.0.1 - - [29/Nov/2025:10:06:01 +0000] "POST /v1/uploadpackage/ HTTP/1.1" 500 1581 "-" "-"
122.161.78.207 - - [29/Nov/2025:10:06:01 +0000] "POST /cwp_a14f697d1de1a26f/iumdesti/iumdesti/index.php?acc=disk_space HTTP/1.1" 200 93 "https://165.232.190.148:2083/cwp_a14f697d1de1a26f/iumdesti/" "Mozilla/5.0 (Windows NT 10.0; Win64; x64) AppleWebKit/537.36 (KHTML, like Gecko) Chrome/142.0.0.0 Safari/537.36"
127.0.0.1 - - [29/Nov/2025:10:06:03 +0000] "POST /v1/user_panel_dashboard/ HTTP/1.1" 200 6308 "-" "-"
127.0.0.1 - - [29/Nov/2025:10:06:03 +0000] "POST /v1/files_system_lock/ HTTP/1.1" 200 28 "-" "-"
122.161.78.207 - - [29/Nov/2025:10:06:03 +0000] "POST /cwp_a14f697d1de1a26f/iumdesti/iumdesti/index.php?module=files_system_lock&acc=status HTTP/1.1" 200 22 "https://165.232.190.148:2083/cwp_a14f697d1de1a26f/iumdesti/" "Mozilla/5.0 (Windows NT 10.0; Win64; x64) AppleWebKit/537.36 (KHTML, like Gecko) Chrome/142.0.0.0 Safari/537.36"
122.161.78.207 - - [29/Nov/2025:10:08:31 +0000] "POST /cwp_a14f697d1de1a26f/iumdesti/iumdesti/index.php?acc=logon HTTP/1.1" 302 5 "https://165.232.190.148:2083/cwp_a14f697d1de1a26f/iumdesti/" "Mozilla/5.0 (Windows NT 10.0; Win64; x64) AppleWebKit/537.36 (KHTML, like Gecko) Chrome/142.0.0.0 Safari/537.36"
127.0.0.1 - - [29/Nov/2025:10:08:31 +0000] "POST /v1/loginfail/ HTTP/1.1" 200 40 "-" "-"
122.161.78.207 - - [29/Nov/2025:10:08:31 +0000] "GET /login/?acc=logon HTTP/1.1" 200 25507 "https://165.232.190.148:2083/cwp_a14f697d1de1a26f/iumdesti/" "Mozilla/5.0 (Windows NT 10.0; Win64; x64) AppleWebKit/537.36 (KHTML, like Gecko) Chrome/142.0.0.0 Safari/537.36"
127.0.0.1 - - [29/Nov/2025:10:08:31 +0000] "POST /v1/loginfail/ HTTP/1.1" 200 40 "-" "-"
122.161.78.207 - - [29/Nov/2025:10:08:32 +0000] "GET /login/?acc=logon HTTP/1.1" 200 25507 "https://165.232.190.148:2083/cwp_a14f697d1de1a26f/iumdesti/" "Mozilla/5.0 (Windows NT 10.0; Win64; x64) AppleWebKit/537.36 (KHTML, like Gecko) Chrome/142.0.0.0 Safari/537.36"
122.161.78.207 - - [29/Nov/2025:10:08:32 +0000] "POST /login/index.php?acc=cookie HTTP/1.1" 200 5 "https://165.232.190.148:2083/login/?acc=logon" "Mozilla/5.0 (Windows NT 10.0; Win64; x64) AppleWebKit/537.36 (KHTML, like Gecko) Chrome/142.0.0.0 Safari/537.36"
45.142.154.89 - - [29/Nov/2025:10:10:12 +0000] "GET / HTTP/1.1" 302 5 "-" "-"
45.142.154.89 - - [29/Nov/2025:10:10:16 +0000] "GET / HTTP/1.1" 302 5 "-" "Mozilla/5.0 (Windows NT 6.1) AppleWebKit/537.36 (KHTML, like Gecko) Chrome/49.0.2623.112 Safari/537.36"
45.142.154.89 - - [29/Nov/2025:10:10:16 +0000] "GET /login/index.php HTTP/1.1" 200 1909 "https://165.232.190.148:2031" "Mozilla/5.0 (Windows NT 6.1) AppleWebKit/537.36 (KHTML, like Gecko) Chrome/49.0.2623.112 Safari/537.36"
45.142.154.89 - - [29/Nov/2025:10:10:17 +0000] "GET /login/design/img/ico/favicon.ico HTTP/1.1" 200 5430 "https://165.232.190.148:2031" "Mozilla/5.0 (Windows NT 6.1) AppleWebKit/537.36 (KHTML, like Gecko) Chrome/49.0.2623.112 Safari/537.36"
127.0.0.1 - - [29/Nov/2025:10:14:30 +0000] "POST /v1/loginfail/ HTTP/1.1" 200 40 "-" "-"
147.185.132.60 - - [29/Nov/2025:10:14:30 +0000] "GET / HTTP/1.1" 200 24375 "-" "Hello from Palo Alto Networks, find out more about our scans in https://docs-cortex.paloaltonetworks.com/r/1/Cortex-Xpanse/Scanning-activity"
195.184.76.200 - - [29/Nov/2025:10:48:31 +0000] "\x16\x03\x03\x01\xA8\x01\x00\x01\xA4\x03\x03\xEAkW\xF8\x02\x02\x88\x94\x93\xAE/\xC3\xCE\xAE\xFF\xCD\xE0" 400 151 "-" "-"
195.184.76.161 - - [29/Nov/2025:10:48:34 +0000] "GET / HTTP/1.1" 301 163 "-" "Mozilla/5.0 (X11; Ubuntu; Linux x86_64; rv:134.0) Gecko/20100101 Firefox/134.0"
34.52.145.117 - - [29/Nov/2025:10:53:42 +0000] "GET / HTTP/1.1" 302 139 "-" "python-requests/2.32.5"
195.184.76.245 - - [29/Nov/2025:10:56:06 +0000] "GET /favicon.ico HTTP/1.1" 301 163 "-" "Mozilla/5.0 (X11; Ubuntu; Linux x86_64; rv:134.0) Gecko/20100101 Firefox/134.0"
3.149.59.26 - - [29/Nov/2025:10:57:52 +0000] "GET / HTTP/1.1" 302 139 "-" "cypex.ai/scanning Mozilla/5.0 (Macintosh; Intel Mac OS X 10_15_7) Chrome/126.0.0.0 Safari/537.36"
3.149.59.26 - - [29/Nov/2025:10:57:53 +0000] "GET / HTTP/1.1" 302 5 "http://165.232.190.148:2087/" "cypex.ai/scanning Mozilla/5.0 (Macintosh; Intel Mac OS X 10_15_7) Chrome/126.0.0.0 Safari/537.36"
3.149.59.26 - - [29/Nov/2025:10:57:53 +0000] "GET /login/index.php HTTP/1.1" 200 1909 "https://165.232.190.148:2087/" "cypex.ai/scanning Mozilla/5.0 (Macintosh; Intel Mac OS X 10_15_7) Chrome/126.0.0.0 Safari/537.36"
3.149.59.26 - - [29/Nov/2025:10:59:23 +0000] "GET / HTTP/1.1" 302 139 "-" "cypex.ai/scanning Mozilla/5.0 (Macintosh; Intel Mac OS X 10_15_7) Chrome/126.0.0.0 Safari/537.36"
3.149.59.26 - - [29/Nov/2025:11:01:36 +0000] "GET / HTTP/1.1" 302 5 "-" "cypex.ai/scanning Mozilla/5.0 (Macintosh; Intel Mac OS X 10_15_7) Chrome/126.0.0.0 Safari/537.36"
3.149.59.26 - - [29/Nov/2025:11:01:36 +0000] "GET /login/index.php HTTP/1.1" 200 1909 "https://165.232.190.148:2087/" "cypex.ai/scanning Mozilla/5.0 (Macintosh; Intel Mac OS X 10_15_7) Chrome/126.0.0.0 Safari/537.36"
OHA YOOOO