62.122.184.194 - - [26/Apr/2024:16:33:57 +0000] "GET /contactus.html HTTP/1.0" 200 11411 "http://achieveresourcing.com/contactus.html" "Mozilla/5.0 (Windows NT 6.3; Win64; x64) AppleWebKit/537.36 (KHTML, like Gecko) Chrome/103.0.0.0 Safari/537.36"
62.122.184.194 - - [26/Apr/2024:16:33:57 +0000] "POST /contact.php HTTP/1.0" 302 90 "http://achieveresourcing.com/contactus.html" "Mozilla/5.0 (Windows NT 6.3; Win64; x64) AppleWebKit/537.36 (KHTML, like Gecko) Chrome/103.0.0.0 Safari/537.36"
62.122.184.194 - - [26/Apr/2024:16:33:57 +0000] "GET /contactus.html HTTP/1.0" 200 11411 "http://achieveresourcing.com/contactus.html" "Mozilla/5.0 (Windows NT 6.3; Win64; x64) AppleWebKit/537.36 (KHTML, like Gecko) Chrome/103.0.0.0 Safari/537.36"
62.122.184.194 - - [26/Apr/2024:16:33:58 +0000] "POST /contact.php HTTP/1.0" 302 90 "http://achieveresourcing.com/contactus.html" "Mozilla/5.0 (Windows NT 6.3; Win64; x64) AppleWebKit/537.36 (KHTML, like Gecko) Chrome/103.0.0.0 Safari/537.36"
62.122.184.194 - - [26/Apr/2024:16:33:58 +0000] "GET /contactus.html HTTP/1.0" 200 11411 "http://achieveresourcing.com/contactus.html" "Mozilla/5.0 (Windows NT 6.3; Win64; x64) AppleWebKit/537.36 (KHTML, like Gecko) Chrome/103.0.0.0 Safari/537.36"
62.122.184.194 - - [26/Apr/2024:16:33:59 +0000] "POST /contact.php HTTP/1.0" 302 90 "http://achieveresourcing.com/contactus.html" "Mozilla/5.0 (Windows NT 6.3; Win64; x64) AppleWebKit/537.36 (KHTML, like Gecko) Chrome/103.0.0.0 Safari/537.36"
62.122.184.194 - - [26/Apr/2024:16:33:59 +0000] "GET /contactus.html HTTP/1.0" 200 11411 "http://achieveresourcing.com/contactus.html" "Mozilla/5.0 (Windows NT 6.3; Win64; x64) AppleWebKit/537.36 (KHTML, like Gecko) Chrome/103.0.0.0 Safari/537.36"
62.122.184.194 - - [26/Apr/2024:16:33:59 +0000] "POST /contact.php HTTP/1.0" 302 90 "http://achieveresourcing.com/contactus.html" "Mozilla/5.0 (Windows NT 6.3; Win64; x64) AppleWebKit/537.36 (KHTML, like Gecko) Chrome/103.0.0.0 Safari/537.36"
87.251.84.60 - - [26/Apr/2024:16:47:45 +0000] "GET /z.php HTTP/1.1" 404 196 "http://achieveresourcing.com/z.php" "Mozilla/4.0 (compatible; MSIE 6.0; Windows NT 5.1; SV1)"
35.185.93.16 - - [26/Apr/2024:17:38:59 +0000] "GET /robots.txt HTTP/1.0" 404 196 "-" "ZoominfoBot (zoominfobot at zoominfo dot com)"
35.185.93.16 - - [26/Apr/2024:17:38:59 +0000] "GET /values.html HTTP/1.0" 200 7537 "-" "ZoominfoBot (zoominfobot at zoominfo dot com)"
35.185.93.16 - - [26/Apr/2024:18:16:20 +0000] "GET /robots.txt HTTP/1.0" 404 196 "-" "ZoominfoBot (zoominfobot at zoominfo dot com)"
35.185.93.16 - - [26/Apr/2024:18:16:20 +0000] "GET /contactus.html HTTP/1.0" 200 11411 "-" "ZoominfoBot (zoominfobot at zoominfo dot com)"
182.42.105.85 - - [26/Apr/2024:18:25:32 +0000] "GET / HTTP/1.1" 200 3398 "-" "Mozilla/5.0 (iPhone; CPU iPhone OS 13_2_3 like Mac OS X) AppleWebKit/605.1.15 (KHTML, like Gecko) Version/13.0.3 Mobile/15E148 Safari/604.1"
35.185.93.16 - - [26/Apr/2024:18:39:08 +0000] "GET /career.html HTTP/1.0" 200 10316 "-" "ZoominfoBot (zoominfobot at zoominfo dot com)"
35.185.93.16 - - [26/Apr/2024:18:53:30 +0000] "GET /index.html HTTP/1.0" 200 15142 "-" "ZoominfoBot (zoominfobot at zoominfo dot com)"
51.222.253.4 - - [26/Apr/2024:19:06:48 +0000] "GET /robots.txt HTTP/1.1" 404 196 "-" "Mozilla/5.0 (compatible; AhrefsBot/7.0; +http://ahrefs.com/robot/)"
54.36.148.237 - - [26/Apr/2024:19:06:49 +0000] "GET /index.html HTTP/1.1" 200 3387 "-" "Mozilla/5.0 (compatible; AhrefsBot/7.0; +http://ahrefs.com/robot/)"
35.185.93.16 - - [26/Apr/2024:20:00:25 +0000] "GET /career.html HTTP/1.0" 200 10316 "-" "ZoominfoBot (zoominfobot at zoominfo dot com)"
156.59.198.136 - - [26/Apr/2024:20:01:43 +0000] "GET /index.html HTTP/1.0" 200 15142 "-" "Mozilla/5.0 (Linux; Android 5.0) AppleWebKit/537.36 (KHTML, like Gecko) Mobile Safari/537.36 (compatible; Bytespider; spider-feedback@bytedance.com)"
47.128.53.146 - - [26/Apr/2024:20:05:46 +0000] "GET /robots.txt HTTP/1.1" 404 196 "-" "Mozilla/5.0 (Linux; Android 5.0) AppleWebKit/537.36 (KHTML, like Gecko) Mobile Safari/537.36 (compatible; Bytespider; spider-feedback@bytedance.com)"
156.59.198.135 - - [26/Apr/2024:20:09:44 +0000] "GET / HTTP/1.1" 200 3398 "-" "Mozilla/5.0 (Linux; Android 5.0) AppleWebKit/537.36 (KHTML, like Gecko) Mobile Safari/537.36 (compatible; Bytespider; spider-feedback@bytedance.com)"
47.128.56.59 - - [26/Apr/2024:20:13:49 +0000] "GET /robots.txt HTTP/1.1" 404 196 "-" "Mozilla/5.0 (Linux; Android 5.0) AppleWebKit/537.36 (KHTML, like Gecko) Mobile Safari/537.36 (compatible; Bytespider; spider-feedback@bytedance.com)"
121.74.23.243 - - [26/Apr/2024:20:17:55 +0000] "GET /robots.txt HTTP/1.1" 404 196 "-" "Mozilla/5.0 (iPhone; CPU iPhone OS 11_0 like Mac OS X) AppleWebKit/537.36 (KHTML, like Gecko) Chrome/47.0.1377.1344 Mobile Safari/537.36"
35.185.93.16 - - [26/Apr/2024:20:19:00 +0000] "GET /hiring.html HTTP/1.0" 200 11993 "-" "ZoominfoBot (zoominfobot at zoominfo dot com)"
172.241.170.20 - - [26/Apr/2024:20:19:16 +0000] "GET /contactus.html HTTP/1.1" 200 2620 "-" "Mozilla/5.0 (Windows NT 10.0; WOW64) AppleWebKit/537.36 (KHTML, like Gecko) Chrome/114.0.0.0 YaBrowser/22.7.0 Yowser/2.5 Safari/537.36"
23.106.19.194 - - [26/Apr/2024:20:19:17 +0000] "POST /contact.php HTTP/1.1" 200 119 "http://achieveresourcing.com/contactus.html" "Mozilla/5.0 (Windows NT 10.0; WOW64) AppleWebKit/537.36 (KHTML, like Gecko) Chrome/114.0.0.0 YaBrowser/22.7.0 Yowser/2.5 Safari/537.36"
125.237.10.41 - - [26/Apr/2024:20:21:53 +0000] "GET /robots.txt HTTP/1.1" 404 196 "-" "Mozilla/5.0 (Linux; Android 5.0; SM-G900P Build/LRX21T) AppleWebKit/537.36 (KHTML, like Gecko) Chrome/40.0.5337.1414 Mobile Safari/537.36"
185.221.32.184 - - [26/Apr/2024:20:24:13 +0000] "GET /contactus.html HTTP/1.0" 200 11411 "http://achieveresourcing.com/contactus.html" "Mozilla/5.0 (Windows NT 6.1; Win64; x64) AppleWebKit/537.36 (KHTML, like Gecko) Chrome/103.0.0.0 Safari/537.36"
185.221.32.184 - - [26/Apr/2024:20:24:14 +0000] "POST /contact.php HTTP/1.0" 302 90 "http://achieveresourcing.com/contactus.html" "Mozilla/5.0 (Windows NT 6.1; Win64; x64) AppleWebKit/537.36 (KHTML, like Gecko) Chrome/103.0.0.0 Safari/537.36"
185.221.32.184 - - [26/Apr/2024:20:24:14 +0000] "GET /contactus.html HTTP/1.0" 200 11411 "http://achieveresourcing.com/contactus.html" "Mozilla/5.0 (Windows NT 6.1; Win64; x64) AppleWebKit/537.36 (KHTML, like Gecko) Chrome/103.0.0.0 Safari/537.36"
47.128.46.109 - - [26/Apr/2024:20:25:47 +0000] "GET /robots.txt HTTP/1.1" 404 196 "-" "Mozilla/5.0 (Linux; Android 5.0) AppleWebKit/537.36 (KHTML, like Gecko) Mobile Safari/537.36 (compatible; Bytespider; spider-feedback@bytedance.com)"
47.128.56.64 - - [26/Apr/2024:20:29:48 +0000] "GET /robots.txt HTTP/1.1" 404 196 "-" "Mozilla/5.0 (Linux; Android 5.0) AppleWebKit/537.36 (KHTML, like Gecko) Mobile Safari/537.36 (compatible; Bytespider; spider-feedback@bytedance.com)"
60.234.14.122 - - [26/Apr/2024:20:33:46 +0000] "GET /robots.txt HTTP/1.1" 404 196 "-" "Mozilla/5.0 (Linux; Android 8.0; Pixel 2 Build/OPD3.170816.012) AppleWebKit/537.36 (KHTML, like Gecko) Chrome/57.0.3921.1705 Mobile Safari/537.36"
82.19.132.21 - - [26/Apr/2024:20:37:52 +0000] "GET /robots.txt HTTP/1.1" 404 196 "-" "Mozilla/5.0 (iPhone; CPU iPhone OS 11_0 like Mac OS X) AppleWebKit/537.36 (KHTML, like Gecko) Chrome/44.0.1789.1879 Mobile Safari/537.36"
35.185.93.16 - - [26/Apr/2024:20:42:38 +0000] "GET /contactus.html HTTP/1.0" 200 11411 "-" "ZoominfoBot (zoominfobot at zoominfo dot com)"
184.171.164.162 - - [26/Apr/2024:20:52:35 +0000] "GET /wp-login.php HTTP/1.1" 404 196 "-" "Mozilla/5.0 (X11; Fedora; Linux x86_64; rv:94.0) Gecko/20100101 Firefox/95.0"
66.249.64.12 - - [26/Apr/2024:20:54:43 +0000] "GET /robots.txt HTTP/1.1" 404 196 "-" "Mozilla/5.0 (compatible; Googlebot/2.1; +http://www.google.com/bot.html)"
66.249.64.10 - - [26/Apr/2024:20:54:44 +0000] "GET /favicon.ico HTTP/1.1" 404 196 "-" "Googlebot-Image/1.0"
66.249.64.12 - - [26/Apr/2024:20:54:45 +0000] "GET /assets/img/favicon.png HTTP/1.1" 200 1013 "-" "Googlebot-Image/1.0"
35.185.93.16 - - [26/Apr/2024:21:37:06 +0000] "GET /staffing.html HTTP/1.0" 200 9194 "-" "ZoominfoBot (zoominfobot at zoominfo dot com)"
205.210.31.39 - - [26/Apr/2024:21:38:52 +0000] "GET / HTTP/1.1" 200 15142 "-" "-"
35.185.93.16 - - [26/Apr/2024:21:57:14 +0000] "GET /staffing.html HTTP/1.0" 200 9194 "-" "ZoominfoBot (zoominfobot at zoominfo dot com)"
40.77.167.63 - - [26/Apr/2024:22:12:11 +0000] "GET / HTTP/1.1" 200 3398 "-" "Mozilla/5.0 AppleWebKit/537.36 (KHTML, like Gecko; compatible; bingbot/2.0; +http://www.bing.com/bingbot.htm) Chrome/116.0.1938.76 Safari/537.36"
35.185.93.16 - - [26/Apr/2024:22:34:13 +0000] "GET /index.html HTTP/1.0" 200 15142 "-" "ZoominfoBot (zoominfobot at zoominfo dot com)"
150.158.150.227 - - [26/Apr/2024:22:38:32 +0000] "GET /xmlrpc.php HTTP/1.1" 404 196 "-" "Mozilla/5.0 (Windows NT 6.1; WOW64; rv:45.0) Gecko/20100101 Firefox/45.0"
35.185.93.16 - - [26/Apr/2024:22:41:00 +0000] "GET /hiring.html HTTP/1.0" 200 11993 "-" "ZoominfoBot (zoominfobot at zoominfo dot com)"
198.235.24.103 - - [26/Apr/2024:23:09:44 +0000] "GET / HTTP/1.1" 200 15142 "-" "Expanse, a Palo Alto Networks company, searches across the global IPv4 space multiple times per day to identify customers' presences on the Internet. If you would like to be excluded from our scans, please send IP addresses/domains to: scaninfo@paloaltonetworks.com"
35.185.93.16 - - [26/Apr/2024:23:14:25 +0000] "GET /values.html HTTP/1.0" 200 7537 "-" "ZoominfoBot (zoominfobot at zoominfo dot com)"
54.36.148.31 - - [26/Apr/2024:23:49:11 +0000] "GET /contactus.html HTTP/1.1" 200 2620 "-" "Mozilla/5.0 (compatible; AhrefsBot/7.0; +http://ahrefs.com/robot/)"
104.168.174.95 - - [26/Apr/2024:23:59:51 +0000] "GET /contactus.html HTTP/1.1" 200 2620 "-" "Mozilla/5.0 (Windows NT 10.0; WOW64) AppleWebKit/537.36 (KHTML, like Gecko) Chrome/114.0.0.0 YaBrowser/22.7.0 Yowser/2.5 Safari/537.36"
104.168.174.95 - - [26/Apr/2024:23:59:52 +0000] "POST /contact.php HTTP/1.1" 302 90 "http://achieveresourcing.com/contactus.html" "Mozilla/5.0 (Windows NT 10.0; WOW64) AppleWebKit/537.36 (KHTML, like Gecko) Chrome/114.0.0.0 YaBrowser/22.7.0 Yowser/2.5 Safari/537.36"
104.168.174.95 - - [26/Apr/2024:23:59:52 +0000] "GET /contactus.html HTTP/1.1" 200 2620 "http://achieveresourcing.com/contact.php" "Mozilla/5.0 (Windows NT 10.0; WOW64) AppleWebKit/537.36 (KHTML, like Gecko) Chrome/114.0.0.0 YaBrowser/22.7.0 Yowser/2.5 Safari/537.36"
34.74.48.0 - - [27/Apr/2024:00:07:52 +0000] "GET /robots.txt HTTP/1.0" 404 196 "-" "ZoominfoBot (zoominfobot at zoominfo dot com)"
34.74.48.0 - - [27/Apr/2024:00:07:52 +0000] "GET /values.html HTTP/1.0" 200 7537 "-" "ZoominfoBot (zoominfobot at zoominfo dot com)"
167.114.156.52 - - [27/Apr/2024:00:17:24 +0000] "GET / HTTP/1.1" 200 3398 "-" "8LEGS"
13.212.102.19 - - [27/Apr/2024:00:37:10 +0000] "GET /.well-known/acme-challenge/c4p5OirtbWnYbHNu5aj26afjcDuyulCAdhHECz-yfVw HTTP/1.1" 200 87 "-" "Mozilla/5.0 (compatible; Let's Encrypt validation server; +https://www.letsencrypt.org)"
16.16.219.52 - - [27/Apr/2024:00:37:10 +0000] "GET /.well-known/acme-challenge/c4p5OirtbWnYbHNu5aj26afjcDuyulCAdhHECz-yfVw HTTP/1.1" 200 87 "-" "Mozilla/5.0 (compatible; Let's Encrypt validation server; +https://www.letsencrypt.org)"
18.222.37.249 - - [27/Apr/2024:00:37:10 +0000] "GET /.well-known/acme-challenge/c4p5OirtbWnYbHNu5aj26afjcDuyulCAdhHECz-yfVw HTTP/1.1" 200 87 "-" "Mozilla/5.0 (compatible; Let's Encrypt validation server; +https://www.letsencrypt.org)"
23.178.112.209 - - [27/Apr/2024:00:37:10 +0000] "GET /.well-known/acme-challenge/c4p5OirtbWnYbHNu5aj26afjcDuyulCAdhHECz-yfVw HTTP/1.1" 200 87 "-" "Mozilla/5.0 (compatible; Let's Encrypt validation server; +https://www.letsencrypt.org)"
35.88.65.111 - - [27/Apr/2024:00:37:10 +0000] "GET /.well-known/acme-challenge/c4p5OirtbWnYbHNu5aj26afjcDuyulCAdhHECz-yfVw HTTP/1.1" 200 87 "-" "Mozilla/5.0 (compatible; Let's Encrypt validation server; +https://www.letsencrypt.org)"
13.212.102.19 - - [27/Apr/2024:00:37:14 +0000] "GET /.well-known/acme-challenge/_RE0-zepDgw7nNOo2DQpsfiNSHjds0YhPam6sicTtf0 HTTP/1.1" 200 87 "-" "Mozilla/5.0 (compatible; Let's Encrypt validation server; +https://www.letsencrypt.org)"
13.49.64.50 - - [27/Apr/2024:00:37:14 +0000] "GET /.well-known/acme-challenge/_RE0-zepDgw7nNOo2DQpsfiNSHjds0YhPam6sicTtf0 HTTP/1.1" 200 87 "-" "Mozilla/5.0 (compatible; Let's Encrypt validation server; +https://www.letsencrypt.org)"
35.88.65.111 - - [27/Apr/2024:00:37:14 +0000] "GET /.well-known/acme-challenge/_RE0-zepDgw7nNOo2DQpsfiNSHjds0YhPam6sicTtf0 HTTP/1.1" 200 87 "-" "Mozilla/5.0 (compatible; Let's Encrypt validation server; +https://www.letsencrypt.org)"
23.178.112.209 - - [27/Apr/2024:00:37:14 +0000] "GET /.well-known/acme-challenge/_RE0-zepDgw7nNOo2DQpsfiNSHjds0YhPam6sicTtf0 HTTP/1.1" 200 87 "-" "Mozilla/5.0 (compatible; Let's Encrypt validation server; +https://www.letsencrypt.org)"
18.222.37.249 - - [27/Apr/2024:00:37:14 +0000] "GET /.well-known/acme-challenge/_RE0-zepDgw7nNOo2DQpsfiNSHjds0YhPam6sicTtf0 HTTP/1.1" 200 87 "-" "Mozilla/5.0 (compatible; Let's Encrypt validation server; +https://www.letsencrypt.org)"
95.217.18.177 - - [27/Apr/2024:00:38:30 +0000] "GET / HTTP/1.1" 200 3398 "-" "Mozilla/5.0 (Windows NT 10.0; Win64; x64) AppleWebKit/537.36 (KHTML, like Gecko) Chrome/79.0.3945.130 Safari/537.36"
213.232.87.234 - - [27/Apr/2024:00:38:30 +0000] "GET /web.config HTTP/1.1" 404 196 "-" "Go-http-client/1.1"
213.232.87.234 - - [27/Apr/2024:00:38:30 +0000] "GET /config.yml HTTP/1.1" 404 196 "-" "Go-http-client/1.1"
213.232.87.234 - - [27/Apr/2024:00:38:30 +0000] "GET /backup.sql HTTP/1.1" 404 196 "-" "Go-http-client/1.1"
213.232.87.234 - - [27/Apr/2024:00:38:30 +0000] "GET /feed HTTP/1.1" 404 196 "-" "Go-http-client/1.1"
213.232.87.234 - - [27/Apr/2024:00:38:30 +0000] "GET /.env.production HTTP/1.1" 404 196 "-" "Go-http-client/1.1"
213.232.87.234 - - [27/Apr/2024:00:38:30 +0000] "GET /wp-admin/setup-config.php HTTP/1.1" 404 196 "-" "Go-http-client/1.1"
213.232.87.234 - - [27/Apr/2024:00:38:31 +0000] "GET /.env HTTP/1.1" 404 196 "-" "Go-http-client/1.1"
213.232.87.234 - - [27/Apr/2024:00:38:31 +0000] "GET /config.yml HTTP/1.1" 404 196 "-" "Go-http-client/1.1"
213.232.87.234 - - [27/Apr/2024:00:38:31 +0000] "GET / HTTP/1.1" 200 3398 "-" "Go-http-client/1.1"
213.232.87.234 - - [27/Apr/2024:00:38:31 +0000] "GET /config.php HTTP/1.1" 404 196 "-" "Go-http-client/1.1"
213.232.87.234 - - [27/Apr/2024:00:38:31 +0000] "GET /backup.tar.gz HTTP/1.1" 404 196 "-" "Go-http-client/1.1"
213.232.87.234 - - [27/Apr/2024:00:38:31 +0000] "GET /dump.sql HTTP/1.1" 404 196 "-" "Go-http-client/1.1"
213.232.87.234 - - [27/Apr/2024:00:38:31 +0000] "GET /.ssh/id_rsa HTTP/1.1" 404 196 "-" "Go-http-client/1.1"
213.232.87.234 - - [27/Apr/2024:00:38:31 +0000] "GET /.git/HEAD HTTP/1.1" 403 153 "-" "Go-http-client/1.1"
213.232.87.234 - - [27/Apr/2024:00:38:31 +0000] "GET /config.xml HTTP/1.1" 404 196 "-" "Go-http-client/1.1"
213.232.87.234 - - [27/Apr/2024:00:38:31 +0000] "GET /backup.zip HTTP/1.1" 404 196 "-" "Go-http-client/1.1"
46.101.111.185 - - [27/Apr/2024:00:38:38 +0000] "GET / HTTP/1.1" 200 15142 "-" "-"
165.227.173.41 - - [27/Apr/2024:00:38:38 +0000] "GET / HTTP/1.1" 200 15142 "-" "-"
139.162.141.82 - - [27/Apr/2024:00:38:38 +0000] "GET / HTTP/1.1" 200 15142 "-" "-"
64.227.70.2 - - [27/Apr/2024:00:38:38 +0000] "GET / HTTP/1.1" 200 15142 "-" "-"
46.101.111.185 - - [27/Apr/2024:00:38:38 +0000] "GET / HTTP/1.1" 200 15142 "-" "Mozilla/5.0 (Linux; Android 6.0; HTC One M9 Build/MRA497214) AppleWebKit/537.36 (KHTML, like Gecko) Chrome/52.0.2783.98 Mobile Safari/537.3"
64.227.70.2 - - [27/Apr/2024:00:38:38 +0000] "GET / HTTP/1.1" 200 15142 "-" "Mozilla/5.0 (Linux; Android 6.0; HTC One M9 Build/MRA497214) AppleWebKit/537.36 (KHTML, like Gecko) Chrome/52.0.2783.98 Mobile Safari/537.3"
46.101.111.185 - - [27/Apr/2024:00:38:38 +0000] "GET /server HTTP/1.1" 404 196 "-" "Go-http-client/1.1"
64.227.70.2 - - [27/Apr/2024:00:38:38 +0000] "GET /server HTTP/1.1" 404 196 "-" "Go-http-client/1.1"
46.101.111.185 - - [27/Apr/2024:00:38:38 +0000] "GET /.vscode/sftp.json HTTP/1.1" 404 196 "-" "Go-http-client/1.1"
64.227.70.2 - - [27/Apr/2024:00:38:38 +0000] "GET /.vscode/sftp.json HTTP/1.1" 404 196 "-" "Go-http-client/1.1"
46.101.111.185 - - [27/Apr/2024:00:38:39 +0000] "GET /about HTTP/1.1" 404 196 "-" "Go-http-client/1.1"
64.227.70.2 - - [27/Apr/2024:00:38:39 +0000] "GET /about HTTP/1.1" 404 196 "-" "Go-http-client/1.1"
46.101.111.185 - - [27/Apr/2024:00:38:39 +0000] "GET /debug/default/view?panel=config HTTP/1.1" 404 196 "-" "Go-http-client/1.1"
64.227.70.2 - - [27/Apr/2024:00:38:39 +0000] "GET /debug/default/view?panel=config HTTP/1.1" 404 196 "-" "Go-http-client/1.1"
46.101.111.185 - - [27/Apr/2024:00:38:39 +0000] "GET /v2/_catalog HTTP/1.1" 404 196 "-" "Go-http-client/1.1"
46.101.111.185 - - [27/Apr/2024:00:38:39 +0000] "GET /ecp/Current/exporttool/microsoft.exchange.ediscovery.exporttool.application HTTP/1.1" 404 196 "-" "Go-http-client/1.1"
64.227.70.2 - - [27/Apr/2024:00:38:39 +0000] "GET /v2/_catalog HTTP/1.1" 404 196 "-" "Go-http-client/1.1"
64.227.70.2 - - [27/Apr/2024:00:38:40 +0000] "GET /ecp/Current/exporttool/microsoft.exchange.ediscovery.exporttool.application HTTP/1.1" 404 196 "-" "Go-http-client/1.1"
46.101.111.185 - - [27/Apr/2024:00:38:40 +0000] "GET /server-status HTTP/1.1" 403 199 "-" "Go-http-client/1.1"
46.101.111.185 - - [27/Apr/2024:00:38:40 +0000] "GET /login.action HTTP/1.1" 404 196 "-" "Go-http-client/1.1"
64.227.70.2 - - [27/Apr/2024:00:38:40 +0000] "GET /server-status HTTP/1.1" 403 199 "-" "Go-http-client/1.1"
46.101.111.185 - - [27/Apr/2024:00:38:40 +0000] "GET /_all_dbs HTTP/1.1" 404 196 "-" "Mozilla/5.0 (l9scan/2.0.834313e2039313e2233323e2536313; +https://leakix.net)"
64.227.70.2 - - [27/Apr/2024:00:38:40 +0000] "GET /login.action HTTP/1.1" 404 196 "-" "Go-http-client/1.1"
46.101.111.185 - - [27/Apr/2024:00:38:41 +0000] "GET /.DS_Store HTTP/1.1" 404 196 "-" "Go-http-client/1.1"
165.227.173.41 - - [27/Apr/2024:00:38:41 +0000] "GET / HTTP/1.1" 200 15142 "-" "Mozilla/5.0 (Linux; Android 6.0; HTC One M9 Build/MRA497214) AppleWebKit/537.36 (KHTML, like Gecko) Chrome/52.0.2783.98 Mobile Safari/537.3"
64.227.70.2 - - [27/Apr/2024:00:38:41 +0000] "GET /_all_dbs HTTP/1.1" 404 196 "-" "Mozilla/5.0 (l9scan/2.0.834313e2039313e2233323e2536313; +https://leakix.net)"
46.101.111.185 - - [27/Apr/2024:00:38:41 +0000] "GET /.env HTTP/1.1" 404 196 "-" "Go-http-client/1.1"
64.227.70.2 - - [27/Apr/2024:00:38:41 +0000] "GET /.DS_Store HTTP/1.1" 404 196 "-" "Go-http-client/1.1"
139.162.141.82 - - [27/Apr/2024:00:38:41 +0000] "GET / HTTP/1.1" 200 15142 "-" "Mozilla/5.0 (Linux; Android 6.0; HTC One M9 Build/MRA497214) AppleWebKit/537.36 (KHTML, like Gecko) Chrome/52.0.2783.98 Mobile Safari/537.3"
46.101.111.185 - - [27/Apr/2024:00:38:41 +0000] "GET /.git/config HTTP/1.1" 403 153 "-" "Go-http-client/1.1"
165.227.173.41 - - [27/Apr/2024:00:38:41 +0000] "GET /server HTTP/1.1" 404 196 "-" "Go-http-client/1.1"
64.227.70.2 - - [27/Apr/2024:00:38:41 +0000] "GET /.env HTTP/1.1" 404 196 "-" "Go-http-client/1.1"
46.101.111.185 - - [27/Apr/2024:00:38:41 +0000] "GET /s/834313e2039313e2233323e2536313/_/;/META-INF/maven/com.atlassian.jira/jira-webapp-dist/pom.properties HTTP/1.1" 404 196 "-" "Go-http-client/1.1"
165.227.173.41 - - [27/Apr/2024:00:38:42 +0000] "GET /.vscode/sftp.json HTTP/1.1" 404 196 "-" "Go-http-client/1.1"
46.101.111.185 - - [27/Apr/2024:00:38:42 +0000] "GET /config.json HTTP/1.1" 404 196 "-" "Go-http-client/1.1"
64.227.70.2 - - [27/Apr/2024:00:38:42 +0000] "GET /.git/config HTTP/1.1" 403 153 "-" "Go-http-client/1.1"
139.162.141.82 - - [27/Apr/2024:00:38:42 +0000] "GET /server HTTP/1.1" 404 196 "-" "Go-http-client/1.1"
46.101.111.185 - - [27/Apr/2024:00:38:42 +0000] "GET /telescope/requests HTTP/1.1" 404 196 "-" "Go-http-client/1.1"
64.227.70.2 - - [27/Apr/2024:00:38:42 +0000] "GET /s/834313e2039313e2233323e2536313/_/;/META-INF/maven/com.atlassian.jira/jira-webapp-dist/pom.properties HTTP/1.1" 404 196 "-" "Go-http-client/1.1"
165.227.173.41 - - [27/Apr/2024:00:38:42 +0000] "GET /about HTTP/1.1" 404 196 "-" "Go-http-client/1.1"
139.162.141.82 - - [27/Apr/2024:00:38:42 +0000] "GET /.vscode/sftp.json HTTP/1.1" 404 196 "-" "Go-http-client/1.1"
46.101.111.185 - - [27/Apr/2024:00:38:42 +0000] "GET /?rest_route=/wp/v2/users/ HTTP/1.1" 200 3398 "-" "Go-http-client/1.1"
64.227.70.2 - - [27/Apr/2024:00:38:42 +0000] "GET /config.json HTTP/1.1" 404 196 "-" "Go-http-client/1.1"
165.227.173.41 - - [27/Apr/2024:00:38:42 +0000] "GET /debug/default/view?panel=config HTTP/1.1" 404 196 "-" "Go-http-client/1.1"
64.227.70.2 - - [27/Apr/2024:00:38:43 +0000] "GET /telescope/requests HTTP/1.1" 404 196 "-" "Go-http-client/1.1"
139.162.141.82 - - [27/Apr/2024:00:38:43 +0000] "GET /about HTTP/1.1" 404 196 "-" "Go-http-client/1.1"
165.227.173.41 - - [27/Apr/2024:00:38:43 +0000] "GET /v2/_catalog HTTP/1.1" 404 196 "-" "Go-http-client/1.1"
64.227.70.2 - - [27/Apr/2024:00:38:43 +0000] "GET /?rest_route=/wp/v2/users/ HTTP/1.1" 200 3398 "-" "Go-http-client/1.1"
146.70.168.142 - - [27/Apr/2024:00:38:43 +0000] "GET / HTTP/1.1" 200 3398 "-" "Mozilla/5.0 (Windows NT 10.0; Win64; x64) AppleWebKit/537.36 (KHTML, like Gecko) Chrome/110.0.0.0 Safari/537.36"
139.162.141.82 - - [27/Apr/2024:00:38:43 +0000] "GET /debug/default/view?panel=config HTTP/1.1" 404 196 "-" "Go-http-client/1.1"
146.70.168.142 - - [27/Apr/2024:00:38:43 +0000] "GET /favicon.ico HTTP/1.1" 404 196 "-" "Mozilla/5.0 (Windows NT 10.0; Win64; x64) AppleWebKit/537.36 (KHTML, like Gecko) Chrome/110.0.0.0 Safari/537.36"
165.227.173.41 - - [27/Apr/2024:00:38:43 +0000] "GET /ecp/Current/exporttool/microsoft.exchange.ediscovery.exporttool.application HTTP/1.1" 404 196 "-" "Go-http-client/1.1"
139.162.141.82 - - [27/Apr/2024:00:38:43 +0000] "GET /v2/_catalog HTTP/1.1" 404 196 "-" "Go-http-client/1.1"
165.227.173.41 - - [27/Apr/2024:00:38:44 +0000] "GET /server-status HTTP/1.1" 403 199 "-" "Go-http-client/1.1"
139.162.141.82 - - [27/Apr/2024:00:38:44 +0000] "GET /ecp/Current/exporttool/microsoft.exchange.ediscovery.exporttool.application HTTP/1.1" 404 196 "-" "Go-http-client/1.1"
165.227.173.41 - - [27/Apr/2024:00:38:44 +0000] "GET /login.action HTTP/1.1" 404 196 "-" "Go-http-client/1.1"
139.162.141.82 - - [27/Apr/2024:00:38:44 +0000] "GET /server-status HTTP/1.1" 403 199 "-" "Go-http-client/1.1"
165.227.173.41 - - [27/Apr/2024:00:38:45 +0000] "GET /_all_dbs HTTP/1.1" 404 196 "-" "Mozilla/5.0 (l9scan/2.0.834313e2039313e2233323e2536313; +https://leakix.net)"
139.162.141.82 - - [27/Apr/2024:00:38:45 +0000] "GET /login.action HTTP/1.1" 404 196 "-" "Go-http-client/1.1"
165.227.173.41 - - [27/Apr/2024:00:38:45 +0000] "GET /.DS_Store HTTP/1.1" 404 196 "-" "Go-http-client/1.1"
139.162.141.82 - - [27/Apr/2024:00:38:45 +0000] "GET /_all_dbs HTTP/1.1" 404 196 "-" "Mozilla/5.0 (l9scan/2.0.834313e2039313e2233323e2536313; +https://leakix.net)"
165.227.173.41 - - [27/Apr/2024:00:38:45 +0000] "GET /.env HTTP/1.1" 404 196 "-" "Go-http-client/1.1"
139.162.141.82 - - [27/Apr/2024:00:38:46 +0000] "GET /.DS_Store HTTP/1.1" 404 196 "-" "Go-http-client/1.1"
165.227.173.41 - - [27/Apr/2024:00:38:46 +0000] "GET /.git/config HTTP/1.1" 403 153 "-" "Go-http-client/1.1"
139.162.141.82 - - [27/Apr/2024:00:38:46 +0000] "GET /.env HTTP/1.1" 404 196 "-" "Go-http-client/1.1"
165.227.173.41 - - [27/Apr/2024:00:38:46 +0000] "GET /s/834313e2039313e2233323e2536313/_/;/META-INF/maven/com.atlassian.jira/jira-webapp-dist/pom.properties HTTP/1.1" 404 196 "-" "Go-http-client/1.1"
205.169.39.189 - - [27/Apr/2024:00:38:46 +0000] "GET / HTTP/1.1" 200 3398 "-" "Mozilla/5.0 (Windows NT 6.1; Win64; x64) AppleWebKit/537.36 (KHTML, like Gecko) Chrome/83.0.4103.61 Safari/537.36"
139.162.141.82 - - [27/Apr/2024:00:38:47 +0000] "GET /.git/config HTTP/1.1" 403 153 "-" "Go-http-client/1.1"
165.227.173.41 - - [27/Apr/2024:00:38:47 +0000] "GET /config.json HTTP/1.1" 404 196 "-" "Go-http-client/1.1"
139.162.141.82 - - [27/Apr/2024:00:38:47 +0000] "GET /s/834313e2039313e2233323e2536313/_/;/META-INF/maven/com.atlassian.jira/jira-webapp-dist/pom.properties HTTP/1.1" 404 196 "-" "Go-http-client/1.1"
165.227.173.41 - - [27/Apr/2024:00:38:47 +0000] "GET /telescope/requests HTTP/1.1" 404 196 "-" "Go-http-client/1.1"
139.162.141.82 - - [27/Apr/2024:00:38:47 +0000] "GET /config.json HTTP/1.1" 404 196 "-" "Go-http-client/1.1"
165.227.173.41 - - [27/Apr/2024:00:38:47 +0000] "GET /?rest_route=/wp/v2/users/ HTTP/1.1" 200 3398 "-" "Go-http-client/1.1"
139.162.141.82 - - [27/Apr/2024:00:38:48 +0000] "GET /telescope/requests HTTP/1.1" 404 196 "-" "Go-http-client/1.1"
139.162.141.82 - - [27/Apr/2024:00:38:48 +0000] "GET /?rest_route=/wp/v2/users/ HTTP/1.1" 200 3398 "-" "Go-http-client/1.1"
205.169.39.189 - - [27/Apr/2024:00:38:50 +0000] "GET /assets/js/purpose.core.js HTTP/1.1" 200 61829 "http://achieveresourcing.com/" "Mozilla/5.0 (Windows NT 6.1; Win64; x64) AppleWebKit/537.36 (KHTML, like Gecko) Chrome/83.0.4103.61 Safari/537.36"
205.169.39.189 - - [27/Apr/2024:00:38:52 +0000] "GET /assets/libs/swiper/dist/js/swiper.min.js HTTP/1.1" 200 32839 "http://achieveresourcing.com/" "Mozilla/5.0 (Windows NT 6.1; Win64; x64) AppleWebKit/537.36 (KHTML, like Gecko) Chrome/83.0.4103.61 Safari/537.36"
205.169.39.189 - - [27/Apr/2024:00:38:53 +0000] "GET /assets/libs/@fancyapps/fancybox/dist/jquery.fancybox.min.js HTTP/1.1" 200 22010 "http://achieveresourcing.com/" "Mozilla/5.0 (Windows NT 6.1; Win64; x64) AppleWebKit/537.36 (KHTML, like Gecko) Chrome/83.0.4103.61 Safari/537.36"
205.169.39.189 - - [27/Apr/2024:00:38:54 +0000] "GET /assets/js/purpose.js HTTP/1.1" 200 7111 "http://achieveresourcing.com/" "Mozilla/5.0 (Windows NT 6.1; Win64; x64) AppleWebKit/537.36 (KHTML, like Gecko) Chrome/83.0.4103.61 Safari/537.36"
205.169.39.189 - - [27/Apr/2024:00:38:54 +0000] "GET /assets/img/svg/backgrounds/light-texture.svg HTTP/1.1" 200 539 "http://achieveresourcing.com/" "Mozilla/5.0 (Windows NT 6.1; Win64; x64) AppleWebKit/537.36 (KHTML, like Gecko) Chrome/83.0.4103.61 Safari/537.36"
205.169.39.189 - - [27/Apr/2024:00:38:54 +0000] "GET /assets/js/demo.js HTTP/1.1" 200 776 "http://achieveresourcing.com/" "Mozilla/5.0 (Windows NT 6.1; Win64; x64) AppleWebKit/537.36 (KHTML, like Gecko) Chrome/83.0.4103.61 Safari/537.36"
195.211.77.140 - - [27/Apr/2024:00:38:56 +0000] "HEAD / HTTP/1.1" 200 0 "-" "Mozilla/5.0 (Windows NT 10.0; Win64; x64) AppleWebKit/537.36 (KHTML, like Gecko) Chrome/108.0.0.0 Safari/537.36"
205.169.39.189 - - [27/Apr/2024:00:38:58 +0000] "GET / HTTP/1.1" 200 3398 "-" "Mozilla/5.0 (Windows NT 10.0; Win64; x64) AppleWebKit/537.36 (KHTML, like Gecko) Chrome/79.0.3945.79 Safari/537.36"
205.169.39.189 - - [27/Apr/2024:00:38:58 +0000] "GET /assets/libs/@fortawesome/fontawesome-free/css/all.min.css HTTP/1.1" 200 11826 "http://achieveresourcing.com/" "Mozilla/5.0 (Windows NT 10.0; Win64; x64) AppleWebKit/537.36 (KHTML, like Gecko) Chrome/79.0.3945.79 Safari/537.36"
205.169.39.189 - - [27/Apr/2024:00:38:58 +0000] "GET /assets/libs/animate.css/animate.min.css HTTP/1.1" 200 4339 "http://achieveresourcing.com/" "Mozilla/5.0 (Windows NT 10.0; Win64; x64) AppleWebKit/537.36 (KHTML, like Gecko) Chrome/79.0.3945.79 Safari/537.36"
205.169.39.189 - - [27/Apr/2024:00:38:58 +0000] "GET /assets/libs/@fancyapps/fancybox/dist/jquery.fancybox.min.css HTTP/1.1" 200 3108 "http://achieveresourcing.com/" "Mozilla/5.0 (Windows NT 10.0; Win64; x64) AppleWebKit/537.36 (KHTML, like Gecko) Chrome/79.0.3945.79 Safari/537.36"
205.169.39.189 - - [27/Apr/2024:00:38:58 +0000] "GET /assets/libs/swiper/dist/css/swiper.min.css HTTP/1.1" 200 3071 "http://achieveresourcing.com/" "Mozilla/5.0 (Windows NT 10.0; Win64; x64) AppleWebKit/537.36 (KHTML, like Gecko) Chrome/79.0.3945.79 Safari/537.36"
205.169.39.189 - - [27/Apr/2024:00:38:58 +0000] "GET /assets/libs/@fancyapps/fancybox/dist/jquery.fancybox.min.js HTTP/1.1" 200 22010 "http://achieveresourcing.com/" "Mozilla/5.0 (Windows NT 10.0; Win64; x64) AppleWebKit/537.36 (KHTML, like Gecko) Chrome/79.0.3945.79 Safari/537.36"
205.169.39.189 - - [27/Apr/2024:00:38:58 +0000] "GET /assets/libs/swiper/dist/js/swiper.min.js HTTP/1.1" 200 32839 "http://achieveresourcing.com/" "Mozilla/5.0 (Windows NT 10.0; Win64; x64) AppleWebKit/537.36 (KHTML, like Gecko) Chrome/79.0.3945.79 Safari/537.36"
205.169.39.189 - - [27/Apr/2024:00:38:58 +0000] "GET /assets/js/demo.js HTTP/1.1" 200 776 "http://achieveresourcing.com/" "Mozilla/5.0 (Windows NT 10.0; Win64; x64) AppleWebKit/537.36 (KHTML, like Gecko) Chrome/79.0.3945.79 Safari/537.36"
205.169.39.189 - - [27/Apr/2024:00:38:58 +0000] "GET /assets/js/purpose.js HTTP/1.1" 200 7111 "http://achieveresourcing.com/" "Mozilla/5.0 (Windows NT 10.0; Win64; x64) AppleWebKit/537.36 (KHTML, like Gecko) Chrome/79.0.3945.79 Safari/537.36"
205.169.39.189 - - [27/Apr/2024:00:38:59 +0000] "GET /assets/img/achieve.png HTTP/1.1" 200 10921 "http://achieveresourcing.com/" "Mozilla/5.0 (Windows NT 10.0; Win64; x64) AppleWebKit/537.36 (KHTML, like Gecko) Chrome/79.0.3945.79 Safari/537.36"
205.169.39.189 - - [27/Apr/2024:00:38:59 +0000] "GET /assets/img/svg/backgrounds/light-texture.svg HTTP/1.1" 200 539 "http://achieveresourcing.com/" "Mozilla/5.0 (Windows NT 10.0; Win64; x64) AppleWebKit/537.36 (KHTML, like Gecko) Chrome/79.0.3945.79 Safari/537.36"
205.169.39.189 - - [27/Apr/2024:00:38:59 +0000] "GET /assets/js/purpose.core.js HTTP/1.1" 200 61829 "http://achieveresourcing.com/" "Mozilla/5.0 (Windows NT 10.0; Win64; x64) AppleWebKit/537.36 (KHTML, like Gecko) Chrome/79.0.3945.79 Safari/537.36"
205.169.39.189 - - [27/Apr/2024:00:38:59 +0000] "GET /assets/css/purpose.css HTTP/1.1" 200 66594 "http://achieveresourcing.com/" "Mozilla/5.0 (Windows NT 10.0; Win64; x64) AppleWebKit/537.36 (KHTML, like Gecko) Chrome/79.0.3945.79 Safari/537.36"
205.169.39.189 - - [27/Apr/2024:00:39:00 +0000] "GET /assets/libs/@fortawesome/fontawesome-free/webfonts/fa-regular-400.woff2 HTTP/1.1" 200 13592 "http://achieveresourcing.com/assets/libs/@fortawesome/fontawesome-free/css/all.min.css" "Mozilla/5.0 (Windows NT 10.0; Win64; x64) AppleWebKit/537.36 (KHTML, like Gecko) Chrome/79.0.3945.79 Safari/537.36"
205.169.39.189 - - [27/Apr/2024:00:39:00 +0000] "GET /assets/libs/@fortawesome/fontawesome-free/webfonts/fa-brands-400.woff2 HTTP/1.1" 200 72112 "http://achieveresourcing.com/assets/libs/@fortawesome/fontawesome-free/css/all.min.css" "Mozilla/5.0 (Windows NT 10.0; Win64; x64) AppleWebKit/537.36 (KHTML, like Gecko) Chrome/79.0.3945.79 Safari/537.36"
205.169.39.189 - - [27/Apr/2024:00:39:01 +0000] "GET /assets/libs/@fortawesome/fontawesome-free/webfonts/fa-solid-900.woff2 HTTP/1.1" 200 74348 "http://achieveresourcing.com/assets/libs/@fortawesome/fontawesome-free/css/all.min.css" "Mozilla/5.0 (Windows NT 10.0; Win64; x64) AppleWebKit/537.36 (KHTML, like Gecko) Chrome/79.0.3945.79 Safari/537.36"
142.171.57.148 - - [27/Apr/2024:00:39:06 +0000] "GET /api/recpaymentresult HTTP/1.1" 404 196 "-" "python-requests/2.25.1"
195.211.77.142 - - [27/Apr/2024:00:39:08 +0000] "GET / HTTP/1.1" 200 3398 "-" "Mozilla/5.0 (Windows NT 10.0; Win64; x64) AppleWebKit/537.36 (KHTML, like Gecko) Chrome/108.0.0.0 Safari/537.36"
205.169.39.189 - - [27/Apr/2024:00:39:26 +0000] "GET /assets/img/AboutUs1.jpg HTTP/1.1" 200 2768971 "http://achieveresourcing.com/" "Mozilla/5.0 (Windows NT 10.0; Win64; x64) AppleWebKit/537.36 (KHTML, like Gecko) Chrome/79.0.3945.79 Safari/537.36"
179.43.169.181 - - [27/Apr/2024:00:39:48 +0000] "GET / HTTP/1.1" 200 15142 "-" "Mozilla/5.0 (X11; Linux i686; rv:10.0) Gecko/20100101 Firefox/10.0"
179.43.169.181 - - [27/Apr/2024:00:41:46 +0000] "GET / HTTP/1.1" 200 15142 "-" "Mozilla/5.0 (X11; Linux i686; rv:10.0) Gecko/20100101 Firefox/10.0"
65.154.226.166 - - [27/Apr/2024:00:47:41 +0000] "GET / HTTP/1.1" 200 3398 "-" "Mozilla/5.0 (Windows NT 10.0; Win64; x64) AppleWebKit/537.36 (KHTML, like Gecko) Chrome/117.0.5938.132 Safari/537.36"
65.154.226.166 - - [27/Apr/2024:00:47:45 +0000] "GET /assets/libs/animate.css/animate.min.css HTTP/1.1" 200 4339 "http://achieveresourcing.com/" "Mozilla/5.0 (Windows NT 10.0; Win64; x64) AppleWebKit/537.36 (KHTML, like Gecko) Chrome/117.0.5938.132 Safari/537.36"
65.154.226.166 - - [27/Apr/2024:00:47:45 +0000] "GET /assets/libs/@fortawesome/fontawesome-free/css/all.min.css HTTP/1.1" 200 11826 "http://achieveresourcing.com/" "Mozilla/5.0 (Windows NT 10.0; Win64; x64) AppleWebKit/537.36 (KHTML, like Gecko) Chrome/117.0.5938.132 Safari/537.36"
65.154.226.166 - - [27/Apr/2024:00:47:46 +0000] "GET /assets/libs/swiper/dist/css/swiper.min.css HTTP/1.1" 200 3071 "http://achieveresourcing.com/" "Mozilla/5.0 (Windows NT 10.0; Win64; x64) AppleWebKit/537.36 (KHTML, like Gecko) Chrome/117.0.5938.132 Safari/537.36"
65.154.226.166 - - [27/Apr/2024:00:47:46 +0000] "GET /assets/libs/@fancyapps/fancybox/dist/jquery.fancybox.min.css HTTP/1.1" 200 3108 "http://achieveresourcing.com/" "Mozilla/5.0 (Windows NT 10.0; Win64; x64) AppleWebKit/537.36 (KHTML, like Gecko) Chrome/117.0.5938.132 Safari/537.36"
65.154.226.166 - - [27/Apr/2024:00:47:46 +0000] "GET /assets/img/svg/backgrounds/light-texture.svg HTTP/1.1" 200 539 "http://achieveresourcing.com/" "Mozilla/5.0 (Windows NT 10.0; Win64; x64) AppleWebKit/537.36 (KHTML, like Gecko) Chrome/117.0.5938.132 Safari/537.36"
65.154.226.166 - - [27/Apr/2024:00:47:46 +0000] "GET /assets/img/achieve.png HTTP/1.1" 200 10921 "http://achieveresourcing.com/" "Mozilla/5.0 (Windows NT 10.0; Win64; x64) AppleWebKit/537.36 (KHTML, like Gecko) Chrome/117.0.5938.132 Safari/537.36"
65.154.226.166 - - [27/Apr/2024:00:47:46 +0000] "GET /assets/js/purpose.core.js HTTP/1.1" 200 61829 "http://achieveresourcing.com/" "Mozilla/5.0 (Windows NT 10.0; Win64; x64) AppleWebKit/537.36 (KHTML, like Gecko) Chrome/117.0.5938.132 Safari/537.36"
65.154.226.166 - - [27/Apr/2024:00:47:46 +0000] "GET /assets/css/purpose.css HTTP/1.1" 200 66594 "http://achieveresourcing.com/" "Mozilla/5.0 (Windows NT 10.0; Win64; x64) AppleWebKit/537.36 (KHTML, like Gecko) Chrome/117.0.5938.132 Safari/537.36"
65.154.226.166 - - [27/Apr/2024:00:47:47 +0000] "GET /assets/libs/swiper/dist/js/swiper.min.js HTTP/1.1" 200 32839 "http://achieveresourcing.com/" "Mozilla/5.0 (Windows NT 10.0; Win64; x64) AppleWebKit/537.36 (KHTML, like Gecko) Chrome/117.0.5938.132 Safari/537.36"
65.154.226.166 - - [27/Apr/2024:00:47:47 +0000] "GET /assets/libs/@fancyapps/fancybox/dist/jquery.fancybox.min.js HTTP/1.1" 200 22010 "http://achieveresourcing.com/" "Mozilla/5.0 (Windows NT 10.0; Win64; x64) AppleWebKit/537.36 (KHTML, like Gecko) Chrome/117.0.5938.132 Safari/537.36"
65.154.226.166 - - [27/Apr/2024:00:47:47 +0000] "GET /assets/js/purpose.js HTTP/1.1" 200 7111 "http://achieveresourcing.com/" "Mozilla/5.0 (Windows NT 10.0; Win64; x64) AppleWebKit/537.36 (KHTML, like Gecko) Chrome/117.0.5938.132 Safari/537.36"
65.154.226.166 - - [27/Apr/2024:00:47:47 +0000] "GET /assets/js/demo.js HTTP/1.1" 200 776 "http://achieveresourcing.com/" "Mozilla/5.0 (Windows NT 10.0; Win64; x64) AppleWebKit/537.36 (KHTML, like Gecko) Chrome/117.0.5938.132 Safari/537.36"
65.154.226.166 - - [27/Apr/2024:00:47:47 +0000] "GET /assets/libs/@fortawesome/fontawesome-free/webfonts/fa-regular-400.woff2 HTTP/1.1" 200 13592 "http://achieveresourcing.com/assets/libs/@fortawesome/fontawesome-free/css/all.min.css" "Mozilla/5.0 (Windows NT 10.0; Win64; x64) AppleWebKit/537.36 (KHTML, like Gecko) Chrome/117.0.5938.132 Safari/537.36"
65.154.226.166 - - [27/Apr/2024:00:47:47 +0000] "GET /assets/libs/@fortawesome/fontawesome-free/webfonts/fa-solid-900.woff2 HTTP/1.1" 200 74348 "http://achieveresourcing.com/assets/libs/@fortawesome/fontawesome-free/css/all.min.css" "Mozilla/5.0 (Windows NT 10.0; Win64; x64) AppleWebKit/537.36 (KHTML, like Gecko) Chrome/117.0.5938.132 Safari/537.36"
65.154.226.166 - - [27/Apr/2024:00:47:49 +0000] "GET /assets/img/svg/backgrounds/light-texture.svg HTTP/1.1" 200 539 "http://achieveresourcing.com/" "Mozilla/5.0 (Windows NT 10.0; Win64; x64) AppleWebKit/537.36 (KHTML, like Gecko) Chrome/117.0.5938.132 Safari/537.36"
65.154.226.166 - - [27/Apr/2024:00:47:50 +0000] "GET /assets/libs/@fortawesome/fontawesome-free/webfonts/fa-brands-400.woff2 HTTP/1.1" 200 72112 "http://achieveresourcing.com/assets/libs/@fortawesome/fontawesome-free/css/all.min.css" "Mozilla/5.0 (Windows NT 10.0; Win64; x64) AppleWebKit/537.36 (KHTML, like Gecko) Chrome/117.0.5938.132 Safari/537.36"
65.154.226.166 - - [27/Apr/2024:00:47:54 +0000] "GET /assets/img/AboutUs1.jpg HTTP/1.1" 200 4615729 "http://achieveresourcing.com/" "Mozilla/5.0 (Windows NT 10.0; Win64; x64) AppleWebKit/537.36 (KHTML, like Gecko) Chrome/117.0.5938.132 Safari/537.36"
185.139.70.209 - - [27/Apr/2024:00:50:08 +0000] "GET / HTTP/1.1" 200 3398 "https://srv.surge.sh" "Mozilla/5.0 (Windows NT 10.0; Win64; x64; rv:125.0) Gecko/20100101 Firefox/125.0"
35.237.71.149 - - [27/Apr/2024:01:11:58 +0000] "GET /robots.txt HTTP/1.0" 404 196 "-" "ZoominfoBot (zoominfobot at zoominfo dot com)"
35.237.71.149 - - [27/Apr/2024:01:11:58 +0000] "GET /values.html HTTP/1.0" 200 7537 "-" "ZoominfoBot (zoominfobot at zoominfo dot com)"
64.23.155.28 - - [27/Apr/2024:01:15:49 +0000] "GET /wp-content/plugins/userpro/css/userpro.min.css HTTP/1.1" 404 196 "www.google.com" "Mozilla/6.4 (Windows NT 11.1) Gecko/2010102 Firefox/99.0"
64.23.155.28 - - [27/Apr/2024:01:15:49 +0000] "GET /wp-content/plugins/userpro/css/userpro.min.css HTTP/1.1" 404 196 "www.google.com" "Mozilla/6.4 (Windows NT 11.1) Gecko/2010102 Firefox/99.0"
91.92.254.200 - - [27/Apr/2024:01:16:55 +0000] "GET //wp-content/plugins/fix/up.php HTTP/1.1" 404 196 "-" "Mozilla/5.0 (Windows NT 10.0; Win64; x64) AppleWebKit/537.36 (KHTML, like Gecko) Chrome/85.0.4183.102 Safari/537.36"
101.44.163.232 - - [27/Apr/2024:01:24:18 +0000] "GET /staffing.html HTTP/1.1" 200 2723 "-" "Mozilla/5.0 (Windows NT 10.0; Win64; x64) AppleWebKit/537.36 (KHTML, like Gecko) Chrome/104.0.0.0 Safari/537.36"
91.92.255.86 - - [27/Apr/2024:01:47:02 +0000] "GET //wp-content/plugins/fix/up.php HTTP/1.1" 404 196 "-" "Mozilla/5.0 (Windows NT 10.0; Win64; x64) AppleWebKit/537.36 (KHTML, like Gecko) Chrome/85.0.4183.102 Safari/537.36"
40.77.167.93 - - [27/Apr/2024:01:54:50 +0000] "GET /robots.txt HTTP/1.1" 404 196 "-" "Mozilla/5.0 AppleWebKit/537.36 (KHTML, like Gecko; compatible; bingbot/2.0; +http://www.bing.com/bingbot.htm) Chrome/116.0.1938.76 Safari/537.36"
40.77.167.59 - - [27/Apr/2024:01:55:03 +0000] "GET /career.php HTTP/1.1" 200 189 "-" "Mozilla/5.0 AppleWebKit/537.36 (KHTML, like Gecko; compatible; bingbot/2.0; +http://www.bing.com/bingbot.htm) Chrome/116.0.1938.76 Safari/537.36"
35.196.200.176 - - [27/Apr/2024:01:55:38 +0000] "GET /robots.txt HTTP/1.0" 404 196 "-" "ZoominfoBot (zoominfobot at zoominfo dot com)"
35.196.200.176 - - [27/Apr/2024:01:55:38 +0000] "GET /values.html HTTP/1.0" 200 7537 "-" "ZoominfoBot (zoominfobot at zoominfo dot com)"
143.244.148.198 - - [27/Apr/2024:01:57:22 +0000] "GET / HTTP/1.1" 200 3398 "-" "Mozilla/5.0 (Macintosh; Intel Mac OS X 10_15_7) AppleWebKit/537.36 (KHTML, like Gecko) Chrome/121.0.0.0 Safari/537.36"
143.244.148.198 - - [27/Apr/2024:01:57:23 +0000] "GET / HTTP/1.1" 200 3398 "-" "Mozilla/5.0 (Macintosh; Intel Mac OS X 10_15_7) AppleWebKit/537.36 (KHTML, like Gecko) Chrome/121.0.0.0 Safari/537.36"
119.8.170.49 - - [27/Apr/2024:02:08:12 +0000] "GET /career.html HTTP/1.1" 200 2509 "-" "Mozilla/5.0 (Windows NT 10.0; Win64; x64) AppleWebKit/537.36 (KHTML, like Gecko) Chrome/107.0.0.0 Safari/537.36"
34.138.147.145 - - [27/Apr/2024:03:03:32 +0000] "GET /robots.txt HTTP/1.0" 404 196 "-" "ZoominfoBot (zoominfobot at zoominfo dot com)"
34.138.147.145 - - [27/Apr/2024:03:03:33 +0000] "GET /values.html HTTP/1.0" 200 7537 "-" "ZoominfoBot (zoominfobot at zoominfo dot com)"
34.138.147.145 - - [27/Apr/2024:03:37:41 +0000] "GET /robots.txt HTTP/1.0" 404 196 "-" "ZoominfoBot (zoominfobot at zoominfo dot com)"
34.138.147.145 - - [27/Apr/2024:03:37:41 +0000] "GET /contactus.html HTTP/1.0" 200 11411 "-" "ZoominfoBot (zoominfobot at zoominfo dot com)"
133.242.174.119 - - [27/Apr/2024:03:40:46 +0000] "GET / HTTP/1.1" 200 3398 "-" "Mozilla/5.0 (Linux; Android 10; K) AppleWebKit/537.36 (KHTML, like Gecko) Chrome/122.0.0.0 Mobile Safari/537.36"
167.94.138.125 - - [27/Apr/2024:03:43:41 +0000] "GET / HTTP/1.1" 200 3398 "-" "Mozilla/5.0 (compatible; CensysInspect/1.1; +https://about.censys.io/)"
167.94.138.125 - - [27/Apr/2024:03:43:42 +0000] "GET /assets/img/favicon.png HTTP/1.1" 200 1013 "-" "Mozilla/5.0 (compatible; CensysInspect/1.1; +https://about.censys.io/)"
167.94.138.125 - - [27/Apr/2024:03:43:43 +0000] "GET /favicon.ico HTTP/1.1" 404 196 "-" "Mozilla/5.0 (compatible; CensysInspect/1.1; +https://about.censys.io/)"
34.138.147.145 - - [27/Apr/2024:04:00:26 +0000] "GET /career.html HTTP/1.0" 200 10316 "-" "ZoominfoBot (zoominfobot at zoominfo dot com)"
34.138.147.145 - - [27/Apr/2024:04:13:48 +0000] "GET /index.html HTTP/1.0" 200 15142 "-" "ZoominfoBot (zoominfobot at zoominfo dot com)"
109.168.186.151 - - [27/Apr/2024:04:56:50 +0000] "GET /contactus.html HTTP/1.0" 200 11411 "http://achieveresourcing.com/contactus.html" "Mozilla/5.0 (Windows NT 6.3; Win64; x64) AppleWebKit/537.36 (KHTML, like Gecko) Chrome/103.0.5060.53 Safari/537.36"
109.168.186.151 - - [27/Apr/2024:04:56:51 +0000] "POST /contact.php HTTP/1.0" 302 90 "http://achieveresourcing.com/contactus.html" "Mozilla/5.0 (Windows NT 6.3; Win64; x64) AppleWebKit/537.36 (KHTML, like Gecko) Chrome/103.0.5060.53 Safari/537.36"
109.168.186.151 - - [27/Apr/2024:04:56:51 +0000] "GET /contactus.html HTTP/1.0" 200 11411 "http://achieveresourcing.com/contactus.html" "Mozilla/5.0 (Windows NT 6.3; Win64; x64) AppleWebKit/537.36 (KHTML, like Gecko) Chrome/103.0.5060.53 Safari/537.36"
80.94.92.105 - - [27/Apr/2024:05:09:19 +0000] "GET /.git/config HTTP/1.1" 403 183 "-" "Mozilla/5.0 (Linux; Android 9; LEX829) AppleWebKit/537.36 (KHTML, like Gecko) SamsungBrowser/10.1 Chrome/71.0.3578.99 Mobile Safari/537.36"
206.168.34.185 - - [27/Apr/2024:05:17:09 +0000] "GET / HTTP/1.1" 200 3398 "-" "Mozilla/5.0 (compatible; CensysInspect/1.1; +https://about.censys.io/)"
206.168.34.185 - - [27/Apr/2024:05:17:15 +0000] "GET /assets/img/favicon.png HTTP/1.1" 200 1013 "-" "Mozilla/5.0 (compatible; CensysInspect/1.1; +https://about.censys.io/)"
206.168.34.185 - - [27/Apr/2024:05:17:17 +0000] "GET /favicon.ico HTTP/1.1" 404 196 "-" "Mozilla/5.0 (compatible; CensysInspect/1.1; +https://about.censys.io/)"
34.138.147.145 - - [27/Apr/2024:05:18:14 +0000] "GET /career.html HTTP/1.0" 200 10316 "-" "ZoominfoBot (zoominfobot at zoominfo dot com)"
217.21.86.33 - - [27/Apr/2024:05:20:49 +0000] "HEAD / HTTP/1.1" 200 0 "-" "Go-http-client/1.1"
34.138.147.145 - - [27/Apr/2024:05:35:52 +0000] "GET /hiring.html HTTP/1.0" 200 11993 "-" "ZoominfoBot (zoominfobot at zoominfo dot com)"
62.122.184.194 - - [27/Apr/2024:05:52:29 +0000] "GET /contactus.html HTTP/1.0" 200 11411 "http://achieveresourcing.com/contactus.html" "Mozilla/5.0 (Windows NT 6.3; WOW64) AppleWebKit/537.36 (KHTML, like Gecko) Chrome/103.0.0.0 Safari/537.36"
62.122.184.194 - - [27/Apr/2024:05:52:30 +0000] "POST /contact.php HTTP/1.0" 302 90 "http://achieveresourcing.com/contactus.html" "Mozilla/5.0 (Windows NT 6.3; WOW64) AppleWebKit/537.36 (KHTML, like Gecko) Chrome/103.0.0.0 Safari/537.36"
62.122.184.194 - - [27/Apr/2024:05:52:30 +0000] "GET /contactus.html HTTP/1.0" 200 11411 "http://achieveresourcing.com/contactus.html" "Mozilla/5.0 (Windows NT 6.3; WOW64) AppleWebKit/537.36 (KHTML, like Gecko) Chrome/103.0.0.0 Safari/537.36"
34.138.147.145 - - [27/Apr/2024:05:59:11 +0000] "GET /contactus.html HTTP/1.0" 200 11411 "-" "ZoominfoBot (zoominfobot at zoominfo dot com)"
43.159.141.180 - - [27/Apr/2024:06:18:26 +0000] "GET / HTTP/1.1" 200 3398 "-" "Mozilla/5.0 (iPhone; CPU iPhone OS 13_2_3 like Mac OS X) AppleWebKit/605.1.15 (KHTML, like Gecko) Version/13.0.3 Mobile/15E148 Safari/604.1"
34.138.147.145 - - [27/Apr/2024:06:54:14 +0000] "GET /staffing.html HTTP/1.0" 200 9194 "-" "ZoominfoBot (zoominfobot at zoominfo dot com)"
34.138.147.145 - - [27/Apr/2024:07:14:54 +0000] "GET /staffing.html HTTP/1.0" 200 9194 "-" "ZoominfoBot (zoominfobot at zoominfo dot com)"
129.213.83.138 - - [27/Apr/2024:07:19:01 +0000] "GET / HTTP/1.1" 200 3398 "-" "Mozilla/5.0 (Windows NT 10.0; Trident/7.0; AS; rv:11.0) like Gecko"
129.213.83.138 - - [27/Apr/2024:07:19:02 +0000] "GET /assets/js/purpose.core.js HTTP/1.1" 200 61829 "-" "Mozilla/5.0 (Windows NT 10.0; Trident/7.0; AS; rv:11.0) like Gecko"
129.213.83.138 - - [27/Apr/2024:07:19:06 +0000] "GET /assets/libs/swiper/dist/js/swiper.min.js HTTP/1.1" 200 32839 "-" "Mozilla/5.0 (Windows NT 10.0; Trident/7.0; AS; rv:11.0) like Gecko"
129.213.83.138 - - [27/Apr/2024:07:19:06 +0000] "GET /assets/libs/@fancyapps/fancybox/dist/jquery.fancybox.min.js HTTP/1.1" 200 22010 "-" "Mozilla/5.0 (Windows NT 10.0; Trident/7.0; AS; rv:11.0) like Gecko"
129.213.83.138 - - [27/Apr/2024:07:19:08 +0000] "GET /assets/js/purpose.js HTTP/1.1" 200 7111 "-" "Mozilla/5.0 (Windows NT 10.0; Trident/7.0; AS; rv:11.0) like Gecko"
129.213.83.138 - - [27/Apr/2024:07:19:09 +0000] "GET /assets/js/demo.js HTTP/1.1" 200 776 "-" "Mozilla/5.0 (Windows NT 10.0; Trident/7.0; AS; rv:11.0) like Gecko"
66.249.64.11 - - [27/Apr/2024:07:31:13 +0000] "GET / HTTP/1.1" 200 3398 "-" "Mozilla/5.0 (compatible; Googlebot/2.1; +http://www.google.com/bot.html)"
66.249.64.11 - - [27/Apr/2024:07:31:19 +0000] "GET /assets/img/svg/backgrounds/light-texture.svg HTTP/1.1" 200 539 "http://www.achieveresourcing.com/" "Mozilla/5.0 AppleWebKit/537.36 (KHTML, like Gecko; compatible; Googlebot/2.1; +http://www.google.com/bot.html) Chrome/122.0.6261.94 Safari/537.36"
66.249.64.10 - - [27/Apr/2024:07:31:33 +0000] "GET /favicon.ico HTTP/1.1" 404 196 "-" "Googlebot-Image/1.0"
34.138.147.145 - - [27/Apr/2024:07:52:17 +0000] "GET /index.html HTTP/1.0" 200 15142 "-" "ZoominfoBot (zoominfobot at zoominfo dot com)"
205.210.31.64 - - [27/Apr/2024:07:55:04 +0000] "GET / HTTP/1.1" 200 15142 "-" "Expanse, a Palo Alto Networks company, searches across the global IPv4 space multiple times per day to identify customers' presences on the Internet. If you would like to be excluded from our scans, please send IP addresses/domains to: scaninfo@paloaltonetworks.com"
178.128.114.168 - - [27/Apr/2024:07:57:21 +0000] "GET /wp-content/plugins/wp-automatic/css/style.css HTTP/1.1" 404 196 "-" "Linux Mozilla"
178.128.114.168 - - [27/Apr/2024:07:57:23 +0000] "GET /wp-content/plugins/wp-automatic/css/wp-automatic.css HTTP/1.1" 404 196 "-" "Linux Mozilla"
34.138.147.145 - - [27/Apr/2024:07:59:25 +0000] "GET /hiring.html HTTP/1.0" 200 11993 "-" "ZoominfoBot (zoominfobot at zoominfo dot com)"
192.126.186.34 - - [27/Apr/2024:08:16:00 +0000] "GET /contactus.html HTTP/1.1" 200 2620 "-" "Mozilla/5.0 (Windows NT 10.0; WOW64; x64) AppleWebKit/537.36 (KHTML, like Gecko) Chrome/114.0.0.0 Safari/537.36 OPR/89.0.4447.51"
192.126.226.142 - - [27/Apr/2024:08:16:09 +0000] "POST /contact.php HTTP/1.1" 200 155 "http://achieveresourcing.com/contactus.html" "Mozilla/5.0 (Windows NT 10.0; WOW64; x64) AppleWebKit/537.36 (KHTML, like Gecko) Chrome/114.0.0.0 Safari/537.36 OPR/89.0.4447.51"
66.249.64.12 - - [27/Apr/2024:08:24:36 +0000] "GET / HTTP/1.1" 200 3398 "-" "Mozilla/5.0 (Linux; Android 6.0.1; Nexus 5X Build/MMB29P) AppleWebKit/537.36 (KHTML, like Gecko) Chrome/122.0.6261.94 Mobile Safari/537.36 (compatible; Googlebot/2.1; +http://www.google.com/bot.html)"
66.249.64.11 - - [27/Apr/2024:08:24:40 +0000] "GET /assets/libs/@fancyapps/fancybox/dist/jquery.fancybox.min.css HTTP/1.1" 200 3108 "http://www.achieveresourcing.com/" "Mozilla/5.0 (Linux; Android 6.0.1; Nexus 5X Build/MMB29P) AppleWebKit/537.36 (KHTML, like Gecko) Chrome/122.0.6261.94 Mobile Safari/537.36 (compatible; Googlebot/2.1; +http://www.google.com/bot.html)"
66.249.64.10 - - [27/Apr/2024:08:24:41 +0000] "GET /assets/js/demo.js HTTP/1.1" 200 776 "http://www.achieveresourcing.com/" "Mozilla/5.0 (Linux; Android 6.0.1; Nexus 5X Build/MMB29P) AppleWebKit/537.36 (KHTML, like Gecko) Chrome/122.0.6261.94 Mobile Safari/537.36 (compatible; Googlebot/2.1; +http://www.google.com/bot.html)"
34.138.147.145 - - [27/Apr/2024:08:33:07 +0000] "GET /values.html HTTP/1.0" 200 7537 "-" "ZoominfoBot (zoominfobot at zoominfo dot com)"
114.119.151.64 - - [27/Apr/2024:09:14:13 +0000] "GET /hiring.html HTTP/1.1" 200 3483 "http://www.achieveresourcing.com/" "Mozilla/5.0 (Linux; Android 7.0;) AppleWebKit/537.36 (KHTML, like Gecko) Mobile Safari/537.36 (compatible; PetalBot;+https://webmaster.petalsearch.com/site/petalbot)"
188.172.229.15 - - [27/Apr/2024:09:48:50 +0000] "GET /contactus.html HTTP/1.0" 200 11411 "http://achieveresourcing.com/contactus.html" "Mozilla/5.0 (Windows NT 10.0; Win64; x64) AppleWebKit/537.36 (KHTML, like Gecko) Chrome/103.0.5060.66 Safari/537.36"
188.172.229.15 - - [27/Apr/2024:09:48:51 +0000] "POST /contact.php HTTP/1.0" 200 125 "http://achieveresourcing.com/contactus.html" "Mozilla/5.0 (Windows NT 10.0; Win64; x64) AppleWebKit/537.36 (KHTML, like Gecko) Chrome/103.0.5060.66 Safari/537.36"
188.172.229.15 - - [27/Apr/2024:09:48:52 +0000] "GET /contactus.html HTTP/1.0" 200 11411 "http://achieveresourcing.com/contactus.html" "Mozilla/5.0 (Windows NT 10.0; Win64; x64) AppleWebKit/537.36 (KHTML, like Gecko) Chrome/103.0.5060.66 Safari/537.36"
104.164.173.160 - - [27/Apr/2024:09:56:52 +0000] "GET / HTTP/1.1" 200 3398 "-" "Mozilla/5.0 (X11; Linux x86_64) AppleWebKit/537.36 (KHTML, like Gecko) Chrome/116.0.0.0 Safari/537.36"
104.164.173.12 - - [27/Apr/2024:09:56:54 +0000] "GET / HTTP/1.1" 200 3398 "-" "Mozilla/5.0 (Windows NT 10.0; Win64; x64) AppleWebKit/537.36 (KHTML, like Gecko) Chrome/116.0.0.0 Safari/537.36"
104.164.173.129 - - [27/Apr/2024:09:56:57 +0000] "GET / HTTP/1.1" 200 3398 "-" "Mozilla/5.0 (X11; Linux x86_64) AppleWebKit/537.36 (KHTML, like Gecko) Chrome/116.0.0.0 Safari/537.36"
