64.226.78.121 - - [29/Jul/2024:00:37:38 +0000] "GET /ecp/Current/exporttool/microsoft.exchange.ediscovery.exporttool.application HTTP/1.1" 404 196 "-" "Go-http-client/1.1"
64.226.78.121 - - [29/Jul/2024:00:37:38 +0000] "GET /server-status HTTP/1.1" 403 199 "-" "Go-http-client/1.1"
64.226.78.121 - - [29/Jul/2024:00:37:39 +0000] "GET /login.action HTTP/1.1" 404 196 "-" "Go-http-client/1.1"
64.226.78.121 - - [29/Jul/2024:00:37:39 +0000] "GET /_all_dbs HTTP/1.1" 404 196 "-" "Mozilla/5.0 (l9scan/2.0.834313e2039313e2233323e2536313; +https://leakix.net)"
64.226.78.121 - - [29/Jul/2024:00:37:39 +0000] "GET /.DS_Store HTTP/1.1" 404 196 "-" "Go-http-client/1.1"
64.226.78.121 - - [29/Jul/2024:00:37:40 +0000] "GET /.env HTTP/1.1" 404 196 "-" "Go-http-client/1.1"
64.226.78.121 - - [29/Jul/2024:00:37:40 +0000] "GET /.git/config HTTP/1.1" 403 153 "-" "Go-http-client/1.1"
64.226.78.121 - - [29/Jul/2024:00:37:41 +0000] "GET /s/834313e2039313e2233323e2536313/_/;/META-INF/maven/com.atlassian.jira/jira-webapp-dist/pom.properties HTTP/1.1" 404 196 "-" "Go-http-client/1.1"
64.226.78.121 - - [29/Jul/2024:00:37:41 +0000] "GET /config.json HTTP/1.1" 404 196 "-" "Go-http-client/1.1"
64.226.78.121 - - [29/Jul/2024:00:37:42 +0000] "GET /telescope/requests HTTP/1.1" 404 196 "-" "Go-http-client/1.1"
64.226.78.121 - - [29/Jul/2024:00:37:42 +0000] "GET /?rest_route=/wp/v2/users/ HTTP/1.1" 200 5684 "-" "Go-http-client/1.1"
195.211.77.142 - - [29/Jul/2024:00:37:44 +0000] "GET / HTTP/1.1" 200 5684 "-" "Mozilla/5.0 (Windows NT 10.0; Win64; x64) AppleWebKit/537.36 (KHTML, like Gecko) Chrome/108.0.0.0 Safari/537.36"
154.28.229.186 - - [29/Jul/2024:00:38:00 +0000] "GET / HTTP/1.1" 200 5684 "-" "Mozilla/5.0 (X11; Linux x86_64) AppleWebKit/537.36 (KHTML, like Gecko) Chrome/117.0.0.0 Safari/537.36"
154.28.229.186 - - [29/Jul/2024:00:38:01 +0000] "GET /index.php HTTP/1.1" 200 5684 "-" "Mozilla/5.0 (X11; Linux x86_64) AppleWebKit/537.36 (KHTML, like Gecko) Chrome/117.0.0.0 Safari/537.36"
95.217.18.177 - - [29/Jul/2024:00:38:20 +0000] "GET / HTTP/1.1" 200 5684 "-" "Mozilla/5.0 (Windows NT 10.0; Win64; x64) AppleWebKit/537.36 (KHTML, like Gecko) Chrome/79.0.3945.130 Safari/537.36"
34.122.147.229 - - [29/Jul/2024:00:38:27 +0000] "GET / HTTP/1.1" 200 5684 "-" "Mozilla/5.0 (X11; Linux x86_64) AppleWebKit/537.36 (KHTML, like Gecko) HeadlessChrome/92.0.4515.159 Safari/537.36"
205.169.39.13 - - [29/Jul/2024:00:38:28 +0000] "GET / HTTP/1.1" 200 5684 "-" "Mozilla/5.0 (Windows NT 10.0; Win64; x64) AppleWebKit/537.36 (KHTML, like Gecko) Chrome/117.0.5938.132 Safari/537.36"
34.122.147.229 - - [29/Jul/2024:00:38:28 +0000] "GET /assets/css/bootstrap.min.css HTTP/1.1" 200 22945 "http://admission.markall.in/" "Mozilla/5.0 (X11; Linux x86_64) AppleWebKit/537.36 (KHTML, like Gecko) HeadlessChrome/92.0.4515.159 Safari/537.36"
34.123.170.104 - - [29/Jul/2024:00:38:29 +0000] "GET /assets/css/plugins.css HTTP/1.1" 200 6004 "http://admission.markall.in/" "Mozilla/5.0 (X11; Linux x86_64) AppleWebKit/537.36 (KHTML, like Gecko) HeadlessChrome/92.0.4515.159 Safari/537.36"
34.123.170.104 - - [29/Jul/2024:00:38:29 +0000] "GET /assets/css/icons.min.css HTTP/1.1" 200 14122 "http://admission.markall.in/" "Mozilla/5.0 (X11; Linux x86_64) AppleWebKit/537.36 (KHTML, like Gecko) HeadlessChrome/92.0.4515.159 Safari/537.36"
34.122.147.229 - - [29/Jul/2024:00:38:29 +0000] "GET /assets/js/vendor/modernizr-3.11.7.min.js HTTP/1.1" 200 3603 "http://admission.markall.in/" "Mozilla/5.0 (X11; Linux x86_64) AppleWebKit/537.36 (KHTML, like Gecko) HeadlessChrome/92.0.4515.159 Safari/537.36"
34.123.170.104 - - [29/Jul/2024:00:38:29 +0000] "GET /assets/css/style.css HTTP/1.1" 200 23272 "http://admission.markall.in/" "Mozilla/5.0 (X11; Linux x86_64) AppleWebKit/537.36 (KHTML, like Gecko) HeadlessChrome/92.0.4515.159 Safari/537.36"
34.72.176.129 - - [29/Jul/2024:00:38:29 +0000] "GET /gen_validatorv4.js HTTP/1.1" 200 5656 "http://admission.markall.in/" "Mozilla/5.0 (X11; Linux x86_64) AppleWebKit/537.36 (KHTML, like Gecko) HeadlessChrome/92.0.4515.159 Safari/537.36"
205.169.39.13 - - [29/Jul/2024:00:38:29 +0000] "GET /assets/css/bootstrap.min.css HTTP/1.1" 200 22945 "http://admission.markall.in/" "Mozilla/5.0 (Windows NT 10.0; Win64; x64) AppleWebKit/537.36 (KHTML, like Gecko) Chrome/117.0.5938.132 Safari/537.36"
205.169.39.13 - - [29/Jul/2024:00:38:29 +0000] "GET /assets/css/icons.min.css HTTP/1.1" 200 14122 "http://admission.markall.in/" "Mozilla/5.0 (Windows NT 10.0; Win64; x64) AppleWebKit/537.36 (KHTML, like Gecko) Chrome/117.0.5938.132 Safari/537.36"
205.169.39.13 - - [29/Jul/2024:00:38:29 +0000] "GET /assets/css/plugins.css HTTP/1.1" 200 6004 "http://admission.markall.in/" "Mozilla/5.0 (Windows NT 10.0; Win64; x64) AppleWebKit/537.36 (KHTML, like Gecko) Chrome/117.0.5938.132 Safari/537.36"
205.169.39.13 - - [29/Jul/2024:00:38:29 +0000] "GET /assets/css/style.css HTTP/1.1" 200 23272 "http://admission.markall.in/" "Mozilla/5.0 (Windows NT 10.0; Win64; x64) AppleWebKit/537.36 (KHTML, like Gecko) Chrome/117.0.5938.132 Safari/537.36"
205.169.39.13 - - [29/Jul/2024:00:38:29 +0000] "GET /assets/js/vendor/modernizr-3.11.7.min.js HTTP/1.1" 200 3603 "http://admission.markall.in/" "Mozilla/5.0 (Windows NT 10.0; Win64; x64) AppleWebKit/537.36 (KHTML, like Gecko) Chrome/117.0.5938.132 Safari/537.36"
205.169.39.13 - - [29/Jul/2024:00:38:29 +0000] "GET /gen_validatorv4.js HTTP/1.1" 200 5656 "http://admission.markall.in/" "Mozilla/5.0 (Windows NT 10.0; Win64; x64) AppleWebKit/537.36 (KHTML, like Gecko) Chrome/117.0.5938.132 Safari/537.36"
205.169.39.13 - - [29/Jul/2024:00:38:30 +0000] "GET /assets/img/banner/international.png HTTP/1.1" 200 147997 "http://admission.markall.in/" "Mozilla/5.0 (Windows NT 10.0; Win64; x64) AppleWebKit/537.36 (KHTML, like Gecko) Chrome/117.0.5938.132 Safari/537.36"
205.169.39.13 - - [29/Jul/2024:00:38:30 +0000] "GET /assets/img/banner/banner-3.png HTTP/1.1" 200 101511 "http://admission.markall.in/" "Mozilla/5.0 (Windows NT 10.0; Win64; x64) AppleWebKit/537.36 (KHTML, like Gecko) Chrome/117.0.5938.132 Safari/537.36"
34.123.170.104 - - [29/Jul/2024:00:38:30 +0000] "GET /assets/js/vendor/jquery-v2.2.4.min.js HTTP/1.1" 200 29868 "http://admission.markall.in/" "Mozilla/5.0 (X11; Linux x86_64) AppleWebKit/537.36 (KHTML, like Gecko) HeadlessChrome/92.0.4515.159 Safari/537.36"
205.169.39.13 - - [29/Jul/2024:00:38:30 +0000] "GET /assets/img/banner/kids.png HTTP/1.1" 200 127564 "http://admission.markall.in/" "Mozilla/5.0 (Windows NT 10.0; Win64; x64) AppleWebKit/537.36 (KHTML, like Gecko) Chrome/117.0.5938.132 Safari/537.36"
205.169.39.13 - - [29/Jul/2024:00:38:31 +0000] "GET /assets/img/icon-img/1.png HTTP/1.1" 200 18993 "http://admission.markall.in/" "Mozilla/5.0 (Windows NT 10.0; Win64; x64) AppleWebKit/537.36 (KHTML, like Gecko) Chrome/117.0.5938.132 Safari/537.36"
205.169.39.13 - - [29/Jul/2024:00:38:31 +0000] "GET /assets/img/icon-img/2.png HTTP/1.1" 200 5164 "http://admission.markall.in/" "Mozilla/5.0 (Windows NT 10.0; Win64; x64) AppleWebKit/537.36 (KHTML, like Gecko) Chrome/117.0.5938.132 Safari/537.36"
205.169.39.13 - - [29/Jul/2024:00:38:31 +0000] "GET /assets/js/vendor/jquery-v2.2.4.min.js HTTP/1.1" 200 29868 "http://admission.markall.in/" "Mozilla/5.0 (Windows NT 10.0; Win64; x64) AppleWebKit/537.36 (KHTML, like Gecko) Chrome/117.0.5938.132 Safari/537.36"
205.169.39.13 - - [29/Jul/2024:00:38:31 +0000] "GET /assets/js/popper.min.js HTTP/1.1" 200 6635 "http://admission.markall.in/" "Mozilla/5.0 (Windows NT 10.0; Win64; x64) AppleWebKit/537.36 (KHTML, like Gecko) Chrome/117.0.5938.132 Safari/537.36"
34.123.170.104 - - [29/Jul/2024:00:38:31 +0000] "GET /assets/js/popper.min.js HTTP/1.1" 200 6635 "http://admission.markall.in/" "Mozilla/5.0 (X11; Linux x86_64) AppleWebKit/537.36 (KHTML, like Gecko) HeadlessChrome/92.0.4515.159 Safari/537.36"
34.123.170.104 - - [29/Jul/2024:00:38:31 +0000] "GET /assets/js/bootstrap.min.js HTTP/1.1" 200 15921 "http://admission.markall.in/" "Mozilla/5.0 (X11; Linux x86_64) AppleWebKit/537.36 (KHTML, like Gecko) HeadlessChrome/92.0.4515.159 Safari/537.36"
34.123.170.104 - - [29/Jul/2024:00:38:31 +0000] "GET /assets/js/ajax-mail.js HTTP/1.1" 200 509 "http://admission.markall.in/" "Mozilla/5.0 (X11; Linux x86_64) AppleWebKit/537.36 (KHTML, like Gecko) HeadlessChrome/92.0.4515.159 Safari/537.36"
34.123.170.104 - - [29/Jul/2024:00:38:31 +0000] "GET /assets/js/main.js HTTP/1.1" 200 2397 "http://admission.markall.in/" "Mozilla/5.0 (X11; Linux x86_64) AppleWebKit/537.36 (KHTML, like Gecko) HeadlessChrome/92.0.4515.159 Safari/537.36"
205.169.39.13 - - [29/Jul/2024:00:38:31 +0000] "GET /assets/js/bootstrap.min.js HTTP/1.1" 200 15921 "http://admission.markall.in/" "Mozilla/5.0 (Windows NT 10.0; Win64; x64) AppleWebKit/537.36 (KHTML, like Gecko) Chrome/117.0.5938.132 Safari/537.36"
205.169.39.13 - - [29/Jul/2024:00:38:31 +0000] "GET /assets/js/plugins.js HTTP/1.1" 200 44258 "http://admission.markall.in/" "Mozilla/5.0 (Windows NT 10.0; Win64; x64) AppleWebKit/537.36 (KHTML, like Gecko) Chrome/117.0.5938.132 Safari/537.36"
34.123.170.104 - - [29/Jul/2024:00:38:32 +0000] "GET /assets/img/icon-img/section-shape-3.png HTTP/1.1" 200 677 "http://admission.markall.in/assets/css/style.css" "Mozilla/5.0 (X11; Linux x86_64) AppleWebKit/537.36 (KHTML, like Gecko) HeadlessChrome/92.0.4515.159 Safari/537.36"
205.169.39.13 - - [29/Jul/2024:00:38:32 +0000] "GET /assets/js/ajax-mail.js HTTP/1.1" 200 509 "http://admission.markall.in/" "Mozilla/5.0 (Windows NT 10.0; Win64; x64) AppleWebKit/537.36 (KHTML, like Gecko) Chrome/117.0.5938.132 Safari/537.36"
205.169.39.13 - - [29/Jul/2024:00:38:32 +0000] "GET /assets/js/main.js HTTP/1.1" 200 2397 "http://admission.markall.in/" "Mozilla/5.0 (Windows NT 10.0; Win64; x64) AppleWebKit/537.36 (KHTML, like Gecko) Chrome/117.0.5938.132 Safari/537.36"
34.123.170.104 - - [29/Jul/2024:00:38:32 +0000] "GET /assets/img/icon-img/header-shape.png HTTP/1.1" 200 745 "http://admission.markall.in/" "Mozilla/5.0 (X11; Linux x86_64) AppleWebKit/537.36 (KHTML, like Gecko) HeadlessChrome/92.0.4515.159 Safari/537.36"
34.122.147.229 - - [29/Jul/2024:00:38:32 +0000] "GET /assets/img/banner/international.png HTTP/1.1" 200 147997 "http://admission.markall.in/" "Mozilla/5.0 (X11; Linux x86_64) AppleWebKit/537.36 (KHTML, like Gecko) HeadlessChrome/92.0.4515.159 Safari/537.36"
34.72.176.129 - - [29/Jul/2024:00:38:32 +0000] "GET /assets/js/plugins.js HTTP/1.1" 200 44258 "http://admission.markall.in/" "Mozilla/5.0 (X11; Linux x86_64) AppleWebKit/537.36 (KHTML, like Gecko) HeadlessChrome/92.0.4515.159 Safari/537.36"
34.123.170.104 - - [29/Jul/2024:00:38:32 +0000] "GET /assets/img/icon-img/1.png HTTP/1.1" 200 18993 "http://admission.markall.in/" "Mozilla/5.0 (X11; Linux x86_64) AppleWebKit/537.36 (KHTML, like Gecko) HeadlessChrome/92.0.4515.159 Safari/537.36"
34.122.147.229 - - [29/Jul/2024:00:38:32 +0000] "GET /assets/img/icon-img/2.png HTTP/1.1" 200 5164 "http://admission.markall.in/" "Mozilla/5.0 (X11; Linux x86_64) AppleWebKit/537.36 (KHTML, like Gecko) HeadlessChrome/92.0.4515.159 Safari/537.36"
34.122.147.229 - - [29/Jul/2024:00:38:32 +0000] "GET /assets/img/banner/banner-3.png HTTP/1.1" 200 101511 "http://admission.markall.in/" "Mozilla/5.0 (X11; Linux x86_64) AppleWebKit/537.36 (KHTML, like Gecko) HeadlessChrome/92.0.4515.159 Safari/537.36"
34.72.176.129 - - [29/Jul/2024:00:38:32 +0000] "GET /assets/img/icon-img/3.png HTTP/1.1" 200 7259 "http://admission.markall.in/" "Mozilla/5.0 (X11; Linux x86_64) AppleWebKit/537.36 (KHTML, like Gecko) HeadlessChrome/92.0.4515.159 Safari/537.36"
205.169.39.26 - - [29/Jul/2024:00:38:33 +0000] "GET / HTTP/1.1" 200 5684 "-" "Mozilla/5.0 (Windows NT 10.0) AppleWebKit/537.36 (KHTML, like Gecko) Chrome/106.0.0.0 Safari/537.36"
34.123.170.104 - - [29/Jul/2024:00:38:33 +0000] "GET /assets/fonts/fontawesome-webfont.woff2?v=4.5.0 HTTP/1.1" 200 66624 "http://admission.markall.in/assets/css/icons.min.css" "Mozilla/5.0 (X11; Linux x86_64) AppleWebKit/537.36 (KHTML, like Gecko) HeadlessChrome/92.0.4515.159 Safari/537.36"
205.169.39.13 - - [29/Jul/2024:00:38:33 +0000] "GET /assets/img/icon-img/6.png HTTP/1.1" 200 8390 "http://admission.markall.in/" "Mozilla/5.0 (Windows NT 10.0; Win64; x64) AppleWebKit/537.36 (KHTML, like Gecko) Chrome/117.0.5938.132 Safari/537.36"
205.169.39.13 - - [29/Jul/2024:00:38:33 +0000] "GET /assets/img/icon-img/8.png HTTP/1.1" 200 16299 "http://admission.markall.in/" "Mozilla/5.0 (Windows NT 10.0; Win64; x64) AppleWebKit/537.36 (KHTML, like Gecko) Chrome/117.0.5938.132 Safari/537.36"
205.169.39.13 - - [29/Jul/2024:00:38:33 +0000] "GET /assets/img/icon-img/7.png HTTP/1.1" 200 10899 "http://admission.markall.in/" "Mozilla/5.0 (Windows NT 10.0; Win64; x64) AppleWebKit/537.36 (KHTML, like Gecko) Chrome/117.0.5938.132 Safari/537.36"
205.169.39.13 - - [29/Jul/2024:00:38:33 +0000] "GET /assets/img/icon-img/3.png HTTP/1.1" 200 7259 "http://admission.markall.in/" "Mozilla/5.0 (Windows NT 10.0; Win64; x64) AppleWebKit/537.36 (KHTML, like Gecko) Chrome/117.0.5938.132 Safari/537.36"
205.169.39.13 - - [29/Jul/2024:00:38:33 +0000] "GET /assets/img/icon-img/5.png HTTP/1.1" 200 13664 "http://admission.markall.in/" "Mozilla/5.0 (Windows NT 10.0; Win64; x64) AppleWebKit/537.36 (KHTML, like Gecko) Chrome/117.0.5938.132 Safari/537.36"
205.169.39.13 - - [29/Jul/2024:00:38:33 +0000] "GET /assets/img/icon-img/4.png HTTP/1.1" 200 5385 "http://admission.markall.in/" "Mozilla/5.0 (Windows NT 10.0; Win64; x64) AppleWebKit/537.36 (KHTML, like Gecko) Chrome/117.0.5938.132 Safari/537.36"
34.123.170.104 - - [29/Jul/2024:00:38:33 +0000] "GET /assets/img/icon-img/4.png HTTP/1.1" 200 5385 "http://admission.markall.in/" "Mozilla/5.0 (X11; Linux x86_64) AppleWebKit/537.36 (KHTML, like Gecko) HeadlessChrome/92.0.4515.159 Safari/537.36"
205.169.39.13 - - [29/Jul/2024:00:38:33 +0000] "GET /assets/img/icon-img/section-shape-3.png HTTP/1.1" 200 677 "http://admission.markall.in/assets/css/style.css" "Mozilla/5.0 (Windows NT 10.0; Win64; x64) AppleWebKit/537.36 (KHTML, like Gecko) Chrome/117.0.5938.132 Safari/537.36"
34.122.147.229 - - [29/Jul/2024:00:38:33 +0000] "GET /assets/img/slider/slider-1.jpg HTTP/1.1" 200 1133289 "http://admission.markall.in/" "Mozilla/5.0 (X11; Linux x86_64) AppleWebKit/537.36 (KHTML, like Gecko) HeadlessChrome/92.0.4515.159 Safari/537.36"
205.169.39.13 - - [29/Jul/2024:00:38:33 +0000] "GET /assets/img/icon-img/section-shape-4.png HTTP/1.1" 200 679 "http://admission.markall.in/assets/css/style.css" "Mozilla/5.0 (Windows NT 10.0; Win64; x64) AppleWebKit/537.36 (KHTML, like Gecko) Chrome/117.0.5938.132 Safari/537.36"
34.123.170.104 - - [29/Jul/2024:00:38:33 +0000] "GET /assets/img/icon-img/5.png HTTP/1.1" 200 13664 "http://admission.markall.in/" "Mozilla/5.0 (X11; Linux x86_64) AppleWebKit/537.36 (KHTML, like Gecko) HeadlessChrome/92.0.4515.159 Safari/537.36"
34.122.147.229 - - [29/Jul/2024:00:38:33 +0000] "GET /assets/img/icon-img/6.png HTTP/1.1" 200 8390 "http://admission.markall.in/" "Mozilla/5.0 (X11; Linux x86_64) AppleWebKit/537.36 (KHTML, like Gecko) HeadlessChrome/92.0.4515.159 Safari/537.36"
205.169.39.13 - - [29/Jul/2024:00:38:33 +0000] "GET /assets/img/icon-img/header-shape.png HTTP/1.1" 200 745 "http://admission.markall.in/" "Mozilla/5.0 (Windows NT 10.0; Win64; x64) AppleWebKit/537.36 (KHTML, like Gecko) Chrome/117.0.5938.132 Safari/537.36"
205.169.39.13 - - [29/Jul/2024:00:38:33 +0000] "GET /assets/fonts/fontawesome-webfont.woff2?v=4.5.0 HTTP/1.1" 200 66624 "http://admission.markall.in/assets/css/icons.min.css" "Mozilla/5.0 (Windows NT 10.0; Win64; x64) AppleWebKit/537.36 (KHTML, like Gecko) Chrome/117.0.5938.132 Safari/537.36"
34.122.147.229 - - [29/Jul/2024:00:38:34 +0000] "GET /assets/img/icon-img/7.png HTTP/1.1" 200 10899 "http://admission.markall.in/" "Mozilla/5.0 (X11; Linux x86_64) AppleWebKit/537.36 (KHTML, like Gecko) HeadlessChrome/92.0.4515.159 Safari/537.36"
34.122.147.229 - - [29/Jul/2024:00:38:34 +0000] "GET /assets/img/icon-img/8.png HTTP/1.1" 200 16299 "http://admission.markall.in/" "Mozilla/5.0 (X11; Linux x86_64) AppleWebKit/537.36 (KHTML, like Gecko) HeadlessChrome/92.0.4515.159 Safari/537.36"
205.169.39.13 - - [29/Jul/2024:00:38:34 +0000] "GET /assets/img/slider/slider-4.jpg HTTP/1.1" 200 265190 "http://admission.markall.in/" "Mozilla/5.0 (Windows NT 10.0; Win64; x64) AppleWebKit/537.36 (KHTML, like Gecko) Chrome/117.0.5938.132 Safari/537.36"
34.123.170.104 - - [29/Jul/2024:00:38:34 +0000] "GET /assets/img/icon-img/achieve-2.png HTTP/1.1" 200 2972 "http://admission.markall.in/" "Mozilla/5.0 (X11; Linux x86_64) AppleWebKit/537.36 (KHTML, like Gecko) HeadlessChrome/92.0.4515.159 Safari/537.36"
34.123.170.104 - - [29/Jul/2024:00:38:34 +0000] "GET /assets/img/banner/kids.png HTTP/1.1" 200 127564 "http://admission.markall.in/" "Mozilla/5.0 (X11; Linux x86_64) AppleWebKit/537.36 (KHTML, like Gecko) HeadlessChrome/92.0.4515.159 Safari/537.36"
34.122.147.229 - - [29/Jul/2024:00:38:34 +0000] "GET /assets/img/icon-img/achieve-1.png HTTP/1.1" 200 2149 "http://admission.markall.in/" "Mozilla/5.0 (X11; Linux x86_64) AppleWebKit/537.36 (KHTML, like Gecko) HeadlessChrome/92.0.4515.159 Safari/537.36"
34.122.147.229 - - [29/Jul/2024:00:38:34 +0000] "GET /assets/img/icon-img/achieve-3.png HTTP/1.1" 200 3107 "http://admission.markall.in/" "Mozilla/5.0 (X11; Linux x86_64) AppleWebKit/537.36 (KHTML, like Gecko) HeadlessChrome/92.0.4515.159 Safari/537.36"
34.123.170.104 - - [29/Jul/2024:00:38:34 +0000] "GET /assets/img/gallery/gallery-1.png HTTP/1.1" 200 9294 "http://admission.markall.in/" "Mozilla/5.0 (X11; Linux x86_64) AppleWebKit/537.36 (KHTML, like Gecko) HeadlessChrome/92.0.4515.159 Safari/537.36"
34.122.147.229 - - [29/Jul/2024:00:38:34 +0000] "GET /assets/img/gallery/gallery-2.png HTTP/1.1" 200 9998 "http://admission.markall.in/" "Mozilla/5.0 (X11; Linux x86_64) AppleWebKit/537.36 (KHTML, like Gecko) HeadlessChrome/92.0.4515.159 Safari/537.36"
34.122.147.229 - - [29/Jul/2024:00:38:34 +0000] "GET /assets/img/gallery/gallery-3.png HTTP/1.1" 200 9932 "http://admission.markall.in/" "Mozilla/5.0 (X11; Linux x86_64) AppleWebKit/537.36 (KHTML, like Gecko) HeadlessChrome/92.0.4515.159 Safari/537.36"
205.169.39.13 - - [29/Jul/2024:00:38:34 +0000] "GET /assets/img/slider/slider-2.jpg HTTP/1.1" 200 415533 "http://admission.markall.in/" "Mozilla/5.0 (Windows NT 10.0; Win64; x64) AppleWebKit/537.36 (KHTML, like Gecko) Chrome/117.0.5938.132 Safari/537.36"
34.123.170.104 - - [29/Jul/2024:00:38:34 +0000] "GET /assets/img/gallery/gallery-4.png HTTP/1.1" 200 11809 "http://admission.markall.in/" "Mozilla/5.0 (X11; Linux x86_64) AppleWebKit/537.36 (KHTML, like Gecko) HeadlessChrome/92.0.4515.159 Safari/537.36"
34.122.147.229 - - [29/Jul/2024:00:38:34 +0000] "GET /assets/img/gallery/gallery-5.png HTTP/1.1" 200 10833 "http://admission.markall.in/" "Mozilla/5.0 (X11; Linux x86_64) AppleWebKit/537.36 (KHTML, like Gecko) HeadlessChrome/92.0.4515.159 Safari/537.36"
34.122.147.229 - - [29/Jul/2024:00:38:34 +0000] "GET /assets/img/gallery/gallery-6.png HTTP/1.1" 200 9782 "http://admission.markall.in/" "Mozilla/5.0 (X11; Linux x86_64) AppleWebKit/537.36 (KHTML, like Gecko) HeadlessChrome/92.0.4515.159 Safari/537.36"
205.169.39.13 - - [29/Jul/2024:00:38:34 +0000] "GET /assets/img/slider/slider-5.jpg HTTP/1.1" 200 475651 "http://admission.markall.in/" "Mozilla/5.0 (Windows NT 10.0; Win64; x64) AppleWebKit/537.36 (KHTML, like Gecko) Chrome/117.0.5938.132 Safari/537.36"
34.123.170.104 - - [29/Jul/2024:00:38:35 +0000] "GET /assets/img/icon-img/section-shape-4.png HTTP/1.1" 200 679 "http://admission.markall.in/assets/css/style.css" "Mozilla/5.0 (X11; Linux x86_64) AppleWebKit/537.36 (KHTML, like Gecko) HeadlessChrome/92.0.4515.159 Safari/537.36"
34.122.147.229 - - [29/Jul/2024:00:38:35 +0000] "GET /assets/img/slider/slider-2.jpg HTTP/1.1" 200 415533 "http://admission.markall.in/" "Mozilla/5.0 (X11; Linux x86_64) AppleWebKit/537.36 (KHTML, like Gecko) HeadlessChrome/92.0.4515.159 Safari/537.36"
34.122.147.229 - - [29/Jul/2024:00:38:35 +0000] "GET /assets/img/slider/slider-6.jpg HTTP/1.1" 200 474265 "http://admission.markall.in/" "Mozilla/5.0 (X11; Linux x86_64) AppleWebKit/537.36 (KHTML, like Gecko) HeadlessChrome/92.0.4515.159 Safari/537.36"
34.72.176.129 - - [29/Jul/2024:00:38:36 +0000] "GET /assets/img/slider/slider-4.jpg HTTP/1.1" 200 265190 "http://admission.markall.in/" "Mozilla/5.0 (X11; Linux x86_64) AppleWebKit/537.36 (KHTML, like Gecko) HeadlessChrome/92.0.4515.159 Safari/537.36"
34.123.170.104 - - [29/Jul/2024:00:38:37 +0000] "GET /assets/img/slider/slider-5.jpg HTTP/1.1" 200 475651 "http://admission.markall.in/" "Mozilla/5.0 (X11; Linux x86_64) AppleWebKit/537.36 (KHTML, like Gecko) HeadlessChrome/92.0.4515.159 Safari/537.36"
205.169.39.21 - - [29/Jul/2024:00:38:38 +0000] "GET /gen%5fvalidatorv4.js HTTP/1.1" 200 5656 "-" "Mozilla/5.0 (Windows NT 10.0) AppleWebKit/537.36 (KHTML, like Gecko) Chrome/106.0.0.0 Safari/537.36"
34.123.170.104 - - [29/Jul/2024:00:38:38 +0000] "GET /assets/img/bg/bg-6.jpg HTTP/1.1" 200 345313 "http://admission.markall.in/" "Mozilla/5.0 (X11; Linux x86_64) AppleWebKit/537.36 (KHTML, like Gecko) HeadlessChrome/92.0.4515.159 Safari/537.36"
34.122.147.229 - - [29/Jul/2024:00:38:39 +0000] "GET /assets/img/bg/bg-4.jpg HTTP/1.1" 200 334510 "http://admission.markall.in/" "Mozilla/5.0 (X11; Linux x86_64) AppleWebKit/537.36 (KHTML, like Gecko) HeadlessChrome/92.0.4515.159 Safari/537.36"
205.169.39.114 - - [29/Jul/2024:00:38:39 +0000] "GET / HTTP/1.1" 200 5684 "-" "Mozilla/5.0 (Windows NT 6.1; Win64; x64) AppleWebKit/537.36 (KHTML, like Gecko) Chrome/83.0.4103.61 Safari/537.36"
205.169.39.13 - - [29/Jul/2024:00:38:39 +0000] "GET /assets/img/icon-img/achieve-2.png HTTP/1.1" 200 2972 "http://admission.markall.in/" "Mozilla/5.0 (Windows NT 10.0; Win64; x64) AppleWebKit/537.36 (KHTML, like Gecko) Chrome/117.0.5938.132 Safari/537.36"
205.169.39.13 - - [29/Jul/2024:00:38:39 +0000] "GET /assets/img/icon-img/achieve-1.png HTTP/1.1" 200 2149 "http://admission.markall.in/" "Mozilla/5.0 (Windows NT 10.0; Win64; x64) AppleWebKit/537.36 (KHTML, like Gecko) Chrome/117.0.5938.132 Safari/537.36"
205.169.39.114 - - [29/Jul/2024:00:38:40 +0000] "GET /assets/js/vendor/modernizr-3.11.7.min.js HTTP/1.1" 200 3603 "http://admission.markall.in/" "Mozilla/5.0 (Windows NT 6.1; Win64; x64) AppleWebKit/537.36 (KHTML, like Gecko) Chrome/83.0.4103.61 Safari/537.36"
205.169.39.13 - - [29/Jul/2024:00:38:40 +0000] "GET /assets/img/icon-img/achieve-3.png HTTP/1.1" 200 3107 "http://admission.markall.in/" "Mozilla/5.0 (Windows NT 10.0; Win64; x64) AppleWebKit/537.36 (KHTML, like Gecko) Chrome/117.0.5938.132 Safari/537.36"
205.169.39.13 - - [29/Jul/2024:00:38:40 +0000] "GET /assets/img/gallery/gallery-1.png HTTP/1.1" 200 9294 "http://admission.markall.in/" "Mozilla/5.0 (Windows NT 10.0; Win64; x64) AppleWebKit/537.36 (KHTML, like Gecko) Chrome/117.0.5938.132 Safari/537.36"
34.123.170.104 - - [29/Jul/2024:00:38:40 +0000] "GET /assets/img/slider/slider-3.jpg HTTP/1.1" 200 537348 "http://admission.markall.in/" "Mozilla/5.0 (X11; Linux x86_64) AppleWebKit/537.36 (KHTML, like Gecko) HeadlessChrome/92.0.4515.159 Safari/537.36"
205.169.39.13 - - [29/Jul/2024:00:38:41 +0000] "GET /assets/img/gallery/gallery-3.png HTTP/1.1" 200 9932 "http://admission.markall.in/" "Mozilla/5.0 (Windows NT 10.0; Win64; x64) AppleWebKit/537.36 (KHTML, like Gecko) Chrome/117.0.5938.132 Safari/537.36"
205.169.39.13 - - [29/Jul/2024:00:38:41 +0000] "GET /assets/img/gallery/gallery-2.png HTTP/1.1" 200 9998 "http://admission.markall.in/" "Mozilla/5.0 (Windows NT 10.0; Win64; x64) AppleWebKit/537.36 (KHTML, like Gecko) Chrome/117.0.5938.132 Safari/537.36"
205.169.39.13 - - [29/Jul/2024:00:38:42 +0000] "GET /assets/img/gallery/gallery-4.png HTTP/1.1" 200 11809 "http://admission.markall.in/" "Mozilla/5.0 (Windows NT 10.0; Win64; x64) AppleWebKit/537.36 (KHTML, like Gecko) Chrome/117.0.5938.132 Safari/537.36"
205.169.39.13 - - [29/Jul/2024:00:38:42 +0000] "GET /assets/img/gallery/gallery-5.png HTTP/1.1" 200 10833 "http://admission.markall.in/" "Mozilla/5.0 (Windows NT 10.0; Win64; x64) AppleWebKit/537.36 (KHTML, like Gecko) Chrome/117.0.5938.132 Safari/537.36"
205.169.39.114 - - [29/Jul/2024:00:38:43 +0000] "GET /gen_validatorv4.js HTTP/1.1" 200 5656 "http://admission.markall.in/" "Mozilla/5.0 (Windows NT 6.1; Win64; x64) AppleWebKit/537.36 (KHTML, like Gecko) Chrome/83.0.4103.61 Safari/537.36"
205.169.39.13 - - [29/Jul/2024:00:38:43 +0000] "GET /assets/img/gallery/gallery-6.png HTTP/1.1" 200 9782 "http://admission.markall.in/" "Mozilla/5.0 (Windows NT 10.0; Win64; x64) AppleWebKit/537.36 (KHTML, like Gecko) Chrome/117.0.5938.132 Safari/537.36"
205.169.39.114 - - [29/Jul/2024:00:38:43 +0000] "GET /assets/js/vendor/jquery-v2.2.4.min.js HTTP/1.1" 200 29868 "http://admission.markall.in/" "Mozilla/5.0 (Windows NT 6.1; Win64; x64) AppleWebKit/537.36 (KHTML, like Gecko) Chrome/83.0.4103.61 Safari/537.36"
205.169.39.13 - - [29/Jul/2024:00:38:43 +0000] "GET /assets/img/bg/bg-6.jpg HTTP/1.1" 200 345313 "http://admission.markall.in/" "Mozilla/5.0 (Windows NT 10.0; Win64; x64) AppleWebKit/537.36 (KHTML, like Gecko) Chrome/117.0.5938.132 Safari/537.36"
205.169.39.114 - - [29/Jul/2024:00:38:44 +0000] "GET /assets/js/popper.min.js HTTP/1.1" 200 6635 "http://admission.markall.in/" "Mozilla/5.0 (Windows NT 6.1; Win64; x64) AppleWebKit/537.36 (KHTML, like Gecko) Chrome/83.0.4103.61 Safari/537.36"
205.169.39.114 - - [29/Jul/2024:00:38:44 +0000] "GET /assets/js/bootstrap.min.js HTTP/1.1" 200 15921 "http://admission.markall.in/" "Mozilla/5.0 (Windows NT 6.1; Win64; x64) AppleWebKit/537.36 (KHTML, like Gecko) Chrome/83.0.4103.61 Safari/537.36"
205.169.39.13 - - [29/Jul/2024:00:38:44 +0000] "GET /assets/img/bg/bg-4.jpg HTTP/1.1" 200 334510 "http://admission.markall.in/" "Mozilla/5.0 (Windows NT 10.0; Win64; x64) AppleWebKit/537.36 (KHTML, like Gecko) Chrome/117.0.5938.132 Safari/537.36"
205.169.39.114 - - [29/Jul/2024:00:38:44 +0000] "GET /assets/js/plugins.js HTTP/1.1" 200 44258 "http://admission.markall.in/" "Mozilla/5.0 (Windows NT 6.1; Win64; x64) AppleWebKit/537.36 (KHTML, like Gecko) Chrome/83.0.4103.61 Safari/537.36"
205.169.39.114 - - [29/Jul/2024:00:38:45 +0000] "GET /assets/js/ajax-mail.js HTTP/1.1" 200 509 "http://admission.markall.in/" "Mozilla/5.0 (Windows NT 6.1; Win64; x64) AppleWebKit/537.36 (KHTML, like Gecko) Chrome/83.0.4103.61 Safari/537.36"
205.169.39.13 - - [29/Jul/2024:00:38:45 +0000] "GET /assets/img/slider/slider-1.jpg HTTP/1.1" 200 1133297 "http://admission.markall.in/" "Mozilla/5.0 (Windows NT 10.0; Win64; x64) AppleWebKit/537.36 (KHTML, like Gecko) Chrome/117.0.5938.132 Safari/537.36"
205.169.39.114 - - [29/Jul/2024:00:38:46 +0000] "GET /assets/js/main.js HTTP/1.1" 200 2397 "http://admission.markall.in/" "Mozilla/5.0 (Windows NT 6.1; Win64; x64) AppleWebKit/537.36 (KHTML, like Gecko) Chrome/83.0.4103.61 Safari/537.36"
205.169.39.13 - - [29/Jul/2024:00:38:46 +0000] "GET /assets/img/slider/slider-3.jpg HTTP/1.1" 200 537356 "http://admission.markall.in/" "Mozilla/5.0 (Windows NT 10.0; Win64; x64) AppleWebKit/537.36 (KHTML, like Gecko) Chrome/117.0.5938.132 Safari/537.36"
205.169.39.13 - - [29/Jul/2024:00:38:49 +0000] "GET /assets/img/slider/slider-6.jpg HTTP/1.1" 200 474265 "http://admission.markall.in/" "Mozilla/5.0 (Windows NT 10.0; Win64; x64) AppleWebKit/537.36 (KHTML, like Gecko) Chrome/117.0.5938.132 Safari/537.36"
205.169.39.114 - - [29/Jul/2024:00:38:51 +0000] "GET / HTTP/1.1" 200 5684 "-" "Mozilla/5.0 (Windows NT 10.0; Win64; x64) AppleWebKit/537.36 (KHTML, like Gecko) Chrome/79.0.3945.79 Safari/537.36"
205.169.39.114 - - [29/Jul/2024:00:38:52 +0000] "GET /assets/css/bootstrap.min.css HTTP/1.1" 200 22945 "http://admission.markall.in/" "Mozilla/5.0 (Windows NT 10.0; Win64; x64) AppleWebKit/537.36 (KHTML, like Gecko) Chrome/79.0.3945.79 Safari/537.36"
205.169.39.114 - - [29/Jul/2024:00:38:52 +0000] "GET /assets/css/plugins.css HTTP/1.1" 200 6004 "http://admission.markall.in/" "Mozilla/5.0 (Windows NT 10.0; Win64; x64) AppleWebKit/537.36 (KHTML, like Gecko) Chrome/79.0.3945.79 Safari/537.36"
205.169.39.114 - - [29/Jul/2024:00:38:52 +0000] "GET /assets/css/icons.min.css HTTP/1.1" 200 14122 "http://admission.markall.in/" "Mozilla/5.0 (Windows NT 10.0; Win64; x64) AppleWebKit/537.36 (KHTML, like Gecko) Chrome/79.0.3945.79 Safari/537.36"
205.169.39.114 - - [29/Jul/2024:00:38:52 +0000] "GET /assets/css/style.css HTTP/1.1" 200 23272 "http://admission.markall.in/" "Mozilla/5.0 (Windows NT 10.0; Win64; x64) AppleWebKit/537.36 (KHTML, like Gecko) Chrome/79.0.3945.79 Safari/537.36"
205.169.39.114 - - [29/Jul/2024:00:38:52 +0000] "GET /assets/js/vendor/modernizr-3.11.7.min.js HTTP/1.1" 200 3603 "http://admission.markall.in/" "Mozilla/5.0 (Windows NT 10.0; Win64; x64) AppleWebKit/537.36 (KHTML, like Gecko) Chrome/79.0.3945.79 Safari/537.36"
205.169.39.114 - - [29/Jul/2024:00:38:53 +0000] "GET /gen_validatorv4.js HTTP/1.1" 200 5656 "http://admission.markall.in/" "Mozilla/5.0 (Windows NT 10.0; Win64; x64) AppleWebKit/537.36 (KHTML, like Gecko) Chrome/79.0.3945.79 Safari/537.36"
34.122.147.229 - - [29/Jul/2024:00:38:54 +0000] "GET /assets/img/slider/slider-3.jpg HTTP/1.1" 200 537348 "http://admission.markall.in/" "Mozilla/5.0 (X11; Linux x86_64) AppleWebKit/537.36 (KHTML, like Gecko) HeadlessChrome/92.0.4515.159 Safari/537.36"
205.169.39.114 - - [29/Jul/2024:00:38:54 +0000] "GET /assets/js/vendor/jquery-v2.2.4.min.js HTTP/1.1" 200 29868 "http://admission.markall.in/" "Mozilla/5.0 (Windows NT 10.0; Win64; x64) AppleWebKit/537.36 (KHTML, like Gecko) Chrome/79.0.3945.79 Safari/537.36"
34.123.170.104 - - [29/Jul/2024:00:38:55 +0000] "GET /assets/img/slider/slider-4.jpg HTTP/1.1" 200 265190 "http://admission.markall.in/" "Mozilla/5.0 (X11; Linux x86_64) AppleWebKit/537.36 (KHTML, like Gecko) HeadlessChrome/92.0.4515.159 Safari/537.36"
34.122.147.229 - - [29/Jul/2024:00:38:55 +0000] "GET /assets/img/slider/slider-4.jpg HTTP/1.1" 200 265190 "http://admission.markall.in/" "Mozilla/5.0 (X11; Linux x86_64) AppleWebKit/537.36 (KHTML, like Gecko) HeadlessChrome/92.0.4515.159 Safari/537.36"
205.169.39.114 - - [29/Jul/2024:00:38:55 +0000] "GET /assets/js/popper.min.js HTTP/1.1" 200 6635 "http://admission.markall.in/" "Mozilla/5.0 (Windows NT 10.0; Win64; x64) AppleWebKit/537.36 (KHTML, like Gecko) Chrome/79.0.3945.79 Safari/537.36"
34.122.147.229 - - [29/Jul/2024:00:38:55 +0000] "GET /assets/img/slider/slider-5.jpg HTTP/1.1" 200 475651 "http://admission.markall.in/" "Mozilla/5.0 (X11; Linux x86_64) AppleWebKit/537.36 (KHTML, like Gecko) HeadlessChrome/92.0.4515.159 Safari/537.36"
205.169.39.114 - - [29/Jul/2024:00:38:55 +0000] "GET /assets/js/bootstrap.min.js HTTP/1.1" 200 15921 "http://admission.markall.in/" "Mozilla/5.0 (Windows NT 10.0; Win64; x64) AppleWebKit/537.36 (KHTML, like Gecko) Chrome/79.0.3945.79 Safari/537.36"
205.169.39.114 - - [29/Jul/2024:00:38:55 +0000] "GET /assets/js/ajax-mail.js HTTP/1.1" 200 509 "http://admission.markall.in/" "Mozilla/5.0 (Windows NT 10.0; Win64; x64) AppleWebKit/537.36 (KHTML, like Gecko) Chrome/79.0.3945.79 Safari/537.36"
205.169.39.114 - - [29/Jul/2024:00:38:55 +0000] "GET /assets/js/main.js HTTP/1.1" 200 2397 "http://admission.markall.in/" "Mozilla/5.0 (Windows NT 10.0; Win64; x64) AppleWebKit/537.36 (KHTML, like Gecko) Chrome/79.0.3945.79 Safari/537.36"
205.169.39.114 - - [29/Jul/2024:00:38:56 +0000] "GET /assets/img/icon-img/header-shape.png HTTP/1.1" 200 745 "http://admission.markall.in/" "Mozilla/5.0 (Windows NT 10.0; Win64; x64) AppleWebKit/537.36 (KHTML, like Gecko) Chrome/79.0.3945.79 Safari/537.36"
34.123.170.104 - - [29/Jul/2024:00:38:56 +0000] "GET /assets/img/slider/slider-6.jpg HTTP/1.1" 200 474265 "http://admission.markall.in/" "Mozilla/5.0 (X11; Linux x86_64) AppleWebKit/537.36 (KHTML, like Gecko) HeadlessChrome/92.0.4515.159 Safari/537.36"
34.122.147.229 - - [29/Jul/2024:00:38:56 +0000] "GET /assets/img/slider/slider-1.jpg HTTP/1.1" 200 1133316 "http://admission.markall.in/" "Mozilla/5.0 (X11; Linux x86_64) AppleWebKit/537.36 (KHTML, like Gecko) HeadlessChrome/92.0.4515.159 Safari/537.36"
205.169.39.114 - - [29/Jul/2024:00:38:56 +0000] "GET /assets/img/icon-img/section-shape-3.png HTTP/1.1" 200 677 "http://admission.markall.in/assets/css/style.css" "Mozilla/5.0 (Windows NT 10.0; Win64; x64) AppleWebKit/537.36 (KHTML, like Gecko) Chrome/79.0.3945.79 Safari/537.36"
205.169.39.114 - - [29/Jul/2024:00:38:56 +0000] "GET /assets/img/banner/banner-3.png HTTP/1.1" 200 101511 "http://admission.markall.in/" "Mozilla/5.0 (Windows NT 10.0; Win64; x64) AppleWebKit/537.36 (KHTML, like Gecko) Chrome/79.0.3945.79 Safari/537.36"
34.122.147.229 - - [29/Jul/2024:00:38:56 +0000] "GET /assets/img/slider/slider-2.jpg HTTP/1.1" 200 415533 "http://admission.markall.in/" "Mozilla/5.0 (X11; Linux x86_64) AppleWebKit/537.36 (KHTML, like Gecko) HeadlessChrome/92.0.4515.159 Safari/537.36"
205.169.39.114 - - [29/Jul/2024:00:38:56 +0000] "GET /assets/js/plugins.js HTTP/1.1" 200 44258 "http://admission.markall.in/" "Mozilla/5.0 (Windows NT 10.0; Win64; x64) AppleWebKit/537.36 (KHTML, like Gecko) Chrome/79.0.3945.79 Safari/537.36"
34.122.147.229 - - [29/Jul/2024:00:38:56 +0000] "GET /assets/img/slider/slider-3.jpg HTTP/1.1" 200 537348 "http://admission.markall.in/" "Mozilla/5.0 (X11; Linux x86_64) AppleWebKit/537.36 (KHTML, like Gecko) HeadlessChrome/92.0.4515.159 Safari/537.36"
205.169.39.114 - - [29/Jul/2024:00:38:56 +0000] "GET /assets/fonts/fontawesome-webfont.woff2?v=4.5.0 HTTP/1.1" 200 66624 "http://admission.markall.in/assets/css/icons.min.css" "Mozilla/5.0 (Windows NT 10.0; Win64; x64) AppleWebKit/537.36 (KHTML, like Gecko) Chrome/79.0.3945.79 Safari/537.36"
205.169.39.114 - - [29/Jul/2024:00:38:56 +0000] "GET /assets/img/icon-img/section-shape-4.png HTTP/1.1" 200 679 "http://admission.markall.in/assets/css/style.css" "Mozilla/5.0 (Windows NT 10.0; Win64; x64) AppleWebKit/537.36 (KHTML, like Gecko) Chrome/79.0.3945.79 Safari/537.36"
205.169.39.114 - - [29/Jul/2024:00:38:57 +0000] "GET /assets/img/banner/international.png HTTP/1.1" 200 147997 "http://admission.markall.in/" "Mozilla/5.0 (Windows NT 10.0; Win64; x64) AppleWebKit/537.36 (KHTML, like Gecko) Chrome/79.0.3945.79 Safari/537.36"
34.123.170.104 - - [29/Jul/2024:00:38:57 +0000] "GET /assets/img/slider/slider-6.jpg HTTP/1.1" 200 474265 "http://admission.markall.in/" "Mozilla/5.0 (X11; Linux x86_64) AppleWebKit/537.36 (KHTML, like Gecko) HeadlessChrome/92.0.4515.159 Safari/537.36"
34.72.176.129 - - [29/Jul/2024:00:38:57 +0000] "GET /assets/img/slider/slider-2.jpg HTTP/1.1" 200 415533 "http://admission.markall.in/" "Mozilla/5.0 (X11; Linux x86_64) AppleWebKit/537.36 (KHTML, like Gecko) HeadlessChrome/92.0.4515.159 Safari/537.36"
34.122.147.229 - - [29/Jul/2024:00:38:57 +0000] "GET /assets/img/slider/slider-5.jpg HTTP/1.1" 200 475651 "http://admission.markall.in/" "Mozilla/5.0 (X11; Linux x86_64) AppleWebKit/537.36 (KHTML, like Gecko) HeadlessChrome/92.0.4515.159 Safari/537.36"
205.169.39.114 - - [29/Jul/2024:00:38:57 +0000] "GET /assets/img/icon-img/1.png HTTP/1.1" 200 18993 "http://admission.markall.in/" "Mozilla/5.0 (Windows NT 10.0; Win64; x64) AppleWebKit/537.36 (KHTML, like Gecko) Chrome/79.0.3945.79 Safari/537.36"
205.169.39.114 - - [29/Jul/2024:00:38:57 +0000] "GET /assets/img/icon-img/2.png HTTP/1.1" 200 5164 "http://admission.markall.in/" "Mozilla/5.0 (Windows NT 10.0; Win64; x64) AppleWebKit/537.36 (KHTML, like Gecko) Chrome/79.0.3945.79 Safari/537.36"
205.169.39.114 - - [29/Jul/2024:00:38:58 +0000] "GET /assets/img/banner/kids.png HTTP/1.1" 200 127564 "http://admission.markall.in/" "Mozilla/5.0 (Windows NT 10.0; Win64; x64) AppleWebKit/537.36 (KHTML, like Gecko) Chrome/79.0.3945.79 Safari/537.36"
205.169.39.114 - - [29/Jul/2024:00:38:59 +0000] "GET /assets/img/slider/slider-1.jpg HTTP/1.1" 200 1133289 "http://admission.markall.in/" "Mozilla/5.0 (Windows NT 10.0; Win64; x64) AppleWebKit/537.36 (KHTML, like Gecko) Chrome/79.0.3945.79 Safari/537.36"
205.169.39.44 - - [29/Jul/2024:00:39:00 +0000] "GET /assets/css/style.css HTTP/1.1" 200 23272 "-" "Mozilla/5.0 (Windows NT 10.0) AppleWebKit/537.36 (KHTML, like Gecko) Chrome/106.0.0.0 Safari/537.36"
205.169.39.46 - - [29/Jul/2024:00:39:00 +0000] "GET /assets/css/icons.min.css HTTP/1.1" 200 14122 "-" "Mozilla/5.0 (Windows NT 10.0) AppleWebKit/537.36 (KHTML, like Gecko) Chrome/106.0.0.0 Safari/537.36"
205.169.39.14 - - [29/Jul/2024:00:39:00 +0000] "GET /assets/css/plugins.css HTTP/1.1" 200 6004 "-" "Mozilla/5.0 (Windows NT 10.0) AppleWebKit/537.36 (KHTML, like Gecko) Chrome/106.0.0.0 Safari/537.36"
205.169.39.114 - - [29/Jul/2024:00:39:01 +0000] "GET /assets/img/slider/slider-4.jpg HTTP/1.1" 200 265190 "http://admission.markall.in/" "Mozilla/5.0 (Windows NT 10.0; Win64; x64) AppleWebKit/537.36 (KHTML, like Gecko) Chrome/79.0.3945.79 Safari/537.36"
34.123.170.104 - - [29/Jul/2024:00:39:01 +0000] "GET /assets/img/slider/slider-1.jpg HTTP/1.1" 200 1133316 "http://admission.markall.in/" "Mozilla/5.0 (X11; Linux x86_64) AppleWebKit/537.36 (KHTML, like Gecko) HeadlessChrome/92.0.4515.159 Safari/537.36"
205.169.39.114 - - [29/Jul/2024:00:39:02 +0000] "GET /assets/img/slider/slider-5.jpg HTTP/1.1" 200 475651 "http://admission.markall.in/" "Mozilla/5.0 (Windows NT 10.0; Win64; x64) AppleWebKit/537.36 (KHTML, like Gecko) Chrome/79.0.3945.79 Safari/537.36"
205.169.39.114 - - [29/Jul/2024:00:39:05 +0000] "GET /assets/img/icon-img/4.png HTTP/1.1" 200 5385 "http://admission.markall.in/" "Mozilla/5.0 (Windows NT 10.0; Win64; x64) AppleWebKit/537.36 (KHTML, like Gecko) Chrome/79.0.3945.79 Safari/537.36"
205.169.39.114 - - [29/Jul/2024:00:39:05 +0000] "GET /assets/img/icon-img/3.png HTTP/1.1" 200 7259 "http://admission.markall.in/" "Mozilla/5.0 (Windows NT 10.0; Win64; x64) AppleWebKit/537.36 (KHTML, like Gecko) Chrome/79.0.3945.79 Safari/537.36"
205.169.39.114 - - [29/Jul/2024:00:39:06 +0000] "GET /assets/img/icon-img/5.png HTTP/1.1" 200 13664 "http://admission.markall.in/" "Mozilla/5.0 (Windows NT 10.0; Win64; x64) AppleWebKit/537.36 (KHTML, like Gecko) Chrome/79.0.3945.79 Safari/537.36"
205.169.39.114 - - [29/Jul/2024:00:39:06 +0000] "GET /assets/img/icon-img/6.png HTTP/1.1" 200 8390 "http://admission.markall.in/" "Mozilla/5.0 (Windows NT 10.0; Win64; x64) AppleWebKit/537.36 (KHTML, like Gecko) Chrome/79.0.3945.79 Safari/537.36"
205.169.39.114 - - [29/Jul/2024:00:39:06 +0000] "GET /assets/img/icon-img/7.png HTTP/1.1" 200 10899 "http://admission.markall.in/" "Mozilla/5.0 (Windows NT 10.0; Win64; x64) AppleWebKit/537.36 (KHTML, like Gecko) Chrome/79.0.3945.79 Safari/537.36"
205.169.39.114 - - [29/Jul/2024:00:39:06 +0000] "GET /assets/img/icon-img/8.png HTTP/1.1" 200 16299 "http://admission.markall.in/" "Mozilla/5.0 (Windows NT 10.0; Win64; x64) AppleWebKit/537.36 (KHTML, like Gecko) Chrome/79.0.3945.79 Safari/537.36"
205.169.39.114 - - [29/Jul/2024:00:39:06 +0000] "GET /assets/img/icon-img/achieve-2.png HTTP/1.1" 200 2972 "http://admission.markall.in/" "Mozilla/5.0 (Windows NT 10.0; Win64; x64) AppleWebKit/537.36 (KHTML, like Gecko) Chrome/79.0.3945.79 Safari/537.36"
205.169.39.114 - - [29/Jul/2024:00:39:07 +0000] "GET /assets/img/icon-img/achieve-1.png HTTP/1.1" 200 2149 "http://admission.markall.in/" "Mozilla/5.0 (Windows NT 10.0; Win64; x64) AppleWebKit/537.36 (KHTML, like Gecko) Chrome/79.0.3945.79 Safari/537.36"
205.169.39.114 - - [29/Jul/2024:00:39:07 +0000] "GET /assets/img/icon-img/achieve-3.png HTTP/1.1" 200 3107 "http://admission.markall.in/" "Mozilla/5.0 (Windows NT 10.0; Win64; x64) AppleWebKit/537.36 (KHTML, like Gecko) Chrome/79.0.3945.79 Safari/537.36"
205.169.39.114 - - [29/Jul/2024:00:39:07 +0000] "GET /assets/img/gallery/gallery-1.png HTTP/1.1" 200 9294 "http://admission.markall.in/" "Mozilla/5.0 (Windows NT 10.0; Win64; x64) AppleWebKit/537.36 (KHTML, like Gecko) Chrome/79.0.3945.79 Safari/537.36"
205.169.39.114 - - [29/Jul/2024:00:39:07 +0000] "GET /assets/img/gallery/gallery-2.png HTTP/1.1" 200 9998 "http://admission.markall.in/" "Mozilla/5.0 (Windows NT 10.0; Win64; x64) AppleWebKit/537.36 (KHTML, like Gecko) Chrome/79.0.3945.79 Safari/537.36"
205.169.39.114 - - [29/Jul/2024:00:39:07 +0000] "GET /assets/img/gallery/gallery-3.png HTTP/1.1" 200 9932 "http://admission.markall.in/" "Mozilla/5.0 (Windows NT 10.0; Win64; x64) AppleWebKit/537.36 (KHTML, like Gecko) Chrome/79.0.3945.79 Safari/537.36"
205.169.39.114 - - [29/Jul/2024:00:39:07 +0000] "GET /assets/img/gallery/gallery-4.png HTTP/1.1" 200 11809 "http://admission.markall.in/" "Mozilla/5.0 (Windows NT 10.0; Win64; x64) AppleWebKit/537.36 (KHTML, like Gecko) Chrome/79.0.3945.79 Safari/537.36"
205.169.39.114 - - [29/Jul/2024:00:39:08 +0000] "GET /assets/img/gallery/gallery-5.png HTTP/1.1" 200 10833 "http://admission.markall.in/" "Mozilla/5.0 (Windows NT 10.0; Win64; x64) AppleWebKit/537.36 (KHTML, like Gecko) Chrome/79.0.3945.79 Safari/537.36"
205.169.39.114 - - [29/Jul/2024:00:39:09 +0000] "GET /assets/img/gallery/gallery-6.png HTTP/1.1" 200 9782 "http://admission.markall.in/" "Mozilla/5.0 (Windows NT 10.0; Win64; x64) AppleWebKit/537.36 (KHTML, like Gecko) Chrome/79.0.3945.79 Safari/537.36"
205.169.39.114 - - [29/Jul/2024:00:39:10 +0000] "GET /assets/img/slider/slider-2.jpg HTTP/1.1" 200 415533 "http://admission.markall.in/" "Mozilla/5.0 (Windows NT 10.0; Win64; x64) AppleWebKit/537.36 (KHTML, like Gecko) Chrome/79.0.3945.79 Safari/537.36"
205.169.39.114 - - [29/Jul/2024:00:39:12 +0000] "GET /assets/img/bg/bg-6.jpg HTTP/1.1" 200 345313 "http://admission.markall.in/" "Mozilla/5.0 (Windows NT 10.0; Win64; x64) AppleWebKit/537.36 (KHTML, like Gecko) Chrome/79.0.3945.79 Safari/537.36"
205.169.39.114 - - [29/Jul/2024:00:39:17 +0000] "GET /assets/img/bg/bg-4.jpg HTTP/1.1" 200 334510 "http://admission.markall.in/" "Mozilla/5.0 (Windows NT 10.0; Win64; x64) AppleWebKit/537.36 (KHTML, like Gecko) Chrome/79.0.3945.79 Safari/537.36"
205.169.39.114 - - [29/Jul/2024:00:39:18 +0000] "GET /assets/img/slider/slider-6.jpg HTTP/1.1" 200 474265 "http://admission.markall.in/" "Mozilla/5.0 (Windows NT 10.0; Win64; x64) AppleWebKit/537.36 (KHTML, like Gecko) Chrome/79.0.3945.79 Safari/537.36"
205.169.39.114 - - [29/Jul/2024:00:39:20 +0000] "GET /assets/img/slider/slider-3.jpg HTTP/1.1" 200 300104 "http://admission.markall.in/" "Mozilla/5.0 (Windows NT 10.0; Win64; x64) AppleWebKit/537.36 (KHTML, like Gecko) Chrome/79.0.3945.79 Safari/537.36"
193.32.127.171 - - [29/Jul/2024:00:39:50 +0000] "GET / HTTP/1.1" 200 5684 "-" "Mozilla/5.0 (Windows NT 10.0; Win64; x64) AppleWebKit/537.36 (KHTML, like Gecko) Chrome/110.0.0.0 Safari/537.36"
193.32.127.171 - - [29/Jul/2024:00:39:50 +0000] "GET /favicon.ico HTTP/1.1" 404 196 "-" "Mozilla/5.0 (Windows NT 10.0; Win64; x64) AppleWebKit/537.36 (KHTML, like Gecko) Chrome/110.0.0.0 Safari/537.36"
88.99.26.177 - - [29/Jul/2024:00:43:03 +0000] "GET / HTTP/1.1" 200 5723 "-" "Mozilla/5.0 (Linux; Android 14) AppleWebKit/537.36 (KHTML, like Gecko) Chrome/118.0.5993.80 Mobile Safari/537.36"
65.108.83.254 - - [29/Jul/2024:01:18:24 +0000] "GET / HTTP/1.1" 200 5684 "-" "Go-http-client/1.1"
65.108.83.254 - - [29/Jul/2024:01:18:24 +0000] "GET /favicon.ico HTTP/1.1" 404 196 "-" "Go-http-client/1.1"
213.232.87.234 - - [29/Jul/2024:01:24:51 +0000] "GET /web.config HTTP/1.1" 404 196 "-" "Go-http-client/1.1"
213.232.87.234 - - [29/Jul/2024:01:24:52 +0000] "GET /backup.tar.gz HTTP/1.1" 404 196 "-" "Go-http-client/1.1"
213.232.87.234 - - [29/Jul/2024:01:24:52 +0000] "GET /.svn/wc.db HTTP/1.1" 403 153 "-" "Go-http-client/1.1"
213.232.87.234 - - [29/Jul/2024:01:24:52 +0000] "GET /.ssh/id_ed25519 HTTP/1.1" 404 196 "-" "Go-http-client/1.1"
213.232.87.234 - - [29/Jul/2024:01:24:52 +0000] "GET /.kube/config HTTP/1.1" 404 196 "-" "Go-http-client/1.1"
213.232.87.234 - - [29/Jul/2024:01:24:52 +0000] "GET /docker-compose.yml HTTP/1.1" 404 196 "-" "Go-http-client/1.1"
213.232.87.234 - - [29/Jul/2024:01:24:52 +0000] "GET /api/.env HTTP/1.1" 404 196 "-" "Go-http-client/1.1"
213.232.87.234 - - [29/Jul/2024:01:24:52 +0000] "GET /user_secrets.yml HTTP/1.1" 404 196 "-" "Go-http-client/1.1"
213.232.87.234 - - [29/Jul/2024:01:24:52 +0000] "GET /backup.zip HTTP/1.1" 404 196 "-" "Go-http-client/1.1"
213.232.87.234 - - [29/Jul/2024:01:24:52 +0000] "GET /database.sql HTTP/1.1" 404 196 "-" "Go-http-client/1.1"
213.232.87.234 - - [29/Jul/2024:01:24:52 +0000] "GET /.env.production HTTP/1.1" 404 196 "-" "Go-http-client/1.1"
213.232.87.234 - - [29/Jul/2024:01:24:52 +0000] "GET /config.json HTTP/1.1" 404 196 "-" "Go-http-client/1.1"
213.232.87.234 - - [29/Jul/2024:01:24:52 +0000] "GET /.vscode/sftp.json HTTP/1.1" 404 196 "-" "Go-http-client/1.1"
213.232.87.234 - - [29/Jul/2024:01:24:52 +0000] "GET /feed HTTP/1.1" 404 196 "-" "Go-http-client/1.1"
213.232.87.234 - - [29/Jul/2024:01:24:52 +0000] "GET /config/database.php HTTP/1.1" 404 196 "-" "Go-http-client/1.1"
213.232.87.234 - - [29/Jul/2024:01:24:52 +0000] "GET /secrets.json HTTP/1.1" 404 196 "-" "Go-http-client/1.1"
213.232.87.234 - - [29/Jul/2024:01:24:52 +0000] "GET /.ssh/id_ecdsa HTTP/1.1" 404 196 "-" "Go-http-client/1.1"
213.232.87.234 - - [29/Jul/2024:01:24:52 +0000] "GET /cloud-config.yml HTTP/1.1" 404 196 "-" "Go-http-client/1.1"
213.232.87.234 - - [29/Jul/2024:01:24:52 +0000] "GET /.aws/credentials HTTP/1.1" 404 196 "-" "Go-http-client/1.1"
213.232.87.234 - - [29/Jul/2024:01:24:52 +0000] "GET /.env HTTP/1.1" 404 196 "-" "Go-http-client/1.1"
213.232.87.234 - - [29/Jul/2024:01:24:52 +0000] "GET /backup.sql HTTP/1.1" 404 196 "-" "Go-http-client/1.1"
213.232.87.234 - - [29/Jul/2024:01:24:52 +0000] "GET /dump.sql HTTP/1.1" 404 196 "-" "Go-http-client/1.1"
213.232.87.234 - - [29/Jul/2024:01:24:52 +0000] "GET /config.xml HTTP/1.1" 404 196 "-" "Go-http-client/1.1"
213.232.87.234 - - [29/Jul/2024:01:24:52 +0000] "GET /etc/shadow HTTP/1.1" 404 196 "-" "Go-http-client/1.1"
213.232.87.234 - - [29/Jul/2024:01:24:52 +0000] "GET /wp-admin/setup-config.php HTTP/1.1" 404 196 "-" "Go-http-client/1.1"
213.232.87.234 - - [29/Jul/2024:01:24:52 +0000] "GET /config/production.json HTTP/1.1" 404 196 "-" "Go-http-client/1.1"
213.232.87.234 - - [29/Jul/2024:01:24:52 +0000] "GET /server.key HTTP/1.1" 404 196 "-" "Go-http-client/1.1"
213.232.87.234 - - [29/Jul/2024:01:24:52 +0000] "GET /config.php HTTP/1.1" 404 196 "-" "Go-http-client/1.1"
213.232.87.234 - - [29/Jul/2024:01:24:52 +0000] "GET /.git/HEAD HTTP/1.1" 403 153 "-" "Go-http-client/1.1"
213.232.87.234 - - [29/Jul/2024:01:24:52 +0000] "GET /config.yml HTTP/1.1" 404 196 "-" "Go-http-client/1.1"
213.232.87.234 - - [29/Jul/2024:01:24:52 +0000] "GET /config.yaml HTTP/1.1" 404 196 "-" "Go-http-client/1.1"
213.232.87.234 - - [29/Jul/2024:01:24:52 +0000] "GET /phpinfo.php HTTP/1.1" 404 196 "-" "Go-http-client/1.1"
213.232.87.234 - - [29/Jul/2024:01:24:52 +0000] "GET /etc/ssl/private/server.key HTTP/1.1" 404 196 "-" "Go-http-client/1.1"
213.232.87.234 - - [29/Jul/2024:01:24:52 +0000] "GET / HTTP/1.1" 200 5684 "-" "Go-http-client/1.1"
213.232.87.234 - - [29/Jul/2024:01:24:52 +0000] "GET /.ssh/id_rsa HTTP/1.1" 404 196 "-" "Go-http-client/1.1"
213.232.87.234 - - [29/Jul/2024:01:24:52 +0000] "GET /wp-config.php HTTP/1.1" 404 196 "-" "Go-http-client/1.1"
213.232.87.234 - - [29/Jul/2024:01:24:52 +0000] "GET /server-status HTTP/1.1" 403 199 "-" "Go-http-client/1.1"
133.242.174.119 - - [29/Jul/2024:03:38:17 +0000] "GET / HTTP/1.1" 200 5747 "-" "Mozilla/5.0 (Linux; Android 10; K) AppleWebKit/537.36 (KHTML, like Gecko) Chrome/122.0.0.0 Mobile Safari/537.36"
206.168.34.222 - - [29/Jul/2024:07:38:43 +0000] "GET / HTTP/1.1" 200 5684 "-" "Mozilla/5.0 (compatible; CensysInspect/1.1; +https://about.censys.io/)"
206.168.34.222 - - [29/Jul/2024:07:38:44 +0000] "GET /assets/img/favicon.png HTTP/1.1" 404 196 "-" "Mozilla/5.0 (compatible; CensysInspect/1.1; +https://about.censys.io/)"
206.168.34.222 - - [29/Jul/2024:07:38:45 +0000] "GET /favicon.ico HTTP/1.1" 404 196 "-" "Mozilla/5.0 (compatible; CensysInspect/1.1; +https://about.censys.io/)"
66.249.92.136 - - [29/Jul/2024:11:21:34 +0000] "GET /thanks.php HTTP/1.1" 200 5719 "-" "Mozilla/5.0 AppleWebKit/537.36 Chrome/126.0.6478.182 Safari/537.36 Google-Ads-Conversions"
66.249.92.136 - - [29/Jul/2024:11:21:34 +0000] "GET /gen_validatorv4.js HTTP/1.1" 200 5656 "https://admission.markall.in/thanks.php" "Mozilla/5.0 AppleWebKit/537.36 Chrome/126.0.6478.182 Safari/537.36 Google-Ads-Conversions"
66.249.92.137 - - [29/Jul/2024:11:21:36 +0000] "GET /assets/js/vendor/modernizr-3.11.7.min.js HTTP/1.1" 200 3603 "https://admission.markall.in/thanks.php" "Mozilla/5.0 AppleWebKit/537.36 Chrome/126.0.6478.182 Safari/537.36 Google-Ads-Conversions"
66.249.92.137 - - [29/Jul/2024:11:21:36 +0000] "GET /assets/js/vendor/jquery-v2.2.4.min.js HTTP/1.1" 200 29868 "https://admission.markall.in/thanks.php" "Mozilla/5.0 AppleWebKit/537.36 Chrome/126.0.6478.182 Safari/537.36 Google-Ads-Conversions"
66.249.92.135 - - [29/Jul/2024:11:21:37 +0000] "GET /assets/js/popper.min.js HTTP/1.1" 200 6635 "https://admission.markall.in/thanks.php" "Mozilla/5.0 AppleWebKit/537.36 Chrome/126.0.6478.182 Safari/537.36 Google-Ads-Conversions"
66.249.92.135 - - [29/Jul/2024:11:21:38 +0000] "GET /assets/js/bootstrap.min.js HTTP/1.1" 200 15921 "https://admission.markall.in/thanks.php" "Mozilla/5.0 AppleWebKit/537.36 Chrome/126.0.6478.182 Safari/537.36 Google-Ads-Conversions"
66.249.92.135 - - [29/Jul/2024:11:21:38 +0000] "GET /assets/js/plugins.js HTTP/1.1" 200 44258 "https://admission.markall.in/thanks.php" "Mozilla/5.0 AppleWebKit/537.36 Chrome/126.0.6478.182 Safari/537.36 Google-Ads-Conversions"
66.249.92.135 - - [29/Jul/2024:11:21:39 +0000] "GET /assets/js/ajax-mail.js HTTP/1.1" 200 509 "https://admission.markall.in/thanks.php" "Mozilla/5.0 AppleWebKit/537.36 Chrome/126.0.6478.182 Safari/537.36 Google-Ads-Conversions"
66.249.92.136 - - [29/Jul/2024:11:21:40 +0000] "GET /assets/js/main.js HTTP/1.1" 200 2397 "https://admission.markall.in/thanks.php" "Mozilla/5.0 AppleWebKit/537.36 Chrome/126.0.6478.182 Safari/537.36 Google-Ads-Conversions"
