95.96.41.171 - - [16/May/2025:22:19:41 +0000] "GET /certificate.php/products.php/cat-products.php?id=94/ HTTP/1.1" 200 4903 "-" "Mozilla/5.0 (compatible; MJ12bot/v1.4.8; http://mj12bot.com/)"
95.96.41.171 - - [16/May/2025:22:19:42 +0000] "GET /certificate.php/products.php/cat-products.php?id=95/ HTTP/1.1" 200 4939 "-" "Mozilla/5.0 (compatible; MJ12bot/v1.4.8; http://mj12bot.com/)"
95.96.41.171 - - [16/May/2025:22:19:44 +0000] "GET /certificate.php/products.php/cat-products.php?id=96/ HTTP/1.1" 200 4908 "-" "Mozilla/5.0 (compatible; MJ12bot/v1.4.8; http://mj12bot.com/)"
95.96.41.171 - - [16/May/2025:22:19:46 +0000] "GET /certificate.php/products.php/cat-products.php?id=97/ HTTP/1.1" 200 4896 "-" "Mozilla/5.0 (compatible; MJ12bot/v1.4.8; http://mj12bot.com/)"
95.96.41.171 - - [16/May/2025:22:19:48 +0000] "GET /certificate.php/products.php/cat-products.php?id=98/ HTTP/1.1" 200 4924 "-" "Mozilla/5.0 (compatible; MJ12bot/v1.4.8; http://mj12bot.com/)"
95.96.41.171 - - [16/May/2025:22:19:50 +0000] "GET /certificate.php/products.php/cat-products.php?id=99/ HTTP/1.1" 200 4908 "-" "Mozilla/5.0 (compatible; MJ12bot/v1.4.8; http://mj12bot.com/)"
95.96.41.171 - - [16/May/2025:22:19:52 +0000] "GET /certificate.php/products.php/certificate-more.php?id=411/ HTTP/1.1" 200 4924 "-" "Mozilla/5.0 (compatible; MJ12bot/v1.4.8; http://mj12bot.com/)"
95.96.41.171 - - [16/May/2025:22:19:54 +0000] "GET /certificate.php/products.php/certificate-more.php?id=412/ HTTP/1.1" 200 4896 "-" "Mozilla/5.0 (compatible; MJ12bot/v1.4.8; http://mj12bot.com/)"
95.96.41.171 - - [16/May/2025:22:19:58 +0000] "GET /certificate.php/products.php/certificate-more.php?id=413/ HTTP/1.1" 200 4908 "-" "Mozilla/5.0 (compatible; MJ12bot/v1.4.8; http://mj12bot.com/)"
95.96.41.171 - - [16/May/2025:22:20:01 +0000] "GET /certificate.php/products.php/certificate-more.php?id=414/ HTTP/1.1" 200 4912 "-" "Mozilla/5.0 (compatible; MJ12bot/v1.4.8; http://mj12bot.com/)"
95.96.41.171 - - [16/May/2025:22:20:04 +0000] "GET /certificate.php/products.php/certificate-more.php?id=54/ HTTP/1.1" 200 4908 "-" "Mozilla/5.0 (compatible; MJ12bot/v1.4.8; http://mj12bot.com/)"
95.96.41.171 - - [16/May/2025:22:20:06 +0000] "GET /certificate.php/products.php/certificate-more.php?id=56/ HTTP/1.1" 200 4924 "-" "Mozilla/5.0 (compatible; MJ12bot/v1.4.8; http://mj12bot.com/)"
95.96.41.171 - - [16/May/2025:22:20:09 +0000] "GET /certificate.php/products.php/certificate-more.php?id=57/ HTTP/1.1" 200 4939 "-" "Mozilla/5.0 (compatible; MJ12bot/v1.4.8; http://mj12bot.com/)"
95.96.41.171 - - [16/May/2025:22:20:13 +0000] "GET /certificate.php/products.php/certificate-more.php?id=58/ HTTP/1.1" 200 4896 "-" "Mozilla/5.0 (compatible; MJ12bot/v1.4.8; http://mj12bot.com/)"
95.96.41.171 - - [16/May/2025:22:20:20 +0000] "GET /certificate.php/products.php/certificate-more.php?id=59/ HTTP/1.1" 200 4896 "-" "Mozilla/5.0 (compatible; MJ12bot/v1.4.8; http://mj12bot.com/)"
95.96.41.171 - - [16/May/2025:22:20:22 +0000] "GET /certificate.php/products.php/certificate-more.php?id=60/ HTTP/1.1" 200 4896 "-" "Mozilla/5.0 (compatible; MJ12bot/v1.4.8; http://mj12bot.com/)"
95.96.41.171 - - [16/May/2025:22:20:24 +0000] "GET /certificate.php/products.php/certificate-more.php?id=61/ HTTP/1.1" 200 4896 "-" "Mozilla/5.0 (compatible; MJ12bot/v1.4.8; http://mj12bot.com/)"
95.96.41.171 - - [16/May/2025:22:20:26 +0000] "GET /certificate.php/products.php/certificate-more.php?id=62/ HTTP/1.1" 200 4908 "-" "Mozilla/5.0 (compatible; MJ12bot/v1.4.8; http://mj12bot.com/)"
95.96.41.171 - - [16/May/2025:22:20:28 +0000] "GET /certificate.php/products.php/certificate-more.php?id=63/ HTTP/1.1" 200 4896 "-" "Mozilla/5.0 (compatible; MJ12bot/v1.4.8; http://mj12bot.com/)"
95.96.41.171 - - [16/May/2025:22:20:32 +0000] "GET /certificate.php/products.php/certificate-more.php?id=64/ HTTP/1.1" 200 4896 "-" "Mozilla/5.0 (compatible; MJ12bot/v1.4.8; http://mj12bot.com/)"
95.96.41.171 - - [16/May/2025:22:20:34 +0000] "GET /certificate.php/products.php/qualitycontrol.php/cat-products.php?id=92/ HTTP/1.1" 200 4912 "-" "Mozilla/5.0 (compatible; MJ12bot/v1.4.8; http://mj12bot.com/)"
95.96.41.171 - - [16/May/2025:22:20:36 +0000] "GET /certificate.php/products.php/qualitycontrol.php/cat-products.php?id=93/ HTTP/1.1" 200 4908 "-" "Mozilla/5.0 (compatible; MJ12bot/v1.4.8; http://mj12bot.com/)"
95.96.41.171 - - [16/May/2025:22:20:38 +0000] "GET /certificate.php/products.php/qualitycontrol.php/certificate-more.php?id=60/ HTTP/1.1" 200 4908 "-" "Mozilla/5.0 (compatible; MJ12bot/v1.4.8; http://mj12bot.com/)"
95.96.41.171 - - [16/May/2025:22:20:46 +0000] "GET /certificate.php/products.php/randd.php/globaloverseas.php/testimonials.php/cat-products.php?id=101/ HTTP/1.1" 200 4903 "-" "Mozilla/5.0 (compatible; MJ12bot/v1.4.8; http://mj12bot.com/)"
95.96.41.171 - - [16/May/2025:22:20:49 +0000] "GET /certificate.php/products.php/randd.php/globaloverseas.php/testimonials.php/cat-products.php?id=102/ HTTP/1.1" 200 4896 "-" "Mozilla/5.0 (compatible; MJ12bot/v1.4.8; http://mj12bot.com/)"
95.96.41.171 - - [16/May/2025:22:20:51 +0000] "GET /certificate.php/products.php/randd.php/globaloverseas.php/testimonials.php/cat-products.php?id=103/ HTTP/1.1" 200 4895 "-" "Mozilla/5.0 (compatible; MJ12bot/v1.4.8; http://mj12bot.com/)"
95.96.41.171 - - [16/May/2025:22:20:57 +0000] "GET /certificate.php/products.php/randd.php/globaloverseas.php/testimonials.php/cat-products.php?id=104/ HTTP/1.1" 200 4912 "-" "Mozilla/5.0 (compatible; MJ12bot/v1.4.8; http://mj12bot.com/)"
95.96.41.171 - - [16/May/2025:22:21:01 +0000] "GET /certificate.php/products.php/randd.php/globaloverseas.php/testimonials.php/cat-products.php?id=105/ HTTP/1.1" 200 4924 "-" "Mozilla/5.0 (compatible; MJ12bot/v1.4.8; http://mj12bot.com/)"
95.96.41.171 - - [16/May/2025:22:21:03 +0000] "GET /certificate.php/products.php/randd.php/globaloverseas.php/testimonials.php/cat-products.php?id=65/ HTTP/1.1" 200 4903 "-" "Mozilla/5.0 (compatible; MJ12bot/v1.4.8; http://mj12bot.com/)"
95.96.41.171 - - [16/May/2025:22:21:05 +0000] "GET /certificate.php/products.php/randd.php/globaloverseas.php/testimonials.php/cat-products.php?id=66/ HTTP/1.1" 200 4939 "-" "Mozilla/5.0 (compatible; MJ12bot/v1.4.8; http://mj12bot.com/)"
54.36.149.87 - - [16/May/2025:22:21:05 +0000] "GET /prodcertingd-more.php?id=408 HTTP/1.1" 200 5115 "-" "Mozilla/5.0 (compatible; AhrefsBot/7.0; +http://ahrefs.com/robot/)"
95.96.41.171 - - [16/May/2025:22:21:08 +0000] "GET /certificate.php/products.php/randd.php/globaloverseas.php/testimonials.php/cat-products.php?id=67/ HTTP/1.1" 200 4896 "-" "Mozilla/5.0 (compatible; MJ12bot/v1.4.8; http://mj12bot.com/)"
95.96.41.171 - - [16/May/2025:22:21:10 +0000] "GET /certificate.php/products.php/randd.php/globaloverseas.php/testimonials.php/cat-products.php?id=78/ HTTP/1.1" 200 4924 "-" "Mozilla/5.0 (compatible; MJ12bot/v1.4.8; http://mj12bot.com/)"
95.96.41.171 - - [16/May/2025:22:21:21 +0000] "GET /certificate.php/products.php/randd.php/globaloverseas.php/testimonials.php/qualitycontrol.php/cat-products.php?id=100/ HTTP/1.1" 200 4896 "-" "Mozilla/5.0 (compatible; MJ12bot/v1.4.8; http://mj12bot.com/)"
95.96.41.171 - - [16/May/2025:22:21:23 +0000] "GET /certificate.php/products.php/randd.php/globaloverseas.php/testimonials.php/qualitycontrol.php/cat-products.php?id=101/ HTTP/1.1" 200 4903 "-" "Mozilla/5.0 (compatible; MJ12bot/v1.4.8; http://mj12bot.com/)"
95.96.41.171 - - [16/May/2025:22:21:25 +0000] "GET /certificate.php/products.php/randd.php/globaloverseas.php/testimonials.php/qualitycontrol.php/cat-products.php?id=102/ HTTP/1.1" 200 4908 "-" "Mozilla/5.0 (compatible; MJ12bot/v1.4.8; http://mj12bot.com/)"
95.96.41.171 - - [16/May/2025:22:21:27 +0000] "GET /certificate.php/products.php/randd.php/globaloverseas.php/testimonials.php/qualitycontrol.php/cat-products.php?id=103/ HTTP/1.1" 200 4896 "-" "Mozilla/5.0 (compatible; MJ12bot/v1.4.8; http://mj12bot.com/)"
57.141.0.15 - - [16/May/2025:22:21:31 +0000] "GET /prodcertingd-more.php?id=397 HTTP/1.1" 200 17271 "-" "meta-externalagent/1.1 (+https://developers.facebook.com/docs/sharing/webmasters/crawler)"
95.96.41.171 - - [16/May/2025:22:21:34 +0000] "GET /certificate.php/products.php/randd.php/globaloverseas.php/testimonials.php/qualitycontrol.php/cat-products.php?id=104/ HTTP/1.1" 200 4908 "-" "Mozilla/5.0 (compatible; MJ12bot/v1.4.8; http://mj12bot.com/)"
95.96.41.171 - - [16/May/2025:22:21:36 +0000] "GET /certificate.php/products.php/randd.php/globaloverseas.php/testimonials.php/qualitycontrol.php/cat-products.php?id=105/ HTTP/1.1" 200 4896 "-" "Mozilla/5.0 (compatible; MJ12bot/v1.4.8; http://mj12bot.com/)"
95.96.41.171 - - [16/May/2025:22:21:38 +0000] "GET /certificate.php/products.php/randd.php/globaloverseas.php/testimonials.php/qualitycontrol.php/cat-products.php?id=65/ HTTP/1.1" 200 4908 "-" "Mozilla/5.0 (compatible; MJ12bot/v1.4.8; http://mj12bot.com/)"
95.96.41.171 - - [16/May/2025:22:21:41 +0000] "GET /certificate.php/products.php/randd.php/globaloverseas.php/testimonials.php/qualitycontrol.php/cat-products.php?id=66/ HTTP/1.1" 200 4908 "-" "Mozilla/5.0 (compatible; MJ12bot/v1.4.8; http://mj12bot.com/)"
95.96.41.171 - - [16/May/2025:22:21:43 +0000] "GET /certificate.php/products.php/randd.php/globaloverseas.php/testimonials.php/qualitycontrol.php/cat-products.php?id=67/ HTTP/1.1" 200 4939 "-" "Mozilla/5.0 (compatible; MJ12bot/v1.4.8; http://mj12bot.com/)"
95.96.41.171 - - [16/May/2025:22:21:45 +0000] "GET /certificate.php/products.php/randd.php/globaloverseas.php/testimonials.php/qualitycontrol.php/cat-products.php?id=68/ HTTP/1.1" 200 4927 "-" "Mozilla/5.0 (compatible; MJ12bot/v1.4.8; http://mj12bot.com/)"
95.96.41.171 - - [16/May/2025:22:21:47 +0000] "GET /certificate.php/products.php/randd.php/globaloverseas.php/testimonials.php/qualitycontrol.php/cat-products.php?id=69/ HTTP/1.1" 200 4896 "-" "Mozilla/5.0 (compatible; MJ12bot/v1.4.8; http://mj12bot.com/)"
95.96.41.171 - - [16/May/2025:22:21:50 +0000] "GET /certificate.php/products.php/randd.php/globaloverseas.php/testimonials.php/qualitycontrol.php/cat-products.php?id=70/ HTTP/1.1" 200 4896 "-" "Mozilla/5.0 (compatible; MJ12bot/v1.4.8; http://mj12bot.com/)"
95.96.41.171 - - [16/May/2025:22:21:52 +0000] "GET /certificate.php/products.php/randd.php/globaloverseas.php/testimonials.php/qualitycontrol.php/cat-products.php?id=71/ HTTP/1.1" 200 4908 "-" "Mozilla/5.0 (compatible; MJ12bot/v1.4.8; http://mj12bot.com/)"
95.96.41.171 - - [16/May/2025:22:21:54 +0000] "GET /certificate.php/products.php/randd.php/globaloverseas.php/testimonials.php/qualitycontrol.php/cat-products.php?id=72/ HTTP/1.1" 200 4896 "-" "Mozilla/5.0 (compatible; MJ12bot/v1.4.8; http://mj12bot.com/)"
95.96.41.171 - - [16/May/2025:22:21:56 +0000] "GET /certificate.php/products.php/randd.php/globaloverseas.php/testimonials.php/qualitycontrol.php/cat-products.php?id=73/ HTTP/1.1" 200 4927 "-" "Mozilla/5.0 (compatible; MJ12bot/v1.4.8; http://mj12bot.com/)"
95.96.41.171 - - [16/May/2025:22:21:58 +0000] "GET /certificate.php/products.php/randd.php/globaloverseas.php/testimonials.php/qualitycontrol.php/cat-products.php?id=74/ HTTP/1.1" 200 4896 "-" "Mozilla/5.0 (compatible; MJ12bot/v1.4.8; http://mj12bot.com/)"
95.96.41.171 - - [16/May/2025:22:22:00 +0000] "GET /certificate.php/products.php/randd.php/globaloverseas.php/testimonials.php/qualitycontrol.php/cat-products.php?id=75/ HTTP/1.1" 200 4896 "-" "Mozilla/5.0 (compatible; MJ12bot/v1.4.8; http://mj12bot.com/)"
95.96.41.171 - - [16/May/2025:22:22:02 +0000] "GET /certificate.php/products.php/randd.php/globaloverseas.php/testimonials.php/qualitycontrol.php/cat-products.php?id=76/ HTTP/1.1" 200 4908 "-" "Mozilla/5.0 (compatible; MJ12bot/v1.4.8; http://mj12bot.com/)"
95.96.41.171 - - [16/May/2025:22:22:04 +0000] "GET /certificate.php/products.php/randd.php/globaloverseas.php/testimonials.php/qualitycontrol.php/cat-products.php?id=77/ HTTP/1.1" 200 4939 "-" "Mozilla/5.0 (compatible; MJ12bot/v1.4.8; http://mj12bot.com/)"
95.96.41.171 - - [16/May/2025:22:22:08 +0000] "GET /certificate.php/products.php/randd.php/globaloverseas.php/testimonials.php/qualitycontrol.php/cat-products.php?id=78/ HTTP/1.1" 200 4896 "-" "Mozilla/5.0 (compatible; MJ12bot/v1.4.8; http://mj12bot.com/)"
95.96.41.171 - - [16/May/2025:22:22:10 +0000] "GET /certificate.php/products.php/randd.php/globaloverseas.php/testimonials.php/qualitycontrol.php/cat-products.php?id=79/ HTTP/1.1" 200 4908 "-" "Mozilla/5.0 (compatible; MJ12bot/v1.4.8; http://mj12bot.com/)"
95.96.41.171 - - [16/May/2025:22:22:12 +0000] "GET /certificate.php/products.php/randd.php/globaloverseas.php/testimonials.php/qualitycontrol.php/cat-products.php?id=80/ HTTP/1.1" 200 4908 "-" "Mozilla/5.0 (compatible; MJ12bot/v1.4.8; http://mj12bot.com/)"
95.96.41.171 - - [16/May/2025:22:22:14 +0000] "GET /certificate.php/products.php/randd.php/globaloverseas.php/testimonials.php/qualitycontrol.php/cat-products.php?id=81/ HTTP/1.1" 200 4903 "-" "Mozilla/5.0 (compatible; MJ12bot/v1.4.8; http://mj12bot.com/)"
95.96.41.171 - - [16/May/2025:22:22:16 +0000] "GET /certificate.php/products.php/randd.php/globaloverseas.php/testimonials.php/qualitycontrol.php/cat-products.php?id=82/ HTTP/1.1" 200 4896 "-" "Mozilla/5.0 (compatible; MJ12bot/v1.4.8; http://mj12bot.com/)"
95.96.41.171 - - [16/May/2025:22:22:20 +0000] "GET /certificate.php/products.php/randd.php/globaloverseas.php/testimonials.php/qualitycontrol.php/cat-products.php?id=83/ HTTP/1.1" 200 4903 "-" "Mozilla/5.0 (compatible; MJ12bot/v1.4.8; http://mj12bot.com/)"
95.96.41.171 - - [16/May/2025:22:22:22 +0000] "GET /certificate.php/products.php/randd.php/globaloverseas.php/testimonials.php/qualitycontrol.php/cat-products.php?id=84/ HTTP/1.1" 200 4908 "-" "Mozilla/5.0 (compatible; MJ12bot/v1.4.8; http://mj12bot.com/)"
95.96.41.171 - - [16/May/2025:22:22:25 +0000] "GET /certificate.php/products.php/randd.php/globaloverseas.php/testimonials.php/qualitycontrol.php/cat-products.php?id=85/ HTTP/1.1" 200 4908 "-" "Mozilla/5.0 (compatible; MJ12bot/v1.4.8; http://mj12bot.com/)"
95.96.41.171 - - [16/May/2025:22:22:27 +0000] "GET /certificate.php/products.php/randd.php/globaloverseas.php/testimonials.php/qualitycontrol.php/cat-products.php?id=86/ HTTP/1.1" 200 4908 "-" "Mozilla/5.0 (compatible; MJ12bot/v1.4.8; http://mj12bot.com/)"
95.96.41.171 - - [16/May/2025:22:22:29 +0000] "GET /certificate.php/products.php/randd.php/globaloverseas.php/testimonials.php/qualitycontrol.php/cat-products.php?id=87/ HTTP/1.1" 200 4908 "-" "Mozilla/5.0 (compatible; MJ12bot/v1.4.8; http://mj12bot.com/)"
95.96.41.171 - - [16/May/2025:22:22:33 +0000] "GET /certificate.php/products.php/randd.php/globaloverseas.php/testimonials.php/qualitycontrol.php/cat-products.php?id=88/ HTTP/1.1" 200 4939 "-" "Mozilla/5.0 (compatible; MJ12bot/v1.4.8; http://mj12bot.com/)"
95.96.41.171 - - [16/May/2025:22:22:36 +0000] "GET /certificate.php/products.php/randd.php/globaloverseas.php/testimonials.php/qualitycontrol.php/cat-products.php?id=89/ HTTP/1.1" 200 4896 "-" "Mozilla/5.0 (compatible; MJ12bot/v1.4.8; http://mj12bot.com/)"
95.96.41.171 - - [16/May/2025:22:22:38 +0000] "GET /certificate.php/products.php/randd.php/globaloverseas.php/testimonials.php/qualitycontrol.php/cat-products.php?id=90/ HTTP/1.1" 200 4939 "-" "Mozilla/5.0 (compatible; MJ12bot/v1.4.8; http://mj12bot.com/)"
95.96.41.171 - - [16/May/2025:22:22:40 +0000] "GET /certificate.php/products.php/randd.php/globaloverseas.php/testimonials.php/qualitycontrol.php/cat-products.php?id=91/ HTTP/1.1" 200 4896 "-" "Mozilla/5.0 (compatible; MJ12bot/v1.4.8; http://mj12bot.com/)"
95.96.41.171 - - [16/May/2025:22:22:42 +0000] "GET /certificate.php/products.php/randd.php/globaloverseas.php/testimonials.php/qualitycontrol.php/cat-products.php?id=92/ HTTP/1.1" 200 4924 "-" "Mozilla/5.0 (compatible; MJ12bot/v1.4.8; http://mj12bot.com/)"
95.96.41.171 - - [16/May/2025:22:22:44 +0000] "GET /certificate.php/products.php/randd.php/globaloverseas.php/testimonials.php/qualitycontrol.php/cat-products.php?id=93/ HTTP/1.1" 200 4896 "-" "Mozilla/5.0 (compatible; MJ12bot/v1.4.8; http://mj12bot.com/)"
95.96.41.171 - - [16/May/2025:22:22:47 +0000] "GET /certificate.php/products.php/randd.php/globaloverseas.php/testimonials.php/qualitycontrol.php/cat-products.php?id=94/ HTTP/1.1" 200 4924 "-" "Mozilla/5.0 (compatible; MJ12bot/v1.4.8; http://mj12bot.com/)"
95.96.41.171 - - [16/May/2025:22:22:48 +0000] "GET /certificate.php/products.php/randd.php/globaloverseas.php/testimonials.php/qualitycontrol.php/cat-products.php?id=95/ HTTP/1.1" 200 4896 "-" "Mozilla/5.0 (compatible; MJ12bot/v1.4.8; http://mj12bot.com/)"
95.96.41.171 - - [16/May/2025:22:22:50 +0000] "GET /certificate.php/products.php/randd.php/globaloverseas.php/testimonials.php/qualitycontrol.php/cat-products.php?id=96/ HTTP/1.1" 200 4927 "-" "Mozilla/5.0 (compatible; MJ12bot/v1.4.8; http://mj12bot.com/)"
95.96.41.171 - - [16/May/2025:22:22:52 +0000] "GET /certificate.php/products.php/randd.php/globaloverseas.php/testimonials.php/qualitycontrol.php/cat-products.php?id=97/ HTTP/1.1" 200 4896 "-" "Mozilla/5.0 (compatible; MJ12bot/v1.4.8; http://mj12bot.com/)"
95.96.41.171 - - [16/May/2025:22:22:54 +0000] "GET /certificate.php/products.php/randd.php/globaloverseas.php/testimonials.php/qualitycontrol.php/cat-products.php?id=98/ HTTP/1.1" 200 4896 "-" "Mozilla/5.0 (compatible; MJ12bot/v1.4.8; http://mj12bot.com/)"
95.96.41.171 - - [16/May/2025:22:22:56 +0000] "GET /certificate.php/products.php/randd.php/globaloverseas.php/testimonials.php/qualitycontrol.php/cat-products.php?id=99/ HTTP/1.1" 200 4908 "-" "Mozilla/5.0 (compatible; MJ12bot/v1.4.8; http://mj12bot.com/)"
95.96.41.171 - - [16/May/2025:22:22:58 +0000] "GET /certificate.php/products.php/randd.php/globaloverseas.php/testimonials.php/qualitycontrol.php/certificate-more.php?id=411/ HTTP/1.1" 200 4912 "-" "Mozilla/5.0 (compatible; MJ12bot/v1.4.8; http://mj12bot.com/)"
95.96.41.171 - - [16/May/2025:22:23:00 +0000] "GET /certificate.php/products.php/randd.php/globaloverseas.php/testimonials.php/qualitycontrol.php/certificate-more.php?id=412/ HTTP/1.1" 200 4912 "-" "Mozilla/5.0 (compatible; MJ12bot/v1.4.8; http://mj12bot.com/)"
95.96.41.171 - - [16/May/2025:22:23:02 +0000] "GET /certificate.php/products.php/randd.php/globaloverseas.php/testimonials.php/qualitycontrol.php/certificate-more.php?id=413/ HTTP/1.1" 200 4896 "-" "Mozilla/5.0 (compatible; MJ12bot/v1.4.8; http://mj12bot.com/)"
95.96.41.171 - - [16/May/2025:22:23:04 +0000] "GET /certificate.php/products.php/randd.php/globaloverseas.php/testimonials.php/qualitycontrol.php/certificate-more.php?id=414/ HTTP/1.1" 200 4896 "-" "Mozilla/5.0 (compatible; MJ12bot/v1.4.8; http://mj12bot.com/)"
95.96.41.171 - - [16/May/2025:22:23:06 +0000] "GET /certificate.php/products.php/randd.php/globaloverseas.php/testimonials.php/qualitycontrol.php/certificate-more.php?id=54/ HTTP/1.1" 200 4896 "-" "Mozilla/5.0 (compatible; MJ12bot/v1.4.8; http://mj12bot.com/)"
95.96.41.171 - - [16/May/2025:22:23:08 +0000] "GET /certificate.php/products.php/randd.php/globaloverseas.php/testimonials.php/qualitycontrol.php/certificate-more.php?id=56/ HTTP/1.1" 200 4924 "-" "Mozilla/5.0 (compatible; MJ12bot/v1.4.8; http://mj12bot.com/)"
95.96.41.171 - - [16/May/2025:22:23:10 +0000] "GET /certificate.php/products.php/randd.php/globaloverseas.php/testimonials.php/qualitycontrol.php/certificate-more.php?id=57/ HTTP/1.1" 200 4908 "-" "Mozilla/5.0 (compatible; MJ12bot/v1.4.8; http://mj12bot.com/)"
95.96.41.171 - - [16/May/2025:22:23:12 +0000] "GET /certificate.php/products.php/randd.php/globaloverseas.php/testimonials.php/qualitycontrol.php/certificate-more.php?id=59/ HTTP/1.1" 200 4908 "-" "Mozilla/5.0 (compatible; MJ12bot/v1.4.8; http://mj12bot.com/)"
95.96.41.171 - - [16/May/2025:22:23:16 +0000] "GET /certificate.php/products.php/randd.php/globaloverseas.php/testimonials.php/qualitycontrol.php/certificate-more.php?id=64/ HTTP/1.1" 200 4908 "-" "Mozilla/5.0 (compatible; MJ12bot/v1.4.8; http://mj12bot.com/)"
95.96.41.171 - - [16/May/2025:22:23:18 +0000] "GET /certificate.php/products.php/randd.php/globaloverseas.php/testimonials.php/testimonials.php/cat-products.php?id=100/ HTTP/1.1" 200 4908 "-" "Mozilla/5.0 (compatible; MJ12bot/v1.4.8; http://mj12bot.com/)"
95.96.41.171 - - [16/May/2025:22:23:21 +0000] "GET /certificate.php/products.php/randd.php/globaloverseas.php/testimonials.php/testimonials.php/cat-products.php?id=101/ HTTP/1.1" 200 4908 "-" "Mozilla/5.0 (compatible; MJ12bot/v1.4.8; http://mj12bot.com/)"
95.96.41.171 - - [16/May/2025:22:23:23 +0000] "GET /certificate.php/products.php/randd.php/globaloverseas.php/testimonials.php/testimonials.php/cat-products.php?id=102/ HTTP/1.1" 200 4896 "-" "Mozilla/5.0 (compatible; MJ12bot/v1.4.8; http://mj12bot.com/)"
95.96.41.171 - - [16/May/2025:22:23:27 +0000] "GET /certificate.php/products.php/randd.php/globaloverseas.php/testimonials.php/testimonials.php/cat-products.php?id=103/ HTTP/1.1" 200 4908 "-" "Mozilla/5.0 (compatible; MJ12bot/v1.4.8; http://mj12bot.com/)"
95.96.41.171 - - [16/May/2025:22:23:30 +0000] "GET /certificate.php/products.php/randd.php/globaloverseas.php/testimonials.php/testimonials.php/cat-products.php?id=104/ HTTP/1.1" 200 4927 "-" "Mozilla/5.0 (compatible; MJ12bot/v1.4.8; http://mj12bot.com/)"
95.96.41.171 - - [16/May/2025:22:23:33 +0000] "GET /certificate.php/products.php/randd.php/globaloverseas.php/testimonials.php/testimonials.php/cat-products.php?id=105/ HTTP/1.1" 200 4908 "-" "Mozilla/5.0 (compatible; MJ12bot/v1.4.8; http://mj12bot.com/)"
95.96.41.171 - - [16/May/2025:22:23:35 +0000] "GET /certificate.php/products.php/randd.php/globaloverseas.php/testimonials.php/testimonials.php/cat-products.php?id=66/ HTTP/1.1" 200 4908 "-" "Mozilla/5.0 (compatible; MJ12bot/v1.4.8; http://mj12bot.com/)"
95.96.41.171 - - [16/May/2025:22:23:39 +0000] "GET /certificate.php/products.php/randd.php/globaloverseas.php/testimonials.php/testimonials.php/cat-products.php?id=91/ HTTP/1.1" 200 4896 "-" "Mozilla/5.0 (compatible; MJ12bot/v1.4.8; http://mj12bot.com/)"
95.96.41.171 - - [16/May/2025:22:23:41 +0000] "GET /certificate.php/products.php/randd.php/globaloverseas.php/testimonials.php/testimonials.php/cat-products.php?id=92/ HTTP/1.1" 200 4903 "-" "Mozilla/5.0 (compatible; MJ12bot/v1.4.8; http://mj12bot.com/)"
95.96.41.171 - - [16/May/2025:22:23:43 +0000] "GET /certificate.php/products.php/randd.php/globaloverseas.php/testimonials.php/testimonials.php/cat-products.php?id=93/ HTTP/1.1" 200 4896 "-" "Mozilla/5.0 (compatible; MJ12bot/v1.4.8; http://mj12bot.com/)"
95.96.41.171 - - [16/May/2025:22:23:45 +0000] "GET /certificate.php/products.php/randd.php/globaloverseas.php/testimonials.php/testimonials.php/cat-products.php?id=94/ HTTP/1.1" 200 4903 "-" "Mozilla/5.0 (compatible; MJ12bot/v1.4.8; http://mj12bot.com/)"
95.96.41.171 - - [16/May/2025:22:23:48 +0000] "GET /certificate.php/products.php/randd.php/index.php/cat-products.php?id=100/ HTTP/1.1" 200 4896 "-" "Mozilla/5.0 (compatible; MJ12bot/v1.4.8; http://mj12bot.com/)"
95.96.41.171 - - [16/May/2025:22:23:50 +0000] "GET /certificate.php/products.php/randd.php/index.php/cat-products.php?id=103/ HTTP/1.1" 200 4908 "-" "Mozilla/5.0 (compatible; MJ12bot/v1.4.8; http://mj12bot.com/)"
95.96.41.171 - - [16/May/2025:22:23:52 +0000] "GET /certificate.php/products.php/randd.php/index.php/cat-products.php?id=104/ HTTP/1.1" 200 4896 "-" "Mozilla/5.0 (compatible; MJ12bot/v1.4.8; http://mj12bot.com/)"
95.96.41.171 - - [16/May/2025:22:23:54 +0000] "GET /certificate.php/products.php/randd.php/index.php/cat-products.php?id=105/ HTTP/1.1" 200 4903 "-" "Mozilla/5.0 (compatible; MJ12bot/v1.4.8; http://mj12bot.com/)"
95.96.41.171 - - [16/May/2025:22:23:56 +0000] "GET /certificate.php/products.php/randd.php/index.php/cat-products.php?id=65/ HTTP/1.1" 200 4896 "-" "Mozilla/5.0 (compatible; MJ12bot/v1.4.8; http://mj12bot.com/)"
95.96.41.171 - - [16/May/2025:22:23:58 +0000] "GET /certificate.php/products.php/randd.php/index.php/cat-products.php?id=66/ HTTP/1.1" 200 4908 "-" "Mozilla/5.0 (compatible; MJ12bot/v1.4.8; http://mj12bot.com/)"
95.96.41.171 - - [16/May/2025:22:24:00 +0000] "GET /certificate.php/products.php/randd.php/index.php/cat-products.php?id=67/ HTTP/1.1" 200 4896 "-" "Mozilla/5.0 (compatible; MJ12bot/v1.4.8; http://mj12bot.com/)"
95.96.41.171 - - [16/May/2025:22:24:02 +0000] "GET /certificate.php/products.php/randd.php/index.php/cat-products.php?id=68/ HTTP/1.1" 200 4896 "-" "Mozilla/5.0 (compatible; MJ12bot/v1.4.8; http://mj12bot.com/)"
95.96.41.171 - - [16/May/2025:22:24:04 +0000] "GET /certificate.php/products.php/randd.php/index.php/cat-products.php?id=69/ HTTP/1.1" 200 4939 "-" "Mozilla/5.0 (compatible; MJ12bot/v1.4.8; http://mj12bot.com/)"
95.96.41.171 - - [16/May/2025:22:24:06 +0000] "GET /certificate.php/products.php/randd.php/index.php/cat-products.php?id=71/ HTTP/1.1" 200 4896 "-" "Mozilla/5.0 (compatible; MJ12bot/v1.4.8; http://mj12bot.com/)"
95.96.41.171 - - [16/May/2025:22:24:08 +0000] "GET /certificate.php/products.php/randd.php/index.php/cat-products.php?id=72/ HTTP/1.1" 200 4924 "-" "Mozilla/5.0 (compatible; MJ12bot/v1.4.8; http://mj12bot.com/)"
95.96.41.171 - - [16/May/2025:22:24:10 +0000] "GET /certificate.php/products.php/randd.php/index.php/cat-products.php?id=73/ HTTP/1.1" 200 4939 "-" "Mozilla/5.0 (compatible; MJ12bot/v1.4.8; http://mj12bot.com/)"
95.96.41.171 - - [16/May/2025:22:24:12 +0000] "GET /certificate.php/products.php/randd.php/index.php/cat-products.php?id=74/ HTTP/1.1" 200 4908 "-" "Mozilla/5.0 (compatible; MJ12bot/v1.4.8; http://mj12bot.com/)"
95.96.41.171 - - [16/May/2025:22:24:14 +0000] "GET /certificate.php/products.php/randd.php/index.php/cat-products.php?id=75/ HTTP/1.1" 200 4939 "-" "Mozilla/5.0 (compatible; MJ12bot/v1.4.8; http://mj12bot.com/)"
95.96.41.171 - - [16/May/2025:22:24:16 +0000] "GET /certificate.php/products.php/randd.php/index.php/cat-products.php?id=76/ HTTP/1.1" 200 4896 "-" "Mozilla/5.0 (compatible; MJ12bot/v1.4.8; http://mj12bot.com/)"
95.96.41.171 - - [16/May/2025:22:24:18 +0000] "GET /certificate.php/products.php/randd.php/index.php/cat-products.php?id=77/ HTTP/1.1" 200 4924 "-" "Mozilla/5.0 (compatible; MJ12bot/v1.4.8; http://mj12bot.com/)"
95.96.41.171 - - [16/May/2025:22:24:21 +0000] "GET /certificate.php/products.php/randd.php/index.php/cat-products.php?id=78/ HTTP/1.1" 200 4908 "-" "Mozilla/5.0 (compatible; MJ12bot/v1.4.8; http://mj12bot.com/)"
95.96.41.171 - - [16/May/2025:22:24:23 +0000] "GET /certificate.php/products.php/randd.php/index.php/cat-products.php?id=79/ HTTP/1.1" 200 4924 "-" "Mozilla/5.0 (compatible; MJ12bot/v1.4.8; http://mj12bot.com/)"
95.96.41.171 - - [16/May/2025:22:24:26 +0000] "GET /certificate.php/products.php/randd.php/index.php/cat-products.php?id=80/ HTTP/1.1" 200 4908 "-" "Mozilla/5.0 (compatible; MJ12bot/v1.4.8; http://mj12bot.com/)"
95.96.41.171 - - [16/May/2025:22:24:27 +0000] "GET /certificate.php/products.php/randd.php/index.php/cat-products.php?id=81/ HTTP/1.1" 200 4908 "-" "Mozilla/5.0 (compatible; MJ12bot/v1.4.8; http://mj12bot.com/)"
95.96.41.171 - - [16/May/2025:22:24:29 +0000] "GET /certificate.php/products.php/randd.php/index.php/cat-products.php?id=82/ HTTP/1.1" 200 4927 "-" "Mozilla/5.0 (compatible; MJ12bot/v1.4.8; http://mj12bot.com/)"
95.96.41.171 - - [16/May/2025:22:24:31 +0000] "GET /certificate.php/products.php/randd.php/index.php/cat-products.php?id=83/ HTTP/1.1" 200 4934 "-" "Mozilla/5.0 (compatible; MJ12bot/v1.4.8; http://mj12bot.com/)"
95.96.41.171 - - [16/May/2025:22:24:34 +0000] "GET /certificate.php/products.php/randd.php/index.php/cat-products.php?id=84/ HTTP/1.1" 200 4908 "-" "Mozilla/5.0 (compatible; MJ12bot/v1.4.8; http://mj12bot.com/)"
95.96.41.171 - - [16/May/2025:22:24:36 +0000] "GET /certificate.php/products.php/randd.php/index.php/cat-products.php?id=85/ HTTP/1.1" 200 4908 "-" "Mozilla/5.0 (compatible; MJ12bot/v1.4.8; http://mj12bot.com/)"
95.96.41.171 - - [16/May/2025:22:24:38 +0000] "GET /certificate.php/products.php/randd.php/index.php/cat-products.php?id=86/ HTTP/1.1" 200 4896 "-" "Mozilla/5.0 (compatible; MJ12bot/v1.4.8; http://mj12bot.com/)"
95.96.41.171 - - [16/May/2025:22:24:43 +0000] "GET /certificate.php/products.php/randd.php/index.php/cat-products.php?id=87/ HTTP/1.1" 200 4908 "-" "Mozilla/5.0 (compatible; MJ12bot/v1.4.8; http://mj12bot.com/)"
152.53.112.89 - - [16/May/2025:22:24:44 +0000] "GET /galleryimg/5519930Eipilepsy%20and%20hysteria.jpg HTTP/1.1" 200 144167 "-" "Mozilla/5.0 (Windows NT 10.0; Win64; x64) AppleWebKit/537.36 (KHTML, like Gecko) Chrome/100.0.1680.248 Safari/537.36"
95.96.41.171 - - [16/May/2025:22:24:45 +0000] "GET /certificate.php/products.php/randd.php/index.php/cat-products.php?id=88/ HTTP/1.1" 200 4939 "-" "Mozilla/5.0 (compatible; MJ12bot/v1.4.8; http://mj12bot.com/)"
95.96.41.171 - - [16/May/2025:22:24:47 +0000] "GET /certificate.php/products.php/randd.php/index.php/cat-products.php?id=89/ HTTP/1.1" 200 4903 "-" "Mozilla/5.0 (compatible; MJ12bot/v1.4.8; http://mj12bot.com/)"
95.96.41.171 - - [16/May/2025:22:24:49 +0000] "GET /certificate.php/products.php/randd.php/index.php/cat-products.php?id=90/ HTTP/1.1" 200 4908 "-" "Mozilla/5.0 (compatible; MJ12bot/v1.4.8; http://mj12bot.com/)"
95.96.41.171 - - [16/May/2025:22:24:51 +0000] "GET /certificate.php/products.php/randd.php/index.php/cat-products.php?id=91/ HTTP/1.1" 200 4908 "-" "Mozilla/5.0 (compatible; MJ12bot/v1.4.8; http://mj12bot.com/)"
95.96.41.171 - - [16/May/2025:22:24:53 +0000] "GET /certificate.php/products.php/randd.php/index.php/cat-products.php?id=92/ HTTP/1.1" 200 4896 "-" "Mozilla/5.0 (compatible; MJ12bot/v1.4.8; http://mj12bot.com/)"
95.96.41.171 - - [16/May/2025:22:24:58 +0000] "GET /certificate.php/products.php/randd.php/index.php/cat-products.php?id=93/ HTTP/1.1" 200 4908 "-" "Mozilla/5.0 (compatible; MJ12bot/v1.4.8; http://mj12bot.com/)"
95.96.41.171 - - [16/May/2025:22:25:00 +0000] "GET /certificate.php/products.php/randd.php/index.php/cat-products.php?id=94/ HTTP/1.1" 200 4908 "-" "Mozilla/5.0 (compatible; MJ12bot/v1.4.8; http://mj12bot.com/)"
95.96.41.171 - - [16/May/2025:22:25:02 +0000] "GET /certificate.php/products.php/randd.php/index.php/cat-products.php?id=95/ HTTP/1.1" 200 4896 "-" "Mozilla/5.0 (compatible; MJ12bot/v1.4.8; http://mj12bot.com/)"
95.96.41.171 - - [16/May/2025:22:25:04 +0000] "GET /certificate.php/products.php/randd.php/index.php/cat-products.php?id=96/ HTTP/1.1" 200 4908 "-" "Mozilla/5.0 (compatible; MJ12bot/v1.4.8; http://mj12bot.com/)"
95.96.41.171 - - [16/May/2025:22:25:06 +0000] "GET /certificate.php/products.php/randd.php/index.php/cat-products.php?id=97/ HTTP/1.1" 200 4896 "-" "Mozilla/5.0 (compatible; MJ12bot/v1.4.8; http://mj12bot.com/)"
95.96.41.171 - - [16/May/2025:22:25:09 +0000] "GET /certificate.php/products.php/randd.php/index.php/cat-products.php?id=98/ HTTP/1.1" 200 4903 "-" "Mozilla/5.0 (compatible; MJ12bot/v1.4.8; http://mj12bot.com/)"
95.96.41.171 - - [16/May/2025:22:25:11 +0000] "GET /certificate.php/products.php/randd.php/index.php/cat-products.php?id=99/ HTTP/1.1" 200 4924 "-" "Mozilla/5.0 (compatible; MJ12bot/v1.4.8; http://mj12bot.com/)"
95.96.41.171 - - [16/May/2025:22:25:17 +0000] "GET /certificate.php/products.php/randd.php/index.php/certificate-more.php?id=411/ HTTP/1.1" 200 4908 "-" "Mozilla/5.0 (compatible; MJ12bot/v1.4.8; http://mj12bot.com/)"
95.96.41.171 - - [16/May/2025:22:25:19 +0000] "GET /certificate.php/products.php/randd.php/index.php/certificate-more.php?id=412/ HTTP/1.1" 200 4896 "-" "Mozilla/5.0 (compatible; MJ12bot/v1.4.8; http://mj12bot.com/)"
95.96.41.171 - - [16/May/2025:22:25:21 +0000] "GET /certificate.php/products.php/randd.php/index.php/certificate-more.php?id=413/ HTTP/1.1" 200 4908 "-" "Mozilla/5.0 (compatible; MJ12bot/v1.4.8; http://mj12bot.com/)"
95.96.41.171 - - [16/May/2025:22:25:24 +0000] "GET /certificate.php/products.php/randd.php/index.php/certificate-more.php?id=414/ HTTP/1.1" 200 4927 "-" "Mozilla/5.0 (compatible; MJ12bot/v1.4.8; http://mj12bot.com/)"
95.96.41.171 - - [16/May/2025:22:25:26 +0000] "GET /certificate.php/products.php/randd.php/index.php/certificate-more.php?id=54/ HTTP/1.1" 200 4908 "-" "Mozilla/5.0 (compatible; MJ12bot/v1.4.8; http://mj12bot.com/)"
95.96.41.171 - - [16/May/2025:22:25:28 +0000] "GET /certificate.php/products.php/randd.php/index.php/certificate-more.php?id=56/ HTTP/1.1" 200 4924 "-" "Mozilla/5.0 (compatible; MJ12bot/v1.4.8; http://mj12bot.com/)"
4.227.36.62 - - [16/May/2025:22:25:30 +0000] "GET /robots.txt HTTP/1.1" 200 99 "-" "Mozilla/5.0 AppleWebKit/537.36 (KHTML, like Gecko; compatible; GPTBot/1.2; +https://openai.com/gptbot)"
95.96.41.171 - - [16/May/2025:22:25:31 +0000] "GET /certificate.php/products.php/randd.php/index.php/certificate-more.php?id=57/ HTTP/1.1" 200 4924 "-" "Mozilla/5.0 (compatible; MJ12bot/v1.4.8; http://mj12bot.com/)"
20.171.207.232 - - [16/May/2025:22:25:32 +0000] "GET / HTTP/1.1" 200 4165 "-" "Mozilla/5.0 AppleWebKit/537.36 (KHTML, like Gecko; compatible; GPTBot/1.2; +https://openai.com/gptbot)"
95.96.41.171 - - [16/May/2025:22:25:33 +0000] "GET /certificate.php/products.php/randd.php/index.php/certificate-more.php?id=58/ HTTP/1.1" 200 4908 "-" "Mozilla/5.0 (compatible; MJ12bot/v1.4.8; http://mj12bot.com/)"
20.171.207.232 - - [16/May/2025:22:25:34 +0000] "GET /randd.php HTTP/1.1" 200 5012 "-" "Mozilla/5.0 AppleWebKit/537.36 (KHTML, like Gecko; compatible; GPTBot/1.2; +https://openai.com/gptbot)"
95.96.41.171 - - [16/May/2025:22:25:36 +0000] "GET /certificate.php/products.php/randd.php/index.php/certificate-more.php?id=59/ HTTP/1.1" 200 4896 "-" "Mozilla/5.0 (compatible; MJ12bot/v1.4.8; http://mj12bot.com/)"
20.171.207.232 - - [16/May/2025:22:25:37 +0000] "GET /gen_validatorv31.js HTTP/1.1" 200 4435 "-" "Mozilla/5.0 AppleWebKit/537.36 (KHTML, like Gecko; compatible; GPTBot/1.2; +https://openai.com/gptbot)"
95.96.41.171 - - [16/May/2025:22:25:39 +0000] "GET /certificate.php/products.php/randd.php/index.php/certificate-more.php?id=61/ HTTP/1.1" 200 4908 "-" "Mozilla/5.0 (compatible; MJ12bot/v1.4.8; http://mj12bot.com/)"
20.171.207.232 - - [16/May/2025:22:25:40 +0000] "GET /cat-products.php?id=102 HTTP/1.1" 200 5200 "-" "Mozilla/5.0 AppleWebKit/537.36 (KHTML, like Gecko; compatible; GPTBot/1.2; +https://openai.com/gptbot)"
95.96.41.171 - - [16/May/2025:22:25:42 +0000] "GET /certificate.php/products.php/randd.php/index.php/certificate-more.php?id=62/ HTTP/1.1" 200 4908 "-" "Mozilla/5.0 (compatible; MJ12bot/v1.4.8; http://mj12bot.com/)"
20.171.207.232 - - [16/May/2025:22:25:42 +0000] "GET /products.php HTTP/1.1" 200 4766 "-" "Mozilla/5.0 AppleWebKit/537.36 (KHTML, like Gecko; compatible; GPTBot/1.2; +https://openai.com/gptbot)"
95.96.41.171 - - [16/May/2025:22:25:44 +0000] "GET /certificate.php/products.php/randd.php/index.php/certificate-more.php?id=63/ HTTP/1.1" 200 4924 "-" "Mozilla/5.0 (compatible; MJ12bot/v1.4.8; http://mj12bot.com/)"
20.171.207.232 - - [16/May/2025:22:25:44 +0000] "GET /qualitycontrol.php HTTP/1.1" 200 7751 "-" "Mozilla/5.0 AppleWebKit/537.36 (KHTML, like Gecko; compatible; GPTBot/1.2; +https://openai.com/gptbot)"
20.171.207.232 - - [16/May/2025:22:25:46 +0000] "GET /index.php HTTP/1.1" 200 4206 "-" "Mozilla/5.0 AppleWebKit/537.36 (KHTML, like Gecko; compatible; GPTBot/1.2; +https://openai.com/gptbot)"
95.96.41.171 - - [16/May/2025:22:25:46 +0000] "GET /certificate.php/products.php/randd.php/index.php/certificate-more.php?id=64/ HTTP/1.1" 200 4896 "-" "Mozilla/5.0 (compatible; MJ12bot/v1.4.8; http://mj12bot.com/)"
20.171.207.232 - - [16/May/2025:22:25:48 +0000] "GET /cat-products.php?id=101 HTTP/1.1" 200 4319 "-" "Mozilla/5.0 AppleWebKit/537.36 (KHTML, like Gecko; compatible; GPTBot/1.2; +https://openai.com/gptbot)"
95.96.41.171 - - [16/May/2025:22:25:48 +0000] "GET /certificate.php/products.php/randd.php/index.php/ingredients.php/cat-products.php?id=100/ HTTP/1.1" 200 4903 "-" "Mozilla/5.0 (compatible; MJ12bot/v1.4.8; http://mj12bot.com/)"
20.171.207.232 - - [16/May/2025:22:25:49 +0000] "GET /cat-products.php?id=103 HTTP/1.1" 200 4728 "-" "Mozilla/5.0 AppleWebKit/537.36 (KHTML, like Gecko; compatible; GPTBot/1.2; +https://openai.com/gptbot)"
95.96.41.171 - - [16/May/2025:22:25:50 +0000] "GET /certificate.php/products.php/randd.php/index.php/ingredients.php/cat-products.php?id=101/ HTTP/1.1" 200 4908 "-" "Mozilla/5.0 (compatible; MJ12bot/v1.4.8; http://mj12bot.com/)"
20.171.207.232 - - [16/May/2025:22:25:51 +0000] "GET /cat-products.php?id=100 HTTP/1.1" 200 4865 "-" "Mozilla/5.0 AppleWebKit/537.36 (KHTML, like Gecko; compatible; GPTBot/1.2; +https://openai.com/gptbot)"
20.171.207.232 - - [16/May/2025:22:25:52 +0000] "GET /cat-products.php?id=104 HTTP/1.1" 200 4487 "-" "Mozilla/5.0 AppleWebKit/537.36 (KHTML, like Gecko; compatible; GPTBot/1.2; +https://openai.com/gptbot)"
95.96.41.171 - - [16/May/2025:22:25:52 +0000] "GET /certificate.php/products.php/randd.php/index.php/ingredients.php/cat-products.php?id=102/ HTTP/1.1" 200 4912 "-" "Mozilla/5.0 (compatible; MJ12bot/v1.4.8; http://mj12bot.com/)"
20.171.207.232 - - [16/May/2025:22:25:53 +0000] "GET /galleryimg/246fc885e9d45f8a2bf583c2595f1a70.jpg HTTP/1.1" 200 45493 "-" "Mozilla/5.0 AppleWebKit/537.36 (KHTML, like Gecko; compatible; GPTBot/1.2; +https://openai.com/gptbot)"
20.171.207.232 - - [16/May/2025:22:25:54 +0000] "GET /cat-products.php?id=105 HTTP/1.1" 200 4343 "-" "Mozilla/5.0 AppleWebKit/537.36 (KHTML, like Gecko; compatible; GPTBot/1.2; +https://openai.com/gptbot)"
95.96.41.171 - - [16/May/2025:22:25:54 +0000] "GET /certificate.php/products.php/randd.php/index.php/ingredients.php/cat-products.php?id=103/ HTTP/1.1" 200 4896 "-" "Mozilla/5.0 (compatible; MJ12bot/v1.4.8; http://mj12bot.com/)"
20.171.207.232 - - [16/May/2025:22:25:55 +0000] "GET /galleryimg/b0b509e25893d0a5f5a36dabd38503ef.jpg HTTP/1.1" 200 29195 "-" "Mozilla/5.0 AppleWebKit/537.36 (KHTML, like Gecko; compatible; GPTBot/1.2; +https://openai.com/gptbot)"
20.171.207.232 - - [16/May/2025:22:25:56 +0000] "GET /prodcertingd-more.php?id=38 HTTP/1.1" 200 5208 "-" "Mozilla/5.0 AppleWebKit/537.36 (KHTML, like Gecko; compatible; GPTBot/1.2; +https://openai.com/gptbot)"
95.96.41.171 - - [16/May/2025:22:25:57 +0000] "GET /certificate.php/products.php/randd.php/index.php/ingredients.php/cat-products.php?id=104/ HTTP/1.1" 200 4896 "-" "Mozilla/5.0 (compatible; MJ12bot/v1.4.8; http://mj12bot.com/)"
20.171.207.232 - - [16/May/2025:22:25:57 +0000] "GET /galleryimg/4e435d34db5eaa182b346e9d90a08b55.jpg HTTP/1.1" 200 50981 "-" "Mozilla/5.0 AppleWebKit/537.36 (KHTML, like Gecko; compatible; GPTBot/1.2; +https://openai.com/gptbot)"
20.171.207.232 - - [16/May/2025:22:25:59 +0000] "GET /galleryimg/1cbf1e01f0808708065bf6cb49743a4c.jpg HTTP/1.1" 200 55803 "-" "Mozilla/5.0 AppleWebKit/537.36 (KHTML, like Gecko; compatible; GPTBot/1.2; +https://openai.com/gptbot)"
95.96.41.171 - - [16/May/2025:22:25:59 +0000] "GET /certificate.php/products.php/randd.php/index.php/ingredients.php/cat-products.php?id=105/ HTTP/1.1" 200 4912 "-" "Mozilla/5.0 (compatible; MJ12bot/v1.4.8; http://mj12bot.com/)"
20.171.207.232 - - [16/May/2025:22:26:00 +0000] "GET /galleryimg/dee7bf1eb9a534a6aa11bf78d945be13.jpg HTTP/1.1" 200 38188 "-" "Mozilla/5.0 AppleWebKit/537.36 (KHTML, like Gecko; compatible; GPTBot/1.2; +https://openai.com/gptbot)"
20.171.207.232 - - [16/May/2025:22:26:01 +0000] "GET /prodcertingd-more.php?id=428 HTTP/1.1" 200 5264 "-" "Mozilla/5.0 AppleWebKit/537.36 (KHTML, like Gecko; compatible; GPTBot/1.2; +https://openai.com/gptbot)"
95.96.41.171 - - [16/May/2025:22:26:01 +0000] "GET /certificate.php/products.php/randd.php/index.php/ingredients.php/cat-products.php?id=68/ HTTP/1.1" 200 4908 "-" "Mozilla/5.0 (compatible; MJ12bot/v1.4.8; http://mj12bot.com/)"
20.171.207.232 - - [16/May/2025:22:26:02 +0000] "GET /prodcertingd-more.php?id=427 HTTP/1.1" 200 5500 "-" "Mozilla/5.0 AppleWebKit/537.36 (KHTML, like Gecko; compatible; GPTBot/1.2; +https://openai.com/gptbot)"
95.96.41.171 - - [16/May/2025:22:26:03 +0000] "GET /certificate.php/products.php/randd.php/index.php/ingredients.php/cat-products.php?id=69/ HTTP/1.1" 200 4896 "-" "Mozilla/5.0 (compatible; MJ12bot/v1.4.8; http://mj12bot.com/)"
20.171.207.232 - - [16/May/2025:22:26:04 +0000] "GET /galleryimg/56003811_Basic%20Ayurveda%20Sarivadhyaristha_450ml.jpg HTTP/1.1" 200 658873 "-" "Mozilla/5.0 AppleWebKit/537.36 (KHTML, like Gecko; compatible; GPTBot/1.2; +https://openai.com/gptbot)"
20.171.207.232 - - [16/May/2025:22:26:05 +0000] "GET /galleryimg/10188931_Basic%20Ayurveda%20Dashamoolarishta_450ml.jpg HTTP/1.1" 200 654063 "-" "Mozilla/5.0 AppleWebKit/537.36 (KHTML, like Gecko; compatible; GPTBot/1.2; +https://openai.com/gptbot)"
95.96.41.171 - - [16/May/2025:22:26:05 +0000] "GET /certificate.php/products.php/randd.php/index.php/ingredients.php/cat-products.php?id=70/ HTTP/1.1" 200 4924 "-" "Mozilla/5.0 (compatible; MJ12bot/v1.4.8; http://mj12bot.com/)"
20.171.207.232 - - [16/May/2025:22:26:06 +0000] "GET /galleryimg/28810941_Basic%20Ayurveda%20Patrangasava_450ml.jpg HTTP/1.1" 200 638772 "-" "Mozilla/5.0 AppleWebKit/537.36 (KHTML, like Gecko; compatible; GPTBot/1.2; +https://openai.com/gptbot)"
20.171.207.232 - - [16/May/2025:22:26:08 +0000] "GET /galleryimg/32359951_Basic%20Ayurveda%20Sarivadhyasava_450ml.jpg HTTP/1.1" 200 638268 "-" "Mozilla/5.0 AppleWebKit/537.36 (KHTML, like Gecko; compatible; GPTBot/1.2; +https://openai.com/gptbot)"
95.96.41.171 - - [16/May/2025:22:26:08 +0000] "GET /certificate.php/products.php/randd.php/index.php/ingredients.php/cat-products.php?id=71/ HTTP/1.1" 200 4908 "-" "Mozilla/5.0 (compatible; MJ12bot/v1.4.8; http://mj12bot.com/)"
20.171.207.232 - - [16/May/2025:22:26:09 +0000] "GET /galleryimg/82822751_Basic%20Ayurveda%20Vidangasav_450ml.jpg HTTP/1.1" 200 610579 "-" "Mozilla/5.0 AppleWebKit/537.36 (KHTML, like Gecko; compatible; GPTBot/1.2; +https://openai.com/gptbot)"
20.171.207.232 - - [16/May/2025:22:26:10 +0000] "GET /galleryimg/5027641_Basic%20Ayurveda%20Ashokarishta_450ml.jpg HTTP/1.1" 200 641266 "-" "Mozilla/5.0 AppleWebKit/537.36 (KHTML, like Gecko; compatible; GPTBot/1.2; +https://openai.com/gptbot)"
95.96.41.171 - - [16/May/2025:22:26:10 +0000] "GET /certificate.php/products.php/randd.php/index.php/ingredients.php/cat-products.php?id=73/ HTTP/1.1" 200 4908 "-" "Mozilla/5.0 (compatible; MJ12bot/v1.4.8; http://mj12bot.com/)"
20.171.207.232 - - [16/May/2025:22:26:11 +0000] "GET /galleryimg/98138121_Basic%20Ayurveda%20Punarnavaristha_450ml.jpg HTTP/1.1" 200 648485 "-" "Mozilla/5.0 AppleWebKit/537.36 (KHTML, like Gecko; compatible; GPTBot/1.2; +https://openai.com/gptbot)"
20.171.207.232 - - [16/May/2025:22:26:12 +0000] "GET /galleryimg/21997121_Basic%20Ayurveda%20Mushtakarishta_450ml.jpg HTTP/1.1" 200 628961 "-" "Mozilla/5.0 AppleWebKit/537.36 (KHTML, like Gecko; compatible; GPTBot/1.2; +https://openai.com/gptbot)"
95.96.41.171 - - [16/May/2025:22:26:12 +0000] "GET /certificate.php/products.php/randd.php/index.php/ingredients.php/cat-products.php?id=74/ HTTP/1.1" 200 4896 "-" "Mozilla/5.0 (compatible; MJ12bot/v1.4.8; http://mj12bot.com/)"
20.171.207.232 - - [16/May/2025:22:26:13 +0000] "GET /galleryimg/10275941_Basic%20Ayurveda%20Kutjarishta_450ml.jpg HTTP/1.1" 200 634718 "-" "Mozilla/5.0 AppleWebKit/537.36 (KHTML, like Gecko; compatible; GPTBot/1.2; +https://openai.com/gptbot)"
95.96.41.171 - - [16/May/2025:22:26:15 +0000] "GET /certificate.php/products.php/randd.php/index.php/ingredients.php/cat-products.php?id=75/ HTTP/1.1" 200 4896 "-" "Mozilla/5.0 (compatible; MJ12bot/v1.4.8; http://mj12bot.com/)"
20.171.207.232 - - [16/May/2025:22:26:15 +0000] "GET /galleryimg/6771583Tefroliv%20Liquid.jpg HTTP/1.1" 200 871547 "-" "Mozilla/5.0 AppleWebKit/537.36 (KHTML, like Gecko; compatible; GPTBot/1.2; +https://openai.com/gptbot)"
20.171.207.232 - - [16/May/2025:22:26:16 +0000] "GET /galleryimg/70877251_Basic%20Ayurveda%20Laxmanarishta_450ml.jpg HTTP/1.1" 200 670497 "-" "Mozilla/5.0 AppleWebKit/537.36 (KHTML, like Gecko; compatible; GPTBot/1.2; +https://openai.com/gptbot)"
95.96.41.171 - - [16/May/2025:22:26:17 +0000] "GET /certificate.php/products.php/randd.php/index.php/ingredients.php/cat-products.php?id=76/ HTTP/1.1" 200 4896 "-" "Mozilla/5.0 (compatible; MJ12bot/v1.4.8; http://mj12bot.com/)"
20.171.207.232 - - [16/May/2025:22:26:17 +0000] "GET /galleryimg/51358821_Basic%20Ayurveda%20Babbularistha_450ml.jpg HTTP/1.1" 200 638158 "-" "Mozilla/5.0 AppleWebKit/537.36 (KHTML, like Gecko; compatible; GPTBot/1.2; +https://openai.com/gptbot)"
20.171.207.232 - - [16/May/2025:22:26:18 +0000] "GET /galleryimg/75607351_Basic%20Ayurveda%20Maha%20Bhringraj%20Tel.jpg HTTP/1.1" 200 675916 "-" "Mozilla/5.0 AppleWebKit/537.36 (KHTML, like Gecko; compatible; GPTBot/1.2; +https://openai.com/gptbot)"
95.96.41.171 - - [16/May/2025:22:26:18 +0000] "GET /certificate.php/products.php/randd.php/index.php/ingredients.php/cat-products.php?id=77/ HTTP/1.1" 200 4896 "-" "Mozilla/5.0 (compatible; MJ12bot/v1.4.8; http://mj12bot.com/)"
20.171.207.232 - - [16/May/2025:22:26:19 +0000] "GET /galleryimg/52197701_Basic%20Ayurveda%20Ushirasav_450ml.jpg HTTP/1.1" 200 647228 "-" "Mozilla/5.0 AppleWebKit/537.36 (KHTML, like Gecko; compatible; GPTBot/1.2; +https://openai.com/gptbot)"
20.171.207.232 - - [16/May/2025:22:26:20 +0000] "GET /galleryimg/44421701_Basic%20Ayurveda%20Apple%20cider%20Vinegar_1000ml.jpg HTTP/1.1" 200 551470 "-" "Mozilla/5.0 AppleWebKit/537.36 (KHTML, like Gecko; compatible; GPTBot/1.2; +https://openai.com/gptbot)"
95.96.41.171 - - [16/May/2025:22:26:21 +0000] "GET /certificate.php/products.php/randd.php/index.php/ingredients.php/cat-products.php?id=78/ HTTP/1.1" 200 4896 "-" "Mozilla/5.0 (compatible; MJ12bot/v1.4.8; http://mj12bot.com/)"
20.171.207.232 - - [16/May/2025:22:26:22 +0000] "GET /galleryimg/2357712Eric%20Enzyme%20Powder.jpg HTTP/1.1" 200 565469 "-" "Mozilla/5.0 AppleWebKit/537.36 (KHTML, like Gecko; compatible; GPTBot/1.2; +https://openai.com/gptbot)"
95.96.41.171 - - [16/May/2025:22:26:22 +0000] "GET /certificate.php/products.php/randd.php/index.php/ingredients.php/cat-products.php?id=79/ HTTP/1.1" 200 4896 "-" "Mozilla/5.0 (compatible; MJ12bot/v1.4.8; http://mj12bot.com/)"
20.171.207.232 - - [16/May/2025:22:26:23 +0000] "GET /newproducts.php HTTP/1.1" 200 3972 "-" "Mozilla/5.0 AppleWebKit/537.36 (KHTML, like Gecko; compatible; GPTBot/1.2; +https://openai.com/gptbot)"
20.171.207.232 - - [16/May/2025:22:26:24 +0000] "GET /galleryimg/37440841_Basic%20Ayurveda%20Brihat%20Garbh%20Chintamani%20Ras_30Tab.jpg HTTP/1.1" 200 537542 "-" "Mozilla/5.0 AppleWebKit/537.36 (KHTML, like Gecko; compatible; GPTBot/1.2; +https://openai.com/gptbot)"
20.171.207.232 - - [16/May/2025:22:26:25 +0000] "GET /prodcertingd-more.php?id=140 HTTP/1.1" 200 5064 "-" "Mozilla/5.0 AppleWebKit/537.36 (KHTML, like Gecko; compatible; GPTBot/1.2; +https://openai.com/gptbot)"
95.96.41.171 - - [16/May/2025:22:26:26 +0000] "GET /certificate.php/products.php/randd.php/index.php/ingredients.php/cat-products.php?id=80/ HTTP/1.1" 200 4903 "-" "Mozilla/5.0 (compatible; MJ12bot/v1.4.8; http://mj12bot.com/)"
20.171.207.232 - - [16/May/2025:22:26:26 +0000] "GET /prodcertingd-more.php?id=434 HTTP/1.1" 200 5074 "-" "Mozilla/5.0 AppleWebKit/537.36 (KHTML, like Gecko; compatible; GPTBot/1.2; +https://openai.com/gptbot)"
20.171.207.232 - - [16/May/2025:22:26:27 +0000] "GET /prodcertingd-more.php?id=415 HTTP/1.1" 200 5289 "-" "Mozilla/5.0 AppleWebKit/537.36 (KHTML, like Gecko; compatible; GPTBot/1.2; +https://openai.com/gptbot)"
95.96.41.171 - - [16/May/2025:22:26:28 +0000] "GET /certificate.php/products.php/randd.php/index.php/ingredients.php/cat-products.php?id=81/ HTTP/1.1" 200 4924 "-" "Mozilla/5.0 (compatible; MJ12bot/v1.4.8; http://mj12bot.com/)"
20.171.207.232 - - [16/May/2025:22:26:29 +0000] "GET /prodcertingd-more.php?id=282 HTTP/1.1" 200 4809 "-" "Mozilla/5.0 AppleWebKit/537.36 (KHTML, like Gecko; compatible; GPTBot/1.2; +https://openai.com/gptbot)"
20.171.207.232 - - [16/May/2025:22:26:30 +0000] "GET /prodcertingd-more.php?id=425 HTTP/1.1" 200 5159 "-" "Mozilla/5.0 AppleWebKit/537.36 (KHTML, like Gecko; compatible; GPTBot/1.2; +https://openai.com/gptbot)"
20.171.207.232 - - [16/May/2025:22:26:31 +0000] "GET /prodcertingd-more.php?id=254 HTTP/1.1" 200 4932 "-" "Mozilla/5.0 AppleWebKit/537.36 (KHTML, like Gecko; compatible; GPTBot/1.2; +https://openai.com/gptbot)"
95.96.41.171 - - [16/May/2025:22:26:32 +0000] "GET /certificate.php/products.php/randd.php/index.php/ingredients.php/cat-products.php?id=82/ HTTP/1.1" 200 4927 "-" "Mozilla/5.0 (compatible; MJ12bot/v1.4.8; http://mj12bot.com/)"
20.171.207.232 - - [16/May/2025:22:26:32 +0000] "GET /galleryimg/44421701_Basic%20Ayurveda%20Apple%20cider%20Vinegar_1000ml.jpg HTTP/1.1" 200 551470 "-" "Mozilla/5.0 AppleWebKit/537.36 (KHTML, like Gecko; compatible; GPTBot/1.2; +https://openai.com/gptbot)"
20.171.207.232 - - [16/May/2025:22:26:34 +0000] "GET /prodcertingd-more.php?id=358 HTTP/1.1" 200 5049 "-" "Mozilla/5.0 AppleWebKit/537.36 (KHTML, like Gecko; compatible; GPTBot/1.2; +https://openai.com/gptbot)"
95.96.41.171 - - [16/May/2025:22:26:34 +0000] "GET /certificate.php/products.php/randd.php/testimonials.php/qualitycontrol.php/certificate.php/cat-products.php?id=103/ HTTP/1.1" 200 4908 "-" "Mozilla/5.0 (compatible; MJ12bot/v1.4.8; http://mj12bot.com/)"
20.171.207.232 - - [16/May/2025:22:26:35 +0000] "GET /prodcertingd-more.php?id=285 HTTP/1.1" 200 5313 "-" "Mozilla/5.0 AppleWebKit/537.36 (KHTML, like Gecko; compatible; GPTBot/1.2; +https://openai.com/gptbot)"
95.96.41.171 - - [16/May/2025:22:26:36 +0000] "GET /certificate.php/products.php/randd.php/testimonials.php/qualitycontrol.php/certificate.php/cat-products.php?id=104/ HTTP/1.1" 200 4903 "-" "Mozilla/5.0 (compatible; MJ12bot/v1.4.8; http://mj12bot.com/)"
20.171.207.232 - - [16/May/2025:22:26:36 +0000] "GET /prodcertingd-more.php?id=442 HTTP/1.1" 200 4979 "-" "Mozilla/5.0 AppleWebKit/537.36 (KHTML, like Gecko; compatible; GPTBot/1.2; +https://openai.com/gptbot)"
