20.171.207.232 - - [16/May/2025:22:26:38 +0000] "GET /galleryimg/cfcde008d50eef20d4441bcd27c510a5.jpg HTTP/1.1" 200 50433 "-" "Mozilla/5.0 AppleWebKit/537.36 (KHTML, like Gecko; compatible; GPTBot/1.2; +https://openai.com/gptbot)"
95.96.41.171 - - [16/May/2025:22:26:38 +0000] "GET /certificate.php/products.php/randd.php/testimonials.php/qualitycontrol.php/certificate.php/cat-products.php?id=105/ HTTP/1.1" 200 4896 "-" "Mozilla/5.0 (compatible; MJ12bot/v1.4.8; http://mj12bot.com/)"
20.171.207.232 - - [16/May/2025:22:26:39 +0000] "GET /galleryimg/9438668Mahatriphala%20Ras.jpg HTTP/1.1" 200 767959 "-" "Mozilla/5.0 AppleWebKit/537.36 (KHTML, like Gecko; compatible; GPTBot/1.2; +https://openai.com/gptbot)"
20.171.207.232 - - [16/May/2025:22:26:40 +0000] "GET /prodcertingd-more.php?id=132 HTTP/1.1" 200 5189 "-" "Mozilla/5.0 AppleWebKit/537.36 (KHTML, like Gecko; compatible; GPTBot/1.2; +https://openai.com/gptbot)"
95.96.41.171 - - [16/May/2025:22:26:41 +0000] "GET /certificate.php/products.php/randd.php/testimonials.php/qualitycontrol.php/certificate.php/cat-products.php?id=65/ HTTP/1.1" 200 4896 "-" "Mozilla/5.0 (compatible; MJ12bot/v1.4.8; http://mj12bot.com/)"
20.171.207.232 - - [16/May/2025:22:26:41 +0000] "GET /galleryimg/4149708Karela%20Ras.jpg HTTP/1.1" 200 1183202 "-" "Mozilla/5.0 AppleWebKit/537.36 (KHTML, like Gecko; compatible; GPTBot/1.2; +https://openai.com/gptbot)"
95.96.41.171 - - [16/May/2025:22:26:43 +0000] "GET /certificate.php/products.php/randd.php/testimonials.php/qualitycontrol.php/certificate.php/cat-products.php?id=66/ HTTP/1.1" 200 4896 "-" "Mozilla/5.0 (compatible; MJ12bot/v1.4.8; http://mj12bot.com/)"
20.171.207.232 - - [16/May/2025:22:26:43 +0000] "GET /prodcertingd-more.php?id=149 HTTP/1.1" 200 5071 "-" "Mozilla/5.0 AppleWebKit/537.36 (KHTML, like Gecko; compatible; GPTBot/1.2; +https://openai.com/gptbot)"
20.171.207.232 - - [16/May/2025:22:26:44 +0000] "GET /prodcertingd-more.php?id=121 HTTP/1.1" 200 5795 "-" "Mozilla/5.0 AppleWebKit/537.36 (KHTML, like Gecko; compatible; GPTBot/1.2; +https://openai.com/gptbot)"
95.96.41.171 - - [16/May/2025:22:26:44 +0000] "GET /certificate.php/products.php/randd.php/testimonials.php/qualitycontrol.php/certificate.php/cat-products.php?id=67/ HTTP/1.1" 200 4924 "-" "Mozilla/5.0 (compatible; MJ12bot/v1.4.8; http://mj12bot.com/)"
20.171.207.232 - - [16/May/2025:22:26:45 +0000] "GET /galleryimg/9533212Kutajghan%20Vati.jpg HTTP/1.1" 200 57812 "-" "Mozilla/5.0 AppleWebKit/537.36 (KHTML, like Gecko; compatible; GPTBot/1.2; +https://openai.com/gptbot)"
20.171.207.232 - - [16/May/2025:22:26:46 +0000] "GET /galleryimg/7997892Dashmula%20Liquid.jpg HTTP/1.1" 200 537084 "-" "Mozilla/5.0 AppleWebKit/537.36 (KHTML, like Gecko; compatible; GPTBot/1.2; +https://openai.com/gptbot)"
95.96.41.171 - - [16/May/2025:22:26:46 +0000] "GET /certificate.php/products.php/randd.php/testimonials.php/qualitycontrol.php/certificate.php/cat-products.php?id=68/ HTTP/1.1" 200 4896 "-" "Mozilla/5.0 (compatible; MJ12bot/v1.4.8; http://mj12bot.com/)"
20.171.207.232 - - [16/May/2025:22:26:47 +0000] "GET /galleryimg/45178271%20(1).jpg HTTP/1.1" 200 448849 "-" "Mozilla/5.0 AppleWebKit/537.36 (KHTML, like Gecko; compatible; GPTBot/1.2; +https://openai.com/gptbot)"
95.96.41.171 - - [16/May/2025:22:26:48 +0000] "GET /certificate.php/products.php/randd.php/testimonials.php/qualitycontrol.php/certificate.php/cat-products.php?id=69/ HTTP/1.1" 200 4908 "-" "Mozilla/5.0 (compatible; MJ12bot/v1.4.8; http://mj12bot.com/)"
20.171.207.232 - - [16/May/2025:22:26:49 +0000] "GET /galleryimg/5632943Trifala%20Drishti%20Eye%20Drop.jpg HTTP/1.1" 200 1128722 "-" "Mozilla/5.0 AppleWebKit/537.36 (KHTML, like Gecko; compatible; GPTBot/1.2; +https://openai.com/gptbot)"
20.171.207.232 - - [16/May/2025:22:26:50 +0000] "GET /galleryimg/2342295Basic%20Royal%20Jelly.jpg HTTP/1.1" 200 305066 "-" "Mozilla/5.0 AppleWebKit/537.36 (KHTML, like Gecko; compatible; GPTBot/1.2; +https://openai.com/gptbot)"
95.96.41.171 - - [16/May/2025:22:26:50 +0000] "GET /certificate.php/products.php/randd.php/testimonials.php/qualitycontrol.php/certificate.php/cat-products.php?id=70/ HTTP/1.1" 200 4896 "-" "Mozilla/5.0 (compatible; MJ12bot/v1.4.8; http://mj12bot.com/)"
20.171.207.232 - - [16/May/2025:22:26:51 +0000] "GET /galleryimg/4364135Vidangasava2.jpg HTTP/1.1" 200 85745 "-" "Mozilla/5.0 AppleWebKit/537.36 (KHTML, like Gecko; compatible; GPTBot/1.2; +https://openai.com/gptbot)"
20.171.207.232 - - [16/May/2025:22:26:52 +0000] "GET /prodcertingd-more.php?id=125 HTTP/1.1" 200 5169 "-" "Mozilla/5.0 AppleWebKit/537.36 (KHTML, like Gecko; compatible; GPTBot/1.2; +https://openai.com/gptbot)"
95.96.41.171 - - [16/May/2025:22:26:53 +0000] "GET /certificate.php/products.php/randd.php/testimonials.php/qualitycontrol.php/certificate.php/cat-products.php?id=71/ HTTP/1.1" 200 4908 "-" "Mozilla/5.0 (compatible; MJ12bot/v1.4.8; http://mj12bot.com/)"
20.171.207.232 - - [16/May/2025:22:26:53 +0000] "GET /prodcertingd-more.php?id=451 HTTP/1.1" 200 4915 "-" "Mozilla/5.0 AppleWebKit/537.36 (KHTML, like Gecko; compatible; GPTBot/1.2; +https://openai.com/gptbot)"
20.171.207.232 - - [16/May/2025:22:26:54 +0000] "GET /prodcertingd-more.php?id=127 HTTP/1.1" 200 5267 "-" "Mozilla/5.0 AppleWebKit/537.36 (KHTML, like Gecko; compatible; GPTBot/1.2; +https://openai.com/gptbot)"
20.171.207.232 - - [16/May/2025:22:26:55 +0000] "GET /galleryimg/fb69ca021aadd0698070dbcb50a39e10.jpg HTTP/1.1" 200 66738 "-" "Mozilla/5.0 AppleWebKit/537.36 (KHTML, like Gecko; compatible; GPTBot/1.2; +https://openai.com/gptbot)"
20.171.207.232 - - [16/May/2025:22:26:57 +0000] "GET /prodcertingd-more.php?id=290 HTTP/1.1" 200 5265 "-" "Mozilla/5.0 AppleWebKit/537.36 (KHTML, like Gecko; compatible; GPTBot/1.2; +https://openai.com/gptbot)"
20.171.207.232 - - [16/May/2025:22:26:58 +0000] "GET /prodcertingd-more.php?id=311 HTTP/1.1" 200 5001 "-" "Mozilla/5.0 AppleWebKit/537.36 (KHTML, like Gecko; compatible; GPTBot/1.2; +https://openai.com/gptbot)"
20.171.207.232 - - [16/May/2025:22:26:59 +0000] "GET /prodcertingd-more.php?id=419 HTTP/1.1" 200 5425 "-" "Mozilla/5.0 AppleWebKit/537.36 (KHTML, like Gecko; compatible; GPTBot/1.2; +https://openai.com/gptbot)"
20.171.207.232 - - [16/May/2025:22:27:00 +0000] "GET /prodcertingd-more.php?id=431 HTTP/1.1" 200 5253 "-" "Mozilla/5.0 AppleWebKit/537.36 (KHTML, like Gecko; compatible; GPTBot/1.2; +https://openai.com/gptbot)"
20.171.207.232 - - [16/May/2025:22:27:01 +0000] "GET /prodcertingd-more.php?id=432 HTTP/1.1" 200 5520 "-" "Mozilla/5.0 AppleWebKit/537.36 (KHTML, like Gecko; compatible; GPTBot/1.2; +https://openai.com/gptbot)"
20.171.207.232 - - [16/May/2025:22:27:02 +0000] "GET /prodcertingd-more.php?id=271 HTTP/1.1" 200 5134 "-" "Mozilla/5.0 AppleWebKit/537.36 (KHTML, like Gecko; compatible; GPTBot/1.2; +https://openai.com/gptbot)"
95.96.41.171 - - [16/May/2025:22:27:03 +0000] "GET /certificate.php/products.php/randd.php/testimonials.php/qualitycontrol.php/certificate.php/cat-products.php?id=72/ HTTP/1.1" 200 4908 "-" "Mozilla/5.0 (compatible; MJ12bot/v1.4.8; http://mj12bot.com/)"
20.171.207.232 - - [16/May/2025:22:27:03 +0000] "GET /galleryimg/1759452Babularishta.jpg HTTP/1.1" 200 65295 "-" "Mozilla/5.0 AppleWebKit/537.36 (KHTML, like Gecko; compatible; GPTBot/1.2; +https://openai.com/gptbot)"
95.96.41.171 - - [16/May/2025:22:27:05 +0000] "GET /certificate.php/products.php/randd.php/testimonials.php/qualitycontrol.php/certificate.php/cat-products.php?id=75/ HTTP/1.1" 200 4896 "-" "Mozilla/5.0 (compatible; MJ12bot/v1.4.8; http://mj12bot.com/)"
20.171.207.232 - - [16/May/2025:22:27:05 +0000] "GET /galleryimg/3219653Shatavari%20Churna.jpg HTTP/1.1" 200 1309231 "-" "Mozilla/5.0 AppleWebKit/537.36 (KHTML, like Gecko; compatible; GPTBot/1.2; +https://openai.com/gptbot)"
20.171.207.232 - - [16/May/2025:22:27:06 +0000] "GET /prodcertingd-more.php?id=126 HTTP/1.1" 200 5402 "-" "Mozilla/5.0 AppleWebKit/537.36 (KHTML, like Gecko; compatible; GPTBot/1.2; +https://openai.com/gptbot)"
95.96.41.171 - - [16/May/2025:22:27:07 +0000] "GET /certificate.php/products.php/randd.php/testimonials.php/qualitycontrol.php/certificate.php/cat-products.php?id=78/ HTTP/1.1" 200 4896 "-" "Mozilla/5.0 (compatible; MJ12bot/v1.4.8; http://mj12bot.com/)"
20.171.207.232 - - [16/May/2025:22:27:08 +0000] "GET /galleryimg/9392566Kumari%20Asava.jpg HTTP/1.1" 200 93134 "-" "Mozilla/5.0 AppleWebKit/537.36 (KHTML, like Gecko; compatible; GPTBot/1.2; +https://openai.com/gptbot)"
95.96.41.171 - - [16/May/2025:22:27:09 +0000] "GET /certificate.php/products.php/randd.php/testimonials.php/qualitycontrol.php/certificate.php/cat-products.php?id=79/ HTTP/1.1" 200 4908 "-" "Mozilla/5.0 (compatible; MJ12bot/v1.4.8; http://mj12bot.com/)"
20.171.207.232 - - [16/May/2025:22:27:09 +0000] "GET /galleryimg/5272728Nashtpushpantak%20ras.jpg HTTP/1.1" 200 522968 "-" "Mozilla/5.0 AppleWebKit/537.36 (KHTML, like Gecko; compatible; GPTBot/1.2; +https://openai.com/gptbot)"
20.171.207.232 - - [16/May/2025:22:27:10 +0000] "GET /prodcertingd-more.php?id=119 HTTP/1.1" 200 5298 "-" "Mozilla/5.0 AppleWebKit/537.36 (KHTML, like Gecko; compatible; GPTBot/1.2; +https://openai.com/gptbot)"
95.96.41.171 - - [16/May/2025:22:27:11 +0000] "GET /certificate.php/products.php/randd.php/testimonials.php/qualitycontrol.php/certificate.php/cat-products.php?id=80/ HTTP/1.1" 200 4924 "-" "Mozilla/5.0 (compatible; MJ12bot/v1.4.8; http://mj12bot.com/)"
20.171.207.232 - - [16/May/2025:22:27:12 +0000] "GET /galleryimg/619533Brihat%20Somnath%20Ras.jpg HTTP/1.1" 200 578370 "-" "Mozilla/5.0 AppleWebKit/537.36 (KHTML, like Gecko; compatible; GPTBot/1.2; +https://openai.com/gptbot)"
95.96.41.171 - - [16/May/2025:22:27:13 +0000] "GET /certificate.php/products.php/randd.php/testimonials.php/qualitycontrol.php/certificate.php/cat-products.php?id=81/ HTTP/1.1" 200 4912 "-" "Mozilla/5.0 (compatible; MJ12bot/v1.4.8; http://mj12bot.com/)"
20.171.207.232 - - [16/May/2025:22:27:13 +0000] "GET /prodcertingd-more.php?id=276 HTTP/1.1" 200 5139 "-" "Mozilla/5.0 AppleWebKit/537.36 (KHTML, like Gecko; compatible; GPTBot/1.2; +https://openai.com/gptbot)"
20.171.207.232 - - [16/May/2025:22:27:14 +0000] "GET /prodcertingd-more.php?id=275 HTTP/1.1" 200 5013 "-" "Mozilla/5.0 AppleWebKit/537.36 (KHTML, like Gecko; compatible; GPTBot/1.2; +https://openai.com/gptbot)"
95.96.41.171 - - [16/May/2025:22:27:14 +0000] "GET /certificate.php/products.php/randd.php/testimonials.php/qualitycontrol.php/certificate.php/cat-products.php?id=82/ HTTP/1.1" 200 4908 "-" "Mozilla/5.0 (compatible; MJ12bot/v1.4.8; http://mj12bot.com/)"
20.171.207.232 - - [16/May/2025:22:27:15 +0000] "GET /prodcertingd-more.php?id=354 HTTP/1.1" 200 4962 "-" "Mozilla/5.0 AppleWebKit/537.36 (KHTML, like Gecko; compatible; GPTBot/1.2; +https://openai.com/gptbot)"
20.171.207.232 - - [16/May/2025:22:27:16 +0000] "GET /prodcertingd-more.php?id=369 HTTP/1.1" 200 4920 "-" "Mozilla/5.0 AppleWebKit/537.36 (KHTML, like Gecko; compatible; GPTBot/1.2; +https://openai.com/gptbot)"
95.96.41.171 - - [16/May/2025:22:27:17 +0000] "GET /certificate.php/products.php/randd.php/testimonials.php/qualitycontrol.php/certificate.php/cat-products.php?id=83/ HTTP/1.1" 200 4927 "-" "Mozilla/5.0 (compatible; MJ12bot/v1.4.8; http://mj12bot.com/)"
20.171.207.232 - - [16/May/2025:22:27:18 +0000] "GET /prodcertingd-more.php?id=383 HTTP/1.1" 200 5037 "-" "Mozilla/5.0 AppleWebKit/537.36 (KHTML, like Gecko; compatible; GPTBot/1.2; +https://openai.com/gptbot)"
20.171.207.232 - - [16/May/2025:22:27:19 +0000] "GET /galleryimg/2969262Punarnavarishta.jpg HTTP/1.1" 200 62434 "-" "Mozilla/5.0 AppleWebKit/537.36 (KHTML, like Gecko; compatible; GPTBot/1.2; +https://openai.com/gptbot)"
95.96.41.171 - - [16/May/2025:22:27:19 +0000] "GET /certificate.php/products.php/randd.php/testimonials.php/qualitycontrol.php/certificate.php/cat-products.php?id=84/ HTTP/1.1" 200 4908 "-" "Mozilla/5.0 (compatible; MJ12bot/v1.4.8; http://mj12bot.com/)"
20.171.207.232 - - [16/May/2025:22:27:20 +0000] "GET /prodcertingd-more.php?id=145 HTTP/1.1" 200 5180 "-" "Mozilla/5.0 AppleWebKit/537.36 (KHTML, like Gecko; compatible; GPTBot/1.2; +https://openai.com/gptbot)"
20.171.207.232 - - [16/May/2025:22:27:21 +0000] "GET /prodcertingd-more.php?id=161 HTTP/1.1" 200 5086 "-" "Mozilla/5.0 AppleWebKit/537.36 (KHTML, like Gecko; compatible; GPTBot/1.2; +https://openai.com/gptbot)"
95.96.41.171 - - [16/May/2025:22:27:22 +0000] "GET /certificate.php/products.php/randd.php/testimonials.php/qualitycontrol.php/certificate.php/cat-products.php?id=85/ HTTP/1.1" 200 4908 "-" "Mozilla/5.0 (compatible; MJ12bot/v1.4.8; http://mj12bot.com/)"
20.171.207.232 - - [16/May/2025:22:27:22 +0000] "GET /galleryimg/4809a3f903373d6f614b9072b6bcad30.jpg HTTP/1.1" 200 179761 "-" "Mozilla/5.0 AppleWebKit/537.36 (KHTML, like Gecko; compatible; GPTBot/1.2; +https://openai.com/gptbot)"
20.171.207.232 - - [16/May/2025:22:27:23 +0000] "GET /prodcertingd-more.php?id=136 HTTP/1.1" 200 5378 "-" "Mozilla/5.0 AppleWebKit/537.36 (KHTML, like Gecko; compatible; GPTBot/1.2; +https://openai.com/gptbot)"
95.96.41.171 - - [16/May/2025:22:27:24 +0000] "GET /certificate.php/products.php/randd.php/testimonials.php/qualitycontrol.php/certificate.php/cat-products.php?id=86/ HTTP/1.1" 200 4908 "-" "Mozilla/5.0 (compatible; MJ12bot/v1.4.8; http://mj12bot.com/)"
20.171.207.232 - - [16/May/2025:22:27:25 +0000] "GET /prodcertingd-more.php?id=294 HTTP/1.1" 200 5406 "-" "Mozilla/5.0 AppleWebKit/537.36 (KHTML, like Gecko; compatible; GPTBot/1.2; +https://openai.com/gptbot)"
20.171.207.232 - - [16/May/2025:22:27:26 +0000] "GET /prodcertingd-more.php?id=420 HTTP/1.1" 200 5223 "-" "Mozilla/5.0 AppleWebKit/537.36 (KHTML, like Gecko; compatible; GPTBot/1.2; +https://openai.com/gptbot)"
95.96.41.171 - - [16/May/2025:22:27:26 +0000] "GET /certificate.php/products.php/randd.php/testimonials.php/qualitycontrol.php/certificate.php/cat-products.php?id=87/ HTTP/1.1" 200 4908 "-" "Mozilla/5.0 (compatible; MJ12bot/v1.4.8; http://mj12bot.com/)"
20.171.207.232 - - [16/May/2025:22:27:27 +0000] "GET /galleryimg/5928027Belkut%20Tablet.jpg HTTP/1.1" 200 678780 "-" "Mozilla/5.0 AppleWebKit/537.36 (KHTML, like Gecko; compatible; GPTBot/1.2; +https://openai.com/gptbot)"
20.171.207.232 - - [16/May/2025:22:27:28 +0000] "GET /galleryimg/4926547Garbha%20Chintamani%20Ras.jpg HTTP/1.1" 200 604274 "-" "Mozilla/5.0 AppleWebKit/537.36 (KHTML, like Gecko; compatible; GPTBot/1.2; +https://openai.com/gptbot)"
95.96.41.171 - - [16/May/2025:22:27:28 +0000] "GET /certificate.php/products.php/randd.php/testimonials.php/qualitycontrol.php/certificate.php/cat-products.php?id=88/ HTTP/1.1" 200 4903 "-" "Mozilla/5.0 (compatible; MJ12bot/v1.4.8; http://mj12bot.com/)"
20.171.207.232 - - [16/May/2025:22:27:30 +0000] "GET /galleryimg/7509904Mushtakarishta.jpg HTTP/1.1" 200 707128 "-" "Mozilla/5.0 AppleWebKit/537.36 (KHTML, like Gecko; compatible; GPTBot/1.2; +https://openai.com/gptbot)"
20.171.207.232 - - [16/May/2025:22:27:31 +0000] "GET /prodcertingd-more.php?id=423 HTTP/1.1" 200 5247 "-" "Mozilla/5.0 AppleWebKit/537.36 (KHTML, like Gecko; compatible; GPTBot/1.2; +https://openai.com/gptbot)"
20.171.207.232 - - [16/May/2025:22:27:32 +0000] "GET /galleryimg/944697Sarivadhyarishta.jpg HTTP/1.1" 200 55536 "-" "Mozilla/5.0 AppleWebKit/537.36 (KHTML, like Gecko; compatible; GPTBot/1.2; +https://openai.com/gptbot)"
20.171.207.232 - - [16/May/2025:22:27:34 +0000] "GET /galleryimg/2137944Karela%20Powder.jpg HTTP/1.1" 200 1022702 "-" "Mozilla/5.0 AppleWebKit/537.36 (KHTML, like Gecko; compatible; GPTBot/1.2; +https://openai.com/gptbot)"
20.171.207.232 - - [16/May/2025:22:27:35 +0000] "GET /prodcertingd-more.php?id=306 HTTP/1.1" 200 5016 "-" "Mozilla/5.0 AppleWebKit/537.36 (KHTML, like Gecko; compatible; GPTBot/1.2; +https://openai.com/gptbot)"
95.96.41.171 - - [16/May/2025:22:27:36 +0000] "GET /certificate.php/products.php/randd.php/testimonials.php/qualitycontrol.php/certificate.php/cat-products.php?id=89/ HTTP/1.1" 200 4912 "-" "Mozilla/5.0 (compatible; MJ12bot/v1.4.8; http://mj12bot.com/)"
20.171.207.232 - - [16/May/2025:22:27:37 +0000] "GET /galleryimg/5749130Patrangasava.jpg HTTP/1.1" 200 105510 "-" "Mozilla/5.0 AppleWebKit/537.36 (KHTML, like Gecko; compatible; GPTBot/1.2; +https://openai.com/gptbot)"
20.171.207.232 - - [16/May/2025:22:27:38 +0000] "GET /galleryimg/5858385chandraprabha%20bati.jpg HTTP/1.1" 200 689326 "-" "Mozilla/5.0 AppleWebKit/537.36 (KHTML, like Gecko; compatible; GPTBot/1.2; +https://openai.com/gptbot)"
95.96.41.171 - - [16/May/2025:22:27:39 +0000] "GET /certificate.php/products.php/randd.php/testimonials.php/qualitycontrol.php/certificate.php/cat-products.php?id=90/ HTTP/1.1" 200 4908 "-" "Mozilla/5.0 (compatible; MJ12bot/v1.4.8; http://mj12bot.com/)"
20.171.207.232 - - [16/May/2025:22:27:39 +0000] "GET /galleryimg/9821390Obitapa%20Fat%20Cutter%20Ras.jpg HTTP/1.1" 200 1105122 "-" "Mozilla/5.0 AppleWebKit/537.36 (KHTML, like Gecko; compatible; GPTBot/1.2; +https://openai.com/gptbot)"
20.171.207.232 - - [16/May/2025:22:27:41 +0000] "GET /prodcertingd-more.php?id=403 HTTP/1.1" 200 5096 "-" "Mozilla/5.0 AppleWebKit/537.36 (KHTML, like Gecko; compatible; GPTBot/1.2; +https://openai.com/gptbot)"
95.96.41.171 - - [16/May/2025:22:27:41 +0000] "GET /certificate.php/products.php/randd.php/testimonials.php/qualitycontrol.php/certificate.php/cat-products.php?id=91/ HTTP/1.1" 200 4908 "-" "Mozilla/5.0 (compatible; MJ12bot/v1.4.8; http://mj12bot.com/)"
20.171.207.232 - - [16/May/2025:22:27:42 +0000] "GET /prodcertingd-more.php?id=256 HTTP/1.1" 200 4971 "-" "Mozilla/5.0 AppleWebKit/537.36 (KHTML, like Gecko; compatible; GPTBot/1.2; +https://openai.com/gptbot)"
20.171.207.232 - - [16/May/2025:22:27:43 +0000] "GET /prodcertingd-more.php?id=150 HTTP/1.1" 200 5320 "-" "Mozilla/5.0 AppleWebKit/537.36 (KHTML, like Gecko; compatible; GPTBot/1.2; +https://openai.com/gptbot)"
20.171.207.232 - - [16/May/2025:22:27:44 +0000] "GET /prodcertingd-more.php?id=463 HTTP/1.1" 200 5508 "-" "Mozilla/5.0 AppleWebKit/537.36 (KHTML, like Gecko; compatible; GPTBot/1.2; +https://openai.com/gptbot)"
95.96.41.171 - - [16/May/2025:22:27:44 +0000] "GET /certificate.php/products.php/randd.php/testimonials.php/qualitycontrol.php/certificate.php/cat-products.php?id=92/ HTTP/1.1" 200 4908 "-" "Mozilla/5.0 (compatible; MJ12bot/v1.4.8; http://mj12bot.com/)"
20.171.207.232 - - [16/May/2025:22:27:45 +0000] "GET /prodcertingd-more.php?id=235 HTTP/1.1" 200 5087 "-" "Mozilla/5.0 AppleWebKit/537.36 (KHTML, like Gecko; compatible; GPTBot/1.2; +https://openai.com/gptbot)"
20.171.207.232 - - [16/May/2025:22:27:46 +0000] "GET /prodcertingd-more.php?id=257 HTTP/1.1" 200 4968 "-" "Mozilla/5.0 AppleWebKit/537.36 (KHTML, like Gecko; compatible; GPTBot/1.2; +https://openai.com/gptbot)"
95.96.41.171 - - [16/May/2025:22:27:47 +0000] "GET /certificate.php/products.php/randd.php/testimonials.php/qualitycontrol.php/certificate.php/cat-products.php?id=94/ HTTP/1.1" 200 4903 "-" "Mozilla/5.0 (compatible; MJ12bot/v1.4.8; http://mj12bot.com/)"
20.171.207.232 - - [16/May/2025:22:27:48 +0000] "GET /galleryimg/1098219Apple%20Cider%20Vinegar.jpg HTTP/1.1" 200 1046410 "-" "Mozilla/5.0 AppleWebKit/537.36 (KHTML, like Gecko; compatible; GPTBot/1.2; +https://openai.com/gptbot)"
20.171.207.232 - - [16/May/2025:22:27:49 +0000] "GET /prodcertingd-more.php?id=400 HTTP/1.1" 200 5286 "-" "Mozilla/5.0 AppleWebKit/537.36 (KHTML, like Gecko; compatible; GPTBot/1.2; +https://openai.com/gptbot)"
20.171.207.232 - - [16/May/2025:22:27:51 +0000] "GET /prodcertingd-more.php?id=452 HTTP/1.1" 200 5204 "-" "Mozilla/5.0 AppleWebKit/537.36 (KHTML, like Gecko; compatible; GPTBot/1.2; +https://openai.com/gptbot)"
95.96.41.171 - - [16/May/2025:22:27:52 +0000] "GET /certificate.php/products.php/randd.php/testimonials.php/qualitycontrol.php/newproducts.php/index.php/ HTTP/1.1" 200 4903 "-" "Mozilla/5.0 (compatible; MJ12bot/v1.4.8; http://mj12bot.com/)"
20.171.207.232 - - [16/May/2025:22:27:53 +0000] "GET /prodcertingd-more.php?id=162 HTTP/1.1" 200 4919 "-" "Mozilla/5.0 AppleWebKit/537.36 (KHTML, like Gecko; compatible; GPTBot/1.2; +https://openai.com/gptbot)"
95.96.41.171 - - [16/May/2025:22:27:54 +0000] "GET /certificate.php/products.php/randd.php/testimonials.php/qualitycontrol.php/newproducts.php/newproducts.php/ HTTP/1.1" 200 4903 "-" "Mozilla/5.0 (compatible; MJ12bot/v1.4.8; http://mj12bot.com/)"
20.171.207.232 - - [16/May/2025:22:27:54 +0000] "GET /galleryimg/4279042Dashmool%20Kadha.jpg HTTP/1.1" 200 820826 "-" "Mozilla/5.0 AppleWebKit/537.36 (KHTML, like Gecko; compatible; GPTBot/1.2; +https://openai.com/gptbot)"
20.171.207.232 - - [16/May/2025:22:27:56 +0000] "GET /galleryimg/8261403Chitrkadi%20vati.jpg HTTP/1.1" 200 59410 "-" "Mozilla/5.0 AppleWebKit/537.36 (KHTML, like Gecko; compatible; GPTBot/1.2; +https://openai.com/gptbot)"
95.96.41.171 - - [16/May/2025:22:27:56 +0000] "GET /certificate.php/products.php/randd.php/testimonials.php/qualitycontrol.php/newproducts.php/pressreleaseandseminar.php/ HTTP/1.1" 200 4896 "-" "Mozilla/5.0 (compatible; MJ12bot/v1.4.8; http://mj12bot.com/)"
20.171.207.232 - - [16/May/2025:22:27:57 +0000] "GET /galleryimg/7907577Sundari%20Kalp.jpg HTTP/1.1" 200 1180086 "-" "Mozilla/5.0 AppleWebKit/537.36 (KHTML, like Gecko; compatible; GPTBot/1.2; +https://openai.com/gptbot)"
95.96.41.171 - - [16/May/2025:22:27:58 +0000] "GET /certificate.php/products.php/randd.php/testimonials.php/qualitycontrol.php/newproducts.php/products.php/ HTTP/1.1" 200 4924 "-" "Mozilla/5.0 (compatible; MJ12bot/v1.4.8; http://mj12bot.com/)"
20.171.207.232 - - [16/May/2025:22:27:59 +0000] "GET /prodcertingd-more.php?id=368 HTTP/1.1" 200 5058 "-" "Mozilla/5.0 AppleWebKit/537.36 (KHTML, like Gecko; compatible; GPTBot/1.2; +https://openai.com/gptbot)"
20.171.207.232 - - [16/May/2025:22:28:00 +0000] "GET /galleryimg/6263704Vasant%20Kusumakar%20Ras.jpg HTTP/1.1" 200 217665 "-" "Mozilla/5.0 AppleWebKit/537.36 (KHTML, like Gecko; compatible; GPTBot/1.2; +https://openai.com/gptbot)"
95.96.41.171 - - [16/May/2025:22:28:00 +0000] "GET /certificate.php/products.php/testimonials.php/certificate-more.php?id=63/ HTTP/1.1" 200 4896 "-" "Mozilla/5.0 (compatible; MJ12bot/v1.4.8; http://mj12bot.com/)"
20.171.207.232 - - [16/May/2025:22:28:01 +0000] "GET /galleryimg/8012257Raj%20Pravartani%20Vati.jpg HTTP/1.1" 200 172134 "-" "Mozilla/5.0 AppleWebKit/537.36 (KHTML, like Gecko; compatible; GPTBot/1.2; +https://openai.com/gptbot)"
20.171.207.232 - - [16/May/2025:22:28:02 +0000] "GET /prodcertingd-more.php?id=344 HTTP/1.1" 200 5008 "-" "Mozilla/5.0 AppleWebKit/537.36 (KHTML, like Gecko; compatible; GPTBot/1.2; +https://openai.com/gptbot)"
95.96.41.171 - - [16/May/2025:22:28:02 +0000] "GET /certificate.php/products.php/testimonials.php/certificate-more.php?id=64/ HTTP/1.1" 200 4896 "-" "Mozilla/5.0 (compatible; MJ12bot/v1.4.8; http://mj12bot.com/)"
20.171.207.232 - - [16/May/2025:22:28:03 +0000] "GET /galleryimg/5326362Punarnava%20Mandoor.jpg HTTP/1.1" 200 583461 "-" "Mozilla/5.0 AppleWebKit/537.36 (KHTML, like Gecko; compatible; GPTBot/1.2; +https://openai.com/gptbot)"
95.96.41.171 - - [16/May/2025:22:28:04 +0000] "GET /certificate.php/qualitycontrol.php/cat-products.php?id=100/ HTTP/1.1" 200 4908 "-" "Mozilla/5.0 (compatible; MJ12bot/v1.4.8; http://mj12bot.com/)"
20.171.207.232 - - [16/May/2025:22:28:05 +0000] "GET /galleryimg/898288Shatavari%20Herbal%20Mix%20Powder.jpg HTTP/1.1" 200 1068432 "-" "Mozilla/5.0 AppleWebKit/537.36 (KHTML, like Gecko; compatible; GPTBot/1.2; +https://openai.com/gptbot)"
20.171.207.232 - - [16/May/2025:22:28:06 +0000] "GET /galleryimg/7860565JAMUN%20CHURNA.jpg HTTP/1.1" 200 1065617 "-" "Mozilla/5.0 AppleWebKit/537.36 (KHTML, like Gecko; compatible; GPTBot/1.2; +https://openai.com/gptbot)"
20.171.207.232 - - [16/May/2025:22:28:08 +0000] "GET /prodcertingd-more.php?id=317 HTTP/1.1" 200 5160 "-" "Mozilla/5.0 AppleWebKit/537.36 (KHTML, like Gecko; compatible; GPTBot/1.2; +https://openai.com/gptbot)"
20.171.207.232 - - [16/May/2025:22:28:09 +0000] "GET /prodcertingd-more.php?id=264 HTTP/1.1" 200 5217 "-" "Mozilla/5.0 AppleWebKit/537.36 (KHTML, like Gecko; compatible; GPTBot/1.2; +https://openai.com/gptbot)"
20.171.207.232 - - [16/May/2025:22:28:10 +0000] "GET /prodcertingd-more.php?id=172 HTTP/1.1" 200 5399 "-" "Mozilla/5.0 AppleWebKit/537.36 (KHTML, like Gecko; compatible; GPTBot/1.2; +https://openai.com/gptbot)"
20.171.207.232 - - [16/May/2025:22:28:11 +0000] "GET /galleryimg/2731605Patdill%20Drink.jpg HTTP/1.1" 200 1130948 "-" "Mozilla/5.0 AppleWebKit/537.36 (KHTML, like Gecko; compatible; GPTBot/1.2; +https://openai.com/gptbot)"
20.171.207.232 - - [16/May/2025:22:28:13 +0000] "GET /prodcertingd-more.php?id=225 HTTP/1.1" 200 5192 "-" "Mozilla/5.0 AppleWebKit/537.36 (KHTML, like Gecko; compatible; GPTBot/1.2; +https://openai.com/gptbot)"
20.171.207.232 - - [16/May/2025:22:28:15 +0000] "GET /prodcertingd-more.php?id=438 HTTP/1.1" 200 5264 "-" "Mozilla/5.0 AppleWebKit/537.36 (KHTML, like Gecko; compatible; GPTBot/1.2; +https://openai.com/gptbot)"
20.171.207.232 - - [16/May/2025:22:28:16 +0000] "GET /galleryimg/718660Basic%20Slim%20Yog%20Capsule.jpg HTTP/1.1" 200 499369 "-" "Mozilla/5.0 AppleWebKit/537.36 (KHTML, like Gecko; compatible; GPTBot/1.2; +https://openai.com/gptbot)"
20.171.207.232 - - [16/May/2025:22:28:18 +0000] "GET /prodcertingd-more.php?id=167 HTTP/1.1" 200 5332 "-" "Mozilla/5.0 AppleWebKit/537.36 (KHTML, like Gecko; compatible; GPTBot/1.2; +https://openai.com/gptbot)"
20.171.207.232 - - [16/May/2025:22:28:19 +0000] "GET /prodcertingd-more.php?id=283 HTTP/1.1" 200 5034 "-" "Mozilla/5.0 AppleWebKit/537.36 (KHTML, like Gecko; compatible; GPTBot/1.2; +https://openai.com/gptbot)"
20.171.207.232 - - [16/May/2025:22:28:20 +0000] "GET /prodcertingd-more.php?id=386 HTTP/1.1" 200 5050 "-" "Mozilla/5.0 AppleWebKit/537.36 (KHTML, like Gecko; compatible; GPTBot/1.2; +https://openai.com/gptbot)"
20.171.207.232 - - [16/May/2025:22:28:21 +0000] "GET /prodcertingd-more.php?id=131 HTTP/1.1" 200 5248 "-" "Mozilla/5.0 AppleWebKit/537.36 (KHTML, like Gecko; compatible; GPTBot/1.2; +https://openai.com/gptbot)"
20.171.207.232 - - [16/May/2025:22:28:23 +0000] "GET /galleryimg/7372411Keaishor%20Guggulu.jpg HTTP/1.1" 200 975106 "-" "Mozilla/5.0 AppleWebKit/537.36 (KHTML, like Gecko; compatible; GPTBot/1.2; +https://openai.com/gptbot)"
20.171.207.232 - - [16/May/2025:22:28:24 +0000] "GET /galleryimg/6a0b546357565590972c852621ce901f.jpg HTTP/1.1" 200 47581 "-" "Mozilla/5.0 AppleWebKit/537.36 (KHTML, like Gecko; compatible; GPTBot/1.2; +https://openai.com/gptbot)"
20.171.207.232 - - [16/May/2025:22:28:26 +0000] "GET /prodcertingd-more.php?id=241 HTTP/1.1" 200 4767 "-" "Mozilla/5.0 AppleWebKit/537.36 (KHTML, like Gecko; compatible; GPTBot/1.2; +https://openai.com/gptbot)"
20.171.207.232 - - [16/May/2025:22:28:28 +0000] "GET /galleryimg/3308499Suthshekar%20Ras%20No.jpg HTTP/1.1" 200 277285 "-" "Mozilla/5.0 AppleWebKit/537.36 (KHTML, like Gecko; compatible; GPTBot/1.2; +https://openai.com/gptbot)"
20.171.207.232 - - [16/May/2025:22:28:29 +0000] "GET /galleryimg/9917963USHIRASAVA.jpg HTTP/1.1" 200 656219 "-" "Mozilla/5.0 AppleWebKit/537.36 (KHTML, like Gecko; compatible; GPTBot/1.2; +https://openai.com/gptbot)"
20.171.207.232 - - [16/May/2025:22:28:31 +0000] "GET /prodcertingd-more.php?id=404 HTTP/1.1" 200 5293 "-" "Mozilla/5.0 AppleWebKit/537.36 (KHTML, like Gecko; compatible; GPTBot/1.2; +https://openai.com/gptbot)"
20.171.207.232 - - [16/May/2025:22:28:32 +0000] "GET /galleryimg/89064b4024aae922ae2c32af122537f7.jpg HTTP/1.1" 200 150287 "-" "Mozilla/5.0 AppleWebKit/537.36 (KHTML, like Gecko; compatible; GPTBot/1.2; +https://openai.com/gptbot)"
20.171.207.232 - - [16/May/2025:22:28:33 +0000] "GET /prodcertingd-more.php?id=144 HTTP/1.1" 200 5211 "-" "Mozilla/5.0 AppleWebKit/537.36 (KHTML, like Gecko; compatible; GPTBot/1.2; +https://openai.com/gptbot)"
20.171.207.232 - - [16/May/2025:22:28:34 +0000] "GET /prodcertingd-more.php?id=152 HTTP/1.1" 200 5056 "-" "Mozilla/5.0 AppleWebKit/537.36 (KHTML, like Gecko; compatible; GPTBot/1.2; +https://openai.com/gptbot)"
20.171.207.232 - - [16/May/2025:22:28:35 +0000] "GET /prodcertingd-more.php?id=429 HTTP/1.1" 200 5037 "-" "Mozilla/5.0 AppleWebKit/537.36 (KHTML, like Gecko; compatible; GPTBot/1.2; +https://openai.com/gptbot)"
20.171.207.232 - - [16/May/2025:22:28:36 +0000] "GET /galleryimg/6133250Kutajarishta.jpg HTTP/1.1" 200 83263 "-" "Mozilla/5.0 AppleWebKit/537.36 (KHTML, like Gecko; compatible; GPTBot/1.2; +https://openai.com/gptbot)"
20.171.207.232 - - [16/May/2025:22:28:37 +0000] "GET /prodcertingd-more.php?id=381 HTTP/1.1" 200 5036 "-" "Mozilla/5.0 AppleWebKit/537.36 (KHTML, like Gecko; compatible; GPTBot/1.2; +https://openai.com/gptbot)"
20.171.207.232 - - [16/May/2025:22:28:38 +0000] "GET /galleryimg/8902500Poornachandra%20Ras.jpg HTTP/1.1" 200 95062 "-" "Mozilla/5.0 AppleWebKit/537.36 (KHTML, like Gecko; compatible; GPTBot/1.2; +https://openai.com/gptbot)"
20.171.207.232 - - [16/May/2025:22:28:40 +0000] "GET /prodcertingd-more.php?id=292 HTTP/1.1" 200 4955 "-" "Mozilla/5.0 AppleWebKit/537.36 (KHTML, like Gecko; compatible; GPTBot/1.2; +https://openai.com/gptbot)"
20.171.207.232 - - [16/May/2025:22:28:41 +0000] "GET /prodcertingd-more.php?id=455 HTTP/1.1" 200 5182 "-" "Mozilla/5.0 AppleWebKit/537.36 (KHTML, like Gecko; compatible; GPTBot/1.2; +https://openai.com/gptbot)"
20.171.207.232 - - [16/May/2025:22:28:42 +0000] "GET /galleryimg/1454313Devdavadyarishta.jpg HTTP/1.1" 200 618586 "-" "Mozilla/5.0 AppleWebKit/537.36 (KHTML, like Gecko; compatible; GPTBot/1.2; +https://openai.com/gptbot)"
217.182.175.163 - - [16/May/2025:22:28:43 +0000] "GET /robots.txt HTTP/1.1" 200 99 "-" "Mozilla/5.0 (compatible; MJ12bot/v1.4.8; http://mj12bot.com/)"
20.171.207.232 - - [16/May/2025:22:28:43 +0000] "GET /prodcertingd-more.php?id=228 HTTP/1.1" 200 4885 "-" "Mozilla/5.0 AppleWebKit/537.36 (KHTML, like Gecko; compatible; GPTBot/1.2; +https://openai.com/gptbot)"
217.182.175.163 - - [16/May/2025:22:28:45 +0000] "GET /newproducts.php/products.php/cat-products.php?id=74/ HTTP/1.1" 200 3972 "-" "Mozilla/5.0 (compatible; MJ12bot/v1.4.8; http://mj12bot.com/)"
20.171.207.232 - - [16/May/2025:22:28:45 +0000] "GET /galleryimg/5608589Sarivadhyarishta.jpg HTTP/1.1" 200 55536 "-" "Mozilla/5.0 AppleWebKit/537.36 (KHTML, like Gecko; compatible; GPTBot/1.2; +https://openai.com/gptbot)"
217.182.175.163 - - [16/May/2025:22:28:46 +0000] "GET /newproducts.php/products.php/cat-products.php?id=75/ HTTP/1.1" 200 3972 "-" "Mozilla/5.0 (compatible; MJ12bot/v1.4.8; http://mj12bot.com/)"
20.171.207.232 - - [16/May/2025:22:28:46 +0000] "GET /galleryimg/7381458Neem%20Leaf%20Powder.jpg HTTP/1.1" 200 725369 "-" "Mozilla/5.0 AppleWebKit/537.36 (KHTML, like Gecko; compatible; GPTBot/1.2; +https://openai.com/gptbot)"
20.171.207.232 - - [16/May/2025:22:28:48 +0000] "GET /galleryimg/9930503Okassa%20Cal%20Silver.jpg HTTP/1.1" 200 632461 "-" "Mozilla/5.0 AppleWebKit/537.36 (KHTML, like Gecko; compatible; GPTBot/1.2; +https://openai.com/gptbot)"
217.182.175.163 - - [16/May/2025:22:28:48 +0000] "GET /newproducts.php/products.php/cat-products.php?id=76/ HTTP/1.1" 200 3943 "-" "Mozilla/5.0 (compatible; MJ12bot/v1.4.8; http://mj12bot.com/)"
20.171.207.232 - - [16/May/2025:22:28:50 +0000] "GET /prodcertingd-more.php?id=259 HTTP/1.1" 200 4963 "-" "Mozilla/5.0 AppleWebKit/537.36 (KHTML, like Gecko; compatible; GPTBot/1.2; +https://openai.com/gptbot)"
217.182.175.163 - - [16/May/2025:22:28:50 +0000] "GET /newproducts.php/products.php/cat-products.php?id=77/ HTTP/1.1" 200 3972 "-" "Mozilla/5.0 (compatible; MJ12bot/v1.4.8; http://mj12bot.com/)"
20.171.207.232 - - [16/May/2025:22:28:51 +0000] "GET /galleryimg/1908128Laxmanarishta.jpg HTTP/1.1" 200 718178 "-" "Mozilla/5.0 AppleWebKit/537.36 (KHTML, like Gecko; compatible; GPTBot/1.2; +https://openai.com/gptbot)"
217.182.175.163 - - [16/May/2025:22:28:51 +0000] "GET /newproducts.php/products.php/cat-products.php?id=78/ HTTP/1.1" 200 3972 "-" "Mozilla/5.0 (compatible; MJ12bot/v1.4.8; http://mj12bot.com/)"
20.171.207.232 - - [16/May/2025:22:28:52 +0000] "GET /prodcertingd-more.php?id=297 HTTP/1.1" 200 5046 "-" "Mozilla/5.0 AppleWebKit/537.36 (KHTML, like Gecko; compatible; GPTBot/1.2; +https://openai.com/gptbot)"
217.182.175.163 - - [16/May/2025:22:28:53 +0000] "GET /newproducts.php/products.php/cat-products.php?id=79/ HTTP/1.1" 200 3972 "-" "Mozilla/5.0 (compatible; MJ12bot/v1.4.8; http://mj12bot.com/)"
20.171.207.232 - - [16/May/2025:22:28:53 +0000] "GET /galleryimg/1207366Bio%20Chance%20Capsule.jpg HTTP/1.1" 200 750268 "-" "Mozilla/5.0 AppleWebKit/537.36 (KHTML, like Gecko; compatible; GPTBot/1.2; +https://openai.com/gptbot)"
20.171.207.232 - - [16/May/2025:22:28:55 +0000] "GET /galleryimg/5702743Medohar%20Guggulu.jpg HTTP/1.1" 200 1303821 "-" "Mozilla/5.0 AppleWebKit/537.36 (KHTML, like Gecko; compatible; GPTBot/1.2; +https://openai.com/gptbot)"
217.182.175.163 - - [16/May/2025:22:28:55 +0000] "GET /newproducts.php/products.php/cat-products.php?id=80/ HTTP/1.1" 200 3972 "-" "Mozilla/5.0 (compatible; MJ12bot/v1.4.8; http://mj12bot.com/)"
20.171.207.232 - - [16/May/2025:22:28:56 +0000] "GET /galleryimg/13230301_Basic%20Ayurveda%20%20Guru%20Ram%20Pak%20_200g.jpg HTTP/1.1" 200 637358 "-" "Mozilla/5.0 AppleWebKit/537.36 (KHTML, like Gecko; compatible; GPTBot/1.2; +https://openai.com/gptbot)"
217.182.175.163 - - [16/May/2025:22:28:56 +0000] "GET /newproducts.php/products.php/cat-products.php?id=81/ HTTP/1.1" 200 3972 "-" "Mozilla/5.0 (compatible; MJ12bot/v1.4.8; http://mj12bot.com/)"
20.171.207.232 - - [16/May/2025:22:28:57 +0000] "GET /galleryimg/47561571_Basic%20Ayurveda%20Basic%20Royal%20Jelly.jpg HTTP/1.1" 200 496525 "-" "Mozilla/5.0 AppleWebKit/537.36 (KHTML, like Gecko; compatible; GPTBot/1.2; +https://openai.com/gptbot)"
20.171.207.232 - - [16/May/2025:22:28:58 +0000] "GET /galleryimg/65539301_Basic%20Ayurveda%20Ark%20Chandandi_200ml.jpg HTTP/1.1" 200 250138 "-" "Mozilla/5.0 AppleWebKit/537.36 (KHTML, like Gecko; compatible; GPTBot/1.2; +https://openai.com/gptbot)"
217.182.175.163 - - [16/May/2025:22:28:58 +0000] "GET /newproducts.php/products.php/cat-products.php?id=82/ HTTP/1.1" 200 3943 "-" "Mozilla/5.0 (compatible; MJ12bot/v1.4.8; http://mj12bot.com/)"
20.171.207.232 - - [16/May/2025:22:28:59 +0000] "GET /testimonials.php HTTP/1.1" 200 4089 "-" "Mozilla/5.0 AppleWebKit/537.36 (KHTML, like Gecko; compatible; GPTBot/1.2; +https://openai.com/gptbot)"
217.182.175.163 - - [16/May/2025:22:29:00 +0000] "GET /newproducts.php/products.php/cat-products.php?id=83/ HTTP/1.1" 200 3972 "-" "Mozilla/5.0 (compatible; MJ12bot/v1.4.8; http://mj12bot.com/)"
20.171.207.232 - - [16/May/2025:22:29:00 +0000] "GET /galleryimg/48519551_Basic%20Ayurveda%20Ashwagandha%20Churna_100g.jpg HTTP/1.1" 200 296175 "-" "Mozilla/5.0 AppleWebKit/537.36 (KHTML, like Gecko; compatible; GPTBot/1.2; +https://openai.com/gptbot)"
217.182.175.163 - - [16/May/2025:22:29:01 +0000] "GET /newproducts.php/products.php/cat-products.php?id=84/ HTTP/1.1" 200 3943 "-" "Mozilla/5.0 (compatible; MJ12bot/v1.4.8; http://mj12bot.com/)"
20.171.207.232 - - [16/May/2025:22:29:01 +0000] "GET /galleryimg/7845698Maha%20Shankh%20Vati.jpg HTTP/1.1" 200 1136289 "-" "Mozilla/5.0 AppleWebKit/537.36 (KHTML, like Gecko; compatible; GPTBot/1.2; +https://openai.com/gptbot)"
20.171.207.232 - - [16/May/2025:22:29:02 +0000] "GET /galleryimg/13579031_Basic%20Ayurveda%20Shatavari%20Herbal%20Mix%20Powder_100g.jpg HTTP/1.1" 200 290386 "-" "Mozilla/5.0 AppleWebKit/537.36 (KHTML, like Gecko; compatible; GPTBot/1.2; +https://openai.com/gptbot)"
217.182.175.163 - - [16/May/2025:22:29:03 +0000] "GET /newproducts.php/products.php/cat-products.php?id=85/ HTTP/1.1" 200 3972 "-" "Mozilla/5.0 (compatible; MJ12bot/v1.4.8; http://mj12bot.com/)"
20.171.207.232 - - [16/May/2025:22:29:04 +0000] "GET /galleryimg/6563799ark%20chandandi.jpg HTTP/1.1" 200 692766 "-" "Mozilla/5.0 AppleWebKit/537.36 (KHTML, like Gecko; compatible; GPTBot/1.2; +https://openai.com/gptbot)"
20.171.207.232 - - [16/May/2025:22:29:05 +0000] "GET /cat-products.php?id=88 HTTP/1.1" 200 4666 "-" "Mozilla/5.0 AppleWebKit/537.36 (KHTML, like Gecko; compatible; GPTBot/1.2; +https://openai.com/gptbot)"
217.182.175.163 - - [16/May/2025:22:29:05 +0000] "GET /newproducts.php/products.php/cat-products.php?id=86/ HTTP/1.1" 200 3972 "-" "Mozilla/5.0 (compatible; MJ12bot/v1.4.8; http://mj12bot.com/)"
20.171.207.232 - - [16/May/2025:22:29:06 +0000] "GET /cat-products.php?id=92 HTTP/1.1" 200 5098 "-" "Mozilla/5.0 AppleWebKit/537.36 (KHTML, like Gecko; compatible; GPTBot/1.2; +https://openai.com/gptbot)"
217.182.175.163 - - [16/May/2025:22:29:07 +0000] "GET /newproducts.php/products.php/cat-products.php?id=87/ HTTP/1.1" 200 3972 "-" "Mozilla/5.0 (compatible; MJ12bot/v1.4.8; http://mj12bot.com/)"
20.171.207.232 - - [16/May/2025:22:29:07 +0000] "GET /cat-products.php?id=71 HTTP/1.1" 200 4351 "-" "Mozilla/5.0 AppleWebKit/537.36 (KHTML, like Gecko; compatible; GPTBot/1.2; +https://openai.com/gptbot)"
20.171.207.232 - - [16/May/2025:22:29:08 +0000] "GET /cat-products.php?id=77 HTTP/1.1" 200 5414 "-" "Mozilla/5.0 AppleWebKit/537.36 (KHTML, like Gecko; compatible; GPTBot/1.2; +https://openai.com/gptbot)"
217.182.175.163 - - [16/May/2025:22:29:08 +0000] "GET /newproducts.php/products.php/cat-products.php?id=88/ HTTP/1.1" 200 3972 "-" "Mozilla/5.0 (compatible; MJ12bot/v1.4.8; http://mj12bot.com/)"
20.171.207.232 - - [16/May/2025:22:29:09 +0000] "GET /cat-products.php?id=86 HTTP/1.1" 200 4900 "-" "Mozilla/5.0 AppleWebKit/537.36 (KHTML, like Gecko; compatible; GPTBot/1.2; +https://openai.com/gptbot)"
217.182.175.163 - - [16/May/2025:22:29:10 +0000] "GET /newproducts.php/products.php/cat-products.php?id=89/ HTTP/1.1" 200 3972 "-" "Mozilla/5.0 (compatible; MJ12bot/v1.4.8; http://mj12bot.com/)"
20.171.207.232 - - [16/May/2025:22:29:11 +0000] "GET /galleryimg/2e24cac11b4e2b39c092a74ed1bb4d7d.jpg HTTP/1.1" 200 12369 "-" "Mozilla/5.0 AppleWebKit/537.36 (KHTML, like Gecko; compatible; GPTBot/1.2; +https://openai.com/gptbot)"
20.171.207.232 - - [16/May/2025:22:29:12 +0000] "GET /cat-products.php?id=89 HTTP/1.1" 200 4947 "-" "Mozilla/5.0 AppleWebKit/537.36 (KHTML, like Gecko; compatible; GPTBot/1.2; +https://openai.com/gptbot)"
217.182.175.163 - - [16/May/2025:22:29:13 +0000] "GET /newproducts.php/products.php/cat-products.php?id=90/ HTTP/1.1" 200 3972 "-" "Mozilla/5.0 (compatible; MJ12bot/v1.4.8; http://mj12bot.com/)"
20.171.207.232 - - [16/May/2025:22:29:13 +0000] "GET /cat-products.php?id=76 HTTP/1.1" 200 4395 "-" "Mozilla/5.0 AppleWebKit/537.36 (KHTML, like Gecko; compatible; GPTBot/1.2; +https://openai.com/gptbot)"
20.171.207.232 - - [16/May/2025:22:29:14 +0000] "GET /cat-products.php?id=87 HTTP/1.1" 200 5052 "-" "Mozilla/5.0 AppleWebKit/537.36 (KHTML, like Gecko; compatible; GPTBot/1.2; +https://openai.com/gptbot)"
217.182.175.163 - - [16/May/2025:22:29:14 +0000] "GET /newproducts.php/products.php/cat-products.php?id=91/ HTTP/1.1" 200 3972 "-" "Mozilla/5.0 (compatible; MJ12bot/v1.4.8; http://mj12bot.com/)"
20.171.207.232 - - [16/May/2025:22:29:15 +0000] "GET /cat-products.php?id=95 HTTP/1.1" 200 5390 "-" "Mozilla/5.0 AppleWebKit/537.36 (KHTML, like Gecko; compatible; GPTBot/1.2; +https://openai.com/gptbot)"
217.182.175.163 - - [16/May/2025:22:29:16 +0000] "GET /newproducts.php/products.php/cat-products.php?id=92/ HTTP/1.1" 200 3972 "-" "Mozilla/5.0 (compatible; MJ12bot/v1.4.8; http://mj12bot.com/)"
20.171.207.232 - - [16/May/2025:22:29:16 +0000] "GET /galleryimg/32704891_Basic%20Ayurveda%20Ashwagandharistha_450ml.jpg HTTP/1.1" 200 692041 "-" "Mozilla/5.0 AppleWebKit/537.36 (KHTML, like Gecko; compatible; GPTBot/1.2; +https://openai.com/gptbot)"
217.182.175.163 - - [16/May/2025:22:29:18 +0000] "GET /newproducts.php/products.php/cat-products.php?id=93/ HTTP/1.1" 200 3972 "-" "Mozilla/5.0 (compatible; MJ12bot/v1.4.8; http://mj12bot.com/)"
20.171.207.232 - - [16/May/2025:22:29:18 +0000] "GET /galleryimg/60535471_Basic%20Ayurveda%20Saraswatarishta_450ml.jpg HTTP/1.1" 200 644812 "-" "Mozilla/5.0 AppleWebKit/537.36 (KHTML, like Gecko; compatible; GPTBot/1.2; +https://openai.com/gptbot)"
20.171.207.232 - - [16/May/2025:22:29:19 +0000] "GET /galleryimg/88183041_Basic%20Ayurveda%20Tuvrak%20Taila_30ml.jpg HTTP/1.1" 200 552061 "-" "Mozilla/5.0 AppleWebKit/537.36 (KHTML, like Gecko; compatible; GPTBot/1.2; +https://openai.com/gptbot)"
217.182.175.163 - - [16/May/2025:22:29:19 +0000] "GET /newproducts.php/products.php/cat-products.php?id=94/ HTTP/1.1" 200 3972 "-" "Mozilla/5.0 (compatible; MJ12bot/v1.4.8; http://mj12bot.com/)"
20.171.207.232 - - [16/May/2025:22:29:21 +0000] "GET /galleryimg/71139001_Basic%20Ayurveda%20Aravindasava_450ml.jpg HTTP/1.1" 200 636096 "-" "Mozilla/5.0 AppleWebKit/537.36 (KHTML, like Gecko; compatible; GPTBot/1.2; +https://openai.com/gptbot)"
217.182.175.163 - - [16/May/2025:22:29:21 +0000] "GET /newproducts.php/products.php/cat-products.php?id=95/ HTTP/1.1" 200 3972 "-" "Mozilla/5.0 (compatible; MJ12bot/v1.4.8; http://mj12bot.com/)"
20.171.207.232 - - [16/May/2025:22:29:22 +0000] "GET /galleryimg/22139871_Basic%20Ayurveda%20Abhayarishta_450ml.jpg HTTP/1.1" 200 676538 "-" "Mozilla/5.0 AppleWebKit/537.36 (KHTML, like Gecko; compatible; GPTBot/1.2; +https://openai.com/gptbot)"
217.182.175.163 - - [16/May/2025:22:29:23 +0000] "GET /newproducts.php/products.php/cat-products.php?id=96/ HTTP/1.1" 200 3972 "-" "Mozilla/5.0 (compatible; MJ12bot/v1.4.8; http://mj12bot.com/)"
20.171.207.232 - - [16/May/2025:22:29:23 +0000] "GET /galleryimg/37543271_Basic%20Ayurveda%20Amalpitanytak%20Loh.jpg HTTP/1.1" 200 291309 "-" "Mozilla/5.0 AppleWebKit/537.36 (KHTML, like Gecko; compatible; GPTBot/1.2; +https://openai.com/gptbot)"
20.171.207.232 - - [16/May/2025:22:29:24 +0000] "GET /galleryimg/21103181_Basic%20Ayurveda%20Ashwagandha%20Pak_200g.jpg HTTP/1.1" 200 317873 "-" "Mozilla/5.0 AppleWebKit/537.36 (KHTML, like Gecko; compatible; GPTBot/1.2; +https://openai.com/gptbot)"
217.182.175.163 - - [16/May/2025:22:29:25 +0000] "GET /newproducts.php/products.php/cat-products.php?id=97/ HTTP/1.1" 200 3972 "-" "Mozilla/5.0 (compatible; MJ12bot/v1.4.8; http://mj12bot.com/)"
20.171.207.232 - - [16/May/2025:22:29:25 +0000] "GET /galleryimg/52850161_Basic%20Ayurveda%20Shadbindu%20Taila_10ml.jpg HTTP/1.1" 200 421224 "-" "Mozilla/5.0 AppleWebKit/537.36 (KHTML, like Gecko; compatible; GPTBot/1.2; +https://openai.com/gptbot)"
217.182.175.163 - - [16/May/2025:22:29:26 +0000] "GET /newproducts.php/products.php/cat-products.php?id=98/ HTTP/1.1" 200 3972 "-" "Mozilla/5.0 (compatible; MJ12bot/v1.4.8; http://mj12bot.com/)"
20.171.207.232 - - [16/May/2025:22:29:27 +0000] "GET /galleryimg/68578701_Basic%20Ayurveda%20Turmeric%20Juice_500ml.jpg HTTP/1.1" 200 610333 "-" "Mozilla/5.0 AppleWebKit/537.36 (KHTML, like Gecko; compatible; GPTBot/1.2; +https://openai.com/gptbot)"
20.171.207.232 - - [16/May/2025:22:29:28 +0000] "GET /galleryimg/23685771_Basic%20Ayurveda%20Mahamanjishthadyarishta_450ml.jpg HTTP/1.1" 200 627670 "-" "Mozilla/5.0 AppleWebKit/537.36 (KHTML, like Gecko; compatible; GPTBot/1.2; +https://openai.com/gptbot)"
217.182.175.163 - - [16/May/2025:22:29:28 +0000] "GET /newproducts.php/products.php/cat-products.php?id=99/ HTTP/1.1" 200 3972 "-" "Mozilla/5.0 (compatible; MJ12bot/v1.4.8; http://mj12bot.com/)"
20.171.207.232 - - [16/May/2025:22:29:29 +0000] "GET /galleryimg/87804531_Basic%20Ayurveda%20Khadirarishta_450ml.jpg HTTP/1.1" 200 646688 "-" "Mozilla/5.0 AppleWebKit/537.36 (KHTML, like Gecko; compatible; GPTBot/1.2; +https://openai.com/gptbot)"
217.182.175.163 - - [16/May/2025:22:29:30 +0000] "GET /newproducts.php/products.php/certificate.php/ HTTP/1.1" 200 3972 "-" "Mozilla/5.0 (compatible; MJ12bot/v1.4.8; http://mj12bot.com/)"
20.171.207.232 - - [16/May/2025:22:29:30 +0000] "GET /galleryimg/74119221_Basic%20Ayurveda%20Veerya%20Stambhan%20Vati_40tab.jpg HTTP/1.1" 200 545779 "-" "Mozilla/5.0 AppleWebKit/537.36 (KHTML, like Gecko; compatible; GPTBot/1.2; +https://openai.com/gptbot)"
20.171.207.232 - - [16/May/2025:22:29:31 +0000] "GET /galleryimg/78562481_Basic%20Ayurveda%20Lohasava_450ml.jpg HTTP/1.1" 200 657125 "-" "Mozilla/5.0 AppleWebKit/537.36 (KHTML, like Gecko; compatible; GPTBot/1.2; +https://openai.com/gptbot)"
217.182.175.163 - - [16/May/2025:22:29:31 +0000] "GET /newproducts.php/products.php/globaloverseas.php/ HTTP/1.1" 200 3972 "-" "Mozilla/5.0 (compatible; MJ12bot/v1.4.8; http://mj12bot.com/)"
20.171.207.232 - - [16/May/2025:22:29:32 +0000] "GET /galleryimg/38276691_Basic%20Ayurveda%20Chaturmukh%20Ras_30tab.jpg HTTP/1.1" 200 540442 "-" "Mozilla/5.0 AppleWebKit/537.36 (KHTML, like Gecko; compatible; GPTBot/1.2; +https://openai.com/gptbot)"
217.182.175.163 - - [16/May/2025:22:29:33 +0000] "GET /newproducts.php/products.php/index.php/ HTTP/1.1" 200 3972 "-" "Mozilla/5.0 (compatible; MJ12bot/v1.4.8; http://mj12bot.com/)"
20.171.207.232 - - [16/May/2025:22:29:34 +0000] "GET /galleryimg/39959441_Basic%20Ayurveda%20Chappan%20Prash.jpg HTTP/1.1" 200 499634 "-" "Mozilla/5.0 AppleWebKit/537.36 (KHTML, like Gecko; compatible; GPTBot/1.2; +https://openai.com/gptbot)"
20.171.207.232 - - [16/May/2025:22:29:35 +0000] "GET /galleryimg/86639081_Basic%20Ayurveda%20Mukta%20Panchamrit%20Ras_30Tab.jpg HTTP/1.1" 200 507831 "-" "Mozilla/5.0 AppleWebKit/537.36 (KHTML, like Gecko; compatible; GPTBot/1.2; +https://openai.com/gptbot)"
217.182.175.163 - - [16/May/2025:22:29:35 +0000] "GET /newproducts.php/products.php/ingredients.php/ HTTP/1.1" 200 3972 "-" "Mozilla/5.0 (compatible; MJ12bot/v1.4.8; http://mj12bot.com/)"
20.171.207.232 - - [16/May/2025:22:29:36 +0000] "GET /galleryimg/33392571_Basic%20Ayurveda%20Mahamasha%20Tail_30ml.jpg HTTP/1.1" 200 549672 "-" "Mozilla/5.0 AppleWebKit/537.36 (KHTML, like Gecko; compatible; GPTBot/1.2; +https://openai.com/gptbot)"
217.182.175.163 - - [16/May/2025:22:29:36 +0000] "GET /newproducts.php/products.php/newproducts.php/ HTTP/1.1" 200 3972 "-" "Mozilla/5.0 (compatible; MJ12bot/v1.4.8; http://mj12bot.com/)"
20.171.207.232 - - [16/May/2025:22:29:37 +0000] "GET /galleryimg/68085951_Basic%20Ayurveda%20Mahavishgarba%20Taila_30ml.jpg HTTP/1.1" 200 577140 "-" "Mozilla/5.0 AppleWebKit/537.36 (KHTML, like Gecko; compatible; GPTBot/1.2; +https://openai.com/gptbot)"
217.182.175.163 - - [16/May/2025:22:29:38 +0000] "GET /newproducts.php/products.php/pressreleaseandseminar.php/ HTTP/1.1" 200 3972 "-" "Mozilla/5.0 (compatible; MJ12bot/v1.4.8; http://mj12bot.com/)"
20.171.207.232 - - [16/May/2025:22:29:38 +0000] "GET /galleryimg/45928881_Basic%20Ayurveda%20Herbal%20Paramshakti%20Dayak%20Oil_15ml.jpg HTTP/1.1" 200 575587 "-" "Mozilla/5.0 AppleWebKit/537.36 (KHTML, like Gecko; compatible; GPTBot/1.2; +https://openai.com/gptbot)"
20.171.207.232 - - [16/May/2025:22:29:39 +0000] "GET /galleryimg/4450821_Basic%20Ayurveda%20Lavanbhaskar%20Churna_100g.jpg HTTP/1.1" 200 300283 "-" "Mozilla/5.0 AppleWebKit/537.36 (KHTML, like Gecko; compatible; GPTBot/1.2; +https://openai.com/gptbot)"
217.182.175.163 - - [16/May/2025:22:29:40 +0000] "GET /newproducts.php/products.php/prodcertingd-more.php?id=311/ HTTP/1.1" 200 3972 "-" "Mozilla/5.0 (compatible; MJ12bot/v1.4.8; http://mj12bot.com/)"
20.171.207.232 - - [16/May/2025:22:29:40 +0000] "GET /galleryimg/99629191_Basic%20Ayurveda%20Dhatupaustic%20Churna_100g.jpg HTTP/1.1" 200 300029 "-" "Mozilla/5.0 AppleWebKit/537.36 (KHTML, like Gecko; compatible; GPTBot/1.2; +https://openai.com/gptbot)"
217.182.175.163 - - [16/May/2025:22:29:42 +0000] "GET /newproducts.php/products.php/prodcertingd-more.php?id=431/ HTTP/1.1" 200 3972 "-" "Mozilla/5.0 (compatible; MJ12bot/v1.4.8; http://mj12bot.com/)"
20.171.207.232 - - [16/May/2025:22:29:42 +0000] "GET /prodcertingd-more.php?id=210 HTTP/1.1" 200 5266 "-" "Mozilla/5.0 AppleWebKit/537.36 (KHTML, like Gecko; compatible; GPTBot/1.2; +https://openai.com/gptbot)"
20.171.207.232 - - [16/May/2025:22:29:43 +0000] "GET /prodcertingd-more.php?id=102 HTTP/1.1" 200 5214 "-" "Mozilla/5.0 AppleWebKit/537.36 (KHTML, like Gecko; compatible; GPTBot/1.2; +https://openai.com/gptbot)"
217.182.175.163 - - [16/May/2025:22:29:43 +0000] "GET /newproducts.php/products.php/prodcertingd-more.php?id=432/ HTTP/1.1" 200 3972 "-" "Mozilla/5.0 (compatible; MJ12bot/v1.4.8; http://mj12bot.com/)"
20.171.207.232 - - [16/May/2025:22:29:44 +0000] "GET /prodcertingd-more.php?id=151 HTTP/1.1" 200 4982 "-" "Mozilla/5.0 AppleWebKit/537.36 (KHTML, like Gecko; compatible; GPTBot/1.2; +https://openai.com/gptbot)"
217.182.175.163 - - [16/May/2025:22:29:45 +0000] "GET /newproducts.php/products.php/prodcertingd-more.php?id=442/ HTTP/1.1" 200 3972 "-" "Mozilla/5.0 (compatible; MJ12bot/v1.4.8; http://mj12bot.com/)"
20.171.207.232 - - [16/May/2025:22:29:45 +0000] "GET /prodcertingd-more.php?id=390 HTTP/1.1" 200 5156 "-" "Mozilla/5.0 AppleWebKit/537.36 (KHTML, like Gecko; compatible; GPTBot/1.2; +https://openai.com/gptbot)"
20.171.207.232 - - [16/May/2025:22:29:46 +0000] "GET /prodcertingd-more.php?id=417 HTTP/1.1" 200 5108 "-" "Mozilla/5.0 AppleWebKit/537.36 (KHTML, like Gecko; compatible; GPTBot/1.2; +https://openai.com/gptbot)"
217.182.175.163 - - [16/May/2025:22:29:47 +0000] "GET /newproducts.php/products.php/products.php/ HTTP/1.1" 200 3972 "-" "Mozilla/5.0 (compatible; MJ12bot/v1.4.8; http://mj12bot.com/)"
20.171.207.232 - - [16/May/2025:22:29:47 +0000] "GET /prodcertingd-more.php?id=106 HTTP/1.1" 200 5079 "-" "Mozilla/5.0 AppleWebKit/537.36 (KHTML, like Gecko; compatible; GPTBot/1.2; +https://openai.com/gptbot)"
217.182.175.163 - - [16/May/2025:22:29:48 +0000] "GET /newproducts.php/products.php/products.php/cat-products.php?id=101 HTTP/1.1" 200 3972 "-" "Mozilla/5.0 (compatible; MJ12bot/v1.4.8; http://mj12bot.com/)"
20.171.207.232 - - [16/May/2025:22:29:49 +0000] "GET /prodcertingd-more.php?id=406 HTTP/1.1" 200 4989 "-" "Mozilla/5.0 AppleWebKit/537.36 (KHTML, like Gecko; compatible; GPTBot/1.2; +https://openai.com/gptbot)"
