144.172.103.171 - - [16/May/2025:17:44:45 +0000] "GET /about.php?key=EnigmaCyberSecurity HTTP/1.1" 404 4183 "-" "Mozlila/5.0 (Linux; Android 7.0; SM-G892A Bulid/NRD90M; wv) AppleWebKit/537.36 (KHTML, like Gecko) Version/4.0 Chrome/60.0.3112.107 Moblie Safari/537.36"
144.172.103.171 - - [16/May/2025:17:44:50 +0000] "POST /wp-content/plugins/about.php HTTP/1.1" 403 199 "-" "Mozlila/5.0 (Linux; Android 7.0; SM-G892A Bulid/NRD90M; wv) AppleWebKit/537.36 (KHTML, like Gecko) Version/4.0 Chrome/60.0.3112.107 Moblie Safari/537.36"
144.172.103.171 - - [16/May/2025:17:44:54 +0000] "GET /about.php?key=EnigmaCyberSecurity HTTP/1.1" 404 4183 "-" "Mozlila/5.0 (Linux; Android 7.0; SM-G892A Bulid/NRD90M; wv) AppleWebKit/537.36 (KHTML, like Gecko) Version/4.0 Chrome/60.0.3112.107 Moblie Safari/537.36"
144.172.103.171 - - [16/May/2025:17:44:58 +0000] "POST /geju.php HTTP/1.1" 403 199 "-" "Mozlila/5.0 (Linux; Android 7.0; SM-G892A Bulid/NRD90M; wv) AppleWebKit/537.36 (KHTML, like Gecko) Version/4.0 Chrome/60.0.3112.107 Moblie Safari/537.36"
135.181.212.177 - - [16/May/2025:17:45:01 +0000] "GET /robots.txt HTTP/1.1" 200 99 "-" "Mozilla/5.0 (compatible; MJ12bot/v1.4.8; http://mj12bot.com/)"
144.172.103.171 - - [16/May/2025:17:45:03 +0000] "GET /about.php?key=EnigmaCyberSecurity HTTP/1.1" 404 4183 "-" "Mozlila/5.0 (Linux; Android 7.0; SM-G892A Bulid/NRD90M; wv) AppleWebKit/537.36 (KHTML, like Gecko) Version/4.0 Chrome/60.0.3112.107 Moblie Safari/537.36"
135.181.212.177 - - [16/May/2025:17:45:04 +0000] "GET /certificate.php/products.php/randd.php/testimonials.php/qualitycontrol.php/newproducts.php/newproducts.php/cat-products.php?id=93 HTTP/1.1" 200 4908 "-" "Mozilla/5.0 (compatible; MJ12bot/v1.4.8; http://mj12bot.com/)"
135.181.212.177 - - [16/May/2025:17:45:06 +0000] "GET /certificate.php/products.php/randd.php/testimonials.php/qualitycontrol.php/newproducts.php/newproducts.php/cat-products.php?id=94 HTTP/1.1" 200 4939 "-" "Mozilla/5.0 (compatible; MJ12bot/v1.4.8; http://mj12bot.com/)"
135.181.212.177 - - [16/May/2025:17:45:08 +0000] "GET /certificate.php/products.php/randd.php/testimonials.php/qualitycontrol.php/newproducts.php/newproducts.php/cat-products.php?id=95 HTTP/1.1" 200 4908 "-" "Mozilla/5.0 (compatible; MJ12bot/v1.4.8; http://mj12bot.com/)"
135.181.212.177 - - [16/May/2025:17:45:10 +0000] "GET /certificate.php/products.php/randd.php/testimonials.php/qualitycontrol.php/newproducts.php/pressreleaseandseminar.php/cat-products.php?id=100 HTTP/1.1" 200 4924 "-" "Mozilla/5.0 (compatible; MJ12bot/v1.4.8; http://mj12bot.com/)"
135.181.212.177 - - [16/May/2025:17:45:12 +0000] "GET /certificate.php/products.php/randd.php/testimonials.php/qualitycontrol.php/newproducts.php/pressreleaseandseminar.php/cat-products.php?id=101 HTTP/1.1" 200 4903 "-" "Mozilla/5.0 (compatible; MJ12bot/v1.4.8; http://mj12bot.com/)"
144.172.103.171 - - [16/May/2025:17:45:14 +0000] "POST /geju.php HTTP/1.1" 403 199 "-" "Mozlila/5.0 (Linux; Android 7.0; SM-G892A Bulid/NRD90M; wv) AppleWebKit/537.36 (KHTML, like Gecko) Version/4.0 Chrome/60.0.3112.107 Moblie Safari/537.36"
135.181.212.177 - - [16/May/2025:17:45:14 +0000] "GET /certificate.php/products.php/randd.php/testimonials.php/qualitycontrol.php/newproducts.php/pressreleaseandseminar.php/cat-products.php?id=102 HTTP/1.1" 200 4908 "-" "Mozilla/5.0 (compatible; MJ12bot/v1.4.8; http://mj12bot.com/)"
135.181.212.177 - - [16/May/2025:17:45:17 +0000] "GET /certificate.php/products.php/randd.php/testimonials.php/qualitycontrol.php/newproducts.php/pressreleaseandseminar.php/cat-products.php?id=103 HTTP/1.1" 200 4924 "-" "Mozilla/5.0 (compatible; MJ12bot/v1.4.8; http://mj12bot.com/)"
135.181.212.177 - - [16/May/2025:17:45:19 +0000] "GET /certificate.php/products.php/randd.php/testimonials.php/qualitycontrol.php/newproducts.php/pressreleaseandseminar.php/cat-products.php?id=104 HTTP/1.1" 200 4908 "-" "Mozilla/5.0 (compatible; MJ12bot/v1.4.8; http://mj12bot.com/)"
144.172.103.171 - - [16/May/2025:17:45:21 +0000] "GET /about.php?key=EnigmaCyberSecurity HTTP/1.1" 404 4183 "-" "Mozlila/5.0 (Linux; Android 7.0; SM-G892A Bulid/NRD90M; wv) AppleWebKit/537.36 (KHTML, like Gecko) Version/4.0 Chrome/60.0.3112.107 Moblie Safari/537.36"
135.181.212.177 - - [16/May/2025:17:45:25 +0000] "GET /certificate.php/products.php/randd.php/testimonials.php/qualitycontrol.php/newproducts.php/pressreleaseandseminar.php/cat-products.php?id=105 HTTP/1.1" 200 4908 "-" "Mozilla/5.0 (compatible; MJ12bot/v1.4.8; http://mj12bot.com/)"
144.172.103.171 - - [16/May/2025:17:45:28 +0000] "POST /wp.php HTTP/1.1" 403 199 "-" "Mozlila/5.0 (Linux; Android 7.0; SM-G892A Bulid/NRD90M; wv) AppleWebKit/537.36 (KHTML, like Gecko) Version/4.0 Chrome/60.0.3112.107 Moblie Safari/537.36"
135.181.212.177 - - [16/May/2025:17:45:28 +0000] "GET /certificate.php/products.php/randd.php/testimonials.php/qualitycontrol.php/newproducts.php/pressreleaseandseminar.php/cat-products.php?id=65 HTTP/1.1" 200 4924 "-" "Mozilla/5.0 (compatible; MJ12bot/v1.4.8; http://mj12bot.com/)"
135.181.212.177 - - [16/May/2025:17:45:30 +0000] "GET /certificate.php/products.php/randd.php/testimonials.php/qualitycontrol.php/newproducts.php/pressreleaseandseminar.php/cat-products.php?id=66 HTTP/1.1" 200 4908 "-" "Mozilla/5.0 (compatible; MJ12bot/v1.4.8; http://mj12bot.com/)"
135.181.212.177 - - [16/May/2025:17:45:32 +0000] "GET /certificate.php/products.php/randd.php/testimonials.php/qualitycontrol.php/newproducts.php/pressreleaseandseminar.php/cat-products.php?id=67 HTTP/1.1" 200 4908 "-" "Mozilla/5.0 (compatible; MJ12bot/v1.4.8; http://mj12bot.com/)"
144.172.103.171 - - [16/May/2025:17:45:32 +0000] "GET /about.php?key=EnigmaCyberSecurity HTTP/1.1" 404 4183 "-" "Mozlila/5.0 (Linux; Android 7.0; SM-G892A Bulid/NRD90M; wv) AppleWebKit/537.36 (KHTML, like Gecko) Version/4.0 Chrome/60.0.3112.107 Moblie Safari/537.36"
135.181.212.177 - - [16/May/2025:17:45:34 +0000] "GET /certificate.php/products.php/randd.php/testimonials.php/qualitycontrol.php/newproducts.php/pressreleaseandseminar.php/cat-products.php?id=68 HTTP/1.1" 200 4896 "-" "Mozilla/5.0 (compatible; MJ12bot/v1.4.8; http://mj12bot.com/)"
135.181.212.177 - - [16/May/2025:17:45:36 +0000] "GET /certificate.php/products.php/randd.php/testimonials.php/qualitycontrol.php/newproducts.php/pressreleaseandseminar.php/cat-products.php?id=69 HTTP/1.1" 200 4912 "-" "Mozilla/5.0 (compatible; MJ12bot/v1.4.8; http://mj12bot.com/)"
144.172.103.171 - - [16/May/2025:17:45:37 +0000] "POST /wp.php HTTP/1.1" 403 199 "-" "Mozlila/5.0 (Linux; Android 7.0; SM-G892A Bulid/NRD90M; wv) AppleWebKit/537.36 (KHTML, like Gecko) Version/4.0 Chrome/60.0.3112.107 Moblie Safari/537.36"
135.181.212.177 - - [16/May/2025:17:45:39 +0000] "GET /certificate.php/products.php/randd.php/testimonials.php/qualitycontrol.php/newproducts.php/pressreleaseandseminar.php/cat-products.php?id=70 HTTP/1.1" 200 4896 "-" "Mozilla/5.0 (compatible; MJ12bot/v1.4.8; http://mj12bot.com/)"
135.181.212.177 - - [16/May/2025:17:45:41 +0000] "GET /certificate.php/products.php/randd.php/testimonials.php/qualitycontrol.php/newproducts.php/pressreleaseandseminar.php/cat-products.php?id=71 HTTP/1.1" 200 4924 "-" "Mozilla/5.0 (compatible; MJ12bot/v1.4.8; http://mj12bot.com/)"
135.181.212.177 - - [16/May/2025:17:45:43 +0000] "GET /certificate.php/products.php/randd.php/testimonials.php/qualitycontrol.php/newproducts.php/pressreleaseandseminar.php/cat-products.php?id=88 HTTP/1.1" 200 4939 "-" "Mozilla/5.0 (compatible; MJ12bot/v1.4.8; http://mj12bot.com/)"
144.172.103.171 - - [16/May/2025:17:45:44 +0000] "GET /about.php?key=EnigmaCyberSecurity HTTP/1.1" 404 4183 "-" "Mozlila/5.0 (Linux; Android 7.0; SM-G892A Bulid/NRD90M; wv) AppleWebKit/537.36 (KHTML, like Gecko) Version/4.0 Chrome/60.0.3112.107 Moblie Safari/537.36"
135.181.212.177 - - [16/May/2025:17:45:46 +0000] "GET /certificate.php/products.php/randd.php/testimonials.php/qualitycontrol.php/newproducts.php/pressreleaseandseminar.php/cat-products.php?id=89 HTTP/1.1" 200 4896 "-" "Mozilla/5.0 (compatible; MJ12bot/v1.4.8; http://mj12bot.com/)"
135.181.212.177 - - [16/May/2025:17:45:48 +0000] "GET /certificate.php/products.php/randd.php/testimonials.php/qualitycontrol.php/newproducts.php/pressreleaseandseminar.php/cat-products.php?id=90 HTTP/1.1" 200 4896 "-" "Mozilla/5.0 (compatible; MJ12bot/v1.4.8; http://mj12bot.com/)"
135.181.212.177 - - [16/May/2025:17:45:50 +0000] "GET /certificate.php/products.php/randd.php/testimonials.php/qualitycontrol.php/newproducts.php/pressreleaseandseminar.php/cat-products.php?id=91 HTTP/1.1" 200 4908 "-" "Mozilla/5.0 (compatible; MJ12bot/v1.4.8; http://mj12bot.com/)"
85.208.96.195 - - [16/May/2025:17:45:51 +0000] "GET /prodcertingd-more.php?id=49 HTTP/1.1" 200 5592 "-" "Mozilla/5.0 (compatible; SemrushBot/7~bl; +http://www.semrush.com/bot.html)"
135.181.212.177 - - [16/May/2025:17:45:52 +0000] "GET /certificate.php/products.php/randd.php/testimonials.php/qualitycontrol.php/newproducts.php/pressreleaseandseminar.php/cat-products.php?id=92 HTTP/1.1" 200 4927 "-" "Mozilla/5.0 (compatible; MJ12bot/v1.4.8; http://mj12bot.com/)"
135.181.212.177 - - [16/May/2025:17:45:55 +0000] "GET /certificate.php/products.php/randd.php/testimonials.php/qualitycontrol.php/newproducts.php/pressreleaseandseminar.php/cat-products.php?id=93 HTTP/1.1" 200 4908 "-" "Mozilla/5.0 (compatible; MJ12bot/v1.4.8; http://mj12bot.com/)"
144.172.103.171 - - [16/May/2025:17:45:55 +0000] "GET /geju.php HTTP/1.1" 404 4183 "-" "Mozlila/5.0 (Linux; Android 7.0; SM-G892A Bulid/NRD90M; wv) AppleWebKit/537.36 (KHTML, like Gecko) Version/4.0 Chrome/60.0.3112.107 Moblie Safari/537.36"
135.181.212.177 - - [16/May/2025:17:45:57 +0000] "GET /certificate.php/products.php/randd.php/testimonials.php/qualitycontrol.php/newproducts.php/pressreleaseandseminar.php/cat-products.php?id=94 HTTP/1.1" 200 4896 "-" "Mozilla/5.0 (compatible; MJ12bot/v1.4.8; http://mj12bot.com/)"
135.181.212.177 - - [16/May/2025:17:45:59 +0000] "GET /certificate.php/products.php/randd.php/testimonials.php/qualitycontrol.php/newproducts.php/pressreleaseandseminar.php/cat-products.php?id=95 HTTP/1.1" 200 4908 "-" "Mozilla/5.0 (compatible; MJ12bot/v1.4.8; http://mj12bot.com/)"
144.172.103.171 - - [16/May/2025:17:46:00 +0000] "POST /geju.php HTTP/1.1" 403 199 "-" "Mozlila/5.0 (Linux; Android 7.0; SM-G892A Bulid/NRD90M; wv) AppleWebKit/537.36 (KHTML, like Gecko) Version/4.0 Chrome/60.0.3112.107 Moblie Safari/537.36"
135.181.212.177 - - [16/May/2025:17:46:01 +0000] "GET /certificate.php/products.php/randd.php/testimonials.php/qualitycontrol.php/newproducts.php/pressreleaseandseminar.php/cat-products.php?id=96 HTTP/1.1" 200 4908 "-" "Mozilla/5.0 (compatible; MJ12bot/v1.4.8; http://mj12bot.com/)"
135.181.212.177 - - [16/May/2025:17:46:03 +0000] "GET /certificate.php/products.php/randd.php/testimonials.php/qualitycontrol.php/newproducts.php/pressreleaseandseminar.php/certificate-more.php?id=411 HTTP/1.1" 200 4896 "-" "Mozilla/5.0 (compatible; MJ12bot/v1.4.8; http://mj12bot.com/)"
144.172.103.171 - - [16/May/2025:17:46:04 +0000] "GET /about.php?key=EnigmaCyberSecurity HTTP/1.1" 404 4183 "-" "Mozlila/5.0 (Linux; Android 7.0; SM-G892A Bulid/NRD90M; wv) AppleWebKit/537.36 (KHTML, like Gecko) Version/4.0 Chrome/60.0.3112.107 Moblie Safari/537.36"
135.181.212.177 - - [16/May/2025:17:46:06 +0000] "GET /certificate.php/products.php/randd.php/testimonials.php/qualitycontrol.php/newproducts.php/pressreleaseandseminar.php/certificate-more.php?id=412 HTTP/1.1" 200 4896 "-" "Mozilla/5.0 (compatible; MJ12bot/v1.4.8; http://mj12bot.com/)"
135.181.212.177 - - [16/May/2025:17:46:08 +0000] "GET /certificate.php/products.php/randd.php/testimonials.php/qualitycontrol.php/newproducts.php/pressreleaseandseminar.php/certificate-more.php?id=62 HTTP/1.1" 200 4896 "-" "Mozilla/5.0 (compatible; MJ12bot/v1.4.8; http://mj12bot.com/)"
135.181.212.177 - - [16/May/2025:17:46:10 +0000] "GET /certificate.php/products.php/randd.php/testimonials.php/qualitycontrol.php/newproducts.php/products.php/cat-products.php?id=100 HTTP/1.1" 200 4939 "-" "Mozilla/5.0 (compatible; MJ12bot/v1.4.8; http://mj12bot.com/)"
135.181.212.177 - - [16/May/2025:17:46:13 +0000] "GET /certificate.php/products.php/randd.php/testimonials.php/qualitycontrol.php/newproducts.php/products.php/cat-products.php?id=101 HTTP/1.1" 200 4908 "-" "Mozilla/5.0 (compatible; MJ12bot/v1.4.8; http://mj12bot.com/)"
144.172.103.171 - - [16/May/2025:17:46:14 +0000] "POST /geju.php HTTP/1.1" 403 199 "-" "Mozlila/5.0 (Linux; Android 7.0; SM-G892A Bulid/NRD90M; wv) AppleWebKit/537.36 (KHTML, like Gecko) Version/4.0 Chrome/60.0.3112.107 Moblie Safari/537.36"
135.181.212.177 - - [16/May/2025:17:46:15 +0000] "GET /certificate.php/products.php/randd.php/testimonials.php/qualitycontrol.php/newproducts.php/products.php/cat-products.php?id=102 HTTP/1.1" 200 4903 "-" "Mozilla/5.0 (compatible; MJ12bot/v1.4.8; http://mj12bot.com/)"
135.181.212.177 - - [16/May/2025:17:46:17 +0000] "GET /certificate.php/products.php/randd.php/testimonials.php/qualitycontrol.php/newproducts.php/products.php/cat-products.php?id=103 HTTP/1.1" 200 4939 "-" "Mozilla/5.0 (compatible; MJ12bot/v1.4.8; http://mj12bot.com/)"
135.181.212.177 - - [16/May/2025:17:46:19 +0000] "GET /certificate.php/products.php/randd.php/testimonials.php/qualitycontrol.php/newproducts.php/products.php/cat-products.php?id=104 HTTP/1.1" 200 4924 "-" "Mozilla/5.0 (compatible; MJ12bot/v1.4.8; http://mj12bot.com/)"
144.172.103.171 - - [16/May/2025:17:46:20 +0000] "GET /about.php?key=EnigmaCyberSecurity HTTP/1.1" 404 4183 "-" "Mozlila/5.0 (Linux; Android 7.0; SM-G892A Bulid/NRD90M; wv) AppleWebKit/537.36 (KHTML, like Gecko) Version/4.0 Chrome/60.0.3112.107 Moblie Safari/537.36"
135.181.212.177 - - [16/May/2025:17:46:22 +0000] "GET /certificate.php/products.php/randd.php/testimonials.php/qualitycontrol.php/newproducts.php/products.php/cat-products.php?id=105 HTTP/1.1" 200 4924 "-" "Mozilla/5.0 (compatible; MJ12bot/v1.4.8; http://mj12bot.com/)"
135.181.212.177 - - [16/May/2025:17:46:24 +0000] "GET /certificate.php/products.php/randd.php/testimonials.php/qualitycontrol.php/newproducts.php/products.php/cat-products.php?id=65 HTTP/1.1" 200 4895 "-" "Mozilla/5.0 (compatible; MJ12bot/v1.4.8; http://mj12bot.com/)"
185.191.171.10 - - [16/May/2025:17:46:25 +0000] "GET /prodcertingd-more.php?id=486 HTTP/1.1" 200 4915 "-" "Mozilla/5.0 (compatible; SemrushBot/7~bl; +http://www.semrush.com/bot.html)"
144.172.103.171 - - [16/May/2025:17:46:25 +0000] "POST /wp-content/plugins/about.php HTTP/1.1" 403 199 "-" "Mozlila/5.0 (Linux; Android 7.0; SM-G892A Bulid/NRD90M; wv) AppleWebKit/537.36 (KHTML, like Gecko) Version/4.0 Chrome/60.0.3112.107 Moblie Safari/537.36"
135.181.212.177 - - [16/May/2025:17:46:26 +0000] "GET /certificate.php/products.php/randd.php/testimonials.php/qualitycontrol.php/newproducts.php/products.php/cat-products.php?id=66 HTTP/1.1" 200 4912 "-" "Mozilla/5.0 (compatible; MJ12bot/v1.4.8; http://mj12bot.com/)"
144.172.103.171 - - [16/May/2025:17:46:28 +0000] "GET /about.php?key=EnigmaCyberSecurity HTTP/1.1" 404 4183 "-" "Mozlila/5.0 (Linux; Android 7.0; SM-G892A Bulid/NRD90M; wv) AppleWebKit/537.36 (KHTML, like Gecko) Version/4.0 Chrome/60.0.3112.107 Moblie Safari/537.36"
135.181.212.177 - - [16/May/2025:17:46:28 +0000] "GET /certificate.php/products.php/randd.php/testimonials.php/qualitycontrol.php/newproducts.php/products.php/cat-products.php?id=67 HTTP/1.1" 200 4908 "-" "Mozilla/5.0 (compatible; MJ12bot/v1.4.8; http://mj12bot.com/)"
135.181.212.177 - - [16/May/2025:17:46:31 +0000] "GET /certificate.php/products.php/randd.php/testimonials.php/qualitycontrol.php/newproducts.php/products.php/cat-products.php?id=68 HTTP/1.1" 200 4896 "-" "Mozilla/5.0 (compatible; MJ12bot/v1.4.8; http://mj12bot.com/)"
144.172.103.171 - - [16/May/2025:17:46:32 +0000] "POST /wp-content/plugins/about.php HTTP/1.1" 403 199 "-" "Mozlila/5.0 (Linux; Android 7.0; SM-G892A Bulid/NRD90M; wv) AppleWebKit/537.36 (KHTML, like Gecko) Version/4.0 Chrome/60.0.3112.107 Moblie Safari/537.36"
135.181.212.177 - - [16/May/2025:17:46:33 +0000] "GET /certificate.php/products.php/randd.php/testimonials.php/qualitycontrol.php/newproducts.php/products.php/cat-products.php?id=69 HTTP/1.1" 200 4908 "-" "Mozilla/5.0 (compatible; MJ12bot/v1.4.8; http://mj12bot.com/)"
135.181.212.177 - - [16/May/2025:17:46:35 +0000] "GET /certificate.php/products.php/randd.php/testimonials.php/qualitycontrol.php/newproducts.php/products.php/cat-products.php?id=70 HTTP/1.1" 200 4896 "-" "Mozilla/5.0 (compatible; MJ12bot/v1.4.8; http://mj12bot.com/)"
135.181.212.177 - - [16/May/2025:17:46:38 +0000] "GET /certificate.php/products.php/randd.php/testimonials.php/qualitycontrol.php/newproducts.php/products.php/cat-products.php?id=71 HTTP/1.1" 200 4908 "-" "Mozilla/5.0 (compatible; MJ12bot/v1.4.8; http://mj12bot.com/)"
135.181.212.177 - - [16/May/2025:17:46:40 +0000] "GET /certificate.php/products.php/randd.php/testimonials.php/qualitycontrol.php/newproducts.php/products.php/cat-products.php?id=72 HTTP/1.1" 200 4912 "-" "Mozilla/5.0 (compatible; MJ12bot/v1.4.8; http://mj12bot.com/)"
144.172.103.171 - - [16/May/2025:17:46:40 +0000] "GET /about.php?key=EnigmaCyberSecurity HTTP/1.1" 404 4165 "-" "Mozlila/5.0 (Linux; Android 7.0; SM-G892A Bulid/NRD90M; wv) AppleWebKit/537.36 (KHTML, like Gecko) Version/4.0 Chrome/60.0.3112.107 Moblie Safari/537.36"
135.181.212.177 - - [16/May/2025:17:46:42 +0000] "GET /certificate.php/products.php/randd.php/testimonials.php/qualitycontrol.php/newproducts.php/products.php/cat-products.php?id=73 HTTP/1.1" 200 4908 "-" "Mozilla/5.0 (compatible; MJ12bot/v1.4.8; http://mj12bot.com/)"
135.181.212.177 - - [16/May/2025:17:46:44 +0000] "GET /certificate.php/products.php/randd.php/testimonials.php/qualitycontrol.php/newproducts.php/products.php/cat-products.php?id=83 HTTP/1.1" 200 4896 "-" "Mozilla/5.0 (compatible; MJ12bot/v1.4.8; http://mj12bot.com/)"
144.172.103.171 - - [16/May/2025:17:46:45 +0000] "POST /geju.php HTTP/1.1" 403 199 "-" "Mozlila/5.0 (Linux; Android 7.0; SM-G892A Bulid/NRD90M; wv) AppleWebKit/537.36 (KHTML, like Gecko) Version/4.0 Chrome/60.0.3112.107 Moblie Safari/537.36"
135.181.212.177 - - [16/May/2025:17:46:47 +0000] "GET /certificate.php/products.php/randd.php/testimonials.php/qualitycontrol.php/newproducts.php/products.php/cat-products.php?id=85 HTTP/1.1" 200 4939 "-" "Mozilla/5.0 (compatible; MJ12bot/v1.4.8; http://mj12bot.com/)"
135.181.212.177 - - [16/May/2025:17:46:49 +0000] "GET /certificate.php/products.php/randd.php/testimonials.php/qualitycontrol.php/newproducts.php/products.php/cat-products.php?id=86 HTTP/1.1" 200 4927 "-" "Mozilla/5.0 (compatible; MJ12bot/v1.4.8; http://mj12bot.com/)"
144.172.103.171 - - [16/May/2025:17:46:50 +0000] "GET /about.php?key=EnigmaCyberSecurity HTTP/1.1" 404 4165 "-" "Mozlila/5.0 (Linux; Android 7.0; SM-G892A Bulid/NRD90M; wv) AppleWebKit/537.36 (KHTML, like Gecko) Version/4.0 Chrome/60.0.3112.107 Moblie Safari/537.36"
85.208.96.197 - - [16/May/2025:17:46:50 +0000] "GET /prodcertingd-more.php?id=234 HTTP/1.1" 200 5067 "-" "Mozilla/5.0 (compatible; SemrushBot/7~bl; +http://www.semrush.com/bot.html)"
135.181.212.177 - - [16/May/2025:17:46:51 +0000] "GET /certificate.php/products.php/randd.php/testimonials.php/qualitycontrol.php/newproducts.php/products.php/cat-products.php?id=87 HTTP/1.1" 200 4896 "-" "Mozilla/5.0 (compatible; MJ12bot/v1.4.8; http://mj12bot.com/)"
135.181.212.177 - - [16/May/2025:17:46:53 +0000] "GET /certificate.php/products.php/randd.php/testimonials.php/qualitycontrol.php/newproducts.php/products.php/cat-products.php?id=88 HTTP/1.1" 200 4896 "-" "Mozilla/5.0 (compatible; MJ12bot/v1.4.8; http://mj12bot.com/)"
144.172.103.171 - - [16/May/2025:17:46:55 +0000] "POST /geju.php HTTP/1.1" 403 199 "-" "Mozlila/5.0 (Linux; Android 7.0; SM-G892A Bulid/NRD90M; wv) AppleWebKit/537.36 (KHTML, like Gecko) Version/4.0 Chrome/60.0.3112.107 Moblie Safari/537.36"
135.181.212.177 - - [16/May/2025:17:46:55 +0000] "GET /certificate.php/products.php/randd.php/testimonials.php/qualitycontrol.php/newproducts.php/products.php/cat-products.php?id=89 HTTP/1.1" 200 4924 "-" "Mozilla/5.0 (compatible; MJ12bot/v1.4.8; http://mj12bot.com/)"
135.181.212.177 - - [16/May/2025:17:46:58 +0000] "GET /certificate.php/products.php/randd.php/testimonials.php/qualitycontrol.php/newproducts.php/products.php/cat-products.php?id=90 HTTP/1.1" 200 4912 "-" "Mozilla/5.0 (compatible; MJ12bot/v1.4.8; http://mj12bot.com/)"
135.181.212.177 - - [16/May/2025:17:47:00 +0000] "GET /certificate.php/products.php/randd.php/testimonials.php/qualitycontrol.php/newproducts.php/products.php/cat-products.php?id=91 HTTP/1.1" 200 4903 "-" "Mozilla/5.0 (compatible; MJ12bot/v1.4.8; http://mj12bot.com/)"
144.172.103.171 - - [16/May/2025:17:47:00 +0000] "GET /about.php?key=EnigmaCyberSecurity HTTP/1.1" 404 4183 "-" "Mozlila/5.0 (Linux; Android 7.0; SM-G892A Bulid/NRD90M; wv) AppleWebKit/537.36 (KHTML, like Gecko) Version/4.0 Chrome/60.0.3112.107 Moblie Safari/537.36"
135.181.212.177 - - [16/May/2025:17:47:02 +0000] "GET /certificate.php/products.php/randd.php/testimonials.php/qualitycontrol.php/newproducts.php/products.php/cat-products.php?id=92 HTTP/1.1" 200 4924 "-" "Mozilla/5.0 (compatible; MJ12bot/v1.4.8; http://mj12bot.com/)"
135.181.212.177 - - [16/May/2025:17:47:05 +0000] "GET /certificate.php/products.php/randd.php/testimonials.php/qualitycontrol.php/newproducts.php/products.php/cat-products.php?id=94 HTTP/1.1" 200 4939 "-" "Mozilla/5.0 (compatible; MJ12bot/v1.4.8; http://mj12bot.com/)"
144.172.103.171 - - [16/May/2025:17:47:05 +0000] "POST /wp.php HTTP/1.1" 403 199 "-" "Mozlila/5.0 (Linux; Android 7.0; SM-G892A Bulid/NRD90M; wv) AppleWebKit/537.36 (KHTML, like Gecko) Version/4.0 Chrome/60.0.3112.107 Moblie Safari/537.36"
135.181.212.177 - - [16/May/2025:17:47:07 +0000] "GET /certificate.php/products.php/randd.php/testimonials.php/qualitycontrol.php/newproducts.php/products.php/cat-products.php?id=95 HTTP/1.1" 200 4896 "-" "Mozilla/5.0 (compatible; MJ12bot/v1.4.8; http://mj12bot.com/)"
135.181.212.177 - - [16/May/2025:17:47:09 +0000] "GET /certificate.php/products.php/randd.php/testimonials.php/qualitycontrol.php/newproducts.php/products.php/cat-products.php?id=96 HTTP/1.1" 200 4896 "-" "Mozilla/5.0 (compatible; MJ12bot/v1.4.8; http://mj12bot.com/)"
135.181.212.177 - - [16/May/2025:17:47:11 +0000] "GET /certificate.php/products.php/randd.php/testimonials.php/qualitycontrol.php/newproducts.php/products.php/cat-products.php?id=97 HTTP/1.1" 200 4908 "-" "Mozilla/5.0 (compatible; MJ12bot/v1.4.8; http://mj12bot.com/)"
135.181.212.177 - - [16/May/2025:17:47:13 +0000] "GET /certificate.php/products.php/randd.php/testimonials.php/qualitycontrol.php/newproducts.php/products.php/cat-products.php?id=98 HTTP/1.1" 200 4896 "-" "Mozilla/5.0 (compatible; MJ12bot/v1.4.8; http://mj12bot.com/)"
144.172.103.171 - - [16/May/2025:17:47:15 +0000] "GET /about.php?key=EnigmaCyberSecurity HTTP/1.1" 404 4183 "-" "Mozlila/5.0 (Linux; Android 7.0; SM-G892A Bulid/NRD90M; wv) AppleWebKit/537.36 (KHTML, like Gecko) Version/4.0 Chrome/60.0.3112.107 Moblie Safari/537.36"
135.181.212.177 - - [16/May/2025:17:47:16 +0000] "GET /certificate.php/products.php/randd.php/testimonials.php/qualitycontrol.php/newproducts.php/products.php/cat-products.php?id=99 HTTP/1.1" 200 4939 "-" "Mozilla/5.0 (compatible; MJ12bot/v1.4.8; http://mj12bot.com/)"
135.181.212.177 - - [16/May/2025:17:47:18 +0000] "GET /certificate.php/products.php/randd.php/testimonials.php/qualitycontrol.php/newproducts.php/products.php/certificate-more.php?id=411 HTTP/1.1" 200 4896 "-" "Mozilla/5.0 (compatible; MJ12bot/v1.4.8; http://mj12bot.com/)"
135.181.212.177 - - [16/May/2025:17:47:20 +0000] "GET /certificate.php/products.php/randd.php/testimonials.php/qualitycontrol.php/newproducts.php/products.php/certificate-more.php?id=412 HTTP/1.1" 200 4912 "-" "Mozilla/5.0 (compatible; MJ12bot/v1.4.8; http://mj12bot.com/)"
144.172.103.171 - - [16/May/2025:17:47:21 +0000] "POST /wp.php HTTP/1.1" 403 199 "-" "Mozlila/5.0 (Linux; Android 7.0; SM-G892A Bulid/NRD90M; wv) AppleWebKit/537.36 (KHTML, like Gecko) Version/4.0 Chrome/60.0.3112.107 Moblie Safari/537.36"
135.181.212.177 - - [16/May/2025:17:47:22 +0000] "GET /certificate.php/products.php/randd.php/testimonials.php/qualitycontrol.php/newproducts.php/products.php/certificate-more.php?id=413 HTTP/1.1" 200 4908 "-" "Mozilla/5.0 (compatible; MJ12bot/v1.4.8; http://mj12bot.com/)"
135.181.212.177 - - [16/May/2025:17:47:25 +0000] "GET /certificate.php/products.php/randd.php/testimonials.php/qualitycontrol.php/newproducts.php/products.php/certificate-more.php?id=414 HTTP/1.1" 200 4908 "-" "Mozilla/5.0 (compatible; MJ12bot/v1.4.8; http://mj12bot.com/)"
135.181.212.177 - - [16/May/2025:17:47:27 +0000] "GET /certificate.php/products.php/randd.php/testimonials.php/qualitycontrol.php/newproducts.php/products.php/certificate-more.php?id=54 HTTP/1.1" 200 4908 "-" "Mozilla/5.0 (compatible; MJ12bot/v1.4.8; http://mj12bot.com/)"
144.172.103.171 - - [16/May/2025:17:47:28 +0000] "GET /about.php?key=EnigmaCyberSecurity HTTP/1.1" 404 4183 "-" "Mozlila/5.0 (Linux; Android 7.0; SM-G892A Bulid/NRD90M; wv) AppleWebKit/537.36 (KHTML, like Gecko) Version/4.0 Chrome/60.0.3112.107 Moblie Safari/537.36"
135.181.212.177 - - [16/May/2025:17:47:30 +0000] "GET /certificate.php/products.php/randd.php/testimonials.php/qualitycontrol.php/newproducts.php/products.php/certificate-more.php?id=56 HTTP/1.1" 200 4924 "-" "Mozilla/5.0 (compatible; MJ12bot/v1.4.8; http://mj12bot.com/)"
144.172.103.171 - - [16/May/2025:17:47:32 +0000] "GET /wp.php HTTP/1.1" 404 4206 "-" "Mozlila/5.0 (Linux; Android 7.0; SM-G892A Bulid/NRD90M; wv) AppleWebKit/537.36 (KHTML, like Gecko) Version/4.0 Chrome/60.0.3112.107 Moblie Safari/537.36"
135.181.212.177 - - [16/May/2025:17:47:32 +0000] "GET /certificate.php/products.php/randd.php/testimonials.php/qualitycontrol.php/newproducts.php/products.php/certificate-more.php?id=57 HTTP/1.1" 200 4896 "-" "Mozilla/5.0 (compatible; MJ12bot/v1.4.8; http://mj12bot.com/)"
135.181.212.177 - - [16/May/2025:17:47:34 +0000] "GET /certificate.php/products.php/randd.php/testimonials.php/qualitycontrol.php/newproducts.php/products.php/certificate-more.php?id=58 HTTP/1.1" 200 4908 "-" "Mozilla/5.0 (compatible; MJ12bot/v1.4.8; http://mj12bot.com/)"
144.172.103.171 - - [16/May/2025:17:47:35 +0000] "POST /wp.php HTTP/1.1" 403 199 "-" "Mozlila/5.0 (Linux; Android 7.0; SM-G892A Bulid/NRD90M; wv) AppleWebKit/537.36 (KHTML, like Gecko) Version/4.0 Chrome/60.0.3112.107 Moblie Safari/537.36"
135.181.212.177 - - [16/May/2025:17:47:37 +0000] "GET /certificate.php/products.php/randd.php/testimonials.php/qualitycontrol.php/newproducts.php/products.php/certificate-more.php?id=59 HTTP/1.1" 200 4908 "-" "Mozilla/5.0 (compatible; MJ12bot/v1.4.8; http://mj12bot.com/)"
144.172.103.171 - - [16/May/2025:17:47:39 +0000] "GET /about.php?key=EnigmaCyberSecurity HTTP/1.1" 404 4183 "-" "Mozlila/5.0 (Linux; Android 7.0; SM-G892A Bulid/NRD90M; wv) AppleWebKit/537.36 (KHTML, like Gecko) Version/4.0 Chrome/60.0.3112.107 Moblie Safari/537.36"
135.181.212.177 - - [16/May/2025:17:47:39 +0000] "GET /certificate.php/products.php/randd.php/testimonials.php/qualitycontrol.php/newproducts.php/products.php/certificate-more.php?id=60 HTTP/1.1" 200 4912 "-" "Mozilla/5.0 (compatible; MJ12bot/v1.4.8; http://mj12bot.com/)"
195.191.219.150 - - [16/May/2025:17:47:41 +0000] "GET /robots.txt HTTP/1.1" 200 99 "-" "Mozilla/5.0 (compatible; MJ12bot/v2.0.1; http://mj12bot.com/)"
135.181.212.177 - - [16/May/2025:17:47:41 +0000] "GET /certificate.php/products.php/randd.php/testimonials.php/qualitycontrol.php/newproducts.php/products.php/certificate-more.php?id=61 HTTP/1.1" 200 4908 "-" "Mozilla/5.0 (compatible; MJ12bot/v1.4.8; http://mj12bot.com/)"
195.191.219.150 - - [16/May/2025:17:47:41 +0000] "GET /certificate.php/certificate.php/certificate.php/certificate.php/cat-products.php?id=100 HTTP/1.1" 200 4908 "-" "Mozilla/5.0 (compatible; MJ12bot/v2.0.1; http://mj12bot.com/)"
195.191.219.150 - - [16/May/2025:17:47:42 +0000] "GET /certificate.php/certificate.php/certificate.php/certificate.php/cat-products.php?id=102 HTTP/1.1" 200 4908 "-" "Mozilla/5.0 (compatible; MJ12bot/v2.0.1; http://mj12bot.com/)"
195.191.219.150 - - [16/May/2025:17:47:43 +0000] "GET /certificate.php/certificate.php/certificate.php/certificate.php/cat-products.php?id=92 HTTP/1.1" 200 4908 "-" "Mozilla/5.0 (compatible; MJ12bot/v2.0.1; http://mj12bot.com/)"
135.181.212.177 - - [16/May/2025:17:47:43 +0000] "GET /certificate.php/products.php/randd.php/testimonials.php/qualitycontrol.php/newproducts.php/products.php/certificate-more.php?id=62 HTTP/1.1" 200 4912 "-" "Mozilla/5.0 (compatible; MJ12bot/v1.4.8; http://mj12bot.com/)"
195.191.219.150 - - [16/May/2025:17:47:44 +0000] "GET /certificate.php/certificate.php/certificate.php/certificate.php/cat-products.php?id=95 HTTP/1.1" 200 4927 "-" "Mozilla/5.0 (compatible; MJ12bot/v2.0.1; http://mj12bot.com/)"
195.191.219.150 - - [16/May/2025:17:47:45 +0000] "GET /certificate.php/certificate.php/certificate.php/certificate.php/cat-products.php?id=97 HTTP/1.1" 200 4924 "-" "Mozilla/5.0 (compatible; MJ12bot/v2.0.1; http://mj12bot.com/)"
135.181.212.177 - - [16/May/2025:17:47:46 +0000] "GET /certificate.php/products.php/randd.php/testimonials.php/qualitycontrol.php/newproducts.php/products.php/certificate-more.php?id=63 HTTP/1.1" 200 4939 "-" "Mozilla/5.0 (compatible; MJ12bot/v1.4.8; http://mj12bot.com/)"
195.191.219.150 - - [16/May/2025:17:47:46 +0000] "GET /certificate.php/certificate.php/certificate.php/certificate.php/certificate.php/cat-products.php?id=65 HTTP/1.1" 200 4908 "-" "Mozilla/5.0 (compatible; MJ12bot/v2.0.1; http://mj12bot.com/)"
144.172.103.171 - - [16/May/2025:17:47:46 +0000] "POST /wp.php HTTP/1.1" 403 199 "-" "Mozlila/5.0 (Linux; Android 7.0; SM-G892A Bulid/NRD90M; wv) AppleWebKit/537.36 (KHTML, like Gecko) Version/4.0 Chrome/60.0.3112.107 Moblie Safari/537.36"
195.191.219.150 - - [16/May/2025:17:47:47 +0000] "GET /certificate.php/certificate.php/certificate.php/certificate.php/certificate.php/cat-products.php?id=67 HTTP/1.1" 200 4896 "-" "Mozilla/5.0 (compatible; MJ12bot/v2.0.1; http://mj12bot.com/)"
135.181.212.177 - - [16/May/2025:17:47:48 +0000] "GET /certificate.php/products.php/randd.php/testimonials.php/qualitycontrol.php/newproducts.php/products.php/certificate-more.php?id=64 HTTP/1.1" 200 4908 "-" "Mozilla/5.0 (compatible; MJ12bot/v1.4.8; http://mj12bot.com/)"
195.191.219.150 - - [16/May/2025:17:47:48 +0000] "GET /certificate.php/certificate.php/certificate.php/certificate.php/certificate.php/cat-products.php?id=68 HTTP/1.1" 200 4908 "-" "Mozilla/5.0 (compatible; MJ12bot/v2.0.1; http://mj12bot.com/)"
195.191.219.150 - - [16/May/2025:17:47:49 +0000] "GET /certificate.php/certificate.php/certificate.php/certificate.php/certificate.php/cat-products.php?id=69 HTTP/1.1" 200 4896 "-" "Mozilla/5.0 (compatible; MJ12bot/v2.0.1; http://mj12bot.com/)"
135.181.212.177 - - [16/May/2025:17:47:50 +0000] "GET /certificate.php/products.php/randd.php/testimonials.php/qualitycontrol.php/newproducts.php/products.php/certificate.php HTTP/1.1" 200 4924 "-" "Mozilla/5.0 (compatible; MJ12bot/v1.4.8; http://mj12bot.com/)"
195.191.219.150 - - [16/May/2025:17:47:50 +0000] "GET /certificate.php/certificate.php/certificate.php/certificate.php/certificate.php/cat-products.php?id=70 HTTP/1.1" 200 4908 "-" "Mozilla/5.0 (compatible; MJ12bot/v2.0.1; http://mj12bot.com/)"
195.191.219.150 - - [16/May/2025:17:47:51 +0000] "GET /certificate.php/certificate.php/certificate.php/certificate.php/certificate.php/cat-products.php?id=71 HTTP/1.1" 200 4908 "-" "Mozilla/5.0 (compatible; MJ12bot/v2.0.1; http://mj12bot.com/)"
195.191.219.150 - - [16/May/2025:17:47:52 +0000] "GET /certificate.php/certificate.php/certificate.php/certificate.php/certificate.php/cat-products.php?id=72 HTTP/1.1" 200 4924 "-" "Mozilla/5.0 (compatible; MJ12bot/v2.0.1; http://mj12bot.com/)"
135.181.212.177 - - [16/May/2025:17:47:52 +0000] "GET /certificate.php/products.php/randd.php/testimonials.php/qualitycontrol.php/newproducts.php/products.php/globaloverseas.php HTTP/1.1" 200 4908 "-" "Mozilla/5.0 (compatible; MJ12bot/v1.4.8; http://mj12bot.com/)"
144.172.103.171 - - [16/May/2025:17:47:52 +0000] "GET /about.php?key=EnigmaCyberSecurity HTTP/1.1" 404 4183 "-" "Mozlila/5.0 (Linux; Android 7.0; SM-G892A Bulid/NRD90M; wv) AppleWebKit/537.36 (KHTML, like Gecko) Version/4.0 Chrome/60.0.3112.107 Moblie Safari/537.36"
195.191.219.150 - - [16/May/2025:17:47:53 +0000] "GET /certificate.php/certificate.php/certificate.php/certificate.php/certificate.php/cat-products.php?id=73 HTTP/1.1" 200 4908 "-" "Mozilla/5.0 (compatible; MJ12bot/v2.0.1; http://mj12bot.com/)"
195.191.219.150 - - [16/May/2025:17:47:54 +0000] "GET /certificate.php/certificate.php/certificate.php/certificate.php/certificate.php/cat-products.php?id=74 HTTP/1.1" 200 4896 "-" "Mozilla/5.0 (compatible; MJ12bot/v2.0.1; http://mj12bot.com/)"
135.181.212.177 - - [16/May/2025:17:47:55 +0000] "GET /certificate.php/products.php/randd.php/testimonials.php/qualitycontrol.php/newproducts.php/products.php/index.php HTTP/1.1" 200 4896 "-" "Mozilla/5.0 (compatible; MJ12bot/v1.4.8; http://mj12bot.com/)"
195.191.219.150 - - [16/May/2025:17:47:55 +0000] "GET /certificate.php/certificate.php/certificate.php/certificate.php/certificate.php/products.php HTTP/1.1" 200 4896 "-" "Mozilla/5.0 (compatible; MJ12bot/v2.0.1; http://mj12bot.com/)"
195.191.219.150 - - [16/May/2025:17:47:56 +0000] "GET /certificate.php/certificate.php/certificate.php/certificate.php/globaloverseas.php/cat-products.php?id=101 HTTP/1.1" 200 4896 "-" "Mozilla/5.0 (compatible; MJ12bot/v2.0.1; http://mj12bot.com/)"
135.181.212.177 - - [16/May/2025:17:47:57 +0000] "GET /certificate.php/qualitycontrol.php/randd.php/cat-products.php?id=94 HTTP/1.1" 200 4927 "-" "Mozilla/5.0 (compatible; MJ12bot/v1.4.8; http://mj12bot.com/)"
195.191.219.150 - - [16/May/2025:17:47:57 +0000] "GET /certificate.php/certificate.php/certificate.php/certificate.php/globaloverseas.php/cat-products.php?id=90 HTTP/1.1" 200 4908 "-" "Mozilla/5.0 (compatible; MJ12bot/v2.0.1; http://mj12bot.com/)"
195.191.219.150 - - [16/May/2025:17:47:58 +0000] "GET /certificate.php/certificate.php/certificate.php/certificate.php/globaloverseas.php/cat-products.php?id=92 HTTP/1.1" 200 4896 "-" "Mozilla/5.0 (compatible; MJ12bot/v2.0.1; http://mj12bot.com/)"
144.172.103.171 - - [16/May/2025:17:47:58 +0000] "POST /wp-content/plugins/about.php HTTP/1.1" 403 199 "-" "Mozlila/5.0 (Linux; Android 7.0; SM-G892A Bulid/NRD90M; wv) AppleWebKit/537.36 (KHTML, like Gecko) Version/4.0 Chrome/60.0.3112.107 Moblie Safari/537.36"
195.191.219.150 - - [16/May/2025:17:47:59 +0000] "GET /certificate.php/certificate.php/certificate.php/certificate.php/globaloverseas.php/cat-products.php?id=94 HTTP/1.1" 200 4908 "-" "Mozilla/5.0 (compatible; MJ12bot/v2.0.1; http://mj12bot.com/)"
135.181.212.177 - - [16/May/2025:17:47:59 +0000] "GET /certificate.php/qualitycontrol.php/randd.php/cat-products.php?id=95 HTTP/1.1" 200 4924 "-" "Mozilla/5.0 (compatible; MJ12bot/v1.4.8; http://mj12bot.com/)"
195.191.219.150 - - [16/May/2025:17:48:00 +0000] "GET /certificate.php/certificate.php/certificate.php/certificate.php/globaloverseas.php/cat-products.php?id=95 HTTP/1.1" 200 4908 "-" "Mozilla/5.0 (compatible; MJ12bot/v2.0.1; http://mj12bot.com/)"
195.191.219.150 - - [16/May/2025:17:48:01 +0000] "GET /certificate.php/certificate.php/certificate.php/certificate.php/globaloverseas.php/cat-products.php?id=96 HTTP/1.1" 200 4908 "-" "Mozilla/5.0 (compatible; MJ12bot/v2.0.1; http://mj12bot.com/)"
135.181.212.177 - - [16/May/2025:17:48:01 +0000] "GET /certificate.php/qualitycontrol.php/randd.php/cat-products.php?id=96 HTTP/1.1" 200 4896 "-" "Mozilla/5.0 (compatible; MJ12bot/v1.4.8; http://mj12bot.com/)"
195.191.219.150 - - [16/May/2025:17:48:03 +0000] "GET /certificate.php/certificate.php/certificate.php/certificate.php/globaloverseas.php/cat-products.php?id=97 HTTP/1.1" 200 4908 "-" "Mozilla/5.0 (compatible; MJ12bot/v2.0.1; http://mj12bot.com/)"
144.172.103.171 - - [16/May/2025:17:48:03 +0000] "GET /about.php?key=EnigmaCyberSecurity HTTP/1.1" 404 4183 "-" "Mozlila/5.0 (Linux; Android 7.0; SM-G892A Bulid/NRD90M; wv) AppleWebKit/537.36 (KHTML, like Gecko) Version/4.0 Chrome/60.0.3112.107 Moblie Safari/537.36"
195.191.219.150 - - [16/May/2025:17:48:03 +0000] "GET /certificate.php/certificate.php/certificate.php/certificate.php/globaloverseas.php/cat-products.php?id=98 HTTP/1.1" 200 4939 "-" "Mozilla/5.0 (compatible; MJ12bot/v2.0.1; http://mj12bot.com/)"
135.181.212.177 - - [16/May/2025:17:48:03 +0000] "GET /certificate.php/qualitycontrol.php/randd.php/cat-products.php?id=97 HTTP/1.1" 200 4896 "-" "Mozilla/5.0 (compatible; MJ12bot/v1.4.8; http://mj12bot.com/)"
195.191.219.150 - - [16/May/2025:17:48:04 +0000] "GET /certificate.php/certificate.php/certificate.php/certificate.php/globaloverseas.php/cat-products.php?id=99 HTTP/1.1" 200 4908 "-" "Mozilla/5.0 (compatible; MJ12bot/v2.0.1; http://mj12bot.com/)"
195.191.219.150 - - [16/May/2025:17:48:05 +0000] "GET /certificate.php/certificate.php/certificate.php/certificate.php/globaloverseas.php/certificate-more.php?id=411 HTTP/1.1" 200 4896 "-" "Mozilla/5.0 (compatible; MJ12bot/v2.0.1; http://mj12bot.com/)"
135.181.212.177 - - [16/May/2025:17:48:06 +0000] "GET /certificate.php/qualitycontrol.php/randd.php/cat-products.php?id=98 HTTP/1.1" 200 4908 "-" "Mozilla/5.0 (compatible; MJ12bot/v1.4.8; http://mj12bot.com/)"
195.191.219.150 - - [16/May/2025:17:48:06 +0000] "GET /certificate.php/certificate.php/certificate.php/certificate.php/globaloverseas.php/certificate-more.php?id=412 HTTP/1.1" 200 4896 "-" "Mozilla/5.0 (compatible; MJ12bot/v2.0.1; http://mj12bot.com/)"
195.191.219.150 - - [16/May/2025:17:48:07 +0000] "GET /certificate.php/certificate.php/certificate.php/certificate.php/globaloverseas.php/certificate-more.php?id=413 HTTP/1.1" 200 4927 "-" "Mozilla/5.0 (compatible; MJ12bot/v2.0.1; http://mj12bot.com/)"
135.181.212.177 - - [16/May/2025:17:48:08 +0000] "GET /certificate.php/qualitycontrol.php/randd.php/cat-products.php?id=99 HTTP/1.1" 200 4908 "-" "Mozilla/5.0 (compatible; MJ12bot/v1.4.8; http://mj12bot.com/)"
195.191.219.150 - - [16/May/2025:17:48:08 +0000] "GET /certificate.php/certificate.php/certificate.php/certificate.php/globaloverseas.php/certificate-more.php?id=414 HTTP/1.1" 200 4896 "-" "Mozilla/5.0 (compatible; MJ12bot/v2.0.1; http://mj12bot.com/)"
195.191.219.150 - - [16/May/2025:17:48:09 +0000] "GET /certificate.php/certificate.php/certificate.php/certificate.php/globaloverseas.php/certificate-more.php?id=54 HTTP/1.1" 200 4896 "-" "Mozilla/5.0 (compatible; MJ12bot/v2.0.1; http://mj12bot.com/)"
144.172.103.171 - - [16/May/2025:17:48:10 +0000] "POST /wp-content/plugins/about.php HTTP/1.1" 403 199 "-" "Mozlila/5.0 (Linux; Android 7.0; SM-G892A Bulid/NRD90M; wv) AppleWebKit/537.36 (KHTML, like Gecko) Version/4.0 Chrome/60.0.3112.107 Moblie Safari/537.36"
135.181.212.177 - - [16/May/2025:17:48:10 +0000] "GET /certificate.php/qualitycontrol.php/randd.php/certificate-more.php?id=411 HTTP/1.1" 200 4924 "-" "Mozilla/5.0 (compatible; MJ12bot/v1.4.8; http://mj12bot.com/)"
195.191.219.150 - - [16/May/2025:17:48:10 +0000] "GET /certificate.php/certificate.php/certificate.php/certificate.php/globaloverseas.php/certificate-more.php?id=56 HTTP/1.1" 200 4924 "-" "Mozilla/5.0 (compatible; MJ12bot/v2.0.1; http://mj12bot.com/)"
195.191.219.150 - - [16/May/2025:17:48:11 +0000] "GET /certificate.php/certificate.php/certificate.php/certificate.php/globaloverseas.php/certificate-more.php?id=57 HTTP/1.1" 200 4896 "-" "Mozilla/5.0 (compatible; MJ12bot/v2.0.1; http://mj12bot.com/)"
135.181.212.177 - - [16/May/2025:17:48:12 +0000] "GET /certificate.php/qualitycontrol.php/randd.php/certificate-more.php?id=412 HTTP/1.1" 200 4908 "-" "Mozilla/5.0 (compatible; MJ12bot/v1.4.8; http://mj12bot.com/)"
195.191.219.150 - - [16/May/2025:17:48:12 +0000] "GET /certificate.php/certificate.php/certificate.php/certificate.php/globaloverseas.php/certificate-more.php?id=59 HTTP/1.1" 200 4908 "-" "Mozilla/5.0 (compatible; MJ12bot/v2.0.1; http://mj12bot.com/)"
195.191.219.150 - - [16/May/2025:17:48:13 +0000] "GET /certificate.php/certificate.php/certificate.php/certificate.php/globaloverseas.php/certificate-more.php?id=60 HTTP/1.1" 200 4908 "-" "Mozilla/5.0 (compatible; MJ12bot/v2.0.1; http://mj12bot.com/)"
195.191.219.150 - - [16/May/2025:17:48:14 +0000] "GET /certificate.php/certificate.php/certificate.php/certificate.php/globaloverseas.php/certificate-more.php?id=61 HTTP/1.1" 200 4908 "-" "Mozilla/5.0 (compatible; MJ12bot/v2.0.1; http://mj12bot.com/)"
135.181.212.177 - - [16/May/2025:17:48:14 +0000] "GET /certificate.php/qualitycontrol.php/randd.php/certificate-more.php?id=413 HTTP/1.1" 200 4908 "-" "Mozilla/5.0 (compatible; MJ12bot/v1.4.8; http://mj12bot.com/)"
144.172.103.171 - - [16/May/2025:17:48:14 +0000] "GET /about.php?key=EnigmaCyberSecurity HTTP/1.1" 404 4183 "-" "Mozlila/5.0 (Linux; Android 7.0; SM-G892A Bulid/NRD90M; wv) AppleWebKit/537.36 (KHTML, like Gecko) Version/4.0 Chrome/60.0.3112.107 Moblie Safari/537.36"
195.191.219.150 - - [16/May/2025:17:48:15 +0000] "GET /certificate.php/certificate.php/certificate.php/certificate.php/globaloverseas.php/certificate-more.php?id=62 HTTP/1.1" 200 4924 "-" "Mozilla/5.0 (compatible; MJ12bot/v2.0.1; http://mj12bot.com/)"
195.191.219.150 - - [16/May/2025:17:48:16 +0000] "GET /certificate.php/certificate.php/certificate.php/certificate.php/globaloverseas.php/certificate-more.php?id=63 HTTP/1.1" 200 4896 "-" "Mozilla/5.0 (compatible; MJ12bot/v2.0.1; http://mj12bot.com/)"
135.181.212.177 - - [16/May/2025:17:48:16 +0000] "GET /certificate.php/qualitycontrol.php/randd.php/certificate-more.php?id=414 HTTP/1.1" 200 4896 "-" "Mozilla/5.0 (compatible; MJ12bot/v1.4.8; http://mj12bot.com/)"
195.191.219.150 - - [16/May/2025:17:48:17 +0000] "GET /certificate.php/certificate.php/certificate.php/certificate.php/globaloverseas.php/certificate-more.php?id=64 HTTP/1.1" 200 4939 "-" "Mozilla/5.0 (compatible; MJ12bot/v2.0.1; http://mj12bot.com/)"
195.191.219.150 - - [16/May/2025:17:48:18 +0000] "GET /certificate.php/certificate.php/certificate.php/certificate.php/globaloverseas.php/certificate.php HTTP/1.1" 200 4939 "-" "Mozilla/5.0 (compatible; MJ12bot/v2.0.1; http://mj12bot.com/)"
135.181.212.177 - - [16/May/2025:17:48:19 +0000] "GET /certificate.php/qualitycontrol.php/randd.php/certificate-more.php?id=54 HTTP/1.1" 200 4924 "-" "Mozilla/5.0 (compatible; MJ12bot/v1.4.8; http://mj12bot.com/)"
195.191.219.150 - - [16/May/2025:17:48:19 +0000] "GET /certificate.php/certificate.php/certificate.php/certificate.php/globaloverseas.php/globaloverseas.php HTTP/1.1" 200 4924 "-" "Mozilla/5.0 (compatible; MJ12bot/v2.0.1; http://mj12bot.com/)"
195.191.219.150 - - [16/May/2025:17:48:20 +0000] "GET /certificate.php/certificate.php/certificate.php/certificate.php/globaloverseas.php/index.php HTTP/1.1" 200 4896 "-" "Mozilla/5.0 (compatible; MJ12bot/v2.0.1; http://mj12bot.com/)"
144.172.103.171 - - [16/May/2025:17:48:20 +0000] "POST /geju.php HTTP/1.1" 403 199 "-" "Mozlila/5.0 (Linux; Android 7.0; SM-G892A Bulid/NRD90M; wv) AppleWebKit/537.36 (KHTML, like Gecko) Version/4.0 Chrome/60.0.3112.107 Moblie Safari/537.36"
135.181.212.177 - - [16/May/2025:17:48:21 +0000] "GET /certificate.php/qualitycontrol.php/randd.php/certificate-more.php?id=56 HTTP/1.1" 200 4939 "-" "Mozilla/5.0 (compatible; MJ12bot/v1.4.8; http://mj12bot.com/)"
195.191.219.150 - - [16/May/2025:17:48:21 +0000] "GET /certificate.php/certificate.php/certificate.php/certificate.php/globaloverseas.php/ingredients.php HTTP/1.1" 200 4896 "-" "Mozilla/5.0 (compatible; MJ12bot/v2.0.1; http://mj12bot.com/)"
195.191.219.150 - - [16/May/2025:17:48:22 +0000] "GET /certificate.php/certificate.php/certificate.php/certificate.php/globaloverseas.php/newproducts.php HTTP/1.1" 200 4908 "-" "Mozilla/5.0 (compatible; MJ12bot/v2.0.1; http://mj12bot.com/)"
195.191.219.150 - - [16/May/2025:17:48:23 +0000] "GET /certificate.php/certificate.php/certificate.php/certificate.php/index.php/certificate-more.php?id=412 HTTP/1.1" 200 4924 "-" "Mozilla/5.0 (compatible; MJ12bot/v2.0.1; http://mj12bot.com/)"
135.181.212.177 - - [16/May/2025:17:48:23 +0000] "GET /certificate.php/qualitycontrol.php/randd.php/certificate-more.php?id=57 HTTP/1.1" 200 4908 "-" "Mozilla/5.0 (compatible; MJ12bot/v1.4.8; http://mj12bot.com/)"
144.172.103.171 - - [16/May/2025:17:48:24 +0000] "GET /about.php?key=EnigmaCyberSecurity HTTP/1.1" 404 4183 "-" "Mozlila/5.0 (Linux; Android 7.0; SM-G892A Bulid/NRD90M; wv) AppleWebKit/537.36 (KHTML, like Gecko) Version/4.0 Chrome/60.0.3112.107 Moblie Safari/537.36"
195.191.219.150 - - [16/May/2025:17:48:24 +0000] "GET /certificate.php/certificate.php/certificate.php/certificate.php/index.php/certificate-more.php?id=413 HTTP/1.1" 200 4896 "-" "Mozilla/5.0 (compatible; MJ12bot/v2.0.1; http://mj12bot.com/)"
195.191.219.150 - - [16/May/2025:17:48:25 +0000] "GET /certificate.php/certificate.php/certificate.php/certificate.php/index.php/certificate-more.php?id=414 HTTP/1.1" 200 4896 "-" "Mozilla/5.0 (compatible; MJ12bot/v2.0.1; http://mj12bot.com/)"
135.181.212.177 - - [16/May/2025:17:48:26 +0000] "GET /certificate.php/qualitycontrol.php/randd.php/certificate-more.php?id=58 HTTP/1.1" 200 4908 "-" "Mozilla/5.0 (compatible; MJ12bot/v1.4.8; http://mj12bot.com/)"
195.191.219.150 - - [16/May/2025:17:48:26 +0000] "GET /certificate.php/certificate.php/certificate.php/certificate.php/index.php/qualitycontrol.php HTTP/1.1" 200 4896 "-" "Mozilla/5.0 (compatible; MJ12bot/v2.0.1; http://mj12bot.com/)"
195.191.219.150 - - [16/May/2025:17:48:27 +0000] "GET /certificate.php/certificate.php/certificate.php/certificate.php/pressreleaseandseminar.php/certificate-more.php?id=64 HTTP/1.1" 200 4924 "-" "Mozilla/5.0 (compatible; MJ12bot/v2.0.1; http://mj12bot.com/)"
144.172.103.171 - - [16/May/2025:17:48:27 +0000] "POST /geju.php HTTP/1.1" 403 199 "-" "Mozlila/5.0 (Linux; Android 7.0; SM-G892A Bulid/NRD90M; wv) AppleWebKit/537.36 (KHTML, like Gecko) Version/4.0 Chrome/60.0.3112.107 Moblie Safari/537.36"
135.181.212.177 - - [16/May/2025:17:48:28 +0000] "GET /certificate.php/qualitycontrol.php/randd.php/certificate-more.php?id=59 HTTP/1.1" 200 4908 "-" "Mozilla/5.0 (compatible; MJ12bot/v1.4.8; http://mj12bot.com/)"
195.191.219.150 - - [16/May/2025:17:48:28 +0000] "GET /certificate.php/certificate.php/certificate.php/certificate.php/pressreleaseandseminar.php/certificate.php HTTP/1.1" 200 4924 "-" "Mozilla/5.0 (compatible; MJ12bot/v2.0.1; http://mj12bot.com/)"
195.191.219.150 - - [16/May/2025:17:48:29 +0000] "GET /certificate.php/certificate.php/certificate.php/certificate.php/pressreleaseandseminar.php/globaloverseas.php HTTP/1.1" 200 4939 "-" "Mozilla/5.0 (compatible; MJ12bot/v2.0.1; http://mj12bot.com/)"
195.191.219.150 - - [16/May/2025:17:48:30 +0000] "GET /certificate.php/certificate.php/certificate.php/certificate.php/pressreleaseandseminar.php/index.php HTTP/1.1" 200 4908 "-" "Mozilla/5.0 (compatible; MJ12bot/v2.0.1; http://mj12bot.com/)"
135.181.212.177 - - [16/May/2025:17:48:30 +0000] "GET /certificate.php/qualitycontrol.php/randd.php/certificate-more.php?id=60 HTTP/1.1" 200 4896 "-" "Mozilla/5.0 (compatible; MJ12bot/v1.4.8; http://mj12bot.com/)"
195.191.219.150 - - [16/May/2025:17:48:31 +0000] "GET /certificate.php/certificate.php/certificate.php/certificate.php/products.php/cat-products.php?id=104 HTTP/1.1" 200 4924 "-" "Mozilla/5.0 (compatible; MJ12bot/v2.0.1; http://mj12bot.com/)"
144.172.103.171 - - [16/May/2025:17:48:32 +0000] "GET /about.php?key=EnigmaCyberSecurity HTTP/1.1" 404 4183 "-" "Mozlila/5.0 (Linux; Android 7.0; SM-G892A Bulid/NRD90M; wv) AppleWebKit/537.36 (KHTML, like Gecko) Version/4.0 Chrome/60.0.3112.107 Moblie Safari/537.36"
195.191.219.150 - - [16/May/2025:17:48:32 +0000] "GET /certificate.php/certificate.php/certificate.php/certificate.php/products.php/cat-products.php?id=74 HTTP/1.1" 200 4927 "-" "Mozilla/5.0 (compatible; MJ12bot/v2.0.1; http://mj12bot.com/)"
135.181.212.177 - - [16/May/2025:17:48:32 +0000] "GET /certificate.php/qualitycontrol.php/randd.php/certificate-more.php?id=61 HTTP/1.1" 200 4896 "-" "Mozilla/5.0 (compatible; MJ12bot/v1.4.8; http://mj12bot.com/)"
195.191.219.150 - - [16/May/2025:17:48:33 +0000] "GET /certificate.php/certificate.php/certificate.php/certificate.php/products.php/cat-products.php?id=76 HTTP/1.1" 200 4924 "-" "Mozilla/5.0 (compatible; MJ12bot/v2.0.1; http://mj12bot.com/)"
195.191.219.150 - - [16/May/2025:17:48:34 +0000] "GET /certificate.php/certificate.php/certificate.php/certificate.php/products.php/cat-products.php?id=77 HTTP/1.1" 200 4896 "-" "Mozilla/5.0 (compatible; MJ12bot/v2.0.1; http://mj12bot.com/)"
135.181.212.177 - - [16/May/2025:17:48:35 +0000] "GET /certificate.php/qualitycontrol.php/randd.php/certificate-more.php?id=62 HTTP/1.1" 200 4908 "-" "Mozilla/5.0 (compatible; MJ12bot/v1.4.8; http://mj12bot.com/)"
195.191.219.150 - - [16/May/2025:17:48:35 +0000] "GET /certificate.php/certificate.php/certificate.php/certificate.php/products.php/cat-products.php?id=78 HTTP/1.1" 200 4908 "-" "Mozilla/5.0 (compatible; MJ12bot/v2.0.1; http://mj12bot.com/)"
4.151.241.253 - - [16/May/2025:17:48:35 +0000] "GET /prodcertingd-more.php?id=118 HTTP/1.1" 200 5102 "-" "Mozilla/5.0 AppleWebKit/537.36 (KHTML, like Gecko); compatible; ChatGPT-User/1.0; +https://openai.com/bot"
195.191.219.150 - - [16/May/2025:17:48:36 +0000] "GET /certificate.php/certificate.php/certificate.php/certificate.php/products.php/cat-products.php?id=79 HTTP/1.1" 200 4908 "-" "Mozilla/5.0 (compatible; MJ12bot/v2.0.1; http://mj12bot.com/)"
135.181.212.177 - - [16/May/2025:17:48:37 +0000] "GET /certificate.php/qualitycontrol.php/randd.php/certificate-more.php?id=63 HTTP/1.1" 200 4939 "-" "Mozilla/5.0 (compatible; MJ12bot/v1.4.8; http://mj12bot.com/)"
