170.106.15.3 - - [16/May/2025:13:03:08 +0000] "GET /prodcertingd-more.php?id=352 HTTP/1.1" 200 5081 "-" "Mozilla/5.0 (iPhone; CPU iPhone OS 13_2_3 like Mac OS X) AppleWebKit/605.1.15 (KHTML, like Gecko) Version/13.0.3 Mobile/15E148 Safari/604.1"
54.38.85.36 - - [16/May/2025:13:03:08 +0000] "GET /ingredients.php/certificate.php/testimonials.php/cat-products.php?id=85 HTTP/1.1" 200 7018 "-" "Mozilla/5.0 (compatible; MJ12bot/v1.4.8; http://mj12bot.com/)"
195.191.219.150 - - [16/May/2025:13:03:10 +0000] "GET /ingredients.php/newproducts.php/ingredients.php/index.php/cat-products.php?id=91 HTTP/1.1" 200 7041 "-" "Mozilla/5.0 (compatible; MJ12bot/v2.0.1; http://mj12bot.com/)"
195.191.219.150 - - [16/May/2025:13:03:10 +0000] "GET /ingredients.php/newproducts.php/ingredients.php/index.php/cat-products.php?id=92 HTTP/1.1" 200 7018 "-" "Mozilla/5.0 (compatible; MJ12bot/v2.0.1; http://mj12bot.com/)"
54.38.85.36 - - [16/May/2025:13:03:10 +0000] "GET /ingredients.php/certificate.php/testimonials.php/cat-products.php?id=86 HTTP/1.1" 200 7020 "-" "Mozilla/5.0 (compatible; MJ12bot/v1.4.8; http://mj12bot.com/)"
195.191.219.150 - - [16/May/2025:13:03:11 +0000] "GET /ingredients.php/newproducts.php/ingredients.php/index.php/randd.php HTTP/1.1" 200 7044 "-" "Mozilla/5.0 (compatible; MJ12bot/v2.0.1; http://mj12bot.com/)"
54.38.85.36 - - [16/May/2025:13:03:12 +0000] "GET /ingredients.php/certificate.php/testimonials.php/cat-products.php?id=87 HTTP/1.1" 200 7020 "-" "Mozilla/5.0 (compatible; MJ12bot/v1.4.8; http://mj12bot.com/)"
195.191.219.150 - - [16/May/2025:13:03:12 +0000] "GET /ingredients.php/newproducts.php/ingredients.php/index.php/testimonials.php HTTP/1.1" 200 7018 "-" "Mozilla/5.0 (compatible; MJ12bot/v2.0.1; http://mj12bot.com/)"
195.191.219.150 - - [16/May/2025:13:03:13 +0000] "GET /ingredients.php/newproducts.php/newproducts.php/cat-products.php?id=100// HTTP/1.1" 200 7045 "-" "Mozilla/5.0 (compatible; MJ12bot/v2.0.1; http://mj12bot.com/)"
54.38.85.36 - - [16/May/2025:13:03:13 +0000] "GET /ingredients.php/certificate.php/testimonials.php/cat-products.php?id=88 HTTP/1.1" 200 7041 "-" "Mozilla/5.0 (compatible; MJ12bot/v1.4.8; http://mj12bot.com/)"
195.191.219.150 - - [16/May/2025:13:03:14 +0000] "GET /ingredients.php/newproducts.php/newproducts.php/cat-products.php?id=101// HTTP/1.1" 200 7041 "-" "Mozilla/5.0 (compatible; MJ12bot/v2.0.1; http://mj12bot.com/)"
195.191.219.150 - - [16/May/2025:13:03:15 +0000] "GET /ingredients.php/newproducts.php/newproducts.php/cat-products.php?id=102// HTTP/1.1" 200 7020 "-" "Mozilla/5.0 (compatible; MJ12bot/v2.0.1; http://mj12bot.com/)"
54.38.85.36 - - [16/May/2025:13:03:15 +0000] "GET /ingredients.php/certificate.php/testimonials.php/cat-products.php?id=89 HTTP/1.1" 200 7018 "-" "Mozilla/5.0 (compatible; MJ12bot/v1.4.8; http://mj12bot.com/)"
195.191.219.150 - - [16/May/2025:13:03:16 +0000] "GET /ingredients.php/newproducts.php/newproducts.php/cat-products.php?id=103// HTTP/1.1" 200 7041 "-" "Mozilla/5.0 (compatible; MJ12bot/v2.0.1; http://mj12bot.com/)"
54.38.85.36 - - [16/May/2025:13:03:17 +0000] "GET /ingredients.php/certificate.php/testimonials.php/cat-products.php?id=90 HTTP/1.1" 200 7018 "-" "Mozilla/5.0 (compatible; MJ12bot/v1.4.8; http://mj12bot.com/)"
195.191.219.150 - - [16/May/2025:13:03:17 +0000] "GET /ingredients.php/newproducts.php/newproducts.php/cat-products.php?id=65// HTTP/1.1" 200 7020 "-" "Mozilla/5.0 (compatible; MJ12bot/v2.0.1; http://mj12bot.com/)"
195.191.219.150 - - [16/May/2025:13:03:18 +0000] "GET /ingredients.php/newproducts.php/newproducts.php/certificate.php/cat-products.php?id=65 HTTP/1.1" 200 7041 "-" "Mozilla/5.0 (compatible; MJ12bot/v2.0.1; http://mj12bot.com/)"
54.38.85.36 - - [16/May/2025:13:03:18 +0000] "GET /ingredients.php/certificate.php/testimonials.php/cat-products.php?id=91 HTTP/1.1" 200 7018 "-" "Mozilla/5.0 (compatible; MJ12bot/v1.4.8; http://mj12bot.com/)"
195.191.219.150 - - [16/May/2025:13:03:19 +0000] "GET /ingredients.php/newproducts.php/newproducts.php/certificate.php/cat-products.php?id=66 HTTP/1.1" 200 7041 "-" "Mozilla/5.0 (compatible; MJ12bot/v2.0.1; http://mj12bot.com/)"
54.38.85.36 - - [16/May/2025:13:03:20 +0000] "GET /ingredients.php/certificate.php/testimonials.php/cat-products.php?id=92 HTTP/1.1" 200 7041 "-" "Mozilla/5.0 (compatible; MJ12bot/v1.4.8; http://mj12bot.com/)"
195.191.219.150 - - [16/May/2025:13:03:20 +0000] "GET /ingredients.php/newproducts.php/newproducts.php/certificate.php/cat-products.php?id=67 HTTP/1.1" 200 7018 "-" "Mozilla/5.0 (compatible; MJ12bot/v2.0.1; http://mj12bot.com/)"
195.191.219.150 - - [16/May/2025:13:03:21 +0000] "GET /ingredients.php/newproducts.php/newproducts.php/certificate.php/cat-products.php?id=68 HTTP/1.1" 200 7018 "-" "Mozilla/5.0 (compatible; MJ12bot/v2.0.1; http://mj12bot.com/)"
54.38.85.36 - - [16/May/2025:13:03:22 +0000] "GET /ingredients.php/certificate.php/testimonials.php/cat-products.php?id=93 HTTP/1.1" 200 7018 "-" "Mozilla/5.0 (compatible; MJ12bot/v1.4.8; http://mj12bot.com/)"
195.191.219.150 - - [16/May/2025:13:03:22 +0000] "GET /ingredients.php/newproducts.php/newproducts.php/certificate.php/cat-products.php?id=69 HTTP/1.1" 200 7018 "-" "Mozilla/5.0 (compatible; MJ12bot/v2.0.1; http://mj12bot.com/)"
195.191.219.150 - - [16/May/2025:13:03:23 +0000] "GET /ingredients.php/newproducts.php/newproducts.php/qualitycontrol.php/cat-products.php?id=103 HTTP/1.1" 200 7018 "-" "Mozilla/5.0 (compatible; MJ12bot/v2.0.1; http://mj12bot.com/)"
54.38.85.36 - - [16/May/2025:13:03:24 +0000] "GET /ingredients.php/certificate.php/testimonials.php/cat-products.php?id=94 HTTP/1.1" 200 7041 "-" "Mozilla/5.0 (compatible; MJ12bot/v1.4.8; http://mj12bot.com/)"
195.191.219.150 - - [16/May/2025:13:03:24 +0000] "GET /ingredients.php/newproducts.php/newproducts.php/qualitycontrol.php/cat-products.php?id=104 HTTP/1.1" 200 7041 "-" "Mozilla/5.0 (compatible; MJ12bot/v2.0.1; http://mj12bot.com/)"
195.191.219.150 - - [16/May/2025:13:03:25 +0000] "GET /ingredients.php/newproducts.php/newproducts.php/qualitycontrol.php/ingredients.php?page=1 HTTP/1.1" 200 7020 "-" "Mozilla/5.0 (compatible; MJ12bot/v2.0.1; http://mj12bot.com/)"
54.38.85.36 - - [16/May/2025:13:03:25 +0000] "GET /ingredients.php/certificate.php/testimonials.php/cat-products.php?id=95 HTTP/1.1" 200 7020 "-" "Mozilla/5.0 (compatible; MJ12bot/v1.4.8; http://mj12bot.com/)"
195.191.219.150 - - [16/May/2025:13:03:26 +0000] "GET /ingredients.php/newproducts.php/newproducts.php/qualitycontrol.php/newproducts.php HTTP/1.1" 200 7041 "-" "Mozilla/5.0 (compatible; MJ12bot/v2.0.1; http://mj12bot.com/)"
195.191.219.150 - - [16/May/2025:13:03:27 +0000] "GET /ingredients.php/newproducts.php/newproducts.php/qualitycontrol.php/pressreleaseandseminar.php HTTP/1.1" 200 7020 "-" "Mozilla/5.0 (compatible; MJ12bot/v2.0.1; http://mj12bot.com/)"
54.38.85.36 - - [16/May/2025:13:03:27 +0000] "GET /ingredients.php/certificate.php/testimonials.php/cat-products.php?id=97 HTTP/1.1" 200 7041 "-" "Mozilla/5.0 (compatible; MJ12bot/v1.4.8; http://mj12bot.com/)"
195.191.219.150 - - [16/May/2025:13:03:28 +0000] "GET /ingredients.php/newproducts.php/newproducts.php/qualitycontrol.php/products.php HTTP/1.1" 200 7018 "-" "Mozilla/5.0 (compatible; MJ12bot/v2.0.1; http://mj12bot.com/)"
54.38.85.36 - - [16/May/2025:13:03:29 +0000] "GET /ingredients.php/certificate.php/testimonials.php/cat-products.php?id=98 HTTP/1.1" 200 7041 "-" "Mozilla/5.0 (compatible; MJ12bot/v1.4.8; http://mj12bot.com/)"
195.191.219.150 - - [16/May/2025:13:03:29 +0000] "GET /ingredients.php/newproducts.php/newproducts.php/qualitycontrol.php/qualitycontrol.php HTTP/1.1" 200 7041 "-" "Mozilla/5.0 (compatible; MJ12bot/v2.0.1; http://mj12bot.com/)"
195.191.219.150 - - [16/May/2025:13:03:30 +0000] "GET /ingredients.php/newproducts.php/newproducts.php/qualitycontrol.php/randd.php HTTP/1.1" 200 7041 "-" "Mozilla/5.0 (compatible; MJ12bot/v2.0.1; http://mj12bot.com/)"
54.38.85.36 - - [16/May/2025:13:03:30 +0000] "GET /ingredients.php/certificate.php/testimonials.php/cat-products.php?id=99 HTTP/1.1" 200 7018 "-" "Mozilla/5.0 (compatible; MJ12bot/v1.4.8; http://mj12bot.com/)"
195.191.219.150 - - [16/May/2025:13:03:31 +0000] "GET /ingredients.php/newproducts.php/newproducts.php/qualitycontrol.php/testimonials.php HTTP/1.1" 200 7041 "-" "Mozilla/5.0 (compatible; MJ12bot/v2.0.1; http://mj12bot.com/)"
195.191.219.150 - - [16/May/2025:13:03:32 +0000] "GET /ingredients.php/newproducts.php/newproducts.php/randd.php/cat-products.php?id=95 HTTP/1.1" 200 7041 "-" "Mozilla/5.0 (compatible; MJ12bot/v2.0.1; http://mj12bot.com/)"
54.38.85.36 - - [16/May/2025:13:03:32 +0000] "GET /ingredients.php/certificate.php/testimonials.php/certificate.php HTTP/1.1" 200 7041 "-" "Mozilla/5.0 (compatible; MJ12bot/v1.4.8; http://mj12bot.com/)"
195.191.219.150 - - [16/May/2025:13:03:33 +0000] "GET /ingredients.php/newproducts.php/newproducts.php/randd.php/cat-products.php?id=98 HTTP/1.1" 200 7041 "-" "Mozilla/5.0 (compatible; MJ12bot/v2.0.1; http://mj12bot.com/)"
54.38.85.36 - - [16/May/2025:13:03:34 +0000] "GET /ingredients.php/newproducts.php/globaloverseas.php/pressreleaseandseminar.php/cat-products.php?id=79 HTTP/1.1" 200 7018 "-" "Mozilla/5.0 (compatible; MJ12bot/v1.4.8; http://mj12bot.com/)"
195.191.219.150 - - [16/May/2025:13:03:34 +0000] "GET /ingredients.php/newproducts.php/newproducts.php/randd.php/cat-products.php?id=99 HTTP/1.1" 200 7018 "-" "Mozilla/5.0 (compatible; MJ12bot/v2.0.1; http://mj12bot.com/)"
195.191.219.150 - - [16/May/2025:13:03:35 +0000] "GET /ingredients.php/newproducts.php/newproducts.php/randd.php/certificate.php HTTP/1.1" 200 7018 "-" "Mozilla/5.0 (compatible; MJ12bot/v2.0.1; http://mj12bot.com/)"
54.36.148.157 - - [16/May/2025:13:03:35 +0000] "GET /prodcertingd-more.php?id=559 HTTP/1.1" 200 4820 "-" "Mozilla/5.0 (compatible; AhrefsBot/7.0; +http://ahrefs.com/robot/)"
54.38.85.36 - - [16/May/2025:13:03:36 +0000] "GET /ingredients.php/newproducts.php/globaloverseas.php/randd.php/qualitycontrol.php/cat-products.php?id=89 HTTP/1.1" 200 7018 "-" "Mozilla/5.0 (compatible; MJ12bot/v1.4.8; http://mj12bot.com/)"
195.191.219.150 - - [16/May/2025:13:03:36 +0000] "GET /ingredients.php/newproducts.php/newproducts.php/randd.php/globaloverseas.php HTTP/1.1" 200 7041 "-" "Mozilla/5.0 (compatible; MJ12bot/v2.0.1; http://mj12bot.com/)"
195.191.219.150 - - [16/May/2025:13:03:37 +0000] "GET /ingredients.php/newproducts.php/newproducts.php/randd.php/index.php HTTP/1.1" 200 7041 "-" "Mozilla/5.0 (compatible; MJ12bot/v2.0.1; http://mj12bot.com/)"
54.38.85.36 - - [16/May/2025:13:03:37 +0000] "GET /ingredients.php/newproducts.php/globaloverseas.php/randd.php/qualitycontrol.php/cat-products.php?id=91 HTTP/1.1" 200 7018 "-" "Mozilla/5.0 (compatible; MJ12bot/v1.4.8; http://mj12bot.com/)"
195.191.219.150 - - [16/May/2025:13:03:38 +0000] "GET /ingredients.php/newproducts.php/newproducts.php/randd.php/ingredients.php HTTP/1.1" 200 7018 "-" "Mozilla/5.0 (compatible; MJ12bot/v2.0.1; http://mj12bot.com/)"
195.191.219.150 - - [16/May/2025:13:03:39 +0000] "GET /ingredients.php/newproducts.php/newproducts.php/randd.php/ingredients.php?page=2 HTTP/1.1" 200 6829 "-" "Mozilla/5.0 (compatible; MJ12bot/v2.0.1; http://mj12bot.com/)"
54.38.85.36 - - [16/May/2025:13:03:39 +0000] "GET /ingredients.php/newproducts.php/globaloverseas.php/randd.php/qualitycontrol.php/cat-products.php?id=93 HTTP/1.1" 200 7018 "-" "Mozilla/5.0 (compatible; MJ12bot/v1.4.8; http://mj12bot.com/)"
195.191.219.150 - - [16/May/2025:13:03:40 +0000] "GET /ingredients.php/newproducts.php/newproducts.php/randd.php/newproducts.php HTTP/1.1" 200 7020 "-" "Mozilla/5.0 (compatible; MJ12bot/v2.0.1; http://mj12bot.com/)"
54.38.85.36 - - [16/May/2025:13:03:41 +0000] "GET /ingredients.php/newproducts.php/globaloverseas.php/randd.php/qualitycontrol.php/cat-products.php?id=96 HTTP/1.1" 200 7018 "-" "Mozilla/5.0 (compatible; MJ12bot/v1.4.8; http://mj12bot.com/)"
195.191.219.150 - - [16/May/2025:13:03:41 +0000] "GET /ingredients.php/newproducts.php/newproducts.php/randd.php/pressreleaseandseminar.php HTTP/1.1" 200 7041 "-" "Mozilla/5.0 (compatible; MJ12bot/v2.0.1; http://mj12bot.com/)"
195.191.219.150 - - [16/May/2025:13:03:42 +0000] "GET /ingredients.php/newproducts.php/newproducts.php/randd.php/products.php HTTP/1.1" 200 7041 "-" "Mozilla/5.0 (compatible; MJ12bot/v2.0.1; http://mj12bot.com/)"
54.38.85.36 - - [16/May/2025:13:03:42 +0000] "GET /ingredients.php/newproducts.php/globaloverseas.php/randd.php/qualitycontrol.php/cat-products.php?id=97 HTTP/1.1" 200 7041 "-" "Mozilla/5.0 (compatible; MJ12bot/v1.4.8; http://mj12bot.com/)"
195.191.219.150 - - [16/May/2025:13:03:43 +0000] "GET /ingredients.php/newproducts.php/newproducts.php/randd.php/qualitycontrol.php HTTP/1.1" 200 7018 "-" "Mozilla/5.0 (compatible; MJ12bot/v2.0.1; http://mj12bot.com/)"
195.191.219.150 - - [16/May/2025:13:03:44 +0000] "GET /ingredients.php/newproducts.php/newproducts.php/randd.php/randd.php HTTP/1.1" 200 7032 "-" "Mozilla/5.0 (compatible; MJ12bot/v2.0.1; http://mj12bot.com/)"
54.38.85.36 - - [16/May/2025:13:03:44 +0000] "GET /ingredients.php/newproducts.php/globaloverseas.php/randd.php/qualitycontrol.php/cat-products.php?id=99 HTTP/1.1" 200 7020 "-" "Mozilla/5.0 (compatible; MJ12bot/v1.4.8; http://mj12bot.com/)"
195.191.219.150 - - [16/May/2025:13:03:45 +0000] "GET /ingredients.php/newproducts.php/newproducts.php/randd.php/testimonials.php HTTP/1.1" 200 7018 "-" "Mozilla/5.0 (compatible; MJ12bot/v2.0.1; http://mj12bot.com/)"
54.38.85.36 - - [16/May/2025:13:03:46 +0000] "GET /ingredients.php/newproducts.php/globaloverseas.php/randd.php/qualitycontrol.php/ingredients.php?page=1 HTTP/1.1" 200 7018 "-" "Mozilla/5.0 (compatible; MJ12bot/v1.4.8; http://mj12bot.com/)"
195.191.219.150 - - [16/May/2025:13:03:46 +0000] "GET /ingredients.php/newproducts.php/pressreleaseandseminar.php/newproducts.php/products.php HTTP/1.1" 200 7041 "-" "Mozilla/5.0 (compatible; MJ12bot/v2.0.1; http://mj12bot.com/)"
195.191.219.150 - - [16/May/2025:13:03:47 +0000] "GET /ingredients.php/newproducts.php/pressreleaseandseminar.php/newproducts.php/qualitycontrol.php HTTP/1.1" 200 7041 "-" "Mozilla/5.0 (compatible; MJ12bot/v2.0.1; http://mj12bot.com/)"
54.38.85.36 - - [16/May/2025:13:03:48 +0000] "GET /ingredients.php/newproducts.php/globaloverseas.php/randd.php/testimonials.php/cat-products.php?id=70 HTTP/1.1" 200 7041 "-" "Mozilla/5.0 (compatible; MJ12bot/v1.4.8; http://mj12bot.com/)"
195.191.219.150 - - [16/May/2025:13:03:48 +0000] "GET /ingredients.php/newproducts.php/pressreleaseandseminar.php/newproducts.php/randd.php HTTP/1.1" 200 7041 "-" "Mozilla/5.0 (compatible; MJ12bot/v2.0.1; http://mj12bot.com/)"
195.191.219.150 - - [16/May/2025:13:03:49 +0000] "GET /ingredients.php/newproducts.php/pressreleaseandseminar.php/pressreleaseandseminar.php/cat-products.php?id=71 HTTP/1.1" 200 7018 "-" "Mozilla/5.0 (compatible; MJ12bot/v2.0.1; http://mj12bot.com/)"
54.38.85.36 - - [16/May/2025:13:03:49 +0000] "GET /ingredients.php/newproducts.php/globaloverseas.php/testimonials.php/cat-products.php?id=88/ HTTP/1.1" 200 7020 "-" "Mozilla/5.0 (compatible; MJ12bot/v1.4.8; http://mj12bot.com/)"
195.191.219.150 - - [16/May/2025:13:03:50 +0000] "GET /ingredients.php/newproducts.php/pressreleaseandseminar.php/pressreleaseandseminar.php/cat-products.php?id=93 HTTP/1.1" 200 7018 "-" "Mozilla/5.0 (compatible; MJ12bot/v2.0.1; http://mj12bot.com/)"
43.159.145.153 - - [16/May/2025:13:03:50 +0000] "GET / HTTP/1.1" 200 4165 "-" "Mozilla/5.0 (iPhone; CPU iPhone OS 13_2_3 like Mac OS X) AppleWebKit/605.1.15 (KHTML, like Gecko) Version/13.0.3 Mobile/15E148 Safari/604.1"
195.191.219.150 - - [16/May/2025:13:03:51 +0000] "GET /ingredients.php/newproducts.php/pressreleaseandseminar.php/pressreleaseandseminar.php/cat-products.php?id=94 HTTP/1.1" 200 7041 "-" "Mozilla/5.0 (compatible; MJ12bot/v2.0.1; http://mj12bot.com/)"
54.38.85.36 - - [16/May/2025:13:03:51 +0000] "GET /ingredients.php/newproducts.php/globaloverseas.php/testimonials.php/cat-products.php?id=89/ HTTP/1.1" 200 7041 "-" "Mozilla/5.0 (compatible; MJ12bot/v1.4.8; http://mj12bot.com/)"
195.191.219.150 - - [16/May/2025:13:03:52 +0000] "GET /ingredients.php/newproducts.php/pressreleaseandseminar.php/pressreleaseandseminar.php/cat-products.php?id=95 HTTP/1.1" 200 7018 "-" "Mozilla/5.0 (compatible; MJ12bot/v2.0.1; http://mj12bot.com/)"
54.38.85.36 - - [16/May/2025:13:03:53 +0000] "GET /ingredients.php/newproducts.php/ingredients.php/globaloverseas.php/cat-products.php?id=88 HTTP/1.1" 200 7041 "-" "Mozilla/5.0 (compatible; MJ12bot/v1.4.8; http://mj12bot.com/)"
195.191.219.150 - - [16/May/2025:13:03:53 +0000] "GET /ingredients.php/newproducts.php/pressreleaseandseminar.php/pressreleaseandseminar.php/cat-products.php?id=96 HTTP/1.1" 200 7041 "-" "Mozilla/5.0 (compatible; MJ12bot/v2.0.1; http://mj12bot.com/)"
195.191.219.150 - - [16/May/2025:13:03:54 +0000] "GET /ingredients.php/newproducts.php/pressreleaseandseminar.php/pressreleaseandseminar.php/cat-products.php?id=97 HTTP/1.1" 200 7041 "-" "Mozilla/5.0 (compatible; MJ12bot/v2.0.1; http://mj12bot.com/)"
54.38.85.36 - - [16/May/2025:13:03:55 +0000] "GET /ingredients.php/newproducts.php/ingredients.php/index.php/cat-products.php?id=77 HTTP/1.1" 200 7018 "-" "Mozilla/5.0 (compatible; MJ12bot/v1.4.8; http://mj12bot.com/)"
195.191.219.150 - - [16/May/2025:13:03:55 +0000] "GET /ingredients.php/newproducts.php/pressreleaseandseminar.php/pressreleaseandseminar.php/cat-products.php?id=98 HTTP/1.1" 200 7041 "-" "Mozilla/5.0 (compatible; MJ12bot/v2.0.1; http://mj12bot.com/)"
195.191.219.150 - - [16/May/2025:13:03:56 +0000] "GET /ingredients.php/newproducts.php/pressreleaseandseminar.php/pressreleaseandseminar.php/cat-products.php?id=99 HTTP/1.1" 200 7018 "-" "Mozilla/5.0 (compatible; MJ12bot/v2.0.1; http://mj12bot.com/)"
54.38.85.36 - - [16/May/2025:13:03:56 +0000] "GET /ingredients.php/newproducts.php/ingredients.php/index.php/cat-products.php?id=78 HTTP/1.1" 200 7018 "-" "Mozilla/5.0 (compatible; MJ12bot/v1.4.8; http://mj12bot.com/)"
195.191.219.150 - - [16/May/2025:13:03:57 +0000] "GET /ingredients.php/newproducts.php/pressreleaseandseminar.php/pressreleaseandseminar.php/certificate.php HTTP/1.1" 200 7018 "-" "Mozilla/5.0 (compatible; MJ12bot/v2.0.1; http://mj12bot.com/)"
195.191.219.150 - - [16/May/2025:13:03:58 +0000] "GET /ingredients.php/newproducts.php/pressreleaseandseminar.php/pressreleaseandseminar.php/globaloverseas.php HTTP/1.1" 200 7018 "-" "Mozilla/5.0 (compatible; MJ12bot/v2.0.1; http://mj12bot.com/)"
54.38.85.36 - - [16/May/2025:13:03:58 +0000] "GET /ingredients.php/newproducts.php/ingredients.php/index.php/cat-products.php?id=79 HTTP/1.1" 200 7041 "-" "Mozilla/5.0 (compatible; MJ12bot/v1.4.8; http://mj12bot.com/)"
195.191.219.150 - - [16/May/2025:13:03:59 +0000] "GET /ingredients.php/newproducts.php/pressreleaseandseminar.php/testimonials.php/cat-products.php?id=94 HTTP/1.1" 200 7020 "-" "Mozilla/5.0 (compatible; MJ12bot/v2.0.1; http://mj12bot.com/)"
54.38.85.36 - - [16/May/2025:13:04:00 +0000] "GET /ingredients.php/newproducts.php/ingredients.php/index.php/cat-products.php?id=80 HTTP/1.1" 200 7018 "-" "Mozilla/5.0 (compatible; MJ12bot/v1.4.8; http://mj12bot.com/)"
195.191.219.150 - - [16/May/2025:13:04:00 +0000] "GET /ingredients.php/newproducts.php/pressreleaseandseminar.php/testimonials.php/cat-products.php?id=95 HTTP/1.1" 200 7018 "-" "Mozilla/5.0 (compatible; MJ12bot/v2.0.1; http://mj12bot.com/)"
195.191.219.150 - - [16/May/2025:13:04:01 +0000] "GET /ingredients.php/newproducts.php/pressreleaseandseminar.php/testimonials.php/cat-products.php?id=96 HTTP/1.1" 200 7041 "-" "Mozilla/5.0 (compatible; MJ12bot/v2.0.1; http://mj12bot.com/)"
54.38.85.36 - - [16/May/2025:13:04:01 +0000] "GET /ingredients.php/newproducts.php/ingredients.php/index.php/cat-products.php?id=81 HTTP/1.1" 200 7041 "-" "Mozilla/5.0 (compatible; MJ12bot/v1.4.8; http://mj12bot.com/)"
195.191.219.150 - - [16/May/2025:13:04:02 +0000] "GET /ingredients.php/newproducts.php/pressreleaseandseminar.php/testimonials.php/cat-products.php?id=97 HTTP/1.1" 200 7018 "-" "Mozilla/5.0 (compatible; MJ12bot/v2.0.1; http://mj12bot.com/)"
54.38.85.36 - - [16/May/2025:13:04:03 +0000] "GET /ingredients.php/newproducts.php/ingredients.php/index.php/cat-products.php?id=82 HTTP/1.1" 200 7032 "-" "Mozilla/5.0 (compatible; MJ12bot/v1.4.8; http://mj12bot.com/)"
195.191.219.150 - - [16/May/2025:13:04:03 +0000] "GET /ingredients.php/newproducts.php/pressreleaseandseminar.php/testimonials.php/ingredients.php HTTP/1.1" 200 7041 "-" "Mozilla/5.0 (compatible; MJ12bot/v2.0.1; http://mj12bot.com/)"
195.191.219.150 - - [16/May/2025:13:04:04 +0000] "GET /ingredients.php/newproducts.php/pressreleaseandseminar.php/testimonials.php/ingredients.php?page=2 HTTP/1.1" 200 6829 "-" "Mozilla/5.0 (compatible; MJ12bot/v2.0.1; http://mj12bot.com/)"
54.38.85.36 - - [16/May/2025:13:04:05 +0000] "GET /ingredients.php/newproducts.php/ingredients.php/index.php/cat-products.php?id=90 HTTP/1.1" 200 7041 "-" "Mozilla/5.0 (compatible; MJ12bot/v1.4.8; http://mj12bot.com/)"
195.191.219.150 - - [16/May/2025:13:04:05 +0000] "GET /ingredients.php/newproducts.php/pressreleaseandseminar.php/testimonials.php/newproducts.php HTTP/1.1" 200 7018 "-" "Mozilla/5.0 (compatible; MJ12bot/v2.0.1; http://mj12bot.com/)"
195.191.219.150 - - [16/May/2025:13:04:06 +0000] "GET /ingredients.php/newproducts.php/pressreleaseandseminar.php/testimonials.php/pressreleaseandseminar.php HTTP/1.1" 200 7041 "-" "Mozilla/5.0 (compatible; MJ12bot/v2.0.1; http://mj12bot.com/)"
195.191.219.150 - - [16/May/2025:13:04:07 +0000] "GET /ingredients.php/newproducts.php/pressreleaseandseminar.php/testimonials.php/products.php HTTP/1.1" 200 7018 "-" "Mozilla/5.0 (compatible; MJ12bot/v2.0.1; http://mj12bot.com/)"
195.191.219.150 - - [16/May/2025:13:04:08 +0000] "GET /ingredients.php/newproducts.php/pressreleaseandseminar.php/testimonials.php/qualitycontrol.php HTTP/1.1" 200 7041 "-" "Mozilla/5.0 (compatible; MJ12bot/v2.0.1; http://mj12bot.com/)"
195.191.219.150 - - [16/May/2025:13:04:09 +0000] "GET /ingredients.php/newproducts.php/pressreleaseandseminar.php/testimonials.php/randd.php HTTP/1.1" 200 7041 "-" "Mozilla/5.0 (compatible; MJ12bot/v2.0.1; http://mj12bot.com/)"
195.191.219.150 - - [16/May/2025:13:04:10 +0000] "GET /ingredients.php/newproducts.php/pressreleaseandseminar.php/testimonials.php/testimonials.php HTTP/1.1" 200 7041 "-" "Mozilla/5.0 (compatible; MJ12bot/v2.0.1; http://mj12bot.com/)"
195.191.219.150 - - [16/May/2025:13:04:11 +0000] "GET /ingredients.php/newproducts.php/products.php/testimonials.php/cat-products.php?id=84 HTTP/1.1" 200 7041 "-" "Mozilla/5.0 (compatible; MJ12bot/v2.0.1; http://mj12bot.com/)"
195.191.219.150 - - [16/May/2025:13:04:12 +0000] "GET /ingredients.php/newproducts.php/qualitycontrol.php/ingredients.php/cat-products.php?id=102 HTTP/1.1" 200 7018 "-" "Mozilla/5.0 (compatible; MJ12bot/v2.0.1; http://mj12bot.com/)"
195.191.219.150 - - [16/May/2025:13:04:13 +0000] "GET /ingredients.php/newproducts.php/qualitycontrol.php/ingredients.php/cat-products.php?id=103 HTTP/1.1" 200 7018 "-" "Mozilla/5.0 (compatible; MJ12bot/v2.0.1; http://mj12bot.com/)"
195.191.219.150 - - [16/May/2025:13:04:14 +0000] "GET /ingredients.php/newproducts.php/qualitycontrol.php/ingredients.php/cat-products.php?id=104 HTTP/1.1" 200 7018 "-" "Mozilla/5.0 (compatible; MJ12bot/v2.0.1; http://mj12bot.com/)"
195.191.219.150 - - [16/May/2025:13:04:15 +0000] "GET /ingredients.php/newproducts.php/qualitycontrol.php/ingredients.php/cat-products.php?id=105 HTTP/1.1" 200 7041 "-" "Mozilla/5.0 (compatible; MJ12bot/v2.0.1; http://mj12bot.com/)"
195.191.219.150 - - [16/May/2025:13:04:16 +0000] "GET /ingredients.php/newproducts.php/qualitycontrol.php/ingredients.php/cat-products.php?id=67 HTTP/1.1" 200 7018 "-" "Mozilla/5.0 (compatible; MJ12bot/v2.0.1; http://mj12bot.com/)"
195.191.219.150 - - [16/May/2025:13:04:17 +0000] "GET /ingredients.php/newproducts.php/qualitycontrol.php/ingredients.php/cat-products.php?id=68 HTTP/1.1" 200 7020 "-" "Mozilla/5.0 (compatible; MJ12bot/v2.0.1; http://mj12bot.com/)"
195.191.219.150 - - [16/May/2025:13:04:18 +0000] "GET /ingredients.php/newproducts.php/qualitycontrol.php/ingredients.php/cat-products.php?id=69 HTTP/1.1" 200 7018 "-" "Mozilla/5.0 (compatible; MJ12bot/v2.0.1; http://mj12bot.com/)"
195.191.219.150 - - [16/May/2025:13:04:19 +0000] "GET /ingredients.php/newproducts.php/qualitycontrol.php/ingredients.php/cat-products.php?id=70 HTTP/1.1" 200 7041 "-" "Mozilla/5.0 (compatible; MJ12bot/v2.0.1; http://mj12bot.com/)"
195.191.219.150 - - [16/May/2025:13:04:20 +0000] "GET /ingredients.php/newproducts.php/qualitycontrol.php/ingredients.php/cat-products.php?id=71 HTTP/1.1" 200 7041 "-" "Mozilla/5.0 (compatible; MJ12bot/v2.0.1; http://mj12bot.com/)"
195.191.219.150 - - [16/May/2025:13:04:21 +0000] "GET /ingredients.php/newproducts.php/qualitycontrol.php/ingredients.php/cat-products.php?id=72 HTTP/1.1" 200 7018 "-" "Mozilla/5.0 (compatible; MJ12bot/v2.0.1; http://mj12bot.com/)"
195.191.219.150 - - [16/May/2025:13:04:22 +0000] "GET /ingredients.php/newproducts.php/qualitycontrol.php/ingredients.php/cat-products.php?id=74 HTTP/1.1" 200 7018 "-" "Mozilla/5.0 (compatible; MJ12bot/v2.0.1; http://mj12bot.com/)"
195.191.219.150 - - [16/May/2025:13:04:23 +0000] "GET /ingredients.php/newproducts.php/qualitycontrol.php/newproducts.php/cat-products.php?id=71 HTTP/1.1" 200 7018 "-" "Mozilla/5.0 (compatible; MJ12bot/v2.0.1; http://mj12bot.com/)"
195.191.219.150 - - [16/May/2025:13:04:24 +0000] "GET /ingredients.php/newproducts.php/qualitycontrol.php/newproducts.php/cat-products.php?id=72 HTTP/1.1" 200 7018 "-" "Mozilla/5.0 (compatible; MJ12bot/v2.0.1; http://mj12bot.com/)"
195.191.219.150 - - [16/May/2025:13:04:25 +0000] "GET /ingredients.php/newproducts.php/qualitycontrol.php/pressreleaseandseminar.php/cat-products.php?id=88 HTTP/1.1" 200 7041 "-" "Mozilla/5.0 (compatible; MJ12bot/v2.0.1; http://mj12bot.com/)"
195.191.219.150 - - [16/May/2025:13:04:26 +0000] "GET /ingredients.php/newproducts.php/qualitycontrol.php/pressreleaseandseminar.php/cat-products.php?id=94 HTTP/1.1" 200 7041 "-" "Mozilla/5.0 (compatible; MJ12bot/v2.0.1; http://mj12bot.com/)"
195.191.219.150 - - [16/May/2025:13:04:27 +0000] "GET /ingredients.php/newproducts.php/qualitycontrol.php/pressreleaseandseminar.php/cat-products.php?id=95 HTTP/1.1" 200 7041 "-" "Mozilla/5.0 (compatible; MJ12bot/v2.0.1; http://mj12bot.com/)"
195.191.219.150 - - [16/May/2025:13:04:28 +0000] "GET /ingredients.php/newproducts.php/qualitycontrol.php/pressreleaseandseminar.php/cat-products.php?id=96 HTTP/1.1" 200 7018 "-" "Mozilla/5.0 (compatible; MJ12bot/v2.0.1; http://mj12bot.com/)"
195.191.219.150 - - [16/May/2025:13:04:29 +0000] "GET /ingredients.php/newproducts.php/qualitycontrol.php/pressreleaseandseminar.php/cat-products.php?id=98 HTTP/1.1" 200 7041 "-" "Mozilla/5.0 (compatible; MJ12bot/v2.0.1; http://mj12bot.com/)"
195.191.219.150 - - [16/May/2025:13:04:30 +0000] "GET /ingredients.php/newproducts.php/qualitycontrol.php/products.php/ingredients.php?page=1 HTTP/1.1" 200 7018 "-" "Mozilla/5.0 (compatible; MJ12bot/v2.0.1; http://mj12bot.com/)"
195.191.219.150 - - [16/May/2025:13:04:31 +0000] "GET /ingredients.php/newproducts.php/qualitycontrol.php/products.php/testimonials.php HTTP/1.1" 200 7041 "-" "Mozilla/5.0 (compatible; MJ12bot/v2.0.1; http://mj12bot.com/)"
195.191.219.150 - - [16/May/2025:13:04:32 +0000] "GET /ingredients.php/newproducts.php/qualitycontrol.php/qualitycontrol.php/cat-products.php?id=72 HTTP/1.1" 200 7018 "-" "Mozilla/5.0 (compatible; MJ12bot/v2.0.1; http://mj12bot.com/)"
195.191.219.150 - - [16/May/2025:13:04:33 +0000] "GET /ingredients.php/newproducts.php/qualitycontrol.php/qualitycontrol.php/cat-products.php?id=74 HTTP/1.1" 200 7041 "-" "Mozilla/5.0 (compatible; MJ12bot/v2.0.1; http://mj12bot.com/)"
195.191.219.150 - - [16/May/2025:13:04:34 +0000] "GET /ingredients.php/newproducts.php/qualitycontrol.php/qualitycontrol.php/cat-products.php?id=75 HTTP/1.1" 200 7041 "-" "Mozilla/5.0 (compatible; MJ12bot/v2.0.1; http://mj12bot.com/)"
195.191.219.150 - - [16/May/2025:13:04:35 +0000] "GET /ingredients.php/newproducts.php/qualitycontrol.php/randd.php/ HTTP/1.1" 200 7018 "-" "Mozilla/5.0 (compatible; MJ12bot/v2.0.1; http://mj12bot.com/)"
195.191.219.150 - - [16/May/2025:13:04:36 +0000] "GET /ingredients.php/newproducts.php/qualitycontrol.php/testimonials.php/ HTTP/1.1" 200 7018 "-" "Mozilla/5.0 (compatible; MJ12bot/v2.0.1; http://mj12bot.com/)"
195.191.219.150 - - [16/May/2025:13:04:37 +0000] "GET /newproducts.php/products.php/newproducts.php/cat-products.php?id=71 HTTP/1.1" 200 3972 "-" "Mozilla/5.0 (compatible; MJ12bot/v2.0.1; http://mj12bot.com/)"
195.191.219.150 - - [16/May/2025:13:04:38 +0000] "GET /newproducts.php/products.php/newproducts.php/cat-products.php?id=72 HTTP/1.1" 200 3972 "-" "Mozilla/5.0 (compatible; MJ12bot/v2.0.1; http://mj12bot.com/)"
195.191.219.150 - - [16/May/2025:13:04:39 +0000] "GET /newproducts.php/products.php/newproducts.php/cat-products.php?id=74 HTTP/1.1" 200 3972 "-" "Mozilla/5.0 (compatible; MJ12bot/v2.0.1; http://mj12bot.com/)"
195.191.219.150 - - [16/May/2025:13:04:40 +0000] "GET /newproducts.php/products.php/newproducts.php/cat-products.php?id=75 HTTP/1.1" 200 3972 "-" "Mozilla/5.0 (compatible; MJ12bot/v2.0.1; http://mj12bot.com/)"
195.191.219.150 - - [16/May/2025:13:04:41 +0000] "GET /newproducts.php/products.php/newproducts.php/cat-products.php?id=76 HTTP/1.1" 200 3972 "-" "Mozilla/5.0 (compatible; MJ12bot/v2.0.1; http://mj12bot.com/)"
195.191.219.150 - - [16/May/2025:13:04:42 +0000] "GET /newproducts.php/products.php/newproducts.php/cat-products.php?id=77 HTTP/1.1" 200 3972 "-" "Mozilla/5.0 (compatible; MJ12bot/v2.0.1; http://mj12bot.com/)"
195.191.219.150 - - [16/May/2025:13:04:43 +0000] "GET /newproducts.php/products.php/products.php/index.php HTTP/1.1" 200 3972 "-" "Mozilla/5.0 (compatible; MJ12bot/v2.0.1; http://mj12bot.com/)"
195.191.219.150 - - [16/May/2025:13:04:44 +0000] "GET /newproducts.php/products.php/products.php/ingredients.php HTTP/1.1" 200 3972 "-" "Mozilla/5.0 (compatible; MJ12bot/v2.0.1; http://mj12bot.com/)"
195.191.219.150 - - [16/May/2025:13:04:45 +0000] "GET /newproducts.php/products.php/products.php/newproducts.php HTTP/1.1" 200 3972 "-" "Mozilla/5.0 (compatible; MJ12bot/v2.0.1; http://mj12bot.com/)"
195.191.219.150 - - [16/May/2025:13:04:46 +0000] "GET /newproducts.php/products.php/products.php/pressreleaseandseminar.php HTTP/1.1" 200 3943 "-" "Mozilla/5.0 (compatible; MJ12bot/v2.0.1; http://mj12bot.com/)"
195.191.219.150 - - [16/May/2025:13:04:47 +0000] "GET /newproducts.php/products.php/products.php/prodcertingd-more.php?id=311 HTTP/1.1" 200 3972 "-" "Mozilla/5.0 (compatible; MJ12bot/v2.0.1; http://mj12bot.com/)"
195.191.219.150 - - [16/May/2025:13:04:48 +0000] "GET /newproducts.php/products.php/products.php/prodcertingd-more.php?id=431 HTTP/1.1" 200 3972 "-" "Mozilla/5.0 (compatible; MJ12bot/v2.0.1; http://mj12bot.com/)"
195.191.219.150 - - [16/May/2025:13:04:49 +0000] "GET /newproducts.php/products.php/products.php/prodcertingd-more.php?id=432 HTTP/1.1" 200 3972 "-" "Mozilla/5.0 (compatible; MJ12bot/v2.0.1; http://mj12bot.com/)"
195.191.219.150 - - [16/May/2025:13:04:50 +0000] "GET /newproducts.php/products.php/products.php/prodcertingd-more.php?id=442 HTTP/1.1" 200 3972 "-" "Mozilla/5.0 (compatible; MJ12bot/v2.0.1; http://mj12bot.com/)"
195.191.219.150 - - [16/May/2025:13:04:51 +0000] "GET /newproducts.php/products.php/products.php/prodcertingd-more.php?id=463 HTTP/1.1" 200 3943 "-" "Mozilla/5.0 (compatible; MJ12bot/v2.0.1; http://mj12bot.com/)"
195.191.219.150 - - [16/May/2025:13:04:52 +0000] "GET /newproducts.php/products.php/randd.php/cat-products.php?id=65 HTTP/1.1" 200 3972 "-" "Mozilla/5.0 (compatible; MJ12bot/v2.0.1; http://mj12bot.com/)"
195.191.219.150 - - [16/May/2025:13:04:53 +0000] "GET /newproducts.php/products.php/randd.php/cat-products.php?id=67 HTTP/1.1" 200 3972 "-" "Mozilla/5.0 (compatible; MJ12bot/v2.0.1; http://mj12bot.com/)"
195.191.219.150 - - [16/May/2025:13:04:54 +0000] "GET /newproducts.php/products.php/randd.php/cat-products.php?id=68 HTTP/1.1" 200 3972 "-" "Mozilla/5.0 (compatible; MJ12bot/v2.0.1; http://mj12bot.com/)"
195.191.219.150 - - [16/May/2025:13:04:55 +0000] "GET /newproducts.php/products.php/randd.php/cat-products.php?id=69 HTTP/1.1" 200 3972 "-" "Mozilla/5.0 (compatible; MJ12bot/v2.0.1; http://mj12bot.com/)"
195.191.219.150 - - [16/May/2025:13:04:56 +0000] "GET /newproducts.php/products.php/randd.php/cat-products.php?id=70 HTTP/1.1" 200 3972 "-" "Mozilla/5.0 (compatible; MJ12bot/v2.0.1; http://mj12bot.com/)"
195.191.219.150 - - [16/May/2025:13:04:57 +0000] "GET /newproducts.php/products.php/randd.php/cat-products.php?id=71 HTTP/1.1" 200 3972 "-" "Mozilla/5.0 (compatible; MJ12bot/v2.0.1; http://mj12bot.com/)"
195.191.219.150 - - [16/May/2025:13:04:58 +0000] "GET /newproducts.php/products.php/randd.php/cat-products.php?id=72 HTTP/1.1" 200 3972 "-" "Mozilla/5.0 (compatible; MJ12bot/v2.0.1; http://mj12bot.com/)"
195.191.219.150 - - [16/May/2025:13:04:59 +0000] "GET /newproducts.php/products.php/randd.php/cat-products.php?id=74 HTTP/1.1" 200 3972 "-" "Mozilla/5.0 (compatible; MJ12bot/v2.0.1; http://mj12bot.com/)"
195.191.219.150 - - [16/May/2025:13:05:00 +0000] "GET /newproducts.php/qualitycontrol.php/certificate.php/cat-products.php?id=72 HTTP/1.1" 200 3972 "-" "Mozilla/5.0 (compatible; MJ12bot/v2.0.1; http://mj12bot.com/)"
195.191.219.150 - - [16/May/2025:13:05:01 +0000] "GET /newproducts.php/qualitycontrol.php/certificate.php/cat-products.php?id=79 HTTP/1.1" 200 3972 "-" "Mozilla/5.0 (compatible; MJ12bot/v2.0.1; http://mj12bot.com/)"
195.191.219.150 - - [16/May/2025:13:05:02 +0000] "GET /newproducts.php/qualitycontrol.php/certificate.php/cat-products.php?id=80 HTTP/1.1" 200 3943 "-" "Mozilla/5.0 (compatible; MJ12bot/v2.0.1; http://mj12bot.com/)"
195.191.219.150 - - [16/May/2025:13:05:03 +0000] "GET /newproducts.php/qualitycontrol.php/certificate.php/cat-products.php?id=81 HTTP/1.1" 200 3972 "-" "Mozilla/5.0 (compatible; MJ12bot/v2.0.1; http://mj12bot.com/)"
195.191.219.150 - - [16/May/2025:13:05:04 +0000] "GET /newproducts.php/qualitycontrol.php/certificate.php/cat-products.php?id=82 HTTP/1.1" 200 3943 "-" "Mozilla/5.0 (compatible; MJ12bot/v2.0.1; http://mj12bot.com/)"
195.191.219.150 - - [16/May/2025:13:05:05 +0000] "GET /newproducts.php/qualitycontrol.php/certificate.php/cat-products.php?id=83 HTTP/1.1" 200 3972 "-" "Mozilla/5.0 (compatible; MJ12bot/v2.0.1; http://mj12bot.com/)"
195.191.219.150 - - [16/May/2025:13:05:06 +0000] "GET /newproducts.php/qualitycontrol.php/certificate.php/cat-products.php?id=85 HTTP/1.1" 200 3972 "-" "Mozilla/5.0 (compatible; MJ12bot/v2.0.1; http://mj12bot.com/)"
195.191.219.150 - - [16/May/2025:13:05:07 +0000] "GET /newproducts.php/qualitycontrol.php/certificate.php/cat-products.php?id=86 HTTP/1.1" 200 3972 "-" "Mozilla/5.0 (compatible; MJ12bot/v2.0.1; http://mj12bot.com/)"
195.191.219.150 - - [16/May/2025:13:05:08 +0000] "GET /newproducts.php/qualitycontrol.php/certificate.php/cat-products.php?id=87 HTTP/1.1" 200 3972 "-" "Mozilla/5.0 (compatible; MJ12bot/v2.0.1; http://mj12bot.com/)"
195.191.219.150 - - [16/May/2025:13:05:09 +0000] "GET /newproducts.php/qualitycontrol.php/certificate.php/cat-products.php?id=88 HTTP/1.1" 200 3972 "-" "Mozilla/5.0 (compatible; MJ12bot/v2.0.1; http://mj12bot.com/)"
195.191.219.150 - - [16/May/2025:13:05:10 +0000] "GET /newproducts.php/qualitycontrol.php/certificate.php/cat-products.php?id=91 HTTP/1.1" 200 3972 "-" "Mozilla/5.0 (compatible; MJ12bot/v2.0.1; http://mj12bot.com/)"
195.191.219.150 - - [16/May/2025:13:05:11 +0000] "GET /newproducts.php/qualitycontrol.php/certificate.php/cat-products.php?id=94 HTTP/1.1" 200 3972 "-" "Mozilla/5.0 (compatible; MJ12bot/v2.0.1; http://mj12bot.com/)"
195.191.219.150 - - [16/May/2025:13:05:12 +0000] "GET /newproducts.php/qualitycontrol.php/certificate.php/certificate.php HTTP/1.1" 200 3972 "-" "Mozilla/5.0 (compatible; MJ12bot/v2.0.1; http://mj12bot.com/)"
195.191.219.150 - - [16/May/2025:13:05:13 +0000] "GET /newproducts.php/qualitycontrol.php/certificate.php/globaloverseas.php HTTP/1.1" 200 3972 "-" "Mozilla/5.0 (compatible; MJ12bot/v2.0.1; http://mj12bot.com/)"
195.191.219.150 - - [16/May/2025:13:05:14 +0000] "GET /newproducts.php/qualitycontrol.php/certificate.php/index.php HTTP/1.1" 200 3972 "-" "Mozilla/5.0 (compatible; MJ12bot/v2.0.1; http://mj12bot.com/)"
195.191.219.150 - - [16/May/2025:13:05:15 +0000] "GET /newproducts.php/qualitycontrol.php/certificate.php/ingredients.php HTTP/1.1" 200 3972 "-" "Mozilla/5.0 (compatible; MJ12bot/v2.0.1; http://mj12bot.com/)"
195.191.219.150 - - [16/May/2025:13:05:16 +0000] "GET /newproducts.php/qualitycontrol.php/certificate.php/newproducts.php HTTP/1.1" 200 3972 "-" "Mozilla/5.0 (compatible; MJ12bot/v2.0.1; http://mj12bot.com/)"
195.191.219.150 - - [16/May/2025:13:05:17 +0000] "GET /newproducts.php/qualitycontrol.php/certificate.php/pressreleaseandseminar.php HTTP/1.1" 200 3972 "-" "Mozilla/5.0 (compatible; MJ12bot/v2.0.1; http://mj12bot.com/)"
195.191.219.150 - - [16/May/2025:13:05:18 +0000] "GET /newproducts.php/qualitycontrol.php/certificate.php/prodcertingd-more.php?id=431 HTTP/1.1" 200 3972 "-" "Mozilla/5.0 (compatible; MJ12bot/v2.0.1; http://mj12bot.com/)"
195.191.219.150 - - [16/May/2025:13:05:19 +0000] "GET /newproducts.php/qualitycontrol.php/certificate.php/prodcertingd-more.php?id=432 HTTP/1.1" 200 3972 "-" "Mozilla/5.0 (compatible; MJ12bot/v2.0.1; http://mj12bot.com/)"
195.191.219.150 - - [16/May/2025:13:05:20 +0000] "GET /newproducts.php/qualitycontrol.php/certificate.php/prodcertingd-more.php?id=463 HTTP/1.1" 200 3972 "-" "Mozilla/5.0 (compatible; MJ12bot/v2.0.1; http://mj12bot.com/)"
195.191.219.150 - - [16/May/2025:13:05:21 +0000] "GET /newproducts.php/qualitycontrol.php/certificate.php/testimonials.php HTTP/1.1" 200 3972 "-" "Mozilla/5.0 (compatible; MJ12bot/v2.0.1; http://mj12bot.com/)"
185.191.171.12 - - [16/May/2025:13:06:00 +0000] "GET /prodcertingd-more.php?id=568 HTTP/1.1" 200 4984 "-" "Mozilla/5.0 (compatible; SemrushBot/7~bl; +http://www.semrush.com/bot.html)"
185.191.171.16 - - [16/May/2025:13:07:32 +0000] "GET /prodcertingd-more.php?id=210 HTTP/1.1" 200 5266 "-" "Mozilla/5.0 (compatible; SemrushBot/7~bl; +http://www.semrush.com/bot.html)"
85.208.96.212 - - [16/May/2025:13:08:53 +0000] "GET /prodcertingd-more.php?id=93 HTTP/1.1" 200 6085 "-" "Mozilla/5.0 (compatible; SemrushBot/7~bl; +http://www.semrush.com/bot.html)"
85.208.96.203 - - [16/May/2025:13:09:58 +0000] "GET /products.php?page=13 HTTP/1.1" 200 4707 "-" "Mozilla/5.0 (compatible; SemrushBot/7~bl; +http://www.semrush.com/bot.html)"
194.247.173.99 - - [16/May/2025:13:10:45 +0000] "GET /certificate.php/certificate.php/certificate.php/certificate.php/ingredients.php/certificate-more.php?id=59 HTTP/1.1" 200 4903 "-" "Mozilla/5.0 (compatible; MJ12bot/v1.4.8; http://mj12bot.com/)"
194.247.173.99 - - [16/May/2025:13:10:48 +0000] "GET /certificate.php/certificate.php/certificate.php/certificate.php/ingredients.php/certificate-more.php?id=60 HTTP/1.1" 200 4908 "-" "Mozilla/5.0 (compatible; MJ12bot/v1.4.8; http://mj12bot.com/)"
194.247.173.99 - - [16/May/2025:13:10:50 +0000] "GET /certificate.php/certificate.php/certificate.php/certificate.php/ingredients.php/certificate-more.php?id=61 HTTP/1.1" 200 4908 "-" "Mozilla/5.0 (compatible; MJ12bot/v1.4.8; http://mj12bot.com/)"
194.247.173.99 - - [16/May/2025:13:10:52 +0000] "GET /certificate.php/certificate.php/certificate.php/certificate.php/ingredients.php/certificate-more.php?id=62 HTTP/1.1" 200 4896 "-" "Mozilla/5.0 (compatible; MJ12bot/v1.4.8; http://mj12bot.com/)"
194.247.173.99 - - [16/May/2025:13:10:55 +0000] "GET /certificate.php/certificate.php/certificate.php/certificate.php/testimonials.php/cat-products.php?id=95 HTTP/1.1" 200 4908 "-" "Mozilla/5.0 (compatible; MJ12bot/v1.4.8; http://mj12bot.com/)"
194.247.173.99 - - [16/May/2025:13:10:58 +0000] "GET /certificate.php/certificate.php/certificate.php/certificate.php/testimonials.php/cat-products.php?id=96 HTTP/1.1" 200 4896 "-" "Mozilla/5.0 (compatible; MJ12bot/v1.4.8; http://mj12bot.com/)"
194.247.173.99 - - [16/May/2025:13:11:00 +0000] "GET /certificate.php/certificate.php/certificate.php/certificate.php/testimonials.php/cat-products.php?id=97 HTTP/1.1" 200 4896 "-" "Mozilla/5.0 (compatible; MJ12bot/v1.4.8; http://mj12bot.com/)"
194.247.173.99 - - [16/May/2025:13:11:03 +0000] "GET /certificate.php/certificate.php/certificate.php/newproducts.php/cat-products.php?id=75 HTTP/1.1" 200 4908 "-" "Mozilla/5.0 (compatible; MJ12bot/v1.4.8; http://mj12bot.com/)"
194.247.173.99 - - [16/May/2025:13:11:05 +0000] "GET /certificate.php/certificate.php/certificate.php/newproducts.php/cat-products.php?id=76 HTTP/1.1" 200 4908 "-" "Mozilla/5.0 (compatible; MJ12bot/v1.4.8; http://mj12bot.com/)"
194.247.173.99 - - [16/May/2025:13:11:07 +0000] "GET /certificate.php/certificate.php/certificate.php/newproducts.php/cat-products.php?id=77 HTTP/1.1" 200 4908 "-" "Mozilla/5.0 (compatible; MJ12bot/v1.4.8; http://mj12bot.com/)"
194.247.173.99 - - [16/May/2025:13:11:09 +0000] "GET /certificate.php/certificate.php/certificate.php/newproducts.php/cat-products.php?id=78 HTTP/1.1" 200 4908 "-" "Mozilla/5.0 (compatible; MJ12bot/v1.4.8; http://mj12bot.com/)"
194.247.173.99 - - [16/May/2025:13:11:11 +0000] "GET /certificate.php/certificate.php/certificate.php/newproducts.php/cat-products.php?id=79 HTTP/1.1" 200 4908 "-" "Mozilla/5.0 (compatible; MJ12bot/v1.4.8; http://mj12bot.com/)"
66.249.79.201 - - [16/May/2025:13:11:12 +0000] "GET /galleryimg/49519361%20Basic%20Ayurveda%20Triphala%20Churna%20-%20Fornt.jpg HTTP/1.1" 200 319641 "-" "Googlebot-Image/1.0"
194.247.173.99 - - [16/May/2025:13:11:12 +0000] "GET /certificate.php/certificate.php/certificate.php/newproducts.php/cat-products.php?id=80 HTTP/1.1" 200 4912 "-" "Mozilla/5.0 (compatible; MJ12bot/v1.4.8; http://mj12bot.com/)"
194.247.173.99 - - [16/May/2025:13:11:15 +0000] "GET /certificate.php/certificate.php/certificate.php/newproducts.php/cat-products.php?id=81 HTTP/1.1" 200 4908 "-" "Mozilla/5.0 (compatible; MJ12bot/v1.4.8; http://mj12bot.com/)"
194.247.173.99 - - [16/May/2025:13:11:17 +0000] "GET /certificate.php/certificate.php/certificate.php/newproducts.php/cat-products.php?id=82 HTTP/1.1" 200 4903 "-" "Mozilla/5.0 (compatible; MJ12bot/v1.4.8; http://mj12bot.com/)"
194.247.173.99 - - [16/May/2025:13:11:18 +0000] "GET /certificate.php/globaloverseas.php/certificate.php/cat-products.php?id=99 HTTP/1.1" 200 4908 "-" "Mozilla/5.0 (compatible; MJ12bot/v1.4.8; http://mj12bot.com/)"
194.247.173.99 - - [16/May/2025:13:11:20 +0000] "GET /certificate.php/globaloverseas.php/globaloverseas.php/ HTTP/1.1" 200 4908 "-" "Mozilla/5.0 (compatible; MJ12bot/v1.4.8; http://mj12bot.com/)"
194.247.173.99 - - [16/May/2025:13:11:22 +0000] "GET /certificate.php/globaloverseas.php/index.php/ HTTP/1.1" 200 4903 "-" "Mozilla/5.0 (compatible; MJ12bot/v1.4.8; http://mj12bot.com/)"
194.247.173.99 - - [16/May/2025:13:11:25 +0000] "GET /certificate.php/globaloverseas.php/ingredients.php/ HTTP/1.1" 200 4896 "-" "Mozilla/5.0 (compatible; MJ12bot/v1.4.8; http://mj12bot.com/)"
194.247.173.99 - - [16/May/2025:13:11:28 +0000] "GET /certificate.php/globaloverseas.php/newproducts.php/ HTTP/1.1" 200 4908 "-" "Mozilla/5.0 (compatible; MJ12bot/v1.4.8; http://mj12bot.com/)"
194.247.173.99 - - [16/May/2025:13:11:30 +0000] "GET /certificate.php/globaloverseas.php/pressreleaseandseminar.php/ HTTP/1.1" 200 4896 "-" "Mozilla/5.0 (compatible; MJ12bot/v1.4.8; http://mj12bot.com/)"
194.247.173.99 - - [16/May/2025:13:11:32 +0000] "GET /certificate.php/globaloverseas.php/products.php/ HTTP/1.1" 200 4927 "-" "Mozilla/5.0 (compatible; MJ12bot/v1.4.8; http://mj12bot.com/)"
194.247.173.99 - - [16/May/2025:13:11:34 +0000] "GET /certificate.php/globaloverseas.php/qualitycontrol.php/ HTTP/1.1" 200 4908 "-" "Mozilla/5.0 (compatible; MJ12bot/v1.4.8; http://mj12bot.com/)"
194.247.173.99 - - [16/May/2025:13:11:36 +0000] "GET /certificate.php/globaloverseas.php/randd.php/ HTTP/1.1" 200 4896 "-" "Mozilla/5.0 (compatible; MJ12bot/v1.4.8; http://mj12bot.com/)"
194.247.173.99 - - [16/May/2025:13:11:38 +0000] "GET /certificate.php/newproducts.php/products.php/cat-products.php?id=73 HTTP/1.1" 200 4908 "-" "Mozilla/5.0 (compatible; MJ12bot/v1.4.8; http://mj12bot.com/)"
194.247.173.99 - - [16/May/2025:13:11:40 +0000] "GET /certificate.php/newproducts.php/products.php/cat-products.php?id=74 HTTP/1.1" 200 4908 "-" "Mozilla/5.0 (compatible; MJ12bot/v1.4.8; http://mj12bot.com/)"
194.247.173.99 - - [16/May/2025:13:11:43 +0000] "GET /certificate.php/newproducts.php/products.php/cat-products.php?id=75 HTTP/1.1" 200 4912 "-" "Mozilla/5.0 (compatible; MJ12bot/v1.4.8; http://mj12bot.com/)"
194.247.173.99 - - [16/May/2025:13:11:45 +0000] "GET /certificate.php/newproducts.php/products.php/cat-products.php?id=76 HTTP/1.1" 200 4908 "-" "Mozilla/5.0 (compatible; MJ12bot/v1.4.8; http://mj12bot.com/)"
194.247.173.99 - - [16/May/2025:13:11:47 +0000] "GET /certificate.php/newproducts.php/products.php/cat-products.php?id=81 HTTP/1.1" 200 4924 "-" "Mozilla/5.0 (compatible; MJ12bot/v1.4.8; http://mj12bot.com/)"
194.247.173.99 - - [16/May/2025:13:11:49 +0000] "GET /certificate.php/newproducts.php/products.php/cat-products.php?id=82 HTTP/1.1" 200 4908 "-" "Mozilla/5.0 (compatible; MJ12bot/v1.4.8; http://mj12bot.com/)"
194.247.173.99 - - [16/May/2025:13:11:53 +0000] "GET /certificate.php/newproducts.php/products.php/cat-products.php?id=84 HTTP/1.1" 200 4908 "-" "Mozilla/5.0 (compatible; MJ12bot/v1.4.8; http://mj12bot.com/)"
194.247.173.99 - - [16/May/2025:13:11:55 +0000] "GET /certificate.php/newproducts.php/products.php/cat-products.php?id=85 HTTP/1.1" 200 4927 "-" "Mozilla/5.0 (compatible; MJ12bot/v1.4.8; http://mj12bot.com/)"
194.247.173.99 - - [16/May/2025:13:11:57 +0000] "GET /certificate.php/newproducts.php/products.php/cat-products.php?id=86 HTTP/1.1" 200 4908 "-" "Mozilla/5.0 (compatible; MJ12bot/v1.4.8; http://mj12bot.com/)"
194.247.173.99 - - [16/May/2025:13:11:59 +0000] "GET /certificate.php/newproducts.php/products.php/cat-products.php?id=87 HTTP/1.1" 200 4924 "-" "Mozilla/5.0 (compatible; MJ12bot/v1.4.8; http://mj12bot.com/)"
194.247.173.99 - - [16/May/2025:13:12:01 +0000] "GET /certificate.php/newproducts.php/products.php/cat-products.php?id=88 HTTP/1.1" 200 4896 "-" "Mozilla/5.0 (compatible; MJ12bot/v1.4.8; http://mj12bot.com/)"
194.247.173.99 - - [16/May/2025:13:12:03 +0000] "GET /certificate.php/newproducts.php/products.php/cat-products.php?id=89 HTTP/1.1" 200 4908 "-" "Mozilla/5.0 (compatible; MJ12bot/v1.4.8; http://mj12bot.com/)"
194.247.173.99 - - [16/May/2025:13:12:06 +0000] "GET /certificate.php/newproducts.php/products.php/cat-products.php?id=90 HTTP/1.1" 200 4908 "-" "Mozilla/5.0 (compatible; MJ12bot/v1.4.8; http://mj12bot.com/)"
194.247.173.99 - - [16/May/2025:13:12:09 +0000] "GET /certificate.php/newproducts.php/products.php/cat-products.php?id=91 HTTP/1.1" 200 4903 "-" "Mozilla/5.0 (compatible; MJ12bot/v1.4.8; http://mj12bot.com/)"
194.247.173.99 - - [16/May/2025:13:12:11 +0000] "GET /certificate.php/newproducts.php/products.php/cat-products.php?id=92 HTTP/1.1" 200 4896 "-" "Mozilla/5.0 (compatible; MJ12bot/v1.4.8; http://mj12bot.com/)"
194.247.173.99 - - [16/May/2025:13:12:13 +0000] "GET /certificate.php/newproducts.php/products.php/cat-products.php?id=93 HTTP/1.1" 200 4896 "-" "Mozilla/5.0 (compatible; MJ12bot/v1.4.8; http://mj12bot.com/)"
194.247.173.99 - - [16/May/2025:13:12:15 +0000] "GET /certificate.php/newproducts.php/products.php/cat-products.php?id=94 HTTP/1.1" 200 4896 "-" "Mozilla/5.0 (compatible; MJ12bot/v1.4.8; http://mj12bot.com/)"
194.247.173.99 - - [16/May/2025:13:12:17 +0000] "GET /certificate.php/newproducts.php/products.php/cat-products.php?id=99 HTTP/1.1" 200 4903 "-" "Mozilla/5.0 (compatible; MJ12bot/v1.4.8; http://mj12bot.com/)"
194.247.173.99 - - [16/May/2025:13:12:19 +0000] "GET /certificate.php/newproducts.php/products.php/certificate-more.php?id=411 HTTP/1.1" 200 4927 "-" "Mozilla/5.0 (compatible; MJ12bot/v1.4.8; http://mj12bot.com/)"
194.247.173.99 - - [16/May/2025:13:12:21 +0000] "GET /certificate.php/newproducts.php/products.php/certificate-more.php?id=412 HTTP/1.1" 200 4927 "-" "Mozilla/5.0 (compatible; MJ12bot/v1.4.8; http://mj12bot.com/)"
85.208.96.200 - - [16/May/2025:13:12:22 +0000] "GET /prodcertingd-more.php?id=120 HTTP/1.1" 200 5328 "-" "Mozilla/5.0 (compatible; SemrushBot/7~bl; +http://www.semrush.com/bot.html)"
194.247.173.99 - - [16/May/2025:13:12:23 +0000] "GET /certificate.php/newproducts.php/products.php/certificate-more.php?id=413 HTTP/1.1" 200 4908 "-" "Mozilla/5.0 (compatible; MJ12bot/v1.4.8; http://mj12bot.com/)"
194.247.173.99 - - [16/May/2025:13:12:25 +0000] "GET /certificate.php/newproducts.php/products.php/certificate-more.php?id=414 HTTP/1.1" 200 4903 "-" "Mozilla/5.0 (compatible; MJ12bot/v1.4.8; http://mj12bot.com/)"
194.247.173.99 - - [16/May/2025:13:12:27 +0000] "GET /certificate.php/newproducts.php/products.php/certificate-more.php?id=54 HTTP/1.1" 200 4908 "-" "Mozilla/5.0 (compatible; MJ12bot/v1.4.8; http://mj12bot.com/)"
194.247.173.99 - - [16/May/2025:13:12:30 +0000] "GET /certificate.php/newproducts.php/products.php/certificate-more.php?id=56 HTTP/1.1" 200 4939 "-" "Mozilla/5.0 (compatible; MJ12bot/v1.4.8; http://mj12bot.com/)"
194.247.173.99 - - [16/May/2025:13:12:32 +0000] "GET /certificate.php/newproducts.php/products.php/certificate-more.php?id=57 HTTP/1.1" 200 4939 "-" "Mozilla/5.0 (compatible; MJ12bot/v1.4.8; http://mj12bot.com/)"
194.247.173.99 - - [16/May/2025:13:12:34 +0000] "GET /certificate.php/newproducts.php/products.php/certificate-more.php?id=58 HTTP/1.1" 200 4912 "-" "Mozilla/5.0 (compatible; MJ12bot/v1.4.8; http://mj12bot.com/)"
