217.182.175.163 - - [16/May/2025:22:32:40 +0000] "GET /newproducts.php/randd.php/cat-products.php?id=85/ HTTP/1.1" 200 3972 "-" "Mozilla/5.0 (compatible; MJ12bot/v1.4.8; http://mj12bot.com/)"
20.171.207.232 - - [16/May/2025:22:32:40 +0000] "GET /galleryimg/6155415Sugar%20Cane%20Vinegar.jpg HTTP/1.1" 200 927687 "-" "Mozilla/5.0 AppleWebKit/537.36 (KHTML, like Gecko; compatible; GPTBot/1.2; +https://openai.com/gptbot)"
217.182.175.163 - - [16/May/2025:22:32:41 +0000] "GET /newproducts.php/randd.php/cat-products.php?id=86/ HTTP/1.1" 200 3972 "-" "Mozilla/5.0 (compatible; MJ12bot/v1.4.8; http://mj12bot.com/)"
20.171.207.232 - - [16/May/2025:22:32:41 +0000] "GET /galleryimg/8232727Badam%20Pak.jpg HTTP/1.1" 200 85867 "-" "Mozilla/5.0 AppleWebKit/537.36 (KHTML, like Gecko; compatible; GPTBot/1.2; +https://openai.com/gptbot)"
20.171.207.232 - - [16/May/2025:22:32:43 +0000] "GET /galleryimg/3731592Ashwagandha%20rishta2.jpg HTTP/1.1" 200 64342 "-" "Mozilla/5.0 AppleWebKit/537.36 (KHTML, like Gecko; compatible; GPTBot/1.2; +https://openai.com/gptbot)"
217.182.175.163 - - [16/May/2025:22:32:43 +0000] "GET /newproducts.php/randd.php/cat-products.php?id=87/ HTTP/1.1" 200 3972 "-" "Mozilla/5.0 (compatible; MJ12bot/v1.4.8; http://mj12bot.com/)"
20.171.207.232 - - [16/May/2025:22:32:44 +0000] "GET /galleryimg/1156455Ashwagandha%20Pak.jpg HTTP/1.1" 200 68997 "-" "Mozilla/5.0 AppleWebKit/537.36 (KHTML, like Gecko; compatible; GPTBot/1.2; +https://openai.com/gptbot)"
217.182.175.163 - - [16/May/2025:22:32:45 +0000] "GET /newproducts.php/randd.php/cat-products.php?id=88/ HTTP/1.1" 200 3972 "-" "Mozilla/5.0 (compatible; MJ12bot/v1.4.8; http://mj12bot.com/)"
20.171.207.232 - - [16/May/2025:22:32:45 +0000] "GET /galleryimg/2792665Brahmi%20Bati.jpg HTTP/1.1" 200 500253 "-" "Mozilla/5.0 AppleWebKit/537.36 (KHTML, like Gecko; compatible; GPTBot/1.2; +https://openai.com/gptbot)"
20.171.207.232 - - [16/May/2025:22:32:46 +0000] "GET /prodcertingd-more.php?id=408 HTTP/1.1" 200 5115 "-" "Mozilla/5.0 AppleWebKit/537.36 (KHTML, like Gecko; compatible; GPTBot/1.2; +https://openai.com/gptbot)"
217.182.175.163 - - [16/May/2025:22:32:46 +0000] "GET /newproducts.php/randd.php/cat-products.php?id=89/ HTTP/1.1" 200 3972 "-" "Mozilla/5.0 (compatible; MJ12bot/v1.4.8; http://mj12bot.com/)"
20.171.207.232 - - [16/May/2025:22:32:47 +0000] "GET /prodcertingd-more.php?id=453 HTTP/1.1" 200 4914 "-" "Mozilla/5.0 AppleWebKit/537.36 (KHTML, like Gecko; compatible; GPTBot/1.2; +https://openai.com/gptbot)"
217.182.175.163 - - [16/May/2025:22:32:48 +0000] "GET /newproducts.php/randd.php/cat-products.php?id=90/ HTTP/1.1" 200 3972 "-" "Mozilla/5.0 (compatible; MJ12bot/v1.4.8; http://mj12bot.com/)"
20.171.207.232 - - [16/May/2025:22:32:49 +0000] "GET /galleryimg/9695147Veerya%20Sthambhan%20Vati.jpg HTTP/1.1" 200 1278160 "-" "Mozilla/5.0 AppleWebKit/537.36 (KHTML, like Gecko; compatible; GPTBot/1.2; +https://openai.com/gptbot)"
217.182.175.163 - - [16/May/2025:22:32:50 +0000] "GET /newproducts.php/randd.php/cat-products.php?id=91/ HTTP/1.1" 200 3972 "-" "Mozilla/5.0 (compatible; MJ12bot/v1.4.8; http://mj12bot.com/)"
20.171.207.232 - - [16/May/2025:22:32:50 +0000] "GET /prodcertingd-more.php?id=117 HTTP/1.1" 200 5367 "-" "Mozilla/5.0 AppleWebKit/537.36 (KHTML, like Gecko; compatible; GPTBot/1.2; +https://openai.com/gptbot)"
217.182.175.163 - - [16/May/2025:22:32:52 +0000] "GET /newproducts.php/randd.php/cat-products.php?id=92/ HTTP/1.1" 200 3972 "-" "Mozilla/5.0 (compatible; MJ12bot/v1.4.8; http://mj12bot.com/)"
20.171.207.232 - - [16/May/2025:22:32:52 +0000] "GET /prodcertingd-more.php?id=207 HTTP/1.1" 200 5003 "-" "Mozilla/5.0 AppleWebKit/537.36 (KHTML, like Gecko; compatible; GPTBot/1.2; +https://openai.com/gptbot)"
20.171.207.232 - - [16/May/2025:22:32:53 +0000] "GET /prodcertingd-more.php?id=458 HTTP/1.1" 200 5082 "-" "Mozilla/5.0 AppleWebKit/537.36 (KHTML, like Gecko; compatible; GPTBot/1.2; +https://openai.com/gptbot)"
217.182.175.163 - - [16/May/2025:22:32:53 +0000] "GET /newproducts.php/randd.php/cat-products.php?id=93/ HTTP/1.1" 200 3972 "-" "Mozilla/5.0 (compatible; MJ12bot/v1.4.8; http://mj12bot.com/)"
20.171.207.232 - - [16/May/2025:22:32:54 +0000] "GET /prodcertingd-more.php?id=123 HTTP/1.1" 200 5326 "-" "Mozilla/5.0 AppleWebKit/537.36 (KHTML, like Gecko; compatible; GPTBot/1.2; +https://openai.com/gptbot)"
217.182.175.163 - - [16/May/2025:22:32:55 +0000] "GET /newproducts.php/randd.php/cat-products.php?id=94/ HTTP/1.1" 200 3972 "-" "Mozilla/5.0 (compatible; MJ12bot/v1.4.8; http://mj12bot.com/)"
20.171.207.232 - - [16/May/2025:22:32:55 +0000] "GET /prodcertingd-more.php?id=355 HTTP/1.1" 200 5246 "-" "Mozilla/5.0 AppleWebKit/537.36 (KHTML, like Gecko; compatible; GPTBot/1.2; +https://openai.com/gptbot)"
20.171.207.232 - - [16/May/2025:22:32:56 +0000] "GET /prodcertingd-more.php?id=446 HTTP/1.1" 200 5005 "-" "Mozilla/5.0 AppleWebKit/537.36 (KHTML, like Gecko; compatible; GPTBot/1.2; +https://openai.com/gptbot)"
217.182.175.163 - - [16/May/2025:22:32:57 +0000] "GET /newproducts.php/randd.php/cat-products.php?id=95/ HTTP/1.1" 200 3972 "-" "Mozilla/5.0 (compatible; MJ12bot/v1.4.8; http://mj12bot.com/)"
20.171.207.232 - - [16/May/2025:22:32:58 +0000] "GET /prodcertingd-more.php?id=115 HTTP/1.1" 200 5084 "-" "Mozilla/5.0 AppleWebKit/537.36 (KHTML, like Gecko; compatible; GPTBot/1.2; +https://openai.com/gptbot)"
217.182.175.163 - - [16/May/2025:22:32:58 +0000] "GET /newproducts.php/randd.php/cat-products.php?id=96/ HTTP/1.1" 200 3972 "-" "Mozilla/5.0 (compatible; MJ12bot/v1.4.8; http://mj12bot.com/)"
20.171.207.232 - - [16/May/2025:22:32:59 +0000] "GET /galleryimg/6527498Manmath%20Ras.jpg HTTP/1.1" 200 603654 "-" "Mozilla/5.0 AppleWebKit/537.36 (KHTML, like Gecko; compatible; GPTBot/1.2; +https://openai.com/gptbot)"
217.182.175.163 - - [16/May/2025:22:33:00 +0000] "GET /newproducts.php/randd.php/cat-products.php?id=97/ HTTP/1.1" 200 3943 "-" "Mozilla/5.0 (compatible; MJ12bot/v1.4.8; http://mj12bot.com/)"
20.171.207.232 - - [16/May/2025:22:33:00 +0000] "GET /galleryimg/2387437Veerya%20Shodhan%20Vati.jpg HTTP/1.1" 200 703788 "-" "Mozilla/5.0 AppleWebKit/537.36 (KHTML, like Gecko; compatible; GPTBot/1.2; +https://openai.com/gptbot)"
217.182.175.163 - - [16/May/2025:22:33:02 +0000] "GET /newproducts.php/randd.php/cat-products.php?id=98/ HTTP/1.1" 200 3972 "-" "Mozilla/5.0 (compatible; MJ12bot/v1.4.8; http://mj12bot.com/)"
20.171.207.232 - - [16/May/2025:22:33:02 +0000] "GET /prodcertingd-more.php?id=418 HTTP/1.1" 200 5077 "-" "Mozilla/5.0 AppleWebKit/537.36 (KHTML, like Gecko; compatible; GPTBot/1.2; +https://openai.com/gptbot)"
20.171.207.232 - - [16/May/2025:22:33:03 +0000] "GET /galleryimg/5669102Abhyarishta.jpg HTTP/1.1" 200 96020 "-" "Mozilla/5.0 AppleWebKit/537.36 (KHTML, like Gecko; compatible; GPTBot/1.2; +https://openai.com/gptbot)"
217.182.175.163 - - [16/May/2025:22:33:03 +0000] "GET /newproducts.php/randd.php/cat-products.php?id=99/ HTTP/1.1" 200 3972 "-" "Mozilla/5.0 (compatible; MJ12bot/v1.4.8; http://mj12bot.com/)"
20.171.207.232 - - [16/May/2025:22:33:04 +0000] "GET /galleryimg/7827365Khurafati%20Churna.jpg HTTP/1.1" 200 1074994 "-" "Mozilla/5.0 AppleWebKit/537.36 (KHTML, like Gecko; compatible; GPTBot/1.2; +https://openai.com/gptbot)"
217.182.175.163 - - [16/May/2025:22:33:05 +0000] "GET /newproducts.php/randd.php/prodcertingd-more.php?id=311/ HTTP/1.1" 200 3943 "-" "Mozilla/5.0 (compatible; MJ12bot/v1.4.8; http://mj12bot.com/)"
20.171.207.232 - - [16/May/2025:22:33:06 +0000] "GET /galleryimg/821667Adrak%20Tulsi%20Cough%20Syrup.jpg HTTP/1.1" 200 918900 "-" "Mozilla/5.0 AppleWebKit/537.36 (KHTML, like Gecko; compatible; GPTBot/1.2; +https://openai.com/gptbot)"
217.182.175.163 - - [16/May/2025:22:33:07 +0000] "GET /newproducts.php/randd.php/prodcertingd-more.php?id=431/ HTTP/1.1" 200 3972 "-" "Mozilla/5.0 (compatible; MJ12bot/v1.4.8; http://mj12bot.com/)"
20.171.207.232 - - [16/May/2025:22:33:07 +0000] "GET /galleryimg/19390894b764345536865d1bafebba19.jpg HTTP/1.1" 200 75529 "-" "Mozilla/5.0 AppleWebKit/537.36 (KHTML, like Gecko; compatible; GPTBot/1.2; +https://openai.com/gptbot)"
20.171.207.232 - - [16/May/2025:22:33:08 +0000] "GET /galleryimg/7234268Bone%20Meal%20Tablet.jpg HTTP/1.1" 200 743179 "-" "Mozilla/5.0 AppleWebKit/537.36 (KHTML, like Gecko; compatible; GPTBot/1.2; +https://openai.com/gptbot)"
217.182.175.163 - - [16/May/2025:22:33:08 +0000] "GET /newproducts.php/randd.php/prodcertingd-more.php?id=432/ HTTP/1.1" 200 3943 "-" "Mozilla/5.0 (compatible; MJ12bot/v1.4.8; http://mj12bot.com/)"
20.171.207.232 - - [16/May/2025:22:33:09 +0000] "GET /galleryimg/7997035Ashwagandha%20Tablet.jpg HTTP/1.1" 200 1180936 "-" "Mozilla/5.0 AppleWebKit/537.36 (KHTML, like Gecko; compatible; GPTBot/1.2; +https://openai.com/gptbot)"
217.182.175.163 - - [16/May/2025:22:33:10 +0000] "GET /newproducts.php/randd.php/prodcertingd-more.php?id=442/ HTTP/1.1" 200 3972 "-" "Mozilla/5.0 (compatible; MJ12bot/v1.4.8; http://mj12bot.com/)"
20.171.207.232 - - [16/May/2025:22:33:10 +0000] "GET /galleryimg/938177Aamla%20Bites%20Chatapata%20Candy.jpg HTTP/1.1" 200 1103518 "-" "Mozilla/5.0 AppleWebKit/537.36 (KHTML, like Gecko; compatible; GPTBot/1.2; +https://openai.com/gptbot)"
20.171.207.232 - - [16/May/2025:22:33:12 +0000] "GET /prodcertingd-more.php?id=101 HTTP/1.1" 200 5245 "-" "Mozilla/5.0 AppleWebKit/537.36 (KHTML, like Gecko; compatible; GPTBot/1.2; +https://openai.com/gptbot)"
217.182.175.163 - - [16/May/2025:22:33:12 +0000] "GET /newproducts.php/testimonials.php/cat-products.php?id=100/ HTTP/1.1" 200 3972 "-" "Mozilla/5.0 (compatible; MJ12bot/v1.4.8; http://mj12bot.com/)"
20.171.207.232 - - [16/May/2025:22:33:13 +0000] "GET /prodcertingd-more.php?id=397 HTTP/1.1" 200 5108 "-" "Mozilla/5.0 AppleWebKit/537.36 (KHTML, like Gecko; compatible; GPTBot/1.2; +https://openai.com/gptbot)"
217.182.175.163 - - [16/May/2025:22:33:13 +0000] "GET /newproducts.php/testimonials.php/cat-products.php?id=101/ HTTP/1.1" 200 3972 "-" "Mozilla/5.0 (compatible; MJ12bot/v1.4.8; http://mj12bot.com/)"
20.171.207.232 - - [16/May/2025:22:33:14 +0000] "GET /galleryimg/4452789Mahavishgarbha%20Tail.jpg HTTP/1.1" 200 526888 "-" "Mozilla/5.0 AppleWebKit/537.36 (KHTML, like Gecko; compatible; GPTBot/1.2; +https://openai.com/gptbot)"
20.171.207.232 - - [16/May/2025:22:33:15 +0000] "GET /prodcertingd-more.php?id=371 HTTP/1.1" 200 5044 "-" "Mozilla/5.0 AppleWebKit/537.36 (KHTML, like Gecko; compatible; GPTBot/1.2; +https://openai.com/gptbot)"
217.182.175.163 - - [16/May/2025:22:33:15 +0000] "GET /newproducts.php/testimonials.php/cat-products.php?id=102/ HTTP/1.1" 200 3972 "-" "Mozilla/5.0 (compatible; MJ12bot/v1.4.8; http://mj12bot.com/)"
20.171.207.232 - - [16/May/2025:22:33:16 +0000] "GET /galleryimg/9309495Red%20Date%20Vinegar.jpg HTTP/1.1" 200 1146202 "-" "Mozilla/5.0 AppleWebKit/537.36 (KHTML, like Gecko; compatible; GPTBot/1.2; +https://openai.com/gptbot)"
217.182.175.163 - - [16/May/2025:22:33:17 +0000] "GET /newproducts.php/testimonials.php/cat-products.php?id=103/ HTTP/1.1" 200 3972 "-" "Mozilla/5.0 (compatible; MJ12bot/v1.4.8; http://mj12bot.com/)"
20.171.207.232 - - [16/May/2025:22:33:17 +0000] "GET /galleryimg/19422021_Basic%20Ayurveda%20Durva%20Ras%20%20(450%20ml).jpg HTTP/1.1" 200 610747 "-" "Mozilla/5.0 AppleWebKit/537.36 (KHTML, like Gecko; compatible; GPTBot/1.2; +https://openai.com/gptbot)"
20.171.207.232 - - [16/May/2025:22:33:18 +0000] "GET /galleryimg/85726091_Basic%20Ayurveda%20Saptagun%20Taila_30ml.jpg HTTP/1.1" 200 628991 "-" "Mozilla/5.0 AppleWebKit/537.36 (KHTML, like Gecko; compatible; GPTBot/1.2; +https://openai.com/gptbot)"
217.182.175.163 - - [16/May/2025:22:33:18 +0000] "GET /newproducts.php/testimonials.php/cat-products.php?id=104/ HTTP/1.1" 200 3972 "-" "Mozilla/5.0 (compatible; MJ12bot/v1.4.8; http://mj12bot.com/)"
20.171.207.232 - - [16/May/2025:22:33:19 +0000] "GET /galleryimg/76320301_Basic%20Ayurveda%20Infantop%20Syrup-30ml.jpg HTTP/1.1" 200 595524 "-" "Mozilla/5.0 AppleWebKit/537.36 (KHTML, like Gecko; compatible; GPTBot/1.2; +https://openai.com/gptbot)"
217.182.175.163 - - [16/May/2025:22:33:20 +0000] "GET /newproducts.php/testimonials.php/cat-products.php?id=105/ HTTP/1.1" 200 3972 "-" "Mozilla/5.0 (compatible; MJ12bot/v1.4.8; http://mj12bot.com/)"
20.171.207.232 - - [16/May/2025:22:33:21 +0000] "GET /galleryimg/53144531_Basic%20Ayurveda%20Rohitakarishta_%20450.jpg HTTP/1.1" 200 624991 "-" "Mozilla/5.0 AppleWebKit/537.36 (KHTML, like Gecko; compatible; GPTBot/1.2; +https://openai.com/gptbot)"
20.171.207.232 - - [16/May/2025:22:33:22 +0000] "GET /galleryimg/72376892%20(1).jpg HTTP/1.1" 200 623922 "-" "Mozilla/5.0 AppleWebKit/537.36 (KHTML, like Gecko; compatible; GPTBot/1.2; +https://openai.com/gptbot)"
217.182.175.163 - - [16/May/2025:22:33:22 +0000] "GET /newproducts.php/testimonials.php/cat-products.php?id=65/ HTTP/1.1" 200 3972 "-" "Mozilla/5.0 (compatible; MJ12bot/v1.4.8; http://mj12bot.com/)"
20.171.207.232 - - [16/May/2025:22:33:23 +0000] "GET /galleryimg/8810851Lavan%20Bhaskar%20Churna.jpg HTTP/1.1" 200 48826 "-" "Mozilla/5.0 AppleWebKit/537.36 (KHTML, like Gecko; compatible; GPTBot/1.2; +https://openai.com/gptbot)"
217.182.175.163 - - [16/May/2025:22:33:23 +0000] "GET /newproducts.php/testimonials.php/cat-products.php?id=66/ HTTP/1.1" 200 3972 "-" "Mozilla/5.0 (compatible; MJ12bot/v1.4.8; http://mj12bot.com/)"
20.171.207.232 - - [16/May/2025:22:33:24 +0000] "GET /galleryimg/7808226Shadbindu%20Tail.jpg HTTP/1.1" 200 505656 "-" "Mozilla/5.0 AppleWebKit/537.36 (KHTML, like Gecko; compatible; GPTBot/1.2; +https://openai.com/gptbot)"
217.182.175.163 - - [16/May/2025:22:33:25 +0000] "GET /newproducts.php/testimonials.php/cat-products.php?id=67/ HTTP/1.1" 200 3972 "-" "Mozilla/5.0 (compatible; MJ12bot/v1.4.8; http://mj12bot.com/)"
20.171.207.232 - - [16/May/2025:22:33:25 +0000] "GET /galleryimg/67616491_Basic%20Ayurveda%20Grape(Angoor)%20Vinegar_450ml.jpg HTTP/1.1" 200 569274 "-" "Mozilla/5.0 AppleWebKit/537.36 (KHTML, like Gecko; compatible; GPTBot/1.2; +https://openai.com/gptbot)"
20.171.207.232 - - [16/May/2025:22:33:26 +0000] "GET /galleryimg/5234569Maker%20Dhwaj%20Rasayan.jpg HTTP/1.1" 200 921819 "-" "Mozilla/5.0 AppleWebKit/537.36 (KHTML, like Gecko; compatible; GPTBot/1.2; +https://openai.com/gptbot)"
217.182.175.163 - - [16/May/2025:22:33:27 +0000] "GET /newproducts.php/testimonials.php/cat-products.php?id=68/ HTTP/1.1" 200 3972 "-" "Mozilla/5.0 (compatible; MJ12bot/v1.4.8; http://mj12bot.com/)"
20.171.207.232 - - [16/May/2025:22:33:28 +0000] "GET /galleryimg/54176781_Basic%20Ayurveda%20Maha%20Marichyadi%20Tailam.jpg HTTP/1.1" 200 568427 "-" "Mozilla/5.0 AppleWebKit/537.36 (KHTML, like Gecko; compatible; GPTBot/1.2; +https://openai.com/gptbot)"
217.182.175.163 - - [16/May/2025:22:33:29 +0000] "GET /newproducts.php/testimonials.php/cat-products.php?id=69/ HTTP/1.1" 200 3972 "-" "Mozilla/5.0 (compatible; MJ12bot/v1.4.8; http://mj12bot.com/)"
20.171.207.232 - - [16/May/2025:22:33:29 +0000] "GET /galleryimg/67005931_Basic%20Ayurveda%20Mukta%20(Moti)%20Pishti_2g.jpg HTTP/1.1" 200 436058 "-" "Mozilla/5.0 AppleWebKit/537.36 (KHTML, like Gecko; compatible; GPTBot/1.2; +https://openai.com/gptbot)"
20.171.207.232 - - [16/May/2025:22:33:30 +0000] "GET /galleryimg/9910167Shri%20Gopal%20Tail.jpg HTTP/1.1" 200 629105 "-" "Mozilla/5.0 AppleWebKit/537.36 (KHTML, like Gecko; compatible; GPTBot/1.2; +https://openai.com/gptbot)"
217.182.175.163 - - [16/May/2025:22:33:30 +0000] "GET /newproducts.php/testimonials.php/cat-products.php?id=70/ HTTP/1.1" 200 3972 "-" "Mozilla/5.0 (compatible; MJ12bot/v1.4.8; http://mj12bot.com/)"
20.171.207.232 - - [16/May/2025:22:33:31 +0000] "GET /galleryimg/88542601_Basic%20Ayurveda%20Avipattikar%20Churna_100g.jpg HTTP/1.1" 200 299372 "-" "Mozilla/5.0 AppleWebKit/537.36 (KHTML, like Gecko; compatible; GPTBot/1.2; +https://openai.com/gptbot)"
217.182.175.163 - - [16/May/2025:22:33:32 +0000] "GET /newproducts.php/testimonials.php/cat-products.php?id=71/ HTTP/1.1" 200 3972 "-" "Mozilla/5.0 (compatible; MJ12bot/v1.4.8; http://mj12bot.com/)"
20.171.207.232 - - [16/May/2025:22:33:32 +0000] "GET /cat-products.php?id=82 HTTP/1.1" 200 5036 "-" "Mozilla/5.0 AppleWebKit/537.36 (KHTML, like Gecko; compatible; GPTBot/1.2; +https://openai.com/gptbot)"
20.171.207.232 - - [16/May/2025:22:33:33 +0000] "GET /cat-products.php?id=70 HTTP/1.1" 200 5376 "-" "Mozilla/5.0 AppleWebKit/537.36 (KHTML, like Gecko; compatible; GPTBot/1.2; +https://openai.com/gptbot)"
217.182.175.163 - - [16/May/2025:22:33:34 +0000] "GET /newproducts.php/testimonials.php/cat-products.php?id=72/ HTTP/1.1" 200 3972 "-" "Mozilla/5.0 (compatible; MJ12bot/v1.4.8; http://mj12bot.com/)"
20.171.207.232 - - [16/May/2025:22:33:35 +0000] "GET /cat-products.php?id=96 HTTP/1.1" 200 5634 "-" "Mozilla/5.0 AppleWebKit/537.36 (KHTML, like Gecko; compatible; GPTBot/1.2; +https://openai.com/gptbot)"
217.182.175.163 - - [16/May/2025:22:33:35 +0000] "GET /newproducts.php/testimonials.php/cat-products.php?id=73/ HTTP/1.1" 200 3972 "-" "Mozilla/5.0 (compatible; MJ12bot/v1.4.8; http://mj12bot.com/)"
20.171.207.232 - - [16/May/2025:22:33:36 +0000] "GET /cat-products.php?id=68 HTTP/1.1" 200 4912 "-" "Mozilla/5.0 AppleWebKit/537.36 (KHTML, like Gecko; compatible; GPTBot/1.2; +https://openai.com/gptbot)"
20.171.207.232 - - [16/May/2025:22:33:37 +0000] "GET /cat-products.php?id=75 HTTP/1.1" 200 4969 "-" "Mozilla/5.0 AppleWebKit/537.36 (KHTML, like Gecko; compatible; GPTBot/1.2; +https://openai.com/gptbot)"
217.182.175.163 - - [16/May/2025:22:33:37 +0000] "GET /newproducts.php/testimonials.php/cat-products.php?id=74/ HTTP/1.1" 200 3972 "-" "Mozilla/5.0 (compatible; MJ12bot/v1.4.8; http://mj12bot.com/)"
20.171.207.232 - - [16/May/2025:22:33:38 +0000] "GET /cat-products.php?id=66 HTTP/1.1" 200 4960 "-" "Mozilla/5.0 AppleWebKit/537.36 (KHTML, like Gecko; compatible; GPTBot/1.2; +https://openai.com/gptbot)"
217.182.175.163 - - [16/May/2025:22:33:39 +0000] "GET /newproducts.php/testimonials.php/cat-products.php?id=75/ HTTP/1.1" 200 3972 "-" "Mozilla/5.0 (compatible; MJ12bot/v1.4.8; http://mj12bot.com/)"
20.171.207.232 - - [16/May/2025:22:33:39 +0000] "GET /cat-products.php?id=97 HTTP/1.1" 200 4746 "-" "Mozilla/5.0 AppleWebKit/537.36 (KHTML, like Gecko; compatible; GPTBot/1.2; +https://openai.com/gptbot)"
20.171.207.232 - - [16/May/2025:22:33:40 +0000] "GET /cat-products.php?id=83 HTTP/1.1" 200 4236 "-" "Mozilla/5.0 AppleWebKit/537.36 (KHTML, like Gecko; compatible; GPTBot/1.2; +https://openai.com/gptbot)"
217.182.175.163 - - [16/May/2025:22:33:40 +0000] "GET /newproducts.php/testimonials.php/cat-products.php?id=76/ HTTP/1.1" 200 3972 "-" "Mozilla/5.0 (compatible; MJ12bot/v1.4.8; http://mj12bot.com/)"
20.171.207.232 - - [16/May/2025:22:33:41 +0000] "GET /cat-products.php?id=99 HTTP/1.1" 200 4200 "-" "Mozilla/5.0 AppleWebKit/537.36 (KHTML, like Gecko; compatible; GPTBot/1.2; +https://openai.com/gptbot)"
217.182.175.163 - - [16/May/2025:22:33:42 +0000] "GET /newproducts.php/testimonials.php/cat-products.php?id=77/ HTTP/1.1" 200 3972 "-" "Mozilla/5.0 (compatible; MJ12bot/v1.4.8; http://mj12bot.com/)"
20.171.207.232 - - [16/May/2025:22:33:43 +0000] "GET /cat-products.php?id=72 HTTP/1.1" 200 5102 "-" "Mozilla/5.0 AppleWebKit/537.36 (KHTML, like Gecko; compatible; GPTBot/1.2; +https://openai.com/gptbot)"
20.171.207.232 - - [16/May/2025:22:33:44 +0000] "GET /galleryimg/59c433683843710e3d150398fa272115.jpg HTTP/1.1" 200 32892 "-" "Mozilla/5.0 AppleWebKit/537.36 (KHTML, like Gecko; compatible; GPTBot/1.2; +https://openai.com/gptbot)"
217.182.175.163 - - [16/May/2025:22:33:44 +0000] "GET /newproducts.php/testimonials.php/cat-products.php?id=78/ HTTP/1.1" 200 3972 "-" "Mozilla/5.0 (compatible; MJ12bot/v1.4.8; http://mj12bot.com/)"
20.171.207.232 - - [16/May/2025:22:33:45 +0000] "GET /prodcertingd-more.php?id=351 HTTP/1.1" 200 5313 "-" "Mozilla/5.0 AppleWebKit/537.36 (KHTML, like Gecko; compatible; GPTBot/1.2; +https://openai.com/gptbot)"
217.182.175.163 - - [16/May/2025:22:33:46 +0000] "GET /newproducts.php/testimonials.php/cat-products.php?id=79/ HTTP/1.1" 200 3972 "-" "Mozilla/5.0 (compatible; MJ12bot/v1.4.8; http://mj12bot.com/)"
20.171.207.232 - - [16/May/2025:22:33:46 +0000] "GET /galleryimg/78589dfb7f8864aecb3061df9d9aca99.jpg HTTP/1.1" 200 31570 "-" "Mozilla/5.0 AppleWebKit/537.36 (KHTML, like Gecko; compatible; GPTBot/1.2; +https://openai.com/gptbot)"
20.171.207.232 - - [16/May/2025:22:33:47 +0000] "GET /galleryimg/78494981_Basic%20Ayurveda%20Bhringarajasava_450ml.jpg HTTP/1.1" 200 640344 "-" "Mozilla/5.0 AppleWebKit/537.36 (KHTML, like Gecko; compatible; GPTBot/1.2; +https://openai.com/gptbot)"
217.182.175.163 - - [16/May/2025:22:33:47 +0000] "GET /newproducts.php/testimonials.php/cat-products.php?id=80/ HTTP/1.1" 200 3972 "-" "Mozilla/5.0 (compatible; MJ12bot/v1.4.8; http://mj12bot.com/)"
20.171.207.232 - - [16/May/2025:22:33:49 +0000] "GET /galleryimg/10339041_Basic%20Ayurveda%20Amritarishta_450ml.jpg HTTP/1.1" 200 643809 "-" "Mozilla/5.0 AppleWebKit/537.36 (KHTML, like Gecko; compatible; GPTBot/1.2; +https://openai.com/gptbot)"
217.182.175.163 - - [16/May/2025:22:33:49 +0000] "GET /newproducts.php/testimonials.php/cat-products.php?id=81/ HTTP/1.1" 200 3972 "-" "Mozilla/5.0 (compatible; MJ12bot/v1.4.8; http://mj12bot.com/)"
20.171.207.232 - - [16/May/2025:22:33:50 +0000] "GET /galleryimg/15599311_Basic%20Ayurveda%20Balaristha_450ml.jpg HTTP/1.1" 200 621048 "-" "Mozilla/5.0 AppleWebKit/537.36 (KHTML, like Gecko; compatible; GPTBot/1.2; +https://openai.com/gptbot)"
217.182.175.163 - - [16/May/2025:22:33:51 +0000] "GET /newproducts.php/testimonials.php/cat-products.php?id=82/ HTTP/1.1" 200 3972 "-" "Mozilla/5.0 (compatible; MJ12bot/v1.4.8; http://mj12bot.com/)"
20.171.207.232 - - [16/May/2025:22:33:51 +0000] "GET /galleryimg/15962141_Basic%20Ayurveda%20Chandanasava_450ml.jpg HTTP/1.1" 200 629440 "-" "Mozilla/5.0 AppleWebKit/537.36 (KHTML, like Gecko; compatible; GPTBot/1.2; +https://openai.com/gptbot)"
217.182.175.163 - - [16/May/2025:22:33:52 +0000] "GET /newproducts.php/testimonials.php/cat-products.php?id=83/ HTTP/1.1" 200 3972 "-" "Mozilla/5.0 (compatible; MJ12bot/v1.4.8; http://mj12bot.com/)"
20.171.207.232 - - [16/May/2025:22:33:53 +0000] "GET /galleryimg/4170481_Basic%20Ayurveda%20Arjunarishta_450ml.jpg HTTP/1.1" 200 640047 "-" "Mozilla/5.0 AppleWebKit/537.36 (KHTML, like Gecko; compatible; GPTBot/1.2; +https://openai.com/gptbot)"
20.171.207.232 - - [16/May/2025:22:33:54 +0000] "GET /galleryimg/91733911_Basic%20Ayurveda%20Rashnadi%20Guggulu.jpg HTTP/1.1" 200 241923 "-" "Mozilla/5.0 AppleWebKit/537.36 (KHTML, like Gecko; compatible; GPTBot/1.2; +https://openai.com/gptbot)"
217.182.175.163 - - [16/May/2025:22:33:54 +0000] "GET /pressreleaseandseminar.php/qualitycontrol.php/cat-products.php?id=65/ HTTP/1.1" 200 4738 "-" "Mozilla/5.0 (compatible; MJ12bot/v1.4.8; http://mj12bot.com/)"
20.171.207.232 - - [16/May/2025:22:33:55 +0000] "GET /galleryimg/de43db5d37980c85c743e2b794eb6b28.jpg HTTP/1.1" 200 32077 "-" "Mozilla/5.0 AppleWebKit/537.36 (KHTML, like Gecko; compatible; GPTBot/1.2; +https://openai.com/gptbot)"
217.182.175.163 - - [16/May/2025:22:33:56 +0000] "GET /pressreleaseandseminar.php/qualitycontrol.php/cat-products.php?id=66/ HTTP/1.1" 200 4772 "-" "Mozilla/5.0 (compatible; MJ12bot/v1.4.8; http://mj12bot.com/)"
20.171.207.232 - - [16/May/2025:22:33:56 +0000] "GET /galleryimg/536eabe61ac3e63c6fe4f3e5e07a1122.jpg HTTP/1.1" 200 37811 "-" "Mozilla/5.0 AppleWebKit/537.36 (KHTML, like Gecko; compatible; GPTBot/1.2; +https://openai.com/gptbot)"
20.171.207.232 - - [16/May/2025:22:33:57 +0000] "GET /galleryimg/43dce4204abb6e279739e2269f2c4bee.jpg HTTP/1.1" 200 37082 "-" "Mozilla/5.0 AppleWebKit/537.36 (KHTML, like Gecko; compatible; GPTBot/1.2; +https://openai.com/gptbot)"
217.182.175.163 - - [16/May/2025:22:33:58 +0000] "GET /pressreleaseandseminar.php/qualitycontrol.php/cat-products.php?id=67/ HTTP/1.1" 200 4772 "-" "Mozilla/5.0 (compatible; MJ12bot/v1.4.8; http://mj12bot.com/)"
20.171.207.232 - - [16/May/2025:22:33:58 +0000] "GET /galleryimg/6d5688cda3eabe9f0e59ce7cd590745c.jpg HTTP/1.1" 200 32713 "-" "Mozilla/5.0 AppleWebKit/537.36 (KHTML, like Gecko; compatible; GPTBot/1.2; +https://openai.com/gptbot)"
217.182.175.163 - - [16/May/2025:22:33:59 +0000] "GET /pressreleaseandseminar.php/qualitycontrol.php/cat-products.php?id=68/ HTTP/1.1" 200 4772 "-" "Mozilla/5.0 (compatible; MJ12bot/v1.4.8; http://mj12bot.com/)"
20.171.207.232 - - [16/May/2025:22:34:00 +0000] "GET /galleryimg/50420301_Basic%20Ayurveda%20Grass%20Meal%20(Wheat%20Grass%20Powder)_50g.jpg HTTP/1.1" 200 649943 "-" "Mozilla/5.0 AppleWebKit/537.36 (KHTML, like Gecko; compatible; GPTBot/1.2; +https://openai.com/gptbot)"
217.182.175.163 - - [16/May/2025:22:34:01 +0000] "GET /pressreleaseandseminar.php/qualitycontrol.php/cat-products.php?id=69/ HTTP/1.1" 200 4772 "-" "Mozilla/5.0 (compatible; MJ12bot/v1.4.8; http://mj12bot.com/)"
20.171.207.232 - - [16/May/2025:22:34:01 +0000] "GET /galleryimg/3250320Joint%20Sutra%20Capsule.jpg HTTP/1.1" 200 918561 "-" "Mozilla/5.0 AppleWebKit/537.36 (KHTML, like Gecko; compatible; GPTBot/1.2; +https://openai.com/gptbot)"
20.171.207.232 - - [16/May/2025:22:34:02 +0000] "GET /galleryimg/98479961-Basic%20Ayurveda%20Kankasava_450ml.jpg HTTP/1.1" 200 646344 "-" "Mozilla/5.0 AppleWebKit/537.36 (KHTML, like Gecko; compatible; GPTBot/1.2; +https://openai.com/gptbot)"
217.182.175.163 - - [16/May/2025:22:34:03 +0000] "GET /pressreleaseandseminar.php/qualitycontrol.php/cat-products.php?id=70/ HTTP/1.1" 200 4772 "-" "Mozilla/5.0 (compatible; MJ12bot/v1.4.8; http://mj12bot.com/)"
20.171.207.232 - - [16/May/2025:22:34:03 +0000] "GET /galleryimg/97375151_Basic%20Ayurveda%20Mahasudarshan%20Churna%20_100g.jpg HTTP/1.1" 200 282166 "-" "Mozilla/5.0 AppleWebKit/537.36 (KHTML, like Gecko; compatible; GPTBot/1.2; +https://openai.com/gptbot)"
217.182.175.163 - - [16/May/2025:22:34:04 +0000] "GET /pressreleaseandseminar.php/qualitycontrol.php/cat-products.php?id=71/ HTTP/1.1" 200 4772 "-" "Mozilla/5.0 (compatible; MJ12bot/v1.4.8; http://mj12bot.com/)"
20.171.207.232 - - [16/May/2025:22:34:05 +0000] "GET /galleryimg/73284941_Basic%20Ayurveda%20Nirgundi%20Ras%20500ml.jpg HTTP/1.1" 200 588803 "-" "Mozilla/5.0 AppleWebKit/537.36 (KHTML, like Gecko; compatible; GPTBot/1.2; +https://openai.com/gptbot)"
20.171.207.232 - - [16/May/2025:22:34:06 +0000] "GET /galleryimg/60072251_Basic%20Ayurveda%20Maharasnadi%20Kadha_450ml.jpg HTTP/1.1" 200 653770 "-" "Mozilla/5.0 AppleWebKit/537.36 (KHTML, like Gecko; compatible; GPTBot/1.2; +https://openai.com/gptbot)"
217.182.175.163 - - [16/May/2025:22:34:06 +0000] "GET /pressreleaseandseminar.php/qualitycontrol.php/cat-products.php?id=72/ HTTP/1.1" 200 4772 "-" "Mozilla/5.0 (compatible; MJ12bot/v1.4.8; http://mj12bot.com/)"
20.171.207.232 - - [16/May/2025:22:34:07 +0000] "GET /prodcertingd-more.php?id=441 HTTP/1.1" 200 5107 "-" "Mozilla/5.0 AppleWebKit/537.36 (KHTML, like Gecko; compatible; GPTBot/1.2; +https://openai.com/gptbot)"
217.182.175.163 - - [16/May/2025:22:34:08 +0000] "GET /pressreleaseandseminar.php/qualitycontrol.php/cat-products.php?id=73/ HTTP/1.1" 200 4772 "-" "Mozilla/5.0 (compatible; MJ12bot/v1.4.8; http://mj12bot.com/)"
20.171.207.232 - - [16/May/2025:22:34:08 +0000] "GET /prodcertingd-more.php?id=268 HTTP/1.1" 200 5032 "-" "Mozilla/5.0 AppleWebKit/537.36 (KHTML, like Gecko; compatible; GPTBot/1.2; +https://openai.com/gptbot)"
20.171.207.232 - - [16/May/2025:22:34:09 +0000] "GET /prodcertingd-more.php?id=346 HTTP/1.1" 200 4980 "-" "Mozilla/5.0 AppleWebKit/537.36 (KHTML, like Gecko; compatible; GPTBot/1.2; +https://openai.com/gptbot)"
217.182.175.163 - - [16/May/2025:22:34:09 +0000] "GET /pressreleaseandseminar.php/qualitycontrol.php/cat-products.php?id=74/ HTTP/1.1" 200 4772 "-" "Mozilla/5.0 (compatible; MJ12bot/v1.4.8; http://mj12bot.com/)"
20.171.207.232 - - [16/May/2025:22:34:10 +0000] "GET /prodcertingd-more.php?id=175 HTTP/1.1" 200 5164 "-" "Mozilla/5.0 AppleWebKit/537.36 (KHTML, like Gecko; compatible; GPTBot/1.2; +https://openai.com/gptbot)"
217.182.175.163 - - [16/May/2025:22:34:11 +0000] "GET /pressreleaseandseminar.php/qualitycontrol.php/cat-products.php?id=75/ HTTP/1.1" 200 4738 "-" "Mozilla/5.0 (compatible; MJ12bot/v1.4.8; http://mj12bot.com/)"
20.171.207.232 - - [16/May/2025:22:34:11 +0000] "GET /prodcertingd-more.php?id=299 HTTP/1.1" 200 4909 "-" "Mozilla/5.0 AppleWebKit/537.36 (KHTML, like Gecko; compatible; GPTBot/1.2; +https://openai.com/gptbot)"
217.182.175.163 - - [16/May/2025:22:34:13 +0000] "GET /pressreleaseandseminar.php/qualitycontrol.php/cat-products.php?id=76/ HTTP/1.1" 200 4738 "-" "Mozilla/5.0 (compatible; MJ12bot/v1.4.8; http://mj12bot.com/)"
20.171.207.232 - - [16/May/2025:22:34:13 +0000] "GET /prodcertingd-more.php?id=445 HTTP/1.1" 200 5126 "-" "Mozilla/5.0 AppleWebKit/537.36 (KHTML, like Gecko; compatible; GPTBot/1.2; +https://openai.com/gptbot)"
20.171.207.232 - - [16/May/2025:22:34:14 +0000] "GET /prodcertingd-more.php?id=238 HTTP/1.1" 200 5299 "-" "Mozilla/5.0 AppleWebKit/537.36 (KHTML, like Gecko; compatible; GPTBot/1.2; +https://openai.com/gptbot)"
217.182.175.163 - - [16/May/2025:22:34:14 +0000] "GET /pressreleaseandseminar.php/qualitycontrol.php/cat-products.php?id=77/ HTTP/1.1" 200 4772 "-" "Mozilla/5.0 (compatible; MJ12bot/v1.4.8; http://mj12bot.com/)"
20.171.207.232 - - [16/May/2025:22:34:15 +0000] "GET /prodcertingd-more.php?id=362 HTTP/1.1" 200 5299 "-" "Mozilla/5.0 AppleWebKit/537.36 (KHTML, like Gecko; compatible; GPTBot/1.2; +https://openai.com/gptbot)"
217.182.175.163 - - [16/May/2025:22:34:16 +0000] "GET /pressreleaseandseminar.php/qualitycontrol.php/cat-products.php?id=78/ HTTP/1.1" 200 4738 "-" "Mozilla/5.0 (compatible; MJ12bot/v1.4.8; http://mj12bot.com/)"
20.171.207.232 - - [16/May/2025:22:34:16 +0000] "GET /prodcertingd-more.php?id=382 HTTP/1.1" 200 5065 "-" "Mozilla/5.0 AppleWebKit/537.36 (KHTML, like Gecko; compatible; GPTBot/1.2; +https://openai.com/gptbot)"
20.171.207.232 - - [16/May/2025:22:34:17 +0000] "GET /prodcertingd-more.php?id=232 HTTP/1.1" 200 4925 "-" "Mozilla/5.0 AppleWebKit/537.36 (KHTML, like Gecko; compatible; GPTBot/1.2; +https://openai.com/gptbot)"
217.182.175.163 - - [16/May/2025:22:34:18 +0000] "GET /pressreleaseandseminar.php/qualitycontrol.php/cat-products.php?id=79/ HTTP/1.1" 200 4738 "-" "Mozilla/5.0 (compatible; MJ12bot/v1.4.8; http://mj12bot.com/)"
20.171.207.232 - - [16/May/2025:22:34:18 +0000] "GET /galleryimg/3167869Thyro%20Meal%20Syrup.jpg HTTP/1.1" 200 1288597 "-" "Mozilla/5.0 AppleWebKit/537.36 (KHTML, like Gecko; compatible; GPTBot/1.2; +https://openai.com/gptbot)"
217.182.175.163 - - [16/May/2025:22:34:19 +0000] "GET /pressreleaseandseminar.php/qualitycontrol.php/cat-products.php?id=80/ HTTP/1.1" 200 4772 "-" "Mozilla/5.0 (compatible; MJ12bot/v1.4.8; http://mj12bot.com/)"
20.171.207.232 - - [16/May/2025:22:34:20 +0000] "GET /galleryimg/7538513Rasnadi%20Guggulu.jpg HTTP/1.1" 200 1439761 "-" "Mozilla/5.0 AppleWebKit/537.36 (KHTML, like Gecko; compatible; GPTBot/1.2; +https://openai.com/gptbot)"
217.182.175.163 - - [16/May/2025:22:34:21 +0000] "GET /pressreleaseandseminar.php/qualitycontrol.php/cat-products.php?id=81/ HTTP/1.1" 200 4772 "-" "Mozilla/5.0 (compatible; MJ12bot/v1.4.8; http://mj12bot.com/)"
20.171.207.232 - - [16/May/2025:22:34:22 +0000] "GET /galleryimg/5338063Feverish%20Capsule.jpg HTTP/1.1" 200 1293042 "-" "Mozilla/5.0 AppleWebKit/537.36 (KHTML, like Gecko; compatible; GPTBot/1.2; +https://openai.com/gptbot)"
217.182.175.163 - - [16/May/2025:22:34:23 +0000] "GET /pressreleaseandseminar.php/qualitycontrol.php/cat-products.php?id=82/ HTTP/1.1" 200 4738 "-" "Mozilla/5.0 (compatible; MJ12bot/v1.4.8; http://mj12bot.com/)"
20.171.207.232 - - [16/May/2025:22:34:23 +0000] "GET /galleryimg/6565890Nirgundi%20Ras.jpg HTTP/1.1" 200 953942 "-" "Mozilla/5.0 AppleWebKit/537.36 (KHTML, like Gecko; compatible; GPTBot/1.2; +https://openai.com/gptbot)"
217.182.175.163 - - [16/May/2025:22:34:25 +0000] "GET /pressreleaseandseminar.php/qualitycontrol.php/cat-products.php?id=83/ HTTP/1.1" 200 4803 "-" "Mozilla/5.0 (compatible; MJ12bot/v1.4.8; http://mj12bot.com/)"
20.171.207.232 - - [16/May/2025:22:34:25 +0000] "GET /galleryimg/6531855kewada%20ark.jpg HTTP/1.1" 200 554080 "-" "Mozilla/5.0 AppleWebKit/537.36 (KHTML, like Gecko; compatible; GPTBot/1.2; +https://openai.com/gptbot)"
217.182.175.163 - - [16/May/2025:22:34:26 +0000] "GET /pressreleaseandseminar.php/qualitycontrol.php/cat-products.php?id=84/ HTTP/1.1" 200 4772 "-" "Mozilla/5.0 (compatible; MJ12bot/v1.4.8; http://mj12bot.com/)"
20.171.207.232 - - [16/May/2025:22:34:26 +0000] "GET /galleryimg/5387860Panch%20Basil%20Drop.jpg HTTP/1.1" 200 700616 "-" "Mozilla/5.0 AppleWebKit/537.36 (KHTML, like Gecko; compatible; GPTBot/1.2; +https://openai.com/gptbot)"
20.171.207.232 - - [16/May/2025:22:34:28 +0000] "GET /galleryimg/3569844Mahayograj%20Guggulu.jpg HTTP/1.1" 200 75441 "-" "Mozilla/5.0 AppleWebKit/537.36 (KHTML, like Gecko; compatible; GPTBot/1.2; +https://openai.com/gptbot)"
217.182.175.163 - - [16/May/2025:22:34:28 +0000] "GET /pressreleaseandseminar.php/qualitycontrol.php/cat-products.php?id=85/ HTTP/1.1" 200 4772 "-" "Mozilla/5.0 (compatible; MJ12bot/v1.4.8; http://mj12bot.com/)"
20.171.207.232 - - [16/May/2025:22:34:29 +0000] "GET /prodcertingd-more.php?id=104 HTTP/1.1" 200 5531 "-" "Mozilla/5.0 AppleWebKit/537.36 (KHTML, like Gecko; compatible; GPTBot/1.2; +https://openai.com/gptbot)"
217.182.175.163 - - [16/May/2025:22:34:30 +0000] "GET /pressreleaseandseminar.php/qualitycontrol.php/cat-products.php?id=86/ HTTP/1.1" 200 4738 "-" "Mozilla/5.0 (compatible; MJ12bot/v1.4.8; http://mj12bot.com/)"
20.171.207.232 - - [16/May/2025:22:34:30 +0000] "GET /galleryimg/1919288Jirakarishta.jpg HTTP/1.1" 200 697524 "-" "Mozilla/5.0 AppleWebKit/537.36 (KHTML, like Gecko; compatible; GPTBot/1.2; +https://openai.com/gptbot)"
20.171.207.232 - - [16/May/2025:22:34:31 +0000] "GET /prodcertingd-more.php?id=169 HTTP/1.1" 200 4982 "-" "Mozilla/5.0 AppleWebKit/537.36 (KHTML, like Gecko; compatible; GPTBot/1.2; +https://openai.com/gptbot)"
217.182.175.163 - - [16/May/2025:22:34:31 +0000] "GET /pressreleaseandseminar.php/qualitycontrol.php/cat-products.php?id=87/ HTTP/1.1" 200 4772 "-" "Mozilla/5.0 (compatible; MJ12bot/v1.4.8; http://mj12bot.com/)"
20.171.207.232 - - [16/May/2025:22:34:32 +0000] "GET /prodcertingd-more.php?id=134 HTTP/1.1" 200 5157 "-" "Mozilla/5.0 AppleWebKit/537.36 (KHTML, like Gecko; compatible; GPTBot/1.2; +https://openai.com/gptbot)"
217.182.175.163 - - [16/May/2025:22:34:33 +0000] "GET /pressreleaseandseminar.php/qualitycontrol.php/cat-products.php?id=89/ HTTP/1.1" 200 4772 "-" "Mozilla/5.0 (compatible; MJ12bot/v1.4.8; http://mj12bot.com/)"
20.171.207.232 - - [16/May/2025:22:34:34 +0000] "GET /prodcertingd-more.php?id=376 HTTP/1.1" 200 4853 "-" "Mozilla/5.0 AppleWebKit/537.36 (KHTML, like Gecko; compatible; GPTBot/1.2; +https://openai.com/gptbot)"
217.182.175.163 - - [16/May/2025:22:34:34 +0000] "GET /pressreleaseandseminar.php/testimonials.php/cat-products.php?id=98/ HTTP/1.1" 200 4772 "-" "Mozilla/5.0 (compatible; MJ12bot/v1.4.8; http://mj12bot.com/)"
20.171.207.232 - - [16/May/2025:22:34:35 +0000] "GET /prodcertingd-more.php?id=426 HTTP/1.1" 200 5480 "-" "Mozilla/5.0 AppleWebKit/537.36 (KHTML, like Gecko; compatible; GPTBot/1.2; +https://openai.com/gptbot)"
20.171.207.232 - - [16/May/2025:22:34:36 +0000] "GET /prodcertingd-more.php?id=244 HTTP/1.1" 200 4878 "-" "Mozilla/5.0 AppleWebKit/537.36 (KHTML, like Gecko; compatible; GPTBot/1.2; +https://openai.com/gptbot)"
217.182.175.163 - - [16/May/2025:22:34:36 +0000] "GET /pressreleaseandseminar.php/testimonials.php/cat-products.php?id=99/ HTTP/1.1" 200 4772 "-" "Mozilla/5.0 (compatible; MJ12bot/v1.4.8; http://mj12bot.com/)"
20.171.207.232 - - [16/May/2025:22:34:37 +0000] "GET /prodcertingd-more.php?id=300 HTTP/1.1" 200 5035 "-" "Mozilla/5.0 AppleWebKit/537.36 (KHTML, like Gecko; compatible; GPTBot/1.2; +https://openai.com/gptbot)"
20.171.207.232 - - [16/May/2025:22:34:38 +0000] "GET /prodcertingd-more.php?id=250 HTTP/1.1" 200 4934 "-" "Mozilla/5.0 AppleWebKit/537.36 (KHTML, like Gecko; compatible; GPTBot/1.2; +https://openai.com/gptbot)"
20.171.207.232 - - [16/May/2025:22:34:39 +0000] "GET /prodcertingd-more.php?id=396 HTTP/1.1" 200 5338 "-" "Mozilla/5.0 AppleWebKit/537.36 (KHTML, like Gecko; compatible; GPTBot/1.2; +https://openai.com/gptbot)"
20.171.207.232 - - [16/May/2025:22:34:41 +0000] "GET /galleryimg/56014d0a96bf293cfc807b4ee9758271.jpg HTTP/1.1" 200 73878 "-" "Mozilla/5.0 AppleWebKit/537.36 (KHTML, like Gecko; compatible; GPTBot/1.2; +https://openai.com/gptbot)"
20.171.207.232 - - [16/May/2025:22:34:42 +0000] "GET /galleryimg/517361Methi%20Powder.jpg HTTP/1.1" 200 804722 "-" "Mozilla/5.0 AppleWebKit/537.36 (KHTML, like Gecko; compatible; GPTBot/1.2; +https://openai.com/gptbot)"
20.171.207.232 - - [16/May/2025:22:34:43 +0000] "GET /prodcertingd-more.php?id=146 HTTP/1.1" 200 5234 "-" "Mozilla/5.0 AppleWebKit/537.36 (KHTML, like Gecko; compatible; GPTBot/1.2; +https://openai.com/gptbot)"
20.171.207.232 - - [16/May/2025:22:34:44 +0000] "GET /galleryimg/5924969Amritarishta.jpg HTTP/1.1" 200 107222 "-" "Mozilla/5.0 AppleWebKit/537.36 (KHTML, like Gecko; compatible; GPTBot/1.2; +https://openai.com/gptbot)"
20.171.207.232 - - [16/May/2025:22:34:46 +0000] "GET /prodcertingd-more.php?id=374 HTTP/1.1" 200 5368 "-" "Mozilla/5.0 AppleWebKit/537.36 (KHTML, like Gecko; compatible; GPTBot/1.2; +https://openai.com/gptbot)"
20.171.207.232 - - [16/May/2025:22:34:47 +0000] "GET /galleryimg/6106893Lakshadi%20Guggulu.jpg HTTP/1.1" 200 505674 "-" "Mozilla/5.0 AppleWebKit/537.36 (KHTML, like Gecko; compatible; GPTBot/1.2; +https://openai.com/gptbot)"
20.171.207.232 - - [16/May/2025:22:34:48 +0000] "GET /galleryimg/8223428Brihat%20Kasthoori%20Bharaiv%20Ras.jpg HTTP/1.1" 200 76827 "-" "Mozilla/5.0 AppleWebKit/537.36 (KHTML, like Gecko; compatible; GPTBot/1.2; +https://openai.com/gptbot)"
20.171.207.232 - - [16/May/2025:22:34:50 +0000] "GET /galleryimg/6508117Ark%20Pudina.jpg HTTP/1.1" 200 509359 "-" "Mozilla/5.0 AppleWebKit/537.36 (KHTML, like Gecko; compatible; GPTBot/1.2; +https://openai.com/gptbot)"
20.171.207.232 - - [16/May/2025:22:34:51 +0000] "GET /galleryimg/8416135VishamJohrantak%20Loh.jpg HTTP/1.1" 200 78872 "-" "Mozilla/5.0 AppleWebKit/537.36 (KHTML, like Gecko; compatible; GPTBot/1.2; +https://openai.com/gptbot)"
20.171.207.232 - - [16/May/2025:22:34:52 +0000] "GET /galleryimg/7420199Ayurh%20Tablet.jpg HTTP/1.1" 200 1333330 "-" "Mozilla/5.0 AppleWebKit/537.36 (KHTML, like Gecko; compatible; GPTBot/1.2; +https://openai.com/gptbot)"
20.171.207.232 - - [16/May/2025:22:34:54 +0000] "GET /prodcertingd-more.php?id=158 HTTP/1.1" 200 4902 "-" "Mozilla/5.0 AppleWebKit/537.36 (KHTML, like Gecko; compatible; GPTBot/1.2; +https://openai.com/gptbot)"
20.171.207.232 - - [16/May/2025:22:34:55 +0000] "GET /prodcertingd-more.php?id=133 HTTP/1.1" 200 5283 "-" "Mozilla/5.0 AppleWebKit/537.36 (KHTML, like Gecko; compatible; GPTBot/1.2; +https://openai.com/gptbot)"
20.171.207.232 - - [16/May/2025:22:34:56 +0000] "GET /galleryimg/5890229Maharasnadi%20Kadha.jpg HTTP/1.1" 200 128267 "-" "Mozilla/5.0 AppleWebKit/537.36 (KHTML, like Gecko; compatible; GPTBot/1.2; +https://openai.com/gptbot)"
20.171.207.232 - - [16/May/2025:22:34:57 +0000] "GET /prodcertingd-more.php?id=155 HTTP/1.1" 200 5413 "-" "Mozilla/5.0 AppleWebKit/537.36 (KHTML, like Gecko; compatible; GPTBot/1.2; +https://openai.com/gptbot)"
20.171.207.232 - - [16/May/2025:22:34:58 +0000] "GET /prodcertingd-more.php?id=352 HTTP/1.1" 200 5081 "-" "Mozilla/5.0 AppleWebKit/537.36 (KHTML, like Gecko; compatible; GPTBot/1.2; +https://openai.com/gptbot)"
20.171.207.232 - - [16/May/2025:22:34:59 +0000] "GET /prodcertingd-more.php?id=230 HTTP/1.1" 200 4912 "-" "Mozilla/5.0 AppleWebKit/537.36 (KHTML, like Gecko; compatible; GPTBot/1.2; +https://openai.com/gptbot)"
20.171.207.232 - - [16/May/2025:22:35:01 +0000] "GET /prodcertingd-more.php?id=361 HTTP/1.1" 200 5232 "-" "Mozilla/5.0 AppleWebKit/537.36 (KHTML, like Gecko; compatible; GPTBot/1.2; +https://openai.com/gptbot)"
20.171.207.232 - - [16/May/2025:22:35:02 +0000] "GET /prodcertingd-more.php?id=287 HTTP/1.1" 200 5076 "-" "Mozilla/5.0 AppleWebKit/537.36 (KHTML, like Gecko; compatible; GPTBot/1.2; +https://openai.com/gptbot)"
20.171.207.232 - - [16/May/2025:22:35:03 +0000] "GET /prodcertingd-more.php?id=313 HTTP/1.1" 200 5056 "-" "Mozilla/5.0 AppleWebKit/537.36 (KHTML, like Gecko; compatible; GPTBot/1.2; +https://openai.com/gptbot)"
20.171.207.232 - - [16/May/2025:22:35:04 +0000] "GET /galleryimg/2451081Saunf%20Ark.jpg HTTP/1.1" 200 69581 "-" "Mozilla/5.0 AppleWebKit/537.36 (KHTML, like Gecko; compatible; GPTBot/1.2; +https://openai.com/gptbot)"
20.171.207.232 - - [16/May/2025:22:35:05 +0000] "GET /prodcertingd-more.php?id=308 HTTP/1.1" 200 4980 "-" "Mozilla/5.0 AppleWebKit/537.36 (KHTML, like Gecko; compatible; GPTBot/1.2; +https://openai.com/gptbot)"
20.171.207.232 - - [16/May/2025:22:35:06 +0000] "GET /galleryimg/4922478Chandnasava.jpg HTTP/1.1" 200 85806 "-" "Mozilla/5.0 AppleWebKit/537.36 (KHTML, like Gecko; compatible; GPTBot/1.2; +https://openai.com/gptbot)"
20.171.207.232 - - [16/May/2025:22:35:08 +0000] "GET /prodcertingd-more.php?id=322 HTTP/1.1" 200 5203 "-" "Mozilla/5.0 AppleWebKit/537.36 (KHTML, like Gecko; compatible; GPTBot/1.2; +https://openai.com/gptbot)"
20.171.207.232 - - [16/May/2025:22:35:09 +0000] "GET /galleryimg/6117868Gulkand.jpg HTTP/1.1" 200 268566 "-" "Mozilla/5.0 AppleWebKit/537.36 (KHTML, like Gecko; compatible; GPTBot/1.2; +https://openai.com/gptbot)"
20.171.207.232 - - [16/May/2025:22:35:10 +0000] "GET /galleryimg/4802439Tantra%20Sutra%20Capsle.jpg HTTP/1.1" 200 1478818 "-" "Mozilla/5.0 AppleWebKit/537.36 (KHTML, like Gecko; compatible; GPTBot/1.2; +https://openai.com/gptbot)"
20.171.207.232 - - [16/May/2025:22:35:11 +0000] "GET /galleryimg/7868320Mahalaxmi%20Villas%20Ras.jpg HTTP/1.1" 200 272171 "-" "Mozilla/5.0 AppleWebKit/537.36 (KHTML, like Gecko; compatible; GPTBot/1.2; +https://openai.com/gptbot)"
20.171.207.232 - - [16/May/2025:22:35:12 +0000] "GET /prodcertingd-more.php?id=266 HTTP/1.1" 200 5228 "-" "Mozilla/5.0 AppleWebKit/537.36 (KHTML, like Gecko; compatible; GPTBot/1.2; +https://openai.com/gptbot)"
20.171.207.232 - - [16/May/2025:22:35:14 +0000] "GET /prodcertingd-more.php?id=315 HTTP/1.1" 200 5359 "-" "Mozilla/5.0 AppleWebKit/537.36 (KHTML, like Gecko; compatible; GPTBot/1.2; +https://openai.com/gptbot)"
20.171.207.232 - - [16/May/2025:22:35:15 +0000] "GET /galleryimg/4801806hydrame%20lotion.jpg HTTP/1.1" 200 491502 "-" "Mozilla/5.0 AppleWebKit/537.36 (KHTML, like Gecko; compatible; GPTBot/1.2; +https://openai.com/gptbot)"
20.171.207.232 - - [16/May/2025:22:35:16 +0000] "GET /prodcertingd-more.php?id=323 HTTP/1.1" 200 4929 "-" "Mozilla/5.0 AppleWebKit/537.36 (KHTML, like Gecko; compatible; GPTBot/1.2; +https://openai.com/gptbot)"
20.171.207.232 - - [16/May/2025:22:35:18 +0000] "GET /galleryimg/4573556aloe-margorsa%20gel.jpg HTTP/1.1" 200 554199 "-" "Mozilla/5.0 AppleWebKit/537.36 (KHTML, like Gecko; compatible; GPTBot/1.2; +https://openai.com/gptbot)"
20.171.207.232 - - [16/May/2025:22:35:19 +0000] "GET /prodcertingd-more.php?id=350 HTTP/1.1" 200 5121 "-" "Mozilla/5.0 AppleWebKit/537.36 (KHTML, like Gecko; compatible; GPTBot/1.2; +https://openai.com/gptbot)"
20.171.207.232 - - [16/May/2025:22:35:20 +0000] "GET /galleryimg/8285887walnut%20apricot%20scrub.jpg HTTP/1.1" 200 644057 "-" "Mozilla/5.0 AppleWebKit/537.36 (KHTML, like Gecko; compatible; GPTBot/1.2; +https://openai.com/gptbot)"
20.171.207.232 - - [16/May/2025:22:35:22 +0000] "GET /prodcertingd-more.php?id=270 HTTP/1.1" 200 5375 "-" "Mozilla/5.0 AppleWebKit/537.36 (KHTML, like Gecko; compatible; GPTBot/1.2; +https://openai.com/gptbot)"
20.171.207.232 - - [16/May/2025:22:35:23 +0000] "GET /prodcertingd-more.php?id=356 HTTP/1.1" 200 4899 "-" "Mozilla/5.0 AppleWebKit/537.36 (KHTML, like Gecko; compatible; GPTBot/1.2; +https://openai.com/gptbot)"
20.171.207.232 - - [16/May/2025:22:35:24 +0000] "GET /prodcertingd-more.php?id=110 HTTP/1.1" 200 4954 "-" "Mozilla/5.0 AppleWebKit/537.36 (KHTML, like Gecko; compatible; GPTBot/1.2; +https://openai.com/gptbot)"
20.171.207.232 - - [16/May/2025:22:35:25 +0000] "GET /galleryimg/5905215Kachnar%20Guggulu.jpg HTTP/1.1" 200 1190252 "-" "Mozilla/5.0 AppleWebKit/537.36 (KHTML, like Gecko; compatible; GPTBot/1.2; +https://openai.com/gptbot)"
20.171.207.232 - - [16/May/2025:22:35:27 +0000] "GET /prodcertingd-more.php?id=295 HTTP/1.1" 200 5024 "-" "Mozilla/5.0 AppleWebKit/537.36 (KHTML, like Gecko; compatible; GPTBot/1.2; +https://openai.com/gptbot)"
20.171.207.232 - - [16/May/2025:22:35:29 +0000] "GET /galleryimg/3749219banslochan.jpg HTTP/1.1" 200 746793 "-" "Mozilla/5.0 AppleWebKit/537.36 (KHTML, like Gecko; compatible; GPTBot/1.2; +https://openai.com/gptbot)"
20.171.207.232 - - [16/May/2025:22:35:30 +0000] "GET /prodcertingd-more.php?id=450 HTTP/1.1" 200 5145 "-" "Mozilla/5.0 AppleWebKit/537.36 (KHTML, like Gecko; compatible; GPTBot/1.2; +https://openai.com/gptbot)"
20.171.207.232 - - [16/May/2025:22:35:32 +0000] "GET /prodcertingd-more.php?id=447 HTTP/1.1" 200 5038 "-" "Mozilla/5.0 AppleWebKit/537.36 (KHTML, like Gecko; compatible; GPTBot/1.2; +https://openai.com/gptbot)"
20.171.207.232 - - [16/May/2025:22:35:33 +0000] "GET /galleryimg/3510715Senior%20Plus%20Capsule.jpg HTTP/1.1" 200 752753 "-" "Mozilla/5.0 AppleWebKit/537.36 (KHTML, like Gecko; compatible; GPTBot/1.2; +https://openai.com/gptbot)"
20.171.207.232 - - [16/May/2025:22:35:35 +0000] "GET /prodcertingd-more.php?id=239 HTTP/1.1" 200 5193 "-" "Mozilla/5.0 AppleWebKit/537.36 (KHTML, like Gecko; compatible; GPTBot/1.2; +https://openai.com/gptbot)"
20.171.207.232 - - [16/May/2025:22:35:36 +0000] "GET /prodcertingd-more.php?id=309 HTTP/1.1" 200 4985 "-" "Mozilla/5.0 AppleWebKit/537.36 (KHTML, like Gecko; compatible; GPTBot/1.2; +https://openai.com/gptbot)"
20.171.207.232 - - [16/May/2025:22:35:37 +0000] "GET /prodcertingd-more.php?id=120 HTTP/1.1" 200 5328 "-" "Mozilla/5.0 AppleWebKit/537.36 (KHTML, like Gecko; compatible; GPTBot/1.2; +https://openai.com/gptbot)"
20.171.207.232 - - [16/May/2025:22:35:39 +0000] "GET /galleryimg/4948744Gold%20Meadows%20Pure%20Honey.jpg HTTP/1.1" 200 1130628 "-" "Mozilla/5.0 AppleWebKit/537.36 (KHTML, like Gecko; compatible; GPTBot/1.2; +https://openai.com/gptbot)"
20.171.207.232 - - [16/May/2025:22:35:40 +0000] "GET /prodcertingd-more.php?id=181 HTTP/1.1" 200 4912 "-" "Mozilla/5.0 AppleWebKit/537.36 (KHTML, like Gecko; compatible; GPTBot/1.2; +https://openai.com/gptbot)"
20.171.207.232 - - [16/May/2025:22:35:42 +0000] "GET /prodcertingd-more.php?id=366 HTTP/1.1" 200 4929 "-" "Mozilla/5.0 AppleWebKit/537.36 (KHTML, like Gecko; compatible; GPTBot/1.2; +https://openai.com/gptbot)"
20.171.207.232 - - [16/May/2025:22:35:44 +0000] "GET /galleryimg/8927245aamla%20murabba.jpg HTTP/1.1" 200 558745 "-" "Mozilla/5.0 AppleWebKit/537.36 (KHTML, like Gecko; compatible; GPTBot/1.2; +https://openai.com/gptbot)"
20.171.207.232 - - [16/May/2025:22:35:45 +0000] "GET /galleryimg/1027770Castor%20Oil.jpg HTTP/1.1" 200 593427 "-" "Mozilla/5.0 AppleWebKit/537.36 (KHTML, like Gecko; compatible; GPTBot/1.2; +https://openai.com/gptbot)"
20.171.207.232 - - [16/May/2025:22:35:47 +0000] "GET /galleryimg/4789473Lahsun%20Tablet.jpg HTTP/1.1" 200 639790 "-" "Mozilla/5.0 AppleWebKit/537.36 (KHTML, like Gecko; compatible; GPTBot/1.2; +https://openai.com/gptbot)"
20.171.207.232 - - [16/May/2025:22:35:48 +0000] "GET /prodcertingd-more.php?id=118 HTTP/1.1" 200 5102 "-" "Mozilla/5.0 AppleWebKit/537.36 (KHTML, like Gecko; compatible; GPTBot/1.2; +https://openai.com/gptbot)"
20.171.207.232 - - [16/May/2025:22:35:50 +0000] "GET /prodcertingd-more.php?id=289 HTTP/1.1" 200 5508 "-" "Mozilla/5.0 AppleWebKit/537.36 (KHTML, like Gecko; compatible; GPTBot/1.2; +https://openai.com/gptbot)"
20.171.207.232 - - [16/May/2025:22:35:51 +0000] "GET /galleryimg/2498528bambu%20hair%20shampoo.jpg HTTP/1.1" 200 640049 "-" "Mozilla/5.0 AppleWebKit/537.36 (KHTML, like Gecko; compatible; GPTBot/1.2; +https://openai.com/gptbot)"
20.171.207.232 - - [16/May/2025:22:35:52 +0000] "GET /galleryimg/80b40c304cd9a34ec34b64ba97187464.jpg HTTP/1.1" 200 113777 "-" "Mozilla/5.0 AppleWebKit/537.36 (KHTML, like Gecko; compatible; GPTBot/1.2; +https://openai.com/gptbot)"
20.171.207.232 - - [16/May/2025:22:35:53 +0000] "GET /prodcertingd-more.php?id=365 HTTP/1.1" 200 5090 "-" "Mozilla/5.0 AppleWebKit/537.36 (KHTML, like Gecko; compatible; GPTBot/1.2; +https://openai.com/gptbot)"
20.171.207.232 - - [16/May/2025:22:35:54 +0000] "GET /prodcertingd-more.php?id=359 HTTP/1.1" 200 5173 "-" "Mozilla/5.0 AppleWebKit/537.36 (KHTML, like Gecko; compatible; GPTBot/1.2; +https://openai.com/gptbot)"
20.171.207.232 - - [16/May/2025:22:35:56 +0000] "GET /galleryimg/3914053Shadang%20Juice.jpg HTTP/1.1" 200 968423 "-" "Mozilla/5.0 AppleWebKit/537.36 (KHTML, like Gecko; compatible; GPTBot/1.2; +https://openai.com/gptbot)"
20.171.207.232 - - [16/May/2025:22:35:57 +0000] "GET /prodcertingd-more.php?id=380 HTTP/1.1" 200 5048 "-" "Mozilla/5.0 AppleWebKit/537.36 (KHTML, like Gecko; compatible; GPTBot/1.2; +https://openai.com/gptbot)"
20.171.207.232 - - [16/May/2025:22:35:59 +0000] "GET /prodcertingd-more.php?id=269 HTTP/1.1" 200 4955 "-" "Mozilla/5.0 AppleWebKit/537.36 (KHTML, like Gecko; compatible; GPTBot/1.2; +https://openai.com/gptbot)"
20.171.207.232 - - [16/May/2025:22:36:01 +0000] "GET /prodcertingd-more.php?id=179 HTTP/1.1" 200 5150 "-" "Mozilla/5.0 AppleWebKit/537.36 (KHTML, like Gecko; compatible; GPTBot/1.2; +https://openai.com/gptbot)"
20.171.207.232 - - [16/May/2025:22:36:02 +0000] "GET /galleryimg/6282202Arjunarishta.jpg HTTP/1.1" 200 89905 "-" "Mozilla/5.0 AppleWebKit/537.36 (KHTML, like Gecko; compatible; GPTBot/1.2; +https://openai.com/gptbot)"
