195.191.219.150 - - [16/May/2025:17:48:37 +0000] "GET /certificate.php/certificate.php/certificate.php/certificate.php/products.php/cat-products.php?id=80 HTTP/1.1" 200 4912 "-" "Mozilla/5.0 (compatible; MJ12bot/v2.0.1; http://mj12bot.com/)"
144.172.103.171 - - [16/May/2025:17:48:37 +0000] "POST /wp.php HTTP/1.1" 403 199 "-" "Mozlila/5.0 (Linux; Android 7.0; SM-G892A Bulid/NRD90M; wv) AppleWebKit/537.36 (KHTML, like Gecko) Version/4.0 Chrome/60.0.3112.107 Moblie Safari/537.36"
4.151.241.245 - - [16/May/2025:17:48:38 +0000] "GET / HTTP/1.1" 200 4192 "-" "Mozilla/5.0 AppleWebKit/537.36 (KHTML, like Gecko); compatible; ChatGPT-User/1.0; +https://openai.com/bot"
195.191.219.150 - - [16/May/2025:17:48:38 +0000] "GET /certificate.php/certificate.php/certificate.php/certificate.php/qualitycontrol.php/cat-products.php?id=100 HTTP/1.1" 200 4896 "-" "Mozilla/5.0 (compatible; MJ12bot/v2.0.1; http://mj12bot.com/)"
135.181.212.177 - - [16/May/2025:17:48:39 +0000] "GET /certificate.php/qualitycontrol.php/randd.php/certificate-more.php?id=64 HTTP/1.1" 200 4908 "-" "Mozilla/5.0 (compatible; MJ12bot/v1.4.8; http://mj12bot.com/)"
195.191.219.150 - - [16/May/2025:17:48:39 +0000] "GET /certificate.php/certificate.php/qualitycontrol.php/cat-products.php?id=80 HTTP/1.1" 200 4908 "-" "Mozilla/5.0 (compatible; MJ12bot/v2.0.1; http://mj12bot.com/)"
195.191.219.150 - - [16/May/2025:17:48:40 +0000] "GET /certificate.php/globaloverseas.php/testimonials.php/cat-products.php?id=100 HTTP/1.1" 200 4939 "-" "Mozilla/5.0 (compatible; MJ12bot/v2.0.1; http://mj12bot.com/)"
195.191.219.150 - - [16/May/2025:17:48:41 +0000] "GET /certificate.php/globaloverseas.php/testimonials.php/cat-products.php?id=101 HTTP/1.1" 200 4924 "-" "Mozilla/5.0 (compatible; MJ12bot/v2.0.1; http://mj12bot.com/)"
135.181.212.177 - - [16/May/2025:17:48:41 +0000] "GET /certificate.php/qualitycontrol.php/randd.php/certificate.php HTTP/1.1" 200 4896 "-" "Mozilla/5.0 (compatible; MJ12bot/v1.4.8; http://mj12bot.com/)"
195.191.219.150 - - [16/May/2025:17:48:42 +0000] "GET /certificate.php/globaloverseas.php/testimonials.php/cat-products.php?id=102 HTTP/1.1" 200 4924 "-" "Mozilla/5.0 (compatible; MJ12bot/v2.0.1; http://mj12bot.com/)"
195.191.219.150 - - [16/May/2025:17:48:43 +0000] "GET /certificate.php/globaloverseas.php/testimonials.php/cat-products.php?id=103 HTTP/1.1" 200 4896 "-" "Mozilla/5.0 (compatible; MJ12bot/v2.0.1; http://mj12bot.com/)"
135.181.212.177 - - [16/May/2025:17:48:44 +0000] "GET /certificate.php/qualitycontrol.php/randd.php/globaloverseas.php HTTP/1.1" 200 4927 "-" "Mozilla/5.0 (compatible; MJ12bot/v1.4.8; http://mj12bot.com/)"
195.191.219.150 - - [16/May/2025:17:48:44 +0000] "GET /certificate.php/globaloverseas.php/testimonials.php/cat-products.php?id=104 HTTP/1.1" 200 4896 "-" "Mozilla/5.0 (compatible; MJ12bot/v2.0.1; http://mj12bot.com/)"
144.172.103.171 - - [16/May/2025:17:48:44 +0000] "GET /about.php?key=EnigmaCyberSecurity HTTP/1.1" 404 4183 "-" "Mozlila/5.0 (Linux; Android 7.0; SM-G892A Bulid/NRD90M; wv) AppleWebKit/537.36 (KHTML, like Gecko) Version/4.0 Chrome/60.0.3112.107 Moblie Safari/537.36"
195.191.219.150 - - [16/May/2025:17:48:45 +0000] "GET /certificate.php/globaloverseas.php/testimonials.php/cat-products.php?id=105 HTTP/1.1" 200 4924 "-" "Mozilla/5.0 (compatible; MJ12bot/v2.0.1; http://mj12bot.com/)"
135.181.212.177 - - [16/May/2025:17:48:46 +0000] "GET /certificate.php/qualitycontrol.php/randd.php/ingredients.php HTTP/1.1" 200 4908 "-" "Mozilla/5.0 (compatible; MJ12bot/v1.4.8; http://mj12bot.com/)"
195.191.219.150 - - [16/May/2025:17:48:46 +0000] "GET /certificate.php/globaloverseas.php/testimonials.php/cat-products.php?id=65 HTTP/1.1" 200 4908 "-" "Mozilla/5.0 (compatible; MJ12bot/v2.0.1; http://mj12bot.com/)"
195.191.219.150 - - [16/May/2025:17:48:47 +0000] "GET /certificate.php/globaloverseas.php/testimonials.php/cat-products.php?id=66 HTTP/1.1" 200 4903 "-" "Mozilla/5.0 (compatible; MJ12bot/v2.0.1; http://mj12bot.com/)"
195.191.219.150 - - [16/May/2025:17:48:48 +0000] "GET /certificate.php/globaloverseas.php/testimonials.php/cat-products.php?id=67 HTTP/1.1" 200 4896 "-" "Mozilla/5.0 (compatible; MJ12bot/v2.0.1; http://mj12bot.com/)"
135.181.212.177 - - [16/May/2025:17:48:48 +0000] "GET /certificate.php/qualitycontrol.php/randd.php/newproducts.php HTTP/1.1" 200 4896 "-" "Mozilla/5.0 (compatible; MJ12bot/v1.4.8; http://mj12bot.com/)"
195.191.219.150 - - [16/May/2025:17:48:49 +0000] "GET /certificate.php/globaloverseas.php/testimonials.php/cat-products.php?id=68 HTTP/1.1" 200 4908 "-" "Mozilla/5.0 (compatible; MJ12bot/v2.0.1; http://mj12bot.com/)"
195.191.219.150 - - [16/May/2025:17:48:50 +0000] "GET /certificate.php/globaloverseas.php/testimonials.php/cat-products.php?id=69 HTTP/1.1" 200 4896 "-" "Mozilla/5.0 (compatible; MJ12bot/v2.0.1; http://mj12bot.com/)"
135.181.212.177 - - [16/May/2025:17:48:51 +0000] "GET /certificate.php/qualitycontrol.php/randd.php/products.php HTTP/1.1" 200 4924 "-" "Mozilla/5.0 (compatible; MJ12bot/v1.4.8; http://mj12bot.com/)"
144.172.103.171 - - [16/May/2025:17:48:51 +0000] "POST /wp.php HTTP/1.1" 403 199 "-" "Mozlila/5.0 (Linux; Android 7.0; SM-G892A Bulid/NRD90M; wv) AppleWebKit/537.36 (KHTML, like Gecko) Version/4.0 Chrome/60.0.3112.107 Moblie Safari/537.36"
195.191.219.150 - - [16/May/2025:17:48:51 +0000] "GET /certificate.php/globaloverseas.php/testimonials.php/cat-products.php?id=70 HTTP/1.1" 200 4903 "-" "Mozilla/5.0 (compatible; MJ12bot/v2.0.1; http://mj12bot.com/)"
195.191.219.150 - - [16/May/2025:17:48:52 +0000] "GET /certificate.php/globaloverseas.php/testimonials.php/cat-products.php?id=71 HTTP/1.1" 200 4908 "-" "Mozilla/5.0 (compatible; MJ12bot/v2.0.1; http://mj12bot.com/)"
135.181.212.177 - - [16/May/2025:17:48:53 +0000] "GET /certificate.php/qualitycontrol.php/randd.php/qualitycontrol.php HTTP/1.1" 200 4896 "-" "Mozilla/5.0 (compatible; MJ12bot/v1.4.8; http://mj12bot.com/)"
195.191.219.150 - - [16/May/2025:17:48:53 +0000] "GET /certificate.php/globaloverseas.php/testimonials.php/cat-products.php?id=72 HTTP/1.1" 200 4908 "-" "Mozilla/5.0 (compatible; MJ12bot/v2.0.1; http://mj12bot.com/)"
195.191.219.150 - - [16/May/2025:17:48:54 +0000] "GET /certificate.php/globaloverseas.php/testimonials.php/cat-products.php?id=73 HTTP/1.1" 200 4924 "-" "Mozilla/5.0 (compatible; MJ12bot/v2.0.1; http://mj12bot.com/)"
135.181.212.177 - - [16/May/2025:17:48:56 +0000] "GET /certificate.php/qualitycontrol.php/randd.php/randd.php HTTP/1.1" 200 4924 "-" "Mozilla/5.0 (compatible; MJ12bot/v1.4.8; http://mj12bot.com/)"
195.191.219.150 - - [16/May/2025:17:48:57 +0000] "GET /certificate.php/globaloverseas.php/testimonials.php/cat-products.php?id=74 HTTP/1.1" 200 4924 "-" "Mozilla/5.0 (compatible; MJ12bot/v2.0.1; http://mj12bot.com/)"
135.181.212.177 - - [16/May/2025:17:49:00 +0000] "GET /certificate.php/qualitycontrol.php/randd.php/testimonials.php HTTP/1.1" 200 4908 "-" "Mozilla/5.0 (compatible; MJ12bot/v1.4.8; http://mj12bot.com/)"
195.191.219.150 - - [16/May/2025:17:49:01 +0000] "GET /certificate.php/globaloverseas.php/testimonials.php/cat-products.php?id=75 HTTP/1.1" 200 4927 "-" "Mozilla/5.0 (compatible; MJ12bot/v2.0.1; http://mj12bot.com/)"
195.191.219.150 - - [16/May/2025:17:49:01 +0000] "GET /certificate.php/globaloverseas.php/testimonials.php/cat-products.php?id=76 HTTP/1.1" 200 4912 "-" "Mozilla/5.0 (compatible; MJ12bot/v2.0.1; http://mj12bot.com/)"
195.191.219.150 - - [16/May/2025:17:49:02 +0000] "GET /certificate.php/globaloverseas.php/testimonials.php/cat-products.php?id=77 HTTP/1.1" 200 4924 "-" "Mozilla/5.0 (compatible; MJ12bot/v2.0.1; http://mj12bot.com/)"
195.191.219.150 - - [16/May/2025:17:49:03 +0000] "GET /certificate.php/globaloverseas.php/testimonials.php/cat-products.php?id=78 HTTP/1.1" 200 4908 "-" "Mozilla/5.0 (compatible; MJ12bot/v2.0.1; http://mj12bot.com/)"
135.181.212.177 - - [16/May/2025:17:49:04 +0000] "GET /certificate.php/testimonials.php/certificate.php/cat-products.php?id=85 HTTP/1.1" 200 4908 "-" "Mozilla/5.0 (compatible; MJ12bot/v1.4.8; http://mj12bot.com/)"
195.191.219.150 - - [16/May/2025:17:49:04 +0000] "GET /certificate.php/globaloverseas.php/testimonials.php/cat-products.php?id=79 HTTP/1.1" 200 4908 "-" "Mozilla/5.0 (compatible; MJ12bot/v2.0.1; http://mj12bot.com/)"
195.191.219.150 - - [16/May/2025:17:49:05 +0000] "GET /certificate.php/globaloverseas.php/testimonials.php/cat-products.php?id=80 HTTP/1.1" 200 4912 "-" "Mozilla/5.0 (compatible; MJ12bot/v2.0.1; http://mj12bot.com/)"
144.172.103.171 - - [16/May/2025:17:49:05 +0000] "GET /about.php?key=EnigmaCyberSecurity HTTP/1.1" 404 4183 "-" "Mozlila/5.0 (Linux; Android 7.0; SM-G892A Bulid/NRD90M; wv) AppleWebKit/537.36 (KHTML, like Gecko) Version/4.0 Chrome/60.0.3112.107 Moblie Safari/537.36"
195.191.219.150 - - [16/May/2025:17:49:06 +0000] "GET /certificate.php/globaloverseas.php/testimonials.php/cat-products.php?id=81 HTTP/1.1" 200 4908 "-" "Mozilla/5.0 (compatible; MJ12bot/v2.0.1; http://mj12bot.com/)"
195.191.219.150 - - [16/May/2025:17:49:07 +0000] "GET /certificate.php/globaloverseas.php/testimonials.php/cat-products.php?id=82 HTTP/1.1" 200 4896 "-" "Mozilla/5.0 (compatible; MJ12bot/v2.0.1; http://mj12bot.com/)"
135.181.212.177 - - [16/May/2025:17:49:08 +0000] "GET /certificate.php/testimonials.php/certificate.php/cat-products.php?id=86 HTTP/1.1" 200 4896 "-" "Mozilla/5.0 (compatible; MJ12bot/v1.4.8; http://mj12bot.com/)"
195.191.219.150 - - [16/May/2025:17:49:08 +0000] "GET /certificate.php/globaloverseas.php/testimonials.php/cat-products.php?id=83 HTTP/1.1" 200 4928 "-" "Mozilla/5.0 (compatible; MJ12bot/v2.0.1; http://mj12bot.com/)"
195.191.219.150 - - [16/May/2025:17:49:09 +0000] "GET /certificate.php/globaloverseas.php/testimonials.php/cat-products.php?id=84 HTTP/1.1" 200 4908 "-" "Mozilla/5.0 (compatible; MJ12bot/v2.0.1; http://mj12bot.com/)"
195.191.219.150 - - [16/May/2025:17:49:10 +0000] "GET /certificate.php/globaloverseas.php/testimonials.php/cat-products.php?id=85 HTTP/1.1" 200 4908 "-" "Mozilla/5.0 (compatible; MJ12bot/v2.0.1; http://mj12bot.com/)"
135.181.212.177 - - [16/May/2025:17:49:10 +0000] "GET /certificate.php/testimonials.php/certificate.php/cat-products.php?id=87 HTTP/1.1" 200 4896 "-" "Mozilla/5.0 (compatible; MJ12bot/v1.4.8; http://mj12bot.com/)"
135.181.212.177 - - [16/May/2025:17:49:14 +0000] "GET /certificate.php/testimonials.php/certificate.php/cat-products.php?id=89 HTTP/1.1" 200 4908 "-" "Mozilla/5.0 (compatible; MJ12bot/v1.4.8; http://mj12bot.com/)"
195.191.219.150 - - [16/May/2025:17:49:17 +0000] "GET /certificate.php/globaloverseas.php/testimonials.php/cat-products.php?id=86 HTTP/1.1" 200 4908 "-" "Mozilla/5.0 (compatible; MJ12bot/v2.0.1; http://mj12bot.com/)"
135.181.212.177 - - [16/May/2025:17:49:17 +0000] "GET /certificate.php/testimonials.php/certificate.php/cat-products.php?id=94 HTTP/1.1" 200 4908 "-" "Mozilla/5.0 (compatible; MJ12bot/v1.4.8; http://mj12bot.com/)"
195.191.219.150 - - [16/May/2025:17:49:18 +0000] "GET /certificate.php/globaloverseas.php/testimonials.php/cat-products.php?id=87 HTTP/1.1" 200 4908 "-" "Mozilla/5.0 (compatible; MJ12bot/v2.0.1; http://mj12bot.com/)"
195.191.219.150 - - [16/May/2025:17:49:18 +0000] "GET /certificate.php/globaloverseas.php/testimonials.php/cat-products.php?id=88 HTTP/1.1" 200 4908 "-" "Mozilla/5.0 (compatible; MJ12bot/v2.0.1; http://mj12bot.com/)"
195.191.219.150 - - [16/May/2025:17:49:19 +0000] "GET /certificate.php/globaloverseas.php/testimonials.php/cat-products.php?id=89 HTTP/1.1" 200 4896 "-" "Mozilla/5.0 (compatible; MJ12bot/v2.0.1; http://mj12bot.com/)"
135.181.212.177 - - [16/May/2025:17:49:20 +0000] "GET /certificate.php/testimonials.php/certificate.php/cat-products.php?id=95 HTTP/1.1" 200 4912 "-" "Mozilla/5.0 (compatible; MJ12bot/v1.4.8; http://mj12bot.com/)"
195.191.219.150 - - [16/May/2025:17:49:20 +0000] "GET /certificate.php/globaloverseas.php/testimonials.php/cat-products.php?id=90 HTTP/1.1" 200 4924 "-" "Mozilla/5.0 (compatible; MJ12bot/v2.0.1; http://mj12bot.com/)"
195.191.219.150 - - [16/May/2025:17:49:22 +0000] "GET /certificate.php/globaloverseas.php/testimonials.php/cat-products.php?id=91 HTTP/1.1" 200 4908 "-" "Mozilla/5.0 (compatible; MJ12bot/v2.0.1; http://mj12bot.com/)"
135.181.212.177 - - [16/May/2025:17:49:24 +0000] "GET /certificate.php/testimonials.php/certificate.php/cat-products.php?id=96 HTTP/1.1" 200 4896 "-" "Mozilla/5.0 (compatible; MJ12bot/v1.4.8; http://mj12bot.com/)"
195.191.219.150 - - [16/May/2025:17:49:25 +0000] "GET /certificate.php/globaloverseas.php/testimonials.php/cat-products.php?id=92 HTTP/1.1" 200 4896 "-" "Mozilla/5.0 (compatible; MJ12bot/v2.0.1; http://mj12bot.com/)"
195.191.219.150 - - [16/May/2025:17:49:26 +0000] "GET /certificate.php/globaloverseas.php/testimonials.php/cat-products.php?id=93 HTTP/1.1" 200 4939 "-" "Mozilla/5.0 (compatible; MJ12bot/v2.0.1; http://mj12bot.com/)"
195.191.219.150 - - [16/May/2025:17:49:26 +0000] "GET /certificate.php/globaloverseas.php/testimonials.php/cat-products.php?id=94 HTTP/1.1" 200 4903 "-" "Mozilla/5.0 (compatible; MJ12bot/v2.0.1; http://mj12bot.com/)"
135.181.212.177 - - [16/May/2025:17:49:26 +0000] "GET /certificate.php/testimonials.php/certificate.php/cat-products.php?id=97 HTTP/1.1" 200 4903 "-" "Mozilla/5.0 (compatible; MJ12bot/v1.4.8; http://mj12bot.com/)"
195.191.219.150 - - [16/May/2025:17:49:27 +0000] "GET /certificate.php/globaloverseas.php/testimonials.php/cat-products.php?id=95 HTTP/1.1" 200 4927 "-" "Mozilla/5.0 (compatible; MJ12bot/v2.0.1; http://mj12bot.com/)"
195.191.219.150 - - [16/May/2025:17:49:28 +0000] "GET /certificate.php/globaloverseas.php/testimonials.php/cat-products.php?id=96 HTTP/1.1" 200 4896 "-" "Mozilla/5.0 (compatible; MJ12bot/v2.0.1; http://mj12bot.com/)"
195.191.219.150 - - [16/May/2025:17:49:29 +0000] "GET /certificate.php/globaloverseas.php/testimonials.php/cat-products.php?id=97 HTTP/1.1" 200 4896 "-" "Mozilla/5.0 (compatible; MJ12bot/v2.0.1; http://mj12bot.com/)"
135.181.212.177 - - [16/May/2025:17:49:29 +0000] "GET /certificate.php/testimonials.php/certificate.php/cat-products.php?id=98 HTTP/1.1" 200 4908 "-" "Mozilla/5.0 (compatible; MJ12bot/v1.4.8; http://mj12bot.com/)"
195.191.219.150 - - [16/May/2025:17:49:31 +0000] "GET /certificate.php/globaloverseas.php/testimonials.php/cat-products.php?id=98 HTTP/1.1" 200 4908 "-" "Mozilla/5.0 (compatible; MJ12bot/v2.0.1; http://mj12bot.com/)"
195.191.219.150 - - [16/May/2025:17:49:32 +0000] "GET /certificate.php/globaloverseas.php/testimonials.php/cat-products.php?id=99 HTTP/1.1" 200 4924 "-" "Mozilla/5.0 (compatible; MJ12bot/v2.0.1; http://mj12bot.com/)"
195.191.219.150 - - [16/May/2025:17:49:33 +0000] "GET /certificate.php/globaloverseas.php/testimonials.php/certificate-more.php?id=411 HTTP/1.1" 200 4924 "-" "Mozilla/5.0 (compatible; MJ12bot/v2.0.1; http://mj12bot.com/)"
135.181.212.177 - - [16/May/2025:17:49:33 +0000] "GET /certificate.php/testimonials.php/certificate.php/cat-products.php?id=99 HTTP/1.1" 200 4908 "-" "Mozilla/5.0 (compatible; MJ12bot/v1.4.8; http://mj12bot.com/)"
195.191.219.150 - - [16/May/2025:17:49:34 +0000] "GET /certificate.php/globaloverseas.php/testimonials.php/certificate-more.php?id=412 HTTP/1.1" 200 4896 "-" "Mozilla/5.0 (compatible; MJ12bot/v2.0.1; http://mj12bot.com/)"
135.181.212.177 - - [16/May/2025:17:49:35 +0000] "GET /certificate.php/testimonials.php/certificate.php/certificate-more.php?id=411 HTTP/1.1" 200 4908 "-" "Mozilla/5.0 (compatible; MJ12bot/v1.4.8; http://mj12bot.com/)"
195.191.219.150 - - [16/May/2025:17:49:36 +0000] "GET /certificate.php/index.php/pressreleaseandseminar.php/cat-products.php?id=90 HTTP/1.1" 200 4896 "-" "Mozilla/5.0 (compatible; MJ12bot/v2.0.1; http://mj12bot.com/)"
195.191.219.150 - - [16/May/2025:17:49:36 +0000] "GET /certificate.php/index.php/pressreleaseandseminar.php/cat-products.php?id=91 HTTP/1.1" 200 4903 "-" "Mozilla/5.0 (compatible; MJ12bot/v2.0.1; http://mj12bot.com/)"
195.191.219.150 - - [16/May/2025:17:49:38 +0000] "GET /certificate.php/index.php/pressreleaseandseminar.php/cat-products.php?id=92 HTTP/1.1" 200 4924 "-" "Mozilla/5.0 (compatible; MJ12bot/v2.0.1; http://mj12bot.com/)"
195.191.219.150 - - [16/May/2025:17:49:38 +0000] "GET /certificate.php/index.php/pressreleaseandseminar.php/cat-products.php?id=93 HTTP/1.1" 200 4908 "-" "Mozilla/5.0 (compatible; MJ12bot/v2.0.1; http://mj12bot.com/)"
195.191.219.150 - - [16/May/2025:17:49:39 +0000] "GET /certificate.php/index.php/pressreleaseandseminar.php/cat-products.php?id=94 HTTP/1.1" 200 4908 "-" "Mozilla/5.0 (compatible; MJ12bot/v2.0.1; http://mj12bot.com/)"
135.181.212.177 - - [16/May/2025:17:49:41 +0000] "GET /certificate.php/testimonials.php/certificate.php/certificate-more.php?id=412 HTTP/1.1" 200 4908 "-" "Mozilla/5.0 (compatible; MJ12bot/v1.4.8; http://mj12bot.com/)"
135.181.212.177 - - [16/May/2025:17:49:44 +0000] "GET /certificate.php/testimonials.php/certificate.php/certificate-more.php?id=56 HTTP/1.1" 200 4939 "-" "Mozilla/5.0 (compatible; MJ12bot/v1.4.8; http://mj12bot.com/)"
135.181.212.177 - - [16/May/2025:17:49:48 +0000] "GET /certificate.php/testimonials.php/certificate.php/pressreleaseandseminar.php HTTP/1.1" 200 4939 "-" "Mozilla/5.0 (compatible; MJ12bot/v1.4.8; http://mj12bot.com/)"
135.181.212.177 - - [16/May/2025:17:49:50 +0000] "GET /certificate.php/testimonials.php/certificate.php/products.php HTTP/1.1" 200 4939 "-" "Mozilla/5.0 (compatible; MJ12bot/v1.4.8; http://mj12bot.com/)"
135.181.212.177 - - [16/May/2025:17:49:53 +0000] "GET /globaloverseas.php/certificate.php/globaloverseas.php/products.php HTTP/1.1" 200 4150 "-" "Mozilla/5.0 (compatible; MJ12bot/v1.4.8; http://mj12bot.com/)"
135.181.212.177 - - [16/May/2025:17:49:55 +0000] "GET /globaloverseas.php/certificate.php/globaloverseas.php/qualitycontrol.php HTTP/1.1" 200 4150 "-" "Mozilla/5.0 (compatible; MJ12bot/v1.4.8; http://mj12bot.com/)"
135.181.212.177 - - [16/May/2025:17:49:57 +0000] "GET /globaloverseas.php/certificate.php/globaloverseas.php/testimonials.php HTTP/1.1" 200 4150 "-" "Mozilla/5.0 (compatible; MJ12bot/v1.4.8; http://mj12bot.com/)"
135.181.212.177 - - [16/May/2025:17:49:59 +0000] "GET /globaloverseas.php/certificate.php/ingredients.php/cat-products.php?id=71 HTTP/1.1" 200 4122 "-" "Mozilla/5.0 (compatible; MJ12bot/v1.4.8; http://mj12bot.com/)"
135.181.212.177 - - [16/May/2025:17:50:01 +0000] "GET /globaloverseas.php/certificate.php/ingredients.php/cat-products.php?id=72 HTTP/1.1" 200 4122 "-" "Mozilla/5.0 (compatible; MJ12bot/v1.4.8; http://mj12bot.com/)"
135.181.212.177 - - [16/May/2025:17:50:04 +0000] "GET /globaloverseas.php/certificate.php/ingredients.php/cat-products.php?id=73 HTTP/1.1" 200 4155 "-" "Mozilla/5.0 (compatible; MJ12bot/v1.4.8; http://mj12bot.com/)"
135.181.212.177 - - [16/May/2025:17:50:06 +0000] "GET /globaloverseas.php/certificate.php/pressreleaseandseminar.php/cat-products.php?id=100 HTTP/1.1" 200 4150 "-" "Mozilla/5.0 (compatible; MJ12bot/v1.4.8; http://mj12bot.com/)"
135.181.212.177 - - [16/May/2025:17:50:08 +0000] "GET /globaloverseas.php/certificate.php/pressreleaseandseminar.php/cat-products.php?id=65 HTTP/1.1" 200 4150 "-" "Mozilla/5.0 (compatible; MJ12bot/v1.4.8; http://mj12bot.com/)"
135.181.212.177 - - [16/May/2025:17:50:10 +0000] "GET /globaloverseas.php/certificate.php/pressreleaseandseminar.php/cat-products.php?id=71 HTTP/1.1" 200 4122 "-" "Mozilla/5.0 (compatible; MJ12bot/v1.4.8; http://mj12bot.com/)"
135.181.212.177 - - [16/May/2025:17:50:13 +0000] "GET /globaloverseas.php/certificate.php/pressreleaseandseminar.php/cat-products.php?id=76 HTTP/1.1" 200 4150 "-" "Mozilla/5.0 (compatible; MJ12bot/v1.4.8; http://mj12bot.com/)"
135.181.212.177 - - [16/May/2025:17:50:15 +0000] "GET /globaloverseas.php/certificate.php/pressreleaseandseminar.php/cat-products.php?id=81 HTTP/1.1" 200 4122 "-" "Mozilla/5.0 (compatible; MJ12bot/v1.4.8; http://mj12bot.com/)"
135.181.212.177 - - [16/May/2025:17:50:17 +0000] "GET /globaloverseas.php/certificate.php/products.php/globaloverseas.php HTTP/1.1" 200 4150 "-" "Mozilla/5.0 (compatible; MJ12bot/v1.4.8; http://mj12bot.com/)"
135.181.212.177 - - [16/May/2025:17:50:19 +0000] "GET /globaloverseas.php/certificate.php/products.php/index.php HTTP/1.1" 200 4150 "-" "Mozilla/5.0 (compatible; MJ12bot/v1.4.8; http://mj12bot.com/)"
135.181.212.177 - - [16/May/2025:17:50:22 +0000] "GET /globaloverseas.php/certificate.php/products.php/newproducts.php HTTP/1.1" 200 4150 "-" "Mozilla/5.0 (compatible; MJ12bot/v1.4.8; http://mj12bot.com/)"
135.181.212.177 - - [16/May/2025:17:50:24 +0000] "GET /globaloverseas.php/certificate.php/products.php/pressreleaseandseminar.php HTTP/1.1" 200 4150 "-" "Mozilla/5.0 (compatible; MJ12bot/v1.4.8; http://mj12bot.com/)"
135.181.212.177 - - [16/May/2025:17:50:26 +0000] "GET /globaloverseas.php/certificate.php/products.php/products.php HTTP/1.1" 200 4150 "-" "Mozilla/5.0 (compatible; MJ12bot/v1.4.8; http://mj12bot.com/)"
135.181.212.177 - - [16/May/2025:17:50:28 +0000] "GET /globaloverseas.php/certificate.php/products.php/qualitycontrol.php HTTP/1.1" 200 4150 "-" "Mozilla/5.0 (compatible; MJ12bot/v1.4.8; http://mj12bot.com/)"
135.181.212.177 - - [16/May/2025:17:50:30 +0000] "GET /globaloverseas.php/certificate.php/products.php/randd.php HTTP/1.1" 200 4150 "-" "Mozilla/5.0 (compatible; MJ12bot/v1.4.8; http://mj12bot.com/)"
135.181.212.177 - - [16/May/2025:17:50:32 +0000] "GET /globaloverseas.php/certificate.php/products.php/testimonials.php HTTP/1.1" 200 4150 "-" "Mozilla/5.0 (compatible; MJ12bot/v1.4.8; http://mj12bot.com/)"
135.181.212.177 - - [16/May/2025:17:50:35 +0000] "GET /globaloverseas.php/certificate.php/randd.php/cat-products.php?id=74 HTTP/1.1" 200 4122 "-" "Mozilla/5.0 (compatible; MJ12bot/v1.4.8; http://mj12bot.com/)"
135.181.212.177 - - [16/May/2025:17:50:37 +0000] "GET /globaloverseas.php/certificate.php/randd.php/cat-products.php?id=75 HTTP/1.1" 200 4122 "-" "Mozilla/5.0 (compatible; MJ12bot/v1.4.8; http://mj12bot.com/)"
135.181.212.177 - - [16/May/2025:17:50:39 +0000] "GET /globaloverseas.php/certificate.php/randd.php/cat-products.php?id=76 HTTP/1.1" 200 4150 "-" "Mozilla/5.0 (compatible; MJ12bot/v1.4.8; http://mj12bot.com/)"
135.181.212.177 - - [16/May/2025:17:50:41 +0000] "GET /globaloverseas.php/certificate.php/randd.php/cat-products.php?id=77 HTTP/1.1" 200 4150 "-" "Mozilla/5.0 (compatible; MJ12bot/v1.4.8; http://mj12bot.com/)"
135.181.212.177 - - [16/May/2025:17:50:44 +0000] "GET /globaloverseas.php/certificate.php/randd.php/cat-products.php?id=78 HTTP/1.1" 200 4150 "-" "Mozilla/5.0 (compatible; MJ12bot/v1.4.8; http://mj12bot.com/)"
135.181.212.177 - - [16/May/2025:17:50:46 +0000] "GET /globaloverseas.php/certificate.php/randd.php/cat-products.php?id=79 HTTP/1.1" 200 4150 "-" "Mozilla/5.0 (compatible; MJ12bot/v1.4.8; http://mj12bot.com/)"
135.181.212.177 - - [16/May/2025:17:50:48 +0000] "GET /globaloverseas.php/certificate.php/randd.php/cat-products.php?id=80 HTTP/1.1" 200 4155 "-" "Mozilla/5.0 (compatible; MJ12bot/v1.4.8; http://mj12bot.com/)"
135.181.212.177 - - [16/May/2025:17:50:50 +0000] "GET /globaloverseas.php/certificate.php/randd.php/cat-products.php?id=81 HTTP/1.1" 200 4122 "-" "Mozilla/5.0 (compatible; MJ12bot/v1.4.8; http://mj12bot.com/)"
135.181.212.177 - - [16/May/2025:17:50:52 +0000] "GET /globaloverseas.php/certificate.php/randd.php/cat-products.php?id=82 HTTP/1.1" 200 4150 "-" "Mozilla/5.0 (compatible; MJ12bot/v1.4.8; http://mj12bot.com/)"
135.181.212.177 - - [16/May/2025:17:50:55 +0000] "GET /globaloverseas.php/certificate.php/randd.php/cat-products.php?id=83 HTTP/1.1" 200 4155 "-" "Mozilla/5.0 (compatible; MJ12bot/v1.4.8; http://mj12bot.com/)"
135.181.212.177 - - [16/May/2025:17:50:57 +0000] "GET /globaloverseas.php/certificate.php/randd.php/cat-products.php?id=84 HTTP/1.1" 200 4150 "-" "Mozilla/5.0 (compatible; MJ12bot/v1.4.8; http://mj12bot.com/)"
135.181.212.177 - - [16/May/2025:17:50:59 +0000] "GET /globaloverseas.php/certificate.php/randd.php/cat-products.php?id=86 HTTP/1.1" 200 4150 "-" "Mozilla/5.0 (compatible; MJ12bot/v1.4.8; http://mj12bot.com/)"
135.181.212.177 - - [16/May/2025:17:51:01 +0000] "GET /globaloverseas.php/certificate.php/randd.php/cat-products.php?id=87 HTTP/1.1" 200 4150 "-" "Mozilla/5.0 (compatible; MJ12bot/v1.4.8; http://mj12bot.com/)"
135.181.212.177 - - [16/May/2025:17:51:03 +0000] "GET /globaloverseas.php/certificate.php/randd.php/cat-products.php?id=88 HTTP/1.1" 200 4150 "-" "Mozilla/5.0 (compatible; MJ12bot/v1.4.8; http://mj12bot.com/)"
135.181.212.177 - - [16/May/2025:17:51:06 +0000] "GET /globaloverseas.php/certificate.php/randd.php/cat-products.php?id=89 HTTP/1.1" 200 4150 "-" "Mozilla/5.0 (compatible; MJ12bot/v1.4.8; http://mj12bot.com/)"
135.181.212.177 - - [16/May/2025:17:51:08 +0000] "GET /globaloverseas.php/certificate.php/randd.php/cat-products.php?id=90 HTTP/1.1" 200 4150 "-" "Mozilla/5.0 (compatible; MJ12bot/v1.4.8; http://mj12bot.com/)"
135.181.212.177 - - [16/May/2025:17:51:10 +0000] "GET /globaloverseas.php/certificate.php/randd.php/cat-products.php?id=91 HTTP/1.1" 200 4150 "-" "Mozilla/5.0 (compatible; MJ12bot/v1.4.8; http://mj12bot.com/)"
135.181.212.177 - - [16/May/2025:17:51:12 +0000] "GET /globaloverseas.php/certificate.php/randd.php/cat-products.php?id=92 HTTP/1.1" 200 4150 "-" "Mozilla/5.0 (compatible; MJ12bot/v1.4.8; http://mj12bot.com/)"
135.181.212.177 - - [16/May/2025:17:51:14 +0000] "GET /globaloverseas.php/certificate.php/randd.php/cat-products.php?id=93 HTTP/1.1" 200 4150 "-" "Mozilla/5.0 (compatible; MJ12bot/v1.4.8; http://mj12bot.com/)"
135.181.212.177 - - [16/May/2025:17:51:17 +0000] "GET /globaloverseas.php/certificate.php/randd.php/cat-products.php?id=94 HTTP/1.1" 200 4150 "-" "Mozilla/5.0 (compatible; MJ12bot/v1.4.8; http://mj12bot.com/)"
135.181.212.177 - - [16/May/2025:17:51:19 +0000] "GET /globaloverseas.php/certificate.php/randd.php/cat-products.php?id=95 HTTP/1.1" 200 4150 "-" "Mozilla/5.0 (compatible; MJ12bot/v1.4.8; http://mj12bot.com/)"
85.208.96.203 - - [16/May/2025:17:51:20 +0000] "GET /prodcertingd-more.php?id=448 HTTP/1.1" 200 4860 "-" "Mozilla/5.0 (compatible; SemrushBot/7~bl; +http://www.semrush.com/bot.html)"
135.181.212.177 - - [16/May/2025:17:51:21 +0000] "GET /globaloverseas.php/certificate.php/randd.php/cat-products.php?id=96 HTTP/1.1" 200 4150 "-" "Mozilla/5.0 (compatible; MJ12bot/v1.4.8; http://mj12bot.com/)"
135.181.212.177 - - [16/May/2025:17:51:24 +0000] "GET /globaloverseas.php/certificate.php/randd.php/cat-products.php?id=97 HTTP/1.1" 200 4122 "-" "Mozilla/5.0 (compatible; MJ12bot/v1.4.8; http://mj12bot.com/)"
135.181.212.177 - - [16/May/2025:17:51:26 +0000] "GET /globaloverseas.php/certificate.php/randd.php/cat-products.php?id=98 HTTP/1.1" 200 4150 "-" "Mozilla/5.0 (compatible; MJ12bot/v1.4.8; http://mj12bot.com/)"
135.181.212.177 - - [16/May/2025:17:51:28 +0000] "GET /globaloverseas.php/certificate.php/randd.php/cat-products.php?id=99 HTTP/1.1" 200 4150 "-" "Mozilla/5.0 (compatible; MJ12bot/v1.4.8; http://mj12bot.com/)"
135.181.212.177 - - [16/May/2025:17:51:30 +0000] "GET /ingredients.php/certificate.php/randd.php/cat-products.php?id=102 HTTP/1.1" 200 7018 "-" "Mozilla/5.0 (compatible; MJ12bot/v1.4.8; http://mj12bot.com/)"
135.181.212.177 - - [16/May/2025:17:51:33 +0000] "GET /ingredients.php/certificate.php/randd.php/cat-products.php?id=71 HTTP/1.1" 200 7041 "-" "Mozilla/5.0 (compatible; MJ12bot/v1.4.8; http://mj12bot.com/)"
135.181.212.177 - - [16/May/2025:17:51:35 +0000] "GET /ingredients.php/certificate.php/randd.php/cat-products.php?id=72 HTTP/1.1" 200 7018 "-" "Mozilla/5.0 (compatible; MJ12bot/v1.4.8; http://mj12bot.com/)"
135.181.212.177 - - [16/May/2025:17:51:37 +0000] "GET /ingredients.php/certificate.php/randd.php/cat-products.php?id=73 HTTP/1.1" 200 7018 "-" "Mozilla/5.0 (compatible; MJ12bot/v1.4.8; http://mj12bot.com/)"
135.181.212.177 - - [16/May/2025:17:51:39 +0000] "GET /ingredients.php/certificate.php/randd.php/cat-products.php?id=76 HTTP/1.1" 200 7041 "-" "Mozilla/5.0 (compatible; MJ12bot/v1.4.8; http://mj12bot.com/)"
135.181.212.177 - - [16/May/2025:17:51:41 +0000] "GET /ingredients.php/certificate.php/randd.php/cat-products.php?id=77 HTTP/1.1" 200 7018 "-" "Mozilla/5.0 (compatible; MJ12bot/v1.4.8; http://mj12bot.com/)"
135.181.212.177 - - [16/May/2025:17:51:44 +0000] "GET /ingredients.php/certificate.php/randd.php/cat-products.php?id=78 HTTP/1.1" 200 7041 "-" "Mozilla/5.0 (compatible; MJ12bot/v1.4.8; http://mj12bot.com/)"
135.181.212.177 - - [16/May/2025:17:51:46 +0000] "GET /ingredients.php/certificate.php/randd.php/cat-products.php?id=79 HTTP/1.1" 200 7020 "-" "Mozilla/5.0 (compatible; MJ12bot/v1.4.8; http://mj12bot.com/)"
135.181.212.177 - - [16/May/2025:17:51:48 +0000] "GET /ingredients.php/certificate.php/randd.php/cat-products.php?id=81 HTTP/1.1" 200 7018 "-" "Mozilla/5.0 (compatible; MJ12bot/v1.4.8; http://mj12bot.com/)"
135.181.212.177 - - [16/May/2025:17:51:50 +0000] "GET /ingredients.php/certificate.php/randd.php/cat-products.php?id=82 HTTP/1.1" 200 7020 "-" "Mozilla/5.0 (compatible; MJ12bot/v1.4.8; http://mj12bot.com/)"
135.181.212.177 - - [16/May/2025:17:51:53 +0000] "GET /ingredients.php/certificate.php/randd.php/cat-products.php?id=86 HTTP/1.1" 200 7041 "-" "Mozilla/5.0 (compatible; MJ12bot/v1.4.8; http://mj12bot.com/)"
135.181.212.177 - - [16/May/2025:17:51:55 +0000] "GET /ingredients.php/newproducts.php/newproducts.php/index.php/cat-products.php?id=65 HTTP/1.1" 200 7018 "-" "Mozilla/5.0 (compatible; MJ12bot/v1.4.8; http://mj12bot.com/)"
135.181.212.177 - - [16/May/2025:17:51:57 +0000] "GET /ingredients.php/newproducts.php/newproducts.php/index.php/cat-products.php?id=76 HTTP/1.1" 200 7020 "-" "Mozilla/5.0 (compatible; MJ12bot/v1.4.8; http://mj12bot.com/)"
135.181.212.177 - - [16/May/2025:17:52:00 +0000] "GET /ingredients.php/newproducts.php/newproducts.php/index.php/cat-products.php?id=77 HTTP/1.1" 200 7018 "-" "Mozilla/5.0 (compatible; MJ12bot/v1.4.8; http://mj12bot.com/)"
135.181.212.177 - - [16/May/2025:17:52:02 +0000] "GET /ingredients.php/newproducts.php/newproducts.php/index.php/cat-products.php?id=78 HTTP/1.1" 200 7018 "-" "Mozilla/5.0 (compatible; MJ12bot/v1.4.8; http://mj12bot.com/)"
135.181.212.177 - - [16/May/2025:17:52:04 +0000] "GET /ingredients.php/newproducts.php/newproducts.php/index.php/cat-products.php?id=83 HTTP/1.1" 200 7041 "-" "Mozilla/5.0 (compatible; MJ12bot/v1.4.8; http://mj12bot.com/)"
135.181.212.177 - - [16/May/2025:17:52:06 +0000] "GET /ingredients.php/newproducts.php/newproducts.php/ingredients.php/cat-products.php?id=100 HTTP/1.1" 200 7020 "-" "Mozilla/5.0 (compatible; MJ12bot/v1.4.8; http://mj12bot.com/)"
135.181.212.177 - - [16/May/2025:17:52:09 +0000] "GET /ingredients.php/newproducts.php/newproducts.php/ingredients.php/cat-products.php?id=101 HTTP/1.1" 200 7020 "-" "Mozilla/5.0 (compatible; MJ12bot/v1.4.8; http://mj12bot.com/)"
135.181.212.177 - - [16/May/2025:17:52:11 +0000] "GET /ingredients.php/newproducts.php/newproducts.php/ingredients.php/cat-products.php?id=103 HTTP/1.1" 200 7018 "-" "Mozilla/5.0 (compatible; MJ12bot/v1.4.8; http://mj12bot.com/)"
135.181.212.177 - - [16/May/2025:17:52:13 +0000] "GET /ingredients.php/newproducts.php/newproducts.php/ingredients.php/cat-products.php?id=69 HTTP/1.1" 200 7041 "-" "Mozilla/5.0 (compatible; MJ12bot/v1.4.8; http://mj12bot.com/)"
135.181.212.177 - - [16/May/2025:17:52:15 +0000] "GET /ingredients.php/newproducts.php/newproducts.php/ingredients.php/cat-products.php?id=71 HTTP/1.1" 200 7041 "-" "Mozilla/5.0 (compatible; MJ12bot/v1.4.8; http://mj12bot.com/)"
135.181.212.177 - - [16/May/2025:17:52:18 +0000] "GET /ingredients.php/newproducts.php/newproducts.php/ingredients.php/cat-products.php?id=72 HTTP/1.1" 200 7041 "-" "Mozilla/5.0 (compatible; MJ12bot/v1.4.8; http://mj12bot.com/)"
135.181.212.177 - - [16/May/2025:17:52:20 +0000] "GET /ingredients.php/newproducts.php/newproducts.php/pressreleaseandseminar.php/cat-products.php?id=101 HTTP/1.1" 200 7041 "-" "Mozilla/5.0 (compatible; MJ12bot/v1.4.8; http://mj12bot.com/)"
135.181.212.177 - - [16/May/2025:17:52:22 +0000] "GET /ingredients.php/newproducts.php/newproducts.php/pressreleaseandseminar.php/cat-products.php?id=102 HTTP/1.1" 200 7018 "-" "Mozilla/5.0 (compatible; MJ12bot/v1.4.8; http://mj12bot.com/)"
135.181.212.177 - - [16/May/2025:17:52:25 +0000] "GET /ingredients.php/newproducts.php/newproducts.php/pressreleaseandseminar.php/cat-products.php?id=103 HTTP/1.1" 200 7018 "-" "Mozilla/5.0 (compatible; MJ12bot/v1.4.8; http://mj12bot.com/)"
135.181.212.177 - - [16/May/2025:17:52:27 +0000] "GET /ingredients.php/newproducts.php/newproducts.php/pressreleaseandseminar.php/cat-products.php?id=104 HTTP/1.1" 200 7018 "-" "Mozilla/5.0 (compatible; MJ12bot/v1.4.8; http://mj12bot.com/)"
135.181.212.177 - - [16/May/2025:17:52:29 +0000] "GET /ingredients.php/newproducts.php/newproducts.php/pressreleaseandseminar.php/cat-products.php?id=105 HTTP/1.1" 200 7041 "-" "Mozilla/5.0 (compatible; MJ12bot/v1.4.8; http://mj12bot.com/)"
135.181.212.177 - - [16/May/2025:17:52:31 +0000] "GET /ingredients.php/newproducts.php/newproducts.php/pressreleaseandseminar.php/cat-products.php?id=65 HTTP/1.1" 200 7041 "-" "Mozilla/5.0 (compatible; MJ12bot/v1.4.8; http://mj12bot.com/)"
135.181.212.177 - - [16/May/2025:17:52:33 +0000] "GET /ingredients.php/newproducts.php/newproducts.php/pressreleaseandseminar.php/cat-products.php?id=68 HTTP/1.1" 200 7041 "-" "Mozilla/5.0 (compatible; MJ12bot/v1.4.8; http://mj12bot.com/)"
135.181.212.177 - - [16/May/2025:17:52:35 +0000] "GET /ingredients.php/newproducts.php/newproducts.php/pressreleaseandseminar.php/cat-products.php?id=71 HTTP/1.1" 200 7041 "-" "Mozilla/5.0 (compatible; MJ12bot/v1.4.8; http://mj12bot.com/)"
135.181.212.177 - - [16/May/2025:17:52:38 +0000] "GET /ingredients.php/newproducts.php/newproducts.php/pressreleaseandseminar.php/cat-products.php?id=74 HTTP/1.1" 200 7018 "-" "Mozilla/5.0 (compatible; MJ12bot/v1.4.8; http://mj12bot.com/)"
135.181.212.177 - - [16/May/2025:17:52:40 +0000] "GET /newproducts.php/products.php/pressreleaseandseminar.php/cat-products.php?id=67 HTTP/1.1" 200 3972 "-" "Mozilla/5.0 (compatible; MJ12bot/v1.4.8; http://mj12bot.com/)"
135.181.212.177 - - [16/May/2025:17:52:42 +0000] "GET /newproducts.php/products.php/pressreleaseandseminar.php/cat-products.php?id=68 HTTP/1.1" 200 3972 "-" "Mozilla/5.0 (compatible; MJ12bot/v1.4.8; http://mj12bot.com/)"
135.181.212.177 - - [16/May/2025:17:52:44 +0000] "GET /newproducts.php/products.php/pressreleaseandseminar.php/cat-products.php?id=69 HTTP/1.1" 200 3972 "-" "Mozilla/5.0 (compatible; MJ12bot/v1.4.8; http://mj12bot.com/)"
135.181.212.177 - - [16/May/2025:17:52:46 +0000] "GET /newproducts.php/products.php/pressreleaseandseminar.php/cat-products.php?id=70 HTTP/1.1" 200 3972 "-" "Mozilla/5.0 (compatible; MJ12bot/v1.4.8; http://mj12bot.com/)"
135.181.212.177 - - [16/May/2025:17:52:48 +0000] "GET /newproducts.php/products.php/pressreleaseandseminar.php/cat-products.php?id=71 HTTP/1.1" 200 3972 "-" "Mozilla/5.0 (compatible; MJ12bot/v1.4.8; http://mj12bot.com/)"
135.181.212.177 - - [16/May/2025:17:52:51 +0000] "GET /newproducts.php/products.php/pressreleaseandseminar.php/cat-products.php?id=72 HTTP/1.1" 200 3972 "-" "Mozilla/5.0 (compatible; MJ12bot/v1.4.8; http://mj12bot.com/)"
135.181.212.177 - - [16/May/2025:17:52:53 +0000] "GET /newproducts.php/products.php/pressreleaseandseminar.php/cat-products.php?id=76 HTTP/1.1" 200 3972 "-" "Mozilla/5.0 (compatible; MJ12bot/v1.4.8; http://mj12bot.com/)"
135.181.212.177 - - [16/May/2025:17:52:55 +0000] "GET /newproducts.php/products.php/pressreleaseandseminar.php/cat-products.php?id=78 HTTP/1.1" 200 3972 "-" "Mozilla/5.0 (compatible; MJ12bot/v1.4.8; http://mj12bot.com/)"
135.181.212.177 - - [16/May/2025:17:52:57 +0000] "GET /newproducts.php/products.php/pressreleaseandseminar.php/cat-products.php?id=79 HTTP/1.1" 200 3972 "-" "Mozilla/5.0 (compatible; MJ12bot/v1.4.8; http://mj12bot.com/)"
135.181.212.177 - - [16/May/2025:17:52:59 +0000] "GET /newproducts.php/products.php/pressreleaseandseminar.php/cat-products.php?id=80 HTTP/1.1" 200 3972 "-" "Mozilla/5.0 (compatible; MJ12bot/v1.4.8; http://mj12bot.com/)"
135.181.212.177 - - [16/May/2025:17:53:01 +0000] "GET /newproducts.php/products.php/pressreleaseandseminar.php/cat-products.php?id=81 HTTP/1.1" 200 3972 "-" "Mozilla/5.0 (compatible; MJ12bot/v1.4.8; http://mj12bot.com/)"
135.181.212.177 - - [16/May/2025:17:53:03 +0000] "GET /newproducts.php/products.php/pressreleaseandseminar.php/cat-products.php?id=82 HTTP/1.1" 200 3972 "-" "Mozilla/5.0 (compatible; MJ12bot/v1.4.8; http://mj12bot.com/)"
135.181.212.177 - - [16/May/2025:17:53:06 +0000] "GET /newproducts.php/products.php/pressreleaseandseminar.php/cat-products.php?id=83 HTTP/1.1" 200 3972 "-" "Mozilla/5.0 (compatible; MJ12bot/v1.4.8; http://mj12bot.com/)"
135.181.212.177 - - [16/May/2025:17:53:08 +0000] "GET /newproducts.php/products.php/pressreleaseandseminar.php/cat-products.php?id=84 HTTP/1.1" 200 3972 "-" "Mozilla/5.0 (compatible; MJ12bot/v1.4.8; http://mj12bot.com/)"
135.181.212.177 - - [16/May/2025:17:53:10 +0000] "GET /newproducts.php/products.php/pressreleaseandseminar.php/cat-products.php?id=85 HTTP/1.1" 200 3972 "-" "Mozilla/5.0 (compatible; MJ12bot/v1.4.8; http://mj12bot.com/)"
135.181.212.177 - - [16/May/2025:17:53:12 +0000] "GET /newproducts.php/products.php/pressreleaseandseminar.php/cat-products.php?id=90 HTTP/1.1" 200 3972 "-" "Mozilla/5.0 (compatible; MJ12bot/v1.4.8; http://mj12bot.com/)"
135.181.212.177 - - [16/May/2025:17:53:15 +0000] "GET /newproducts.php/products.php/pressreleaseandseminar.php/cat-products.php?id=91 HTTP/1.1" 200 3972 "-" "Mozilla/5.0 (compatible; MJ12bot/v1.4.8; http://mj12bot.com/)"
135.181.212.177 - - [16/May/2025:17:53:17 +0000] "GET /newproducts.php/products.php/pressreleaseandseminar.php/cat-products.php?id=92 HTTP/1.1" 200 3972 "-" "Mozilla/5.0 (compatible; MJ12bot/v1.4.8; http://mj12bot.com/)"
135.181.212.177 - - [16/May/2025:17:53:19 +0000] "GET /newproducts.php/products.php/pressreleaseandseminar.php/cat-products.php?id=93 HTTP/1.1" 200 3972 "-" "Mozilla/5.0 (compatible; MJ12bot/v1.4.8; http://mj12bot.com/)"
135.181.212.177 - - [16/May/2025:17:53:21 +0000] "GET /newproducts.php/products.php/pressreleaseandseminar.php/cat-products.php?id=94 HTTP/1.1" 200 3972 "-" "Mozilla/5.0 (compatible; MJ12bot/v1.4.8; http://mj12bot.com/)"
135.181.212.177 - - [16/May/2025:17:53:24 +0000] "GET /newproducts.php/products.php/pressreleaseandseminar.php/cat-products.php?id=95 HTTP/1.1" 200 3972 "-" "Mozilla/5.0 (compatible; MJ12bot/v1.4.8; http://mj12bot.com/)"
135.181.212.177 - - [16/May/2025:17:53:26 +0000] "GET /newproducts.php/products.php/pressreleaseandseminar.php/cat-products.php?id=97 HTTP/1.1" 200 3972 "-" "Mozilla/5.0 (compatible; MJ12bot/v1.4.8; http://mj12bot.com/)"
135.181.212.177 - - [16/May/2025:17:53:28 +0000] "GET /newproducts.php/products.php/pressreleaseandseminar.php/cat-products.php?id=98 HTTP/1.1" 200 3972 "-" "Mozilla/5.0 (compatible; MJ12bot/v1.4.8; http://mj12bot.com/)"
57.141.0.24 - - [16/May/2025:17:53:49 +0000] "GET /prodcertingd-more.php?id=572 HTTP/1.1" 200 16528 "-" "meta-externalagent/1.1 (+https://developers.facebook.com/docs/sharing/webmasters/crawler)"
185.191.171.18 - - [16/May/2025:17:54:50 +0000] "GET /robots.txt HTTP/1.1" 200 99 "-" "Mozilla/5.0 (compatible; SemrushBot/7~bl; +http://www.semrush.com/bot.html)"
85.208.96.200 - - [16/May/2025:17:54:52 +0000] "GET /prodcertingd-more.php?id=495 HTTP/1.1" 200 5081 "-" "Mozilla/5.0 (compatible; SemrushBot/7~bl; +http://www.semrush.com/bot.html)"
185.191.171.18 - - [16/May/2025:17:56:10 +0000] "GET /prodcertingd-more.php?id=524 HTTP/1.1" 200 5082 "-" "Mozilla/5.0 (compatible; SemrushBot/7~bl; +http://www.semrush.com/bot.html)"
57.141.0.2 - - [16/May/2025:17:56:48 +0000] "GET /prodcertingd-more.php?id=123 HTTP/1.1" 200 17498 "-" "meta-externalagent/1.1 (+https://developers.facebook.com/docs/sharing/webmasters/crawler)"
185.191.171.13 - - [16/May/2025:17:58:12 +0000] "GET /cat-products.php?id=76 HTTP/1.1" 200 4395 "-" "Mozilla/5.0 (compatible; SemrushBot/7~bl; +http://www.semrush.com/bot.html)"
57.141.0.28 - - [16/May/2025:17:59:11 +0000] "GET /prodcertingd-more.php?id=128 HTTP/1.1" 200 17590 "-" "meta-externalagent/1.1 (+https://developers.facebook.com/docs/sharing/webmasters/crawler)"
57.141.0.13 - - [16/May/2025:18:01:52 +0000] "GET /prodcertingd-more.php?id=445 HTTP/1.1" 200 17479 "-" "meta-externalagent/1.1 (+https://developers.facebook.com/docs/sharing/webmasters/crawler)"
185.196.220.113 - - [16/May/2025:18:02:03 +0000] "GET /wp-content/themes/hello_dolly_v2.php HTTP/1.1" 404 4183 "-" "Mozlila/5.0 (Linux; Android 7.0; SM-G892A Bulid/NRD90M; wv) AppleWebKit/537.36 (KHTML, like Gecko) Version/4.0 Chrome/60.0.3112.107 Moblie Safari/537.36"
185.196.220.113 - - [16/May/2025:18:02:06 +0000] "GET /wp-content/themes/hello_dolly_v2.php HTTP/1.1" 404 4183 "-" "Mozlila/5.0 (Linux; Android 7.0; SM-G892A Bulid/NRD90M; wv) AppleWebKit/537.36 (KHTML, like Gecko) Version/4.0 Chrome/60.0.3112.107 Moblie Safari/537.36"
185.196.220.113 - - [16/May/2025:18:02:10 +0000] "GET /wp-content/plugins/HelloDollyV2/hello_dolly_v2.php HTTP/1.1" 404 4183 "-" "Mozlila/5.0 (Linux; Android 7.0; SM-G892A Bulid/NRD90M; wv) AppleWebKit/537.36 (KHTML, like Gecko) Version/4.0 Chrome/60.0.3112.107 Moblie Safari/537.36"
185.196.220.113 - - [16/May/2025:18:02:14 +0000] "GET /wp-content/plugins/HelloDollyV2/hello_dolly_v2.php HTTP/1.1" 404 4183 "-" "Mozlila/5.0 (Linux; Android 7.0; SM-G892A Bulid/NRD90M; wv) AppleWebKit/537.36 (KHTML, like Gecko) Version/4.0 Chrome/60.0.3112.107 Moblie Safari/537.36"
57.141.0.19 - - [16/May/2025:18:03:19 +0000] "GET /prodcertingd-more.php?id=94 HTTP/1.1" 200 18031 "-" "meta-externalagent/1.1 (+https://developers.facebook.com/docs/sharing/webmasters/crawler)"
66.249.79.193 - - [16/May/2025:18:04:13 +0000] "GET / HTTP/1.1" 200 4183 "-" "Mozilla/5.0 (Linux; Android 6.0.1; Nexus 5X Build/MMB29P) AppleWebKit/537.36 (KHTML, like Gecko) Chrome/136.0.7103.92 Mobile Safari/537.36 (compatible; Googlebot/2.1; +http://www.google.com/bot.html)"
185.191.171.6 - - [16/May/2025:18:05:14 +0000] "GET /prodcertingd-more.php?id=328 HTTP/1.1" 200 4969 "-" "Mozilla/5.0 (compatible; SemrushBot/7~bl; +http://www.semrush.com/bot.html)"
185.191.171.8 - - [16/May/2025:18:09:14 +0000] "GET /prodcertingd-more.php?id=365 HTTP/1.1" 200 5090 "-" "Mozilla/5.0 (compatible; SemrushBot/7~bl; +http://www.semrush.com/bot.html)"
112.86.225.26 - - [16/May/2025:18:09:23 +0000] "GET / HTTP/1.1" 200 4192 "-" "Sogou web spider/4.0(+http://www.sogou.com/docs/help/webmasters.htm#07)"
184.72.84.154 - - [16/May/2025:18:09:34 +0000] "GET /pressreleaseandseminar.php HTTP/1.1" 200 4772 "-" "Mozilla/5.0 AppleWebKit/537.36 (KHTML, like Gecko; compatible; Amazonbot/0.1; +https://developer.amazon.com/support/amazonbot) Chrome/119.0.6045.214 Safari/537.36"
133.242.174.119 - - [16/May/2025:18:10:25 +0000] "GET /robots.txt HTTP/1.1" 200 99 "-" "Mozilla/5.0 (Linux; Android 10; K) AppleWebKit/537.36 (KHTML, like Gecko) Chrome/131.0.0.0 Mobile Safari/537.36"
133.242.174.119 - - [16/May/2025:18:10:25 +0000] "GET / HTTP/1.1" 200 4183 "-" "Mozilla/5.0 (Linux; Android 10; K) AppleWebKit/537.36 (KHTML, like Gecko) Chrome/131.0.0.0 Mobile Safari/537.36"
172.182.204.149 - - [16/May/2025:18:11:37 +0000] "GET /robots.txt HTTP/1.1" 200 99 "-" "Mozilla/5.0 AppleWebKit/537.36 (KHTML, like Gecko; compatible; GPTBot/1.0; +https://openai.com/gptbot)"
172.182.214.81 - - [16/May/2025:18:11:38 +0000] "GET /robots.txt HTTP/1.1" 200 99 "-" "Mozilla/5.0 AppleWebKit/537.36 (KHTML, like Gecko; compatible; GPTBot/1.0; +https://openai.com/gptbot)"
114.119.136.251 - - [16/May/2025:18:11:39 +0000] "GET /prodcertingd-more.php?id=511 HTTP/1.1" 200 4813 "https://basicayurveda.co.in/prodcertingd-more.php?id=511" "Mozilla/5.0 (Linux; Android 7.0;) AppleWebKit/537.36 (KHTML, like Gecko) Mobile Safari/537.36 (compatible; PetalBot;+https://webmaster.petalsearch.com/site/petalbot)"
172.182.204.209 - - [16/May/2025:18:11:40 +0000] "GET /robots.txt HTTP/1.1" 200 99 "-" "Mozilla/5.0 AppleWebKit/537.36 (KHTML, like Gecko; compatible; GPTBot/1.0; +https://openai.com/gptbot)"
172.182.215.9 - - [16/May/2025:18:11:41 +0000] "GET /robots.txt HTTP/1.1" 200 99 "-" "Mozilla/5.0 AppleWebKit/537.36 (KHTML, like Gecko; compatible; GPTBot/1.0; +https://openai.com/gptbot)"
188.68.42.150 - - [16/May/2025:18:12:52 +0000] "GET /galleryimg/8713646paralysis%20&%20rheumatic%20artharitis.jpg HTTP/1.1" 200 119192 "-" "Mozilla/5.0 (Windows NT 10.0; Win64; x64) AppleWebKit/537.36 (KHTML, like Gecko) Chrome/100.0.4510.842 Safari/537.36"
198.144.177.237 - - [16/May/2025:18:15:12 +0000] "GET / HTTP/1.1" 200 14287 "-" "-"
198.144.177.237 - - [16/May/2025:18:15:12 +0000] "GET /wordpress HTTP/1.1" 200 12815 "-" "-"
198.144.177.237 - - [16/May/2025:18:15:13 +0000] "GET /wp HTTP/1.1" 200 12815 "-" "-"
198.144.177.237 - - [16/May/2025:18:15:14 +0000] "GET /blog HTTP/1.1" 200 12815 "-" "-"
198.144.177.237 - - [16/May/2025:18:15:14 +0000] "GET /new HTTP/1.1" 200 12815 "-" "-"
198.144.177.237 - - [16/May/2025:18:15:14 +0000] "GET /old HTTP/1.1" 200 12815 "-" "-"
198.144.177.237 - - [16/May/2025:18:15:15 +0000] "GET /test HTTP/1.1" 200 12815 "-" "-"
198.144.177.237 - - [16/May/2025:18:15:16 +0000] "GET /main HTTP/1.1" 200 12815 "-" "-"
198.144.177.237 - - [16/May/2025:18:15:17 +0000] "GET /testing HTTP/1.1" 200 12815 "-" "-"
85.208.96.211 - - [16/May/2025:18:19:49 +0000] "GET /prodcertingd-more.php?id=539 HTTP/1.1" 200 5041 "-" "Mozilla/5.0 (compatible; SemrushBot/7~bl; +http://www.semrush.com/bot.html)"
185.191.171.4 - - [16/May/2025:18:20:24 +0000] "GET /cat-products.php?id=71 HTTP/1.1" 200 4386 "-" "Mozilla/5.0 (compatible; SemrushBot/7~bl; +http://www.semrush.com/bot.html)"
57.141.0.4 - - [16/May/2025:18:21:58 +0000] "GET /sitemap.xml HTTP/1.1" 200 26359 "-" "meta-externalagent/1.1 (+https://developers.facebook.com/docs/sharing/webmasters/crawler)"
51.222.253.18 - - [16/May/2025:18:23:19 +0000] "GET /robots.txt HTTP/1.1" 200 99 "-" "Mozilla/5.0 (compatible; AhrefsBot/7.0; +http://ahrefs.com/robot/)"
40.77.167.116 - - [16/May/2025:18:24:58 +0000] "GET /search-products.php?submit=Product+Search&keywords=2025 HTTP/1.1" 200 3920 "-" "Mozilla/5.0 AppleWebKit/537.36 (KHTML, like Gecko; compatible; bingbot/2.0; +http://www.bing.com/bingbot.htm) Chrome/116.0.1938.76 Safari/537.36"
57.141.0.6 - - [16/May/2025:18:27:11 +0000] "GET /prodcertingd-more.php?id=301 HTTP/1.1" 200 17185 "-" "meta-externalagent/1.1 (+https://developers.facebook.com/docs/sharing/webmasters/crawler)"
31.13.127.7 - - [16/May/2025:18:27:13 +0000] "GET /prodcertingd-more.php?id=437 HTTP/1.1" 200 17043 "-" "meta-externalagent/1.1 (+https://developers.facebook.com/docs/sharing/webmasters/crawler)"
152.53.126.167 - - [16/May/2025:18:27:30 +0000] "GET /galleryimg/9910311Loh%20Shakti%20Dayak%20Rasayan-225ml.png HTTP/1.1" 200 64925 "-" "Mozilla/5.0 (Windows NT 10.0; Win64; x64) AppleWebKit/537.36 (KHTML, like Gecko) Chrome/100.0.9987.471 Safari/537.36"
185.191.171.15 - - [16/May/2025:18:28:29 +0000] "GET /prodcertingd-more.php?id=474 HTTP/1.1" 200 4883 "-" "Mozilla/5.0 (compatible; SemrushBot/7~bl; +http://www.semrush.com/bot.html)"
174.219.74.187 - - [16/May/2025:18:28:39 +0000] "GET / HTTP/1.1" 200 4183 "-" "Mozilla/5.0 (iPhone; CPU iPhone OS 18_4_1 like Mac OS X) AppleWebKit/605.1.15 (KHTML, like Gecko) Mobile/15E148 GoogleWv/1.0 (WKWebView) GeminiiOS/1.2025.1770107"
174.219.74.187 - - [16/May/2025:18:28:39 +0000] "GET /css/style.css HTTP/1.1" 200 4428 "https://basicayurveda.co.in/" "Mozilla/5.0 (iPhone; CPU iPhone OS 18_4_1 like Mac OS X) AppleWebKit/605.1.15 (KHTML, like Gecko) Mobile/15E148 GoogleWv/1.0 (WKWebView) GeminiiOS/1.2025.1770107"
174.219.74.187 - - [16/May/2025:18:28:40 +0000] "GET /js/jquery-1.9.0.min.js HTTP/1.1" 200 32993 "https://basicayurveda.co.in/" "Mozilla/5.0 (iPhone; CPU iPhone OS 18_4_1 like Mac OS X) AppleWebKit/605.1.15 (KHTML, like Gecko) Mobile/15E148 GoogleWv/1.0 (WKWebView) GeminiiOS/1.2025.1770107"
174.219.74.187 - - [16/May/2025:18:28:40 +0000] "GET /gen_validatorv31.js HTTP/1.1" 200 4435 "https://basicayurveda.co.in/" "Mozilla/5.0 (iPhone; CPU iPhone OS 18_4_1 like Mac OS X) AppleWebKit/605.1.15 (KHTML, like Gecko) Mobile/15E148 GoogleWv/1.0 (WKWebView) GeminiiOS/1.2025.1770107"
174.219.74.187 - - [16/May/2025:18:28:40 +0000] "GET / HTTP/1.1" 200 4183 "-" "Mozilla/5.0 (iPhone; CPU iPhone OS 18_4_1 like Mac OS X) AppleWebKit/605.1.15 (KHTML, like Gecko) CriOS/136.0.7103.91 Mobile/15E148 Safari/604.1"
174.219.74.187 - - [16/May/2025:18:28:41 +0000] "GET /images/logo.png HTTP/1.1" 200 36434 "https://basicayurveda.co.in/" "Mozilla/5.0 (iPhone; CPU iPhone OS 18_4_1 like Mac OS X) AppleWebKit/605.1.15 (KHTML, like Gecko) Mobile/15E148 GoogleWv/1.0 (WKWebView) GeminiiOS/1.2025.1770107"
174.219.74.187 - - [16/May/2025:18:28:41 +0000] "GET /css/style.css HTTP/1.1" 200 4428 "https://basicayurveda.co.in/" "Mozilla/5.0 (iPhone; CPU iPhone OS 18_4_1 like Mac OS X) AppleWebKit/605.1.15 (KHTML, like Gecko) CriOS/136.0.7103.91 Mobile/15E148 Safari/604.1"
174.219.74.187 - - [16/May/2025:18:28:41 +0000] "GET /images/menu-icon.png HTTP/1.1" 200 345 "https://basicayurveda.co.in/" "Mozilla/5.0 (iPhone; CPU iPhone OS 18_4_1 like Mac OS X) AppleWebKit/605.1.15 (KHTML, like Gecko) Mobile/15E148 GoogleWv/1.0 (WKWebView) GeminiiOS/1.2025.1770107"
174.219.74.187 - - [16/May/2025:18:28:41 +0000] "GET /images/cont-img.png HTTP/1.1" 200 16095 "https://basicayurveda.co.in/" "Mozilla/5.0 (iPhone; CPU iPhone OS 18_4_1 like Mac OS X) AppleWebKit/605.1.15 (KHTML, like Gecko) Mobile/15E148 GoogleWv/1.0 (WKWebView) GeminiiOS/1.2025.1770107"
174.219.74.187 - - [16/May/2025:18:28:42 +0000] "GET /images/sprite.png HTTP/1.1" 200 14554 "https://basicayurveda.co.in/" "Mozilla/5.0 (iPhone; CPU iPhone OS 18_4_1 like Mac OS X) AppleWebKit/605.1.15 (KHTML, like Gecko) Mobile/15E148 GoogleWv/1.0 (WKWebView) GeminiiOS/1.2025.1770107"
