20.171.207.232 - - [16/May/2025:22:29:50 +0000] "GET /prodcertingd-more.php?id=173 HTTP/1.1" 200 5297 "-" "Mozilla/5.0 AppleWebKit/537.36 (KHTML, like Gecko; compatible; GPTBot/1.2; +https://openai.com/gptbot)"
217.182.175.163 - - [16/May/2025:22:29:50 +0000] "GET /newproducts.php/products.php/products.php/cat-products.php?id=102 HTTP/1.1" 200 3972 "-" "Mozilla/5.0 (compatible; MJ12bot/v1.4.8; http://mj12bot.com/)"
20.171.207.232 - - [16/May/2025:22:29:51 +0000] "GET /prodcertingd-more.php?id=192 HTTP/1.1" 200 5162 "-" "Mozilla/5.0 AppleWebKit/537.36 (KHTML, like Gecko; compatible; GPTBot/1.2; +https://openai.com/gptbot)"
217.182.175.163 - - [16/May/2025:22:29:52 +0000] "GET /newproducts.php/products.php/products.php/cat-products.php?id=75 HTTP/1.1" 200 3972 "-" "Mozilla/5.0 (compatible; MJ12bot/v1.4.8; http://mj12bot.com/)"
20.171.207.232 - - [16/May/2025:22:29:52 +0000] "GET /prodcertingd-more.php?id=421 HTTP/1.1" 200 5561 "-" "Mozilla/5.0 AppleWebKit/537.36 (KHTML, like Gecko; compatible; GPTBot/1.2; +https://openai.com/gptbot)"
20.171.207.232 - - [16/May/2025:22:29:53 +0000] "GET /galleryimg/4637604Triphala%20Churna.jpg HTTP/1.1" 200 181335 "-" "Mozilla/5.0 AppleWebKit/537.36 (KHTML, like Gecko; compatible; GPTBot/1.2; +https://openai.com/gptbot)"
217.182.175.163 - - [16/May/2025:22:29:54 +0000] "GET /newproducts.php/products.php/products.php/cat-products.php?id=76 HTTP/1.1" 200 3972 "-" "Mozilla/5.0 (compatible; MJ12bot/v1.4.8; http://mj12bot.com/)"
20.171.207.232 - - [16/May/2025:22:29:54 +0000] "GET /prodcertingd-more.php?id=399 HTTP/1.1" 200 4871 "-" "Mozilla/5.0 AppleWebKit/537.36 (KHTML, like Gecko; compatible; GPTBot/1.2; +https://openai.com/gptbot)"
217.182.175.163 - - [16/May/2025:22:29:55 +0000] "GET /newproducts.php/products.php/products.php/cat-products.php?id=77 HTTP/1.1" 200 3972 "-" "Mozilla/5.0 (compatible; MJ12bot/v1.4.8; http://mj12bot.com/)"
20.171.207.232 - - [16/May/2025:22:29:55 +0000] "GET /galleryimg/2486852Mahamanjistyadarishta.jpg HTTP/1.1" 200 226328 "-" "Mozilla/5.0 AppleWebKit/537.36 (KHTML, like Gecko; compatible; GPTBot/1.2; +https://openai.com/gptbot)"
20.171.207.232 - - [16/May/2025:22:29:57 +0000] "GET /galleryimg/7620288Herbal%20Paramshakti%20Dayak%20Tail.jpg HTTP/1.1" 200 729836 "-" "Mozilla/5.0 AppleWebKit/537.36 (KHTML, like Gecko; compatible; GPTBot/1.2; +https://openai.com/gptbot)"
217.182.175.163 - - [16/May/2025:22:29:57 +0000] "GET /newproducts.php/products.php/products.php/cat-products.php?id=78 HTTP/1.1" 200 3943 "-" "Mozilla/5.0 (compatible; MJ12bot/v1.4.8; http://mj12bot.com/)"
20.171.207.232 - - [16/May/2025:22:29:58 +0000] "GET /galleryimg/6337804Tubrak%20Tail.jpg HTTP/1.1" 200 484326 "-" "Mozilla/5.0 AppleWebKit/537.36 (KHTML, like Gecko; compatible; GPTBot/1.2; +https://openai.com/gptbot)"
217.182.175.163 - - [16/May/2025:22:29:59 +0000] "GET /newproducts.php/products.php/products.php/cat-products.php?id=79 HTTP/1.1" 200 3972 "-" "Mozilla/5.0 (compatible; MJ12bot/v1.4.8; http://mj12bot.com/)"
20.171.207.232 - - [16/May/2025:22:29:59 +0000] "GET /galleryimg/7274625Noni%20Virgin%20Juice.jpg HTTP/1.1" 200 1079024 "-" "Mozilla/5.0 AppleWebKit/537.36 (KHTML, like Gecko; compatible; GPTBot/1.2; +https://openai.com/gptbot)"
20.171.207.232 - - [16/May/2025:22:30:00 +0000] "GET /galleryimg/5844454Vidryadi%20Churna.jpg HTTP/1.1" 200 1199439 "-" "Mozilla/5.0 AppleWebKit/537.36 (KHTML, like Gecko; compatible; GPTBot/1.2; +https://openai.com/gptbot)"
217.182.175.163 - - [16/May/2025:22:30:00 +0000] "GET /newproducts.php/products.php/products.php/cat-products.php?id=82 HTTP/1.1" 200 3972 "-" "Mozilla/5.0 (compatible; MJ12bot/v1.4.8; http://mj12bot.com/)"
20.171.207.232 - - [16/May/2025:22:30:01 +0000] "GET /galleryimg/555595433923b7c554de706c4b5fe87a.jpg HTTP/1.1" 200 54184 "-" "Mozilla/5.0 AppleWebKit/537.36 (KHTML, like Gecko; compatible; GPTBot/1.2; +https://openai.com/gptbot)"
217.182.175.163 - - [16/May/2025:22:30:02 +0000] "GET /newproducts.php/products.php/products.php/cat-products.php?id=83 HTTP/1.1" 200 3972 "-" "Mozilla/5.0 (compatible; MJ12bot/v1.4.8; http://mj12bot.com/)"
20.171.207.232 - - [16/May/2025:22:30:02 +0000] "GET /galleryimg/1864554After%20Meal%20Hajma%20Churna.jpg HTTP/1.1" 200 521669 "-" "Mozilla/5.0 AppleWebKit/537.36 (KHTML, like Gecko; compatible; GPTBot/1.2; +https://openai.com/gptbot)"
217.182.175.163 - - [16/May/2025:22:30:04 +0000] "GET /newproducts.php/products.php/products.php/cat-products.php?id=84 HTTP/1.1" 200 3943 "-" "Mozilla/5.0 (compatible; MJ12bot/v1.4.8; http://mj12bot.com/)"
20.171.207.232 - - [16/May/2025:22:30:04 +0000] "GET /galleryimg/3522494Balyam%20Churna.jpg HTTP/1.1" 200 912412 "-" "Mozilla/5.0 AppleWebKit/537.36 (KHTML, like Gecko; compatible; GPTBot/1.2; +https://openai.com/gptbot)"
20.171.207.232 - - [16/May/2025:22:30:05 +0000] "GET /prodcertingd-more.php?id=435 HTTP/1.1" 200 5422 "-" "Mozilla/5.0 AppleWebKit/537.36 (KHTML, like Gecko; compatible; GPTBot/1.2; +https://openai.com/gptbot)"
217.182.175.163 - - [16/May/2025:22:30:05 +0000] "GET /newproducts.php/products.php/products.php/cat-products.php?id=85 HTTP/1.1" 200 3972 "-" "Mozilla/5.0 (compatible; MJ12bot/v1.4.8; http://mj12bot.com/)"
20.171.207.232 - - [16/May/2025:22:30:06 +0000] "GET /galleryimg/2826935Moti%20Pishti.jpg HTTP/1.1" 200 747909 "-" "Mozilla/5.0 AppleWebKit/537.36 (KHTML, like Gecko; compatible; GPTBot/1.2; +https://openai.com/gptbot)"
217.182.175.163 - - [16/May/2025:22:30:07 +0000] "GET /newproducts.php/products.php/products.php/cat-products.php?id=86 HTTP/1.1" 200 3972 "-" "Mozilla/5.0 (compatible; MJ12bot/v1.4.8; http://mj12bot.com/)"
20.171.207.232 - - [16/May/2025:22:30:07 +0000] "GET /prodcertingd-more.php?id=112 HTTP/1.1" 200 5218 "-" "Mozilla/5.0 AppleWebKit/537.36 (KHTML, like Gecko; compatible; GPTBot/1.2; +https://openai.com/gptbot)"
20.171.207.232 - - [16/May/2025:22:30:08 +0000] "GET /prodcertingd-more.php?id=391 HTTP/1.1" 200 5186 "-" "Mozilla/5.0 AppleWebKit/537.36 (KHTML, like Gecko; compatible; GPTBot/1.2; +https://openai.com/gptbot)"
217.182.175.163 - - [16/May/2025:22:30:09 +0000] "GET /newproducts.php/products.php/products.php/cat-products.php?id=87 HTTP/1.1" 200 3943 "-" "Mozilla/5.0 (compatible; MJ12bot/v1.4.8; http://mj12bot.com/)"
20.171.207.232 - - [16/May/2025:22:30:09 +0000] "GET /prodcertingd-more.php?id=304 HTTP/1.1" 200 4948 "-" "Mozilla/5.0 AppleWebKit/537.36 (KHTML, like Gecko; compatible; GPTBot/1.2; +https://openai.com/gptbot)"
20.171.207.232 - - [16/May/2025:22:30:10 +0000] "GET /prodcertingd-more.php?id=373 HTTP/1.1" 200 4980 "-" "Mozilla/5.0 AppleWebKit/537.36 (KHTML, like Gecko; compatible; GPTBot/1.2; +https://openai.com/gptbot)"
217.182.175.163 - - [16/May/2025:22:30:10 +0000] "GET /newproducts.php/products.php/products.php/cat-products.php?id=89 HTTP/1.1" 200 3972 "-" "Mozilla/5.0 (compatible; MJ12bot/v1.4.8; http://mj12bot.com/)"
20.171.207.232 - - [16/May/2025:22:30:12 +0000] "GET /prodcertingd-more.php?id=139 HTTP/1.1" 200 5676 "-" "Mozilla/5.0 AppleWebKit/537.36 (KHTML, like Gecko; compatible; GPTBot/1.2; +https://openai.com/gptbot)"
217.182.175.163 - - [16/May/2025:22:30:12 +0000] "GET /newproducts.php/products.php/products.php/cat-products.php?id=90 HTTP/1.1" 200 3943 "-" "Mozilla/5.0 (compatible; MJ12bot/v1.4.8; http://mj12bot.com/)"
20.171.207.232 - - [16/May/2025:22:30:13 +0000] "GET /prodcertingd-more.php?id=148 HTTP/1.1" 200 5180 "-" "Mozilla/5.0 AppleWebKit/537.36 (KHTML, like Gecko; compatible; GPTBot/1.2; +https://openai.com/gptbot)"
20.171.207.232 - - [16/May/2025:22:30:14 +0000] "GET /prodcertingd-more.php?id=255 HTTP/1.1" 200 4983 "-" "Mozilla/5.0 AppleWebKit/537.36 (KHTML, like Gecko; compatible; GPTBot/1.2; +https://openai.com/gptbot)"
217.182.175.163 - - [16/May/2025:22:30:14 +0000] "GET /newproducts.php/products.php/products.php/cat-products.php?id=91 HTTP/1.1" 200 3972 "-" "Mozilla/5.0 (compatible; MJ12bot/v1.4.8; http://mj12bot.com/)"
20.171.207.232 - - [16/May/2025:22:30:15 +0000] "GET /prodcertingd-more.php?id=248 HTTP/1.1" 200 5088 "-" "Mozilla/5.0 AppleWebKit/537.36 (KHTML, like Gecko; compatible; GPTBot/1.2; +https://openai.com/gptbot)"
217.182.175.163 - - [16/May/2025:22:30:16 +0000] "GET /newproducts.php/products.php/products.php/cat-products.php?id=92 HTTP/1.1" 200 3972 "-" "Mozilla/5.0 (compatible; MJ12bot/v1.4.8; http://mj12bot.com/)"
20.171.207.232 - - [16/May/2025:22:30:16 +0000] "GET /galleryimg/6178064Chappanprash.jpg HTTP/1.1" 200 705357 "-" "Mozilla/5.0 AppleWebKit/537.36 (KHTML, like Gecko; compatible; GPTBot/1.2; +https://openai.com/gptbot)"
217.182.175.163 - - [16/May/2025:22:30:17 +0000] "GET /newproducts.php/products.php/products.php/cat-products.php?id=93 HTTP/1.1" 200 3943 "-" "Mozilla/5.0 (compatible; MJ12bot/v1.4.8; http://mj12bot.com/)"
20.171.207.232 - - [16/May/2025:22:30:18 +0000] "GET /prodcertingd-more.php?id=231 HTTP/1.1" 200 4994 "-" "Mozilla/5.0 AppleWebKit/537.36 (KHTML, like Gecko; compatible; GPTBot/1.2; +https://openai.com/gptbot)"
217.182.175.163 - - [16/May/2025:22:30:19 +0000] "GET /newproducts.php/products.php/products.php/cat-products.php?id=94 HTTP/1.1" 200 3972 "-" "Mozilla/5.0 (compatible; MJ12bot/v1.4.8; http://mj12bot.com/)"
20.171.207.232 - - [16/May/2025:22:30:19 +0000] "GET /galleryimg/9723171Shodhita%20Shilajit%20Capsule.jpg HTTP/1.1" 200 1097775 "-" "Mozilla/5.0 AppleWebKit/537.36 (KHTML, like Gecko; compatible; GPTBot/1.2; +https://openai.com/gptbot)"
20.171.207.232 - - [16/May/2025:22:30:21 +0000] "GET /galleryimg/4634479Mahamarichyadi%20Tail.jpg HTTP/1.1" 200 599642 "-" "Mozilla/5.0 AppleWebKit/537.36 (KHTML, like Gecko; compatible; GPTBot/1.2; +https://openai.com/gptbot)"
217.182.175.163 - - [16/May/2025:22:30:21 +0000] "GET /newproducts.php/products.php/products.php/cat-products.php?id=95 HTTP/1.1" 200 3972 "-" "Mozilla/5.0 (compatible; MJ12bot/v1.4.8; http://mj12bot.com/)"
20.171.207.232 - - [16/May/2025:22:30:22 +0000] "GET /galleryimg/5803627Grapes%20Vinegar.jpg HTTP/1.1" 200 733758 "-" "Mozilla/5.0 AppleWebKit/537.36 (KHTML, like Gecko; compatible; GPTBot/1.2; +https://openai.com/gptbot)"
217.182.175.163 - - [16/May/2025:22:30:22 +0000] "GET /newproducts.php/products.php/products.php/cat-products.php?id=96 HTTP/1.1" 200 3972 "-" "Mozilla/5.0 (compatible; MJ12bot/v1.4.8; http://mj12bot.com/)"
20.171.207.232 - - [16/May/2025:22:30:23 +0000] "GET /galleryimg/8044080Mukta%20Panchamrit%20Ras.jpg HTTP/1.1" 200 528881 "-" "Mozilla/5.0 AppleWebKit/537.36 (KHTML, like Gecko; compatible; GPTBot/1.2; +https://openai.com/gptbot)"
217.182.175.163 - - [16/May/2025:22:30:24 +0000] "GET /newproducts.php/products.php/products.php/cat-products.php?id=97 HTTP/1.1" 200 3972 "-" "Mozilla/5.0 (compatible; MJ12bot/v1.4.8; http://mj12bot.com/)"
20.171.207.232 - - [16/May/2025:22:30:24 +0000] "GET /galleryimg/7368626Sarsvatarishta-2.jpg HTTP/1.1" 200 119409 "-" "Mozilla/5.0 AppleWebKit/537.36 (KHTML, like Gecko; compatible; GPTBot/1.2; +https://openai.com/gptbot)"
20.171.207.232 - - [16/May/2025:22:30:25 +0000] "GET /prodcertingd-more.php?id=249 HTTP/1.1" 200 5240 "-" "Mozilla/5.0 AppleWebKit/537.36 (KHTML, like Gecko; compatible; GPTBot/1.2; +https://openai.com/gptbot)"
217.182.175.163 - - [16/May/2025:22:30:26 +0000] "GET /newproducts.php/products.php/products.php/cat-products.php?id=98 HTTP/1.1" 200 3972 "-" "Mozilla/5.0 (compatible; MJ12bot/v1.4.8; http://mj12bot.com/)"
20.171.207.232 - - [16/May/2025:22:30:26 +0000] "GET /galleryimg/4487783hydrame%20lotion.jpg HTTP/1.1" 200 491502 "-" "Mozilla/5.0 AppleWebKit/537.36 (KHTML, like Gecko; compatible; GPTBot/1.2; +https://openai.com/gptbot)"
217.182.175.163 - - [16/May/2025:22:30:27 +0000] "GET /newproducts.php/products.php/products.php/cat-products.php?id=99 HTTP/1.1" 200 3972 "-" "Mozilla/5.0 (compatible; MJ12bot/v1.4.8; http://mj12bot.com/)"
20.171.207.232 - - [16/May/2025:22:30:28 +0000] "GET /galleryimg/3220883Chaturmukh%20Ras.jpg HTTP/1.1" 200 89363 "-" "Mozilla/5.0 AppleWebKit/537.36 (KHTML, like Gecko; compatible; GPTBot/1.2; +https://openai.com/gptbot)"
217.182.175.163 - - [16/May/2025:22:30:29 +0000] "GET /newproducts.php/products.php/products.php/certificate.php HTTP/1.1" 200 3972 "-" "Mozilla/5.0 (compatible; MJ12bot/v1.4.8; http://mj12bot.com/)"
20.171.207.232 - - [16/May/2025:22:30:30 +0000] "GET /prodcertingd-more.php?id=293 HTTP/1.1" 200 5215 "-" "Mozilla/5.0 AppleWebKit/537.36 (KHTML, like Gecko; compatible; GPTBot/1.2; +https://openai.com/gptbot)"
217.182.175.163 - - [16/May/2025:22:30:31 +0000] "GET /newproducts.php/products.php/products.php/globaloverseas.php HTTP/1.1" 200 3972 "-" "Mozilla/5.0 (compatible; MJ12bot/v1.4.8; http://mj12bot.com/)"
20.171.207.232 - - [16/May/2025:22:30:31 +0000] "GET /prodcertingd-more.php?id=303 HTTP/1.1" 200 4974 "-" "Mozilla/5.0 AppleWebKit/537.36 (KHTML, like Gecko; compatible; GPTBot/1.2; +https://openai.com/gptbot)"
20.171.207.232 - - [16/May/2025:22:30:32 +0000] "GET /galleryimg/2396084Swarn%20Malni%20Vasant%20Ras.jpg HTTP/1.1" 200 352336 "-" "Mozilla/5.0 AppleWebKit/537.36 (KHTML, like Gecko; compatible; GPTBot/1.2; +https://openai.com/gptbot)"
217.182.175.163 - - [16/May/2025:22:30:33 +0000] "GET /newproducts.php/products.php/qualitycontrol.php/ HTTP/1.1" 200 3972 "-" "Mozilla/5.0 (compatible; MJ12bot/v1.4.8; http://mj12bot.com/)"
20.171.207.232 - - [16/May/2025:22:30:34 +0000] "GET /prodcertingd-more.php?id=113 HTTP/1.1" 200 5121 "-" "Mozilla/5.0 AppleWebKit/537.36 (KHTML, like Gecko; compatible; GPTBot/1.2; +https://openai.com/gptbot)"
217.182.175.163 - - [16/May/2025:22:30:34 +0000] "GET /newproducts.php/products.php/randd.php/ HTTP/1.1" 200 3972 "-" "Mozilla/5.0 (compatible; MJ12bot/v1.4.8; http://mj12bot.com/)"
20.171.207.232 - - [16/May/2025:22:30:35 +0000] "GET /prodcertingd-more.php?id=357 HTTP/1.1" 200 4811 "-" "Mozilla/5.0 AppleWebKit/537.36 (KHTML, like Gecko; compatible; GPTBot/1.2; +https://openai.com/gptbot)"
217.182.175.163 - - [16/May/2025:22:30:36 +0000] "GET /newproducts.php/products.php/testimonials.php/ HTTP/1.1" 200 3972 "-" "Mozilla/5.0 (compatible; MJ12bot/v1.4.8; http://mj12bot.com/)"
20.171.207.232 - - [16/May/2025:22:30:36 +0000] "GET /prodcertingd-more.php?id=100 HTTP/1.1" 200 5213 "-" "Mozilla/5.0 AppleWebKit/537.36 (KHTML, like Gecko; compatible; GPTBot/1.2; +https://openai.com/gptbot)"
20.171.207.232 - - [16/May/2025:22:30:37 +0000] "GET /prodcertingd-more.php?id=197 HTTP/1.1" 200 5212 "-" "Mozilla/5.0 AppleWebKit/537.36 (KHTML, like Gecko; compatible; GPTBot/1.2; +https://openai.com/gptbot)"
217.182.175.163 - - [16/May/2025:22:30:38 +0000] "GET /newproducts.php/qualitycontrol.php/cat-products.php?id=100/ HTTP/1.1" 200 3972 "-" "Mozilla/5.0 (compatible; MJ12bot/v1.4.8; http://mj12bot.com/)"
20.171.207.232 - - [16/May/2025:22:30:38 +0000] "GET /galleryimg/326189Chaturbhuj%20Ras.jpg HTTP/1.1" 200 89479 "-" "Mozilla/5.0 AppleWebKit/537.36 (KHTML, like Gecko; compatible; GPTBot/1.2; +https://openai.com/gptbot)"
217.182.175.163 - - [16/May/2025:22:30:39 +0000] "GET /newproducts.php/qualitycontrol.php/cat-products.php?id=101/ HTTP/1.1" 200 3972 "-" "Mozilla/5.0 (compatible; MJ12bot/v1.4.8; http://mj12bot.com/)"
20.171.207.232 - - [16/May/2025:22:30:40 +0000] "GET /prodcertingd-more.php?id=457 HTTP/1.1" 200 5157 "-" "Mozilla/5.0 AppleWebKit/537.36 (KHTML, like Gecko; compatible; GPTBot/1.2; +https://openai.com/gptbot)"
20.171.207.232 - - [16/May/2025:22:30:41 +0000] "GET /prodcertingd-more.php?id=394 HTTP/1.1" 200 5325 "-" "Mozilla/5.0 AppleWebKit/537.36 (KHTML, like Gecko; compatible; GPTBot/1.2; +https://openai.com/gptbot)"
217.182.175.163 - - [16/May/2025:22:30:41 +0000] "GET /newproducts.php/qualitycontrol.php/cat-products.php?id=102/ HTTP/1.1" 200 3972 "-" "Mozilla/5.0 (compatible; MJ12bot/v1.4.8; http://mj12bot.com/)"
20.171.207.232 - - [16/May/2025:22:30:42 +0000] "GET /galleryimg/4801753Herbal%20Paramshakti%20Dayak%20Capsule.jpg HTTP/1.1" 200 1202239 "-" "Mozilla/5.0 AppleWebKit/537.36 (KHTML, like Gecko; compatible; GPTBot/1.2; +https://openai.com/gptbot)"
217.182.175.163 - - [16/May/2025:22:30:43 +0000] "GET /newproducts.php/qualitycontrol.php/cat-products.php?id=103/ HTTP/1.1" 200 3972 "-" "Mozilla/5.0 (compatible; MJ12bot/v1.4.8; http://mj12bot.com/)"
20.171.207.232 - - [16/May/2025:22:30:44 +0000] "GET /prodcertingd-more.php?id=387 HTTP/1.1" 200 5472 "-" "Mozilla/5.0 AppleWebKit/537.36 (KHTML, like Gecko; compatible; GPTBot/1.2; +https://openai.com/gptbot)"
217.182.175.163 - - [16/May/2025:22:30:44 +0000] "GET /newproducts.php/qualitycontrol.php/cat-products.php?id=104/ HTTP/1.1" 200 3972 "-" "Mozilla/5.0 (compatible; MJ12bot/v1.4.8; http://mj12bot.com/)"
20.171.207.232 - - [16/May/2025:22:30:45 +0000] "GET /prodcertingd-more.php?id=407 HTTP/1.1" 200 5370 "-" "Mozilla/5.0 AppleWebKit/537.36 (KHTML, like Gecko; compatible; GPTBot/1.2; +https://openai.com/gptbot)"
217.182.175.163 - - [16/May/2025:22:30:46 +0000] "GET /newproducts.php/qualitycontrol.php/cat-products.php?id=105/ HTTP/1.1" 200 3972 "-" "Mozilla/5.0 (compatible; MJ12bot/v1.4.8; http://mj12bot.com/)"
20.171.207.232 - - [16/May/2025:22:30:47 +0000] "GET /galleryimg/7899235Calci%20Yog%20Tablet.jpg HTTP/1.1" 200 1087190 "-" "Mozilla/5.0 AppleWebKit/537.36 (KHTML, like Gecko; compatible; GPTBot/1.2; +https://openai.com/gptbot)"
217.182.175.163 - - [16/May/2025:22:30:48 +0000] "GET /newproducts.php/qualitycontrol.php/cat-products.php?id=65/ HTTP/1.1" 200 3972 "-" "Mozilla/5.0 (compatible; MJ12bot/v1.4.8; http://mj12bot.com/)"
20.171.207.232 - - [16/May/2025:22:30:48 +0000] "GET /galleryimg/175917Beet%20root%20Vinager.jpg HTTP/1.1" 200 911263 "-" "Mozilla/5.0 AppleWebKit/537.36 (KHTML, like Gecko; compatible; GPTBot/1.2; +https://openai.com/gptbot)"
17.241.75.149 - - [16/May/2025:22:30:49 +0000] "GET /robots.txt HTTP/1.1" 200 99 "-" "Mozilla/5.0 (Macintosh; Intel Mac OS X 10_15_7) AppleWebKit/605.1.15 (KHTML, like Gecko) Version/17.4 Safari/605.1.15 (Applebot/0.1; +http://www.apple.com/go/applebot)"
152.53.115.94 - - [16/May/2025:22:30:49 +0000] "GET /galleryimg/7262506Bava%20Sutra%20Capsule.png HTTP/1.1" 200 54381 "-" "Mozilla/5.0 (Windows NT 10.0; Win64; x64) AppleWebKit/537.36 (KHTML, like Gecko) Chrome/100.0.8318.614 Safari/537.36"
217.182.175.163 - - [16/May/2025:22:30:49 +0000] "GET /newproducts.php/qualitycontrol.php/cat-products.php?id=66/ HTTP/1.1" 200 3972 "-" "Mozilla/5.0 (compatible; MJ12bot/v1.4.8; http://mj12bot.com/)"
17.241.75.149 - - [16/May/2025:22:30:49 +0000] "GET /prodcertingd-more.php?id=109 HTTP/1.1" 200 5043 "-" "Mozilla/5.0 (Macintosh; Intel Mac OS X 10_15_7) AppleWebKit/605.1.15 (KHTML, like Gecko) Version/17.4 Safari/605.1.15 (Applebot/0.1; +http://www.apple.com/go/applebot)"
20.171.207.232 - - [16/May/2025:22:30:50 +0000] "GET /prodcertingd-more.php?id=436 HTTP/1.1" 200 5115 "-" "Mozilla/5.0 AppleWebKit/537.36 (KHTML, like Gecko; compatible; GPTBot/1.2; +https://openai.com/gptbot)"
217.182.175.163 - - [16/May/2025:22:30:51 +0000] "GET /newproducts.php/qualitycontrol.php/cat-products.php?id=67/ HTTP/1.1" 200 3972 "-" "Mozilla/5.0 (compatible; MJ12bot/v1.4.8; http://mj12bot.com/)"
20.171.207.232 - - [16/May/2025:22:30:51 +0000] "GET /prodcertingd-more.php?id=273 HTTP/1.1" 200 5014 "-" "Mozilla/5.0 AppleWebKit/537.36 (KHTML, like Gecko; compatible; GPTBot/1.2; +https://openai.com/gptbot)"
217.182.175.163 - - [16/May/2025:22:30:53 +0000] "GET /newproducts.php/qualitycontrol.php/cat-products.php?id=68/ HTTP/1.1" 200 3943 "-" "Mozilla/5.0 (compatible; MJ12bot/v1.4.8; http://mj12bot.com/)"
20.171.207.232 - - [16/May/2025:22:30:53 +0000] "GET /galleryimg/5527726Neem%20Giloy%20Juice.jpg HTTP/1.1" 200 985673 "-" "Mozilla/5.0 AppleWebKit/537.36 (KHTML, like Gecko; compatible; GPTBot/1.2; +https://openai.com/gptbot)"
217.182.175.163 - - [16/May/2025:22:30:54 +0000] "GET /newproducts.php/qualitycontrol.php/cat-products.php?id=69/ HTTP/1.1" 200 3972 "-" "Mozilla/5.0 (compatible; MJ12bot/v1.4.8; http://mj12bot.com/)"
20.171.207.232 - - [16/May/2025:22:30:54 +0000] "GET /galleryimg/4641400After%20Meal%20Syrup.jpg HTTP/1.1" 200 909742 "-" "Mozilla/5.0 AppleWebKit/537.36 (KHTML, like Gecko; compatible; GPTBot/1.2; +https://openai.com/gptbot)"
217.182.175.163 - - [16/May/2025:22:30:56 +0000] "GET /newproducts.php/qualitycontrol.php/cat-products.php?id=70/ HTTP/1.1" 200 3972 "-" "Mozilla/5.0 (compatible; MJ12bot/v1.4.8; http://mj12bot.com/)"
20.171.207.232 - - [16/May/2025:22:30:56 +0000] "GET /galleryimg/1128273Mahamash%20Tail.jpg HTTP/1.1" 200 626367 "-" "Mozilla/5.0 AppleWebKit/537.36 (KHTML, like Gecko; compatible; GPTBot/1.2; +https://openai.com/gptbot)"
217.182.175.163 - - [16/May/2025:22:30:58 +0000] "GET /newproducts.php/qualitycontrol.php/cat-products.php?id=71/ HTTP/1.1" 200 3972 "-" "Mozilla/5.0 (compatible; MJ12bot/v1.4.8; http://mj12bot.com/)"
20.171.207.232 - - [16/May/2025:22:30:58 +0000] "GET /prodcertingd-more.php?id=288 HTTP/1.1" 200 5099 "-" "Mozilla/5.0 AppleWebKit/537.36 (KHTML, like Gecko; compatible; GPTBot/1.2; +https://openai.com/gptbot)"
217.182.175.163 - - [16/May/2025:22:30:59 +0000] "GET /newproducts.php/qualitycontrol.php/cat-products.php?id=72/ HTTP/1.1" 200 3972 "-" "Mozilla/5.0 (compatible; MJ12bot/v1.4.8; http://mj12bot.com/)"
20.171.207.232 - - [16/May/2025:22:30:59 +0000] "GET /galleryimg/8630220Kumkumadi%20Tail.jpg HTTP/1.1" 200 692075 "-" "Mozilla/5.0 AppleWebKit/537.36 (KHTML, like Gecko; compatible; GPTBot/1.2; +https://openai.com/gptbot)"
20.171.207.232 - - [16/May/2025:22:31:01 +0000] "GET /galleryimg/6682158Veeryam%20Power%20Powder.jpg HTTP/1.1" 200 608592 "-" "Mozilla/5.0 AppleWebKit/537.36 (KHTML, like Gecko; compatible; GPTBot/1.2; +https://openai.com/gptbot)"
217.182.175.163 - - [16/May/2025:22:31:01 +0000] "GET /newproducts.php/qualitycontrol.php/cat-products.php?id=73/ HTTP/1.1" 200 3972 "-" "Mozilla/5.0 (compatible; MJ12bot/v1.4.8; http://mj12bot.com/)"
20.171.207.232 - - [16/May/2025:22:31:03 +0000] "GET /prodcertingd-more.php?id=437 HTTP/1.1" 200 5084 "-" "Mozilla/5.0 AppleWebKit/537.36 (KHTML, like Gecko; compatible; GPTBot/1.2; +https://openai.com/gptbot)"
217.182.175.163 - - [16/May/2025:22:31:03 +0000] "GET /newproducts.php/qualitycontrol.php/cat-products.php?id=74/ HTTP/1.1" 200 3972 "-" "Mozilla/5.0 (compatible; MJ12bot/v1.4.8; http://mj12bot.com/)"
20.171.207.232 - - [16/May/2025:22:31:04 +0000] "GET /prodcertingd-more.php?id=129 HTTP/1.1" 200 5355 "-" "Mozilla/5.0 AppleWebKit/537.36 (KHTML, like Gecko; compatible; GPTBot/1.2; +https://openai.com/gptbot)"
217.182.175.163 - - [16/May/2025:22:31:04 +0000] "GET /newproducts.php/qualitycontrol.php/cat-products.php?id=75/ HTTP/1.1" 200 3972 "-" "Mozilla/5.0 (compatible; MJ12bot/v1.4.8; http://mj12bot.com/)"
20.171.207.232 - - [16/May/2025:22:31:05 +0000] "GET /prodcertingd-more.php?id=116 HTTP/1.1" 200 4915 "-" "Mozilla/5.0 AppleWebKit/537.36 (KHTML, like Gecko; compatible; GPTBot/1.2; +https://openai.com/gptbot)"
217.182.175.163 - - [16/May/2025:22:31:06 +0000] "GET /newproducts.php/qualitycontrol.php/cat-products.php?id=76/ HTTP/1.1" 200 3972 "-" "Mozilla/5.0 (compatible; MJ12bot/v1.4.8; http://mj12bot.com/)"
20.171.207.232 - - [16/May/2025:22:31:06 +0000] "GET /prodcertingd-more.php?id=410 HTTP/1.1" 200 5003 "-" "Mozilla/5.0 AppleWebKit/537.36 (KHTML, like Gecko; compatible; GPTBot/1.2; +https://openai.com/gptbot)"
89.58.15.142 - - [16/May/2025:22:31:07 +0000] "GET /galleryimg/6766932Rajparvartani%20Vati.png HTTP/1.1" 200 53064 "-" "Mozilla/5.0 (Windows NT 10.0; Win64; x64) AppleWebKit/537.36 (KHTML, like Gecko) Chrome/100.0.7949.700 Safari/537.36"
20.171.207.232 - - [16/May/2025:22:31:07 +0000] "GET /prodcertingd-more.php?id=375 HTTP/1.1" 200 5104 "-" "Mozilla/5.0 AppleWebKit/537.36 (KHTML, like Gecko; compatible; GPTBot/1.2; +https://openai.com/gptbot)"
217.182.175.163 - - [16/May/2025:22:31:08 +0000] "GET /newproducts.php/qualitycontrol.php/cat-products.php?id=77/ HTTP/1.1" 200 3972 "-" "Mozilla/5.0 (compatible; MJ12bot/v1.4.8; http://mj12bot.com/)"
20.171.207.232 - - [16/May/2025:22:31:09 +0000] "GET /prodcertingd-more.php?id=422 HTTP/1.1" 200 5516 "-" "Mozilla/5.0 AppleWebKit/537.36 (KHTML, like Gecko; compatible; GPTBot/1.2; +https://openai.com/gptbot)"
217.182.175.163 - - [16/May/2025:22:31:10 +0000] "GET /newproducts.php/qualitycontrol.php/cat-products.php?id=78/ HTTP/1.1" 200 3972 "-" "Mozilla/5.0 (compatible; MJ12bot/v1.4.8; http://mj12bot.com/)"
20.171.207.232 - - [16/May/2025:22:31:10 +0000] "GET /prodcertingd-more.php?id=105 HTTP/1.1" 200 5496 "-" "Mozilla/5.0 AppleWebKit/537.36 (KHTML, like Gecko; compatible; GPTBot/1.2; +https://openai.com/gptbot)"
20.171.207.232 - - [16/May/2025:22:31:11 +0000] "GET /prodcertingd-more.php?id=258 HTTP/1.1" 200 5118 "-" "Mozilla/5.0 AppleWebKit/537.36 (KHTML, like Gecko; compatible; GPTBot/1.2; +https://openai.com/gptbot)"
217.182.175.163 - - [16/May/2025:22:31:11 +0000] "GET /newproducts.php/qualitycontrol.php/cat-products.php?id=79/ HTTP/1.1" 200 3972 "-" "Mozilla/5.0 (compatible; MJ12bot/v1.4.8; http://mj12bot.com/)"
20.171.207.232 - - [16/May/2025:22:31:12 +0000] "GET /prodcertingd-more.php?id=338 HTTP/1.1" 200 5190 "-" "Mozilla/5.0 AppleWebKit/537.36 (KHTML, like Gecko; compatible; GPTBot/1.2; +https://openai.com/gptbot)"
217.182.175.163 - - [16/May/2025:22:31:13 +0000] "GET /newproducts.php/qualitycontrol.php/cat-products.php?id=80/ HTTP/1.1" 200 3972 "-" "Mozilla/5.0 (compatible; MJ12bot/v1.4.8; http://mj12bot.com/)"
20.171.207.232 - - [16/May/2025:22:31:13 +0000] "GET /prodcertingd-more.php?id=340 HTTP/1.1" 200 5159 "-" "Mozilla/5.0 AppleWebKit/537.36 (KHTML, like Gecko; compatible; GPTBot/1.2; +https://openai.com/gptbot)"
20.171.207.232 - - [16/May/2025:22:31:14 +0000] "GET /prodcertingd-more.php?id=272 HTTP/1.1" 200 5301 "-" "Mozilla/5.0 AppleWebKit/537.36 (KHTML, like Gecko; compatible; GPTBot/1.2; +https://openai.com/gptbot)"
217.182.175.163 - - [16/May/2025:22:31:15 +0000] "GET /newproducts.php/qualitycontrol.php/cat-products.php?id=81/ HTTP/1.1" 200 3972 "-" "Mozilla/5.0 (compatible; MJ12bot/v1.4.8; http://mj12bot.com/)"
20.171.207.232 - - [16/May/2025:22:31:16 +0000] "GET /galleryimg/4900099Lohasava.jpg HTTP/1.1" 200 99982 "-" "Mozilla/5.0 AppleWebKit/537.36 (KHTML, like Gecko; compatible; GPTBot/1.2; +https://openai.com/gptbot)"
217.182.175.163 - - [16/May/2025:22:31:16 +0000] "GET /newproducts.php/qualitycontrol.php/cat-products.php?id=82/ HTTP/1.1" 200 3972 "-" "Mozilla/5.0 (compatible; MJ12bot/v1.4.8; http://mj12bot.com/)"
20.171.207.232 - - [16/May/2025:22:31:17 +0000] "GET /galleryimg/8455259Aamla%20Capsule.jpg HTTP/1.1" 200 1235512 "-" "Mozilla/5.0 AppleWebKit/537.36 (KHTML, like Gecko; compatible; GPTBot/1.2; +https://openai.com/gptbot)"
20.171.207.232 - - [16/May/2025:22:31:18 +0000] "GET /galleryimg/9367820Kamdev%20Churna.jpg HTTP/1.1" 200 676484 "-" "Mozilla/5.0 AppleWebKit/537.36 (KHTML, like Gecko; compatible; GPTBot/1.2; +https://openai.com/gptbot)"
217.182.175.163 - - [16/May/2025:22:31:18 +0000] "GET /newproducts.php/qualitycontrol.php/cat-products.php?id=83/ HTTP/1.1" 200 3972 "-" "Mozilla/5.0 (compatible; MJ12bot/v1.4.8; http://mj12bot.com/)"
20.171.207.232 - - [16/May/2025:22:31:19 +0000] "GET /prodcertingd-more.php?id=260 HTTP/1.1" 200 5014 "-" "Mozilla/5.0 AppleWebKit/537.36 (KHTML, like Gecko; compatible; GPTBot/1.2; +https://openai.com/gptbot)"
217.182.175.163 - - [16/May/2025:22:31:20 +0000] "GET /newproducts.php/qualitycontrol.php/cat-products.php?id=84/ HTTP/1.1" 200 3972 "-" "Mozilla/5.0 (compatible; MJ12bot/v1.4.8; http://mj12bot.com/)"
20.171.207.232 - - [16/May/2025:22:31:20 +0000] "GET /galleryimg/3329863Erand%20Pak.jpg HTTP/1.1" 200 75012 "-" "Mozilla/5.0 AppleWebKit/537.36 (KHTML, like Gecko; compatible; GPTBot/1.2; +https://openai.com/gptbot)"
20.171.207.232 - - [16/May/2025:22:31:21 +0000] "GET /galleryimg/1486012Musli%20Fied%20Energy%20Drink.jpg HTTP/1.1" 200 908764 "-" "Mozilla/5.0 AppleWebKit/537.36 (KHTML, like Gecko; compatible; GPTBot/1.2; +https://openai.com/gptbot)"
217.182.175.163 - - [16/May/2025:22:31:21 +0000] "GET /newproducts.php/qualitycontrol.php/cat-products.php?id=85/ HTTP/1.1" 200 3972 "-" "Mozilla/5.0 (compatible; MJ12bot/v1.4.8; http://mj12bot.com/)"
20.171.207.232 - - [16/May/2025:22:31:23 +0000] "GET /galleryimg/6053747Agnitundi%20Vati.jpg HTTP/1.1" 200 172658 "-" "Mozilla/5.0 AppleWebKit/537.36 (KHTML, like Gecko; compatible; GPTBot/1.2; +https://openai.com/gptbot)"
217.182.175.163 - - [16/May/2025:22:31:23 +0000] "GET /newproducts.php/qualitycontrol.php/cat-products.php?id=86/ HTTP/1.1" 200 3972 "-" "Mozilla/5.0 (compatible; MJ12bot/v1.4.8; http://mj12bot.com/)"
20.171.207.232 - - [16/May/2025:22:31:24 +0000] "GET /prodcertingd-more.php?id=433 HTTP/1.1" 200 5394 "-" "Mozilla/5.0 AppleWebKit/537.36 (KHTML, like Gecko; compatible; GPTBot/1.2; +https://openai.com/gptbot)"
217.182.175.163 - - [16/May/2025:22:31:25 +0000] "GET /newproducts.php/qualitycontrol.php/cat-products.php?id=87/ HTTP/1.1" 200 3972 "-" "Mozilla/5.0 (compatible; MJ12bot/v1.4.8; http://mj12bot.com/)"
20.171.207.232 - - [16/May/2025:22:31:25 +0000] "GET /prodcertingd-more.php?id=360 HTTP/1.1" 200 5088 "-" "Mozilla/5.0 AppleWebKit/537.36 (KHTML, like Gecko; compatible; GPTBot/1.2; +https://openai.com/gptbot)"
20.171.207.232 - - [16/May/2025:22:31:26 +0000] "GET /prodcertingd-more.php?id=280 HTTP/1.1" 200 4916 "-" "Mozilla/5.0 AppleWebKit/537.36 (KHTML, like Gecko; compatible; GPTBot/1.2; +https://openai.com/gptbot)"
217.182.175.163 - - [16/May/2025:22:31:27 +0000] "GET /newproducts.php/qualitycontrol.php/cat-products.php?id=88/ HTTP/1.1" 200 3972 "-" "Mozilla/5.0 (compatible; MJ12bot/v1.4.8; http://mj12bot.com/)"
20.171.207.232 - - [16/May/2025:22:31:27 +0000] "GET /prodcertingd-more.php?id=384 HTTP/1.1" 200 5280 "-" "Mozilla/5.0 AppleWebKit/537.36 (KHTML, like Gecko; compatible; GPTBot/1.2; +https://openai.com/gptbot)"
217.182.175.163 - - [16/May/2025:22:31:28 +0000] "GET /newproducts.php/qualitycontrol.php/cat-products.php?id=89/ HTTP/1.1" 200 3972 "-" "Mozilla/5.0 (compatible; MJ12bot/v1.4.8; http://mj12bot.com/)"
20.171.207.232 - - [16/May/2025:22:31:29 +0000] "GET /prodcertingd-more.php?id=347 HTTP/1.1" 200 5241 "-" "Mozilla/5.0 AppleWebKit/537.36 (KHTML, like Gecko; compatible; GPTBot/1.2; +https://openai.com/gptbot)"
20.171.207.232 - - [16/May/2025:22:31:30 +0000] "GET /prodcertingd-more.php?id=439 HTTP/1.1" 200 4914 "-" "Mozilla/5.0 AppleWebKit/537.36 (KHTML, like Gecko; compatible; GPTBot/1.2; +https://openai.com/gptbot)"
217.182.175.163 - - [16/May/2025:22:31:30 +0000] "GET /newproducts.php/qualitycontrol.php/cat-products.php?id=90/ HTTP/1.1" 200 3972 "-" "Mozilla/5.0 (compatible; MJ12bot/v1.4.8; http://mj12bot.com/)"
20.171.207.232 - - [16/May/2025:22:31:31 +0000] "GET /galleryimg/5949171Agniverdhak%20Vati.jpg HTTP/1.1" 200 1303657 "-" "Mozilla/5.0 AppleWebKit/537.36 (KHTML, like Gecko; compatible; GPTBot/1.2; +https://openai.com/gptbot)"
217.182.175.163 - - [16/May/2025:22:31:32 +0000] "GET /newproducts.php/qualitycontrol.php/cat-products.php?id=91/ HTTP/1.1" 200 3943 "-" "Mozilla/5.0 (compatible; MJ12bot/v1.4.8; http://mj12bot.com/)"
20.171.207.232 - - [16/May/2025:22:31:33 +0000] "GET /prodcertingd-more.php?id=142 HTTP/1.1" 200 5344 "-" "Mozilla/5.0 AppleWebKit/537.36 (KHTML, like Gecko; compatible; GPTBot/1.2; +https://openai.com/gptbot)"
217.182.175.163 - - [16/May/2025:22:31:33 +0000] "GET /newproducts.php/qualitycontrol.php/cat-products.php?id=92/ HTTP/1.1" 200 3972 "-" "Mozilla/5.0 (compatible; MJ12bot/v1.4.8; http://mj12bot.com/)"
20.171.207.232 - - [16/May/2025:22:31:34 +0000] "GET /prodcertingd-more.php?id=156 HTTP/1.1" 200 4762 "-" "Mozilla/5.0 AppleWebKit/537.36 (KHTML, like Gecko; compatible; GPTBot/1.2; +https://openai.com/gptbot)"
217.182.175.163 - - [16/May/2025:22:31:35 +0000] "GET /newproducts.php/qualitycontrol.php/cat-products.php?id=93/ HTTP/1.1" 200 3972 "-" "Mozilla/5.0 (compatible; MJ12bot/v1.4.8; http://mj12bot.com/)"
20.171.207.232 - - [16/May/2025:22:31:36 +0000] "GET /prodcertingd-more.php?id=109 HTTP/1.1" 200 5043 "-" "Mozilla/5.0 AppleWebKit/537.36 (KHTML, like Gecko; compatible; GPTBot/1.2; +https://openai.com/gptbot)"
217.182.175.163 - - [16/May/2025:22:31:37 +0000] "GET /newproducts.php/qualitycontrol.php/cat-products.php?id=94/ HTTP/1.1" 200 3972 "-" "Mozilla/5.0 (compatible; MJ12bot/v1.4.8; http://mj12bot.com/)"
20.171.207.232 - - [16/May/2025:22:31:37 +0000] "GET /galleryimg/6640958Infantop%20Syrup.jpg HTTP/1.1" 200 464192 "-" "Mozilla/5.0 AppleWebKit/537.36 (KHTML, like Gecko; compatible; GPTBot/1.2; +https://openai.com/gptbot)"
217.182.175.163 - - [16/May/2025:22:31:38 +0000] "GET /newproducts.php/qualitycontrol.php/cat-products.php?id=95/ HTTP/1.1" 200 3972 "-" "Mozilla/5.0 (compatible; MJ12bot/v1.4.8; http://mj12bot.com/)"
20.171.207.232 - - [16/May/2025:22:31:39 +0000] "GET /galleryimg/6327858Sperm%20Booster%20Tablet.jpg HTTP/1.1" 200 935826 "-" "Mozilla/5.0 AppleWebKit/537.36 (KHTML, like Gecko; compatible; GPTBot/1.2; +https://openai.com/gptbot)"
217.182.175.163 - - [16/May/2025:22:31:40 +0000] "GET /newproducts.php/qualitycontrol.php/cat-products.php?id=96/ HTTP/1.1" 200 3972 "-" "Mozilla/5.0 (compatible; MJ12bot/v1.4.8; http://mj12bot.com/)"
20.171.207.232 - - [16/May/2025:22:31:40 +0000] "GET /prodcertingd-more.php?id=170 HTTP/1.1" 200 5425 "-" "Mozilla/5.0 AppleWebKit/537.36 (KHTML, like Gecko; compatible; GPTBot/1.2; +https://openai.com/gptbot)"
20.171.207.232 - - [16/May/2025:22:31:42 +0000] "GET /galleryimg/7000537Rohitakarishta.jpg HTTP/1.1" 200 585095 "-" "Mozilla/5.0 AppleWebKit/537.36 (KHTML, like Gecko; compatible; GPTBot/1.2; +https://openai.com/gptbot)"
217.182.175.163 - - [16/May/2025:22:31:42 +0000] "GET /newproducts.php/qualitycontrol.php/cat-products.php?id=97/ HTTP/1.1" 200 3972 "-" "Mozilla/5.0 (compatible; MJ12bot/v1.4.8; http://mj12bot.com/)"
20.171.207.232 - - [16/May/2025:22:31:43 +0000] "GET /galleryimg/2508052Rakt%20Sudhi%20Capsule.jpg HTTP/1.1" 200 1083485 "-" "Mozilla/5.0 AppleWebKit/537.36 (KHTML, like Gecko; compatible; GPTBot/1.2; +https://openai.com/gptbot)"
217.182.175.163 - - [16/May/2025:22:31:44 +0000] "GET /newproducts.php/qualitycontrol.php/cat-products.php?id=98/ HTTP/1.1" 200 3972 "-" "Mozilla/5.0 (compatible; MJ12bot/v1.4.8; http://mj12bot.com/)"
20.171.207.232 - - [16/May/2025:22:31:44 +0000] "GET /galleryimg/1551914Plihari%20Vati.jpg HTTP/1.1" 200 1013892 "-" "Mozilla/5.0 AppleWebKit/537.36 (KHTML, like Gecko; compatible; GPTBot/1.2; +https://openai.com/gptbot)"
217.182.175.163 - - [16/May/2025:22:31:45 +0000] "GET /newproducts.php/qualitycontrol.php/cat-products.php?id=99/ HTTP/1.1" 200 3943 "-" "Mozilla/5.0 (compatible; MJ12bot/v1.4.8; http://mj12bot.com/)"
20.171.207.232 - - [16/May/2025:22:31:45 +0000] "GET /prodcertingd-more.php?id=153 HTTP/1.1" 200 5138 "-" "Mozilla/5.0 AppleWebKit/537.36 (KHTML, like Gecko; compatible; GPTBot/1.2; +https://openai.com/gptbot)"
20.171.207.232 - - [16/May/2025:22:31:47 +0000] "GET /galleryimg/7632437Arvindasava.jpg HTTP/1.1" 200 84827 "-" "Mozilla/5.0 AppleWebKit/537.36 (KHTML, like Gecko; compatible; GPTBot/1.2; +https://openai.com/gptbot)"
217.182.175.163 - - [16/May/2025:22:31:47 +0000] "GET /newproducts.php/qualitycontrol.php/certificate.php/prodcertingd-more.php?id=442 HTTP/1.1" 200 3943 "-" "Mozilla/5.0 (compatible; MJ12bot/v1.4.8; http://mj12bot.com/)"
20.171.207.232 - - [16/May/2025:22:31:48 +0000] "GET /galleryimg/9289700Ajwain%20Ark.jpg HTTP/1.1" 200 358657 "-" "Mozilla/5.0 AppleWebKit/537.36 (KHTML, like Gecko; compatible; GPTBot/1.2; +https://openai.com/gptbot)"
217.182.175.163 - - [16/May/2025:22:31:49 +0000] "GET /newproducts.php/qualitycontrol.php/prodcertingd-more.php?id=311/ HTTP/1.1" 200 3972 "-" "Mozilla/5.0 (compatible; MJ12bot/v1.4.8; http://mj12bot.com/)"
20.171.207.232 - - [16/May/2025:22:31:49 +0000] "GET /galleryimg/5543901Tarang%20Asav.jpg HTTP/1.1" 200 981860 "-" "Mozilla/5.0 AppleWebKit/537.36 (KHTML, like Gecko; compatible; GPTBot/1.2; +https://openai.com/gptbot)"
20.171.207.232 - - [16/May/2025:22:31:50 +0000] "GET /prodcertingd-more.php?id=395 HTTP/1.1" 200 5337 "-" "Mozilla/5.0 AppleWebKit/537.36 (KHTML, like Gecko; compatible; GPTBot/1.2; +https://openai.com/gptbot)"
217.182.175.163 - - [16/May/2025:22:31:50 +0000] "GET /newproducts.php/qualitycontrol.php/prodcertingd-more.php?id=431/ HTTP/1.1" 200 3972 "-" "Mozilla/5.0 (compatible; MJ12bot/v1.4.8; http://mj12bot.com/)"
20.171.207.232 - - [16/May/2025:22:31:51 +0000] "GET /prodcertingd-more.php?id=402 HTTP/1.1" 200 4769 "-" "Mozilla/5.0 AppleWebKit/537.36 (KHTML, like Gecko; compatible; GPTBot/1.2; +https://openai.com/gptbot)"
217.182.175.163 - - [16/May/2025:22:31:52 +0000] "GET /newproducts.php/qualitycontrol.php/prodcertingd-more.php?id=432/ HTTP/1.1" 200 3972 "-" "Mozilla/5.0 (compatible; MJ12bot/v1.4.8; http://mj12bot.com/)"
20.171.207.232 - - [16/May/2025:22:31:52 +0000] "GET /galleryimg/4188135Multani%20Mitti.jpg HTTP/1.1" 200 1260472 "-" "Mozilla/5.0 AppleWebKit/537.36 (KHTML, like Gecko; compatible; GPTBot/1.2; +https://openai.com/gptbot)"
217.182.175.163 - - [16/May/2025:22:31:54 +0000] "GET /newproducts.php/qualitycontrol.php/prodcertingd-more.php?id=442/ HTTP/1.1" 200 3972 "-" "Mozilla/5.0 (compatible; MJ12bot/v1.4.8; http://mj12bot.com/)"
20.171.207.232 - - [16/May/2025:22:31:54 +0000] "GET /prodcertingd-more.php?id=398 HTTP/1.1" 200 5342 "-" "Mozilla/5.0 AppleWebKit/537.36 (KHTML, like Gecko; compatible; GPTBot/1.2; +https://openai.com/gptbot)"
217.182.175.163 - - [16/May/2025:22:31:55 +0000] "GET /newproducts.php/randd.php/cat-products.php?id=100/ HTTP/1.1" 200 3943 "-" "Mozilla/5.0 (compatible; MJ12bot/v1.4.8; http://mj12bot.com/)"
20.171.207.232 - - [16/May/2025:22:31:56 +0000] "GET /prodcertingd-more.php?id=160 HTTP/1.1" 200 5155 "-" "Mozilla/5.0 AppleWebKit/537.36 (KHTML, like Gecko; compatible; GPTBot/1.2; +https://openai.com/gptbot)"
217.182.175.163 - - [16/May/2025:22:31:57 +0000] "GET /newproducts.php/randd.php/cat-products.php?id=101/ HTTP/1.1" 200 3972 "-" "Mozilla/5.0 (compatible; MJ12bot/v1.4.8; http://mj12bot.com/)"
20.171.207.232 - - [16/May/2025:22:31:58 +0000] "GET /prodcertingd-more.php?id=392 HTTP/1.1" 200 5107 "-" "Mozilla/5.0 AppleWebKit/537.36 (KHTML, like Gecko; compatible; GPTBot/1.2; +https://openai.com/gptbot)"
217.182.175.163 - - [16/May/2025:22:31:59 +0000] "GET /newproducts.php/randd.php/cat-products.php?id=102/ HTTP/1.1" 200 3972 "-" "Mozilla/5.0 (compatible; MJ12bot/v1.4.8; http://mj12bot.com/)"
20.171.207.232 - - [16/May/2025:22:31:59 +0000] "GET /prodcertingd-more.php?id=277 HTTP/1.1" 200 4979 "-" "Mozilla/5.0 AppleWebKit/537.36 (KHTML, like Gecko; compatible; GPTBot/1.2; +https://openai.com/gptbot)"
20.171.207.232 - - [16/May/2025:22:32:00 +0000] "GET /prodcertingd-more.php?id=103 HTTP/1.1" 200 5339 "-" "Mozilla/5.0 AppleWebKit/537.36 (KHTML, like Gecko; compatible; GPTBot/1.2; +https://openai.com/gptbot)"
217.182.175.163 - - [16/May/2025:22:32:01 +0000] "GET /newproducts.php/randd.php/cat-products.php?id=103/ HTTP/1.1" 200 3972 "-" "Mozilla/5.0 (compatible; MJ12bot/v1.4.8; http://mj12bot.com/)"
20.171.207.232 - - [16/May/2025:22:32:01 +0000] "GET /prodcertingd-more.php?id=107 HTTP/1.1" 200 5020 "-" "Mozilla/5.0 AppleWebKit/537.36 (KHTML, like Gecko; compatible; GPTBot/1.2; +https://openai.com/gptbot)"
217.182.175.163 - - [16/May/2025:22:32:02 +0000] "GET /newproducts.php/randd.php/cat-products.php?id=104/ HTTP/1.1" 200 3972 "-" "Mozilla/5.0 (compatible; MJ12bot/v1.4.8; http://mj12bot.com/)"
20.171.207.232 - - [16/May/2025:22:32:03 +0000] "GET /prodcertingd-more.php?id=159 HTTP/1.1" 200 5331 "-" "Mozilla/5.0 AppleWebKit/537.36 (KHTML, like Gecko; compatible; GPTBot/1.2; +https://openai.com/gptbot)"
20.171.207.232 - - [16/May/2025:22:32:04 +0000] "GET /prodcertingd-more.php?id=291 HTTP/1.1" 200 5252 "-" "Mozilla/5.0 AppleWebKit/537.36 (KHTML, like Gecko; compatible; GPTBot/1.2; +https://openai.com/gptbot)"
217.182.175.163 - - [16/May/2025:22:32:04 +0000] "GET /newproducts.php/randd.php/cat-products.php?id=105/ HTTP/1.1" 200 3972 "-" "Mozilla/5.0 (compatible; MJ12bot/v1.4.8; http://mj12bot.com/)"
20.171.207.232 - - [16/May/2025:22:32:05 +0000] "GET /prodcertingd-more.php?id=284 HTTP/1.1" 200 4885 "-" "Mozilla/5.0 AppleWebKit/537.36 (KHTML, like Gecko; compatible; GPTBot/1.2; +https://openai.com/gptbot)"
217.182.175.163 - - [16/May/2025:22:32:06 +0000] "GET /newproducts.php/randd.php/cat-products.php?id=65/ HTTP/1.1" 200 3972 "-" "Mozilla/5.0 (compatible; MJ12bot/v1.4.8; http://mj12bot.com/)"
20.171.207.232 - - [16/May/2025:22:32:06 +0000] "GET /prodcertingd-more.php?id=328 HTTP/1.1" 200 4969 "-" "Mozilla/5.0 AppleWebKit/537.36 (KHTML, like Gecko; compatible; GPTBot/1.2; +https://openai.com/gptbot)"
20.171.207.232 - - [16/May/2025:22:32:07 +0000] "GET /galleryimg/1161159Badam%20Tail.jpg HTTP/1.1" 200 1634479 "-" "Mozilla/5.0 AppleWebKit/537.36 (KHTML, like Gecko; compatible; GPTBot/1.2; +https://openai.com/gptbot)"
217.182.175.163 - - [16/May/2025:22:32:07 +0000] "GET /newproducts.php/randd.php/cat-products.php?id=66/ HTTP/1.1" 200 3972 "-" "Mozilla/5.0 (compatible; MJ12bot/v1.4.8; http://mj12bot.com/)"
20.171.207.232 - - [16/May/2025:22:32:09 +0000] "GET /prodcertingd-more.php?id=449 HTTP/1.1" 200 4858 "-" "Mozilla/5.0 AppleWebKit/537.36 (KHTML, like Gecko; compatible; GPTBot/1.2; +https://openai.com/gptbot)"
217.182.175.163 - - [16/May/2025:22:32:09 +0000] "GET /newproducts.php/randd.php/cat-products.php?id=67/ HTTP/1.1" 200 3972 "-" "Mozilla/5.0 (compatible; MJ12bot/v1.4.8; http://mj12bot.com/)"
20.171.207.232 - - [16/May/2025:22:32:10 +0000] "GET /galleryimg/8516180Shankhpushpi%20Sharbat.jpg HTTP/1.1" 200 828269 "-" "Mozilla/5.0 AppleWebKit/537.36 (KHTML, like Gecko; compatible; GPTBot/1.2; +https://openai.com/gptbot)"
217.182.175.163 - - [16/May/2025:22:32:11 +0000] "GET /newproducts.php/randd.php/cat-products.php?id=68/ HTTP/1.1" 200 3972 "-" "Mozilla/5.0 (compatible; MJ12bot/v1.4.8; http://mj12bot.com/)"
20.171.207.232 - - [16/May/2025:22:32:12 +0000] "GET /galleryimg/528457211.jpg HTTP/1.1" 200 598965 "-" "Mozilla/5.0 AppleWebKit/537.36 (KHTML, like Gecko; compatible; GPTBot/1.2; +https://openai.com/gptbot)"
217.182.175.163 - - [16/May/2025:22:32:12 +0000] "GET /newproducts.php/randd.php/cat-products.php?id=69/ HTTP/1.1" 200 3972 "-" "Mozilla/5.0 (compatible; MJ12bot/v1.4.8; http://mj12bot.com/)"
20.171.207.232 - - [16/May/2025:22:32:14 +0000] "GET /galleryimg/9013274Saptgun%20Tail.jpg HTTP/1.1" 200 644545 "-" "Mozilla/5.0 AppleWebKit/537.36 (KHTML, like Gecko; compatible; GPTBot/1.2; +https://openai.com/gptbot)"
217.182.175.163 - - [16/May/2025:22:32:14 +0000] "GET /newproducts.php/randd.php/cat-products.php?id=70/ HTTP/1.1" 200 3972 "-" "Mozilla/5.0 (compatible; MJ12bot/v1.4.8; http://mj12bot.com/)"
20.171.207.232 - - [16/May/2025:22:32:15 +0000] "GET /galleryimg/9909530020e7f1626f420fbc600d4ba4.jpg HTTP/1.1" 200 70249 "-" "Mozilla/5.0 AppleWebKit/537.36 (KHTML, like Gecko; compatible; GPTBot/1.2; +https://openai.com/gptbot)"
217.182.175.163 - - [16/May/2025:22:32:16 +0000] "GET /newproducts.php/randd.php/cat-products.php?id=71/ HTTP/1.1" 200 3972 "-" "Mozilla/5.0 (compatible; MJ12bot/v1.4.8; http://mj12bot.com/)"
20.171.207.232 - - [16/May/2025:22:32:16 +0000] "GET /galleryimg/6384653Haridrakhand.jpg HTTP/1.1" 200 177691 "-" "Mozilla/5.0 AppleWebKit/537.36 (KHTML, like Gecko; compatible; GPTBot/1.2; +https://openai.com/gptbot)"
20.171.207.232 - - [16/May/2025:22:32:17 +0000] "GET /galleryimg/797627After%20Meal%20Tablets.jpg HTTP/1.1" 200 720596 "-" "Mozilla/5.0 AppleWebKit/537.36 (KHTML, like Gecko; compatible; GPTBot/1.2; +https://openai.com/gptbot)"
217.182.175.163 - - [16/May/2025:22:32:18 +0000] "GET /newproducts.php/randd.php/cat-products.php?id=72/ HTTP/1.1" 200 3972 "-" "Mozilla/5.0 (compatible; MJ12bot/v1.4.8; http://mj12bot.com/)"
20.171.207.232 - - [16/May/2025:22:32:18 +0000] "GET /prodcertingd-more.php?id=440 HTTP/1.1" 200 5266 "-" "Mozilla/5.0 AppleWebKit/537.36 (KHTML, like Gecko; compatible; GPTBot/1.2; +https://openai.com/gptbot)"
217.182.175.163 - - [16/May/2025:22:32:19 +0000] "GET /newproducts.php/randd.php/cat-products.php?id=73/ HTTP/1.1" 200 3972 "-" "Mozilla/5.0 (compatible; MJ12bot/v1.4.8; http://mj12bot.com/)"
20.171.207.232 - - [16/May/2025:22:32:20 +0000] "GET /galleryimg/7550344Giloy%20Ka%20Sharbat.jpg HTTP/1.1" 200 889201 "-" "Mozilla/5.0 AppleWebKit/537.36 (KHTML, like Gecko; compatible; GPTBot/1.2; +https://openai.com/gptbot)"
20.171.207.232 - - [16/May/2025:22:32:21 +0000] "GET /galleryimg/3926662Tulsi%20Holy%20Basil%20Tablet.jpg HTTP/1.1" 200 689966 "-" "Mozilla/5.0 AppleWebKit/537.36 (KHTML, like Gecko; compatible; GPTBot/1.2; +https://openai.com/gptbot)"
217.182.175.163 - - [16/May/2025:22:32:21 +0000] "GET /newproducts.php/randd.php/cat-products.php?id=74/ HTTP/1.1" 200 3972 "-" "Mozilla/5.0 (compatible; MJ12bot/v1.4.8; http://mj12bot.com/)"
20.171.207.232 - - [16/May/2025:22:32:22 +0000] "GET /prodcertingd-more.php?id=339 HTTP/1.1" 200 5145 "-" "Mozilla/5.0 AppleWebKit/537.36 (KHTML, like Gecko; compatible; GPTBot/1.2; +https://openai.com/gptbot)"
217.182.175.163 - - [16/May/2025:22:32:23 +0000] "GET /newproducts.php/randd.php/cat-products.php?id=75/ HTTP/1.1" 200 3972 "-" "Mozilla/5.0 (compatible; MJ12bot/v1.4.8; http://mj12bot.com/)"
20.171.207.232 - - [16/May/2025:22:32:23 +0000] "GET /prodcertingd-more.php?id=227 HTTP/1.1" 200 5024 "-" "Mozilla/5.0 AppleWebKit/537.36 (KHTML, like Gecko; compatible; GPTBot/1.2; +https://openai.com/gptbot)"
20.171.207.232 - - [16/May/2025:22:32:24 +0000] "GET /prodcertingd-more.php?id=147 HTTP/1.1" 200 5409 "-" "Mozilla/5.0 AppleWebKit/537.36 (KHTML, like Gecko; compatible; GPTBot/1.2; +https://openai.com/gptbot)"
217.182.175.163 - - [16/May/2025:22:32:24 +0000] "GET /newproducts.php/randd.php/cat-products.php?id=76/ HTTP/1.1" 200 3972 "-" "Mozilla/5.0 (compatible; MJ12bot/v1.4.8; http://mj12bot.com/)"
20.171.207.232 - - [16/May/2025:22:32:25 +0000] "GET /prodcertingd-more.php?id=405 HTTP/1.1" 200 4802 "-" "Mozilla/5.0 AppleWebKit/537.36 (KHTML, like Gecko; compatible; GPTBot/1.2; +https://openai.com/gptbot)"
217.182.175.163 - - [16/May/2025:22:32:26 +0000] "GET /newproducts.php/randd.php/cat-products.php?id=77/ HTTP/1.1" 200 3943 "-" "Mozilla/5.0 (compatible; MJ12bot/v1.4.8; http://mj12bot.com/)"
20.171.207.232 - - [16/May/2025:22:32:26 +0000] "GET /prodcertingd-more.php?id=305 HTTP/1.1" 200 4952 "-" "Mozilla/5.0 AppleWebKit/537.36 (KHTML, like Gecko; compatible; GPTBot/1.2; +https://openai.com/gptbot)"
57.141.0.4 - - [16/May/2025:22:32:27 +0000] "GET /prodcertingd-more.php?id=518 HTTP/1.1" 200 17975 "-" "meta-externalagent/1.1 (+https://developers.facebook.com/docs/sharing/webmasters/crawler)"
20.171.207.232 - - [16/May/2025:22:32:27 +0000] "GET /prodcertingd-more.php?id=372 HTTP/1.1" 200 5083 "-" "Mozilla/5.0 AppleWebKit/537.36 (KHTML, like Gecko; compatible; GPTBot/1.2; +https://openai.com/gptbot)"
217.182.175.163 - - [16/May/2025:22:32:28 +0000] "GET /newproducts.php/randd.php/cat-products.php?id=78/ HTTP/1.1" 200 3972 "-" "Mozilla/5.0 (compatible; MJ12bot/v1.4.8; http://mj12bot.com/)"
20.171.207.232 - - [16/May/2025:22:32:29 +0000] "GET /prodcertingd-more.php?id=124 HTTP/1.1" 200 5244 "-" "Mozilla/5.0 AppleWebKit/537.36 (KHTML, like Gecko; compatible; GPTBot/1.2; +https://openai.com/gptbot)"
217.182.175.163 - - [16/May/2025:22:32:29 +0000] "GET /newproducts.php/randd.php/cat-products.php?id=79/ HTTP/1.1" 200 3972 "-" "Mozilla/5.0 (compatible; MJ12bot/v1.4.8; http://mj12bot.com/)"
20.171.207.232 - - [16/May/2025:22:32:30 +0000] "GET /prodcertingd-more.php?id=143 HTTP/1.1" 200 5320 "-" "Mozilla/5.0 AppleWebKit/537.36 (KHTML, like Gecko; compatible; GPTBot/1.2; +https://openai.com/gptbot)"
20.171.207.232 - - [16/May/2025:22:32:31 +0000] "GET /galleryimg/8482783Loh%20Shakti%20Dayak%20Rasayan.jpg HTTP/1.1" 200 1278416 "-" "Mozilla/5.0 AppleWebKit/537.36 (KHTML, like Gecko; compatible; GPTBot/1.2; +https://openai.com/gptbot)"
217.182.175.163 - - [16/May/2025:22:32:31 +0000] "GET /newproducts.php/randd.php/cat-products.php?id=80/ HTTP/1.1" 200 3972 "-" "Mozilla/5.0 (compatible; MJ12bot/v1.4.8; http://mj12bot.com/)"
20.171.207.232 - - [16/May/2025:22:32:33 +0000] "GET /prodcertingd-more.php?id=274 HTTP/1.1" 200 4870 "-" "Mozilla/5.0 AppleWebKit/537.36 (KHTML, like Gecko; compatible; GPTBot/1.2; +https://openai.com/gptbot)"
217.182.175.163 - - [16/May/2025:22:32:33 +0000] "GET /newproducts.php/randd.php/cat-products.php?id=81/ HTTP/1.1" 200 3972 "-" "Mozilla/5.0 (compatible; MJ12bot/v1.4.8; http://mj12bot.com/)"
20.171.207.232 - - [16/May/2025:22:32:34 +0000] "GET /galleryimg/2839591Hingwastak%20Churna.jpg HTTP/1.1" 200 419826 "-" "Mozilla/5.0 AppleWebKit/537.36 (KHTML, like Gecko; compatible; GPTBot/1.2; +https://openai.com/gptbot)"
217.182.175.163 - - [16/May/2025:22:32:35 +0000] "GET /newproducts.php/randd.php/cat-products.php?id=82/ HTTP/1.1" 200 3972 "-" "Mozilla/5.0 (compatible; MJ12bot/v1.4.8; http://mj12bot.com/)"
217.182.175.163 - - [16/May/2025:22:32:36 +0000] "GET /newproducts.php/randd.php/cat-products.php?id=83/ HTTP/1.1" 200 3972 "-" "Mozilla/5.0 (compatible; MJ12bot/v1.4.8; http://mj12bot.com/)"
20.171.207.232 - - [16/May/2025:22:32:36 +0000] "GET /prodcertingd-more.php?id=454 HTTP/1.1" 200 4936 "-" "Mozilla/5.0 AppleWebKit/537.36 (KHTML, like Gecko; compatible; GPTBot/1.2; +https://openai.com/gptbot)"
20.171.207.232 - - [16/May/2025:22:32:38 +0000] "GET /galleryimg/6245893Swarn%20Vasant%20Malti%20ras.jpg HTTP/1.1" 200 246268 "-" "Mozilla/5.0 AppleWebKit/537.36 (KHTML, like Gecko; compatible; GPTBot/1.2; +https://openai.com/gptbot)"
217.182.175.163 - - [16/May/2025:22:32:38 +0000] "GET /newproducts.php/randd.php/cat-products.php?id=84/ HTTP/1.1" 200 3972 "-" "Mozilla/5.0 (compatible; MJ12bot/v1.4.8; http://mj12bot.com/)"
20.171.207.232 - - [16/May/2025:22:32:39 +0000] "GET /galleryimg/8012834Pipalyadi%20Loh.jpg HTTP/1.1" 200 706390 "-" "Mozilla/5.0 AppleWebKit/537.36 (KHTML, like Gecko; compatible; GPTBot/1.2; +https://openai.com/gptbot)"
