173.252.83.46 - - [18/Aug/2024:15:23:10 +0000] "GET /EkDhamTour\xC2\xA0Package.html HTTP/1.1" 200 46002 "-" "facebookexternalhit/1.1 (+http://www.facebook.com/externalhit_uatext.php)"
66.220.149.22 - - [18/Aug/2024:15:46:55 +0000] "GET /mail.php HTTP/1.1" 200 0 "-" "meta-externalagent/1.1 (+https://developers.facebook.com/docs/sharing/webmasters/crawler)"
69.171.230.10 - - [18/Aug/2024:16:27:19 +0000] "GET /Gangotri HTTP/1.1" 200 20837 "-" "meta-externalagent/1.1 (+https://developers.facebook.com/docs/sharing/webmasters/crawler)"
162.142.125.213 - - [18/Aug/2024:17:15:32 +0000] "GET / HTTP/1.1" 200 9555 "-" "Mozilla/5.0 (compatible; CensysInspect/1.1; +https://about.censys.io/)"
162.142.125.213 - - [18/Aug/2024:17:15:34 +0000] "GET /favicon.ico HTTP/1.1" 404 196 "-" "Mozilla/5.0 (compatible; CensysInspect/1.1; +https://about.censys.io/)"
69.171.230.1 - - [18/Aug/2024:17:19:54 +0000] "GET /dwarka HTTP/1.1" 200 16255 "-" "facebookexternalhit/1.1 (+http://www.facebook.com/externalhit_uatext.php)"
173.252.83.10 - - [18/Aug/2024:22:30:00 +0000] "GET /Badrinath HTTP/1.1" 301 254 "-" "facebookexternalhit/1.1 (+http://www.facebook.com/externalhit_uatext.php)"
69.171.230.22 - - [18/Aug/2024:22:30:05 +0000] "GET /Badrinath HTTP/1.1" 200 18150 "-" "facebookexternalhit/1.1 (+http://www.facebook.com/externalhit_uatext.php)"
91.92.249.235 - - [19/Aug/2024:01:09:45 +0000] "GET / HTTP/1.1" 301 245 "-" "Mozilla/5.0 (Windows NT 10.0; Win64; x64) AppleWebKit/537.36 (KHTML, like Gecko) Chrome/89.0.4389.114 Safari/537.36"
91.92.249.235 - - [19/Aug/2024:01:09:46 +0000] "GET / HTTP/1.1" 200 44064 "-" "Mozilla/5.0 (Windows NT 10.0; Win64; x64) AppleWebKit/537.36 (KHTML, like Gecko) Chrome/89.0.4389.114 Safari/537.36"
91.92.249.235 - - [19/Aug/2024:01:09:46 +0000] "GET //wp-includes/wlwmanifest.xml HTTP/1.1" 404 196 "-" "Mozilla/5.0 (Windows NT 10.0; Win64; x64) AppleWebKit/537.36 (KHTML, like Gecko) Chrome/89.0.4389.114 Safari/537.36"
91.92.249.235 - - [19/Aug/2024:01:09:46 +0000] "GET //xmlrpc.php?rsd HTTP/1.1" 404 196 "-" "Mozilla/5.0 (Windows NT 10.0; Win64; x64) AppleWebKit/537.36 (KHTML, like Gecko) Chrome/89.0.4389.114 Safari/537.36"
91.92.249.235 - - [19/Aug/2024:01:09:46 +0000] "GET / HTTP/1.1" 200 44064 "-" "Mozilla/5.0 (Windows NT 10.0; Win64; x64) AppleWebKit/537.36 (KHTML, like Gecko) Chrome/89.0.4389.114 Safari/537.36"
91.92.249.235 - - [19/Aug/2024:01:09:47 +0000] "GET //blog/wp-includes/wlwmanifest.xml HTTP/1.1" 404 196 "-" "Mozilla/5.0 (Windows NT 10.0; Win64; x64) AppleWebKit/537.36 (KHTML, like Gecko) Chrome/89.0.4389.114 Safari/537.36"
91.92.249.235 - - [19/Aug/2024:01:09:47 +0000] "GET //web/wp-includes/wlwmanifest.xml HTTP/1.1" 404 196 "-" "Mozilla/5.0 (Windows NT 10.0; Win64; x64) AppleWebKit/537.36 (KHTML, like Gecko) Chrome/89.0.4389.114 Safari/537.36"
91.92.249.235 - - [19/Aug/2024:01:09:47 +0000] "GET //wordpress/wp-includes/wlwmanifest.xml HTTP/1.1" 404 196 "-" "Mozilla/5.0 (Windows NT 10.0; Win64; x64) AppleWebKit/537.36 (KHTML, like Gecko) Chrome/89.0.4389.114 Safari/537.36"
91.92.249.235 - - [19/Aug/2024:01:09:47 +0000] "GET //website/wp-includes/wlwmanifest.xml HTTP/1.1" 404 196 "-" "Mozilla/5.0 (Windows NT 10.0; Win64; x64) AppleWebKit/537.36 (KHTML, like Gecko) Chrome/89.0.4389.114 Safari/537.36"
91.92.249.235 - - [19/Aug/2024:01:09:47 +0000] "GET //wp/wp-includes/wlwmanifest.xml HTTP/1.1" 404 196 "-" "Mozilla/5.0 (Windows NT 10.0; Win64; x64) AppleWebKit/537.36 (KHTML, like Gecko) Chrome/89.0.4389.114 Safari/537.36"
91.92.249.235 - - [19/Aug/2024:01:09:47 +0000] "GET //news/wp-includes/wlwmanifest.xml HTTP/1.1" 404 196 "-" "Mozilla/5.0 (Windows NT 10.0; Win64; x64) AppleWebKit/537.36 (KHTML, like Gecko) Chrome/89.0.4389.114 Safari/537.36"
91.92.249.235 - - [19/Aug/2024:01:09:47 +0000] "GET //2020/wp-includes/wlwmanifest.xml HTTP/1.1" 404 196 "-" "Mozilla/5.0 (Windows NT 10.0; Win64; x64) AppleWebKit/537.36 (KHTML, like Gecko) Chrome/89.0.4389.114 Safari/537.36"
91.92.249.235 - - [19/Aug/2024:01:09:47 +0000] "GET //2019/wp-includes/wlwmanifest.xml HTTP/1.1" 404 196 "-" "Mozilla/5.0 (Windows NT 10.0; Win64; x64) AppleWebKit/537.36 (KHTML, like Gecko) Chrome/89.0.4389.114 Safari/537.36"
91.92.249.235 - - [19/Aug/2024:01:09:48 +0000] "GET //shop/wp-includes/wlwmanifest.xml HTTP/1.1" 404 196 "-" "Mozilla/5.0 (Windows NT 10.0; Win64; x64) AppleWebKit/537.36 (KHTML, like Gecko) Chrome/89.0.4389.114 Safari/537.36"
91.92.249.235 - - [19/Aug/2024:01:09:48 +0000] "GET //wp1/wp-includes/wlwmanifest.xml HTTP/1.1" 404 196 "-" "Mozilla/5.0 (Windows NT 10.0; Win64; x64) AppleWebKit/537.36 (KHTML, like Gecko) Chrome/89.0.4389.114 Safari/537.36"
91.92.249.235 - - [19/Aug/2024:01:09:48 +0000] "GET //test/wp-includes/wlwmanifest.xml HTTP/1.1" 404 196 "-" "Mozilla/5.0 (Windows NT 10.0; Win64; x64) AppleWebKit/537.36 (KHTML, like Gecko) Chrome/89.0.4389.114 Safari/537.36"
91.92.249.235 - - [19/Aug/2024:01:09:48 +0000] "GET //wp2/wp-includes/wlwmanifest.xml HTTP/1.1" 404 196 "-" "Mozilla/5.0 (Windows NT 10.0; Win64; x64) AppleWebKit/537.36 (KHTML, like Gecko) Chrome/89.0.4389.114 Safari/537.36"
91.92.249.235 - - [19/Aug/2024:01:09:48 +0000] "GET //site/wp-includes/wlwmanifest.xml HTTP/1.1" 404 196 "-" "Mozilla/5.0 (Windows NT 10.0; Win64; x64) AppleWebKit/537.36 (KHTML, like Gecko) Chrome/89.0.4389.114 Safari/537.36"
91.92.249.235 - - [19/Aug/2024:01:09:48 +0000] "GET //cms/wp-includes/wlwmanifest.xml HTTP/1.1" 404 196 "-" "Mozilla/5.0 (Windows NT 10.0; Win64; x64) AppleWebKit/537.36 (KHTML, like Gecko) Chrome/89.0.4389.114 Safari/537.36"
91.92.249.235 - - [19/Aug/2024:01:09:48 +0000] "GET //sito/wp-includes/wlwmanifest.xml HTTP/1.1" 404 196 "-" "Mozilla/5.0 (Windows NT 10.0; Win64; x64) AppleWebKit/537.36 (KHTML, like Gecko) Chrome/89.0.4389.114 Safari/537.36"
91.92.249.235 - - [19/Aug/2024:01:09:49 +0000] "" 400 0 "-" "-"
69.171.249.7 - - [19/Aug/2024:02:48:58 +0000] "GET /robots.txt HTTP/1.1" 404 196 "-" "facebookexternalhit/1.1 (+http://www.facebook.com/externalhit_uatext.php)"
66.220.149.19 - - [19/Aug/2024:02:49:15 +0000] "GET /ChardhamTourExHaridwar.html HTTP/1.1" 200 34120 "-" "meta-externalagent/1.1 (+https://developers.facebook.com/docs/sharing/webmasters/crawler)"
57.141.0.28 - - [19/Aug/2024:14:07:39 +0000] "GET /EkDhamTour\xC2\xA0Package.html HTTP/1.1" 301 269 "-" "facebookexternalhit/1.1 (+http://www.facebook.com/externalhit_uatext.php)"
173.252.83.29 - - [19/Aug/2024:14:07:44 +0000] "GET /EkDhamTour\xC2\xA0Package.html HTTP/1.1" 200 45994 "-" "facebookexternalhit/1.1 (+http://www.facebook.com/externalhit_uatext.php)"
57.141.0.11 - - [19/Aug/2024:14:08:05 +0000] "GET /ChardhamTourExHaridwar.html HTTP/1.1" 200 34120 "-" "meta-externalagent/1.1 (+https://developers.facebook.com/docs/sharing/webmasters/crawler)"
69.171.230.6 - - [19/Aug/2024:15:30:13 +0000] "GET /Kedarnath HTTP/1.1" 301 254 "-" "facebookexternalhit/1.1 (+http://www.facebook.com/externalhit_uatext.php)"
173.252.107.7 - - [19/Aug/2024:15:30:17 +0000] "GET /Kedarnath HTTP/1.1" 200 18036 "-" "facebookexternalhit/1.1 (+http://www.facebook.com/externalhit_uatext.php)"
69.171.230.10 - - [19/Aug/2024:15:49:25 +0000] "GET /Terms-and-Conditions HTTP/1.1" 200 46211 "-" "facebookexternalhit/1.1 (+http://www.facebook.com/externalhit_uatext.php)"
69.171.230.9 - - [19/Aug/2024:16:21:43 +0000] "GET /Kedarnath HTTP/1.1" 200 18036 "-" "facebookexternalhit/1.1 (+http://www.facebook.com/externalhit_uatext.php)"
66.220.149.8 - - [19/Aug/2024:18:57:50 +0000] "GET /Chardham-By-Helicopter HTTP/1.1" 301 267 "-" "facebookexternalhit/1.1 (+http://www.facebook.com/externalhit_uatext.php)"
173.252.107.1 - - [19/Aug/2024:18:57:56 +0000] "GET /Chardham-By-Helicopter HTTP/1.1" 200 23412 "-" "meta-externalagent/1.1 (+https://developers.facebook.com/docs/sharing/webmasters/crawler)"
173.252.107.112 - - [19/Aug/2024:19:45:14 +0000] "GET /Guptkashi HTTP/1.1" 200 18075 "-" "facebookexternalhit/1.1 (+http://www.facebook.com/externalhit_uatext.php)"
103.131.196.232 - - [20/Aug/2024:04:08:07 +0000] "GET /wp-login.php HTTP/1.1" 301 257 "-" "Mozilla/5.0 (X11; Fedora; Linux x86_64; rv:94.0) Gecko/20100101 Firefox/95.0"
103.131.196.232 - - [20/Aug/2024:04:08:08 +0000] "GET /wp-login.php HTTP/1.1" 404 196 "http://chardhamyatra.tripperhub.com/wp-login.php" "Mozilla/5.0 (X11; Fedora; Linux x86_64; rv:94.0) Gecko/20100101 Firefox/95.0"
173.252.107.114 - - [20/Aug/2024:10:18:26 +0000] "GET /Disclaimer HTTP/1.1" 301 255 "-" "facebookexternalhit/1.1 (+http://www.facebook.com/externalhit_uatext.php)"
173.252.83.26 - - [20/Aug/2024:10:18:30 +0000] "GET /Disclaimer HTTP/1.1" 200 16255 "-" "facebookexternalhit/1.1 (+http://www.facebook.com/externalhit_uatext.php)"
57.141.0.5 - - [20/Aug/2024:11:09:40 +0000] "GET /Guptkashi HTTP/1.1" 200 18075 "-" "facebookexternalhit/1.1 (+http://www.facebook.com/externalhit_uatext.php)"
69.171.249.13 - - [20/Aug/2024:11:16:28 +0000] "GET /galleryimg/chardham-yatra-packages.php HTTP/1.1" 404 196 "-" "meta-externalagent/1.1 (+https://developers.facebook.com/docs/sharing/webmasters/crawler)"
173.252.107.115 - - [20/Aug/2024:12:12:39 +0000] "GET /Chardham-Yatra-Packages HTTP/1.1" 200 16255 "-" "facebookexternalhit/1.1 (+http://www.facebook.com/externalhit_uatext.php)"
57.141.0.10 - - [20/Aug/2024:16:04:54 +0000] "GET /Chardham-By-Helicopter HTTP/1.1" 200 23412 "-" "meta-externalagent/1.1 (+https://developers.facebook.com/docs/sharing/webmasters/crawler)"
173.252.83.37 - - [20/Aug/2024:17:06:29 +0000] "GET /Chardham-By-Helicopter HTTP/1.1" 200 23412 "-" "meta-externalagent/1.1 (+https://developers.facebook.com/docs/sharing/webmasters/crawler)"
69.171.249.116 - - [20/Aug/2024:19:00:06 +0000] "GET /badrinath HTTP/1.1" 200 18150 "-" "facebookexternalhit/1.1 (+http://www.facebook.com/externalhit_uatext.php)"
69.171.230.12 - - [20/Aug/2024:20:32:08 +0000] "GET /Privacy-Policy HTTP/1.1" 200 33617 "-" "meta-externalagent/1.1 (+https://developers.facebook.com/docs/sharing/webmasters/crawler)"
60.247.153.114 - - [20/Aug/2024:22:24:06 +0000] "GET /public/plugins/ckeditor/images/spacer.gif HTTP/1.1" 301 286 "http://chardhamyatra.tripperhub.com/public/plugins/ckeditor/images/spacer.gif" "Mozilla/5.0 (Windows NT 10.0; Win64; x64) AppleWebKit/537.36 (KHTML, like Gecko) Chrome/83.0.4103.61 Safari/537.36"
60.247.153.114 - - [20/Aug/2024:22:24:07 +0000] "GET /public/plugins/ckeditor/images/spacer.gif HTTP/1.1" 404 196 "http://chardhamyatra.tripperhub.com/public/plugins/ckeditor/images/spacer.gif" "Mozilla/5.0 (Windows NT 10.0; Win64; x64) AppleWebKit/537.36 (KHTML, like Gecko) Chrome/83.0.4103.61 Safari/537.36"
60.247.153.114 - - [20/Aug/2024:22:24:08 +0000] "GET /public/plugins/Ueditor/dialogs/attachment/fileTypeImages/icon_psd.gif HTTP/1.1" 301 314 "http://chardhamyatra.tripperhub.com/public/plugins/Ueditor/dialogs/attachment/fileTypeImages/icon_psd.gif" "Mozilla/5.0 (Windows NT 10.0; Win64; x64) AppleWebKit/537.36 (KHTML, like Gecko) Chrome/83.0.4103.61 Safari/537.36"
60.247.153.114 - - [20/Aug/2024:22:24:09 +0000] "GET /public/plugins/Ueditor/dialogs/attachment/fileTypeImages/icon_psd.gif HTTP/1.1" 404 196 "http://chardhamyatra.tripperhub.com/public/plugins/Ueditor/dialogs/attachment/fileTypeImages/icon_psd.gif" "Mozilla/5.0 (Windows NT 10.0; Win64; x64) AppleWebKit/537.36 (KHTML, like Gecko) Chrome/83.0.4103.61 Safari/537.36"
60.247.153.114 - - [20/Aug/2024:22:24:10 +0000] "GET /public/plugins/Ueditor/dialogs/attachment/images/alignicon.gif HTTP/1.1" 301 307 "http://chardhamyatra.tripperhub.com/public/plugins/Ueditor/dialogs/attachment/images/alignicon.gif" "Mozilla/5.0 (Windows NT 10.0; Win64; x64) AppleWebKit/537.36 (KHTML, like Gecko) Chrome/83.0.4103.61 Safari/537.36"
60.247.153.114 - - [20/Aug/2024:22:24:11 +0000] "GET /public/plugins/Ueditor/dialogs/attachment/images/alignicon.gif HTTP/1.1" 404 196 "http://chardhamyatra.tripperhub.com/public/plugins/Ueditor/dialogs/attachment/images/alignicon.gif" "Mozilla/5.0 (Windows NT 10.0; Win64; x64) AppleWebKit/537.36 (KHTML, like Gecko) Chrome/83.0.4103.61 Safari/537.36"
173.252.69.114 - - [20/Aug/2024:23:39:46 +0000] "GET /Terms-and-Conditions HTTP/1.1" 301 265 "-" "facebookexternalhit/1.1 (+http://www.facebook.com/externalhit_uatext.php)"
57.141.0.3 - - [20/Aug/2024:23:39:55 +0000] "GET /Terms-and-Conditions HTTP/1.1" 200 46211 "-" "facebookexternalhit/1.1 (+http://www.facebook.com/externalhit_uatext.php)"
35.87.168.58 - - [20/Aug/2024:23:47:24 +0000] "GET /robots.txt HTTP/1.1" 301 255 "-" "Mozilla/5.0 (compatible; wpbot/1.1; +https://forms.gle/ajBaxygz9jSR8p8G9)"
35.87.168.58 - - [20/Aug/2024:23:47:25 +0000] "GET /robots.txt HTTP/1.1" 404 196 "-" "Mozilla/5.0 (compatible; wpbot/1.1; +https://forms.gle/ajBaxygz9jSR8p8G9)"
35.87.168.58 - - [20/Aug/2024:23:47:26 +0000] "GET / HTTP/1.1" 200 9508 "-" "Mozilla/5.0 (compatible; wpbot/1.1; +https://forms.gle/ajBaxygz9jSR8p8G9)"
35.171.144.152 - - [21/Aug/2024:00:41:08 +0000] "GET / HTTP/1.1" 200 44064 "-" "Mozilla/5.0 \x5C(Windows NT 10.0\x5C; Win64\x5C; x64\x5C) AppleWebKit/537.36 \x5C(KHTML, like Gecko\x5C) Chrome/100.0.4896.60 Safari/537.36"
35.171.144.152 - - [21/Aug/2024:00:41:08 +0000] "GET / HTTP/1.1" 200 44064 "-" "Mozilla/5.0 \x5C(Windows NT 10.0\x5C; Win64\x5C; x64\x5C) AppleWebKit/537.36 \x5C(KHTML, like Gecko\x5C) Chrome/100.0.4896.60 Safari/537.36"
130.61.56.34 - - [21/Aug/2024:02:07:59 +0000] "GET /.vscode/sftp.json HTTP/1.1" 301 262 "-" "Mozilla/5.0 (Macintosh; Intel Mac OS X 10.15; rv:77.0) Gecko/20100101 Firefox/77.0"
130.61.56.34 - - [21/Aug/2024:02:08:00 +0000] "GET /.vscode/sftp.json HTTP/1.1" 404 196 "-" "Mozilla/5.0 (Macintosh; Intel Mac OS X 10.15; rv:77.0) Gecko/20100101 Firefox/77.0"
130.61.56.34 - - [21/Aug/2024:02:08:00 +0000] "GET /ftp.json HTTP/1.1" 301 253 "-" "Mozilla/5.0 (Macintosh; Intel Mac OS X 10.15; rv:77.0) Gecko/20100101 Firefox/77.0"
130.61.56.34 - - [21/Aug/2024:02:08:01 +0000] "GET /ftp.json HTTP/1.1" 404 196 "-" "Mozilla/5.0 (Macintosh; Intel Mac OS X 10.15; rv:77.0) Gecko/20100101 Firefox/77.0"
130.61.56.34 - - [21/Aug/2024:02:08:02 +0000] "GET /sftp-config.json HTTP/1.1" 301 261 "-" "Mozilla/5.0 (Macintosh; Intel Mac OS X 10.15; rv:77.0) Gecko/20100101 Firefox/77.0"
130.61.56.34 - - [21/Aug/2024:02:08:02 +0000] "GET /sftp-config.json HTTP/1.1" 404 196 "-" "Mozilla/5.0 (Macintosh; Intel Mac OS X 10.15; rv:77.0) Gecko/20100101 Firefox/77.0"
130.61.56.34 - - [21/Aug/2024:02:08:03 +0000] "GET /config.json HTTP/1.1" 301 256 "-" "Mozilla/5.0 (Macintosh; Intel Mac OS X 10.15; rv:77.0) Gecko/20100101 Firefox/77.0"
130.61.56.34 - - [21/Aug/2024:02:08:04 +0000] "GET /config.json HTTP/1.1" 404 196 "-" "Mozilla/5.0 (Macintosh; Intel Mac OS X 10.15; rv:77.0) Gecko/20100101 Firefox/77.0"
130.61.56.34 - - [21/Aug/2024:02:08:04 +0000] "GET /wp-config.php.bak HTTP/1.1" 301 262 "-" "Mozilla/5.0 (Macintosh; Intel Mac OS X 10.15; rv:77.0) Gecko/20100101 Firefox/77.0"
130.61.56.34 - - [21/Aug/2024:02:08:05 +0000] "GET /wp-config.php.bak HTTP/1.1" 404 196 "-" "Mozilla/5.0 (Macintosh; Intel Mac OS X 10.15; rv:77.0) Gecko/20100101 Firefox/77.0"
130.61.56.34 - - [21/Aug/2024:02:08:06 +0000] "GET /wp-config.php.old HTTP/1.1" 301 262 "-" "Mozilla/5.0 (Macintosh; Intel Mac OS X 10.15; rv:77.0) Gecko/20100101 Firefox/77.0"
130.61.56.34 - - [21/Aug/2024:02:08:06 +0000] "GET /wp-config.php.old HTTP/1.1" 404 196 "-" "Mozilla/5.0 (Macintosh; Intel Mac OS X 10.15; rv:77.0) Gecko/20100101 Firefox/77.0"
130.61.56.34 - - [21/Aug/2024:02:08:07 +0000] "GET /.env.bak HTTP/1.1" 301 253 "-" "Mozilla/5.0 (Macintosh; Intel Mac OS X 10.15; rv:77.0) Gecko/20100101 Firefox/77.0"
130.61.56.34 - - [21/Aug/2024:02:08:08 +0000] "GET /.env.bak HTTP/1.1" 404 196 "-" "Mozilla/5.0 (Macintosh; Intel Mac OS X 10.15; rv:77.0) Gecko/20100101 Firefox/77.0"
130.61.56.34 - - [21/Aug/2024:02:08:08 +0000] "GET /.env HTTP/1.1" 301 249 "-" "Mozilla/5.0 (Macintosh; Intel Mac OS X 10.15; rv:77.0) Gecko/20100101 Firefox/77.0"
130.61.56.34 - - [21/Aug/2024:02:08:09 +0000] "GET /.env HTTP/1.1" 404 196 "-" "Mozilla/5.0 (Macintosh; Intel Mac OS X 10.15; rv:77.0) Gecko/20100101 Firefox/77.0"
57.141.0.20 - - [21/Aug/2024:07:47:54 +0000] "GET /chardham-yatra-packages.php HTTP/1.1" 200 23716 "-" "meta-externalagent/1.1 (+https://developers.facebook.com/docs/sharing/webmasters/crawler)"
173.252.83.10 - - [21/Aug/2024:09:51:55 +0000] "GET /badrinath HTTP/1.1" 301 254 "-" "facebookexternalhit/1.1 (+http://www.facebook.com/externalhit_uatext.php)"
173.252.83.30 - - [21/Aug/2024:09:51:59 +0000] "GET /badrinath HTTP/1.1" 200 18150 "-" "facebookexternalhit/1.1 (+http://www.facebook.com/externalhit_uatext.php)"
57.141.0.11 - - [21/Aug/2024:10:53:06 +0000] "GET /Badrinath HTTP/1.1" 200 18150 "-" "facebookexternalhit/1.1 (+http://www.facebook.com/externalhit_uatext.php)"
69.171.230.114 - - [21/Aug/2024:14:35:33 +0000] "GET /galleryimg/ HTTP/1.1" 200 16255 "-" "facebookexternalhit/1.1 (+http://www.facebook.com/externalhit_uatext.php)"
173.252.83.16 - - [21/Aug/2024:14:47:26 +0000] "GET /Refund-and-Cancellation HTTP/1.1" 200 37161 "-" "facebookexternalhit/1.1 (+http://www.facebook.com/externalhit_uatext.php)"
173.252.83.33 - - [21/Aug/2024:16:59:22 +0000] "GET /robots.txt HTTP/1.1" 404 196 "-" "facebookexternalhit/1.1 (+http://www.facebook.com/externalhit_uatext.php)"
173.252.107.7 - - [21/Aug/2024:16:59:33 +0000] "GET / HTTP/1.1" 200 44063 "-" "facebookexternalhit/1.1 (+http://www.facebook.com/externalhit_uatext.php)"
66.220.149.38 - - [21/Aug/2024:16:59:36 +0000] "GET /EkDhamTour\xC2\xA0Package.html HTTP/1.1" 200 46002 "-" "facebookexternalhit/1.1 (+http://www.facebook.com/externalhit_uatext.php)"
57.141.0.12 - - [21/Aug/2024:22:04:57 +0000] "GET /chardham-yatra-packages.php HTTP/1.1" 200 23716 "-" "meta-externalagent/1.1 (+https://developers.facebook.com/docs/sharing/webmasters/crawler)"
23.178.112.215 - - [22/Aug/2024:00:37:08 +0000] "GET /.well-known/acme-challenge/pmJSVPr3LyWpxU6LJNokWGoxkWigTobhJKf6iF1bEwY HTTP/1.1" 200 87 "-" "Mozilla/5.0 (compatible; Let's Encrypt validation server; +https://www.letsencrypt.org)"
35.92.237.54 - - [22/Aug/2024:00:37:09 +0000] "GET /.well-known/acme-challenge/pmJSVPr3LyWpxU6LJNokWGoxkWigTobhJKf6iF1bEwY HTTP/1.1" 200 87 "-" "Mozilla/5.0 (compatible; Let's Encrypt validation server; +https://www.letsencrypt.org)"
47.129.13.179 - - [22/Aug/2024:00:37:09 +0000] "GET /.well-known/acme-challenge/pmJSVPr3LyWpxU6LJNokWGoxkWigTobhJKf6iF1bEwY HTTP/1.1" 200 87 "-" "Mozilla/5.0 (compatible; Let's Encrypt validation server; +https://www.letsencrypt.org)"
16.16.160.156 - - [22/Aug/2024:00:37:09 +0000] "GET /.well-known/acme-challenge/pmJSVPr3LyWpxU6LJNokWGoxkWigTobhJKf6iF1bEwY HTTP/1.1" 200 87 "-" "Mozilla/5.0 (compatible; Let's Encrypt validation server; +https://www.letsencrypt.org)"
3.144.221.106 - - [22/Aug/2024:00:37:09 +0000] "GET /.well-known/acme-challenge/pmJSVPr3LyWpxU6LJNokWGoxkWigTobhJKf6iF1bEwY HTTP/1.1" 200 87 "-" "Mozilla/5.0 (compatible; Let's Encrypt validation server; +https://www.letsencrypt.org)"
206.81.24.227 - - [22/Aug/2024:00:37:21 +0000] "GET / HTTP/1.1" 301 245 "-" "-"
159.65.18.197 - - [22/Aug/2024:00:37:21 +0000] "GET / HTTP/1.1" 200 44032 "-" "-"
206.81.24.227 - - [22/Aug/2024:00:37:21 +0000] "GET / HTTP/1.1" 301 245 "-" "Mozilla/5.0 (Linux; Android 6.0; HTC One M9 Build/MRA497214) AppleWebKit/537.36 (KHTML, like Gecko) Chrome/52.0.2783.98 Mobile Safari/537.3"
206.81.24.227 - - [22/Aug/2024:00:37:21 +0000] "GET /server HTTP/1.1" 301 251 "-" "Go-http-client/1.1"
206.81.24.227 - - [22/Aug/2024:00:37:21 +0000] "GET /.vscode/sftp.json HTTP/1.1" 301 262 "-" "Go-http-client/1.1"
206.81.24.227 - - [22/Aug/2024:00:37:22 +0000] "GET /about HTTP/1.1" 301 250 "-" "Go-http-client/1.1"
206.81.24.227 - - [22/Aug/2024:00:37:22 +0000] "GET /debug/default/view?panel=config HTTP/1.1" 301 276 "-" "Go-http-client/1.1"
206.81.24.227 - - [22/Aug/2024:00:37:22 +0000] "GET /v2/_catalog HTTP/1.1" 301 256 "-" "Go-http-client/1.1"
206.81.24.227 - - [22/Aug/2024:00:37:23 +0000] "GET /ecp/Current/exporttool/microsoft.exchange.ediscovery.exporttool.application HTTP/1.1" 301 320 "-" "Go-http-client/1.1"
206.81.24.227 - - [22/Aug/2024:00:37:23 +0000] "GET /server-status HTTP/1.1" 403 199 "-" "Go-http-client/1.1"
206.81.24.227 - - [22/Aug/2024:00:37:23 +0000] "GET /login.action HTTP/1.1" 301 257 "-" "Go-http-client/1.1"
206.81.24.227 - - [22/Aug/2024:00:37:24 +0000] "GET /_all_dbs HTTP/1.1" 301 253 "-" "Mozilla/5.0 (l9scan/2.0.834313e2039313e2233323e2536313; +https://leakix.net)"
159.65.18.197 - - [22/Aug/2024:00:37:24 +0000] "GET / HTTP/1.1" 200 44032 "-" "Mozilla/5.0 (Linux; Android 6.0; HTC One M9 Build/MRA497214) AppleWebKit/537.36 (KHTML, like Gecko) Chrome/52.0.2783.98 Mobile Safari/537.3"
206.81.24.227 - - [22/Aug/2024:00:37:24 +0000] "GET /.DS_Store HTTP/1.1" 301 254 "-" "Go-http-client/1.1"
206.81.24.227 - - [22/Aug/2024:00:37:24 +0000] "GET /.env HTTP/1.1" 301 249 "-" "Go-http-client/1.1"
206.81.24.227 - - [22/Aug/2024:00:37:25 +0000] "GET /.git/config HTTP/1.1" 403 153 "-" "Go-http-client/1.1"
159.65.18.197 - - [22/Aug/2024:00:37:25 +0000] "GET /server HTTP/1.1" 200 5401 "-" "Go-http-client/1.1"
206.81.24.227 - - [22/Aug/2024:00:37:25 +0000] "GET /s/834313e2039313e2233323e2536313/_/;/META-INF/maven/com.atlassian.jira/jira-webapp-dist/pom.properties HTTP/1.1" 301 347 "-" "Go-http-client/1.1"
159.65.18.197 - - [22/Aug/2024:00:37:25 +0000] "GET /.vscode/sftp.json HTTP/1.1" 404 196 "-" "Go-http-client/1.1"
206.81.24.227 - - [22/Aug/2024:00:37:25 +0000] "GET /config.json HTTP/1.1" 301 256 "-" "Go-http-client/1.1"
206.81.24.227 - - [22/Aug/2024:00:37:26 +0000] "GET /telescope/requests HTTP/1.1" 301 263 "-" "Go-http-client/1.1"
159.65.18.197 - - [22/Aug/2024:00:37:26 +0000] "GET /about HTTP/1.1" 200 5401 "-" "Go-http-client/1.1"
206.81.24.227 - - [22/Aug/2024:00:37:26 +0000] "GET /?rest_route=/wp/v2/users/ HTTP/1.1" 301 270 "-" "Go-http-client/1.1"
159.65.18.197 - - [22/Aug/2024:00:37:26 +0000] "GET /debug/default/view?panel=config HTTP/1.1" 404 196 "-" "Go-http-client/1.1"
159.65.18.197 - - [22/Aug/2024:00:37:26 +0000] "GET /v2/_catalog HTTP/1.1" 404 196 "-" "Go-http-client/1.1"
159.65.18.197 - - [22/Aug/2024:00:37:27 +0000] "GET /ecp/Current/exporttool/microsoft.exchange.ediscovery.exporttool.application HTTP/1.1" 404 196 "-" "Go-http-client/1.1"
159.65.18.197 - - [22/Aug/2024:00:37:28 +0000] "GET /server-status HTTP/1.1" 403 199 "-" "Go-http-client/1.1"
159.65.18.197 - - [22/Aug/2024:00:37:28 +0000] "GET /login.action HTTP/1.1" 404 196 "-" "Go-http-client/1.1"
159.65.18.197 - - [22/Aug/2024:00:37:28 +0000] "GET /_all_dbs HTTP/1.1" 200 5401 "-" "Mozilla/5.0 (l9scan/2.0.834313e2039313e2233323e2536313; +https://leakix.net)"
159.65.18.197 - - [22/Aug/2024:00:37:29 +0000] "GET /.DS_Store HTTP/1.1" 404 196 "-" "Go-http-client/1.1"
159.65.18.197 - - [22/Aug/2024:00:37:29 +0000] "GET /.env HTTP/1.1" 404 196 "-" "Go-http-client/1.1"
159.65.18.197 - - [22/Aug/2024:00:37:30 +0000] "GET /.git/config HTTP/1.1" 403 153 "-" "Go-http-client/1.1"
159.65.18.197 - - [22/Aug/2024:00:37:30 +0000] "GET /s/834313e2039313e2233323e2536313/_/;/META-INF/maven/com.atlassian.jira/jira-webapp-dist/pom.properties HTTP/1.1" 404 196 "-" "Go-http-client/1.1"
159.65.18.197 - - [22/Aug/2024:00:37:31 +0000] "GET /config.json HTTP/1.1" 404 196 "-" "Go-http-client/1.1"
159.65.18.197 - - [22/Aug/2024:00:37:31 +0000] "GET /telescope/requests HTTP/1.1" 404 196 "-" "Go-http-client/1.1"
159.65.18.197 - - [22/Aug/2024:00:37:31 +0000] "GET /?rest_route=/wp/v2/users/ HTTP/1.1" 200 9623 "-" "Go-http-client/1.1"
104.164.173.189 - - [22/Aug/2024:00:37:32 +0000] "GET / HTTP/1.1" 200 9552 "-" "Mozilla/5.0 (Macintosh; Intel Mac OS X 10_15_7) AppleWebKit/537.36 (KHTML, like Gecko) Chrome/116.0.0.0 Safari/537.36"
179.43.168.130 - - [22/Aug/2024:00:37:48 +0000] "GET /.git/config HTTP/1.1" 403 183 "-" "Mozilla/5.0 (Linux; Android 9; SM-A530F) AppleWebKit/537.36 (KHTML, like Gecko) Chrome/76.0.3809.111 Mobile Safari/537.36"
195.211.77.140 - - [22/Aug/2024:00:37:56 +0000] "HEAD / HTTP/1.1" 200 0 "-" "Mozilla/5.0 (Windows NT 10.0; Win64; x64) AppleWebKit/537.36 (KHTML, like Gecko) Chrome/108.0.0.0 Safari/537.36"
195.211.77.142 - - [22/Aug/2024:00:38:08 +0000] "GET / HTTP/1.1" 200 9602 "-" "Mozilla/5.0 (Windows NT 10.0; Win64; x64) AppleWebKit/537.36 (KHTML, like Gecko) Chrome/108.0.0.0 Safari/537.36"
34.123.170.104 - - [22/Aug/2024:00:38:28 +0000] "GET / HTTP/1.1" 301 245 "-" "Mozilla/5.0 (X11; Linux x86_64) AppleWebKit/537.36 (KHTML, like Gecko) HeadlessChrome/92.0.4515.159 Safari/537.36"
34.122.147.229 - - [22/Aug/2024:00:38:30 +0000] "GET / HTTP/1.1" 200 9555 "-" "Mozilla/5.0 (X11; Linux x86_64) AppleWebKit/537.36 (KHTML, like Gecko) HeadlessChrome/92.0.4515.159 Safari/537.36"
205.169.39.217 - - [22/Aug/2024:00:38:31 +0000] "GET / HTTP/1.1" 301 245 "-" "Mozilla/5.0 (Windows NT 6.1; Win64; x64) AppleWebKit/537.36 (KHTML, like Gecko) Chrome/83.0.4103.61 Safari/537.36"
34.122.147.229 - - [22/Aug/2024:00:38:31 +0000] "GET /css/animate.css HTTP/1.1" 200 4345 "https://chardhamyatra.tripperhub.com/" "Mozilla/5.0 (X11; Linux x86_64) AppleWebKit/537.36 (KHTML, like Gecko) HeadlessChrome/92.0.4515.159 Safari/537.36"
205.169.39.7 - - [22/Aug/2024:00:38:31 +0000] "GET / HTTP/1.1" 301 245 "-" "Mozilla/5.0 (Windows NT 10.0; Win64; x64) AppleWebKit/537.36 (KHTML, like Gecko) Chrome/117.0.5938.132 Safari/537.36"
34.122.147.229 - - [22/Aug/2024:00:38:31 +0000] "GET /css/icomoon.css HTTP/1.1" 200 8156 "https://chardhamyatra.tripperhub.com/" "Mozilla/5.0 (X11; Linux x86_64) AppleWebKit/537.36 (KHTML, like Gecko) HeadlessChrome/92.0.4515.159 Safari/537.36"
34.72.176.129 - - [22/Aug/2024:00:38:31 +0000] "GET /css/bootstrap.min.css HTTP/1.1" 200 20576 "https://chardhamyatra.tripperhub.com/" "Mozilla/5.0 (X11; Linux x86_64) AppleWebKit/537.36 (KHTML, like Gecko) HeadlessChrome/92.0.4515.159 Safari/537.36"
34.122.147.229 - - [22/Aug/2024:00:38:31 +0000] "GET /css/magnific-popup.css HTTP/1.1" 200 1948 "https://chardhamyatra.tripperhub.com/" "Mozilla/5.0 (X11; Linux x86_64) AppleWebKit/537.36 (KHTML, like Gecko) HeadlessChrome/92.0.4515.159 Safari/537.36"
34.72.176.129 - - [22/Aug/2024:00:38:31 +0000] "GET /css/superfish.css HTTP/1.1" 200 1007 "https://chardhamyatra.tripperhub.com/" "Mozilla/5.0 (X11; Linux x86_64) AppleWebKit/537.36 (KHTML, like Gecko) HeadlessChrome/92.0.4515.159 Safari/537.36"
34.123.170.104 - - [22/Aug/2024:00:38:31 +0000] "GET /css/bootstrap-datepicker.min.css HTTP/1.1" 200 2128 "https://chardhamyatra.tripperhub.com/" "Mozilla/5.0 (X11; Linux x86_64) AppleWebKit/537.36 (KHTML, like Gecko) HeadlessChrome/92.0.4515.159 Safari/537.36"
34.122.147.229 - - [22/Aug/2024:00:38:31 +0000] "GET /css/style.css HTTP/1.1" 200 9029 "https://chardhamyatra.tripperhub.com/" "Mozilla/5.0 (X11; Linux x86_64) AppleWebKit/537.36 (KHTML, like Gecko) HeadlessChrome/92.0.4515.159 Safari/537.36"
34.122.147.229 - - [22/Aug/2024:00:38:32 +0000] "GET /css/media-query.css HTTP/1.1" 200 2666 "https://chardhamyatra.tripperhub.com/" "Mozilla/5.0 (X11; Linux x86_64) AppleWebKit/537.36 (KHTML, like Gecko) HeadlessChrome/92.0.4515.159 Safari/537.36"
34.123.170.104 - - [22/Aug/2024:00:38:32 +0000] "GET /images/facebook-logo.png HTTP/1.1" 200 1051 "https://chardhamyatra.tripperhub.com/" "Mozilla/5.0 (X11; Linux x86_64) AppleWebKit/537.36 (KHTML, like Gecko) HeadlessChrome/92.0.4515.159 Safari/537.36"
34.122.147.229 - - [22/Aug/2024:00:38:32 +0000] "GET /images/logo.png HTTP/1.1" 200 16638 "https://chardhamyatra.tripperhub.com/" "Mozilla/5.0 (X11; Linux x86_64) AppleWebKit/537.36 (KHTML, like Gecko) HeadlessChrome/92.0.4515.159 Safari/537.36"
34.72.176.129 - - [22/Aug/2024:00:38:32 +0000] "GET /images/instagram.png HTTP/1.1" 200 1598 "https://chardhamyatra.tripperhub.com/" "Mozilla/5.0 (X11; Linux x86_64) AppleWebKit/537.36 (KHTML, like Gecko) HeadlessChrome/92.0.4515.159 Safari/537.36"
34.122.147.229 - - [22/Aug/2024:00:38:32 +0000] "GET /images/whatsapp-(2).logo.png HTTP/1.1" 200 1653 "https://chardhamyatra.tripperhub.com/" "Mozilla/5.0 (X11; Linux x86_64) AppleWebKit/537.36 (KHTML, like Gecko) HeadlessChrome/92.0.4515.159 Safari/537.36"
34.123.170.104 - - [22/Aug/2024:00:38:32 +0000] "GET /images/conatct_logo.png HTTP/1.1" 200 1020 "https://chardhamyatra.tripperhub.com/" "Mozilla/5.0 (X11; Linux x86_64) AppleWebKit/537.36 (KHTML, like Gecko) HeadlessChrome/92.0.4515.159 Safari/537.36"
104.197.69.115 - - [22/Aug/2024:00:38:32 +0000] "GET /js/modernizr-3.6.0.min.js HTTP/1.1" 200 6247 "https://chardhamyatra.tripperhub.com/" "Mozilla/5.0 (X11; Linux x86_64) AppleWebKit/537.36 (KHTML, like Gecko) HeadlessChrome/92.0.4515.159 Safari/537.36"
34.122.147.229 - - [22/Aug/2024:00:38:32 +0000] "GET /js/migrate.min.js HTTP/1.1" 200 2734 "https://chardhamyatra.tripperhub.com/" "Mozilla/5.0 (X11; Linux x86_64) AppleWebKit/537.36 (KHTML, like Gecko) HeadlessChrome/92.0.4515.159 Safari/537.36"
34.72.176.129 - - [22/Aug/2024:00:38:32 +0000] "GET /js/jquery-3.3.1.min.js HTTP/1.1" 200 30364 "https://chardhamyatra.tripperhub.com/" "Mozilla/5.0 (X11; Linux x86_64) AppleWebKit/537.36 (KHTML, like Gecko) HeadlessChrome/92.0.4515.159 Safari/537.36"
34.72.176.129 - - [22/Aug/2024:00:38:32 +0000] "GET /styles.css HTTP/1.1" 200 50865 "https://chardhamyatra.tripperhub.com/" "Mozilla/5.0 (X11; Linux x86_64) AppleWebKit/537.36 (KHTML, like Gecko) HeadlessChrome/92.0.4515.159 Safari/537.36"
34.123.170.104 - - [22/Aug/2024:00:38:32 +0000] "GET /js/jquery.stellar.min.js HTTP/1.1" 200 3410 "https://chardhamyatra.tripperhub.com/" "Mozilla/5.0 (X11; Linux x86_64) AppleWebKit/537.36 (KHTML, like Gecko) HeadlessChrome/92.0.4515.159 Safari/537.36"
34.122.147.229 - - [22/Aug/2024:00:38:32 +0000] "GET /js/bootstrap-4.0.0.min.js HTTP/1.1" 200 13118 "https://chardhamyatra.tripperhub.com/" "Mozilla/5.0 (X11; Linux x86_64) AppleWebKit/537.36 (KHTML, like Gecko) HeadlessChrome/92.0.4515.159 Safari/537.36"
205.169.39.217 - - [22/Aug/2024:00:38:32 +0000] "GET / HTTP/1.1" 200 9517 "-" "Mozilla/5.0 (Windows NT 6.1; Win64; x64) AppleWebKit/537.36 (KHTML, like Gecko) Chrome/83.0.4103.61 Safari/537.36"
104.197.69.115 - - [22/Aug/2024:00:38:32 +0000] "GET /js/jquery.waypoints.min.js HTTP/1.1" 200 2714 "https://chardhamyatra.tripperhub.com/" "Mozilla/5.0 (X11; Linux x86_64) AppleWebKit/537.36 (KHTML, like Gecko) HeadlessChrome/92.0.4515.159 Safari/537.36"
34.122.147.229 - - [22/Aug/2024:00:38:32 +0000] "GET /js/sticky.js HTTP/1.1" 200 613 "https://chardhamyatra.tripperhub.com/" "Mozilla/5.0 (X11; Linux x86_64) AppleWebKit/537.36 (KHTML, like Gecko) HeadlessChrome/92.0.4515.159 Safari/537.36"
34.72.176.129 - - [22/Aug/2024:00:38:32 +0000] "GET /js/jquery.magnific-popup.min.js HTTP/1.1" 200 7598 "https://chardhamyatra.tripperhub.com/" "Mozilla/5.0 (X11; Linux x86_64) AppleWebKit/537.36 (KHTML, like Gecko) HeadlessChrome/92.0.4515.159 Safari/537.36"
34.123.170.104 - - [22/Aug/2024:00:38:32 +0000] "GET /js/bootstrap-datepicker.min.js HTTP/1.1" 200 10038 "https://chardhamyatra.tripperhub.com/" "Mozilla/5.0 (X11; Linux x86_64) AppleWebKit/537.36 (KHTML, like Gecko) HeadlessChrome/92.0.4515.159 Safari/537.36"
104.197.69.115 - - [22/Aug/2024:00:38:33 +0000] "GET /js/SmoothScroll.min.js HTTP/1.1" 200 2552 "https://chardhamyatra.tripperhub.com/" "Mozilla/5.0 (X11; Linux x86_64) AppleWebKit/537.36 (KHTML, like Gecko) HeadlessChrome/92.0.4515.159 Safari/537.36"
205.169.39.7 - - [22/Aug/2024:00:38:33 +0000] "GET / HTTP/1.1" 200 9517 "-" "Mozilla/5.0 (Windows NT 10.0; Win64; x64) AppleWebKit/537.36 (KHTML, like Gecko) Chrome/117.0.5938.132 Safari/537.36"
34.122.147.229 - - [22/Aug/2024:00:38:33 +0000] "GET /js/main.js HTTP/1.1" 200 1392 "https://chardhamyatra.tripperhub.com/" "Mozilla/5.0 (X11; Linux x86_64) AppleWebKit/537.36 (KHTML, like Gecko) HeadlessChrome/92.0.4515.159 Safari/537.36"
34.72.176.129 - - [22/Aug/2024:00:38:33 +0000] "GET /fonts/icomoon/icomoona57c.ttf?srf3rx HTTP/1.1" 200 224464 "https://chardhamyatra.tripperhub.com/css/style.css" "Mozilla/5.0 (X11; Linux x86_64) AppleWebKit/537.36 (KHTML, like Gecko) HeadlessChrome/92.0.4515.159 Safari/537.36"
205.169.39.217 - - [22/Aug/2024:00:38:33 +0000] "GET /js/modernizr-3.6.0.min.js HTTP/1.1" 200 6247 "https://chardhamyatra.tripperhub.com/" "Mozilla/5.0 (Windows NT 6.1; Win64; x64) AppleWebKit/537.36 (KHTML, like Gecko) Chrome/83.0.4103.61 Safari/537.36"
34.72.176.129 - - [22/Aug/2024:00:38:33 +0000] "GET /galleryimg/2995104kedarnath2.jpg HTTP/1.1" 200 202272 "https://chardhamyatra.tripperhub.com/" "Mozilla/5.0 (X11; Linux x86_64) AppleWebKit/537.36 (KHTML, like Gecko) HeadlessChrome/92.0.4515.159 Safari/537.36"
34.123.170.104 - - [22/Aug/2024:00:38:33 +0000] "GET /galleryimg/75962172.jpg HTTP/1.1" 200 130287 "https://chardhamyatra.tripperhub.com/" "Mozilla/5.0 (X11; Linux x86_64) AppleWebKit/537.36 (KHTML, like Gecko) HeadlessChrome/92.0.4515.159 Safari/537.36"
34.122.147.229 - - [22/Aug/2024:00:38:33 +0000] "GET /galleryimg/3652474chardham4.jpeg HTTP/1.1" 200 27140 "https://chardhamyatra.tripperhub.com/" "Mozilla/5.0 (X11; Linux x86_64) AppleWebKit/537.36 (KHTML, like Gecko) HeadlessChrome/92.0.4515.159 Safari/537.36"
34.122.147.229 - - [22/Aug/2024:00:38:33 +0000] "GET /images/large/map/pexels-photo-697662.jpg HTTP/1.1" 200 168804 "https://chardhamyatra.tripperhub.com/css/style.css" "Mozilla/5.0 (X11; Linux x86_64) AppleWebKit/537.36 (KHTML, like Gecko) HeadlessChrome/92.0.4515.159 Safari/537.36"
205.169.39.217 - - [22/Aug/2024:00:38:33 +0000] "GET /js/jquery-3.3.1.min.js HTTP/1.1" 200 30364 "https://chardhamyatra.tripperhub.com/" "Mozilla/5.0 (Windows NT 6.1; Win64; x64) AppleWebKit/537.36 (KHTML, like Gecko) Chrome/83.0.4103.61 Safari/537.36"
34.123.170.104 - - [22/Aug/2024:00:38:33 +0000] "GET /images/badrinath.webp HTTP/1.1" 200 5728 "https://chardhamyatra.tripperhub.com/" "Mozilla/5.0 (X11; Linux x86_64) AppleWebKit/537.36 (KHTML, like Gecko) HeadlessChrome/92.0.4515.159 Safari/537.36"
34.122.147.229 - - [22/Aug/2024:00:38:34 +0000] "GET /images/dwarka.webp HTTP/1.1" 200 2798 "https://chardhamyatra.tripperhub.com/" "Mozilla/5.0 (X11; Linux x86_64) AppleWebKit/537.36 (KHTML, like Gecko) HeadlessChrome/92.0.4515.159 Safari/537.36"
34.122.147.229 - - [22/Aug/2024:00:38:34 +0000] "GET /images/jagannath-puri.webp HTTP/1.1" 200 3196 "https://chardhamyatra.tripperhub.com/" "Mozilla/5.0 (X11; Linux x86_64) AppleWebKit/537.36 (KHTML, like Gecko) HeadlessChrome/92.0.4515.159 Safari/537.36"
34.72.176.129 - - [22/Aug/2024:00:38:34 +0000] "GET /galleryimg/2252569DI2A0700.jpg HTTP/1.1" 200 336911 "https://chardhamyatra.tripperhub.com/" "Mozilla/5.0 (X11; Linux x86_64) AppleWebKit/537.36 (KHTML, like Gecko) HeadlessChrome/92.0.4515.159 Safari/537.36"
34.72.176.129 - - [22/Aug/2024:00:38:34 +0000] "GET /galleryimg/1006293chardham-yatra-2019-advance.jpg HTTP/1.1" 200 282242 "https://chardhamyatra.tripperhub.com/" "Mozilla/5.0 (X11; Linux x86_64) AppleWebKit/537.36 (KHTML, like Gecko) HeadlessChrome/92.0.4515.159 Safari/537.36"
34.123.170.104 - - [22/Aug/2024:00:38:34 +0000] "GET /images/rameshwaram.webp HTTP/1.1" 200 3798 "https://chardhamyatra.tripperhub.com/" "Mozilla/5.0 (X11; Linux x86_64) AppleWebKit/537.36 (KHTML, like Gecko) HeadlessChrome/92.0.4515.159 Safari/537.36"
34.122.147.229 - - [22/Aug/2024:00:38:34 +0000] "GET /images/icon/bed-icon.png HTTP/1.1" 200 862 "https://chardhamyatra.tripperhub.com/css/media-query.css" "Mozilla/5.0 (X11; Linux x86_64) AppleWebKit/537.36 (KHTML, like Gecko) HeadlessChrome/92.0.4515.159 Safari/537.36"
205.169.39.7 - - [22/Aug/2024:00:38:34 +0000] "GET /css/animate.css HTTP/1.1" 200 4345 "https://chardhamyatra.tripperhub.com/" "Mozilla/5.0 (Windows NT 10.0; Win64; x64) AppleWebKit/537.36 (KHTML, like Gecko) Chrome/117.0.5938.132 Safari/537.36"
34.122.147.229 - - [22/Aug/2024:00:38:34 +0000] "GET /images/icon/meal-icon.png HTTP/1.1" 200 987 "https://chardhamyatra.tripperhub.com/css/media-query.css" "Mozilla/5.0 (X11; Linux x86_64) AppleWebKit/537.36 (KHTML, like Gecko) HeadlessChrome/92.0.4515.159 Safari/537.36"
34.72.176.129 - - [22/Aug/2024:00:38:34 +0000] "GET /images/icon/transport-icon.png HTTP/1.1" 200 507 "https://chardhamyatra.tripperhub.com/css/media-query.css" "Mozilla/5.0 (X11; Linux x86_64) AppleWebKit/537.36 (KHTML, like Gecko) HeadlessChrome/92.0.4515.159 Safari/537.36"
34.72.176.129 - - [22/Aug/2024:00:38:34 +0000] "GET /images/icon/sightseeing-icon.png HTTP/1.1" 200 1238 "https://chardhamyatra.tripperhub.com/css/media-query.css" "Mozilla/5.0 (X11; Linux x86_64) AppleWebKit/537.36 (KHTML, like Gecko) HeadlessChrome/92.0.4515.159 Safari/537.36"
34.72.176.129 - - [22/Aug/2024:00:38:34 +0000] "GET /images/4.jpg HTTP/1.1" 200 472205 "https://chardhamyatra.tripperhub.com/" "Mozilla/5.0 (X11; Linux x86_64) AppleWebKit/537.36 (KHTML, like Gecko) HeadlessChrome/92.0.4515.159 Safari/537.36"
205.169.39.7 - - [22/Aug/2024:00:38:34 +0000] "GET /css/icomoon.css HTTP/1.1" 200 8156 "https://chardhamyatra.tripperhub.com/" "Mozilla/5.0 (Windows NT 10.0; Win64; x64) AppleWebKit/537.36 (KHTML, like Gecko) Chrome/117.0.5938.132 Safari/537.36"
205.169.39.217 - - [22/Aug/2024:00:38:34 +0000] "GET /js/migrate.min.js HTTP/1.1" 200 2734 "https://chardhamyatra.tripperhub.com/" "Mozilla/5.0 (Windows NT 6.1; Win64; x64) AppleWebKit/537.36 (KHTML, like Gecko) Chrome/83.0.4103.61 Safari/537.36"
34.122.147.229 - - [22/Aug/2024:00:38:34 +0000] "GET /images/3.jpg HTTP/1.1" 200 313075 "https://chardhamyatra.tripperhub.com/" "Mozilla/5.0 (X11; Linux x86_64) AppleWebKit/537.36 (KHTML, like Gecko) HeadlessChrome/92.0.4515.159 Safari/537.36"
34.72.176.129 - - [22/Aug/2024:00:38:34 +0000] "GET /images/large/rock/pexels-photo-749090.jpg HTTP/1.1" 200 1024312 "https://chardhamyatra.tripperhub.com/" "Mozilla/5.0 (X11; Linux x86_64) AppleWebKit/537.36 (KHTML, like Gecko) HeadlessChrome/92.0.4515.159 Safari/537.36"
205.169.39.7 - - [22/Aug/2024:00:38:35 +0000] "GET /css/bootstrap.min.css HTTP/1.1" 200 20576 "https://chardhamyatra.tripperhub.com/" "Mozilla/5.0 (Windows NT 10.0; Win64; x64) AppleWebKit/537.36 (KHTML, like Gecko) Chrome/117.0.5938.132 Safari/537.36"
205.169.39.7 - - [22/Aug/2024:00:38:35 +0000] "GET /css/superfish.css HTTP/1.1" 200 1007 "https://chardhamyatra.tripperhub.com/" "Mozilla/5.0 (Windows NT 10.0; Win64; x64) AppleWebKit/537.36 (KHTML, like Gecko) Chrome/117.0.5938.132 Safari/537.36"
205.169.39.7 - - [22/Aug/2024:00:38:35 +0000] "GET /css/magnific-popup.css HTTP/1.1" 200 1948 "https://chardhamyatra.tripperhub.com/" "Mozilla/5.0 (Windows NT 10.0; Win64; x64) AppleWebKit/537.36 (KHTML, like Gecko) Chrome/117.0.5938.132 Safari/537.36"
205.169.39.217 - - [22/Aug/2024:00:38:35 +0000] "GET /js/jquery.stellar.min.js HTTP/1.1" 200 3410 "https://chardhamyatra.tripperhub.com/" "Mozilla/5.0 (Windows NT 6.1; Win64; x64) AppleWebKit/537.36 (KHTML, like Gecko) Chrome/83.0.4103.61 Safari/537.36"
205.169.39.7 - - [22/Aug/2024:00:38:35 +0000] "GET /css/bootstrap-datepicker.min.css HTTP/1.1" 200 2128 "https://chardhamyatra.tripperhub.com/" "Mozilla/5.0 (Windows NT 10.0; Win64; x64) AppleWebKit/537.36 (KHTML, like Gecko) Chrome/117.0.5938.132 Safari/537.36"
34.123.170.104 - - [22/Aug/2024:00:38:35 +0000] "GET /images/1.jpg HTTP/1.1" 200 2630038 "https://chardhamyatra.tripperhub.com/" "Mozilla/5.0 (X11; Linux x86_64) AppleWebKit/537.36 (KHTML, like Gecko) HeadlessChrome/92.0.4515.159 Safari/537.36"
205.169.39.7 - - [22/Aug/2024:00:38:35 +0000] "GET /css/style.css HTTP/1.1" 200 9029 "https://chardhamyatra.tripperhub.com/" "Mozilla/5.0 (Windows NT 10.0; Win64; x64) AppleWebKit/537.36 (KHTML, like Gecko) Chrome/117.0.5938.132 Safari/537.36"
104.197.69.115 - - [22/Aug/2024:00:38:35 +0000] "GET /galleryimg/9071285pkg376-0.jpg HTTP/1.1" 200 179386 "https://chardhamyatra.tripperhub.com/" "Mozilla/5.0 (X11; Linux x86_64) AppleWebKit/537.36 (KHTML, like Gecko) HeadlessChrome/92.0.4515.159 Safari/537.36"
205.169.39.7 - - [22/Aug/2024:00:38:35 +0000] "GET /css/media-query.css HTTP/1.1" 200 2666 "https://chardhamyatra.tripperhub.com/" "Mozilla/5.0 (Windows NT 10.0; Win64; x64) AppleWebKit/537.36 (KHTML, like Gecko) Chrome/117.0.5938.132 Safari/537.36"
205.169.39.217 - - [22/Aug/2024:00:38:35 +0000] "GET /js/bootstrap-4.0.0.min.js HTTP/1.1" 200 13118 "https://chardhamyatra.tripperhub.com/" "Mozilla/5.0 (Windows NT 6.1; Win64; x64) AppleWebKit/537.36 (KHTML, like Gecko) Chrome/83.0.4103.61 Safari/537.36"
205.169.39.7 - - [22/Aug/2024:00:38:35 +0000] "GET /css/fonts/icomoon6029-2.html?1oniuf HTTP/1.1" 200 667 "https://chardhamyatra.tripperhub.com/css/icomoon.css" "Mozilla/5.0 (Windows NT 10.0; Win64; x64) AppleWebKit/537.36 (KHTML, like Gecko) Chrome/117.0.5938.132 Safari/537.36"
205.169.39.7 - - [22/Aug/2024:00:38:35 +0000] "GET /images/facebook-logo.png HTTP/1.1" 200 1051 "https://chardhamyatra.tripperhub.com/" "Mozilla/5.0 (Windows NT 10.0; Win64; x64) AppleWebKit/537.36 (KHTML, like Gecko) Chrome/117.0.5938.132 Safari/537.36"
205.169.39.7 - - [22/Aug/2024:00:38:35 +0000] "GET /images/instagram.png HTTP/1.1" 200 1598 "https://chardhamyatra.tripperhub.com/" "Mozilla/5.0 (Windows NT 10.0; Win64; x64) AppleWebKit/537.36 (KHTML, like Gecko) Chrome/117.0.5938.132 Safari/537.36"
205.169.39.217 - - [22/Aug/2024:00:38:35 +0000] "GET /js/jquery.waypoints.min.js HTTP/1.1" 200 2714 "https://chardhamyatra.tripperhub.com/" "Mozilla/5.0 (Windows NT 6.1; Win64; x64) AppleWebKit/537.36 (KHTML, like Gecko) Chrome/83.0.4103.61 Safari/537.36"
205.169.39.7 - - [22/Aug/2024:00:38:36 +0000] "GET /images/conatct_logo.png HTTP/1.1" 200 1020 "https://chardhamyatra.tripperhub.com/" "Mozilla/5.0 (Windows NT 10.0; Win64; x64) AppleWebKit/537.36 (KHTML, like Gecko) Chrome/117.0.5938.132 Safari/537.36"
205.169.39.7 - - [22/Aug/2024:00:38:36 +0000] "GET /images/whatsapp-(2).logo.png HTTP/1.1" 200 1653 "https://chardhamyatra.tripperhub.com/" "Mozilla/5.0 (Windows NT 10.0; Win64; x64) AppleWebKit/537.36 (KHTML, like Gecko) Chrome/117.0.5938.132 Safari/537.36"
205.169.39.7 - - [22/Aug/2024:00:38:36 +0000] "GET /css/fonts/icomoon6029-3.html?1oniuf HTTP/1.1" 200 667 "https://chardhamyatra.tripperhub.com/css/icomoon.css" "Mozilla/5.0 (Windows NT 10.0; Win64; x64) AppleWebKit/537.36 (KHTML, like Gecko) Chrome/117.0.5938.132 Safari/537.36"
205.169.39.7 - - [22/Aug/2024:00:38:36 +0000] "GET /styles.css HTTP/1.1" 200 50865 "https://chardhamyatra.tripperhub.com/" "Mozilla/5.0 (Windows NT 10.0; Win64; x64) AppleWebKit/537.36 (KHTML, like Gecko) Chrome/117.0.5938.132 Safari/537.36"
205.169.39.217 - - [22/Aug/2024:00:38:36 +0000] "GET /js/sticky.js HTTP/1.1" 200 613 "https://chardhamyatra.tripperhub.com/" "Mozilla/5.0 (Windows NT 6.1; Win64; x64) AppleWebKit/537.36 (KHTML, like Gecko) Chrome/83.0.4103.61 Safari/537.36"
205.169.39.7 - - [22/Aug/2024:00:38:36 +0000] "GET /images/logo.png HTTP/1.1" 200 16638 "https://chardhamyatra.tripperhub.com/" "Mozilla/5.0 (Windows NT 10.0; Win64; x64) AppleWebKit/537.36 (KHTML, like Gecko) Chrome/117.0.5938.132 Safari/537.36"
34.122.147.229 - - [22/Aug/2024:00:38:36 +0000] "GET /images/2.jpg HTTP/1.1" 200 130287 "https://chardhamyatra.tripperhub.com/" "Mozilla/5.0 (X11; Linux x86_64) AppleWebKit/537.36 (KHTML, like Gecko) HeadlessChrome/92.0.4515.159 Safari/537.36"
205.169.39.7 - - [22/Aug/2024:00:38:36 +0000] "GET /js/modernizr-3.6.0.min.js HTTP/1.1" 200 6247 "https://chardhamyatra.tripperhub.com/" "Mozilla/5.0 (Windows NT 10.0; Win64; x64) AppleWebKit/537.36 (KHTML, like Gecko) Chrome/117.0.5938.132 Safari/537.36"
205.169.39.7 - - [22/Aug/2024:00:38:36 +0000] "GET /galleryimg/75962172.jpg HTTP/1.1" 200 130287 "https://chardhamyatra.tripperhub.com/" "Mozilla/5.0 (Windows NT 10.0; Win64; x64) AppleWebKit/537.36 (KHTML, like Gecko) Chrome/117.0.5938.132 Safari/537.36"
205.169.39.217 - - [22/Aug/2024:00:38:36 +0000] "GET /js/jquery.magnific-popup.min.js HTTP/1.1" 200 7598 "https://chardhamyatra.tripperhub.com/" "Mozilla/5.0 (Windows NT 6.1; Win64; x64) AppleWebKit/537.36 (KHTML, like Gecko) Chrome/83.0.4103.61 Safari/537.36"
205.169.39.7 - - [22/Aug/2024:00:38:37 +0000] "GET /galleryimg/3652474chardham4.jpeg HTTP/1.1" 200 27140 "https://chardhamyatra.tripperhub.com/" "Mozilla/5.0 (Windows NT 10.0; Win64; x64) AppleWebKit/537.36 (KHTML, like Gecko) Chrome/117.0.5938.132 Safari/537.36"
205.169.39.7 - - [22/Aug/2024:00:38:37 +0000] "GET /images/large/map/pexels-photo-697662.jpg HTTP/1.1" 200 168804 "https://chardhamyatra.tripperhub.com/css/style.css" "Mozilla/5.0 (Windows NT 10.0; Win64; x64) AppleWebKit/537.36 (KHTML, like Gecko) Chrome/117.0.5938.132 Safari/537.36"
205.169.39.217 - - [22/Aug/2024:00:38:38 +0000] "GET /js/bootstrap-datepicker.min.js HTTP/1.1" 200 10038 "https://chardhamyatra.tripperhub.com/" "Mozilla/5.0 (Windows NT 6.1; Win64; x64) AppleWebKit/537.36 (KHTML, like Gecko) Chrome/83.0.4103.61 Safari/537.36"
205.169.39.7 - - [22/Aug/2024:00:38:38 +0000] "GET /js/jquery-3.3.1.min.js HTTP/1.1" 200 30364 "https://chardhamyatra.tripperhub.com/" "Mozilla/5.0 (Windows NT 10.0; Win64; x64) AppleWebKit/537.36 (KHTML, like Gecko) Chrome/117.0.5938.132 Safari/537.36"
205.169.39.7 - - [22/Aug/2024:00:38:39 +0000] "GET /galleryimg/9071285pkg376-0.jpg HTTP/1.1" 200 179386 "https://chardhamyatra.tripperhub.com/" "Mozilla/5.0 (Windows NT 10.0; Win64; x64) AppleWebKit/537.36 (KHTML, like Gecko) Chrome/117.0.5938.132 Safari/537.36"
205.169.39.7 - - [22/Aug/2024:00:38:40 +0000] "GET /js/jquery.stellar.min.js HTTP/1.1" 200 3410 "https://chardhamyatra.tripperhub.com/" "Mozilla/5.0 (Windows NT 10.0; Win64; x64) AppleWebKit/537.36 (KHTML, like Gecko) Chrome/117.0.5938.132 Safari/537.36"
205.169.39.7 - - [22/Aug/2024:00:38:40 +0000] "GET /js/migrate.min.js HTTP/1.1" 200 2734 "https://chardhamyatra.tripperhub.com/" "Mozilla/5.0 (Windows NT 10.0; Win64; x64) AppleWebKit/537.36 (KHTML, like Gecko) Chrome/117.0.5938.132 Safari/537.36"
205.169.39.7 - - [22/Aug/2024:00:38:40 +0000] "GET /js/bootstrap-4.0.0.min.js HTTP/1.1" 200 13118 "https://chardhamyatra.tripperhub.com/" "Mozilla/5.0 (Windows NT 10.0; Win64; x64) AppleWebKit/537.36 (KHTML, like Gecko) Chrome/117.0.5938.132 Safari/537.36"
205.169.39.7 - - [22/Aug/2024:00:38:40 +0000] "GET /js/jquery.waypoints.min.js HTTP/1.1" 200 2714 "https://chardhamyatra.tripperhub.com/" "Mozilla/5.0 (Windows NT 10.0; Win64; x64) AppleWebKit/537.36 (KHTML, like Gecko) Chrome/117.0.5938.132 Safari/537.36"
205.169.39.7 - - [22/Aug/2024:00:38:40 +0000] "GET /js/sticky.js HTTP/1.1" 200 613 "https://chardhamyatra.tripperhub.com/" "Mozilla/5.0 (Windows NT 10.0; Win64; x64) AppleWebKit/537.36 (KHTML, like Gecko) Chrome/117.0.5938.132 Safari/537.36"
205.169.39.7 - - [22/Aug/2024:00:38:40 +0000] "GET /js/jquery.magnific-popup.min.js HTTP/1.1" 200 7598 "https://chardhamyatra.tripperhub.com/" "Mozilla/5.0 (Windows NT 10.0; Win64; x64) AppleWebKit/537.36 (KHTML, like Gecko) Chrome/117.0.5938.132 Safari/537.36"
205.169.39.217 - - [22/Aug/2024:00:38:41 +0000] "GET /js/SmoothScroll.min.js HTTP/1.1" 200 2552 "https://chardhamyatra.tripperhub.com/" "Mozilla/5.0 (Windows NT 6.1; Win64; x64) AppleWebKit/537.36 (KHTML, like Gecko) Chrome/83.0.4103.61 Safari/537.36"
205.169.39.7 - - [22/Aug/2024:00:38:41 +0000] "GET /js/SmoothScroll.min.js HTTP/1.1" 200 2552 "https://chardhamyatra.tripperhub.com/" "Mozilla/5.0 (Windows NT 10.0; Win64; x64) AppleWebKit/537.36 (KHTML, like Gecko) Chrome/117.0.5938.132 Safari/537.36"
205.169.39.7 - - [22/Aug/2024:00:38:41 +0000] "GET /js/bootstrap-datepicker.min.js HTTP/1.1" 200 10038 "https://chardhamyatra.tripperhub.com/" "Mozilla/5.0 (Windows NT 10.0; Win64; x64) AppleWebKit/537.36 (KHTML, like Gecko) Chrome/117.0.5938.132 Safari/537.36"
205.169.39.7 - - [22/Aug/2024:00:38:41 +0000] "GET /galleryimg/2995104kedarnath2.jpg HTTP/1.1" 200 202272 "https://chardhamyatra.tripperhub.com/" "Mozilla/5.0 (Windows NT 10.0; Win64; x64) AppleWebKit/537.36 (KHTML, like Gecko) Chrome/117.0.5938.132 Safari/537.36"
205.169.39.217 - - [22/Aug/2024:00:38:41 +0000] "GET /js/main.js HTTP/1.1" 200 1392 "https://chardhamyatra.tripperhub.com/" "Mozilla/5.0 (Windows NT 6.1; Win64; x64) AppleWebKit/537.36 (KHTML, like Gecko) Chrome/83.0.4103.61 Safari/537.36"
205.169.39.7 - - [22/Aug/2024:00:38:41 +0000] "GET /js/main.js HTTP/1.1" 200 1392 "https://chardhamyatra.tripperhub.com/" "Mozilla/5.0 (Windows NT 10.0; Win64; x64) AppleWebKit/537.36 (KHTML, like Gecko) Chrome/117.0.5938.132 Safari/537.36"
205.169.39.7 - - [22/Aug/2024:00:38:42 +0000] "GET /fonts/icomoon/icomoona57c.ttf?srf3rx HTTP/1.1" 200 224464 "https://chardhamyatra.tripperhub.com/css/style.css" "Mozilla/5.0 (Windows NT 10.0; Win64; x64) AppleWebKit/537.36 (KHTML, like Gecko) Chrome/117.0.5938.132 Safari/537.36"
205.169.39.7 - - [22/Aug/2024:00:38:43 +0000] "GET /images/badrinath.webp HTTP/1.1" 200 5728 "https://chardhamyatra.tripperhub.com/" "Mozilla/5.0 (Windows NT 10.0; Win64; x64) AppleWebKit/537.36 (KHTML, like Gecko) Chrome/117.0.5938.132 Safari/537.36"
205.169.39.7 - - [22/Aug/2024:00:38:43 +0000] "GET /images/jagannath-puri.webp HTTP/1.1" 200 3196 "https://chardhamyatra.tripperhub.com/" "Mozilla/5.0 (Windows NT 10.0; Win64; x64) AppleWebKit/537.36 (KHTML, like Gecko) Chrome/117.0.5938.132 Safari/537.36"
205.169.39.7 - - [22/Aug/2024:00:38:43 +0000] "GET /images/dwarka.webp HTTP/1.1" 200 2798 "https://chardhamyatra.tripperhub.com/" "Mozilla/5.0 (Windows NT 10.0; Win64; x64) AppleWebKit/537.36 (KHTML, like Gecko) Chrome/117.0.5938.132 Safari/537.36"
205.169.39.7 - - [22/Aug/2024:00:38:44 +0000] "GET /images/rameshwaram.webp HTTP/1.1" 200 3798 "https://chardhamyatra.tripperhub.com/" "Mozilla/5.0 (Windows NT 10.0; Win64; x64) AppleWebKit/537.36 (KHTML, like Gecko) Chrome/117.0.5938.132 Safari/537.36"
205.169.39.7 - - [22/Aug/2024:00:38:45 +0000] "GET /galleryimg/2252569DI2A0700.jpg HTTP/1.1" 200 336911 "https://chardhamyatra.tripperhub.com/" "Mozilla/5.0 (Windows NT 10.0; Win64; x64) AppleWebKit/537.36 (KHTML, like Gecko) Chrome/117.0.5938.132 Safari/537.36"
205.169.39.7 - - [22/Aug/2024:00:38:46 +0000] "GET /images/1.jpg HTTP/1.1" 200 114176 "https://chardhamyatra.tripperhub.com/" "Mozilla/5.0 (Windows NT 10.0; Win64; x64) AppleWebKit/537.36 (KHTML, like Gecko) Chrome/117.0.5938.132 Safari/537.36"
