34.72.176.129 - - [23/Jun/2024:00:38:41 +0000] "GET /js/bootstrap-4.0.0.min.js HTTP/1.1" 200 13118 "https://chardhamyatra.tripperhub.com/" "Mozilla/5.0 (X11; Linux x86_64) AppleWebKit/537.36 (KHTML, like Gecko) HeadlessChrome/92.0.4515.159 Safari/537.36"
34.122.147.229 - - [23/Jun/2024:00:38:41 +0000] "GET /js/jquery.waypoints.min.js HTTP/1.1" 200 2714 "https://chardhamyatra.tripperhub.com/" "Mozilla/5.0 (X11; Linux x86_64) AppleWebKit/537.36 (KHTML, like Gecko) HeadlessChrome/92.0.4515.159 Safari/537.36"
34.122.147.229 - - [23/Jun/2024:00:38:41 +0000] "GET /js/sticky.js HTTP/1.1" 200 613 "https://chardhamyatra.tripperhub.com/" "Mozilla/5.0 (X11; Linux x86_64) AppleWebKit/537.36 (KHTML, like Gecko) HeadlessChrome/92.0.4515.159 Safari/537.36"
34.72.176.129 - - [23/Jun/2024:00:38:41 +0000] "GET /js/jquery.magnific-popup.min.js HTTP/1.1" 200 7598 "https://chardhamyatra.tripperhub.com/" "Mozilla/5.0 (X11; Linux x86_64) AppleWebKit/537.36 (KHTML, like Gecko) HeadlessChrome/92.0.4515.159 Safari/537.36"
34.72.176.129 - - [23/Jun/2024:00:38:41 +0000] "GET /js/bootstrap-datepicker.min.js HTTP/1.1" 200 10038 "https://chardhamyatra.tripperhub.com/" "Mozilla/5.0 (X11; Linux x86_64) AppleWebKit/537.36 (KHTML, like Gecko) HeadlessChrome/92.0.4515.159 Safari/537.36"
34.122.147.229 - - [23/Jun/2024:00:38:41 +0000] "GET /js/SmoothScroll.min.js HTTP/1.1" 200 2552 "https://chardhamyatra.tripperhub.com/" "Mozilla/5.0 (X11; Linux x86_64) AppleWebKit/537.36 (KHTML, like Gecko) HeadlessChrome/92.0.4515.159 Safari/537.36"
34.72.176.129 - - [23/Jun/2024:00:38:41 +0000] "GET /js/main.js HTTP/1.1" 200 1392 "https://chardhamyatra.tripperhub.com/" "Mozilla/5.0 (X11; Linux x86_64) AppleWebKit/537.36 (KHTML, like Gecko) HeadlessChrome/92.0.4515.159 Safari/537.36"
65.154.226.167 - - [23/Jun/2024:00:38:41 +0000] "GET / HTTP/1.1" 200 9602 "-" "Mozilla/5.0 (Windows NT 10.0; Win64; x64) AppleWebKit/537.36 (KHTML, like Gecko) Chrome/117.0.5938.132 Safari/537.36"
34.72.176.129 - - [23/Jun/2024:00:38:41 +0000] "GET /images/large/map/pexels-photo-697662.jpg HTTP/1.1" 200 168804 "https://chardhamyatra.tripperhub.com/css/style.css" "Mozilla/5.0 (X11; Linux x86_64) AppleWebKit/537.36 (KHTML, like Gecko) HeadlessChrome/92.0.4515.159 Safari/537.36"
34.72.176.129 - - [23/Jun/2024:00:38:41 +0000] "GET /galleryimg/3652474chardham4.jpeg HTTP/1.1" 200 27140 "https://chardhamyatra.tripperhub.com/" "Mozilla/5.0 (X11; Linux x86_64) AppleWebKit/537.36 (KHTML, like Gecko) HeadlessChrome/92.0.4515.159 Safari/537.36"
34.72.176.129 - - [23/Jun/2024:00:38:42 +0000] "GET /galleryimg/2252569DI2A0700.jpg HTTP/1.1" 200 336911 "https://chardhamyatra.tripperhub.com/" "Mozilla/5.0 (X11; Linux x86_64) AppleWebKit/537.36 (KHTML, like Gecko) HeadlessChrome/92.0.4515.159 Safari/537.36"
65.154.226.167 - - [23/Jun/2024:00:38:42 +0000] "GET /css/animate.css HTTP/1.1" 200 4345 "https://chardhamyatra.tripperhub.com/" "Mozilla/5.0 (Windows NT 10.0; Win64; x64) AppleWebKit/537.36 (KHTML, like Gecko) Chrome/117.0.5938.132 Safari/537.36"
65.154.226.167 - - [23/Jun/2024:00:38:42 +0000] "GET /css/icomoon.css HTTP/1.1" 200 8156 "https://chardhamyatra.tripperhub.com/" "Mozilla/5.0 (Windows NT 10.0; Win64; x64) AppleWebKit/537.36 (KHTML, like Gecko) Chrome/117.0.5938.132 Safari/537.36"
34.72.176.129 - - [23/Jun/2024:00:38:42 +0000] "GET /galleryimg/1006293chardham-yatra-2019-advance.jpg HTTP/1.1" 200 282242 "https://chardhamyatra.tripperhub.com/" "Mozilla/5.0 (X11; Linux x86_64) AppleWebKit/537.36 (KHTML, like Gecko) HeadlessChrome/92.0.4515.159 Safari/537.36"
34.72.176.129 - - [23/Jun/2024:00:38:42 +0000] "GET /images/badrinath.webp HTTP/1.1" 200 5728 "https://chardhamyatra.tripperhub.com/" "Mozilla/5.0 (X11; Linux x86_64) AppleWebKit/537.36 (KHTML, like Gecko) HeadlessChrome/92.0.4515.159 Safari/537.36"
34.72.176.129 - - [23/Jun/2024:00:38:42 +0000] "GET /galleryimg/75962172.jpg HTTP/1.1" 200 130287 "https://chardhamyatra.tripperhub.com/" "Mozilla/5.0 (X11; Linux x86_64) AppleWebKit/537.36 (KHTML, like Gecko) HeadlessChrome/92.0.4515.159 Safari/537.36"
65.154.226.167 - - [23/Jun/2024:00:38:42 +0000] "GET /css/bootstrap.min.css HTTP/1.1" 200 20576 "https://chardhamyatra.tripperhub.com/" "Mozilla/5.0 (Windows NT 10.0; Win64; x64) AppleWebKit/537.36 (KHTML, like Gecko) Chrome/117.0.5938.132 Safari/537.36"
34.72.176.129 - - [23/Jun/2024:00:38:42 +0000] "GET /images/dwarka.webp HTTP/1.1" 200 2798 "https://chardhamyatra.tripperhub.com/" "Mozilla/5.0 (X11; Linux x86_64) AppleWebKit/537.36 (KHTML, like Gecko) HeadlessChrome/92.0.4515.159 Safari/537.36"
65.154.226.167 - - [23/Jun/2024:00:38:42 +0000] "GET /css/superfish.css HTTP/1.1" 200 1007 "https://chardhamyatra.tripperhub.com/" "Mozilla/5.0 (Windows NT 10.0; Win64; x64) AppleWebKit/537.36 (KHTML, like Gecko) Chrome/117.0.5938.132 Safari/537.36"
34.72.176.129 - - [23/Jun/2024:00:38:43 +0000] "GET /images/jagannath-puri.webp HTTP/1.1" 200 3196 "https://chardhamyatra.tripperhub.com/" "Mozilla/5.0 (X11; Linux x86_64) AppleWebKit/537.36 (KHTML, like Gecko) HeadlessChrome/92.0.4515.159 Safari/537.36"
34.72.176.129 - - [23/Jun/2024:00:38:43 +0000] "GET /images/rameshwaram.webp HTTP/1.1" 200 3798 "https://chardhamyatra.tripperhub.com/" "Mozilla/5.0 (X11; Linux x86_64) AppleWebKit/537.36 (KHTML, like Gecko) HeadlessChrome/92.0.4515.159 Safari/537.36"
65.154.226.167 - - [23/Jun/2024:00:38:43 +0000] "GET /css/magnific-popup.css HTTP/1.1" 200 1948 "https://chardhamyatra.tripperhub.com/" "Mozilla/5.0 (Windows NT 10.0; Win64; x64) AppleWebKit/537.36 (KHTML, like Gecko) Chrome/117.0.5938.132 Safari/537.36"
65.154.226.167 - - [23/Jun/2024:00:38:43 +0000] "GET /css/media-query.css HTTP/1.1" 200 2666 "https://chardhamyatra.tripperhub.com/" "Mozilla/5.0 (Windows NT 10.0; Win64; x64) AppleWebKit/537.36 (KHTML, like Gecko) Chrome/117.0.5938.132 Safari/537.36"
65.154.226.167 - - [23/Jun/2024:00:38:43 +0000] "GET /css/bootstrap-datepicker.min.css HTTP/1.1" 200 2128 "https://chardhamyatra.tripperhub.com/" "Mozilla/5.0 (Windows NT 10.0; Win64; x64) AppleWebKit/537.36 (KHTML, like Gecko) Chrome/117.0.5938.132 Safari/537.36"
65.154.226.167 - - [23/Jun/2024:00:38:43 +0000] "GET /css/style.css HTTP/1.1" 200 9029 "https://chardhamyatra.tripperhub.com/" "Mozilla/5.0 (Windows NT 10.0; Win64; x64) AppleWebKit/537.36 (KHTML, like Gecko) Chrome/117.0.5938.132 Safari/537.36"
34.72.176.129 - - [23/Jun/2024:00:38:43 +0000] "GET /images/icon/bed-icon.png HTTP/1.1" 200 862 "https://chardhamyatra.tripperhub.com/css/media-query.css" "Mozilla/5.0 (X11; Linux x86_64) AppleWebKit/537.36 (KHTML, like Gecko) HeadlessChrome/92.0.4515.159 Safari/537.36"
34.72.176.129 - - [23/Jun/2024:00:38:43 +0000] "GET /images/icon/meal-icon.png HTTP/1.1" 200 987 "https://chardhamyatra.tripperhub.com/css/media-query.css" "Mozilla/5.0 (X11; Linux x86_64) AppleWebKit/537.36 (KHTML, like Gecko) HeadlessChrome/92.0.4515.159 Safari/537.36"
65.154.226.167 - - [23/Jun/2024:00:38:43 +0000] "GET /css/fonts/icomoon6029-2.html?1oniuf HTTP/1.1" 200 667 "https://chardhamyatra.tripperhub.com/css/icomoon.css" "Mozilla/5.0 (Windows NT 10.0; Win64; x64) AppleWebKit/537.36 (KHTML, like Gecko) Chrome/117.0.5938.132 Safari/537.36"
65.154.226.167 - - [23/Jun/2024:00:38:43 +0000] "GET /images/whatsapp-(2).logo.png HTTP/1.1" 200 1653 "https://chardhamyatra.tripperhub.com/" "Mozilla/5.0 (Windows NT 10.0; Win64; x64) AppleWebKit/537.36 (KHTML, like Gecko) Chrome/117.0.5938.132 Safari/537.36"
65.154.226.167 - - [23/Jun/2024:00:38:43 +0000] "GET /images/logo.png HTTP/1.1" 200 16638 "https://chardhamyatra.tripperhub.com/" "Mozilla/5.0 (Windows NT 10.0; Win64; x64) AppleWebKit/537.36 (KHTML, like Gecko) Chrome/117.0.5938.132 Safari/537.36"
65.154.226.167 - - [23/Jun/2024:00:38:43 +0000] "GET /images/instagram.png HTTP/1.1" 200 1598 "https://chardhamyatra.tripperhub.com/" "Mozilla/5.0 (Windows NT 10.0; Win64; x64) AppleWebKit/537.36 (KHTML, like Gecko) Chrome/117.0.5938.132 Safari/537.36"
65.154.226.167 - - [23/Jun/2024:00:38:43 +0000] "GET /images/facebook-logo.png HTTP/1.1" 200 1051 "https://chardhamyatra.tripperhub.com/" "Mozilla/5.0 (Windows NT 10.0; Win64; x64) AppleWebKit/537.36 (KHTML, like Gecko) Chrome/117.0.5938.132 Safari/537.36"
34.72.176.129 - - [23/Jun/2024:00:38:43 +0000] "GET /images/icon/transport-icon.png HTTP/1.1" 200 507 "https://chardhamyatra.tripperhub.com/css/media-query.css" "Mozilla/5.0 (X11; Linux x86_64) AppleWebKit/537.36 (KHTML, like Gecko) HeadlessChrome/92.0.4515.159 Safari/537.36"
34.72.176.129 - - [23/Jun/2024:00:38:43 +0000] "GET /images/icon/sightseeing-icon.png HTTP/1.1" 200 1238 "https://chardhamyatra.tripperhub.com/css/media-query.css" "Mozilla/5.0 (X11; Linux x86_64) AppleWebKit/537.36 (KHTML, like Gecko) HeadlessChrome/92.0.4515.159 Safari/537.36"
65.154.226.167 - - [23/Jun/2024:00:38:43 +0000] "GET /images/conatct_logo.png HTTP/1.1" 200 1020 "https://chardhamyatra.tripperhub.com/" "Mozilla/5.0 (Windows NT 10.0; Win64; x64) AppleWebKit/537.36 (KHTML, like Gecko) Chrome/117.0.5938.132 Safari/537.36"
65.154.226.167 - - [23/Jun/2024:00:38:43 +0000] "GET /css/fonts/icomoon6029-3.html?1oniuf HTTP/1.1" 200 667 "https://chardhamyatra.tripperhub.com/css/icomoon.css" "Mozilla/5.0 (Windows NT 10.0; Win64; x64) AppleWebKit/537.36 (KHTML, like Gecko) Chrome/117.0.5938.132 Safari/537.36"
34.72.176.129 - - [23/Jun/2024:00:38:43 +0000] "GET /images/2.jpg HTTP/1.1" 200 130287 "https://chardhamyatra.tripperhub.com/" "Mozilla/5.0 (X11; Linux x86_64) AppleWebKit/537.36 (KHTML, like Gecko) HeadlessChrome/92.0.4515.159 Safari/537.36"
104.197.69.115 - - [23/Jun/2024:00:38:43 +0000] "GET /galleryimg/2995104kedarnath2.jpg HTTP/1.1" 200 202272 "https://chardhamyatra.tripperhub.com/" "Mozilla/5.0 (X11; Linux x86_64) AppleWebKit/537.36 (KHTML, like Gecko) HeadlessChrome/92.0.4515.159 Safari/537.36"
65.154.226.167 - - [23/Jun/2024:00:38:43 +0000] "GET /styles.css HTTP/1.1" 200 50865 "https://chardhamyatra.tripperhub.com/" "Mozilla/5.0 (Windows NT 10.0; Win64; x64) AppleWebKit/537.36 (KHTML, like Gecko) Chrome/117.0.5938.132 Safari/537.36"
65.154.226.167 - - [23/Jun/2024:00:38:44 +0000] "GET /js/modernizr-3.6.0.min.js HTTP/1.1" 200 6247 "https://chardhamyatra.tripperhub.com/" "Mozilla/5.0 (Windows NT 10.0; Win64; x64) AppleWebKit/537.36 (KHTML, like Gecko) Chrome/117.0.5938.132 Safari/537.36"
34.72.176.129 - - [23/Jun/2024:00:38:44 +0000] "GET /images/1.jpg HTTP/1.1" 200 2630065 "https://chardhamyatra.tripperhub.com/" "Mozilla/5.0 (X11; Linux x86_64) AppleWebKit/537.36 (KHTML, like Gecko) HeadlessChrome/92.0.4515.159 Safari/537.36"
65.154.226.167 - - [23/Jun/2024:00:38:44 +0000] "GET /galleryimg/3652474chardham4.jpeg HTTP/1.1" 200 27140 "https://chardhamyatra.tripperhub.com/" "Mozilla/5.0 (Windows NT 10.0; Win64; x64) AppleWebKit/537.36 (KHTML, like Gecko) Chrome/117.0.5938.132 Safari/537.36"
34.72.176.129 - - [23/Jun/2024:00:38:44 +0000] "GET /images/4.jpg HTTP/1.1" 200 472205 "https://chardhamyatra.tripperhub.com/" "Mozilla/5.0 (X11; Linux x86_64) AppleWebKit/537.36 (KHTML, like Gecko) HeadlessChrome/92.0.4515.159 Safari/537.36"
34.122.147.229 - - [23/Jun/2024:00:38:44 +0000] "GET /galleryimg/9071285pkg376-0.jpg HTTP/1.1" 200 179386 "https://chardhamyatra.tripperhub.com/" "Mozilla/5.0 (X11; Linux x86_64) AppleWebKit/537.36 (KHTML, like Gecko) HeadlessChrome/92.0.4515.159 Safari/537.36"
34.122.147.229 - - [23/Jun/2024:00:38:44 +0000] "GET /fonts/icomoon/icomoona57c.ttf?srf3rx HTTP/1.1" 200 224464 "https://chardhamyatra.tripperhub.com/css/style.css" "Mozilla/5.0 (X11; Linux x86_64) AppleWebKit/537.36 (KHTML, like Gecko) HeadlessChrome/92.0.4515.159 Safari/537.36"
34.72.176.129 - - [23/Jun/2024:00:38:44 +0000] "GET /images/large/rock/pexels-photo-749090.jpg HTTP/1.1" 200 1024312 "https://chardhamyatra.tripperhub.com/" "Mozilla/5.0 (X11; Linux x86_64) AppleWebKit/537.36 (KHTML, like Gecko) HeadlessChrome/92.0.4515.159 Safari/537.36"
65.154.226.167 - - [23/Jun/2024:00:38:44 +0000] "GET /js/jquery-3.3.1.min.js HTTP/1.1" 200 30364 "https://chardhamyatra.tripperhub.com/" "Mozilla/5.0 (Windows NT 10.0; Win64; x64) AppleWebKit/537.36 (KHTML, like Gecko) Chrome/117.0.5938.132 Safari/537.36"
23.162.40.83 - - [23/Jun/2024:00:38:44 +0000] "GET / HTTP/1.1" 200 9602 "-" "Mozilla/5.0 (Windows NT 10.0; Win64; x64) AppleWebKit/537.36 (KHTML, like Gecko) Chrome/110.0.0.0 Safari/537.36"
205.169.39.115 - - [23/Jun/2024:00:38:44 +0000] "GET / HTTP/1.1" 301 245 "-" "Mozilla/5.0 (Windows NT 6.1; Win64; x64) AppleWebKit/537.36 (KHTML, like Gecko) Chrome/83.0.4103.61 Safari/537.36"
23.162.40.83 - - [23/Jun/2024:00:38:45 +0000] "GET /favicon.ico HTTP/1.1" 404 196 "-" "Mozilla/5.0 (Windows NT 10.0; Win64; x64) AppleWebKit/537.36 (KHTML, like Gecko) Chrome/110.0.0.0 Safari/537.36"
65.154.226.167 - - [23/Jun/2024:00:38:45 +0000] "GET /galleryimg/75962172.jpg HTTP/1.1" 200 130287 "https://chardhamyatra.tripperhub.com/" "Mozilla/5.0 (Windows NT 10.0; Win64; x64) AppleWebKit/537.36 (KHTML, like Gecko) Chrome/117.0.5938.132 Safari/537.36"
65.154.226.167 - - [23/Jun/2024:00:38:45 +0000] "GET /js/migrate.min.js HTTP/1.1" 200 2734 "https://chardhamyatra.tripperhub.com/" "Mozilla/5.0 (Windows NT 10.0; Win64; x64) AppleWebKit/537.36 (KHTML, like Gecko) Chrome/117.0.5938.132 Safari/537.36"
65.154.226.167 - - [23/Jun/2024:00:38:46 +0000] "GET /js/jquery.stellar.min.js HTTP/1.1" 200 3410 "https://chardhamyatra.tripperhub.com/" "Mozilla/5.0 (Windows NT 10.0; Win64; x64) AppleWebKit/537.36 (KHTML, like Gecko) Chrome/117.0.5938.132 Safari/537.36"
65.154.226.167 - - [23/Jun/2024:00:38:46 +0000] "GET /js/bootstrap-4.0.0.min.js HTTP/1.1" 200 13118 "https://chardhamyatra.tripperhub.com/" "Mozilla/5.0 (Windows NT 10.0; Win64; x64) AppleWebKit/537.36 (KHTML, like Gecko) Chrome/117.0.5938.132 Safari/537.36"
65.154.226.167 - - [23/Jun/2024:00:38:46 +0000] "GET /images/large/map/pexels-photo-697662.jpg HTTP/1.1" 200 168804 "https://chardhamyatra.tripperhub.com/css/style.css" "Mozilla/5.0 (Windows NT 10.0; Win64; x64) AppleWebKit/537.36 (KHTML, like Gecko) Chrome/117.0.5938.132 Safari/537.36"
65.154.226.167 - - [23/Jun/2024:00:38:46 +0000] "GET /galleryimg/9071285pkg376-0.jpg HTTP/1.1" 200 179386 "https://chardhamyatra.tripperhub.com/" "Mozilla/5.0 (Windows NT 10.0; Win64; x64) AppleWebKit/537.36 (KHTML, like Gecko) Chrome/117.0.5938.132 Safari/537.36"
65.154.226.167 - - [23/Jun/2024:00:38:46 +0000] "GET /js/jquery.waypoints.min.js HTTP/1.1" 200 2714 "https://chardhamyatra.tripperhub.com/" "Mozilla/5.0 (Windows NT 10.0; Win64; x64) AppleWebKit/537.36 (KHTML, like Gecko) Chrome/117.0.5938.132 Safari/537.36"
65.154.226.167 - - [23/Jun/2024:00:38:47 +0000] "GET /js/sticky.js HTTP/1.1" 200 613 "https://chardhamyatra.tripperhub.com/" "Mozilla/5.0 (Windows NT 10.0; Win64; x64) AppleWebKit/537.36 (KHTML, like Gecko) Chrome/117.0.5938.132 Safari/537.36"
34.72.176.129 - - [23/Jun/2024:00:38:47 +0000] "GET /images/3.jpg HTTP/1.1" 200 313075 "https://chardhamyatra.tripperhub.com/" "Mozilla/5.0 (X11; Linux x86_64) AppleWebKit/537.36 (KHTML, like Gecko) HeadlessChrome/92.0.4515.159 Safari/537.36"
65.154.226.167 - - [23/Jun/2024:00:38:47 +0000] "GET /js/jquery.magnific-popup.min.js HTTP/1.1" 200 7598 "https://chardhamyatra.tripperhub.com/" "Mozilla/5.0 (Windows NT 10.0; Win64; x64) AppleWebKit/537.36 (KHTML, like Gecko) Chrome/117.0.5938.132 Safari/537.36"
65.154.226.167 - - [23/Jun/2024:00:38:47 +0000] "GET /js/bootstrap-datepicker.min.js HTTP/1.1" 200 10038 "https://chardhamyatra.tripperhub.com/" "Mozilla/5.0 (Windows NT 10.0; Win64; x64) AppleWebKit/537.36 (KHTML, like Gecko) Chrome/117.0.5938.132 Safari/537.36"
65.154.226.167 - - [23/Jun/2024:00:38:47 +0000] "GET /galleryimg/2995104kedarnath2.jpg HTTP/1.1" 200 202272 "https://chardhamyatra.tripperhub.com/" "Mozilla/5.0 (Windows NT 10.0; Win64; x64) AppleWebKit/537.36 (KHTML, like Gecko) Chrome/117.0.5938.132 Safari/537.36"
65.154.226.167 - - [23/Jun/2024:00:38:48 +0000] "GET /js/SmoothScroll.min.js HTTP/1.1" 200 2552 "https://chardhamyatra.tripperhub.com/" "Mozilla/5.0 (Windows NT 10.0; Win64; x64) AppleWebKit/537.36 (KHTML, like Gecko) Chrome/117.0.5938.132 Safari/537.36"
65.154.226.167 - - [23/Jun/2024:00:38:48 +0000] "GET /js/main.js HTTP/1.1" 200 1392 "https://chardhamyatra.tripperhub.com/" "Mozilla/5.0 (Windows NT 10.0; Win64; x64) AppleWebKit/537.36 (KHTML, like Gecko) Chrome/117.0.5938.132 Safari/537.36"
65.154.226.167 - - [23/Jun/2024:00:38:48 +0000] "GET /images/dwarka.webp HTTP/1.1" 200 2798 "https://chardhamyatra.tripperhub.com/" "Mozilla/5.0 (Windows NT 10.0; Win64; x64) AppleWebKit/537.36 (KHTML, like Gecko) Chrome/117.0.5938.132 Safari/537.36"
65.154.226.167 - - [23/Jun/2024:00:38:48 +0000] "GET /images/badrinath.webp HTTP/1.1" 200 5728 "https://chardhamyatra.tripperhub.com/" "Mozilla/5.0 (Windows NT 10.0; Win64; x64) AppleWebKit/537.36 (KHTML, like Gecko) Chrome/117.0.5938.132 Safari/537.36"
65.154.226.167 - - [23/Jun/2024:00:38:48 +0000] "GET /images/jagannath-puri.webp HTTP/1.1" 200 3196 "https://chardhamyatra.tripperhub.com/" "Mozilla/5.0 (Windows NT 10.0; Win64; x64) AppleWebKit/537.36 (KHTML, like Gecko) Chrome/117.0.5938.132 Safari/537.36"
65.154.226.167 - - [23/Jun/2024:00:38:48 +0000] "GET /fonts/icomoon/icomoona57c.ttf?srf3rx HTTP/1.1" 200 224464 "https://chardhamyatra.tripperhub.com/css/style.css" "Mozilla/5.0 (Windows NT 10.0; Win64; x64) AppleWebKit/537.36 (KHTML, like Gecko) Chrome/117.0.5938.132 Safari/537.36"
205.169.39.115 - - [23/Jun/2024:00:38:48 +0000] "GET / HTTP/1.1" 200 9555 "-" "Mozilla/5.0 (Windows NT 6.1; Win64; x64) AppleWebKit/537.36 (KHTML, like Gecko) Chrome/83.0.4103.61 Safari/537.36"
65.154.226.167 - - [23/Jun/2024:00:38:48 +0000] "GET /images/rameshwaram.webp HTTP/1.1" 200 3798 "https://chardhamyatra.tripperhub.com/" "Mozilla/5.0 (Windows NT 10.0; Win64; x64) AppleWebKit/537.36 (KHTML, like Gecko) Chrome/117.0.5938.132 Safari/537.36"
205.169.39.115 - - [23/Jun/2024:00:38:49 +0000] "GET /js/modernizr-3.6.0.min.js HTTP/1.1" 200 6247 "https://chardhamyatra.tripperhub.com/" "Mozilla/5.0 (Windows NT 6.1; Win64; x64) AppleWebKit/537.36 (KHTML, like Gecko) Chrome/83.0.4103.61 Safari/537.36"
205.169.39.115 - - [23/Jun/2024:00:38:49 +0000] "GET /js/jquery-3.3.1.min.js HTTP/1.1" 200 30364 "https://chardhamyatra.tripperhub.com/" "Mozilla/5.0 (Windows NT 6.1; Win64; x64) AppleWebKit/537.36 (KHTML, like Gecko) Chrome/83.0.4103.61 Safari/537.36"
205.169.39.115 - - [23/Jun/2024:00:38:49 +0000] "GET /js/migrate.min.js HTTP/1.1" 200 2734 "https://chardhamyatra.tripperhub.com/" "Mozilla/5.0 (Windows NT 6.1; Win64; x64) AppleWebKit/537.36 (KHTML, like Gecko) Chrome/83.0.4103.61 Safari/537.36"
205.169.39.115 - - [23/Jun/2024:00:38:50 +0000] "GET /js/jquery.stellar.min.js HTTP/1.1" 200 3410 "https://chardhamyatra.tripperhub.com/" "Mozilla/5.0 (Windows NT 6.1; Win64; x64) AppleWebKit/537.36 (KHTML, like Gecko) Chrome/83.0.4103.61 Safari/537.36"
65.154.226.167 - - [23/Jun/2024:00:38:50 +0000] "GET /images/2.jpg HTTP/1.1" 200 130287 "https://chardhamyatra.tripperhub.com/" "Mozilla/5.0 (Windows NT 10.0; Win64; x64) AppleWebKit/537.36 (KHTML, like Gecko) Chrome/117.0.5938.132 Safari/537.36"
205.169.39.115 - - [23/Jun/2024:00:38:50 +0000] "GET /js/bootstrap-4.0.0.min.js HTTP/1.1" 200 13118 "https://chardhamyatra.tripperhub.com/" "Mozilla/5.0 (Windows NT 6.1; Win64; x64) AppleWebKit/537.36 (KHTML, like Gecko) Chrome/83.0.4103.61 Safari/537.36"
205.169.39.115 - - [23/Jun/2024:00:38:50 +0000] "GET /js/jquery.waypoints.min.js HTTP/1.1" 200 2714 "https://chardhamyatra.tripperhub.com/" "Mozilla/5.0 (Windows NT 6.1; Win64; x64) AppleWebKit/537.36 (KHTML, like Gecko) Chrome/83.0.4103.61 Safari/537.36"
205.169.39.115 - - [23/Jun/2024:00:38:51 +0000] "GET /js/sticky.js HTTP/1.1" 200 613 "https://chardhamyatra.tripperhub.com/" "Mozilla/5.0 (Windows NT 6.1; Win64; x64) AppleWebKit/537.36 (KHTML, like Gecko) Chrome/83.0.4103.61 Safari/537.36"
205.169.39.115 - - [23/Jun/2024:00:38:51 +0000] "GET /js/jquery.magnific-popup.min.js HTTP/1.1" 200 7598 "https://chardhamyatra.tripperhub.com/" "Mozilla/5.0 (Windows NT 6.1; Win64; x64) AppleWebKit/537.36 (KHTML, like Gecko) Chrome/83.0.4103.61 Safari/537.36"
205.169.39.115 - - [23/Jun/2024:00:38:51 +0000] "GET /js/bootstrap-datepicker.min.js HTTP/1.1" 200 10038 "https://chardhamyatra.tripperhub.com/" "Mozilla/5.0 (Windows NT 6.1; Win64; x64) AppleWebKit/537.36 (KHTML, like Gecko) Chrome/83.0.4103.61 Safari/537.36"
65.154.226.167 - - [23/Jun/2024:00:38:51 +0000] "GET /galleryimg/1006293chardham-yatra-2019-advance.jpg HTTP/1.1" 200 282242 "https://chardhamyatra.tripperhub.com/" "Mozilla/5.0 (Windows NT 10.0; Win64; x64) AppleWebKit/537.36 (KHTML, like Gecko) Chrome/117.0.5938.132 Safari/537.36"
205.169.39.115 - - [23/Jun/2024:00:38:51 +0000] "GET /js/SmoothScroll.min.js HTTP/1.1" 200 2552 "https://chardhamyatra.tripperhub.com/" "Mozilla/5.0 (Windows NT 6.1; Win64; x64) AppleWebKit/537.36 (KHTML, like Gecko) Chrome/83.0.4103.61 Safari/537.36"
205.169.39.115 - - [23/Jun/2024:00:38:52 +0000] "GET /js/main.js HTTP/1.1" 200 1392 "https://chardhamyatra.tripperhub.com/" "Mozilla/5.0 (Windows NT 6.1; Win64; x64) AppleWebKit/537.36 (KHTML, like Gecko) Chrome/83.0.4103.61 Safari/537.36"
65.154.226.167 - - [23/Jun/2024:00:38:52 +0000] "GET /images/icon/bed-icon.png HTTP/1.1" 200 862 "https://chardhamyatra.tripperhub.com/css/style.css" "Mozilla/5.0 (Windows NT 10.0; Win64; x64) AppleWebKit/537.36 (KHTML, like Gecko) Chrome/117.0.5938.132 Safari/537.36"
65.154.226.167 - - [23/Jun/2024:00:38:52 +0000] "GET /galleryimg/2252569DI2A0700.jpg HTTP/1.1" 200 336911 "https://chardhamyatra.tripperhub.com/" "Mozilla/5.0 (Windows NT 10.0; Win64; x64) AppleWebKit/537.36 (KHTML, like Gecko) Chrome/117.0.5938.132 Safari/537.36"
65.154.226.167 - - [23/Jun/2024:00:38:52 +0000] "GET /images/icon/meal-icon.png HTTP/1.1" 200 987 "https://chardhamyatra.tripperhub.com/css/style.css" "Mozilla/5.0 (Windows NT 10.0; Win64; x64) AppleWebKit/537.36 (KHTML, like Gecko) Chrome/117.0.5938.132 Safari/537.36"
65.154.226.167 - - [23/Jun/2024:00:38:52 +0000] "GET /images/icon/transport-icon.png HTTP/1.1" 200 507 "https://chardhamyatra.tripperhub.com/css/style.css" "Mozilla/5.0 (Windows NT 10.0; Win64; x64) AppleWebKit/537.36 (KHTML, like Gecko) Chrome/117.0.5938.132 Safari/537.36"
65.154.226.167 - - [23/Jun/2024:00:38:53 +0000] "GET /images/icon/sightseeing-icon.png HTTP/1.1" 200 1238 "https://chardhamyatra.tripperhub.com/css/style.css" "Mozilla/5.0 (Windows NT 10.0; Win64; x64) AppleWebKit/537.36 (KHTML, like Gecko) Chrome/117.0.5938.132 Safari/537.36"
65.154.226.167 - - [23/Jun/2024:00:38:53 +0000] "GET /images/3.jpg HTTP/1.1" 200 313075 "https://chardhamyatra.tripperhub.com/" "Mozilla/5.0 (Windows NT 10.0; Win64; x64) AppleWebKit/537.36 (KHTML, like Gecko) Chrome/117.0.5938.132 Safari/537.36"
65.154.226.167 - - [23/Jun/2024:00:38:54 +0000] "GET /images/4.jpg HTTP/1.1" 200 130561 "https://chardhamyatra.tripperhub.com/" "Mozilla/5.0 (Windows NT 10.0; Win64; x64) AppleWebKit/537.36 (KHTML, like Gecko) Chrome/117.0.5938.132 Safari/537.36"
65.154.226.167 - - [23/Jun/2024:00:38:54 +0000] "GET /images/large/rock/pexels-photo-749090.jpg HTTP/1.1" 200 196097 "https://chardhamyatra.tripperhub.com/" "Mozilla/5.0 (Windows NT 10.0; Win64; x64) AppleWebKit/537.36 (KHTML, like Gecko) Chrome/117.0.5938.132 Safari/537.36"
65.154.226.167 - - [23/Jun/2024:00:38:54 +0000] "GET /images/1.jpg HTTP/1.1" 200 245248 "https://chardhamyatra.tripperhub.com/" "Mozilla/5.0 (Windows NT 10.0; Win64; x64) AppleWebKit/537.36 (KHTML, like Gecko) Chrome/117.0.5938.132 Safari/537.36"
205.169.39.115 - - [23/Jun/2024:00:38:56 +0000] "GET / HTTP/1.1" 301 245 "-" "Mozilla/5.0 (Windows NT 10.0; Win64; x64) AppleWebKit/537.36 (KHTML, like Gecko) Chrome/79.0.3945.79 Safari/537.36"
205.169.39.115 - - [23/Jun/2024:00:38:56 +0000] "GET / HTTP/1.1" 200 9552 "-" "Mozilla/5.0 (Windows NT 10.0; Win64; x64) AppleWebKit/537.36 (KHTML, like Gecko) Chrome/79.0.3945.79 Safari/537.36"
205.169.39.115 - - [23/Jun/2024:00:38:57 +0000] "GET /css/animate.css HTTP/1.1" 200 4345 "https://chardhamyatra.tripperhub.com/" "Mozilla/5.0 (Windows NT 10.0; Win64; x64) AppleWebKit/537.36 (KHTML, like Gecko) Chrome/79.0.3945.79 Safari/537.36"
205.169.39.115 - - [23/Jun/2024:00:38:57 +0000] "GET /css/icomoon.css HTTP/1.1" 200 8156 "https://chardhamyatra.tripperhub.com/" "Mozilla/5.0 (Windows NT 10.0; Win64; x64) AppleWebKit/537.36 (KHTML, like Gecko) Chrome/79.0.3945.79 Safari/537.36"
205.169.39.115 - - [23/Jun/2024:00:38:57 +0000] "GET /css/superfish.css HTTP/1.1" 200 1007 "https://chardhamyatra.tripperhub.com/" "Mozilla/5.0 (Windows NT 10.0; Win64; x64) AppleWebKit/537.36 (KHTML, like Gecko) Chrome/79.0.3945.79 Safari/537.36"
205.169.39.115 - - [23/Jun/2024:00:38:57 +0000] "GET /css/bootstrap.min.css HTTP/1.1" 200 20576 "https://chardhamyatra.tripperhub.com/" "Mozilla/5.0 (Windows NT 10.0; Win64; x64) AppleWebKit/537.36 (KHTML, like Gecko) Chrome/79.0.3945.79 Safari/537.36"
205.169.39.115 - - [23/Jun/2024:00:38:57 +0000] "GET /css/magnific-popup.css HTTP/1.1" 200 1948 "https://chardhamyatra.tripperhub.com/" "Mozilla/5.0 (Windows NT 10.0; Win64; x64) AppleWebKit/537.36 (KHTML, like Gecko) Chrome/79.0.3945.79 Safari/537.36"
205.169.39.115 - - [23/Jun/2024:00:38:57 +0000] "GET /css/bootstrap-datepicker.min.css HTTP/1.1" 200 2128 "https://chardhamyatra.tripperhub.com/" "Mozilla/5.0 (Windows NT 10.0; Win64; x64) AppleWebKit/537.36 (KHTML, like Gecko) Chrome/79.0.3945.79 Safari/537.36"
205.169.39.115 - - [23/Jun/2024:00:38:57 +0000] "GET /css/style.css HTTP/1.1" 200 9029 "https://chardhamyatra.tripperhub.com/" "Mozilla/5.0 (Windows NT 10.0; Win64; x64) AppleWebKit/537.36 (KHTML, like Gecko) Chrome/79.0.3945.79 Safari/537.36"
205.169.39.115 - - [23/Jun/2024:00:38:57 +0000] "GET /css/media-query.css HTTP/1.1" 200 2666 "https://chardhamyatra.tripperhub.com/" "Mozilla/5.0 (Windows NT 10.0; Win64; x64) AppleWebKit/537.36 (KHTML, like Gecko) Chrome/79.0.3945.79 Safari/537.36"
205.169.39.115 - - [23/Jun/2024:00:38:57 +0000] "GET /js/jquery-3.3.1.min.js HTTP/1.1" 200 30364 "https://chardhamyatra.tripperhub.com/" "Mozilla/5.0 (Windows NT 10.0; Win64; x64) AppleWebKit/537.36 (KHTML, like Gecko) Chrome/79.0.3945.79 Safari/537.36"
205.169.39.115 - - [23/Jun/2024:00:38:57 +0000] "GET /js/modernizr-3.6.0.min.js HTTP/1.1" 200 6247 "https://chardhamyatra.tripperhub.com/" "Mozilla/5.0 (Windows NT 10.0; Win64; x64) AppleWebKit/537.36 (KHTML, like Gecko) Chrome/79.0.3945.79 Safari/537.36"
205.169.39.115 - - [23/Jun/2024:00:38:57 +0000] "GET /js/migrate.min.js HTTP/1.1" 200 2734 "https://chardhamyatra.tripperhub.com/" "Mozilla/5.0 (Windows NT 10.0; Win64; x64) AppleWebKit/537.36 (KHTML, like Gecko) Chrome/79.0.3945.79 Safari/537.36"
205.169.39.115 - - [23/Jun/2024:00:38:58 +0000] "GET /js/jquery.stellar.min.js HTTP/1.1" 200 3410 "https://chardhamyatra.tripperhub.com/" "Mozilla/5.0 (Windows NT 10.0; Win64; x64) AppleWebKit/537.36 (KHTML, like Gecko) Chrome/79.0.3945.79 Safari/537.36"
205.169.39.115 - - [23/Jun/2024:00:38:58 +0000] "GET /js/bootstrap-4.0.0.min.js HTTP/1.1" 200 13118 "https://chardhamyatra.tripperhub.com/" "Mozilla/5.0 (Windows NT 10.0; Win64; x64) AppleWebKit/537.36 (KHTML, like Gecko) Chrome/79.0.3945.79 Safari/537.36"
205.169.39.115 - - [23/Jun/2024:00:38:58 +0000] "GET /js/jquery.waypoints.min.js HTTP/1.1" 200 2714 "https://chardhamyatra.tripperhub.com/" "Mozilla/5.0 (Windows NT 10.0; Win64; x64) AppleWebKit/537.36 (KHTML, like Gecko) Chrome/79.0.3945.79 Safari/537.36"
205.169.39.115 - - [23/Jun/2024:00:38:58 +0000] "GET /js/sticky.js HTTP/1.1" 200 613 "https://chardhamyatra.tripperhub.com/" "Mozilla/5.0 (Windows NT 10.0; Win64; x64) AppleWebKit/537.36 (KHTML, like Gecko) Chrome/79.0.3945.79 Safari/537.36"
205.169.39.115 - - [23/Jun/2024:00:38:58 +0000] "GET /js/jquery.magnific-popup.min.js HTTP/1.1" 200 7598 "https://chardhamyatra.tripperhub.com/" "Mozilla/5.0 (Windows NT 10.0; Win64; x64) AppleWebKit/537.36 (KHTML, like Gecko) Chrome/79.0.3945.79 Safari/537.36"
205.169.39.115 - - [23/Jun/2024:00:38:58 +0000] "GET /js/bootstrap-datepicker.min.js HTTP/1.1" 200 10038 "https://chardhamyatra.tripperhub.com/" "Mozilla/5.0 (Windows NT 10.0; Win64; x64) AppleWebKit/537.36 (KHTML, like Gecko) Chrome/79.0.3945.79 Safari/537.36"
205.169.39.115 - - [23/Jun/2024:00:38:58 +0000] "GET /styles.css HTTP/1.1" 200 50865 "https://chardhamyatra.tripperhub.com/" "Mozilla/5.0 (Windows NT 10.0; Win64; x64) AppleWebKit/537.36 (KHTML, like Gecko) Chrome/79.0.3945.79 Safari/537.36"
205.169.39.115 - - [23/Jun/2024:00:38:58 +0000] "GET /js/SmoothScroll.min.js HTTP/1.1" 200 2552 "https://chardhamyatra.tripperhub.com/" "Mozilla/5.0 (Windows NT 10.0; Win64; x64) AppleWebKit/537.36 (KHTML, like Gecko) Chrome/79.0.3945.79 Safari/537.36"
205.169.39.115 - - [23/Jun/2024:00:38:58 +0000] "GET /js/main.js HTTP/1.1" 200 1392 "https://chardhamyatra.tripperhub.com/" "Mozilla/5.0 (Windows NT 10.0; Win64; x64) AppleWebKit/537.36 (KHTML, like Gecko) Chrome/79.0.3945.79 Safari/537.36"
205.169.39.115 - - [23/Jun/2024:00:38:58 +0000] "GET /images/facebook-logo.png HTTP/1.1" 200 1051 "https://chardhamyatra.tripperhub.com/" "Mozilla/5.0 (Windows NT 10.0; Win64; x64) AppleWebKit/537.36 (KHTML, like Gecko) Chrome/79.0.3945.79 Safari/537.36"
205.169.39.115 - - [23/Jun/2024:00:38:58 +0000] "GET /images/instagram.png HTTP/1.1" 200 1598 "https://chardhamyatra.tripperhub.com/" "Mozilla/5.0 (Windows NT 10.0; Win64; x64) AppleWebKit/537.36 (KHTML, like Gecko) Chrome/79.0.3945.79 Safari/537.36"
205.169.39.115 - - [23/Jun/2024:00:38:58 +0000] "GET /images/whatsapp-(2).logo.png HTTP/1.1" 200 1653 "https://chardhamyatra.tripperhub.com/" "Mozilla/5.0 (Windows NT 10.0; Win64; x64) AppleWebKit/537.36 (KHTML, like Gecko) Chrome/79.0.3945.79 Safari/537.36"
205.169.39.115 - - [23/Jun/2024:00:38:58 +0000] "GET /images/conatct_logo.png HTTP/1.1" 200 1020 "https://chardhamyatra.tripperhub.com/" "Mozilla/5.0 (Windows NT 10.0; Win64; x64) AppleWebKit/537.36 (KHTML, like Gecko) Chrome/79.0.3945.79 Safari/537.36"
205.169.39.115 - - [23/Jun/2024:00:38:58 +0000] "GET /images/logo.png HTTP/1.1" 200 16638 "https://chardhamyatra.tripperhub.com/" "Mozilla/5.0 (Windows NT 10.0; Win64; x64) AppleWebKit/537.36 (KHTML, like Gecko) Chrome/79.0.3945.79 Safari/537.36"
205.169.39.115 - - [23/Jun/2024:00:38:59 +0000] "GET /galleryimg/3652474chardham4.jpeg HTTP/1.1" 200 27140 "https://chardhamyatra.tripperhub.com/" "Mozilla/5.0 (Windows NT 10.0; Win64; x64) AppleWebKit/537.36 (KHTML, like Gecko) Chrome/79.0.3945.79 Safari/537.36"
205.169.39.115 - - [23/Jun/2024:00:38:59 +0000] "GET /galleryimg/75962172.jpg HTTP/1.1" 200 130287 "https://chardhamyatra.tripperhub.com/" "Mozilla/5.0 (Windows NT 10.0; Win64; x64) AppleWebKit/537.36 (KHTML, like Gecko) Chrome/79.0.3945.79 Safari/537.36"
205.169.39.115 - - [23/Jun/2024:00:38:59 +0000] "GET /galleryimg/9071285pkg376-0.jpg HTTP/1.1" 200 179386 "https://chardhamyatra.tripperhub.com/" "Mozilla/5.0 (Windows NT 10.0; Win64; x64) AppleWebKit/537.36 (KHTML, like Gecko) Chrome/79.0.3945.79 Safari/537.36"
205.169.39.115 - - [23/Jun/2024:00:38:59 +0000] "GET /galleryimg/2995104kedarnath2.jpg HTTP/1.1" 200 202272 "https://chardhamyatra.tripperhub.com/" "Mozilla/5.0 (Windows NT 10.0; Win64; x64) AppleWebKit/537.36 (KHTML, like Gecko) Chrome/79.0.3945.79 Safari/537.36"
205.169.39.115 - - [23/Jun/2024:00:38:59 +0000] "GET /galleryimg/2252569DI2A0700.jpg HTTP/1.1" 200 336911 "https://chardhamyatra.tripperhub.com/" "Mozilla/5.0 (Windows NT 10.0; Win64; x64) AppleWebKit/537.36 (KHTML, like Gecko) Chrome/79.0.3945.79 Safari/537.36"
205.169.39.115 - - [23/Jun/2024:00:38:59 +0000] "GET /galleryimg/1006293chardham-yatra-2019-advance.jpg HTTP/1.1" 200 282242 "https://chardhamyatra.tripperhub.com/" "Mozilla/5.0 (Windows NT 10.0; Win64; x64) AppleWebKit/537.36 (KHTML, like Gecko) Chrome/79.0.3945.79 Safari/537.36"
205.169.39.115 - - [23/Jun/2024:00:38:59 +0000] "GET /images/large/map/pexels-photo-697662.jpg HTTP/1.1" 200 168804 "https://chardhamyatra.tripperhub.com/css/style.css" "Mozilla/5.0 (Windows NT 10.0; Win64; x64) AppleWebKit/537.36 (KHTML, like Gecko) Chrome/79.0.3945.79 Safari/537.36"
205.169.39.115 - - [23/Jun/2024:00:38:59 +0000] "GET /images/badrinath.webp HTTP/1.1" 200 5728 "https://chardhamyatra.tripperhub.com/" "Mozilla/5.0 (Windows NT 10.0; Win64; x64) AppleWebKit/537.36 (KHTML, like Gecko) Chrome/79.0.3945.79 Safari/537.36"
205.169.39.115 - - [23/Jun/2024:00:39:00 +0000] "GET /images/dwarka.webp HTTP/1.1" 200 2798 "https://chardhamyatra.tripperhub.com/" "Mozilla/5.0 (Windows NT 10.0; Win64; x64) AppleWebKit/537.36 (KHTML, like Gecko) Chrome/79.0.3945.79 Safari/537.36"
34.72.176.129 - - [23/Jun/2024:00:39:00 +0000] "GET /images/icon/bed-icon.png HTTP/1.1" 200 862 "https://chardhamyatra.tripperhub.com/css/style.css" "Mozilla/5.0 (X11; Linux x86_64) AppleWebKit/537.36 (KHTML, like Gecko) HeadlessChrome/92.0.4515.159 Safari/537.36"
34.122.147.229 - - [23/Jun/2024:00:39:00 +0000] "GET /images/icon/transport-icon.png HTTP/1.1" 200 507 "https://chardhamyatra.tripperhub.com/css/style.css" "Mozilla/5.0 (X11; Linux x86_64) AppleWebKit/537.36 (KHTML, like Gecko) HeadlessChrome/92.0.4515.159 Safari/537.36"
34.122.147.229 - - [23/Jun/2024:00:39:00 +0000] "GET /images/icon/meal-icon.png HTTP/1.1" 200 987 "https://chardhamyatra.tripperhub.com/css/style.css" "Mozilla/5.0 (X11; Linux x86_64) AppleWebKit/537.36 (KHTML, like Gecko) HeadlessChrome/92.0.4515.159 Safari/537.36"
34.72.176.129 - - [23/Jun/2024:00:39:00 +0000] "GET /images/icon/sightseeing-icon.png HTTP/1.1" 200 1238 "https://chardhamyatra.tripperhub.com/css/style.css" "Mozilla/5.0 (X11; Linux x86_64) AppleWebKit/537.36 (KHTML, like Gecko) HeadlessChrome/92.0.4515.159 Safari/537.36"
205.169.39.115 - - [23/Jun/2024:00:39:00 +0000] "GET /fonts/icomoon/icomoona57c.ttf?srf3rx HTTP/1.1" 200 224464 "https://chardhamyatra.tripperhub.com/css/style.css" "Mozilla/5.0 (Windows NT 10.0; Win64; x64) AppleWebKit/537.36 (KHTML, like Gecko) Chrome/79.0.3945.79 Safari/537.36"
205.169.39.115 - - [23/Jun/2024:00:39:00 +0000] "GET /images/jagannath-puri.webp HTTP/1.1" 200 3196 "https://chardhamyatra.tripperhub.com/" "Mozilla/5.0 (Windows NT 10.0; Win64; x64) AppleWebKit/537.36 (KHTML, like Gecko) Chrome/79.0.3945.79 Safari/537.36"
205.169.39.115 - - [23/Jun/2024:00:39:00 +0000] "GET /images/icon/bed-icon.png HTTP/1.1" 200 862 "https://chardhamyatra.tripperhub.com/css/style.css" "Mozilla/5.0 (Windows NT 10.0; Win64; x64) AppleWebKit/537.36 (KHTML, like Gecko) Chrome/79.0.3945.79 Safari/537.36"
205.169.39.115 - - [23/Jun/2024:00:39:00 +0000] "GET /images/rameshwaram.webp HTTP/1.1" 200 3798 "https://chardhamyatra.tripperhub.com/" "Mozilla/5.0 (Windows NT 10.0; Win64; x64) AppleWebKit/537.36 (KHTML, like Gecko) Chrome/79.0.3945.79 Safari/537.36"
205.169.39.115 - - [23/Jun/2024:00:39:00 +0000] "GET /images/icon/meal-icon.png HTTP/1.1" 200 987 "https://chardhamyatra.tripperhub.com/css/style.css" "Mozilla/5.0 (Windows NT 10.0; Win64; x64) AppleWebKit/537.36 (KHTML, like Gecko) Chrome/79.0.3945.79 Safari/537.36"
205.169.39.115 - - [23/Jun/2024:00:39:00 +0000] "GET /images/icon/transport-icon.png HTTP/1.1" 200 507 "https://chardhamyatra.tripperhub.com/css/style.css" "Mozilla/5.0 (Windows NT 10.0; Win64; x64) AppleWebKit/537.36 (KHTML, like Gecko) Chrome/79.0.3945.79 Safari/537.36"
205.169.39.115 - - [23/Jun/2024:00:39:00 +0000] "GET /images/icon/sightseeing-icon.png HTTP/1.1" 200 1238 "https://chardhamyatra.tripperhub.com/css/style.css" "Mozilla/5.0 (Windows NT 10.0; Win64; x64) AppleWebKit/537.36 (KHTML, like Gecko) Chrome/79.0.3945.79 Safari/537.36"
205.169.39.115 - - [23/Jun/2024:00:39:00 +0000] "GET /images/4.jpg HTTP/1.1" 200 472205 "https://chardhamyatra.tripperhub.com/" "Mozilla/5.0 (Windows NT 10.0; Win64; x64) AppleWebKit/537.36 (KHTML, like Gecko) Chrome/79.0.3945.79 Safari/537.36"
205.169.39.115 - - [23/Jun/2024:00:39:00 +0000] "GET /images/2.jpg HTTP/1.1" 200 130287 "https://chardhamyatra.tripperhub.com/" "Mozilla/5.0 (Windows NT 10.0; Win64; x64) AppleWebKit/537.36 (KHTML, like Gecko) Chrome/79.0.3945.79 Safari/537.36"
205.169.39.115 - - [23/Jun/2024:00:39:00 +0000] "GET /images/3.jpg HTTP/1.1" 200 313075 "https://chardhamyatra.tripperhub.com/" "Mozilla/5.0 (Windows NT 10.0; Win64; x64) AppleWebKit/537.36 (KHTML, like Gecko) Chrome/79.0.3945.79 Safari/537.36"
205.169.39.115 - - [23/Jun/2024:00:39:00 +0000] "GET /images/large/rock/pexels-photo-749090.jpg HTTP/1.1" 200 1024294 "https://chardhamyatra.tripperhub.com/" "Mozilla/5.0 (Windows NT 10.0; Win64; x64) AppleWebKit/537.36 (KHTML, like Gecko) Chrome/79.0.3945.79 Safari/537.36"
205.169.39.115 - - [23/Jun/2024:00:39:01 +0000] "GET /images/1.jpg HTTP/1.1" 200 2630047 "https://chardhamyatra.tripperhub.com/" "Mozilla/5.0 (Windows NT 10.0; Win64; x64) AppleWebKit/537.36 (KHTML, like Gecko) Chrome/79.0.3945.79 Safari/537.36"
154.28.229.123 - - [23/Jun/2024:00:39:12 +0000] "GET / HTTP/1.1" 200 9517 "-" "Mozilla/5.0 (Macintosh; Intel Mac OS X 10_15_7) AppleWebKit/537.36 (KHTML, like Gecko) Chrome/117.0.0.0 Safari/537.36"
154.28.229.123 - - [23/Jun/2024:00:39:12 +0000] "GET /index.php HTTP/1.1" 200 9555 "-" "Mozilla/5.0 (Macintosh; Intel Mac OS X 10_15_7) AppleWebKit/537.36 (KHTML, like Gecko) Chrome/117.0.0.0 Safari/537.36"
185.196.9.227 - - [23/Jun/2024:00:39:13 +0000] "GET /.git/config HTTP/1.1" 403 183 "-" "Mozilla/5.0 (Linux; Android 9; CLT-AL00 Build/HUAWEICLT-AL00; wv) AppleWebKit/537.36 (KHTML, like Gecko) Version/4.0 Chrome/66.0.3359.126 MQQBrowser/6.2 TBS/044807 Mobile Safari/537.36 MMWEBID/9069 MicroMessenger/7.0.6.1460(0x27000634) Process/tools NetType/WIFI Language/zh_CN"
65.154.226.170 - - [23/Jun/2024:00:41:21 +0000] "GET / HTTP/1.1" 301 245 "-" "Mozilla/5.0 (Windows NT 10.0) AppleWebKit/537.36 (KHTML, like Gecko) Chrome/106.0.0.0 Safari/537.36"
65.154.226.170 - - [23/Jun/2024:00:41:22 +0000] "GET / HTTP/1.1" 200 9510 "http://chardhamyatra.tripperhub.com" "Mozilla/5.0 (Windows NT 10.0) AppleWebKit/537.36 (KHTML, like Gecko) Chrome/106.0.0.0 Safari/537.36"
92.118.39.240 - - [23/Jun/2024:00:42:13 +0000] "GET / HTTP/1.1" 301 245 "-" "Go-http-client/1.1"
92.118.39.240 - - [23/Jun/2024:00:42:13 +0000] "GET / HTTP/1.1" 301 245 "-" "Go-http-client/1.1"
92.118.39.240 - - [23/Jun/2024:00:42:13 +0000] "GET / HTTP/1.1" 200 9521 "http://chardhamyatra.tripperhub.com" "Go-http-client/1.1"
92.118.39.240 - - [23/Jun/2024:00:42:13 +0000] "GET / HTTP/1.1" 200 9555 "http://chardhamyatra.tripperhub.com" "Go-http-client/1.1"
92.118.39.240 - - [23/Jun/2024:00:42:14 +0000] "GET /js/sticky.js HTTP/1.1" 200 613 "-" "Go-http-client/1.1"
92.118.39.240 - - [23/Jun/2024:00:42:14 +0000] "GET /js/jquery.stellar.min.js HTTP/1.1" 200 3410 "-" "Go-http-client/1.1"
92.118.39.240 - - [23/Jun/2024:00:42:14 +0000] "GET /js/sticky.js HTTP/1.1" 200 613 "-" "Go-http-client/1.1"
92.118.39.240 - - [23/Jun/2024:00:42:14 +0000] "GET /js/modernizr-3.6.0.min.js HTTP/1.1" 200 6247 "-" "Go-http-client/1.1"
92.118.39.240 - - [23/Jun/2024:00:42:14 +0000] "GET /js/migrate.min.js HTTP/1.1" 200 2734 "-" "Go-http-client/1.1"
92.118.39.240 - - [23/Jun/2024:00:42:14 +0000] "GET /.git/config HTTP/1.1" 403 153 "-" "Go-http-client/1.1"
92.118.39.240 - - [23/Jun/2024:00:42:14 +0000] "GET /.git/config HTTP/1.1" 403 153 "-" "Go-http-client/1.1"
92.118.39.240 - - [23/Jun/2024:00:42:14 +0000] "GET /js/jquery.magnific-popup.min.js HTTP/1.1" 200 7598 "-" "Go-http-client/1.1"
92.118.39.240 - - [23/Jun/2024:00:42:14 +0000] "GET /js/jquery.magnific-popup.min.js HTTP/1.1" 200 7598 "-" "Go-http-client/1.1"
92.118.39.240 - - [23/Jun/2024:00:42:14 +0000] "GET /js/bootstrap-datepicker.min.js HTTP/1.1" 200 10038 "-" "Go-http-client/1.1"
92.118.39.240 - - [23/Jun/2024:00:42:14 +0000] "GET /js/SmoothScroll.min.js HTTP/1.1" 200 2552 "-" "Go-http-client/1.1"
92.118.39.240 - - [23/Jun/2024:00:42:14 +0000] "GET /js/main.js HTTP/1.1" 200 1392 "-" "Go-http-client/1.1"
92.118.39.240 - - [23/Jun/2024:00:42:14 +0000] "GET /js/bootstrap-4.0.0.min.js HTTP/1.1" 200 13118 "-" "Go-http-client/1.1"
92.118.39.240 - - [23/Jun/2024:00:42:14 +0000] "GET /js/bootstrap-datepicker.min.js HTTP/1.1" 200 10038 "-" "Go-http-client/1.1"
92.118.39.240 - - [23/Jun/2024:00:42:14 +0000] "GET /js/jquery.waypoints.min.js HTTP/1.1" 200 2714 "-" "Go-http-client/1.1"
92.118.39.240 - - [23/Jun/2024:00:42:14 +0000] "GET /js/jquery-3.3.1.min.js HTTP/1.1" 200 30364 "-" "Go-http-client/1.1"
92.118.39.240 - - [23/Jun/2024:00:42:14 +0000] "GET /js/jquery.stellar.min.js HTTP/1.1" 200 3410 "-" "Go-http-client/1.1"
92.118.39.240 - - [23/Jun/2024:00:42:14 +0000] "GET /js/jquery.waypoints.min.js HTTP/1.1" 200 2714 "-" "Go-http-client/1.1"
92.118.39.240 - - [23/Jun/2024:00:42:14 +0000] "GET /js/bootstrap-4.0.0.min.js HTTP/1.1" 200 13118 "-" "Go-http-client/1.1"
92.118.39.240 - - [23/Jun/2024:00:42:14 +0000] "GET /gtag/js HTTP/1.1" 301 252 "-" "Go-http-client/1.1"
92.118.39.240 - - [23/Jun/2024:00:42:14 +0000] "GET /js/jquery-3.3.1.min.js HTTP/1.1" 200 30364 "-" "Go-http-client/1.1"
92.118.39.240 - - [23/Jun/2024:00:42:14 +0000] "GET /js/SmoothScroll.min.js HTTP/1.1" 200 2552 "-" "Go-http-client/1.1"
92.118.39.240 - - [23/Jun/2024:00:42:14 +0000] "GET /js/main.js HTTP/1.1" 200 1392 "-" "Go-http-client/1.1"
92.118.39.240 - - [23/Jun/2024:00:42:14 +0000] "GET /gtag/js HTTP/1.1" 301 252 "-" "Go-http-client/1.1"
92.118.39.240 - - [23/Jun/2024:00:42:14 +0000] "GET /js/migrate.min.js HTTP/1.1" 200 2734 "-" "Go-http-client/1.1"
92.118.39.240 - - [23/Jun/2024:00:42:14 +0000] "GET /js/modernizr-3.6.0.min.js HTTP/1.1" 200 6247 "-" "Go-http-client/1.1"
92.118.39.240 - - [23/Jun/2024:00:42:14 +0000] "GET /gtag/js HTTP/1.1" 404 196 "http://chardhamyatra.tripperhub.com/gtag/js" "Go-http-client/1.1"
92.118.39.240 - - [23/Jun/2024:00:42:14 +0000] "GET /gtag/js HTTP/1.1" 404 196 "http://chardhamyatra.tripperhub.com/gtag/js" "Go-http-client/1.1"
34.122.147.229 - - [23/Jun/2024:00:43:37 +0000] "GET / HTTP/1.1" 301 245 "-" "Mozilla/5.0 (X11; Linux x86_64) AppleWebKit/537.36 (KHTML, like Gecko) HeadlessChrome/92.0.4515.159 Safari/537.36"
34.123.170.104 - - [23/Jun/2024:00:43:38 +0000] "GET / HTTP/1.1" 200 9453 "-" "Mozilla/5.0 (X11; Linux x86_64) AppleWebKit/537.36 (KHTML, like Gecko) HeadlessChrome/92.0.4515.159 Safari/537.36"
34.123.170.104 - - [23/Jun/2024:00:43:38 +0000] "GET /css/animate.css HTTP/1.1" 200 4345 "https://chardhamyatra.tripperhub.com/" "Mozilla/5.0 (X11; Linux x86_64) AppleWebKit/537.36 (KHTML, like Gecko) HeadlessChrome/92.0.4515.159 Safari/537.36"
34.123.170.104 - - [23/Jun/2024:00:43:38 +0000] "GET /css/icomoon.css HTTP/1.1" 200 8156 "https://chardhamyatra.tripperhub.com/" "Mozilla/5.0 (X11; Linux x86_64) AppleWebKit/537.36 (KHTML, like Gecko) HeadlessChrome/92.0.4515.159 Safari/537.36"
104.197.69.115 - - [23/Jun/2024:00:43:39 +0000] "GET /css/bootstrap.min.css HTTP/1.1" 200 20576 "https://chardhamyatra.tripperhub.com/" "Mozilla/5.0 (X11; Linux x86_64) AppleWebKit/537.36 (KHTML, like Gecko) HeadlessChrome/92.0.4515.159 Safari/537.36"
34.72.176.129 - - [23/Jun/2024:00:43:39 +0000] "GET /css/superfish.css HTTP/1.1" 200 1007 "https://chardhamyatra.tripperhub.com/" "Mozilla/5.0 (X11; Linux x86_64) AppleWebKit/537.36 (KHTML, like Gecko) HeadlessChrome/92.0.4515.159 Safari/537.36"
34.123.170.104 - - [23/Jun/2024:00:43:39 +0000] "GET /css/magnific-popup.css HTTP/1.1" 200 1948 "https://chardhamyatra.tripperhub.com/" "Mozilla/5.0 (X11; Linux x86_64) AppleWebKit/537.36 (KHTML, like Gecko) HeadlessChrome/92.0.4515.159 Safari/537.36"
34.122.147.229 - - [23/Jun/2024:00:43:39 +0000] "GET /css/style.css HTTP/1.1" 200 9029 "https://chardhamyatra.tripperhub.com/" "Mozilla/5.0 (X11; Linux x86_64) AppleWebKit/537.36 (KHTML, like Gecko) HeadlessChrome/92.0.4515.159 Safari/537.36"
104.197.69.115 - - [23/Jun/2024:00:43:39 +0000] "GET /css/bootstrap-datepicker.min.css HTTP/1.1" 200 2128 "https://chardhamyatra.tripperhub.com/" "Mozilla/5.0 (X11; Linux x86_64) AppleWebKit/537.36 (KHTML, like Gecko) HeadlessChrome/92.0.4515.159 Safari/537.36"
104.197.69.115 - - [23/Jun/2024:00:43:39 +0000] "GET /css/media-query.css HTTP/1.1" 200 2666 "https://chardhamyatra.tripperhub.com/" "Mozilla/5.0 (X11; Linux x86_64) AppleWebKit/537.36 (KHTML, like Gecko) HeadlessChrome/92.0.4515.159 Safari/537.36"
104.197.69.115 - - [23/Jun/2024:00:43:39 +0000] "GET /images/logo.png HTTP/1.1" 200 16638 "https://chardhamyatra.tripperhub.com/" "Mozilla/5.0 (X11; Linux x86_64) AppleWebKit/537.36 (KHTML, like Gecko) HeadlessChrome/92.0.4515.159 Safari/537.36"
34.123.170.104 - - [23/Jun/2024:00:43:39 +0000] "GET /images/instagram.png HTTP/1.1" 200 1598 "https://chardhamyatra.tripperhub.com/" "Mozilla/5.0 (X11; Linux x86_64) AppleWebKit/537.36 (KHTML, like Gecko) HeadlessChrome/92.0.4515.159 Safari/537.36"
34.122.147.229 - - [23/Jun/2024:00:43:39 +0000] "GET /images/facebook-logo.png HTTP/1.1" 200 1051 "https://chardhamyatra.tripperhub.com/" "Mozilla/5.0 (X11; Linux x86_64) AppleWebKit/537.36 (KHTML, like Gecko) HeadlessChrome/92.0.4515.159 Safari/537.36"
104.197.69.115 - - [23/Jun/2024:00:43:39 +0000] "GET /images/whatsapp-(2).logo.png HTTP/1.1" 200 1653 "https://chardhamyatra.tripperhub.com/" "Mozilla/5.0 (X11; Linux x86_64) AppleWebKit/537.36 (KHTML, like Gecko) HeadlessChrome/92.0.4515.159 Safari/537.36"
104.197.69.115 - - [23/Jun/2024:00:43:39 +0000] "GET /images/conatct_logo.png HTTP/1.1" 200 1020 "https://chardhamyatra.tripperhub.com/" "Mozilla/5.0 (X11; Linux x86_64) AppleWebKit/537.36 (KHTML, like Gecko) HeadlessChrome/92.0.4515.159 Safari/537.36"
104.197.69.115 - - [23/Jun/2024:00:43:39 +0000] "GET /js/modernizr-3.6.0.min.js HTTP/1.1" 200 6247 "https://chardhamyatra.tripperhub.com/" "Mozilla/5.0 (X11; Linux x86_64) AppleWebKit/537.36 (KHTML, like Gecko) HeadlessChrome/92.0.4515.159 Safari/537.36"
34.123.170.104 - - [23/Jun/2024:00:43:39 +0000] "GET /js/jquery-3.3.1.min.js HTTP/1.1" 200 30364 "https://chardhamyatra.tripperhub.com/" "Mozilla/5.0 (X11; Linux x86_64) AppleWebKit/537.36 (KHTML, like Gecko) HeadlessChrome/92.0.4515.159 Safari/537.36"
34.122.147.229 - - [23/Jun/2024:00:43:39 +0000] "GET /js/migrate.min.js HTTP/1.1" 200 2734 "https://chardhamyatra.tripperhub.com/" "Mozilla/5.0 (X11; Linux x86_64) AppleWebKit/537.36 (KHTML, like Gecko) HeadlessChrome/92.0.4515.159 Safari/537.36"
104.197.69.115 - - [23/Jun/2024:00:43:39 +0000] "GET /js/jquery.stellar.min.js HTTP/1.1" 200 3410 "https://chardhamyatra.tripperhub.com/" "Mozilla/5.0 (X11; Linux x86_64) AppleWebKit/537.36 (KHTML, like Gecko) HeadlessChrome/92.0.4515.159 Safari/537.36"
34.72.176.129 - - [23/Jun/2024:00:43:39 +0000] "GET /styles.css HTTP/1.1" 200 50865 "https://chardhamyatra.tripperhub.com/" "Mozilla/5.0 (X11; Linux x86_64) AppleWebKit/537.36 (KHTML, like Gecko) HeadlessChrome/92.0.4515.159 Safari/537.36"
104.197.69.115 - - [23/Jun/2024:00:43:39 +0000] "GET /js/bootstrap-4.0.0.min.js HTTP/1.1" 200 13118 "https://chardhamyatra.tripperhub.com/" "Mozilla/5.0 (X11; Linux x86_64) AppleWebKit/537.36 (KHTML, like Gecko) HeadlessChrome/92.0.4515.159 Safari/537.36"
104.197.69.115 - - [23/Jun/2024:00:43:39 +0000] "GET /js/jquery.waypoints.min.js HTTP/1.1" 200 2714 "https://chardhamyatra.tripperhub.com/" "Mozilla/5.0 (X11; Linux x86_64) AppleWebKit/537.36 (KHTML, like Gecko) HeadlessChrome/92.0.4515.159 Safari/537.36"
34.122.147.229 - - [23/Jun/2024:00:43:39 +0000] "GET /js/sticky.js HTTP/1.1" 200 613 "https://chardhamyatra.tripperhub.com/" "Mozilla/5.0 (X11; Linux x86_64) AppleWebKit/537.36 (KHTML, like Gecko) HeadlessChrome/92.0.4515.159 Safari/537.36"
104.197.69.115 - - [23/Jun/2024:00:43:40 +0000] "GET /js/jquery.magnific-popup.min.js HTTP/1.1" 200 7598 "https://chardhamyatra.tripperhub.com/" "Mozilla/5.0 (X11; Linux x86_64) AppleWebKit/537.36 (KHTML, like Gecko) HeadlessChrome/92.0.4515.159 Safari/537.36"
34.72.176.129 - - [23/Jun/2024:00:43:40 +0000] "GET /js/bootstrap-datepicker.min.js HTTP/1.1" 200 10038 "https://chardhamyatra.tripperhub.com/" "Mozilla/5.0 (X11; Linux x86_64) AppleWebKit/537.36 (KHTML, like Gecko) HeadlessChrome/92.0.4515.159 Safari/537.36"
104.197.69.115 - - [23/Jun/2024:00:43:40 +0000] "GET /js/SmoothScroll.min.js HTTP/1.1" 200 2552 "https://chardhamyatra.tripperhub.com/" "Mozilla/5.0 (X11; Linux x86_64) AppleWebKit/537.36 (KHTML, like Gecko) HeadlessChrome/92.0.4515.159 Safari/537.36"
104.197.69.115 - - [23/Jun/2024:00:43:40 +0000] "GET /js/main.js HTTP/1.1" 200 1392 "https://chardhamyatra.tripperhub.com/" "Mozilla/5.0 (X11; Linux x86_64) AppleWebKit/537.36 (KHTML, like Gecko) HeadlessChrome/92.0.4515.159 Safari/537.36"
34.72.176.129 - - [23/Jun/2024:00:43:40 +0000] "GET /galleryimg/3652474chardham4.jpeg HTTP/1.1" 200 27140 "https://chardhamyatra.tripperhub.com/" "Mozilla/5.0 (X11; Linux x86_64) AppleWebKit/537.36 (KHTML, like Gecko) HeadlessChrome/92.0.4515.159 Safari/537.36"
34.123.170.104 - - [23/Jun/2024:00:43:40 +0000] "GET /galleryimg/75962172.jpg HTTP/1.1" 200 130287 "https://chardhamyatra.tripperhub.com/" "Mozilla/5.0 (X11; Linux x86_64) AppleWebKit/537.36 (KHTML, like Gecko) HeadlessChrome/92.0.4515.159 Safari/537.36"
34.72.176.129 - - [23/Jun/2024:00:43:40 +0000] "GET /galleryimg/2252569DI2A0700.jpg HTTP/1.1" 200 336911 "https://chardhamyatra.tripperhub.com/" "Mozilla/5.0 (X11; Linux x86_64) AppleWebKit/537.36 (KHTML, like Gecko) HeadlessChrome/92.0.4515.159 Safari/537.36"
34.123.170.104 - - [23/Jun/2024:00:43:41 +0000] "GET /galleryimg/1006293chardham-yatra-2019-advance.jpg HTTP/1.1" 200 282242 "https://chardhamyatra.tripperhub.com/" "Mozilla/5.0 (X11; Linux x86_64) AppleWebKit/537.36 (KHTML, like Gecko) HeadlessChrome/92.0.4515.159 Safari/537.36"
34.123.170.104 - - [23/Jun/2024:00:43:41 +0000] "GET /images/badrinath.webp HTTP/1.1" 200 5728 "https://chardhamyatra.tripperhub.com/" "Mozilla/5.0 (X11; Linux x86_64) AppleWebKit/537.36 (KHTML, like Gecko) HeadlessChrome/92.0.4515.159 Safari/537.36"
34.72.176.129 - - [23/Jun/2024:00:43:41 +0000] "GET /images/dwarka.webp HTTP/1.1" 200 2798 "https://chardhamyatra.tripperhub.com/" "Mozilla/5.0 (X11; Linux x86_64) AppleWebKit/537.36 (KHTML, like Gecko) HeadlessChrome/92.0.4515.159 Safari/537.36"
