27.59.76.156 - - [23/Apr/2024:14:24:19 +0000] "GET /assets/css/lib/fontawesome/css/brands.css HTTP/1.1" 200 4928 "https://hp.himachaltravelguide.in/?gclid=CjwKCAjwuJ2xBhA3EiwAMVjkVEhPuyLcBV8f8PHSeR9R7yGunpgWzQTrQ80xuoIwYAOHFil2p7gjiRoCeOYQAvD_BwE" "Mozilla/5.0 (Linux; Android 10; K) AppleWebKit/537.36 (KHTML, like Gecko) Chrome/123.0.0.0 Mobile Safari/537.36"
49.32.237.235 - - [23/Apr/2024:14:24:19 +0000] "GET /assets/images/resources/thumbnails/testi-2.jpg HTTP/1.1" 200 8319 "https://hp.himachaltravelguide.in/?gclid=CjwKCAjwuJ2xBhA3EiwAMVjkVO0eB-tlAP26vku34OF-qDlpVigSVBSFIORofvdgs77zVmOTyaGpJRoCCL8QAvD_BwE" "Mozilla/5.0 (Linux; Android 10; K) AppleWebKit/537.36 (KHTML, like Gecko) Chrome/123.0.0.0 Mobile Safari/537.36"
49.35.242.71 - - [23/Apr/2024:14:24:19 +0000] "GET /assets/images/icons/f-icon-7.png HTTP/1.1" 200 3114 "https://hp.himachaltravelguide.in/?gclid=EAIaIQobChMIi9Kl9sTYhQMVccZzAR27GAILEAEYASAAEgJQjPD_BwE" "Mozilla/5.0 (Linux; Android 10; K) AppleWebKit/537.36 (KHTML, like Gecko) Chrome/123.0.0.0 Mobile Safari/537.36"
49.35.242.71 - - [23/Apr/2024:14:24:19 +0000] "GET /assets/images/icons/f-icon-8.png HTTP/1.1" 200 3297 "https://hp.himachaltravelguide.in/?gclid=EAIaIQobChMIi9Kl9sTYhQMVccZzAR27GAILEAEYASAAEgJQjPD_BwE" "Mozilla/5.0 (Linux; Android 10; K) AppleWebKit/537.36 (KHTML, like Gecko) Chrome/123.0.0.0 Mobile Safari/537.36"
117.99.249.170 - - [23/Apr/2024:14:24:19 +0000] "GET /assets/css/lib/simple-line-icons/css/simple-line-icons.min.css HTTP/1.1" 200 2436 "https://hp.himachaltravelguide.in/?gclid=EAIaIQobChMIv7O498TYhQMVHBS3AB1JbgkiEAEYASAAEgLInfD_BwE" "Mozilla/5.0 (Linux; Android 12; Redmi Note 9 Pro Max Build/SKQ1.211019.001; wv) AppleWebKit/537.36 (KHTML, like Gecko) Version/4.0 Chrome/123.0.6312.118 Mobile Safari/537.36"
117.99.249.170 - - [23/Apr/2024:14:24:19 +0000] "GET /assets/css/lib/fontawesome/css/fontawesome.min.css HTTP/1.1" 200 17422 "https://hp.himachaltravelguide.in/?gclid=EAIaIQobChMIv7O498TYhQMVHBS3AB1JbgkiEAEYASAAEgLInfD_BwE" "Mozilla/5.0 (Linux; Android 12; Redmi Note 9 Pro Max Build/SKQ1.211019.001; wv) AppleWebKit/537.36 (KHTML, like Gecko) Version/4.0 Chrome/123.0.6312.118 Mobile Safari/537.36"
117.99.249.170 - - [23/Apr/2024:14:24:19 +0000] "GET /assets/css/lib/fontawesome/css/brands.css HTTP/1.1" 200 4928 "https://hp.himachaltravelguide.in/?gclid=EAIaIQobChMIv7O498TYhQMVHBS3AB1JbgkiEAEYASAAEgLInfD_BwE" "Mozilla/5.0 (Linux; Android 12; Redmi Note 9 Pro Max Build/SKQ1.211019.001; wv) AppleWebKit/537.36 (KHTML, like Gecko) Version/4.0 Chrome/123.0.6312.118 Mobile Safari/537.36"
117.99.249.170 - - [23/Apr/2024:14:24:19 +0000] "GET /assets/css/lib/fontawesome/css/solid.css HTTP/1.1" 200 353 "https://hp.himachaltravelguide.in/?gclid=EAIaIQobChMIv7O498TYhQMVHBS3AB1JbgkiEAEYASAAEgLInfD_BwE" "Mozilla/5.0 (Linux; Android 12; Redmi Note 9 Pro Max Build/SKQ1.211019.001; wv) AppleWebKit/537.36 (KHTML, like Gecko) Version/4.0 Chrome/123.0.6312.118 Mobile Safari/537.36"
157.48.251.186 - - [23/Apr/2024:14:24:19 +0000] "GET /assets/images/icons/intro-3.png HTTP/1.1" 200 2689 "https://hp.himachaltravelguide.in/?gclid=CjwKCAjwuJ2xBhA3EiwAMVjkVHIj4ufSZvbSerHC6QPvWXay-foKOW77EQP2_IrbmYMRFumHJXe3YhoCr74QAvD_BwE" "Mozilla/5.0 (Linux; Android 10; K) AppleWebKit/537.36 (KHTML, like Gecko) Chrome/118.0.0.0 Mobile Safari/537.36"
117.99.249.170 - - [23/Apr/2024:14:24:19 +0000] "GET /assets/css/lib/animate.min.css HTTP/1.1" 200 4148 "https://hp.himachaltravelguide.in/?gclid=EAIaIQobChMIv7O498TYhQMVHBS3AB1JbgkiEAEYASAAEgLInfD_BwE" "Mozilla/5.0 (Linux; Android 12; Redmi Note 9 Pro Max Build/SKQ1.211019.001; wv) AppleWebKit/537.36 (KHTML, like Gecko) Version/4.0 Chrome/123.0.6312.118 Mobile Safari/537.36"
117.99.249.170 - - [23/Apr/2024:14:24:19 +0000] "GET /assets/css/lib/slick.min.css HTTP/1.1" 200 516 "https://hp.himachaltravelguide.in/?gclid=EAIaIQobChMIv7O498TYhQMVHBS3AB1JbgkiEAEYASAAEgLInfD_BwE" "Mozilla/5.0 (Linux; Android 12; Redmi Note 9 Pro Max Build/SKQ1.211019.001; wv) AppleWebKit/537.36 (KHTML, like Gecko) Version/4.0 Chrome/123.0.6312.118 Mobile Safari/537.36"
27.59.76.156 - - [23/Apr/2024:14:24:19 +0000] "GET /assets/css/lib/slick.min.css HTTP/1.1" 200 516 "https://hp.himachaltravelguide.in/?gclid=CjwKCAjwuJ2xBhA3EiwAMVjkVEhPuyLcBV8f8PHSeR9R7yGunpgWzQTrQ80xuoIwYAOHFil2p7gjiRoCeOYQAvD_BwE" "Mozilla/5.0 (Linux; Android 10; K) AppleWebKit/537.36 (KHTML, like Gecko) Chrome/123.0.0.0 Mobile Safari/537.36"
157.48.251.186 - - [23/Apr/2024:14:24:19 +0000] "GET /assets/images/background/bg-gradient-15.png HTTP/1.1" 200 35167 "https://hp.himachaltravelguide.in/?gclid=CjwKCAjwuJ2xBhA3EiwAMVjkVHIj4ufSZvbSerHC6QPvWXay-foKOW77EQP2_IrbmYMRFumHJXe3YhoCr74QAvD_BwE" "Mozilla/5.0 (Linux; Android 10; K) AppleWebKit/537.36 (KHTML, like Gecko) Chrome/118.0.0.0 Mobile Safari/537.36"
49.35.242.71 - - [23/Apr/2024:14:24:19 +0000] "GET /assets/images/icons/f-icon-9.png HTTP/1.1" 200 3121 "https://hp.himachaltravelguide.in/?gclid=EAIaIQobChMIi9Kl9sTYhQMVccZzAR27GAILEAEYASAAEgJQjPD_BwE" "Mozilla/5.0 (Linux; Android 10; K) AppleWebKit/537.36 (KHTML, like Gecko) Chrome/123.0.0.0 Mobile Safari/537.36"
49.32.237.235 - - [23/Apr/2024:14:24:19 +0000] "GET /assets/images/resources/thumbnails/testi-3.jpg HTTP/1.1" 200 9438 "https://hp.himachaltravelguide.in/?gclid=CjwKCAjwuJ2xBhA3EiwAMVjkVO0eB-tlAP26vku34OF-qDlpVigSVBSFIORofvdgs77zVmOTyaGpJRoCCL8QAvD_BwE" "Mozilla/5.0 (Linux; Android 10; K) AppleWebKit/537.36 (KHTML, like Gecko) Chrome/123.0.0.0 Mobile Safari/537.36"
27.59.76.156 - - [23/Apr/2024:14:24:19 +0000] "GET /assets/css/lib/swiper.min.css HTTP/1.1" 200 4593 "https://hp.himachaltravelguide.in/?gclid=CjwKCAjwuJ2xBhA3EiwAMVjkVEhPuyLcBV8f8PHSeR9R7yGunpgWzQTrQ80xuoIwYAOHFil2p7gjiRoCeOYQAvD_BwE" "Mozilla/5.0 (Linux; Android 10; K) AppleWebKit/537.36 (KHTML, like Gecko) Chrome/123.0.0.0 Mobile Safari/537.36"
27.59.76.156 - - [23/Apr/2024:14:24:19 +0000] "GET /assets/css/lib/jquery-ui.min.css HTTP/1.1" 200 7629 "https://hp.himachaltravelguide.in/?gclid=CjwKCAjwuJ2xBhA3EiwAMVjkVEhPuyLcBV8f8PHSeR9R7yGunpgWzQTrQ80xuoIwYAOHFil2p7gjiRoCeOYQAvD_BwE" "Mozilla/5.0 (Linux; Android 10; K) AppleWebKit/537.36 (KHTML, like Gecko) Chrome/123.0.0.0 Mobile Safari/537.36"
27.59.76.156 - - [23/Apr/2024:14:24:19 +0000] "GET /assets/css/lib/jquery.fancybox.min.css HTTP/1.1" 200 3167 "https://hp.himachaltravelguide.in/?gclid=CjwKCAjwuJ2xBhA3EiwAMVjkVEhPuyLcBV8f8PHSeR9R7yGunpgWzQTrQ80xuoIwYAOHFil2p7gjiRoCeOYQAvD_BwE" "Mozilla/5.0 (Linux; Android 10; K) AppleWebKit/537.36 (KHTML, like Gecko) Chrome/123.0.0.0 Mobile Safari/537.36"
49.35.242.71 - - [23/Apr/2024:14:24:19 +0000] "GET /assets/images/elements/yellow-4.png HTTP/1.1" 200 646 "https://hp.himachaltravelguide.in/?gclid=EAIaIQobChMIi9Kl9sTYhQMVccZzAR27GAILEAEYASAAEgJQjPD_BwE" "Mozilla/5.0 (Linux; Android 10; K) AppleWebKit/537.36 (KHTML, like Gecko) Chrome/123.0.0.0 Mobile Safari/537.36"
49.35.242.71 - - [23/Apr/2024:14:24:19 +0000] "GET /assets/images/resources/thumbnails/testi-1.jpg HTTP/1.1" 200 8918 "https://hp.himachaltravelguide.in/?gclid=EAIaIQobChMIi9Kl9sTYhQMVccZzAR27GAILEAEYASAAEgJQjPD_BwE" "Mozilla/5.0 (Linux; Android 10; K) AppleWebKit/537.36 (KHTML, like Gecko) Chrome/123.0.0.0 Mobile Safari/537.36"
157.48.251.186 - - [23/Apr/2024:14:24:19 +0000] "GET /assets/images/background/bg-gradient-16.png HTTP/1.1" 200 16672 "https://hp.himachaltravelguide.in/?gclid=CjwKCAjwuJ2xBhA3EiwAMVjkVHIj4ufSZvbSerHC6QPvWXay-foKOW77EQP2_IrbmYMRFumHJXe3YhoCr74QAvD_BwE" "Mozilla/5.0 (Linux; Android 10; K) AppleWebKit/537.36 (KHTML, like Gecko) Chrome/118.0.0.0 Mobile Safari/537.36"
27.59.76.156 - - [23/Apr/2024:14:24:19 +0000] "GET /assets/css/custom-animate.css HTTP/1.1" 200 1880 "https://hp.himachaltravelguide.in/?gclid=CjwKCAjwuJ2xBhA3EiwAMVjkVEhPuyLcBV8f8PHSeR9R7yGunpgWzQTrQ80xuoIwYAOHFil2p7gjiRoCeOYQAvD_BwE" "Mozilla/5.0 (Linux; Android 10; K) AppleWebKit/537.36 (KHTML, like Gecko) Chrome/123.0.0.0 Mobile Safari/537.36"
117.99.249.170 - - [23/Apr/2024:14:24:19 +0000] "GET /assets/css/lib/swiper.min.css HTTP/1.1" 200 4593 "https://hp.himachaltravelguide.in/?gclid=EAIaIQobChMIv7O498TYhQMVHBS3AB1JbgkiEAEYASAAEgLInfD_BwE" "Mozilla/5.0 (Linux; Android 12; Redmi Note 9 Pro Max Build/SKQ1.211019.001; wv) AppleWebKit/537.36 (KHTML, like Gecko) Version/4.0 Chrome/123.0.6312.118 Mobile Safari/537.36"
27.59.76.156 - - [23/Apr/2024:14:24:19 +0000] "GET /assets/css/responsive.css HTTP/1.1" 200 3920 "https://hp.himachaltravelguide.in/?gclid=CjwKCAjwuJ2xBhA3EiwAMVjkVEhPuyLcBV8f8PHSeR9R7yGunpgWzQTrQ80xuoIwYAOHFil2p7gjiRoCeOYQAvD_BwE" "Mozilla/5.0 (Linux; Android 10; K) AppleWebKit/537.36 (KHTML, like Gecko) Chrome/123.0.0.0 Mobile Safari/537.36"
27.59.76.156 - - [23/Apr/2024:14:24:19 +0000] "GET /assets/css/style.css HTTP/1.1" 200 23571 "https://hp.himachaltravelguide.in/?gclid=CjwKCAjwuJ2xBhA3EiwAMVjkVEhPuyLcBV8f8PHSeR9R7yGunpgWzQTrQ80xuoIwYAOHFil2p7gjiRoCeOYQAvD_BwE" "Mozilla/5.0 (Linux; Android 10; K) AppleWebKit/537.36 (KHTML, like Gecko) Chrome/123.0.0.0 Mobile Safari/537.36"
157.48.251.186 - - [23/Apr/2024:14:24:19 +0000] "GET /assets/images/elements/purple-2.png HTTP/1.1" 200 602 "https://hp.himachaltravelguide.in/?gclid=CjwKCAjwuJ2xBhA3EiwAMVjkVHIj4ufSZvbSerHC6QPvWXay-foKOW77EQP2_IrbmYMRFumHJXe3YhoCr74QAvD_BwE" "Mozilla/5.0 (Linux; Android 10; K) AppleWebKit/537.36 (KHTML, like Gecko) Chrome/118.0.0.0 Mobile Safari/537.36"
117.99.249.170 - - [23/Apr/2024:14:24:19 +0000] "GET /assets/css/lib/jquery.fancybox.min.css HTTP/1.1" 200 3167 "https://hp.himachaltravelguide.in/?gclid=EAIaIQobChMIv7O498TYhQMVHBS3AB1JbgkiEAEYASAAEgLInfD_BwE" "Mozilla/5.0 (Linux; Android 12; Redmi Note 9 Pro Max Build/SKQ1.211019.001; wv) AppleWebKit/537.36 (KHTML, like Gecko) Version/4.0 Chrome/123.0.6312.118 Mobile Safari/537.36"
117.99.249.170 - - [23/Apr/2024:14:24:19 +0000] "GET /assets/css/lib/jquery-ui.min.css HTTP/1.1" 200 7629 "https://hp.himachaltravelguide.in/?gclid=EAIaIQobChMIv7O498TYhQMVHBS3AB1JbgkiEAEYASAAEgLInfD_BwE" "Mozilla/5.0 (Linux; Android 12; Redmi Note 9 Pro Max Build/SKQ1.211019.001; wv) AppleWebKit/537.36 (KHTML, like Gecko) Version/4.0 Chrome/123.0.6312.118 Mobile Safari/537.36"
27.59.76.156 - - [23/Apr/2024:14:24:19 +0000] "GET /assets/images/tripperHubpng%201.png HTTP/1.1" 200 18158 "https://hp.himachaltravelguide.in/?gclid=CjwKCAjwuJ2xBhA3EiwAMVjkVEhPuyLcBV8f8PHSeR9R7yGunpgWzQTrQ80xuoIwYAOHFil2p7gjiRoCeOYQAvD_BwE" "Mozilla/5.0 (Linux; Android 10; K) AppleWebKit/537.36 (KHTML, like Gecko) Chrome/123.0.0.0 Mobile Safari/537.36"
157.48.251.186 - - [23/Apr/2024:14:24:19 +0000] "GET /assets/images/background/bg-gradient-19.png HTTP/1.1" 200 16111 "https://hp.himachaltravelguide.in/?gclid=CjwKCAjwuJ2xBhA3EiwAMVjkVHIj4ufSZvbSerHC6QPvWXay-foKOW77EQP2_IrbmYMRFumHJXe3YhoCr74QAvD_BwE" "Mozilla/5.0 (Linux; Android 10; K) AppleWebKit/537.36 (KHTML, like Gecko) Chrome/118.0.0.0 Mobile Safari/537.36"
27.59.76.156 - - [23/Apr/2024:14:24:19 +0000] "GET /assets/images/icons/menu-icon.svg HTTP/1.1" 200 305 "https://hp.himachaltravelguide.in/?gclid=CjwKCAjwuJ2xBhA3EiwAMVjkVEhPuyLcBV8f8PHSeR9R7yGunpgWzQTrQ80xuoIwYAOHFil2p7gjiRoCeOYQAvD_BwE" "Mozilla/5.0 (Linux; Android 10; K) AppleWebKit/537.36 (KHTML, like Gecko) Chrome/123.0.0.0 Mobile Safari/537.36"
49.42.33.44 - - [23/Apr/2024:14:24:19 +0000] "GET /assets/js/lib/swiper.min.js HTTP/1.1" 200 39733 "https://hp.himachaltravelguide.in/?gclid=EAIaIQobChMI_ZKt2cTYhQMVF6ymBB2RRA2UEAEYASAAEgKbI_D_BwE" "Mozilla/5.0 (Linux; Android 10; K) AppleWebKit/537.36 (KHTML, like Gecko) Chrome/123.0.0.0 Mobile Safari/537.36"
117.99.249.170 - - [23/Apr/2024:14:24:19 +0000] "GET /assets/css/custom-animate.css HTTP/1.1" 200 1880 "https://hp.himachaltravelguide.in/?gclid=EAIaIQobChMIv7O498TYhQMVHBS3AB1JbgkiEAEYASAAEgLInfD_BwE" "Mozilla/5.0 (Linux; Android 12; Redmi Note 9 Pro Max Build/SKQ1.211019.001; wv) AppleWebKit/537.36 (KHTML, like Gecko) Version/4.0 Chrome/123.0.6312.118 Mobile Safari/537.36"
117.99.249.170 - - [23/Apr/2024:14:24:19 +0000] "GET /assets/css/responsive.css HTTP/1.1" 200 3920 "https://hp.himachaltravelguide.in/?gclid=EAIaIQobChMIv7O498TYhQMVHBS3AB1JbgkiEAEYASAAEgLInfD_BwE" "Mozilla/5.0 (Linux; Android 12; Redmi Note 9 Pro Max Build/SKQ1.211019.001; wv) AppleWebKit/537.36 (KHTML, like Gecko) Version/4.0 Chrome/123.0.6312.118 Mobile Safari/537.36"
117.99.249.170 - - [23/Apr/2024:14:24:19 +0000] "GET /assets/css/style.css HTTP/1.1" 200 23571 "https://hp.himachaltravelguide.in/?gclid=EAIaIQobChMIv7O498TYhQMVHBS3AB1JbgkiEAEYASAAEgLInfD_BwE" "Mozilla/5.0 (Linux; Android 12; Redmi Note 9 Pro Max Build/SKQ1.211019.001; wv) AppleWebKit/537.36 (KHTML, like Gecko) Version/4.0 Chrome/123.0.6312.118 Mobile Safari/537.36"
27.59.76.156 - - [23/Apr/2024:14:24:19 +0000] "GET /assets/css/sections/variables.css HTTP/1.1" 200 474 "https://hp.himachaltravelguide.in/assets/css/style.css" "Mozilla/5.0 (Linux; Android 10; K) AppleWebKit/537.36 (KHTML, like Gecko) Chrome/123.0.0.0 Mobile Safari/537.36"
27.59.76.156 - - [23/Apr/2024:14:24:19 +0000] "GET /assets/css/sections/fonts.css HTTP/1.1" 200 319 "https://hp.himachaltravelguide.in/assets/css/style.css" "Mozilla/5.0 (Linux; Android 10; K) AppleWebKit/537.36 (KHTML, like Gecko) Chrome/123.0.0.0 Mobile Safari/537.36"
27.59.76.156 - - [23/Apr/2024:14:24:19 +0000] "GET /assets/css/sections/global-settings.css HTTP/1.1" 200 1333 "https://hp.himachaltravelguide.in/assets/css/style.css" "Mozilla/5.0 (Linux; Android 10; K) AppleWebKit/537.36 (KHTML, like Gecko) Chrome/123.0.0.0 Mobile Safari/537.36"
49.35.242.71 - - [23/Apr/2024:14:24:19 +0000] "GET /assets/images/resources/thumbnails/testi-2.jpg HTTP/1.1" 200 8319 "https://hp.himachaltravelguide.in/?gclid=EAIaIQobChMIi9Kl9sTYhQMVccZzAR27GAILEAEYASAAEgJQjPD_BwE" "Mozilla/5.0 (Linux; Android 10; K) AppleWebKit/537.36 (KHTML, like Gecko) Chrome/123.0.0.0 Mobile Safari/537.36"
49.35.242.71 - - [23/Apr/2024:14:24:19 +0000] "GET /assets/images/resources/thumbnails/testi-3.jpg HTTP/1.1" 200 9438 "https://hp.himachaltravelguide.in/?gclid=EAIaIQobChMIi9Kl9sTYhQMVccZzAR27GAILEAEYASAAEgJQjPD_BwE" "Mozilla/5.0 (Linux; Android 10; K) AppleWebKit/537.36 (KHTML, like Gecko) Chrome/123.0.0.0 Mobile Safari/537.36"
157.48.251.186 - - [23/Apr/2024:14:24:19 +0000] "GET /assets/images/background/bg-gradient-20.png HTTP/1.1" 200 26296 "https://hp.himachaltravelguide.in/?gclid=CjwKCAjwuJ2xBhA3EiwAMVjkVHIj4ufSZvbSerHC6QPvWXay-foKOW77EQP2_IrbmYMRFumHJXe3YhoCr74QAvD_BwE" "Mozilla/5.0 (Linux; Android 10; K) AppleWebKit/537.36 (KHTML, like Gecko) Chrome/118.0.0.0 Mobile Safari/537.36"
117.99.249.170 - - [23/Apr/2024:14:24:20 +0000] "GET /assets/images/icons/menu-icon.svg HTTP/1.1" 200 305 "https://hp.himachaltravelguide.in/?gclid=EAIaIQobChMIv7O498TYhQMVHBS3AB1JbgkiEAEYASAAEgLInfD_BwE" "Mozilla/5.0 (Linux; Android 12; Redmi Note 9 Pro Max Build/SKQ1.211019.001; wv) AppleWebKit/537.36 (KHTML, like Gecko) Version/4.0 Chrome/123.0.6312.118 Mobile Safari/537.36"
117.99.249.170 - - [23/Apr/2024:14:24:20 +0000] "GET /assets/images/tripperHubpng%201.png HTTP/1.1" 200 18158 "https://hp.himachaltravelguide.in/?gclid=EAIaIQobChMIv7O498TYhQMVHBS3AB1JbgkiEAEYASAAEgLInfD_BwE" "Mozilla/5.0 (Linux; Android 12; Redmi Note 9 Pro Max Build/SKQ1.211019.001; wv) AppleWebKit/537.36 (KHTML, like Gecko) Version/4.0 Chrome/123.0.6312.118 Mobile Safari/537.36"
49.35.242.71 - - [23/Apr/2024:14:24:20 +0000] "GET /assets/images/background/pattern-3.jpg HTTP/1.1" 200 15213 "https://hp.himachaltravelguide.in/?gclid=EAIaIQobChMIi9Kl9sTYhQMVccZzAR27GAILEAEYASAAEgJQjPD_BwE" "Mozilla/5.0 (Linux; Android 10; K) AppleWebKit/537.36 (KHTML, like Gecko) Chrome/123.0.0.0 Mobile Safari/537.36"
157.48.251.186 - - [23/Apr/2024:14:24:20 +0000] "GET /assets/images/elements/purple-3.png HTTP/1.1" 200 652 "https://hp.himachaltravelguide.in/?gclid=CjwKCAjwuJ2xBhA3EiwAMVjkVHIj4ufSZvbSerHC6QPvWXay-foKOW77EQP2_IrbmYMRFumHJXe3YhoCr74QAvD_BwE" "Mozilla/5.0 (Linux; Android 10; K) AppleWebKit/537.36 (KHTML, like Gecko) Chrome/118.0.0.0 Mobile Safari/537.36"
157.48.251.186 - - [23/Apr/2024:14:24:20 +0000] "GET /assets/images/icons/f-icon-7.png HTTP/1.1" 200 3114 "https://hp.himachaltravelguide.in/?gclid=CjwKCAjwuJ2xBhA3EiwAMVjkVHIj4ufSZvbSerHC6QPvWXay-foKOW77EQP2_IrbmYMRFumHJXe3YhoCr74QAvD_BwE" "Mozilla/5.0 (Linux; Android 10; K) AppleWebKit/537.36 (KHTML, like Gecko) Chrome/118.0.0.0 Mobile Safari/537.36"
49.32.237.235 - - [23/Apr/2024:14:24:20 +0000] "GET /assets/images/resources/misc/man-orange-bag.png HTTP/1.1" 200 114524 "https://hp.himachaltravelguide.in/?gclid=CjwKCAjwuJ2xBhA3EiwAMVjkVO0eB-tlAP26vku34OF-qDlpVigSVBSFIORofvdgs77zVmOTyaGpJRoCCL8QAvD_BwE" "Mozilla/5.0 (Linux; Android 10; K) AppleWebKit/537.36 (KHTML, like Gecko) Chrome/123.0.0.0 Mobile Safari/537.36"
110.225.92.64 - - [23/Apr/2024:14:24:20 +0000] "GET /?gclid=CjwKCAjwuJ2xBhA3EiwAMVjkVGm9aGDASzI46o9FDkaIdRvrEBIg8LRjE585lzDPqdjvfsSH2l7F4BoCXKwQAvD_BwE HTTP/1.1" 200 11239 "https://googleads.g.doubleclick.net/" "Mozilla/5.0 (Linux; Android 10; K) AppleWebKit/537.36 (KHTML, like Gecko) Chrome/123.0.0.0 Mobile Safari/537.36"
49.35.242.71 - - [23/Apr/2024:14:24:20 +0000] "GET /assets/images/resources/misc/man-orange-bag.png HTTP/1.1" 200 114524 "https://hp.himachaltravelguide.in/?gclid=EAIaIQobChMIi9Kl9sTYhQMVccZzAR27GAILEAEYASAAEgJQjPD_BwE" "Mozilla/5.0 (Linux; Android 10; K) AppleWebKit/537.36 (KHTML, like Gecko) Chrome/123.0.0.0 Mobile Safari/537.36"
157.48.251.186 - - [23/Apr/2024:14:24:20 +0000] "GET /assets/images/icons/f-icon-9.png HTTP/1.1" 200 3121 "https://hp.himachaltravelguide.in/?gclid=CjwKCAjwuJ2xBhA3EiwAMVjkVHIj4ufSZvbSerHC6QPvWXay-foKOW77EQP2_IrbmYMRFumHJXe3YhoCr74QAvD_BwE" "Mozilla/5.0 (Linux; Android 10; K) AppleWebKit/537.36 (KHTML, like Gecko) Chrome/118.0.0.0 Mobile Safari/537.36"
157.48.251.186 - - [23/Apr/2024:14:24:20 +0000] "GET /assets/images/icons/f-icon-8.png HTTP/1.1" 200 3297 "https://hp.himachaltravelguide.in/?gclid=CjwKCAjwuJ2xBhA3EiwAMVjkVHIj4ufSZvbSerHC6QPvWXay-foKOW77EQP2_IrbmYMRFumHJXe3YhoCr74QAvD_BwE" "Mozilla/5.0 (Linux; Android 10; K) AppleWebKit/537.36 (KHTML, like Gecko) Chrome/118.0.0.0 Mobile Safari/537.36"
49.35.242.71 - - [23/Apr/2024:14:24:20 +0000] "GET /assets/images/tripperHub-white.png HTTP/1.1" 200 181946 "https://hp.himachaltravelguide.in/?gclid=EAIaIQobChMIi9Kl9sTYhQMVccZzAR27GAILEAEYASAAEgJQjPD_BwE" "Mozilla/5.0 (Linux; Android 10; K) AppleWebKit/537.36 (KHTML, like Gecko) Chrome/123.0.0.0 Mobile Safari/537.36"
117.99.249.170 - - [23/Apr/2024:14:24:20 +0000] "GET /assets/css/sections/variables.css HTTP/1.1" 200 474 "https://hp.himachaltravelguide.in/assets/css/style.css" "Mozilla/5.0 (Linux; Android 12; Redmi Note 9 Pro Max Build/SKQ1.211019.001; wv) AppleWebKit/537.36 (KHTML, like Gecko) Version/4.0 Chrome/123.0.6312.118 Mobile Safari/537.36"
117.99.249.170 - - [23/Apr/2024:14:24:20 +0000] "GET /assets/css/sections/fonts.css HTTP/1.1" 200 319 "https://hp.himachaltravelguide.in/assets/css/style.css" "Mozilla/5.0 (Linux; Android 12; Redmi Note 9 Pro Max Build/SKQ1.211019.001; wv) AppleWebKit/537.36 (KHTML, like Gecko) Version/4.0 Chrome/123.0.6312.118 Mobile Safari/537.36"
117.99.249.170 - - [23/Apr/2024:14:24:20 +0000] "GET /assets/css/sections/global-settings.css HTTP/1.1" 200 1333 "https://hp.himachaltravelguide.in/assets/css/style.css" "Mozilla/5.0 (Linux; Android 12; Redmi Note 9 Pro Max Build/SKQ1.211019.001; wv) AppleWebKit/537.36 (KHTML, like Gecko) Version/4.0 Chrome/123.0.6312.118 Mobile Safari/537.36"
157.48.251.186 - - [23/Apr/2024:14:24:20 +0000] "GET /assets/images/resources/thumbnails/testi-1.jpg HTTP/1.1" 200 8918 "https://hp.himachaltravelguide.in/?gclid=CjwKCAjwuJ2xBhA3EiwAMVjkVHIj4ufSZvbSerHC6QPvWXay-foKOW77EQP2_IrbmYMRFumHJXe3YhoCr74QAvD_BwE" "Mozilla/5.0 (Linux; Android 10; K) AppleWebKit/537.36 (KHTML, like Gecko) Chrome/118.0.0.0 Mobile Safari/537.36"
157.48.251.186 - - [23/Apr/2024:14:24:20 +0000] "GET /assets/images/elements/yellow-4.png HTTP/1.1" 200 646 "https://hp.himachaltravelguide.in/?gclid=CjwKCAjwuJ2xBhA3EiwAMVjkVHIj4ufSZvbSerHC6QPvWXay-foKOW77EQP2_IrbmYMRFumHJXe3YhoCr74QAvD_BwE" "Mozilla/5.0 (Linux; Android 10; K) AppleWebKit/537.36 (KHTML, like Gecko) Chrome/118.0.0.0 Mobile Safari/537.36"
157.48.251.186 - - [23/Apr/2024:14:24:20 +0000] "GET /assets/images/resources/thumbnails/testi-2.jpg HTTP/1.1" 200 8319 "https://hp.himachaltravelguide.in/?gclid=CjwKCAjwuJ2xBhA3EiwAMVjkVHIj4ufSZvbSerHC6QPvWXay-foKOW77EQP2_IrbmYMRFumHJXe3YhoCr74QAvD_BwE" "Mozilla/5.0 (Linux; Android 10; K) AppleWebKit/537.36 (KHTML, like Gecko) Chrome/118.0.0.0 Mobile Safari/537.36"
157.48.251.186 - - [23/Apr/2024:14:24:20 +0000] "GET /assets/images/resources/thumbnails/testi-3.jpg HTTP/1.1" 200 9438 "https://hp.himachaltravelguide.in/?gclid=CjwKCAjwuJ2xBhA3EiwAMVjkVHIj4ufSZvbSerHC6QPvWXay-foKOW77EQP2_IrbmYMRFumHJXe3YhoCr74QAvD_BwE" "Mozilla/5.0 (Linux; Android 10; K) AppleWebKit/537.36 (KHTML, like Gecko) Chrome/118.0.0.0 Mobile Safari/537.36"
47.29.60.235 - - [23/Apr/2024:14:24:20 +0000] "GET /assets/images/icons/f-icon-9.png HTTP/1.1" 200 3121 "https://hp.himachaltravelguide.in/?gclid=CjwKCAjwuJ2xBhA3EiwAMVjkVHd5qznfTrz8UW7MaIAkt1_gMllCU9fDM-Kiu47ineJ45OV8MpWHtRoCTu4QAvD_BwE" "Mozilla/5.0 (Linux; Android 10; K) AppleWebKit/537.36 (KHTML, like Gecko) Chrome/123.0.0.0 Mobile Safari/537.36"
103.68.36.155 - - [23/Apr/2024:14:24:20 +0000] "GET /?wbraid=ClUKCAjwlZixBhAhEkUAANDC1xo_A_7EQTWrfdD-IC3jxYkWLr6cQPRxUYvPHY01ghxMSbSmEbDKzJ3MTdRaFC3uSG9S8SbtS_MDO9Z1SgbN8zAaAr8K HTTP/1.1" 200 11245 "-" "Mozilla/5.0 (iPhone; CPU iPhone OS 17_4_1 like Mac OS X) AppleWebKit/605.1.15 (KHTML, like Gecko) Version/17.4.1 Mobile/15E148 Safari/604.1"
110.225.92.64 - - [23/Apr/2024:14:24:20 +0000] "GET /assets/css/lib/bootstrap/bootstrap.min.css HTTP/1.1" 200 31138 "https://hp.himachaltravelguide.in/?gclid=CjwKCAjwuJ2xBhA3EiwAMVjkVGm9aGDASzI46o9FDkaIdRvrEBIg8LRjE585lzDPqdjvfsSH2l7F4BoCXKwQAvD_BwE" "Mozilla/5.0 (Linux; Android 10; K) AppleWebKit/537.36 (KHTML, like Gecko) Chrome/123.0.0.0 Mobile Safari/537.36"
110.225.92.64 - - [23/Apr/2024:14:24:20 +0000] "GET /assets/css/lib/fontawesome/css/fontawesome.min.css HTTP/1.1" 200 17422 "https://hp.himachaltravelguide.in/?gclid=CjwKCAjwuJ2xBhA3EiwAMVjkVGm9aGDASzI46o9FDkaIdRvrEBIg8LRjE585lzDPqdjvfsSH2l7F4BoCXKwQAvD_BwE" "Mozilla/5.0 (Linux; Android 10; K) AppleWebKit/537.36 (KHTML, like Gecko) Chrome/123.0.0.0 Mobile Safari/537.36"
117.99.249.170 - - [23/Apr/2024:14:24:20 +0000] "GET /assets/js/lib/popper.min.js HTTP/1.1" 200 7519 "https://hp.himachaltravelguide.in/?gclid=EAIaIQobChMIv7O498TYhQMVHBS3AB1JbgkiEAEYASAAEgLInfD_BwE" "Mozilla/5.0 (Linux; Android 12; Redmi Note 9 Pro Max Build/SKQ1.211019.001; wv) AppleWebKit/537.36 (KHTML, like Gecko) Version/4.0 Chrome/123.0.6312.118 Mobile Safari/537.36"
117.99.249.170 - - [23/Apr/2024:14:24:20 +0000] "GET /assets/js/lib/jquery.min.js HTTP/1.1" 200 33815 "https://hp.himachaltravelguide.in/?gclid=EAIaIQobChMIv7O498TYhQMVHBS3AB1JbgkiEAEYASAAEgLInfD_BwE" "Mozilla/5.0 (Linux; Android 12; Redmi Note 9 Pro Max Build/SKQ1.211019.001; wv) AppleWebKit/537.36 (KHTML, like Gecko) Version/4.0 Chrome/123.0.6312.118 Mobile Safari/537.36"
117.99.249.170 - - [23/Apr/2024:14:24:20 +0000] "GET /assets/js/lib/jquery-ui.min.js HTTP/1.1" 200 67864 "https://hp.himachaltravelguide.in/?gclid=EAIaIQobChMIv7O498TYhQMVHBS3AB1JbgkiEAEYASAAEgLInfD_BwE" "Mozilla/5.0 (Linux; Android 12; Redmi Note 9 Pro Max Build/SKQ1.211019.001; wv) AppleWebKit/537.36 (KHTML, like Gecko) Version/4.0 Chrome/123.0.6312.118 Mobile Safari/537.36"
117.99.249.170 - - [23/Apr/2024:14:24:20 +0000] "GET /assets/js/lib/jquery.fancybox.min.js HTTP/1.1" 200 19503 "https://hp.himachaltravelguide.in/?gclid=EAIaIQobChMIv7O498TYhQMVHBS3AB1JbgkiEAEYASAAEgLInfD_BwE" "Mozilla/5.0 (Linux; Android 12; Redmi Note 9 Pro Max Build/SKQ1.211019.001; wv) AppleWebKit/537.36 (KHTML, like Gecko) Version/4.0 Chrome/123.0.6312.118 Mobile Safari/537.36"
117.99.249.170 - - [23/Apr/2024:14:24:20 +0000] "GET /assets/js/lib/bootstrap/bootstrap.min.js HTTP/1.1" 200 16560 "https://hp.himachaltravelguide.in/?gclid=EAIaIQobChMIv7O498TYhQMVHBS3AB1JbgkiEAEYASAAEgLInfD_BwE" "Mozilla/5.0 (Linux; Android 12; Redmi Note 9 Pro Max Build/SKQ1.211019.001; wv) AppleWebKit/537.36 (KHTML, like Gecko) Version/4.0 Chrome/123.0.6312.118 Mobile Safari/537.36"
106.216.238.148 - - [23/Apr/2024:14:24:20 +0000] "GET /?gclid=EAIaIQobChMIxIfv2sTYhQMV7FoIBB3CkgDhEAEYASAAEgI6_vD_BwE HTTP/1.1" 200 11239 "-" "Mozilla/5.0 (Linux; Android 10; K) AppleWebKit/537.36 (KHTML, like Gecko) Chrome/122.0.0.0 Mobile Safari/537.36"
103.68.36.155 - - [23/Apr/2024:14:24:20 +0000] "GET /assets/css/lib/simple-line-icons/css/simple-line-icons.min.css HTTP/1.1" 200 2436 "https://hp.himachaltravelguide.in/?wbraid=ClUKCAjwlZixBhAhEkUAANDC1xo_A_7EQTWrfdD-IC3jxYkWLr6cQPRxUYvPHY01ghxMSbSmEbDKzJ3MTdRaFC3uSG9S8SbtS_MDO9Z1SgbN8zAaAr8K" "Mozilla/5.0 (iPhone; CPU iPhone OS 17_4_1 like Mac OS X) AppleWebKit/605.1.15 (KHTML, like Gecko) Version/17.4.1 Mobile/15E148 Safari/604.1"
157.48.251.186 - - [23/Apr/2024:14:24:20 +0000] "GET /assets/css/lib/simple-line-icons/fonts/Simple-Line-Iconsb26c.woff2?v=2.4.0 HTTP/1.1" 200 30064 "https://hp.himachaltravelguide.in/assets/css/lib/simple-line-icons/css/simple-line-icons.min.css" "Mozilla/5.0 (Linux; Android 10; K) AppleWebKit/537.36 (KHTML, like Gecko) Chrome/118.0.0.0 Mobile Safari/537.36"
157.48.251.186 - - [23/Apr/2024:14:24:20 +0000] "GET /assets/images/background/pattern-3.jpg HTTP/1.1" 200 15213 "https://hp.himachaltravelguide.in/?gclid=CjwKCAjwuJ2xBhA3EiwAMVjkVHIj4ufSZvbSerHC6QPvWXay-foKOW77EQP2_IrbmYMRFumHJXe3YhoCr74QAvD_BwE" "Mozilla/5.0 (Linux; Android 10; K) AppleWebKit/537.36 (KHTML, like Gecko) Chrome/118.0.0.0 Mobile Safari/537.36"
49.35.242.71 - - [23/Apr/2024:14:24:20 +0000] "GET /assets/css/lib/simple-line-icons/fonts/Simple-Line-Iconsb26c.woff2?v=2.4.0 HTTP/1.1" 200 30064 "https://hp.himachaltravelguide.in/assets/css/lib/simple-line-icons/css/simple-line-icons.min.css" "Mozilla/5.0 (Linux; Android 10; K) AppleWebKit/537.36 (KHTML, like Gecko) Chrome/123.0.0.0 Mobile Safari/537.36"
110.225.92.64 - - [23/Apr/2024:14:24:20 +0000] "GET /assets/css/lib/fontawesome/css/brands.css HTTP/1.1" 200 4928 "https://hp.himachaltravelguide.in/?gclid=CjwKCAjwuJ2xBhA3EiwAMVjkVGm9aGDASzI46o9FDkaIdRvrEBIg8LRjE585lzDPqdjvfsSH2l7F4BoCXKwQAvD_BwE" "Mozilla/5.0 (Linux; Android 10; K) AppleWebKit/537.36 (KHTML, like Gecko) Chrome/123.0.0.0 Mobile Safari/537.36"
117.99.249.170 - - [23/Apr/2024:14:24:20 +0000] "GET /assets/fonts/Gilroy/Gilroy-Bold.woff HTTP/1.1" 200 64096 "https://hp.himachaltravelguide.in/assets/css/sections/fonts.css" "Mozilla/5.0 (Linux; Android 12; Redmi Note 9 Pro Max Build/SKQ1.211019.001; wv) AppleWebKit/537.36 (KHTML, like Gecko) Version/4.0 Chrome/123.0.6312.118 Mobile Safari/537.36"
110.225.92.64 - - [23/Apr/2024:14:24:20 +0000] "GET /assets/css/lib/fontawesome/css/solid.css HTTP/1.1" 200 353 "https://hp.himachaltravelguide.in/?gclid=CjwKCAjwuJ2xBhA3EiwAMVjkVGm9aGDASzI46o9FDkaIdRvrEBIg8LRjE585lzDPqdjvfsSH2l7F4BoCXKwQAvD_BwE" "Mozilla/5.0 (Linux; Android 10; K) AppleWebKit/537.36 (KHTML, like Gecko) Chrome/123.0.0.0 Mobile Safari/537.36"
110.225.92.64 - - [23/Apr/2024:14:24:20 +0000] "GET /assets/css/lib/simple-line-icons/css/simple-line-icons.min.css HTTP/1.1" 200 2436 "https://hp.himachaltravelguide.in/?gclid=CjwKCAjwuJ2xBhA3EiwAMVjkVGm9aGDASzI46o9FDkaIdRvrEBIg8LRjE585lzDPqdjvfsSH2l7F4BoCXKwQAvD_BwE" "Mozilla/5.0 (Linux; Android 10; K) AppleWebKit/537.36 (KHTML, like Gecko) Chrome/123.0.0.0 Mobile Safari/537.36"
117.214.125.14 - - [23/Apr/2024:14:24:20 +0000] "GET /assets/css/lib/fontawesome/css/solid.css HTTP/1.1" 200 353 "https://hp.himachaltravelguide.in/?wbraid=ClUKCAjwlZixBhAhEkUAANDC1xo_A_7EQTWrfdD-IC3jxYkWLr6cQPRxUYvPHY01ghxMSbSmEbDKzJ3MTdRaFC3uSG9S8SbtS_MDO9Z1SgbN8zAaAr8K" "Mozilla/5.0 (iPhone; CPU iPhone OS 17_4_1 like Mac OS X) AppleWebKit/605.1.15 (KHTML, like Gecko) Version/17.4.1 Mobile/15E148 Safari/604.1"
110.225.92.64 - - [23/Apr/2024:14:24:20 +0000] "GET /assets/css/lib/animate.min.css HTTP/1.1" 200 4148 "https://hp.himachaltravelguide.in/?gclid=CjwKCAjwuJ2xBhA3EiwAMVjkVGm9aGDASzI46o9FDkaIdRvrEBIg8LRjE585lzDPqdjvfsSH2l7F4BoCXKwQAvD_BwE" "Mozilla/5.0 (Linux; Android 10; K) AppleWebKit/537.36 (KHTML, like Gecko) Chrome/123.0.0.0 Mobile Safari/537.36"
103.68.36.155 - - [23/Apr/2024:14:24:20 +0000] "GET /assets/css/lib/swiper.min.css HTTP/1.1" 200 4593 "https://hp.himachaltravelguide.in/?wbraid=ClUKCAjwlZixBhAhEkUAANDC1xo_A_7EQTWrfdD-IC3jxYkWLr6cQPRxUYvPHY01ghxMSbSmEbDKzJ3MTdRaFC3uSG9S8SbtS_MDO9Z1SgbN8zAaAr8K" "Mozilla/5.0 (iPhone; CPU iPhone OS 17_4_1 like Mac OS X) AppleWebKit/605.1.15 (KHTML, like Gecko) Version/17.4.1 Mobile/15E148 Safari/604.1"
110.225.92.64 - - [23/Apr/2024:14:24:20 +0000] "GET /assets/css/lib/slick.min.css HTTP/1.1" 200 516 "https://hp.himachaltravelguide.in/?gclid=CjwKCAjwuJ2xBhA3EiwAMVjkVGm9aGDASzI46o9FDkaIdRvrEBIg8LRjE585lzDPqdjvfsSH2l7F4BoCXKwQAvD_BwE" "Mozilla/5.0 (Linux; Android 10; K) AppleWebKit/537.36 (KHTML, like Gecko) Chrome/123.0.0.0 Mobile Safari/537.36"
106.216.238.148 - - [23/Apr/2024:14:24:20 +0000] "GET /assets/css/lib/bootstrap/bootstrap.min.css HTTP/1.1" 200 31138 "https://hp.himachaltravelguide.in/?gclid=EAIaIQobChMIxIfv2sTYhQMV7FoIBB3CkgDhEAEYASAAEgI6_vD_BwE" "Mozilla/5.0 (Linux; Android 10; K) AppleWebKit/537.36 (KHTML, like Gecko) Chrome/122.0.0.0 Mobile Safari/537.36"
110.225.92.64 - - [23/Apr/2024:14:24:20 +0000] "GET /assets/css/lib/swiper.min.css HTTP/1.1" 200 4593 "https://hp.himachaltravelguide.in/?gclid=CjwKCAjwuJ2xBhA3EiwAMVjkVGm9aGDASzI46o9FDkaIdRvrEBIg8LRjE585lzDPqdjvfsSH2l7F4BoCXKwQAvD_BwE" "Mozilla/5.0 (Linux; Android 10; K) AppleWebKit/537.36 (KHTML, like Gecko) Chrome/123.0.0.0 Mobile Safari/537.36"
117.214.125.14 - - [23/Apr/2024:14:24:20 +0000] "GET /assets/css/lib/slick.min.css HTTP/1.1" 200 516 "https://hp.himachaltravelguide.in/?wbraid=ClUKCAjwlZixBhAhEkUAANDC1xo_A_7EQTWrfdD-IC3jxYkWLr6cQPRxUYvPHY01ghxMSbSmEbDKzJ3MTdRaFC3uSG9S8SbtS_MDO9Z1SgbN8zAaAr8K" "Mozilla/5.0 (iPhone; CPU iPhone OS 17_4_1 like Mac OS X) AppleWebKit/605.1.15 (KHTML, like Gecko) Version/17.4.1 Mobile/15E148 Safari/604.1"
117.214.125.14 - - [23/Apr/2024:14:24:20 +0000] "GET /assets/css/lib/fontawesome/css/brands.css HTTP/1.1" 200 4928 "https://hp.himachaltravelguide.in/?wbraid=ClUKCAjwlZixBhAhEkUAANDC1xo_A_7EQTWrfdD-IC3jxYkWLr6cQPRxUYvPHY01ghxMSbSmEbDKzJ3MTdRaFC3uSG9S8SbtS_MDO9Z1SgbN8zAaAr8K" "Mozilla/5.0 (iPhone; CPU iPhone OS 17_4_1 like Mac OS X) AppleWebKit/605.1.15 (KHTML, like Gecko) Version/17.4.1 Mobile/15E148 Safari/604.1"
110.225.92.64 - - [23/Apr/2024:14:24:20 +0000] "GET /assets/css/lib/jquery-ui.min.css HTTP/1.1" 200 7629 "https://hp.himachaltravelguide.in/?gclid=CjwKCAjwuJ2xBhA3EiwAMVjkVGm9aGDASzI46o9FDkaIdRvrEBIg8LRjE585lzDPqdjvfsSH2l7F4BoCXKwQAvD_BwE" "Mozilla/5.0 (Linux; Android 10; K) AppleWebKit/537.36 (KHTML, like Gecko) Chrome/123.0.0.0 Mobile Safari/537.36"
27.59.76.156 - - [23/Apr/2024:14:24:20 +0000] "GET /assets/js/lib/jquery.min.js HTTP/1.1" 200 33815 "https://hp.himachaltravelguide.in/?gclid=CjwKCAjwuJ2xBhA3EiwAMVjkVEhPuyLcBV8f8PHSeR9R7yGunpgWzQTrQ80xuoIwYAOHFil2p7gjiRoCeOYQAvD_BwE" "Mozilla/5.0 (Linux; Android 10; K) AppleWebKit/537.36 (KHTML, like Gecko) Chrome/123.0.0.0 Mobile Safari/537.36"
103.68.36.155 - - [23/Apr/2024:14:24:20 +0000] "GET /assets/css/lib/jquery.fancybox.min.css HTTP/1.1" 200 3167 "https://hp.himachaltravelguide.in/?wbraid=ClUKCAjwlZixBhAhEkUAANDC1xo_A_7EQTWrfdD-IC3jxYkWLr6cQPRxUYvPHY01ghxMSbSmEbDKzJ3MTdRaFC3uSG9S8SbtS_MDO9Z1SgbN8zAaAr8K" "Mozilla/5.0 (iPhone; CPU iPhone OS 17_4_1 like Mac OS X) AppleWebKit/605.1.15 (KHTML, like Gecko) Version/17.4.1 Mobile/15E148 Safari/604.1"
117.214.125.14 - - [23/Apr/2024:14:24:20 +0000] "GET /assets/css/lib/jquery-ui.min.css HTTP/1.1" 200 7629 "https://hp.himachaltravelguide.in/?wbraid=ClUKCAjwlZixBhAhEkUAANDC1xo_A_7EQTWrfdD-IC3jxYkWLr6cQPRxUYvPHY01ghxMSbSmEbDKzJ3MTdRaFC3uSG9S8SbtS_MDO9Z1SgbN8zAaAr8K" "Mozilla/5.0 (iPhone; CPU iPhone OS 17_4_1 like Mac OS X) AppleWebKit/605.1.15 (KHTML, like Gecko) Version/17.4.1 Mobile/15E148 Safari/604.1"
117.214.125.14 - - [23/Apr/2024:14:24:20 +0000] "GET /assets/css/custom-animate.css HTTP/1.1" 200 1880 "https://hp.himachaltravelguide.in/?wbraid=ClUKCAjwlZixBhAhEkUAANDC1xo_A_7EQTWrfdD-IC3jxYkWLr6cQPRxUYvPHY01ghxMSbSmEbDKzJ3MTdRaFC3uSG9S8SbtS_MDO9Z1SgbN8zAaAr8K" "Mozilla/5.0 (iPhone; CPU iPhone OS 17_4_1 like Mac OS X) AppleWebKit/605.1.15 (KHTML, like Gecko) Version/17.4.1 Mobile/15E148 Safari/604.1"
117.214.125.14 - - [23/Apr/2024:14:24:20 +0000] "GET /assets/css/style.css HTTP/1.1" 200 23571 "https://hp.himachaltravelguide.in/?wbraid=ClUKCAjwlZixBhAhEkUAANDC1xo_A_7EQTWrfdD-IC3jxYkWLr6cQPRxUYvPHY01ghxMSbSmEbDKzJ3MTdRaFC3uSG9S8SbtS_MDO9Z1SgbN8zAaAr8K" "Mozilla/5.0 (iPhone; CPU iPhone OS 17_4_1 like Mac OS X) AppleWebKit/605.1.15 (KHTML, like Gecko) Version/17.4.1 Mobile/15E148 Safari/604.1"
27.59.76.156 - - [23/Apr/2024:14:24:20 +0000] "GET /assets/js/lib/popper.min.js HTTP/1.1" 200 7519 "https://hp.himachaltravelguide.in/?gclid=CjwKCAjwuJ2xBhA3EiwAMVjkVEhPuyLcBV8f8PHSeR9R7yGunpgWzQTrQ80xuoIwYAOHFil2p7gjiRoCeOYQAvD_BwE" "Mozilla/5.0 (Linux; Android 10; K) AppleWebKit/537.36 (KHTML, like Gecko) Chrome/123.0.0.0 Mobile Safari/537.36"
117.214.125.14 - - [23/Apr/2024:14:24:20 +0000] "GET /assets/css/responsive.css HTTP/1.1" 200 3920 "https://hp.himachaltravelguide.in/?wbraid=ClUKCAjwlZixBhAhEkUAANDC1xo_A_7EQTWrfdD-IC3jxYkWLr6cQPRxUYvPHY01ghxMSbSmEbDKzJ3MTdRaFC3uSG9S8SbtS_MDO9Z1SgbN8zAaAr8K" "Mozilla/5.0 (iPhone; CPU iPhone OS 17_4_1 like Mac OS X) AppleWebKit/605.1.15 (KHTML, like Gecko) Version/17.4.1 Mobile/15E148 Safari/604.1"
110.225.92.64 - - [23/Apr/2024:14:24:20 +0000] "GET /assets/css/lib/jquery.fancybox.min.css HTTP/1.1" 200 3167 "https://hp.himachaltravelguide.in/?gclid=CjwKCAjwuJ2xBhA3EiwAMVjkVGm9aGDASzI46o9FDkaIdRvrEBIg8LRjE585lzDPqdjvfsSH2l7F4BoCXKwQAvD_BwE" "Mozilla/5.0 (Linux; Android 10; K) AppleWebKit/537.36 (KHTML, like Gecko) Chrome/123.0.0.0 Mobile Safari/537.36"
27.59.76.156 - - [23/Apr/2024:14:24:20 +0000] "GET /assets/js/lib/bootstrap/bootstrap.min.js HTTP/1.1" 200 16560 "https://hp.himachaltravelguide.in/?gclid=CjwKCAjwuJ2xBhA3EiwAMVjkVEhPuyLcBV8f8PHSeR9R7yGunpgWzQTrQ80xuoIwYAOHFil2p7gjiRoCeOYQAvD_BwE" "Mozilla/5.0 (Linux; Android 10; K) AppleWebKit/537.36 (KHTML, like Gecko) Chrome/123.0.0.0 Mobile Safari/537.36"
106.216.238.148 - - [23/Apr/2024:14:24:20 +0000] "GET /assets/css/lib/fontawesome/css/fontawesome.min.css HTTP/1.1" 200 17422 "https://hp.himachaltravelguide.in/?gclid=EAIaIQobChMIxIfv2sTYhQMV7FoIBB3CkgDhEAEYASAAEgI6_vD_BwE" "Mozilla/5.0 (Linux; Android 10; K) AppleWebKit/537.36 (KHTML, like Gecko) Chrome/122.0.0.0 Mobile Safari/537.36"
106.216.238.148 - - [23/Apr/2024:14:24:20 +0000] "GET /assets/css/lib/fontawesome/css/brands.css HTTP/1.1" 200 4928 "https://hp.himachaltravelguide.in/?gclid=EAIaIQobChMIxIfv2sTYhQMV7FoIBB3CkgDhEAEYASAAEgI6_vD_BwE" "Mozilla/5.0 (Linux; Android 10; K) AppleWebKit/537.36 (KHTML, like Gecko) Chrome/122.0.0.0 Mobile Safari/537.36"
106.216.238.148 - - [23/Apr/2024:14:24:20 +0000] "GET /assets/css/lib/fontawesome/css/solid.css HTTP/1.1" 200 353 "https://hp.himachaltravelguide.in/?gclid=EAIaIQobChMIxIfv2sTYhQMV7FoIBB3CkgDhEAEYASAAEgI6_vD_BwE" "Mozilla/5.0 (Linux; Android 10; K) AppleWebKit/537.36 (KHTML, like Gecko) Chrome/122.0.0.0 Mobile Safari/537.36"
106.216.238.148 - - [23/Apr/2024:14:24:20 +0000] "GET /assets/css/lib/simple-line-icons/css/simple-line-icons.min.css HTTP/1.1" 200 2436 "https://hp.himachaltravelguide.in/?gclid=EAIaIQobChMIxIfv2sTYhQMV7FoIBB3CkgDhEAEYASAAEgI6_vD_BwE" "Mozilla/5.0 (Linux; Android 10; K) AppleWebKit/537.36 (KHTML, like Gecko) Chrome/122.0.0.0 Mobile Safari/537.36"
110.225.92.64 - - [23/Apr/2024:14:24:20 +0000] "GET /assets/css/responsive.css HTTP/1.1" 200 3920 "https://hp.himachaltravelguide.in/?gclid=CjwKCAjwuJ2xBhA3EiwAMVjkVGm9aGDASzI46o9FDkaIdRvrEBIg8LRjE585lzDPqdjvfsSH2l7F4BoCXKwQAvD_BwE" "Mozilla/5.0 (Linux; Android 10; K) AppleWebKit/537.36 (KHTML, like Gecko) Chrome/123.0.0.0 Mobile Safari/537.36"
27.59.76.156 - - [23/Apr/2024:14:24:20 +0000] "GET /assets/js/lib/jquery-ui.min.js HTTP/1.1" 200 67864 "https://hp.himachaltravelguide.in/?gclid=CjwKCAjwuJ2xBhA3EiwAMVjkVEhPuyLcBV8f8PHSeR9R7yGunpgWzQTrQ80xuoIwYAOHFil2p7gjiRoCeOYQAvD_BwE" "Mozilla/5.0 (Linux; Android 10; K) AppleWebKit/537.36 (KHTML, like Gecko) Chrome/123.0.0.0 Mobile Safari/537.36"
110.225.92.64 - - [23/Apr/2024:14:24:20 +0000] "GET /assets/css/custom-animate.css HTTP/1.1" 200 1880 "https://hp.himachaltravelguide.in/?gclid=CjwKCAjwuJ2xBhA3EiwAMVjkVGm9aGDASzI46o9FDkaIdRvrEBIg8LRjE585lzDPqdjvfsSH2l7F4BoCXKwQAvD_BwE" "Mozilla/5.0 (Linux; Android 10; K) AppleWebKit/537.36 (KHTML, like Gecko) Chrome/123.0.0.0 Mobile Safari/537.36"
110.225.92.64 - - [23/Apr/2024:14:24:20 +0000] "GET /assets/images/tripperHubpng%201.png HTTP/1.1" 200 18158 "https://hp.himachaltravelguide.in/?gclid=CjwKCAjwuJ2xBhA3EiwAMVjkVGm9aGDASzI46o9FDkaIdRvrEBIg8LRjE585lzDPqdjvfsSH2l7F4BoCXKwQAvD_BwE" "Mozilla/5.0 (Linux; Android 10; K) AppleWebKit/537.36 (KHTML, like Gecko) Chrome/123.0.0.0 Mobile Safari/537.36"
106.216.238.148 - - [23/Apr/2024:14:24:20 +0000] "GET /assets/css/lib/animate.min.css HTTP/1.1" 200 4148 "https://hp.himachaltravelguide.in/?gclid=EAIaIQobChMIxIfv2sTYhQMV7FoIBB3CkgDhEAEYASAAEgI6_vD_BwE" "Mozilla/5.0 (Linux; Android 10; K) AppleWebKit/537.36 (KHTML, like Gecko) Chrome/122.0.0.0 Mobile Safari/537.36"
27.59.76.156 - - [23/Apr/2024:14:24:20 +0000] "GET /assets/js/lib/jquery.fancybox.min.js HTTP/1.1" 200 19503 "https://hp.himachaltravelguide.in/?gclid=CjwKCAjwuJ2xBhA3EiwAMVjkVEhPuyLcBV8f8PHSeR9R7yGunpgWzQTrQ80xuoIwYAOHFil2p7gjiRoCeOYQAvD_BwE" "Mozilla/5.0 (Linux; Android 10; K) AppleWebKit/537.36 (KHTML, like Gecko) Chrome/123.0.0.0 Mobile Safari/537.36"
110.225.92.64 - - [23/Apr/2024:14:24:20 +0000] "GET /assets/css/style.css HTTP/1.1" 200 23571 "https://hp.himachaltravelguide.in/?gclid=CjwKCAjwuJ2xBhA3EiwAMVjkVGm9aGDASzI46o9FDkaIdRvrEBIg8LRjE585lzDPqdjvfsSH2l7F4BoCXKwQAvD_BwE" "Mozilla/5.0 (Linux; Android 10; K) AppleWebKit/537.36 (KHTML, like Gecko) Chrome/123.0.0.0 Mobile Safari/537.36"
49.42.33.44 - - [23/Apr/2024:14:24:20 +0000] "GET /assets/js/lib/wow.min.js HTTP/1.1" 200 2826 "https://hp.himachaltravelguide.in/?gclid=EAIaIQobChMI_ZKt2cTYhQMVF6ymBB2RRA2UEAEYASAAEgKbI_D_BwE" "Mozilla/5.0 (Linux; Android 10; K) AppleWebKit/537.36 (KHTML, like Gecko) Chrome/123.0.0.0 Mobile Safari/537.36"
27.59.76.156 - - [23/Apr/2024:14:24:20 +0000] "GET /assets/js/lib/isotope.min.js HTTP/1.1" 200 10201 "https://hp.himachaltravelguide.in/?gclid=CjwKCAjwuJ2xBhA3EiwAMVjkVEhPuyLcBV8f8PHSeR9R7yGunpgWzQTrQ80xuoIwYAOHFil2p7gjiRoCeOYQAvD_BwE" "Mozilla/5.0 (Linux; Android 10; K) AppleWebKit/537.36 (KHTML, like Gecko) Chrome/123.0.0.0 Mobile Safari/537.36"
117.214.125.14 - - [23/Apr/2024:14:24:20 +0000] "GET /assets/js/lib/popper.min.js HTTP/1.1" 200 7519 "https://hp.himachaltravelguide.in/?wbraid=ClUKCAjwlZixBhAhEkUAANDC1xo_A_7EQTWrfdD-IC3jxYkWLr6cQPRxUYvPHY01ghxMSbSmEbDKzJ3MTdRaFC3uSG9S8SbtS_MDO9Z1SgbN8zAaAr8K" "Mozilla/5.0 (iPhone; CPU iPhone OS 17_4_1 like Mac OS X) AppleWebKit/605.1.15 (KHTML, like Gecko) Version/17.4.1 Mobile/15E148 Safari/604.1"
106.216.238.148 - - [23/Apr/2024:14:24:20 +0000] "GET /assets/css/lib/slick.min.css HTTP/1.1" 200 516 "https://hp.himachaltravelguide.in/?gclid=EAIaIQobChMIxIfv2sTYhQMV7FoIBB3CkgDhEAEYASAAEgI6_vD_BwE" "Mozilla/5.0 (Linux; Android 10; K) AppleWebKit/537.36 (KHTML, like Gecko) Chrome/122.0.0.0 Mobile Safari/537.36"
110.225.92.64 - - [23/Apr/2024:14:24:20 +0000] "GET /assets/images/icons/menu-icon.svg HTTP/1.1" 200 305 "https://hp.himachaltravelguide.in/?gclid=CjwKCAjwuJ2xBhA3EiwAMVjkVGm9aGDASzI46o9FDkaIdRvrEBIg8LRjE585lzDPqdjvfsSH2l7F4BoCXKwQAvD_BwE" "Mozilla/5.0 (Linux; Android 10; K) AppleWebKit/537.36 (KHTML, like Gecko) Chrome/123.0.0.0 Mobile Safari/537.36"
103.68.36.155 - - [23/Apr/2024:14:24:20 +0000] "GET /assets/js/lib/jquery.min.js HTTP/1.1" 200 33815 "https://hp.himachaltravelguide.in/?wbraid=ClUKCAjwlZixBhAhEkUAANDC1xo_A_7EQTWrfdD-IC3jxYkWLr6cQPRxUYvPHY01ghxMSbSmEbDKzJ3MTdRaFC3uSG9S8SbtS_MDO9Z1SgbN8zAaAr8K" "Mozilla/5.0 (iPhone; CPU iPhone OS 17_4_1 like Mac OS X) AppleWebKit/605.1.15 (KHTML, like Gecko) Version/17.4.1 Mobile/15E148 Safari/604.1"
47.29.60.235 - - [23/Apr/2024:14:24:20 +0000] "GET /assets/images/elements/yellow-4.png HTTP/1.1" 200 646 "https://hp.himachaltravelguide.in/?gclid=CjwKCAjwuJ2xBhA3EiwAMVjkVHd5qznfTrz8UW7MaIAkt1_gMllCU9fDM-Kiu47ineJ45OV8MpWHtRoCTu4QAvD_BwE" "Mozilla/5.0 (Linux; Android 10; K) AppleWebKit/537.36 (KHTML, like Gecko) Chrome/123.0.0.0 Mobile Safari/537.36"
27.59.76.156 - - [23/Apr/2024:14:24:20 +0000] "GET /assets/js/lib/slick.min.js HTTP/1.1" 200 10680 "https://hp.himachaltravelguide.in/?gclid=CjwKCAjwuJ2xBhA3EiwAMVjkVEhPuyLcBV8f8PHSeR9R7yGunpgWzQTrQ80xuoIwYAOHFil2p7gjiRoCeOYQAvD_BwE" "Mozilla/5.0 (Linux; Android 10; K) AppleWebKit/537.36 (KHTML, like Gecko) Chrome/123.0.0.0 Mobile Safari/537.36"
106.216.238.148 - - [23/Apr/2024:14:24:20 +0000] "GET /assets/css/lib/swiper.min.css HTTP/1.1" 200 4593 "https://hp.himachaltravelguide.in/?gclid=EAIaIQobChMIxIfv2sTYhQMV7FoIBB3CkgDhEAEYASAAEgI6_vD_BwE" "Mozilla/5.0 (Linux; Android 10; K) AppleWebKit/537.36 (KHTML, like Gecko) Chrome/122.0.0.0 Mobile Safari/537.36"
106.216.238.148 - - [23/Apr/2024:14:24:20 +0000] "GET /assets/css/lib/jquery-ui.min.css HTTP/1.1" 200 7629 "https://hp.himachaltravelguide.in/?gclid=EAIaIQobChMIxIfv2sTYhQMV7FoIBB3CkgDhEAEYASAAEgI6_vD_BwE" "Mozilla/5.0 (Linux; Android 10; K) AppleWebKit/537.36 (KHTML, like Gecko) Chrome/122.0.0.0 Mobile Safari/537.36"
117.214.125.14 - - [23/Apr/2024:14:24:20 +0000] "GET /assets/js/lib/bootstrap/bootstrap.min.js HTTP/1.1" 200 16560 "https://hp.himachaltravelguide.in/?wbraid=ClUKCAjwlZixBhAhEkUAANDC1xo_A_7EQTWrfdD-IC3jxYkWLr6cQPRxUYvPHY01ghxMSbSmEbDKzJ3MTdRaFC3uSG9S8SbtS_MDO9Z1SgbN8zAaAr8K" "Mozilla/5.0 (iPhone; CPU iPhone OS 17_4_1 like Mac OS X) AppleWebKit/605.1.15 (KHTML, like Gecko) Version/17.4.1 Mobile/15E148 Safari/604.1"
157.48.251.186 - - [23/Apr/2024:14:24:20 +0000] "GET /assets/images/resources/misc/man-orange-bag.png HTTP/1.1" 200 114524 "https://hp.himachaltravelguide.in/?gclid=CjwKCAjwuJ2xBhA3EiwAMVjkVHIj4ufSZvbSerHC6QPvWXay-foKOW77EQP2_IrbmYMRFumHJXe3YhoCr74QAvD_BwE" "Mozilla/5.0 (Linux; Android 10; K) AppleWebKit/537.36 (KHTML, like Gecko) Chrome/118.0.0.0 Mobile Safari/537.36"
117.214.125.14 - - [23/Apr/2024:14:24:20 +0000] "GET /assets/js/lib/jquery-ui.min.js HTTP/1.1" 200 67864 "https://hp.himachaltravelguide.in/?wbraid=ClUKCAjwlZixBhAhEkUAANDC1xo_A_7EQTWrfdD-IC3jxYkWLr6cQPRxUYvPHY01ghxMSbSmEbDKzJ3MTdRaFC3uSG9S8SbtS_MDO9Z1SgbN8zAaAr8K" "Mozilla/5.0 (iPhone; CPU iPhone OS 17_4_1 like Mac OS X) AppleWebKit/605.1.15 (KHTML, like Gecko) Version/17.4.1 Mobile/15E148 Safari/604.1"
106.216.238.148 - - [23/Apr/2024:14:24:20 +0000] "GET /assets/css/lib/jquery.fancybox.min.css HTTP/1.1" 200 3167 "https://hp.himachaltravelguide.in/?gclid=EAIaIQobChMIxIfv2sTYhQMV7FoIBB3CkgDhEAEYASAAEgI6_vD_BwE" "Mozilla/5.0 (Linux; Android 10; K) AppleWebKit/537.36 (KHTML, like Gecko) Chrome/122.0.0.0 Mobile Safari/537.36"
106.216.238.148 - - [23/Apr/2024:14:24:20 +0000] "GET /assets/css/custom-animate.css HTTP/1.1" 200 1880 "https://hp.himachaltravelguide.in/?gclid=EAIaIQobChMIxIfv2sTYhQMV7FoIBB3CkgDhEAEYASAAEgI6_vD_BwE" "Mozilla/5.0 (Linux; Android 10; K) AppleWebKit/537.36 (KHTML, like Gecko) Chrome/122.0.0.0 Mobile Safari/537.36"
106.216.238.148 - - [23/Apr/2024:14:24:20 +0000] "GET /assets/css/style.css HTTP/1.1" 200 23571 "https://hp.himachaltravelguide.in/?gclid=EAIaIQobChMIxIfv2sTYhQMV7FoIBB3CkgDhEAEYASAAEgI6_vD_BwE" "Mozilla/5.0 (Linux; Android 10; K) AppleWebKit/537.36 (KHTML, like Gecko) Chrome/122.0.0.0 Mobile Safari/537.36"
106.216.238.148 - - [23/Apr/2024:14:24:20 +0000] "GET /assets/css/responsive.css HTTP/1.1" 200 3920 "https://hp.himachaltravelguide.in/?gclid=EAIaIQobChMIxIfv2sTYhQMV7FoIBB3CkgDhEAEYASAAEgI6_vD_BwE" "Mozilla/5.0 (Linux; Android 10; K) AppleWebKit/537.36 (KHTML, like Gecko) Chrome/122.0.0.0 Mobile Safari/537.36"
27.59.76.156 - - [23/Apr/2024:14:24:20 +0000] "GET /assets/js/lib/appear.min.js HTTP/1.1" 200 784 "https://hp.himachaltravelguide.in/?gclid=CjwKCAjwuJ2xBhA3EiwAMVjkVEhPuyLcBV8f8PHSeR9R7yGunpgWzQTrQ80xuoIwYAOHFil2p7gjiRoCeOYQAvD_BwE" "Mozilla/5.0 (Linux; Android 10; K) AppleWebKit/537.36 (KHTML, like Gecko) Chrome/123.0.0.0 Mobile Safari/537.36"
117.214.125.14 - - [23/Apr/2024:14:24:20 +0000] "GET /assets/js/lib/jquery.fancybox.min.js HTTP/1.1" 200 19503 "https://hp.himachaltravelguide.in/?wbraid=ClUKCAjwlZixBhAhEkUAANDC1xo_A_7EQTWrfdD-IC3jxYkWLr6cQPRxUYvPHY01ghxMSbSmEbDKzJ3MTdRaFC3uSG9S8SbtS_MDO9Z1SgbN8zAaAr8K" "Mozilla/5.0 (iPhone; CPU iPhone OS 17_4_1 like Mac OS X) AppleWebKit/605.1.15 (KHTML, like Gecko) Version/17.4.1 Mobile/15E148 Safari/604.1"
106.216.238.148 - - [23/Apr/2024:14:24:20 +0000] "GET /assets/images/tripperHubpng%201.png HTTP/1.1" 200 18158 "https://hp.himachaltravelguide.in/?gclid=EAIaIQobChMIxIfv2sTYhQMV7FoIBB3CkgDhEAEYASAAEgI6_vD_BwE" "Mozilla/5.0 (Linux; Android 10; K) AppleWebKit/537.36 (KHTML, like Gecko) Chrome/122.0.0.0 Mobile Safari/537.36"
27.59.76.156 - - [23/Apr/2024:14:24:20 +0000] "GET /assets/js/lib/wow.min.js HTTP/1.1" 200 2826 "https://hp.himachaltravelguide.in/?gclid=CjwKCAjwuJ2xBhA3EiwAMVjkVEhPuyLcBV8f8PHSeR9R7yGunpgWzQTrQ80xuoIwYAOHFil2p7gjiRoCeOYQAvD_BwE" "Mozilla/5.0 (Linux; Android 10; K) AppleWebKit/537.36 (KHTML, like Gecko) Chrome/123.0.0.0 Mobile Safari/537.36"
106.216.238.148 - - [23/Apr/2024:14:24:20 +0000] "GET /assets/images/icons/menu-icon.svg HTTP/1.1" 200 305 "https://hp.himachaltravelguide.in/?gclid=EAIaIQobChMIxIfv2sTYhQMV7FoIBB3CkgDhEAEYASAAEgI6_vD_BwE" "Mozilla/5.0 (Linux; Android 10; K) AppleWebKit/537.36 (KHTML, like Gecko) Chrome/122.0.0.0 Mobile Safari/537.36"
27.59.76.156 - - [23/Apr/2024:14:24:20 +0000] "GET /assets/js/lib/swiper.min.js HTTP/1.1" 200 39733 "https://hp.himachaltravelguide.in/?gclid=CjwKCAjwuJ2xBhA3EiwAMVjkVEhPuyLcBV8f8PHSeR9R7yGunpgWzQTrQ80xuoIwYAOHFil2p7gjiRoCeOYQAvD_BwE" "Mozilla/5.0 (Linux; Android 10; K) AppleWebKit/537.36 (KHTML, like Gecko) Chrome/123.0.0.0 Mobile Safari/537.36"
117.214.125.14 - - [23/Apr/2024:14:24:20 +0000] "GET /assets/js/lib/slick.min.js HTTP/1.1" 200 10680 "https://hp.himachaltravelguide.in/?wbraid=ClUKCAjwlZixBhAhEkUAANDC1xo_A_7EQTWrfdD-IC3jxYkWLr6cQPRxUYvPHY01ghxMSbSmEbDKzJ3MTdRaFC3uSG9S8SbtS_MDO9Z1SgbN8zAaAr8K" "Mozilla/5.0 (iPhone; CPU iPhone OS 17_4_1 like Mac OS X) AppleWebKit/605.1.15 (KHTML, like Gecko) Version/17.4.1 Mobile/15E148 Safari/604.1"
103.68.36.155 - - [23/Apr/2024:14:24:20 +0000] "GET /assets/js/lib/isotope.min.js HTTP/1.1" 200 10201 "https://hp.himachaltravelguide.in/?wbraid=ClUKCAjwlZixBhAhEkUAANDC1xo_A_7EQTWrfdD-IC3jxYkWLr6cQPRxUYvPHY01ghxMSbSmEbDKzJ3MTdRaFC3uSG9S8SbtS_MDO9Z1SgbN8zAaAr8K" "Mozilla/5.0 (iPhone; CPU iPhone OS 17_4_1 like Mac OS X) AppleWebKit/605.1.15 (KHTML, like Gecko) Version/17.4.1 Mobile/15E148 Safari/604.1"
49.32.237.235 - - [23/Apr/2024:14:24:20 +0000] "GET /assets/images/tripperHub-white.png HTTP/1.1" 200 181946 "https://hp.himachaltravelguide.in/?gclid=CjwKCAjwuJ2xBhA3EiwAMVjkVO0eB-tlAP26vku34OF-qDlpVigSVBSFIORofvdgs77zVmOTyaGpJRoCCL8QAvD_BwE" "Mozilla/5.0 (Linux; Android 10; K) AppleWebKit/537.36 (KHTML, like Gecko) Chrome/123.0.0.0 Mobile Safari/537.36"
27.59.76.156 - - [23/Apr/2024:14:24:20 +0000] "GET /assets/js/custom-script.js HTTP/1.1" 200 3489 "https://hp.himachaltravelguide.in/?gclid=CjwKCAjwuJ2xBhA3EiwAMVjkVEhPuyLcBV8f8PHSeR9R7yGunpgWzQTrQ80xuoIwYAOHFil2p7gjiRoCeOYQAvD_BwE" "Mozilla/5.0 (Linux; Android 10; K) AppleWebKit/537.36 (KHTML, like Gecko) Chrome/123.0.0.0 Mobile Safari/537.36"
157.34.2.184 - - [23/Apr/2024:14:24:20 +0000] "GET /assets/css/lib/bootstrap/bootstrap.min.css HTTP/1.1" 200 31138 "https://hp.himachaltravelguide.in/?gclid=CjwKCAjwuJ2xBhA3EiwAMVjkVKWiyjtfnYTdTxG6TejmhVkK8oekZP5di163YaMb_64UgX_8YLq_TxoCQPsQAvD_BwE" "Mozilla/5.0 (Linux; Android 10; K) AppleWebKit/537.36 (KHTML, like Gecko) Chrome/123.0.0.0 Mobile Safari/537.36"
106.216.238.148 - - [23/Apr/2024:14:24:20 +0000] "GET /assets/css/sections/variables.css HTTP/1.1" 200 474 "https://hp.himachaltravelguide.in/assets/css/style.css" "Mozilla/5.0 (Linux; Android 10; K) AppleWebKit/537.36 (KHTML, like Gecko) Chrome/122.0.0.0 Mobile Safari/537.36"
106.216.238.148 - - [23/Apr/2024:14:24:20 +0000] "GET /assets/css/sections/fonts.css HTTP/1.1" 200 319 "https://hp.himachaltravelguide.in/assets/css/style.css" "Mozilla/5.0 (Linux; Android 10; K) AppleWebKit/537.36 (KHTML, like Gecko) Chrome/122.0.0.0 Mobile Safari/537.36"
106.216.238.148 - - [23/Apr/2024:14:24:20 +0000] "GET /assets/css/sections/global-settings.css HTTP/1.1" 200 1333 "https://hp.himachaltravelguide.in/assets/css/style.css" "Mozilla/5.0 (Linux; Android 10; K) AppleWebKit/537.36 (KHTML, like Gecko) Chrome/122.0.0.0 Mobile Safari/537.36"
110.225.92.64 - - [23/Apr/2024:14:24:20 +0000] "GET /assets/css/sections/variables.css HTTP/1.1" 200 474 "https://hp.himachaltravelguide.in/assets/css/style.css" "Mozilla/5.0 (Linux; Android 10; K) AppleWebKit/537.36 (KHTML, like Gecko) Chrome/123.0.0.0 Mobile Safari/537.36"
110.225.92.64 - - [23/Apr/2024:14:24:20 +0000] "GET /assets/css/sections/global-settings.css HTTP/1.1" 200 1333 "https://hp.himachaltravelguide.in/assets/css/style.css" "Mozilla/5.0 (Linux; Android 10; K) AppleWebKit/537.36 (KHTML, like Gecko) Chrome/123.0.0.0 Mobile Safari/537.36"
117.214.125.14 - - [23/Apr/2024:14:24:20 +0000] "GET /assets/js/lib/appear.min.js HTTP/1.1" 200 784 "https://hp.himachaltravelguide.in/?wbraid=ClUKCAjwlZixBhAhEkUAANDC1xo_A_7EQTWrfdD-IC3jxYkWLr6cQPRxUYvPHY01ghxMSbSmEbDKzJ3MTdRaFC3uSG9S8SbtS_MDO9Z1SgbN8zAaAr8K" "Mozilla/5.0 (iPhone; CPU iPhone OS 17_4_1 like Mac OS X) AppleWebKit/605.1.15 (KHTML, like Gecko) Version/17.4.1 Mobile/15E148 Safari/604.1"
110.225.92.64 - - [23/Apr/2024:14:24:20 +0000] "GET /assets/css/sections/fonts.css HTTP/1.1" 200 319 "https://hp.himachaltravelguide.in/assets/css/style.css" "Mozilla/5.0 (Linux; Android 10; K) AppleWebKit/537.36 (KHTML, like Gecko) Chrome/123.0.0.0 Mobile Safari/537.36"
