223.187.14.67 - - [23/Apr/2024:14:24:35 +0000] "GET /assets/css/lib/fontawesome/css/brands.css HTTP/1.1" 200 4928 "https://hp.himachaltravelguide.in/?gclid=EAIaIQobChMIr5fX9sTYhQMVSppLBR06qg_8EAEYASAAEgJlJfD_BwE" "Mozilla/5.0 (Linux; Android 12; Infinix X677 Build/SP1A.210812.016) AppleWebKit/537.36 (KHTML, like Gecko) Version/4.0 Chrome/123.0.6312.118 Mobile Safari/537.36"
157.49.237.61 - - [23/Apr/2024:14:24:35 +0000] "GET /ManaliHoneymoonVolvoTour.html HTTP/1.1" 200 5716 "https://hp.himachaltravelguide.in/index.html" "Mozilla/5.0 (Linux; Android 9; vivo 1904 Build/PPR1.180610.011; wv) AppleWebKit/537.36 (KHTML, like Gecko) Version/4.0 Chrome/123.0.6312.40 Mobile Safari/537.36"
223.187.14.67 - - [23/Apr/2024:14:24:35 +0000] "GET /assets/css/lib/fontawesome/css/fontawesome.min.css HTTP/1.1" 200 17422 "https://hp.himachaltravelguide.in/?gclid=EAIaIQobChMIr5fX9sTYhQMVSppLBR06qg_8EAEYASAAEgJlJfD_BwE" "Mozilla/5.0 (Linux; Android 12; Infinix X677 Build/SP1A.210812.016) AppleWebKit/537.36 (KHTML, like Gecko) Version/4.0 Chrome/123.0.6312.118 Mobile Safari/537.36"
47.31.153.68 - - [23/Apr/2024:14:24:35 +0000] "GET /assets/fonts/Reey/Reey-Regular.woff HTTP/1.1" 200 79212 "https://hp.himachaltravelguide.in/assets/css/sections/fonts.css" "Mozilla/5.0 (Linux; Android 12; M2101K7AI) AppleWebKit/537.36 (KHTML, like Gecko) Chrome/103.0.0.0 Mobile Safari/537.36"
152.58.230.188 - - [23/Apr/2024:14:24:35 +0000] "GET /assets/css/sections/variables.css HTTP/1.1" 200 474 "https://hp.himachaltravelguide.in/assets/css/style.css" "Mozilla/5.0 (Linux; Android 13; V2312) AppleWebKit/537.36 (KHTML, like Gecko) Chrome/104.0.0.0 Mobile Safari/537.36"
152.58.230.188 - - [23/Apr/2024:14:24:35 +0000] "GET /assets/css/sections/global-settings.css HTTP/1.1" 200 1333 "https://hp.himachaltravelguide.in/assets/css/style.css" "Mozilla/5.0 (Linux; Android 13; V2312) AppleWebKit/537.36 (KHTML, like Gecko) Chrome/104.0.0.0 Mobile Safari/537.36"
152.58.230.188 - - [23/Apr/2024:14:24:35 +0000] "GET /assets/css/sections/fonts.css HTTP/1.1" 200 319 "https://hp.himachaltravelguide.in/assets/css/style.css" "Mozilla/5.0 (Linux; Android 13; V2312) AppleWebKit/537.36 (KHTML, like Gecko) Chrome/104.0.0.0 Mobile Safari/537.36"
223.187.14.67 - - [23/Apr/2024:14:24:35 +0000] "GET /assets/css/lib/fontawesome/css/solid.css HTTP/1.1" 200 353 "https://hp.himachaltravelguide.in/?gclid=EAIaIQobChMIr5fX9sTYhQMVSppLBR06qg_8EAEYASAAEgJlJfD_BwE" "Mozilla/5.0 (Linux; Android 12; Infinix X677 Build/SP1A.210812.016) AppleWebKit/537.36 (KHTML, like Gecko) Version/4.0 Chrome/123.0.6312.118 Mobile Safari/537.36"
223.187.14.67 - - [23/Apr/2024:14:24:35 +0000] "GET /assets/css/lib/simple-line-icons/css/simple-line-icons.min.css HTTP/1.1" 200 2436 "https://hp.himachaltravelguide.in/?gclid=EAIaIQobChMIr5fX9sTYhQMVSppLBR06qg_8EAEYASAAEgJlJfD_BwE" "Mozilla/5.0 (Linux; Android 12; Infinix X677 Build/SP1A.210812.016) AppleWebKit/537.36 (KHTML, like Gecko) Version/4.0 Chrome/123.0.6312.118 Mobile Safari/537.36"
47.31.153.68 - - [23/Apr/2024:14:24:35 +0000] "GET /assets/js/custom-script.js HTTP/1.1" 200 3489 "https://hp.himachaltravelguide.in/?gclid=EAIaIQobChMIvY_l8cTYhQMVl924CB2Xkg6JEAEYASAAEgKiRfD_BwE" "Mozilla/5.0 (Linux; Android 12; M2101K7AI) AppleWebKit/537.36 (KHTML, like Gecko) Chrome/103.0.0.0 Mobile Safari/537.36"
152.58.230.188 - - [23/Apr/2024:14:24:35 +0000] "GET /assets/js/lib/jquery.min.js HTTP/1.1" 200 33815 "https://hp.himachaltravelguide.in/?gclid=EAIaIQobChMI4Lzr38TYhQMVMgp7Bx3feQ-0EAEYASAAEgK20vD_BwE" "Mozilla/5.0 (Linux; Android 13; V2312) AppleWebKit/537.36 (KHTML, like Gecko) Chrome/104.0.0.0 Mobile Safari/537.36"
152.58.230.188 - - [23/Apr/2024:14:24:35 +0000] "GET /assets/js/lib/popper.min.js HTTP/1.1" 200 7519 "https://hp.himachaltravelguide.in/?gclid=EAIaIQobChMI4Lzr38TYhQMVMgp7Bx3feQ-0EAEYASAAEgK20vD_BwE" "Mozilla/5.0 (Linux; Android 13; V2312) AppleWebKit/537.36 (KHTML, like Gecko) Chrome/104.0.0.0 Mobile Safari/537.36"
152.58.230.188 - - [23/Apr/2024:14:24:35 +0000] "GET /assets/js/lib/bootstrap/bootstrap.min.js HTTP/1.1" 200 16560 "https://hp.himachaltravelguide.in/?gclid=EAIaIQobChMI4Lzr38TYhQMVMgp7Bx3feQ-0EAEYASAAEgK20vD_BwE" "Mozilla/5.0 (Linux; Android 13; V2312) AppleWebKit/537.36 (KHTML, like Gecko) Chrome/104.0.0.0 Mobile Safari/537.36"
152.58.230.188 - - [23/Apr/2024:14:24:35 +0000] "GET /assets/js/lib/jquery-ui.min.js HTTP/1.1" 200 67864 "https://hp.himachaltravelguide.in/?gclid=EAIaIQobChMI4Lzr38TYhQMVMgp7Bx3feQ-0EAEYASAAEgK20vD_BwE" "Mozilla/5.0 (Linux; Android 13; V2312) AppleWebKit/537.36 (KHTML, like Gecko) Chrome/104.0.0.0 Mobile Safari/537.36"
152.58.230.188 - - [23/Apr/2024:14:24:35 +0000] "GET /assets/js/lib/jquery.fancybox.min.js HTTP/1.1" 200 19503 "https://hp.himachaltravelguide.in/?gclid=EAIaIQobChMI4Lzr38TYhQMVMgp7Bx3feQ-0EAEYASAAEgK20vD_BwE" "Mozilla/5.0 (Linux; Android 13; V2312) AppleWebKit/537.36 (KHTML, like Gecko) Chrome/104.0.0.0 Mobile Safari/537.36"
152.58.230.188 - - [23/Apr/2024:14:24:35 +0000] "GET /assets/js/lib/isotope.min.js HTTP/1.1" 200 10201 "https://hp.himachaltravelguide.in/?gclid=EAIaIQobChMI4Lzr38TYhQMVMgp7Bx3feQ-0EAEYASAAEgK20vD_BwE" "Mozilla/5.0 (Linux; Android 13; V2312) AppleWebKit/537.36 (KHTML, like Gecko) Chrome/104.0.0.0 Mobile Safari/537.36"
152.58.230.188 - - [23/Apr/2024:14:24:35 +0000] "GET /assets/js/lib/slick.min.js HTTP/1.1" 200 10680 "https://hp.himachaltravelguide.in/?gclid=EAIaIQobChMI4Lzr38TYhQMVMgp7Bx3feQ-0EAEYASAAEgK20vD_BwE" "Mozilla/5.0 (Linux; Android 13; V2312) AppleWebKit/537.36 (KHTML, like Gecko) Chrome/104.0.0.0 Mobile Safari/537.36"
152.58.230.188 - - [23/Apr/2024:14:24:35 +0000] "GET /assets/js/lib/appear.min.js HTTP/1.1" 200 784 "https://hp.himachaltravelguide.in/?gclid=EAIaIQobChMI4Lzr38TYhQMVMgp7Bx3feQ-0EAEYASAAEgK20vD_BwE" "Mozilla/5.0 (Linux; Android 13; V2312) AppleWebKit/537.36 (KHTML, like Gecko) Chrome/104.0.0.0 Mobile Safari/537.36"
223.187.14.67 - - [23/Apr/2024:14:24:35 +0000] "GET /assets/css/lib/animate.min.css HTTP/1.1" 200 4148 "https://hp.himachaltravelguide.in/?gclid=EAIaIQobChMIr5fX9sTYhQMVSppLBR06qg_8EAEYASAAEgJlJfD_BwE" "Mozilla/5.0 (Linux; Android 12; Infinix X677 Build/SP1A.210812.016) AppleWebKit/537.36 (KHTML, like Gecko) Version/4.0 Chrome/123.0.6312.118 Mobile Safari/537.36"
157.49.237.61 - - [23/Apr/2024:14:24:35 +0000] "GET /assets/images/resources/thumbnails/gondola-venice-thumb.jpg HTTP/1.1" 200 18381 "https://hp.himachaltravelguide.in/ManaliHoneymoonVolvoTour.html" "Mozilla/5.0 (Linux; Android 9; vivo 1904 Build/PPR1.180610.011; wv) AppleWebKit/537.36 (KHTML, like Gecko) Version/4.0 Chrome/123.0.6312.40 Mobile Safari/537.36"
157.49.237.61 - - [23/Apr/2024:14:24:35 +0000] "GET /assets/images/resources/thumbnails/hiking-usa-thumb.jpg HTTP/1.1" 200 11155 "https://hp.himachaltravelguide.in/ManaliHoneymoonVolvoTour.html" "Mozilla/5.0 (Linux; Android 9; vivo 1904 Build/PPR1.180610.011; wv) AppleWebKit/537.36 (KHTML, like Gecko) Version/4.0 Chrome/123.0.6312.40 Mobile Safari/537.36"
223.187.14.67 - - [23/Apr/2024:14:24:35 +0000] "GET /assets/css/lib/slick.min.css HTTP/1.1" 200 516 "https://hp.himachaltravelguide.in/?gclid=EAIaIQobChMIr5fX9sTYhQMVSppLBR06qg_8EAEYASAAEgJlJfD_BwE" "Mozilla/5.0 (Linux; Android 12; Infinix X677 Build/SP1A.210812.016) AppleWebKit/537.36 (KHTML, like Gecko) Version/4.0 Chrome/123.0.6312.118 Mobile Safari/537.36"
152.58.230.188 - - [23/Apr/2024:14:24:36 +0000] "GET /assets/js/lib/wow.min.js HTTP/1.1" 200 2826 "https://hp.himachaltravelguide.in/?gclid=EAIaIQobChMI4Lzr38TYhQMVMgp7Bx3feQ-0EAEYASAAEgK20vD_BwE" "Mozilla/5.0 (Linux; Android 13; V2312) AppleWebKit/537.36 (KHTML, like Gecko) Chrome/104.0.0.0 Mobile Safari/537.36"
47.31.153.68 - - [23/Apr/2024:14:24:36 +0000] "GET /assets/images/elements/white-1.png HTTP/1.1" 200 427 "https://hp.himachaltravelguide.in/?gclid=EAIaIQobChMIvY_l8cTYhQMVl924CB2Xkg6JEAEYASAAEgKiRfD_BwE" "Mozilla/5.0 (Linux; Android 12; M2101K7AI) AppleWebKit/537.36 (KHTML, like Gecko) Chrome/103.0.0.0 Mobile Safari/537.36"
47.31.153.68 - - [23/Apr/2024:14:24:36 +0000] "GET /assets/images/icons/intro-1.png HTTP/1.1" 200 3503 "https://hp.himachaltravelguide.in/?gclid=EAIaIQobChMIvY_l8cTYhQMVl924CB2Xkg6JEAEYASAAEgKiRfD_BwE" "Mozilla/5.0 (Linux; Android 12; M2101K7AI) AppleWebKit/537.36 (KHTML, like Gecko) Chrome/103.0.0.0 Mobile Safari/537.36"
152.58.230.188 - - [23/Apr/2024:14:24:36 +0000] "GET /assets/fonts/Reey/Reey-Regular.woff HTTP/1.1" 200 79212 "https://hp.himachaltravelguide.in/assets/css/sections/fonts.css" "Mozilla/5.0 (Linux; Android 13; V2312) AppleWebKit/537.36 (KHTML, like Gecko) Chrome/104.0.0.0 Mobile Safari/537.36"
152.58.230.188 - - [23/Apr/2024:14:24:36 +0000] "GET /assets/js/custom-script.js HTTP/1.1" 200 3489 "https://hp.himachaltravelguide.in/?gclid=EAIaIQobChMI4Lzr38TYhQMVMgp7Bx3feQ-0EAEYASAAEgK20vD_BwE" "Mozilla/5.0 (Linux; Android 13; V2312) AppleWebKit/537.36 (KHTML, like Gecko) Chrome/104.0.0.0 Mobile Safari/537.36"
157.33.36.71 - - [23/Apr/2024:14:24:36 +0000] "GET /assets/images/tripperHubicon.png HTTP/1.1" 200 61417 "https://hp.himachaltravelguide.in/?gclid=EAIaIQobChMIseKG2sTYhQMVF0_CBR27NwbnEAEYASAAEgJZVvD_BwE" "Mozilla/5.0 (Linux; Android 13; RMX3830) AppleWebKit/537.36 (KHTML, like Gecko) Chrome/108.0.0.0 Mobile Safari/537.36"
157.49.237.61 - - [23/Apr/2024:14:24:36 +0000] "GET /assets/js/lib/touchspin.min.js HTTP/1.1" 200 2362 "https://hp.himachaltravelguide.in/ManaliHoneymoonVolvoTour.html" "Mozilla/5.0 (Linux; Android 9; vivo 1904 Build/PPR1.180610.011; wv) AppleWebKit/537.36 (KHTML, like Gecko) Version/4.0 Chrome/123.0.6312.40 Mobile Safari/537.36"
157.49.237.61 - - [23/Apr/2024:14:24:36 +0000] "GET /assets/images/resources/thumbnails/austria-skiing-thumb.jpg HTTP/1.1" 200 27267 "https://hp.himachaltravelguide.in/ManaliHoneymoonVolvoTour.html" "Mozilla/5.0 (Linux; Android 9; vivo 1904 Build/PPR1.180610.011; wv) AppleWebKit/537.36 (KHTML, like Gecko) Version/4.0 Chrome/123.0.6312.40 Mobile Safari/537.36"
152.58.230.188 - - [23/Apr/2024:14:24:36 +0000] "GET /assets/images/icons/menu-icon.svg HTTP/1.1" 200 305 "https://hp.himachaltravelguide.in/?gclid=EAIaIQobChMI4Lzr38TYhQMVMgp7Bx3feQ-0EAEYASAAEgK20vD_BwE" "Mozilla/5.0 (Linux; Android 13; V2312) AppleWebKit/537.36 (KHTML, like Gecko) Chrome/104.0.0.0 Mobile Safari/537.36"
152.58.230.188 - - [23/Apr/2024:14:24:36 +0000] "GET /assets/images/tripperHubpng%201.png HTTP/1.1" 200 18158 "https://hp.himachaltravelguide.in/?gclid=EAIaIQobChMI4Lzr38TYhQMVMgp7Bx3feQ-0EAEYASAAEgK20vD_BwE" "Mozilla/5.0 (Linux; Android 13; V2312) AppleWebKit/537.36 (KHTML, like Gecko) Chrome/104.0.0.0 Mobile Safari/537.36"
152.58.230.188 - - [23/Apr/2024:14:24:36 +0000] "GET /assets/fonts/Gilroy/Gilroy-Bold.woff HTTP/1.1" 200 64096 "https://hp.himachaltravelguide.in/assets/css/sections/fonts.css" "Mozilla/5.0 (Linux; Android 13; V2312) AppleWebKit/537.36 (KHTML, like Gecko) Chrome/104.0.0.0 Mobile Safari/537.36"
223.187.14.67 - - [23/Apr/2024:14:24:36 +0000] "GET /assets/css/lib/swiper.min.css HTTP/1.1" 200 4593 "https://hp.himachaltravelguide.in/?gclid=EAIaIQobChMIr5fX9sTYhQMVSppLBR06qg_8EAEYASAAEgJlJfD_BwE" "Mozilla/5.0 (Linux; Android 12; Infinix X677 Build/SP1A.210812.016) AppleWebKit/537.36 (KHTML, like Gecko) Version/4.0 Chrome/123.0.6312.118 Mobile Safari/537.36"
152.58.230.188 - - [23/Apr/2024:14:24:36 +0000] "GET /assets/js/lib/swiper.min.js HTTP/1.1" 200 39733 "https://hp.himachaltravelguide.in/?gclid=EAIaIQobChMI4Lzr38TYhQMVMgp7Bx3feQ-0EAEYASAAEgK20vD_BwE" "Mozilla/5.0 (Linux; Android 13; V2312) AppleWebKit/537.36 (KHTML, like Gecko) Chrome/104.0.0.0 Mobile Safari/537.36"
27.60.180.16 - - [23/Apr/2024:14:24:36 +0000] "GET /assets/css/lib/bootstrap/bootstrap.min.css HTTP/1.1" 200 31138 "https://hp.himachaltravelguide.in/?gclid=CjwKCAjwuJ2xBhA3EiwAMVjkVCvMzs_DYdeMnX-WSfm64lKIqkoPpKvQBwcE491I_PZhlZo4RN0QFRoCV5EQAvD_BwE" "Mozilla/5.0 (Linux; Android 10; K) AppleWebKit/537.36 (KHTML, like Gecko) Chrome/121.0.0.0 Mobile Safari/537.36"
223.187.14.67 - - [23/Apr/2024:14:24:36 +0000] "GET /assets/css/lib/jquery-ui.min.css HTTP/1.1" 200 7629 "https://hp.himachaltravelguide.in/?gclid=EAIaIQobChMIr5fX9sTYhQMVSppLBR06qg_8EAEYASAAEgJlJfD_BwE" "Mozilla/5.0 (Linux; Android 12; Infinix X677 Build/SP1A.210812.016) AppleWebKit/537.36 (KHTML, like Gecko) Version/4.0 Chrome/123.0.6312.118 Mobile Safari/537.36"
223.187.14.67 - - [23/Apr/2024:14:24:36 +0000] "GET /assets/css/lib/jquery.fancybox.min.css HTTP/1.1" 200 3167 "https://hp.himachaltravelguide.in/?gclid=EAIaIQobChMIr5fX9sTYhQMVSppLBR06qg_8EAEYASAAEgJlJfD_BwE" "Mozilla/5.0 (Linux; Android 12; Infinix X677 Build/SP1A.210812.016) AppleWebKit/537.36 (KHTML, like Gecko) Version/4.0 Chrome/123.0.6312.118 Mobile Safari/537.36"
106.211.54.142 - - [23/Apr/2024:14:24:36 +0000] "GET /assets/css/lib/bootstrap/bootstrap.min.css HTTP/1.1" 200 31138 "https://hp.himachaltravelguide.in/?gclid=EAIaIQobChMIzdCj-sTYhQMVtovYBR2rzAEuEAEYASAAEgLDu_D_BwE" "Mozilla/5.0 (Linux; Android 12; Infinix X6516 Build/SP1A.210812.001) AppleWebKit/537.36 (KHTML, like Gecko) Chrome/123.0.6312.118 Mobile Safari/537.36"
47.31.153.68 - - [23/Apr/2024:14:24:36 +0000] "GET /assets/images/icons/intro-2.png HTTP/1.1" 200 2577 "https://hp.himachaltravelguide.in/?gclid=EAIaIQobChMIvY_l8cTYhQMVl924CB2Xkg6JEAEYASAAEgKiRfD_BwE" "Mozilla/5.0 (Linux; Android 12; M2101K7AI) AppleWebKit/537.36 (KHTML, like Gecko) Chrome/103.0.0.0 Mobile Safari/537.36"
152.58.230.188 - - [23/Apr/2024:14:24:36 +0000] "GET /assets/images/elements/white-1.png HTTP/1.1" 200 427 "https://hp.himachaltravelguide.in/?gclid=EAIaIQobChMI4Lzr38TYhQMVMgp7Bx3feQ-0EAEYASAAEgK20vD_BwE" "Mozilla/5.0 (Linux; Android 13; V2312) AppleWebKit/537.36 (KHTML, like Gecko) Chrome/104.0.0.0 Mobile Safari/537.36"
152.58.230.188 - - [23/Apr/2024:14:24:36 +0000] "GET /assets/images/icons/intro-1.png HTTP/1.1" 200 3503 "https://hp.himachaltravelguide.in/?gclid=EAIaIQobChMI4Lzr38TYhQMVMgp7Bx3feQ-0EAEYASAAEgK20vD_BwE" "Mozilla/5.0 (Linux; Android 13; V2312) AppleWebKit/537.36 (KHTML, like Gecko) Chrome/104.0.0.0 Mobile Safari/537.36"
47.31.153.68 - - [23/Apr/2024:14:24:36 +0000] "GET /assets/images/icons/intro-3.png HTTP/1.1" 200 2689 "https://hp.himachaltravelguide.in/?gclid=EAIaIQobChMIvY_l8cTYhQMVl924CB2Xkg6JEAEYASAAEgKiRfD_BwE" "Mozilla/5.0 (Linux; Android 12; M2101K7AI) AppleWebKit/537.36 (KHTML, like Gecko) Chrome/103.0.0.0 Mobile Safari/537.36"
152.58.230.188 - - [23/Apr/2024:14:24:36 +0000] "GET /assets/images/icons/intro-2.png HTTP/1.1" 200 2577 "https://hp.himachaltravelguide.in/?gclid=EAIaIQobChMI4Lzr38TYhQMVMgp7Bx3feQ-0EAEYASAAEgK20vD_BwE" "Mozilla/5.0 (Linux; Android 13; V2312) AppleWebKit/537.36 (KHTML, like Gecko) Chrome/104.0.0.0 Mobile Safari/537.36"
27.60.180.16 - - [23/Apr/2024:14:24:36 +0000] "GET /assets/css/lib/fontawesome/css/fontawesome.min.css HTTP/1.1" 200 17422 "https://hp.himachaltravelguide.in/?gclid=CjwKCAjwuJ2xBhA3EiwAMVjkVCvMzs_DYdeMnX-WSfm64lKIqkoPpKvQBwcE491I_PZhlZo4RN0QFRoCV5EQAvD_BwE" "Mozilla/5.0 (Linux; Android 10; K) AppleWebKit/537.36 (KHTML, like Gecko) Chrome/121.0.0.0 Mobile Safari/537.36"
27.60.180.16 - - [23/Apr/2024:14:24:36 +0000] "GET /assets/css/lib/fontawesome/css/brands.css HTTP/1.1" 200 4928 "https://hp.himachaltravelguide.in/?gclid=CjwKCAjwuJ2xBhA3EiwAMVjkVCvMzs_DYdeMnX-WSfm64lKIqkoPpKvQBwcE491I_PZhlZo4RN0QFRoCV5EQAvD_BwE" "Mozilla/5.0 (Linux; Android 10; K) AppleWebKit/537.36 (KHTML, like Gecko) Chrome/121.0.0.0 Mobile Safari/537.36"
47.31.153.68 - - [23/Apr/2024:14:24:36 +0000] "GET /assets/images/background/bg-gradient-15.png HTTP/1.1" 200 35167 "https://hp.himachaltravelguide.in/?gclid=EAIaIQobChMIvY_l8cTYhQMVl924CB2Xkg6JEAEYASAAEgKiRfD_BwE" "Mozilla/5.0 (Linux; Android 12; M2101K7AI) AppleWebKit/537.36 (KHTML, like Gecko) Chrome/103.0.0.0 Mobile Safari/537.36"
27.60.180.16 - - [23/Apr/2024:14:24:36 +0000] "GET /assets/css/lib/fontawesome/css/solid.css HTTP/1.1" 200 353 "https://hp.himachaltravelguide.in/?gclid=CjwKCAjwuJ2xBhA3EiwAMVjkVCvMzs_DYdeMnX-WSfm64lKIqkoPpKvQBwcE491I_PZhlZo4RN0QFRoCV5EQAvD_BwE" "Mozilla/5.0 (Linux; Android 10; K) AppleWebKit/537.36 (KHTML, like Gecko) Chrome/121.0.0.0 Mobile Safari/537.36"
152.58.230.188 - - [23/Apr/2024:14:24:36 +0000] "GET /assets/images/icons/intro-3.png HTTP/1.1" 200 2689 "https://hp.himachaltravelguide.in/?gclid=EAIaIQobChMI4Lzr38TYhQMVMgp7Bx3feQ-0EAEYASAAEgK20vD_BwE" "Mozilla/5.0 (Linux; Android 13; V2312) AppleWebKit/537.36 (KHTML, like Gecko) Chrome/104.0.0.0 Mobile Safari/537.36"
152.58.230.188 - - [23/Apr/2024:14:24:36 +0000] "GET /assets/images/background/bg-gradient-15.png HTTP/1.1" 200 35167 "https://hp.himachaltravelguide.in/?gclid=EAIaIQobChMI4Lzr38TYhQMVMgp7Bx3feQ-0EAEYASAAEgK20vD_BwE" "Mozilla/5.0 (Linux; Android 13; V2312) AppleWebKit/537.36 (KHTML, like Gecko) Chrome/104.0.0.0 Mobile Safari/537.36"
152.58.230.188 - - [23/Apr/2024:14:24:36 +0000] "GET /assets/images/background/bg-gradient-16.png HTTP/1.1" 200 16672 "https://hp.himachaltravelguide.in/?gclid=EAIaIQobChMI4Lzr38TYhQMVMgp7Bx3feQ-0EAEYASAAEgK20vD_BwE" "Mozilla/5.0 (Linux; Android 13; V2312) AppleWebKit/537.36 (KHTML, like Gecko) Chrome/104.0.0.0 Mobile Safari/537.36"
223.187.14.67 - - [23/Apr/2024:14:24:36 +0000] "GET /assets/css/custom-animate.css HTTP/1.1" 200 1880 "https://hp.himachaltravelguide.in/?gclid=EAIaIQobChMIr5fX9sTYhQMVSppLBR06qg_8EAEYASAAEgJlJfD_BwE" "Mozilla/5.0 (Linux; Android 12; Infinix X677 Build/SP1A.210812.016) AppleWebKit/537.36 (KHTML, like Gecko) Version/4.0 Chrome/123.0.6312.118 Mobile Safari/537.36"
223.187.14.67 - - [23/Apr/2024:14:24:36 +0000] "GET /assets/css/style.css HTTP/1.1" 200 23571 "https://hp.himachaltravelguide.in/?gclid=EAIaIQobChMIr5fX9sTYhQMVSppLBR06qg_8EAEYASAAEgJlJfD_BwE" "Mozilla/5.0 (Linux; Android 12; Infinix X677 Build/SP1A.210812.016) AppleWebKit/537.36 (KHTML, like Gecko) Version/4.0 Chrome/123.0.6312.118 Mobile Safari/537.36"
223.187.14.67 - - [23/Apr/2024:14:24:36 +0000] "GET /assets/css/responsive.css HTTP/1.1" 200 3920 "https://hp.himachaltravelguide.in/?gclid=EAIaIQobChMIr5fX9sTYhQMVSppLBR06qg_8EAEYASAAEgJlJfD_BwE" "Mozilla/5.0 (Linux; Android 12; Infinix X677 Build/SP1A.210812.016) AppleWebKit/537.36 (KHTML, like Gecko) Version/4.0 Chrome/123.0.6312.118 Mobile Safari/537.36"
106.211.54.142 - - [23/Apr/2024:14:24:36 +0000] "GET /assets/css/lib/fontawesome/css/solid.css HTTP/1.1" 200 353 "https://hp.himachaltravelguide.in/?gclid=EAIaIQobChMIzdCj-sTYhQMVtovYBR2rzAEuEAEYASAAEgLDu_D_BwE" "Mozilla/5.0 (Linux; Android 12; Infinix X6516 Build/SP1A.210812.001) AppleWebKit/537.36 (KHTML, like Gecko) Chrome/123.0.6312.118 Mobile Safari/537.36"
106.211.54.142 - - [23/Apr/2024:14:24:36 +0000] "GET /assets/css/lib/fontawesome/css/brands.css HTTP/1.1" 200 4928 "https://hp.himachaltravelguide.in/?gclid=EAIaIQobChMIzdCj-sTYhQMVtovYBR2rzAEuEAEYASAAEgLDu_D_BwE" "Mozilla/5.0 (Linux; Android 12; Infinix X6516 Build/SP1A.210812.001) AppleWebKit/537.36 (KHTML, like Gecko) Chrome/123.0.6312.118 Mobile Safari/537.36"
111.92.45.123 - - [23/Apr/2024:14:24:36 +0000] "GET /assets/images/icons/intro-1.png HTTP/1.1" 200 3503 "https://hp.himachaltravelguide.in/?gclid=CjwKCAjwuJ2xBhA3EiwAMVjkVARxWjrnUbcAwjxXIUu82kjphXaW6L_KdnmhVvfMQXYaT654MA_wLRoCJQIQAvD_BwE" "Mozilla/5.0 (Linux; Android 10; K) AppleWebKit/537.36 (KHTML, like Gecko) Chrome/123.0.0.0 Mobile Safari/537.36"
106.211.54.142 - - [23/Apr/2024:14:24:36 +0000] "GET /assets/css/lib/fontawesome/css/fontawesome.min.css HTTP/1.1" 200 17422 "https://hp.himachaltravelguide.in/?gclid=EAIaIQobChMIzdCj-sTYhQMVtovYBR2rzAEuEAEYASAAEgLDu_D_BwE" "Mozilla/5.0 (Linux; Android 12; Infinix X6516 Build/SP1A.210812.001) AppleWebKit/537.36 (KHTML, like Gecko) Chrome/123.0.6312.118 Mobile Safari/537.36"
110.226.197.110 - - [23/Apr/2024:14:24:36 +0000] "GET /assets/css/lib/simple-line-icons/fonts/Simple-Line-Iconsb26c.woff2?v=2.4.0 HTTP/1.1" 200 30064 "https://hp.himachaltravelguide.in/assets/css/lib/simple-line-icons/css/simple-line-icons.min.css" "Mozilla/5.0 (Linux; Android 10; K) AppleWebKit/537.36 (KHTML, like Gecko) Chrome/123.0.0.0 Mobile Safari/537.36"
27.60.180.16 - - [23/Apr/2024:14:24:36 +0000] "GET /assets/css/lib/simple-line-icons/css/simple-line-icons.min.css HTTP/1.1" 200 2436 "https://hp.himachaltravelguide.in/?gclid=CjwKCAjwuJ2xBhA3EiwAMVjkVCvMzs_DYdeMnX-WSfm64lKIqkoPpKvQBwcE491I_PZhlZo4RN0QFRoCV5EQAvD_BwE" "Mozilla/5.0 (Linux; Android 10; K) AppleWebKit/537.36 (KHTML, like Gecko) Chrome/121.0.0.0 Mobile Safari/537.36"
47.31.153.68 - - [23/Apr/2024:14:24:36 +0000] "GET /assets/images/background/bg-gradient-16.png HTTP/1.1" 200 16672 "https://hp.himachaltravelguide.in/?gclid=EAIaIQobChMIvY_l8cTYhQMVl924CB2Xkg6JEAEYASAAEgKiRfD_BwE" "Mozilla/5.0 (Linux; Android 12; M2101K7AI) AppleWebKit/537.36 (KHTML, like Gecko) Chrome/103.0.0.0 Mobile Safari/537.36"
47.31.153.68 - - [23/Apr/2024:14:24:36 +0000] "GET /assets/images/elements/purple-2.png HTTP/1.1" 200 602 "https://hp.himachaltravelguide.in/?gclid=EAIaIQobChMIvY_l8cTYhQMVl924CB2Xkg6JEAEYASAAEgKiRfD_BwE" "Mozilla/5.0 (Linux; Android 12; M2101K7AI) AppleWebKit/537.36 (KHTML, like Gecko) Chrome/103.0.0.0 Mobile Safari/537.36"
106.211.54.142 - - [23/Apr/2024:14:24:36 +0000] "GET /assets/css/lib/simple-line-icons/css/simple-line-icons.min.css HTTP/1.1" 200 2436 "https://hp.himachaltravelguide.in/?gclid=EAIaIQobChMIzdCj-sTYhQMVtovYBR2rzAEuEAEYASAAEgLDu_D_BwE" "Mozilla/5.0 (Linux; Android 12; Infinix X6516 Build/SP1A.210812.001) AppleWebKit/537.36 (KHTML, like Gecko) Chrome/123.0.6312.118 Mobile Safari/537.36"
106.211.54.142 - - [23/Apr/2024:14:24:36 +0000] "GET /assets/css/lib/animate.min.css HTTP/1.1" 200 4148 "https://hp.himachaltravelguide.in/?gclid=EAIaIQobChMIzdCj-sTYhQMVtovYBR2rzAEuEAEYASAAEgLDu_D_BwE" "Mozilla/5.0 (Linux; Android 12; Infinix X6516 Build/SP1A.210812.001) AppleWebKit/537.36 (KHTML, like Gecko) Chrome/123.0.6312.118 Mobile Safari/537.36"
47.31.153.68 - - [23/Apr/2024:14:24:36 +0000] "GET /assets/images/background/bg-gradient-19.png HTTP/1.1" 200 16111 "https://hp.himachaltravelguide.in/?gclid=EAIaIQobChMIvY_l8cTYhQMVl924CB2Xkg6JEAEYASAAEgKiRfD_BwE" "Mozilla/5.0 (Linux; Android 12; M2101K7AI) AppleWebKit/537.36 (KHTML, like Gecko) Chrome/103.0.0.0 Mobile Safari/537.36"
42.108.162.82 - - [23/Apr/2024:14:24:36 +0000] "GET /assets/css/lib/bootstrap/bootstrap.min.css HTTP/1.1" 200 31138 "https://hp.himachaltravelguide.in/?gclid=CjwKCAjwuJ2xBhA3EiwAMVjkVMahibjRNyz_mbA5NsRaISgflrTTzK7-cr6C-9OGPQ2Kpz6ZCmGxWhoCyvoQAvD_BwE" "Mozilla/5.0 (Linux; Android 10; K) AppleWebKit/537.36 (KHTML, like Gecko) Chrome/122.0.0.0 Mobile Safari/537.36"
27.60.180.16 - - [23/Apr/2024:14:24:36 +0000] "GET /assets/css/lib/animate.min.css HTTP/1.1" 200 4148 "https://hp.himachaltravelguide.in/?gclid=CjwKCAjwuJ2xBhA3EiwAMVjkVCvMzs_DYdeMnX-WSfm64lKIqkoPpKvQBwcE491I_PZhlZo4RN0QFRoCV5EQAvD_BwE" "Mozilla/5.0 (Linux; Android 10; K) AppleWebKit/537.36 (KHTML, like Gecko) Chrome/121.0.0.0 Mobile Safari/537.36"
27.60.180.16 - - [23/Apr/2024:14:24:36 +0000] "GET /assets/css/lib/slick.min.css HTTP/1.1" 200 516 "https://hp.himachaltravelguide.in/?gclid=CjwKCAjwuJ2xBhA3EiwAMVjkVCvMzs_DYdeMnX-WSfm64lKIqkoPpKvQBwcE491I_PZhlZo4RN0QFRoCV5EQAvD_BwE" "Mozilla/5.0 (Linux; Android 10; K) AppleWebKit/537.36 (KHTML, like Gecko) Chrome/121.0.0.0 Mobile Safari/537.36"
27.60.180.16 - - [23/Apr/2024:14:24:36 +0000] "GET /assets/css/lib/swiper.min.css HTTP/1.1" 200 4593 "https://hp.himachaltravelguide.in/?gclid=CjwKCAjwuJ2xBhA3EiwAMVjkVCvMzs_DYdeMnX-WSfm64lKIqkoPpKvQBwcE491I_PZhlZo4RN0QFRoCV5EQAvD_BwE" "Mozilla/5.0 (Linux; Android 10; K) AppleWebKit/537.36 (KHTML, like Gecko) Chrome/121.0.0.0 Mobile Safari/537.36"
111.92.45.123 - - [23/Apr/2024:14:24:36 +0000] "GET /assets/images/icons/intro-2.png HTTP/1.1" 200 2577 "https://hp.himachaltravelguide.in/?gclid=CjwKCAjwuJ2xBhA3EiwAMVjkVARxWjrnUbcAwjxXIUu82kjphXaW6L_KdnmhVvfMQXYaT654MA_wLRoCJQIQAvD_BwE" "Mozilla/5.0 (Linux; Android 10; K) AppleWebKit/537.36 (KHTML, like Gecko) Chrome/123.0.0.0 Mobile Safari/537.36"
106.211.54.142 - - [23/Apr/2024:14:24:36 +0000] "GET /assets/css/lib/slick.min.css HTTP/1.1" 200 516 "https://hp.himachaltravelguide.in/?gclid=EAIaIQobChMIzdCj-sTYhQMVtovYBR2rzAEuEAEYASAAEgLDu_D_BwE" "Mozilla/5.0 (Linux; Android 12; Infinix X6516 Build/SP1A.210812.001) AppleWebKit/537.36 (KHTML, like Gecko) Chrome/123.0.6312.118 Mobile Safari/537.36"
111.92.45.123 - - [23/Apr/2024:14:24:36 +0000] "GET /assets/images/icons/intro-3.png HTTP/1.1" 200 2689 "https://hp.himachaltravelguide.in/?gclid=CjwKCAjwuJ2xBhA3EiwAMVjkVARxWjrnUbcAwjxXIUu82kjphXaW6L_KdnmhVvfMQXYaT654MA_wLRoCJQIQAvD_BwE" "Mozilla/5.0 (Linux; Android 10; K) AppleWebKit/537.36 (KHTML, like Gecko) Chrome/123.0.0.0 Mobile Safari/537.36"
27.60.180.16 - - [23/Apr/2024:14:24:36 +0000] "GET /assets/css/lib/jquery-ui.min.css HTTP/1.1" 200 7629 "https://hp.himachaltravelguide.in/?gclid=CjwKCAjwuJ2xBhA3EiwAMVjkVCvMzs_DYdeMnX-WSfm64lKIqkoPpKvQBwcE491I_PZhlZo4RN0QFRoCV5EQAvD_BwE" "Mozilla/5.0 (Linux; Android 10; K) AppleWebKit/537.36 (KHTML, like Gecko) Chrome/121.0.0.0 Mobile Safari/537.36"
152.58.230.188 - - [23/Apr/2024:14:24:36 +0000] "GET /assets/css/lib/simple-line-icons/fonts/Simple-Line-Iconsb26c.woff2?v=2.4.0 HTTP/1.1" 200 30064 "https://hp.himachaltravelguide.in/assets/css/lib/simple-line-icons/css/simple-line-icons.min.css" "Mozilla/5.0 (Linux; Android 13; V2312) AppleWebKit/537.36 (KHTML, like Gecko) Chrome/104.0.0.0 Mobile Safari/537.36"
152.58.230.188 - - [23/Apr/2024:14:24:36 +0000] "GET /assets/images/elements/purple-2.png HTTP/1.1" 200 602 "https://hp.himachaltravelguide.in/?gclid=EAIaIQobChMI4Lzr38TYhQMVMgp7Bx3feQ-0EAEYASAAEgK20vD_BwE" "Mozilla/5.0 (Linux; Android 13; V2312) AppleWebKit/537.36 (KHTML, like Gecko) Chrome/104.0.0.0 Mobile Safari/537.36"
106.211.54.142 - - [23/Apr/2024:14:24:36 +0000] "GET /assets/css/lib/swiper.min.css HTTP/1.1" 200 4593 "https://hp.himachaltravelguide.in/?gclid=EAIaIQobChMIzdCj-sTYhQMVtovYBR2rzAEuEAEYASAAEgLDu_D_BwE" "Mozilla/5.0 (Linux; Android 12; Infinix X6516 Build/SP1A.210812.001) AppleWebKit/537.36 (KHTML, like Gecko) Chrome/123.0.6312.118 Mobile Safari/537.36"
106.211.54.142 - - [23/Apr/2024:14:24:36 +0000] "GET /assets/css/lib/jquery-ui.min.css HTTP/1.1" 200 7629 "https://hp.himachaltravelguide.in/?gclid=EAIaIQobChMIzdCj-sTYhQMVtovYBR2rzAEuEAEYASAAEgLDu_D_BwE" "Mozilla/5.0 (Linux; Android 12; Infinix X6516 Build/SP1A.210812.001) AppleWebKit/537.36 (KHTML, like Gecko) Chrome/123.0.6312.118 Mobile Safari/537.36"
106.211.54.142 - - [23/Apr/2024:14:24:36 +0000] "GET /assets/css/lib/jquery.fancybox.min.css HTTP/1.1" 200 3167 "https://hp.himachaltravelguide.in/?gclid=EAIaIQobChMIzdCj-sTYhQMVtovYBR2rzAEuEAEYASAAEgLDu_D_BwE" "Mozilla/5.0 (Linux; Android 12; Infinix X6516 Build/SP1A.210812.001) AppleWebKit/537.36 (KHTML, like Gecko) Chrome/123.0.6312.118 Mobile Safari/537.36"
106.211.54.142 - - [23/Apr/2024:14:24:36 +0000] "GET /assets/css/custom-animate.css HTTP/1.1" 200 1880 "https://hp.himachaltravelguide.in/?gclid=EAIaIQobChMIzdCj-sTYhQMVtovYBR2rzAEuEAEYASAAEgLDu_D_BwE" "Mozilla/5.0 (Linux; Android 12; Infinix X6516 Build/SP1A.210812.001) AppleWebKit/537.36 (KHTML, like Gecko) Chrome/123.0.6312.118 Mobile Safari/537.36"
47.31.153.68 - - [23/Apr/2024:14:24:36 +0000] "GET /assets/images/background/bg-gradient-20.png HTTP/1.1" 200 26296 "https://hp.himachaltravelguide.in/?gclid=EAIaIQobChMIvY_l8cTYhQMVl924CB2Xkg6JEAEYASAAEgKiRfD_BwE" "Mozilla/5.0 (Linux; Android 12; M2101K7AI) AppleWebKit/537.36 (KHTML, like Gecko) Chrome/103.0.0.0 Mobile Safari/537.36"
47.31.153.68 - - [23/Apr/2024:14:24:36 +0000] "GET /assets/images/elements/purple-3.png HTTP/1.1" 200 652 "https://hp.himachaltravelguide.in/?gclid=EAIaIQobChMIvY_l8cTYhQMVl924CB2Xkg6JEAEYASAAEgKiRfD_BwE" "Mozilla/5.0 (Linux; Android 12; M2101K7AI) AppleWebKit/537.36 (KHTML, like Gecko) Chrome/103.0.0.0 Mobile Safari/537.36"
223.187.14.67 - - [23/Apr/2024:14:24:36 +0000] "GET /assets/images/tripperHubpng%201.png HTTP/1.1" 200 18158 "https://hp.himachaltravelguide.in/?gclid=EAIaIQobChMIr5fX9sTYhQMVSppLBR06qg_8EAEYASAAEgJlJfD_BwE" "Mozilla/5.0 (Linux; Android 12; Infinix X677 Build/SP1A.210812.016) AppleWebKit/537.36 (KHTML, like Gecko) Version/4.0 Chrome/123.0.6312.118 Mobile Safari/537.36"
152.58.230.188 - - [23/Apr/2024:14:24:36 +0000] "GET /assets/images/background/bg-gradient-19.png HTTP/1.1" 200 16111 "https://hp.himachaltravelguide.in/?gclid=EAIaIQobChMI4Lzr38TYhQMVMgp7Bx3feQ-0EAEYASAAEgK20vD_BwE" "Mozilla/5.0 (Linux; Android 13; V2312) AppleWebKit/537.36 (KHTML, like Gecko) Chrome/104.0.0.0 Mobile Safari/537.36"
106.211.54.142 - - [23/Apr/2024:14:24:36 +0000] "GET /assets/css/style.css HTTP/1.1" 200 23571 "https://hp.himachaltravelguide.in/?gclid=EAIaIQobChMIzdCj-sTYhQMVtovYBR2rzAEuEAEYASAAEgLDu_D_BwE" "Mozilla/5.0 (Linux; Android 12; Infinix X6516 Build/SP1A.210812.001) AppleWebKit/537.36 (KHTML, like Gecko) Chrome/123.0.6312.118 Mobile Safari/537.36"
47.31.153.68 - - [23/Apr/2024:14:24:36 +0000] "GET /assets/images/icons/f-icon-8.png HTTP/1.1" 200 3297 "https://hp.himachaltravelguide.in/?gclid=EAIaIQobChMIvY_l8cTYhQMVl924CB2Xkg6JEAEYASAAEgKiRfD_BwE" "Mozilla/5.0 (Linux; Android 12; M2101K7AI) AppleWebKit/537.36 (KHTML, like Gecko) Chrome/103.0.0.0 Mobile Safari/537.36"
47.31.153.68 - - [23/Apr/2024:14:24:36 +0000] "GET /assets/images/icons/f-icon-9.png HTTP/1.1" 200 3121 "https://hp.himachaltravelguide.in/?gclid=EAIaIQobChMIvY_l8cTYhQMVl924CB2Xkg6JEAEYASAAEgKiRfD_BwE" "Mozilla/5.0 (Linux; Android 12; M2101K7AI) AppleWebKit/537.36 (KHTML, like Gecko) Chrome/103.0.0.0 Mobile Safari/537.36"
106.211.54.142 - - [23/Apr/2024:14:24:36 +0000] "GET /assets/css/responsive.css HTTP/1.1" 200 3920 "https://hp.himachaltravelguide.in/?gclid=EAIaIQobChMIzdCj-sTYhQMVtovYBR2rzAEuEAEYASAAEgLDu_D_BwE" "Mozilla/5.0 (Linux; Android 12; Infinix X6516 Build/SP1A.210812.001) AppleWebKit/537.36 (KHTML, like Gecko) Chrome/123.0.6312.118 Mobile Safari/537.36"
47.31.153.68 - - [23/Apr/2024:14:24:36 +0000] "GET /assets/images/icons/f-icon-7.png HTTP/1.1" 200 3114 "https://hp.himachaltravelguide.in/?gclid=EAIaIQobChMIvY_l8cTYhQMVl924CB2Xkg6JEAEYASAAEgKiRfD_BwE" "Mozilla/5.0 (Linux; Android 12; M2101K7AI) AppleWebKit/537.36 (KHTML, like Gecko) Chrome/103.0.0.0 Mobile Safari/537.36"
223.187.14.67 - - [23/Apr/2024:14:24:36 +0000] "GET /assets/images/icons/menu-icon.svg HTTP/1.1" 200 305 "https://hp.himachaltravelguide.in/?gclid=EAIaIQobChMIr5fX9sTYhQMVSppLBR06qg_8EAEYASAAEgJlJfD_BwE" "Mozilla/5.0 (Linux; Android 12; Infinix X677 Build/SP1A.210812.016) AppleWebKit/537.36 (KHTML, like Gecko) Version/4.0 Chrome/123.0.6312.118 Mobile Safari/537.36"
27.60.180.16 - - [23/Apr/2024:14:24:36 +0000] "GET /assets/css/lib/jquery.fancybox.min.css HTTP/1.1" 200 3167 "https://hp.himachaltravelguide.in/?gclid=CjwKCAjwuJ2xBhA3EiwAMVjkVCvMzs_DYdeMnX-WSfm64lKIqkoPpKvQBwcE491I_PZhlZo4RN0QFRoCV5EQAvD_BwE" "Mozilla/5.0 (Linux; Android 10; K) AppleWebKit/537.36 (KHTML, like Gecko) Chrome/121.0.0.0 Mobile Safari/537.36"
27.60.180.16 - - [23/Apr/2024:14:24:36 +0000] "GET /assets/css/custom-animate.css HTTP/1.1" 200 1880 "https://hp.himachaltravelguide.in/?gclid=CjwKCAjwuJ2xBhA3EiwAMVjkVCvMzs_DYdeMnX-WSfm64lKIqkoPpKvQBwcE491I_PZhlZo4RN0QFRoCV5EQAvD_BwE" "Mozilla/5.0 (Linux; Android 10; K) AppleWebKit/537.36 (KHTML, like Gecko) Chrome/121.0.0.0 Mobile Safari/537.36"
152.58.230.188 - - [23/Apr/2024:14:24:36 +0000] "GET /assets/images/background/bg-gradient-20.png HTTP/1.1" 200 26296 "https://hp.himachaltravelguide.in/?gclid=EAIaIQobChMI4Lzr38TYhQMVMgp7Bx3feQ-0EAEYASAAEgK20vD_BwE" "Mozilla/5.0 (Linux; Android 13; V2312) AppleWebKit/537.36 (KHTML, like Gecko) Chrome/104.0.0.0 Mobile Safari/537.36"
47.31.153.68 - - [23/Apr/2024:14:24:36 +0000] "GET /assets/images/elements/yellow-4.png HTTP/1.1" 200 646 "https://hp.himachaltravelguide.in/?gclid=EAIaIQobChMIvY_l8cTYhQMVl924CB2Xkg6JEAEYASAAEgKiRfD_BwE" "Mozilla/5.0 (Linux; Android 12; M2101K7AI) AppleWebKit/537.36 (KHTML, like Gecko) Chrome/103.0.0.0 Mobile Safari/537.36"
27.60.180.16 - - [23/Apr/2024:14:24:36 +0000] "GET /assets/css/responsive.css HTTP/1.1" 200 3920 "https://hp.himachaltravelguide.in/?gclid=CjwKCAjwuJ2xBhA3EiwAMVjkVCvMzs_DYdeMnX-WSfm64lKIqkoPpKvQBwcE491I_PZhlZo4RN0QFRoCV5EQAvD_BwE" "Mozilla/5.0 (Linux; Android 10; K) AppleWebKit/537.36 (KHTML, like Gecko) Chrome/121.0.0.0 Mobile Safari/537.36"
27.60.180.16 - - [23/Apr/2024:14:24:36 +0000] "GET /assets/images/tripperHubpng%201.png HTTP/1.1" 200 18158 "https://hp.himachaltravelguide.in/?gclid=CjwKCAjwuJ2xBhA3EiwAMVjkVCvMzs_DYdeMnX-WSfm64lKIqkoPpKvQBwcE491I_PZhlZo4RN0QFRoCV5EQAvD_BwE" "Mozilla/5.0 (Linux; Android 10; K) AppleWebKit/537.36 (KHTML, like Gecko) Chrome/121.0.0.0 Mobile Safari/537.36"
27.60.180.16 - - [23/Apr/2024:14:24:36 +0000] "GET /assets/images/icons/menu-icon.svg HTTP/1.1" 200 305 "https://hp.himachaltravelguide.in/?gclid=CjwKCAjwuJ2xBhA3EiwAMVjkVCvMzs_DYdeMnX-WSfm64lKIqkoPpKvQBwcE491I_PZhlZo4RN0QFRoCV5EQAvD_BwE" "Mozilla/5.0 (Linux; Android 10; K) AppleWebKit/537.36 (KHTML, like Gecko) Chrome/121.0.0.0 Mobile Safari/537.36"
106.211.54.142 - - [23/Apr/2024:14:24:36 +0000] "GET /assets/images/tripperHubpng%201.png HTTP/1.1" 200 18158 "https://hp.himachaltravelguide.in/?gclid=EAIaIQobChMIzdCj-sTYhQMVtovYBR2rzAEuEAEYASAAEgLDu_D_BwE" "Mozilla/5.0 (Linux; Android 12; Infinix X6516 Build/SP1A.210812.001) AppleWebKit/537.36 (KHTML, like Gecko) Chrome/123.0.6312.118 Mobile Safari/537.36"
106.211.54.142 - - [23/Apr/2024:14:24:36 +0000] "GET /assets/images/icons/menu-icon.svg HTTP/1.1" 200 305 "https://hp.himachaltravelguide.in/?gclid=EAIaIQobChMIzdCj-sTYhQMVtovYBR2rzAEuEAEYASAAEgLDu_D_BwE" "Mozilla/5.0 (Linux; Android 12; Infinix X6516 Build/SP1A.210812.001) AppleWebKit/537.36 (KHTML, like Gecko) Chrome/123.0.6312.118 Mobile Safari/537.36"
111.92.45.123 - - [23/Apr/2024:14:24:36 +0000] "GET /assets/images/background/bg-gradient-15.png HTTP/1.1" 200 35167 "https://hp.himachaltravelguide.in/?gclid=CjwKCAjwuJ2xBhA3EiwAMVjkVARxWjrnUbcAwjxXIUu82kjphXaW6L_KdnmhVvfMQXYaT654MA_wLRoCJQIQAvD_BwE" "Mozilla/5.0 (Linux; Android 10; K) AppleWebKit/537.36 (KHTML, like Gecko) Chrome/123.0.0.0 Mobile Safari/537.36"
42.108.162.82 - - [23/Apr/2024:14:24:36 +0000] "GET /assets/css/lib/fontawesome/css/fontawesome.min.css HTTP/1.1" 200 17422 "https://hp.himachaltravelguide.in/?gclid=CjwKCAjwuJ2xBhA3EiwAMVjkVMahibjRNyz_mbA5NsRaISgflrTTzK7-cr6C-9OGPQ2Kpz6ZCmGxWhoCyvoQAvD_BwE" "Mozilla/5.0 (Linux; Android 10; K) AppleWebKit/537.36 (KHTML, like Gecko) Chrome/122.0.0.0 Mobile Safari/537.36"
27.60.180.16 - - [23/Apr/2024:14:24:36 +0000] "GET /assets/css/style.css HTTP/1.1" 200 23571 "https://hp.himachaltravelguide.in/?gclid=CjwKCAjwuJ2xBhA3EiwAMVjkVCvMzs_DYdeMnX-WSfm64lKIqkoPpKvQBwcE491I_PZhlZo4RN0QFRoCV5EQAvD_BwE" "Mozilla/5.0 (Linux; Android 10; K) AppleWebKit/537.36 (KHTML, like Gecko) Chrome/121.0.0.0 Mobile Safari/537.36"
223.187.14.67 - - [23/Apr/2024:14:24:36 +0000] "GET /assets/css/sections/variables.css HTTP/1.1" 200 474 "https://hp.himachaltravelguide.in/assets/css/style.css" "Mozilla/5.0 (Linux; Android 12; Infinix X677 Build/SP1A.210812.016) AppleWebKit/537.36 (KHTML, like Gecko) Version/4.0 Chrome/123.0.6312.118 Mobile Safari/537.36"
223.187.14.67 - - [23/Apr/2024:14:24:36 +0000] "GET /assets/css/sections/fonts.css HTTP/1.1" 200 319 "https://hp.himachaltravelguide.in/assets/css/style.css" "Mozilla/5.0 (Linux; Android 12; Infinix X677 Build/SP1A.210812.016) AppleWebKit/537.36 (KHTML, like Gecko) Version/4.0 Chrome/123.0.6312.118 Mobile Safari/537.36"
42.108.162.82 - - [23/Apr/2024:14:24:36 +0000] "GET /assets/css/lib/fontawesome/css/brands.css HTTP/1.1" 200 4928 "https://hp.himachaltravelguide.in/?gclid=CjwKCAjwuJ2xBhA3EiwAMVjkVMahibjRNyz_mbA5NsRaISgflrTTzK7-cr6C-9OGPQ2Kpz6ZCmGxWhoCyvoQAvD_BwE" "Mozilla/5.0 (Linux; Android 10; K) AppleWebKit/537.36 (KHTML, like Gecko) Chrome/122.0.0.0 Mobile Safari/537.36"
223.187.14.67 - - [23/Apr/2024:14:24:36 +0000] "GET /assets/css/sections/global-settings.css HTTP/1.1" 200 1333 "https://hp.himachaltravelguide.in/assets/css/style.css" "Mozilla/5.0 (Linux; Android 12; Infinix X677 Build/SP1A.210812.016) AppleWebKit/537.36 (KHTML, like Gecko) Version/4.0 Chrome/123.0.6312.118 Mobile Safari/537.36"
47.31.153.68 - - [23/Apr/2024:14:24:36 +0000] "GET /assets/images/resources/thumbnails/testi-1.jpg HTTP/1.1" 200 8918 "https://hp.himachaltravelguide.in/?gclid=EAIaIQobChMIvY_l8cTYhQMVl924CB2Xkg6JEAEYASAAEgKiRfD_BwE" "Mozilla/5.0 (Linux; Android 12; M2101K7AI) AppleWebKit/537.36 (KHTML, like Gecko) Chrome/103.0.0.0 Mobile Safari/537.36"
106.211.54.142 - - [23/Apr/2024:14:24:36 +0000] "GET /assets/css/sections/variables.css HTTP/1.1" 200 474 "https://hp.himachaltravelguide.in/assets/css/style.css" "Mozilla/5.0 (Linux; Android 12; Infinix X6516 Build/SP1A.210812.001) AppleWebKit/537.36 (KHTML, like Gecko) Chrome/123.0.6312.118 Mobile Safari/537.36"
106.211.54.142 - - [23/Apr/2024:14:24:36 +0000] "GET /assets/css/sections/fonts.css HTTP/1.1" 200 319 "https://hp.himachaltravelguide.in/assets/css/style.css" "Mozilla/5.0 (Linux; Android 12; Infinix X6516 Build/SP1A.210812.001) AppleWebKit/537.36 (KHTML, like Gecko) Chrome/123.0.6312.118 Mobile Safari/537.36"
106.211.54.142 - - [23/Apr/2024:14:24:36 +0000] "GET /assets/css/sections/global-settings.css HTTP/1.1" 200 1333 "https://hp.himachaltravelguide.in/assets/css/style.css" "Mozilla/5.0 (Linux; Android 12; Infinix X6516 Build/SP1A.210812.001) AppleWebKit/537.36 (KHTML, like Gecko) Chrome/123.0.6312.118 Mobile Safari/537.36"
111.92.45.123 - - [23/Apr/2024:14:24:36 +0000] "GET /assets/images/background/bg-gradient-16.png HTTP/1.1" 200 16672 "https://hp.himachaltravelguide.in/?gclid=CjwKCAjwuJ2xBhA3EiwAMVjkVARxWjrnUbcAwjxXIUu82kjphXaW6L_KdnmhVvfMQXYaT654MA_wLRoCJQIQAvD_BwE" "Mozilla/5.0 (Linux; Android 10; K) AppleWebKit/537.36 (KHTML, like Gecko) Chrome/123.0.0.0 Mobile Safari/537.36"
1.38.99.74 - - [23/Apr/2024:14:24:36 +0000] "GET /?gclid=CjwKCAjwuJ2xBhA3EiwAMVjkVGzEG9iXkEh1FDcLGY7X-_eHO_FlA_pXLHQ2cOPOpfvx1fNHwwuWsxoCGOIQAvD_BwE HTTP/1.1" 200 11239 "-" "Mozilla/5.0 (Linux; Android 10; SAMSUNG SM-M305F) AppleWebKit/537.36 (KHTML, like Gecko) SamsungBrowser/19.0 Chrome/102.0.5005.125 Mobile Safari/537.36"
42.108.162.82 - - [23/Apr/2024:14:24:36 +0000] "GET /assets/css/lib/fontawesome/css/solid.css HTTP/1.1" 200 353 "https://hp.himachaltravelguide.in/?gclid=CjwKCAjwuJ2xBhA3EiwAMVjkVMahibjRNyz_mbA5NsRaISgflrTTzK7-cr6C-9OGPQ2Kpz6ZCmGxWhoCyvoQAvD_BwE" "Mozilla/5.0 (Linux; Android 10; K) AppleWebKit/537.36 (KHTML, like Gecko) Chrome/122.0.0.0 Mobile Safari/537.36"
27.60.180.16 - - [23/Apr/2024:14:24:36 +0000] "GET /assets/css/sections/fonts.css HTTP/1.1" 200 319 "https://hp.himachaltravelguide.in/assets/css/style.css" "Mozilla/5.0 (Linux; Android 10; K) AppleWebKit/537.36 (KHTML, like Gecko) Chrome/121.0.0.0 Mobile Safari/537.36"
42.108.162.82 - - [23/Apr/2024:14:24:36 +0000] "GET /assets/css/lib/simple-line-icons/css/simple-line-icons.min.css HTTP/1.1" 200 2436 "https://hp.himachaltravelguide.in/?gclid=CjwKCAjwuJ2xBhA3EiwAMVjkVMahibjRNyz_mbA5NsRaISgflrTTzK7-cr6C-9OGPQ2Kpz6ZCmGxWhoCyvoQAvD_BwE" "Mozilla/5.0 (Linux; Android 10; K) AppleWebKit/537.36 (KHTML, like Gecko) Chrome/122.0.0.0 Mobile Safari/537.36"
64.233.173.204 - - [23/Apr/2024:14:24:36 +0000] "GET /?gclid=EAIaIQobChMIzdCj-sTYhQMVtovYBR2rzAEuEAEYASAAEgLDu_D_BwE HTTP/1.1" 200 11239 "-" "Mozilla/5.0 (Linux; Android 7.0; SM-G930V Build/NRD90M) AppleWebKit/537.36 (KHTML, like Gecko) Chrome/59.0.3071.125 Mobile Safari/537.36 (compatible; Google-Read-Aloud; +https://support.google.com/webmasters/answer/1061943)"
27.60.180.16 - - [23/Apr/2024:14:24:36 +0000] "GET /assets/css/sections/variables.css HTTP/1.1" 200 474 "https://hp.himachaltravelguide.in/assets/css/style.css" "Mozilla/5.0 (Linux; Android 10; K) AppleWebKit/537.36 (KHTML, like Gecko) Chrome/121.0.0.0 Mobile Safari/537.36"
111.92.45.123 - - [23/Apr/2024:14:24:36 +0000] "GET /assets/images/elements/purple-2.png HTTP/1.1" 200 602 "https://hp.himachaltravelguide.in/?gclid=CjwKCAjwuJ2xBhA3EiwAMVjkVARxWjrnUbcAwjxXIUu82kjphXaW6L_KdnmhVvfMQXYaT654MA_wLRoCJQIQAvD_BwE" "Mozilla/5.0 (Linux; Android 10; K) AppleWebKit/537.36 (KHTML, like Gecko) Chrome/123.0.0.0 Mobile Safari/537.36"
47.31.153.68 - - [23/Apr/2024:14:24:36 +0000] "GET /assets/images/resources/thumbnails/testi-2.jpg HTTP/1.1" 200 8319 "https://hp.himachaltravelguide.in/?gclid=EAIaIQobChMIvY_l8cTYhQMVl924CB2Xkg6JEAEYASAAEgKiRfD_BwE" "Mozilla/5.0 (Linux; Android 12; M2101K7AI) AppleWebKit/537.36 (KHTML, like Gecko) Chrome/103.0.0.0 Mobile Safari/537.36"
47.31.153.68 - - [23/Apr/2024:14:24:36 +0000] "GET /assets/images/resources/thumbnails/testi-3.jpg HTTP/1.1" 200 9438 "https://hp.himachaltravelguide.in/?gclid=EAIaIQobChMIvY_l8cTYhQMVl924CB2Xkg6JEAEYASAAEgKiRfD_BwE" "Mozilla/5.0 (Linux; Android 12; M2101K7AI) AppleWebKit/537.36 (KHTML, like Gecko) Chrome/103.0.0.0 Mobile Safari/537.36"
152.58.230.188 - - [23/Apr/2024:14:24:36 +0000] "GET /assets/images/elements/purple-3.png HTTP/1.1" 200 652 "https://hp.himachaltravelguide.in/?gclid=EAIaIQobChMI4Lzr38TYhQMVMgp7Bx3feQ-0EAEYASAAEgK20vD_BwE" "Mozilla/5.0 (Linux; Android 13; V2312) AppleWebKit/537.36 (KHTML, like Gecko) Chrome/104.0.0.0 Mobile Safari/537.36"
152.58.230.188 - - [23/Apr/2024:14:24:36 +0000] "GET /assets/images/icons/f-icon-7.png HTTP/1.1" 200 3114 "https://hp.himachaltravelguide.in/?gclid=EAIaIQobChMI4Lzr38TYhQMVMgp7Bx3feQ-0EAEYASAAEgK20vD_BwE" "Mozilla/5.0 (Linux; Android 13; V2312) AppleWebKit/537.36 (KHTML, like Gecko) Chrome/104.0.0.0 Mobile Safari/537.36"
47.31.153.68 - - [23/Apr/2024:14:24:36 +0000] "GET /assets/images/background/pattern-3.jpg HTTP/1.1" 200 15213 "https://hp.himachaltravelguide.in/?gclid=EAIaIQobChMIvY_l8cTYhQMVl924CB2Xkg6JEAEYASAAEgKiRfD_BwE" "Mozilla/5.0 (Linux; Android 12; M2101K7AI) AppleWebKit/537.36 (KHTML, like Gecko) Chrome/103.0.0.0 Mobile Safari/537.36"
152.58.230.188 - - [23/Apr/2024:14:24:36 +0000] "GET /assets/images/icons/f-icon-8.png HTTP/1.1" 200 3297 "https://hp.himachaltravelguide.in/?gclid=EAIaIQobChMI4Lzr38TYhQMVMgp7Bx3feQ-0EAEYASAAEgK20vD_BwE" "Mozilla/5.0 (Linux; Android 13; V2312) AppleWebKit/537.36 (KHTML, like Gecko) Chrome/104.0.0.0 Mobile Safari/537.36"
223.187.14.67 - - [23/Apr/2024:14:24:36 +0000] "GET /assets/js/lib/popper.min.js HTTP/1.1" 200 7519 "https://hp.himachaltravelguide.in/?gclid=EAIaIQobChMIr5fX9sTYhQMVSppLBR06qg_8EAEYASAAEgJlJfD_BwE" "Mozilla/5.0 (Linux; Android 12; Infinix X677 Build/SP1A.210812.016) AppleWebKit/537.36 (KHTML, like Gecko) Version/4.0 Chrome/123.0.6312.118 Mobile Safari/537.36"
223.187.14.67 - - [23/Apr/2024:14:24:36 +0000] "GET /assets/js/lib/bootstrap/bootstrap.min.js HTTP/1.1" 200 16560 "https://hp.himachaltravelguide.in/?gclid=EAIaIQobChMIr5fX9sTYhQMVSppLBR06qg_8EAEYASAAEgJlJfD_BwE" "Mozilla/5.0 (Linux; Android 12; Infinix X677 Build/SP1A.210812.016) AppleWebKit/537.36 (KHTML, like Gecko) Version/4.0 Chrome/123.0.6312.118 Mobile Safari/537.36"
42.108.162.82 - - [23/Apr/2024:14:24:36 +0000] "GET /assets/css/lib/animate.min.css HTTP/1.1" 200 4148 "https://hp.himachaltravelguide.in/?gclid=CjwKCAjwuJ2xBhA3EiwAMVjkVMahibjRNyz_mbA5NsRaISgflrTTzK7-cr6C-9OGPQ2Kpz6ZCmGxWhoCyvoQAvD_BwE" "Mozilla/5.0 (Linux; Android 10; K) AppleWebKit/537.36 (KHTML, like Gecko) Chrome/122.0.0.0 Mobile Safari/537.36"
27.60.180.16 - - [23/Apr/2024:14:24:36 +0000] "GET /assets/css/sections/global-settings.css HTTP/1.1" 200 1333 "https://hp.himachaltravelguide.in/assets/css/style.css" "Mozilla/5.0 (Linux; Android 10; K) AppleWebKit/537.36 (KHTML, like Gecko) Chrome/121.0.0.0 Mobile Safari/537.36"
223.187.14.67 - - [23/Apr/2024:14:24:36 +0000] "GET /assets/js/lib/jquery-ui.min.js HTTP/1.1" 200 67864 "https://hp.himachaltravelguide.in/?gclid=EAIaIQobChMIr5fX9sTYhQMVSppLBR06qg_8EAEYASAAEgJlJfD_BwE" "Mozilla/5.0 (Linux; Android 12; Infinix X677 Build/SP1A.210812.016) AppleWebKit/537.36 (KHTML, like Gecko) Version/4.0 Chrome/123.0.6312.118 Mobile Safari/537.36"
223.187.14.67 - - [23/Apr/2024:14:24:36 +0000] "GET /assets/js/lib/jquery.fancybox.min.js HTTP/1.1" 200 19503 "https://hp.himachaltravelguide.in/?gclid=EAIaIQobChMIr5fX9sTYhQMVSppLBR06qg_8EAEYASAAEgJlJfD_BwE" "Mozilla/5.0 (Linux; Android 12; Infinix X677 Build/SP1A.210812.016) AppleWebKit/537.36 (KHTML, like Gecko) Version/4.0 Chrome/123.0.6312.118 Mobile Safari/537.36"
223.187.14.67 - - [23/Apr/2024:14:24:36 +0000] "GET /assets/js/lib/isotope.min.js HTTP/1.1" 200 10201 "https://hp.himachaltravelguide.in/?gclid=EAIaIQobChMIr5fX9sTYhQMVSppLBR06qg_8EAEYASAAEgJlJfD_BwE" "Mozilla/5.0 (Linux; Android 12; Infinix X677 Build/SP1A.210812.016) AppleWebKit/537.36 (KHTML, like Gecko) Version/4.0 Chrome/123.0.6312.118 Mobile Safari/537.36"
42.108.162.82 - - [23/Apr/2024:14:24:36 +0000] "GET /assets/css/lib/slick.min.css HTTP/1.1" 200 516 "https://hp.himachaltravelguide.in/?gclid=CjwKCAjwuJ2xBhA3EiwAMVjkVMahibjRNyz_mbA5NsRaISgflrTTzK7-cr6C-9OGPQ2Kpz6ZCmGxWhoCyvoQAvD_BwE" "Mozilla/5.0 (Linux; Android 10; K) AppleWebKit/537.36 (KHTML, like Gecko) Chrome/122.0.0.0 Mobile Safari/537.36"
106.211.54.142 - - [23/Apr/2024:14:24:36 +0000] "GET /assets/js/lib/popper.min.js HTTP/1.1" 200 7519 "https://hp.himachaltravelguide.in/?gclid=EAIaIQobChMIzdCj-sTYhQMVtovYBR2rzAEuEAEYASAAEgLDu_D_BwE" "Mozilla/5.0 (Linux; Android 12; Infinix X6516 Build/SP1A.210812.001) AppleWebKit/537.36 (KHTML, like Gecko) Chrome/123.0.6312.118 Mobile Safari/537.36"
106.211.54.142 - - [23/Apr/2024:14:24:36 +0000] "GET /assets/js/lib/jquery.min.js HTTP/1.1" 200 33815 "https://hp.himachaltravelguide.in/?gclid=EAIaIQobChMIzdCj-sTYhQMVtovYBR2rzAEuEAEYASAAEgLDu_D_BwE" "Mozilla/5.0 (Linux; Android 12; Infinix X6516 Build/SP1A.210812.001) AppleWebKit/537.36 (KHTML, like Gecko) Chrome/123.0.6312.118 Mobile Safari/537.36"
106.211.54.142 - - [23/Apr/2024:14:24:36 +0000] "GET /assets/js/lib/bootstrap/bootstrap.min.js HTTP/1.1" 200 16560 "https://hp.himachaltravelguide.in/?gclid=EAIaIQobChMIzdCj-sTYhQMVtovYBR2rzAEuEAEYASAAEgLDu_D_BwE" "Mozilla/5.0 (Linux; Android 12; Infinix X6516 Build/SP1A.210812.001) AppleWebKit/537.36 (KHTML, like Gecko) Chrome/123.0.6312.118 Mobile Safari/537.36"
106.211.54.142 - - [23/Apr/2024:14:24:36 +0000] "GET /assets/js/lib/isotope.min.js HTTP/1.1" 200 10201 "https://hp.himachaltravelguide.in/?gclid=EAIaIQobChMIzdCj-sTYhQMVtovYBR2rzAEuEAEYASAAEgLDu_D_BwE" "Mozilla/5.0 (Linux; Android 12; Infinix X6516 Build/SP1A.210812.001) AppleWebKit/537.36 (KHTML, like Gecko) Chrome/123.0.6312.118 Mobile Safari/537.36"
106.211.54.142 - - [23/Apr/2024:14:24:36 +0000] "GET /assets/js/lib/jquery.fancybox.min.js HTTP/1.1" 200 19503 "https://hp.himachaltravelguide.in/?gclid=EAIaIQobChMIzdCj-sTYhQMVtovYBR2rzAEuEAEYASAAEgLDu_D_BwE" "Mozilla/5.0 (Linux; Android 12; Infinix X6516 Build/SP1A.210812.001) AppleWebKit/537.36 (KHTML, like Gecko) Chrome/123.0.6312.118 Mobile Safari/537.36"
106.211.54.142 - - [23/Apr/2024:14:24:36 +0000] "GET /assets/js/lib/jquery-ui.min.js HTTP/1.1" 200 67864 "https://hp.himachaltravelguide.in/?gclid=EAIaIQobChMIzdCj-sTYhQMVtovYBR2rzAEuEAEYASAAEgLDu_D_BwE" "Mozilla/5.0 (Linux; Android 12; Infinix X6516 Build/SP1A.210812.001) AppleWebKit/537.36 (KHTML, like Gecko) Chrome/123.0.6312.118 Mobile Safari/537.36"
223.187.14.67 - - [23/Apr/2024:14:24:37 +0000] "GET /assets/js/lib/jquery.min.js HTTP/1.1" 200 33815 "https://hp.himachaltravelguide.in/?gclid=EAIaIQobChMIr5fX9sTYhQMVSppLBR06qg_8EAEYASAAEgJlJfD_BwE" "Mozilla/5.0 (Linux; Android 12; Infinix X677 Build/SP1A.210812.016) AppleWebKit/537.36 (KHTML, like Gecko) Version/4.0 Chrome/123.0.6312.118 Mobile Safari/537.36"
106.211.54.142 - - [23/Apr/2024:14:24:37 +0000] "GET /assets/fonts/Gilroy/Gilroy-Bold.woff HTTP/1.1" 200 64096 "https://hp.himachaltravelguide.in/assets/css/sections/fonts.css" "Mozilla/5.0 (Linux; Android 12; Infinix X6516 Build/SP1A.210812.001) AppleWebKit/537.36 (KHTML, like Gecko) Chrome/123.0.6312.118 Mobile Safari/537.36"
47.31.153.68 - - [23/Apr/2024:14:24:37 +0000] "GET /assets/images/resources/misc/man-orange-bag.png HTTP/1.1" 200 114524 "https://hp.himachaltravelguide.in/?gclid=EAIaIQobChMIvY_l8cTYhQMVl924CB2Xkg6JEAEYASAAEgKiRfD_BwE" "Mozilla/5.0 (Linux; Android 12; M2101K7AI) AppleWebKit/537.36 (KHTML, like Gecko) Chrome/103.0.0.0 Mobile Safari/537.36"
47.31.153.68 - - [23/Apr/2024:14:24:37 +0000] "GET /assets/images/tripperHub-white.png HTTP/1.1" 200 181946 "https://hp.himachaltravelguide.in/?gclid=EAIaIQobChMIvY_l8cTYhQMVl924CB2Xkg6JEAEYASAAEgKiRfD_BwE" "Mozilla/5.0 (Linux; Android 12; M2101K7AI) AppleWebKit/537.36 (KHTML, like Gecko) Chrome/103.0.0.0 Mobile Safari/537.36"
42.108.162.82 - - [23/Apr/2024:14:24:37 +0000] "GET /assets/css/lib/swiper.min.css HTTP/1.1" 200 4593 "https://hp.himachaltravelguide.in/?gclid=CjwKCAjwuJ2xBhA3EiwAMVjkVMahibjRNyz_mbA5NsRaISgflrTTzK7-cr6C-9OGPQ2Kpz6ZCmGxWhoCyvoQAvD_BwE" "Mozilla/5.0 (Linux; Android 10; K) AppleWebKit/537.36 (KHTML, like Gecko) Chrome/122.0.0.0 Mobile Safari/537.36"
47.15.40.225 - - [23/Apr/2024:14:24:37 +0000] "GET /assets/fonts/Reey/Reey-Regular.woff HTTP/1.1" 200 79212 "https://hp.himachaltravelguide.in/assets/css/sections/fonts.css" "Mozilla/5.0 (Linux; Android 9; vivo 1723 Build/PKQ1.190118.001; wv) AppleWebKit/537.36 (KHTML, like Gecko) Version/4.0 Chrome/87.0.4280.141 Mobile Safari/537.36 VivoBrowser/12.0.2.0"
223.187.14.67 - - [23/Apr/2024:14:24:37 +0000] "GET /assets/fonts/Gilroy/Gilroy-Bold.woff HTTP/1.1" 200 64096 "https://hp.himachaltravelguide.in/assets/css/sections/fonts.css" "Mozilla/5.0 (Linux; Android 12; Infinix X677 Build/SP1A.210812.016) AppleWebKit/537.36 (KHTML, like Gecko) Version/4.0 Chrome/123.0.6312.118 Mobile Safari/537.36"
106.211.54.142 - - [23/Apr/2024:14:24:37 +0000] "GET /assets/js/lib/slick.min.js HTTP/1.1" 200 10680 "https://hp.himachaltravelguide.in/?gclid=EAIaIQobChMIzdCj-sTYhQMVtovYBR2rzAEuEAEYASAAEgLDu_D_BwE" "Mozilla/5.0 (Linux; Android 12; Infinix X6516 Build/SP1A.210812.001) AppleWebKit/537.36 (KHTML, like Gecko) Chrome/123.0.6312.118 Mobile Safari/537.36"
