152.59.8.27 - - [23/Apr/2024:14:23:43 +0000] "GET /assets/css/lib/jquery-ui.min.css HTTP/1.1" 200 7629 "https://hp.himachaltravelguide.in/?gclid=CjwKCAjwuJ2xBhA3EiwAMVjkVEB8R3cKxp5sIRHHoVbR0W-MPyx0XHLKSml6FZaWbtGHPj2svHCV6BoCbeYQAvD_BwE" "Mozilla/5.0 (Linux; Android 10; K) AppleWebKit/537.36 (KHTML, like Gecko) Chrome/123.0.0.0 Mobile Safari/537.36"
152.59.8.27 - - [23/Apr/2024:14:23:43 +0000] "GET /assets/css/lib/jquery.fancybox.min.css HTTP/1.1" 200 3167 "https://hp.himachaltravelguide.in/?gclid=CjwKCAjwuJ2xBhA3EiwAMVjkVEB8R3cKxp5sIRHHoVbR0W-MPyx0XHLKSml6FZaWbtGHPj2svHCV6BoCbeYQAvD_BwE" "Mozilla/5.0 (Linux; Android 10; K) AppleWebKit/537.36 (KHTML, like Gecko) Chrome/123.0.0.0 Mobile Safari/537.36"
152.59.8.27 - - [23/Apr/2024:14:23:43 +0000] "GET /assets/css/custom-animate.css HTTP/1.1" 200 1880 "https://hp.himachaltravelguide.in/?gclid=CjwKCAjwuJ2xBhA3EiwAMVjkVEB8R3cKxp5sIRHHoVbR0W-MPyx0XHLKSml6FZaWbtGHPj2svHCV6BoCbeYQAvD_BwE" "Mozilla/5.0 (Linux; Android 10; K) AppleWebKit/537.36 (KHTML, like Gecko) Chrome/123.0.0.0 Mobile Safari/537.36"
152.59.8.27 - - [23/Apr/2024:14:23:43 +0000] "GET /assets/css/style.css HTTP/1.1" 200 23571 "https://hp.himachaltravelguide.in/?gclid=CjwKCAjwuJ2xBhA3EiwAMVjkVEB8R3cKxp5sIRHHoVbR0W-MPyx0XHLKSml6FZaWbtGHPj2svHCV6BoCbeYQAvD_BwE" "Mozilla/5.0 (Linux; Android 10; K) AppleWebKit/537.36 (KHTML, like Gecko) Chrome/123.0.0.0 Mobile Safari/537.36"
152.59.8.27 - - [23/Apr/2024:14:23:43 +0000] "GET /assets/css/responsive.css HTTP/1.1" 200 3920 "https://hp.himachaltravelguide.in/?gclid=CjwKCAjwuJ2xBhA3EiwAMVjkVEB8R3cKxp5sIRHHoVbR0W-MPyx0XHLKSml6FZaWbtGHPj2svHCV6BoCbeYQAvD_BwE" "Mozilla/5.0 (Linux; Android 10; K) AppleWebKit/537.36 (KHTML, like Gecko) Chrome/123.0.0.0 Mobile Safari/537.36"
152.59.8.27 - - [23/Apr/2024:14:23:43 +0000] "GET /assets/images/tripperHubpng%201.png HTTP/1.1" 200 18158 "https://hp.himachaltravelguide.in/?gclid=CjwKCAjwuJ2xBhA3EiwAMVjkVEB8R3cKxp5sIRHHoVbR0W-MPyx0XHLKSml6FZaWbtGHPj2svHCV6BoCbeYQAvD_BwE" "Mozilla/5.0 (Linux; Android 10; K) AppleWebKit/537.36 (KHTML, like Gecko) Chrome/123.0.0.0 Mobile Safari/537.36"
152.59.8.27 - - [23/Apr/2024:14:23:43 +0000] "GET /assets/images/icons/menu-icon.svg HTTP/1.1" 200 305 "https://hp.himachaltravelguide.in/?gclid=CjwKCAjwuJ2xBhA3EiwAMVjkVEB8R3cKxp5sIRHHoVbR0W-MPyx0XHLKSml6FZaWbtGHPj2svHCV6BoCbeYQAvD_BwE" "Mozilla/5.0 (Linux; Android 10; K) AppleWebKit/537.36 (KHTML, like Gecko) Chrome/123.0.0.0 Mobile Safari/537.36"
157.33.123.255 - - [23/Apr/2024:14:23:43 +0000] "GET /assets/js/lib/isotope.min.js HTTP/1.1" 200 10201 "https://hp.himachaltravelguide.in/?gclid=CjwKCAjwuJ2xBhA3EiwAMVjkVOoYESk4SgSSNtaSfGBx2mKcMnXRxkZ5HFyP2lYb6vNnRGVCathdRxoCHz4QAvD_BwE" "Mozilla/5.0 (Linux; Android 13; V2037; wv) AppleWebKit/537.36 (KHTML, like Gecko) Version/4.0 Chrome/87.0.4280.141 Mobile Safari/537.36 VivoBrowser/12.0.2.0"
157.33.123.255 - - [23/Apr/2024:14:23:43 +0000] "GET /assets/js/lib/slick.min.js HTTP/1.1" 200 10680 "https://hp.himachaltravelguide.in/?gclid=CjwKCAjwuJ2xBhA3EiwAMVjkVOoYESk4SgSSNtaSfGBx2mKcMnXRxkZ5HFyP2lYb6vNnRGVCathdRxoCHz4QAvD_BwE" "Mozilla/5.0 (Linux; Android 13; V2037; wv) AppleWebKit/537.36 (KHTML, like Gecko) Version/4.0 Chrome/87.0.4280.141 Mobile Safari/537.36 VivoBrowser/12.0.2.0"
47.11.199.242 - - [23/Apr/2024:14:23:43 +0000] "GET /assets/images/elements/yellow-4.png HTTP/1.1" 200 646 "https://hp.himachaltravelguide.in/?gclid=CjwKCAjwuJ2xBhA3EiwAMVjkVK8FIQ1NXYcO-KJRAQ2i7rNXIWveiyizpDiF_DGT8c8474Pbd6OO8xoCttAQAvD_BwE" "Mozilla/5.0 (Linux; Android 10; K) AppleWebKit/537.36 (KHTML, like Gecko) Chrome/123.0.0.0 Mobile Safari/537.36"
152.58.93.0 - - [23/Apr/2024:14:23:43 +0000] "GET /?gclid=CjwKCAjwuJ2xBhA3EiwAMVjkVFgwYrVYkbZyEuXZpEZSh43oRJsEaH-ZUKBLRprp8V9rTXSG3JjyFhoCqngQAvD_BwE HTTP/1.1" 200 11239 "-" "Mozilla/5.0 (Linux; Android 10; K) AppleWebKit/537.36 (KHTML, like Gecko) Chrome/123.0.0.0 Mobile Safari/537.36"
157.33.123.255 - - [23/Apr/2024:14:23:43 +0000] "GET /assets/js/lib/appear.min.js HTTP/1.1" 200 784 "https://hp.himachaltravelguide.in/?gclid=CjwKCAjwuJ2xBhA3EiwAMVjkVOoYESk4SgSSNtaSfGBx2mKcMnXRxkZ5HFyP2lYb6vNnRGVCathdRxoCHz4QAvD_BwE" "Mozilla/5.0 (Linux; Android 13; V2037; wv) AppleWebKit/537.36 (KHTML, like Gecko) Version/4.0 Chrome/87.0.4280.141 Mobile Safari/537.36 VivoBrowser/12.0.2.0"
47.11.199.242 - - [23/Apr/2024:14:23:43 +0000] "GET /assets/images/resources/thumbnails/testi-1.jpg HTTP/1.1" 200 8918 "https://hp.himachaltravelguide.in/?gclid=CjwKCAjwuJ2xBhA3EiwAMVjkVK8FIQ1NXYcO-KJRAQ2i7rNXIWveiyizpDiF_DGT8c8474Pbd6OO8xoCttAQAvD_BwE" "Mozilla/5.0 (Linux; Android 10; K) AppleWebKit/537.36 (KHTML, like Gecko) Chrome/123.0.0.0 Mobile Safari/537.36"
152.59.8.27 - - [23/Apr/2024:14:23:43 +0000] "GET /assets/css/sections/fonts.css HTTP/1.1" 200 319 "https://hp.himachaltravelguide.in/assets/css/style.css" "Mozilla/5.0 (Linux; Android 10; K) AppleWebKit/537.36 (KHTML, like Gecko) Chrome/123.0.0.0 Mobile Safari/537.36"
152.59.8.27 - - [23/Apr/2024:14:23:43 +0000] "GET /assets/css/sections/global-settings.css HTTP/1.1" 200 1333 "https://hp.himachaltravelguide.in/assets/css/style.css" "Mozilla/5.0 (Linux; Android 10; K) AppleWebKit/537.36 (KHTML, like Gecko) Chrome/123.0.0.0 Mobile Safari/537.36"
152.59.8.27 - - [23/Apr/2024:14:23:43 +0000] "GET /assets/css/sections/variables.css HTTP/1.1" 200 474 "https://hp.himachaltravelguide.in/assets/css/style.css" "Mozilla/5.0 (Linux; Android 10; K) AppleWebKit/537.36 (KHTML, like Gecko) Chrome/123.0.0.0 Mobile Safari/537.36"
152.58.159.201 - - [23/Apr/2024:14:23:43 +0000] "GET /assets/css/lib/bootstrap/bootstrap.min.css HTTP/1.1" 200 31138 "https://hp.himachaltravelguide.in/?gclid=CjwKCAjwuJ2xBhA3EiwAMVjkVOVmAv6vjfajGb1-R5ec7x7AiE8rRjC41Qgb8Ire1eFv8puZNgmy9BoCmk4QAvD_BwE" "Mozilla/5.0 (Linux; Android 10; K) AppleWebKit/537.36 (KHTML, like Gecko) Chrome/123.0.0.0 Mobile Safari/537.36"
157.33.123.255 - - [23/Apr/2024:14:23:43 +0000] "GET /assets/js/lib/wow.min.js HTTP/1.1" 200 2826 "https://hp.himachaltravelguide.in/?gclid=CjwKCAjwuJ2xBhA3EiwAMVjkVOoYESk4SgSSNtaSfGBx2mKcMnXRxkZ5HFyP2lYb6vNnRGVCathdRxoCHz4QAvD_BwE" "Mozilla/5.0 (Linux; Android 13; V2037; wv) AppleWebKit/537.36 (KHTML, like Gecko) Version/4.0 Chrome/87.0.4280.141 Mobile Safari/537.36 VivoBrowser/12.0.2.0"
157.33.123.255 - - [23/Apr/2024:14:23:43 +0000] "GET /assets/js/custom-script.js HTTP/1.1" 200 3489 "https://hp.himachaltravelguide.in/?gclid=CjwKCAjwuJ2xBhA3EiwAMVjkVOoYESk4SgSSNtaSfGBx2mKcMnXRxkZ5HFyP2lYb6vNnRGVCathdRxoCHz4QAvD_BwE" "Mozilla/5.0 (Linux; Android 13; V2037; wv) AppleWebKit/537.36 (KHTML, like Gecko) Version/4.0 Chrome/87.0.4280.141 Mobile Safari/537.36 VivoBrowser/12.0.2.0"
47.11.199.242 - - [23/Apr/2024:14:23:43 +0000] "GET /assets/images/resources/thumbnails/testi-2.jpg HTTP/1.1" 200 8319 "https://hp.himachaltravelguide.in/?gclid=CjwKCAjwuJ2xBhA3EiwAMVjkVK8FIQ1NXYcO-KJRAQ2i7rNXIWveiyizpDiF_DGT8c8474Pbd6OO8xoCttAQAvD_BwE" "Mozilla/5.0 (Linux; Android 10; K) AppleWebKit/537.36 (KHTML, like Gecko) Chrome/123.0.0.0 Mobile Safari/537.36"
152.58.159.201 - - [23/Apr/2024:14:23:43 +0000] "GET /assets/css/lib/fontawesome/css/fontawesome.min.css HTTP/1.1" 200 17422 "https://hp.himachaltravelguide.in/?gclid=CjwKCAjwuJ2xBhA3EiwAMVjkVOVmAv6vjfajGb1-R5ec7x7AiE8rRjC41Qgb8Ire1eFv8puZNgmy9BoCmk4QAvD_BwE" "Mozilla/5.0 (Linux; Android 10; K) AppleWebKit/537.36 (KHTML, like Gecko) Chrome/123.0.0.0 Mobile Safari/537.36"
157.33.123.255 - - [23/Apr/2024:14:23:43 +0000] "GET /assets/js/lib/swiper.min.js HTTP/1.1" 200 39733 "https://hp.himachaltravelguide.in/?gclid=CjwKCAjwuJ2xBhA3EiwAMVjkVOoYESk4SgSSNtaSfGBx2mKcMnXRxkZ5HFyP2lYb6vNnRGVCathdRxoCHz4QAvD_BwE" "Mozilla/5.0 (Linux; Android 13; V2037; wv) AppleWebKit/537.36 (KHTML, like Gecko) Version/4.0 Chrome/87.0.4280.141 Mobile Safari/537.36 VivoBrowser/12.0.2.0"
157.33.123.255 - - [23/Apr/2024:14:23:43 +0000] "GET /assets/images/tripperHubpng%201.png HTTP/1.1" 200 18158 "https://hp.himachaltravelguide.in/?gclid=CjwKCAjwuJ2xBhA3EiwAMVjkVOoYESk4SgSSNtaSfGBx2mKcMnXRxkZ5HFyP2lYb6vNnRGVCathdRxoCHz4QAvD_BwE" "Mozilla/5.0 (Linux; Android 13; V2037; wv) AppleWebKit/537.36 (KHTML, like Gecko) Version/4.0 Chrome/87.0.4280.141 Mobile Safari/537.36 VivoBrowser/12.0.2.0"
152.58.159.201 - - [23/Apr/2024:14:23:43 +0000] "GET /assets/css/lib/fontawesome/css/solid.css HTTP/1.1" 200 353 "https://hp.himachaltravelguide.in/?gclid=CjwKCAjwuJ2xBhA3EiwAMVjkVOVmAv6vjfajGb1-R5ec7x7AiE8rRjC41Qgb8Ire1eFv8puZNgmy9BoCmk4QAvD_BwE" "Mozilla/5.0 (Linux; Android 10; K) AppleWebKit/537.36 (KHTML, like Gecko) Chrome/123.0.0.0 Mobile Safari/537.36"
47.11.199.242 - - [23/Apr/2024:14:23:43 +0000] "GET /assets/images/resources/thumbnails/testi-3.jpg HTTP/1.1" 200 9438 "https://hp.himachaltravelguide.in/?gclid=CjwKCAjwuJ2xBhA3EiwAMVjkVK8FIQ1NXYcO-KJRAQ2i7rNXIWveiyizpDiF_DGT8c8474Pbd6OO8xoCttAQAvD_BwE" "Mozilla/5.0 (Linux; Android 10; K) AppleWebKit/537.36 (KHTML, like Gecko) Chrome/123.0.0.0 Mobile Safari/537.36"
157.33.123.255 - - [23/Apr/2024:14:23:43 +0000] "GET /assets/images/icons/menu-icon.svg HTTP/1.1" 200 305 "https://hp.himachaltravelguide.in/?gclid=CjwKCAjwuJ2xBhA3EiwAMVjkVOoYESk4SgSSNtaSfGBx2mKcMnXRxkZ5HFyP2lYb6vNnRGVCathdRxoCHz4QAvD_BwE" "Mozilla/5.0 (Linux; Android 13; V2037; wv) AppleWebKit/537.36 (KHTML, like Gecko) Version/4.0 Chrome/87.0.4280.141 Mobile Safari/537.36 VivoBrowser/12.0.2.0"
152.59.8.27 - - [23/Apr/2024:14:23:43 +0000] "GET /assets/js/lib/jquery.fancybox.min.js HTTP/1.1" 200 19503 "https://hp.himachaltravelguide.in/?gclid=CjwKCAjwuJ2xBhA3EiwAMVjkVEB8R3cKxp5sIRHHoVbR0W-MPyx0XHLKSml6FZaWbtGHPj2svHCV6BoCbeYQAvD_BwE" "Mozilla/5.0 (Linux; Android 10; K) AppleWebKit/537.36 (KHTML, like Gecko) Chrome/123.0.0.0 Mobile Safari/537.36"
152.59.8.27 - - [23/Apr/2024:14:23:43 +0000] "GET /assets/js/lib/bootstrap/bootstrap.min.js HTTP/1.1" 200 16560 "https://hp.himachaltravelguide.in/?gclid=CjwKCAjwuJ2xBhA3EiwAMVjkVEB8R3cKxp5sIRHHoVbR0W-MPyx0XHLKSml6FZaWbtGHPj2svHCV6BoCbeYQAvD_BwE" "Mozilla/5.0 (Linux; Android 10; K) AppleWebKit/537.36 (KHTML, like Gecko) Chrome/123.0.0.0 Mobile Safari/537.36"
152.59.8.27 - - [23/Apr/2024:14:23:43 +0000] "GET /assets/js/lib/jquery-ui.min.js HTTP/1.1" 200 67864 "https://hp.himachaltravelguide.in/?gclid=CjwKCAjwuJ2xBhA3EiwAMVjkVEB8R3cKxp5sIRHHoVbR0W-MPyx0XHLKSml6FZaWbtGHPj2svHCV6BoCbeYQAvD_BwE" "Mozilla/5.0 (Linux; Android 10; K) AppleWebKit/537.36 (KHTML, like Gecko) Chrome/123.0.0.0 Mobile Safari/537.36"
152.58.159.201 - - [23/Apr/2024:14:23:43 +0000] "GET /assets/css/lib/fontawesome/css/brands.css HTTP/1.1" 200 4928 "https://hp.himachaltravelguide.in/?gclid=CjwKCAjwuJ2xBhA3EiwAMVjkVOVmAv6vjfajGb1-R5ec7x7AiE8rRjC41Qgb8Ire1eFv8puZNgmy9BoCmk4QAvD_BwE" "Mozilla/5.0 (Linux; Android 10; K) AppleWebKit/537.36 (KHTML, like Gecko) Chrome/123.0.0.0 Mobile Safari/537.36"
152.59.8.27 - - [23/Apr/2024:14:23:43 +0000] "GET /assets/js/lib/isotope.min.js HTTP/1.1" 200 10201 "https://hp.himachaltravelguide.in/?gclid=CjwKCAjwuJ2xBhA3EiwAMVjkVEB8R3cKxp5sIRHHoVbR0W-MPyx0XHLKSml6FZaWbtGHPj2svHCV6BoCbeYQAvD_BwE" "Mozilla/5.0 (Linux; Android 10; K) AppleWebKit/537.36 (KHTML, like Gecko) Chrome/123.0.0.0 Mobile Safari/537.36"
152.59.8.27 - - [23/Apr/2024:14:23:43 +0000] "GET /assets/js/lib/popper.min.js HTTP/1.1" 200 7519 "https://hp.himachaltravelguide.in/?gclid=CjwKCAjwuJ2xBhA3EiwAMVjkVEB8R3cKxp5sIRHHoVbR0W-MPyx0XHLKSml6FZaWbtGHPj2svHCV6BoCbeYQAvD_BwE" "Mozilla/5.0 (Linux; Android 10; K) AppleWebKit/537.36 (KHTML, like Gecko) Chrome/123.0.0.0 Mobile Safari/537.36"
157.45.229.131 - - [23/Apr/2024:14:23:43 +0000] "GET /assets/images/resources/misc/man-orange-bag.png HTTP/1.1" 200 114524 "https://hp.himachaltravelguide.in/?gclid=CjwKCAjwuJ2xBhA3EiwAMVjkVIgTXhtWiRusUiQHtY0jT7VkAFPcI2GwmMOFUNb7spVrsldRtDWZpRoCPX4QAvD_BwE" "Mozilla/5.0 (Linux; Android 10; K) AppleWebKit/537.36 (KHTML, like Gecko) Chrome/123.0.0.0 Mobile Safari/537.36"
152.58.93.0 - - [23/Apr/2024:14:23:43 +0000] "GET /assets/css/lib/bootstrap/bootstrap.min.css HTTP/1.1" 200 31138 "https://hp.himachaltravelguide.in/?gclid=CjwKCAjwuJ2xBhA3EiwAMVjkVFgwYrVYkbZyEuXZpEZSh43oRJsEaH-ZUKBLRprp8V9rTXSG3JjyFhoCqngQAvD_BwE" "Mozilla/5.0 (Linux; Android 10; K) AppleWebKit/537.36 (KHTML, like Gecko) Chrome/123.0.0.0 Mobile Safari/537.36"
152.58.159.201 - - [23/Apr/2024:14:23:43 +0000] "GET /assets/css/lib/simple-line-icons/css/simple-line-icons.min.css HTTP/1.1" 200 2436 "https://hp.himachaltravelguide.in/?gclid=CjwKCAjwuJ2xBhA3EiwAMVjkVOVmAv6vjfajGb1-R5ec7x7AiE8rRjC41Qgb8Ire1eFv8puZNgmy9BoCmk4QAvD_BwE" "Mozilla/5.0 (Linux; Android 10; K) AppleWebKit/537.36 (KHTML, like Gecko) Chrome/123.0.0.0 Mobile Safari/537.36"
47.11.199.242 - - [23/Apr/2024:14:23:43 +0000] "GET /assets/images/tripperHub-white.png HTTP/1.1" 200 181946 "https://hp.himachaltravelguide.in/?gclid=CjwKCAjwuJ2xBhA3EiwAMVjkVK8FIQ1NXYcO-KJRAQ2i7rNXIWveiyizpDiF_DGT8c8474Pbd6OO8xoCttAQAvD_BwE" "Mozilla/5.0 (Linux; Android 10; K) AppleWebKit/537.36 (KHTML, like Gecko) Chrome/123.0.0.0 Mobile Safari/537.36"
152.59.8.27 - - [23/Apr/2024:14:23:43 +0000] "GET /assets/js/lib/jquery.min.js HTTP/1.1" 200 33815 "https://hp.himachaltravelguide.in/?gclid=CjwKCAjwuJ2xBhA3EiwAMVjkVEB8R3cKxp5sIRHHoVbR0W-MPyx0XHLKSml6FZaWbtGHPj2svHCV6BoCbeYQAvD_BwE" "Mozilla/5.0 (Linux; Android 10; K) AppleWebKit/537.36 (KHTML, like Gecko) Chrome/123.0.0.0 Mobile Safari/537.36"
152.58.159.201 - - [23/Apr/2024:14:23:43 +0000] "GET /assets/css/lib/animate.min.css HTTP/1.1" 200 4148 "https://hp.himachaltravelguide.in/?gclid=CjwKCAjwuJ2xBhA3EiwAMVjkVOVmAv6vjfajGb1-R5ec7x7AiE8rRjC41Qgb8Ire1eFv8puZNgmy9BoCmk4QAvD_BwE" "Mozilla/5.0 (Linux; Android 10; K) AppleWebKit/537.36 (KHTML, like Gecko) Chrome/123.0.0.0 Mobile Safari/537.36"
152.59.8.27 - - [23/Apr/2024:14:23:43 +0000] "GET /assets/js/lib/slick.min.js HTTP/1.1" 200 10680 "https://hp.himachaltravelguide.in/?gclid=CjwKCAjwuJ2xBhA3EiwAMVjkVEB8R3cKxp5sIRHHoVbR0W-MPyx0XHLKSml6FZaWbtGHPj2svHCV6BoCbeYQAvD_BwE" "Mozilla/5.0 (Linux; Android 10; K) AppleWebKit/537.36 (KHTML, like Gecko) Chrome/123.0.0.0 Mobile Safari/537.36"
152.59.8.27 - - [23/Apr/2024:14:23:43 +0000] "GET /assets/js/lib/appear.min.js HTTP/1.1" 200 784 "https://hp.himachaltravelguide.in/?gclid=CjwKCAjwuJ2xBhA3EiwAMVjkVEB8R3cKxp5sIRHHoVbR0W-MPyx0XHLKSml6FZaWbtGHPj2svHCV6BoCbeYQAvD_BwE" "Mozilla/5.0 (Linux; Android 10; K) AppleWebKit/537.36 (KHTML, like Gecko) Chrome/123.0.0.0 Mobile Safari/537.36"
152.58.159.201 - - [23/Apr/2024:14:23:43 +0000] "GET /assets/css/lib/slick.min.css HTTP/1.1" 200 516 "https://hp.himachaltravelguide.in/?gclid=CjwKCAjwuJ2xBhA3EiwAMVjkVOVmAv6vjfajGb1-R5ec7x7AiE8rRjC41Qgb8Ire1eFv8puZNgmy9BoCmk4QAvD_BwE" "Mozilla/5.0 (Linux; Android 10; K) AppleWebKit/537.36 (KHTML, like Gecko) Chrome/123.0.0.0 Mobile Safari/537.36"
152.58.159.201 - - [23/Apr/2024:14:23:43 +0000] "GET /assets/css/lib/swiper.min.css HTTP/1.1" 200 4593 "https://hp.himachaltravelguide.in/?gclid=CjwKCAjwuJ2xBhA3EiwAMVjkVOVmAv6vjfajGb1-R5ec7x7AiE8rRjC41Qgb8Ire1eFv8puZNgmy9BoCmk4QAvD_BwE" "Mozilla/5.0 (Linux; Android 10; K) AppleWebKit/537.36 (KHTML, like Gecko) Chrome/123.0.0.0 Mobile Safari/537.36"
152.58.159.201 - - [23/Apr/2024:14:23:44 +0000] "GET /assets/css/lib/jquery-ui.min.css HTTP/1.1" 200 7629 "https://hp.himachaltravelguide.in/?gclid=CjwKCAjwuJ2xBhA3EiwAMVjkVOVmAv6vjfajGb1-R5ec7x7AiE8rRjC41Qgb8Ire1eFv8puZNgmy9BoCmk4QAvD_BwE" "Mozilla/5.0 (Linux; Android 10; K) AppleWebKit/537.36 (KHTML, like Gecko) Chrome/123.0.0.0 Mobile Safari/537.36"
152.58.159.201 - - [23/Apr/2024:14:23:44 +0000] "GET /assets/css/lib/jquery.fancybox.min.css HTTP/1.1" 200 3167 "https://hp.himachaltravelguide.in/?gclid=CjwKCAjwuJ2xBhA3EiwAMVjkVOVmAv6vjfajGb1-R5ec7x7AiE8rRjC41Qgb8Ire1eFv8puZNgmy9BoCmk4QAvD_BwE" "Mozilla/5.0 (Linux; Android 10; K) AppleWebKit/537.36 (KHTML, like Gecko) Chrome/123.0.0.0 Mobile Safari/537.36"
152.59.8.27 - - [23/Apr/2024:14:23:44 +0000] "GET /assets/fonts/Gilroy/Gilroy-Bold.woff HTTP/1.1" 200 64096 "https://hp.himachaltravelguide.in/assets/css/sections/fonts.css" "Mozilla/5.0 (Linux; Android 10; K) AppleWebKit/537.36 (KHTML, like Gecko) Chrome/123.0.0.0 Mobile Safari/537.36"
152.59.8.27 - - [23/Apr/2024:14:23:44 +0000] "GET /assets/fonts/Reey/Reey-Regular.woff HTTP/1.1" 200 79212 "https://hp.himachaltravelguide.in/assets/css/sections/fonts.css" "Mozilla/5.0 (Linux; Android 10; K) AppleWebKit/537.36 (KHTML, like Gecko) Chrome/123.0.0.0 Mobile Safari/537.36"
152.59.8.27 - - [23/Apr/2024:14:23:44 +0000] "GET /assets/js/lib/wow.min.js HTTP/1.1" 200 2826 "https://hp.himachaltravelguide.in/?gclid=CjwKCAjwuJ2xBhA3EiwAMVjkVEB8R3cKxp5sIRHHoVbR0W-MPyx0XHLKSml6FZaWbtGHPj2svHCV6BoCbeYQAvD_BwE" "Mozilla/5.0 (Linux; Android 10; K) AppleWebKit/537.36 (KHTML, like Gecko) Chrome/123.0.0.0 Mobile Safari/537.36"
152.59.8.27 - - [23/Apr/2024:14:23:44 +0000] "GET /assets/js/lib/swiper.min.js HTTP/1.1" 200 39733 "https://hp.himachaltravelguide.in/?gclid=CjwKCAjwuJ2xBhA3EiwAMVjkVEB8R3cKxp5sIRHHoVbR0W-MPyx0XHLKSml6FZaWbtGHPj2svHCV6BoCbeYQAvD_BwE" "Mozilla/5.0 (Linux; Android 10; K) AppleWebKit/537.36 (KHTML, like Gecko) Chrome/123.0.0.0 Mobile Safari/537.36"
152.59.8.27 - - [23/Apr/2024:14:23:44 +0000] "GET /assets/js/custom-script.js HTTP/1.1" 200 3489 "https://hp.himachaltravelguide.in/?gclid=CjwKCAjwuJ2xBhA3EiwAMVjkVEB8R3cKxp5sIRHHoVbR0W-MPyx0XHLKSml6FZaWbtGHPj2svHCV6BoCbeYQAvD_BwE" "Mozilla/5.0 (Linux; Android 10; K) AppleWebKit/537.36 (KHTML, like Gecko) Chrome/123.0.0.0 Mobile Safari/537.36"
152.59.8.27 - - [23/Apr/2024:14:23:44 +0000] "GET /assets/images/elements/white-1.png HTTP/1.1" 200 427 "https://hp.himachaltravelguide.in/?gclid=CjwKCAjwuJ2xBhA3EiwAMVjkVEB8R3cKxp5sIRHHoVbR0W-MPyx0XHLKSml6FZaWbtGHPj2svHCV6BoCbeYQAvD_BwE" "Mozilla/5.0 (Linux; Android 10; K) AppleWebKit/537.36 (KHTML, like Gecko) Chrome/123.0.0.0 Mobile Safari/537.36"
152.59.8.27 - - [23/Apr/2024:14:23:44 +0000] "GET /assets/images/icons/intro-1.png HTTP/1.1" 200 3503 "https://hp.himachaltravelguide.in/?gclid=CjwKCAjwuJ2xBhA3EiwAMVjkVEB8R3cKxp5sIRHHoVbR0W-MPyx0XHLKSml6FZaWbtGHPj2svHCV6BoCbeYQAvD_BwE" "Mozilla/5.0 (Linux; Android 10; K) AppleWebKit/537.36 (KHTML, like Gecko) Chrome/123.0.0.0 Mobile Safari/537.36"
152.58.159.201 - - [23/Apr/2024:14:23:44 +0000] "GET /assets/css/custom-animate.css HTTP/1.1" 200 1880 "https://hp.himachaltravelguide.in/?gclid=CjwKCAjwuJ2xBhA3EiwAMVjkVOVmAv6vjfajGb1-R5ec7x7AiE8rRjC41Qgb8Ire1eFv8puZNgmy9BoCmk4QAvD_BwE" "Mozilla/5.0 (Linux; Android 10; K) AppleWebKit/537.36 (KHTML, like Gecko) Chrome/123.0.0.0 Mobile Safari/537.36"
152.58.159.201 - - [23/Apr/2024:14:23:44 +0000] "GET /assets/css/style.css HTTP/1.1" 200 23571 "https://hp.himachaltravelguide.in/?gclid=CjwKCAjwuJ2xBhA3EiwAMVjkVOVmAv6vjfajGb1-R5ec7x7AiE8rRjC41Qgb8Ire1eFv8puZNgmy9BoCmk4QAvD_BwE" "Mozilla/5.0 (Linux; Android 10; K) AppleWebKit/537.36 (KHTML, like Gecko) Chrome/123.0.0.0 Mobile Safari/537.36"
152.58.159.201 - - [23/Apr/2024:14:23:44 +0000] "GET /assets/css/responsive.css HTTP/1.1" 200 3920 "https://hp.himachaltravelguide.in/?gclid=CjwKCAjwuJ2xBhA3EiwAMVjkVOVmAv6vjfajGb1-R5ec7x7AiE8rRjC41Qgb8Ire1eFv8puZNgmy9BoCmk4QAvD_BwE" "Mozilla/5.0 (Linux; Android 10; K) AppleWebKit/537.36 (KHTML, like Gecko) Chrome/123.0.0.0 Mobile Safari/537.36"
152.58.93.0 - - [23/Apr/2024:14:23:44 +0000] "GET /assets/css/lib/fontawesome/css/brands.css HTTP/1.1" 200 4928 "https://hp.himachaltravelguide.in/?gclid=CjwKCAjwuJ2xBhA3EiwAMVjkVFgwYrVYkbZyEuXZpEZSh43oRJsEaH-ZUKBLRprp8V9rTXSG3JjyFhoCqngQAvD_BwE" "Mozilla/5.0 (Linux; Android 10; K) AppleWebKit/537.36 (KHTML, like Gecko) Chrome/123.0.0.0 Mobile Safari/537.36"
152.58.159.201 - - [23/Apr/2024:14:23:44 +0000] "GET /assets/images/tripperHubpng%201.png HTTP/1.1" 200 18158 "https://hp.himachaltravelguide.in/?gclid=CjwKCAjwuJ2xBhA3EiwAMVjkVOVmAv6vjfajGb1-R5ec7x7AiE8rRjC41Qgb8Ire1eFv8puZNgmy9BoCmk4QAvD_BwE" "Mozilla/5.0 (Linux; Android 10; K) AppleWebKit/537.36 (KHTML, like Gecko) Chrome/123.0.0.0 Mobile Safari/537.36"
152.58.159.201 - - [23/Apr/2024:14:23:44 +0000] "GET /assets/images/icons/menu-icon.svg HTTP/1.1" 200 305 "https://hp.himachaltravelguide.in/?gclid=CjwKCAjwuJ2xBhA3EiwAMVjkVOVmAv6vjfajGb1-R5ec7x7AiE8rRjC41Qgb8Ire1eFv8puZNgmy9BoCmk4QAvD_BwE" "Mozilla/5.0 (Linux; Android 10; K) AppleWebKit/537.36 (KHTML, like Gecko) Chrome/123.0.0.0 Mobile Safari/537.36"
152.58.93.0 - - [23/Apr/2024:14:23:44 +0000] "GET /assets/css/lib/fontawesome/css/fontawesome.min.css HTTP/1.1" 200 17422 "https://hp.himachaltravelguide.in/?gclid=CjwKCAjwuJ2xBhA3EiwAMVjkVFgwYrVYkbZyEuXZpEZSh43oRJsEaH-ZUKBLRprp8V9rTXSG3JjyFhoCqngQAvD_BwE" "Mozilla/5.0 (Linux; Android 10; K) AppleWebKit/537.36 (KHTML, like Gecko) Chrome/123.0.0.0 Mobile Safari/537.36"
152.58.93.0 - - [23/Apr/2024:14:23:44 +0000] "GET /assets/css/lib/fontawesome/css/solid.css HTTP/1.1" 200 353 "https://hp.himachaltravelguide.in/?gclid=CjwKCAjwuJ2xBhA3EiwAMVjkVFgwYrVYkbZyEuXZpEZSh43oRJsEaH-ZUKBLRprp8V9rTXSG3JjyFhoCqngQAvD_BwE" "Mozilla/5.0 (Linux; Android 10; K) AppleWebKit/537.36 (KHTML, like Gecko) Chrome/123.0.0.0 Mobile Safari/537.36"
152.58.93.0 - - [23/Apr/2024:14:23:44 +0000] "GET /assets/css/lib/simple-line-icons/css/simple-line-icons.min.css HTTP/1.1" 200 2436 "https://hp.himachaltravelguide.in/?gclid=CjwKCAjwuJ2xBhA3EiwAMVjkVFgwYrVYkbZyEuXZpEZSh43oRJsEaH-ZUKBLRprp8V9rTXSG3JjyFhoCqngQAvD_BwE" "Mozilla/5.0 (Linux; Android 10; K) AppleWebKit/537.36 (KHTML, like Gecko) Chrome/123.0.0.0 Mobile Safari/537.36"
152.58.93.0 - - [23/Apr/2024:14:23:44 +0000] "GET /assets/css/lib/animate.min.css HTTP/1.1" 200 4148 "https://hp.himachaltravelguide.in/?gclid=CjwKCAjwuJ2xBhA3EiwAMVjkVFgwYrVYkbZyEuXZpEZSh43oRJsEaH-ZUKBLRprp8V9rTXSG3JjyFhoCqngQAvD_BwE" "Mozilla/5.0 (Linux; Android 10; K) AppleWebKit/537.36 (KHTML, like Gecko) Chrome/123.0.0.0 Mobile Safari/537.36"
152.58.93.0 - - [23/Apr/2024:14:23:44 +0000] "GET /assets/css/lib/slick.min.css HTTP/1.1" 200 516 "https://hp.himachaltravelguide.in/?gclid=CjwKCAjwuJ2xBhA3EiwAMVjkVFgwYrVYkbZyEuXZpEZSh43oRJsEaH-ZUKBLRprp8V9rTXSG3JjyFhoCqngQAvD_BwE" "Mozilla/5.0 (Linux; Android 10; K) AppleWebKit/537.36 (KHTML, like Gecko) Chrome/123.0.0.0 Mobile Safari/537.36"
152.58.93.0 - - [23/Apr/2024:14:23:44 +0000] "GET /assets/css/lib/swiper.min.css HTTP/1.1" 200 4593 "https://hp.himachaltravelguide.in/?gclid=CjwKCAjwuJ2xBhA3EiwAMVjkVFgwYrVYkbZyEuXZpEZSh43oRJsEaH-ZUKBLRprp8V9rTXSG3JjyFhoCqngQAvD_BwE" "Mozilla/5.0 (Linux; Android 10; K) AppleWebKit/537.36 (KHTML, like Gecko) Chrome/123.0.0.0 Mobile Safari/537.36"
152.58.93.0 - - [23/Apr/2024:14:23:44 +0000] "GET /assets/css/lib/jquery-ui.min.css HTTP/1.1" 200 7629 "https://hp.himachaltravelguide.in/?gclid=CjwKCAjwuJ2xBhA3EiwAMVjkVFgwYrVYkbZyEuXZpEZSh43oRJsEaH-ZUKBLRprp8V9rTXSG3JjyFhoCqngQAvD_BwE" "Mozilla/5.0 (Linux; Android 10; K) AppleWebKit/537.36 (KHTML, like Gecko) Chrome/123.0.0.0 Mobile Safari/537.36"
152.58.93.0 - - [23/Apr/2024:14:23:44 +0000] "GET /assets/css/custom-animate.css HTTP/1.1" 200 1880 "https://hp.himachaltravelguide.in/?gclid=CjwKCAjwuJ2xBhA3EiwAMVjkVFgwYrVYkbZyEuXZpEZSh43oRJsEaH-ZUKBLRprp8V9rTXSG3JjyFhoCqngQAvD_BwE" "Mozilla/5.0 (Linux; Android 10; K) AppleWebKit/537.36 (KHTML, like Gecko) Chrome/123.0.0.0 Mobile Safari/537.36"
152.58.93.0 - - [23/Apr/2024:14:23:44 +0000] "GET /assets/css/lib/jquery.fancybox.min.css HTTP/1.1" 200 3167 "https://hp.himachaltravelguide.in/?gclid=CjwKCAjwuJ2xBhA3EiwAMVjkVFgwYrVYkbZyEuXZpEZSh43oRJsEaH-ZUKBLRprp8V9rTXSG3JjyFhoCqngQAvD_BwE" "Mozilla/5.0 (Linux; Android 10; K) AppleWebKit/537.36 (KHTML, like Gecko) Chrome/123.0.0.0 Mobile Safari/537.36"
152.58.93.0 - - [23/Apr/2024:14:23:44 +0000] "GET /assets/css/style.css HTTP/1.1" 200 23571 "https://hp.himachaltravelguide.in/?gclid=CjwKCAjwuJ2xBhA3EiwAMVjkVFgwYrVYkbZyEuXZpEZSh43oRJsEaH-ZUKBLRprp8V9rTXSG3JjyFhoCqngQAvD_BwE" "Mozilla/5.0 (Linux; Android 10; K) AppleWebKit/537.36 (KHTML, like Gecko) Chrome/123.0.0.0 Mobile Safari/537.36"
152.58.93.0 - - [23/Apr/2024:14:23:45 +0000] "GET /assets/css/responsive.css HTTP/1.1" 200 3920 "https://hp.himachaltravelguide.in/?gclid=CjwKCAjwuJ2xBhA3EiwAMVjkVFgwYrVYkbZyEuXZpEZSh43oRJsEaH-ZUKBLRprp8V9rTXSG3JjyFhoCqngQAvD_BwE" "Mozilla/5.0 (Linux; Android 10; K) AppleWebKit/537.36 (KHTML, like Gecko) Chrome/123.0.0.0 Mobile Safari/537.36"
152.58.93.0 - - [23/Apr/2024:14:23:45 +0000] "GET /assets/images/tripperHubpng%201.png HTTP/1.1" 200 18158 "https://hp.himachaltravelguide.in/?gclid=CjwKCAjwuJ2xBhA3EiwAMVjkVFgwYrVYkbZyEuXZpEZSh43oRJsEaH-ZUKBLRprp8V9rTXSG3JjyFhoCqngQAvD_BwE" "Mozilla/5.0 (Linux; Android 10; K) AppleWebKit/537.36 (KHTML, like Gecko) Chrome/123.0.0.0 Mobile Safari/537.36"
47.11.199.242 - - [23/Apr/2024:14:23:45 +0000] "GET /assets/images/background/pattern-3.jpg HTTP/1.1" 200 15213 "https://hp.himachaltravelguide.in/?gclid=CjwKCAjwuJ2xBhA3EiwAMVjkVK8FIQ1NXYcO-KJRAQ2i7rNXIWveiyizpDiF_DGT8c8474Pbd6OO8xoCttAQAvD_BwE" "Mozilla/5.0 (Linux; Android 10; K) AppleWebKit/537.36 (KHTML, like Gecko) Chrome/123.0.0.0 Mobile Safari/537.36"
152.58.93.0 - - [23/Apr/2024:14:23:45 +0000] "GET /assets/images/icons/menu-icon.svg HTTP/1.1" 200 305 "https://hp.himachaltravelguide.in/?gclid=CjwKCAjwuJ2xBhA3EiwAMVjkVFgwYrVYkbZyEuXZpEZSh43oRJsEaH-ZUKBLRprp8V9rTXSG3JjyFhoCqngQAvD_BwE" "Mozilla/5.0 (Linux; Android 10; K) AppleWebKit/537.36 (KHTML, like Gecko) Chrome/123.0.0.0 Mobile Safari/537.36"
47.11.199.242 - - [23/Apr/2024:14:23:45 +0000] "GET /assets/images/resources/misc/man-orange-bag.png HTTP/1.1" 200 114524 "https://hp.himachaltravelguide.in/?gclid=CjwKCAjwuJ2xBhA3EiwAMVjkVK8FIQ1NXYcO-KJRAQ2i7rNXIWveiyizpDiF_DGT8c8474Pbd6OO8xoCttAQAvD_BwE" "Mozilla/5.0 (Linux; Android 10; K) AppleWebKit/537.36 (KHTML, like Gecko) Chrome/123.0.0.0 Mobile Safari/537.36"
152.58.93.0 - - [23/Apr/2024:14:23:45 +0000] "GET /assets/css/sections/variables.css HTTP/1.1" 200 474 "https://hp.himachaltravelguide.in/assets/css/style.css" "Mozilla/5.0 (Linux; Android 10; K) AppleWebKit/537.36 (KHTML, like Gecko) Chrome/123.0.0.0 Mobile Safari/537.36"
152.58.93.0 - - [23/Apr/2024:14:23:45 +0000] "GET /assets/css/sections/fonts.css HTTP/1.1" 200 319 "https://hp.himachaltravelguide.in/assets/css/style.css" "Mozilla/5.0 (Linux; Android 10; K) AppleWebKit/537.36 (KHTML, like Gecko) Chrome/123.0.0.0 Mobile Safari/537.36"
152.58.93.0 - - [23/Apr/2024:14:23:45 +0000] "GET /assets/css/sections/global-settings.css HTTP/1.1" 200 1333 "https://hp.himachaltravelguide.in/assets/css/style.css" "Mozilla/5.0 (Linux; Android 10; K) AppleWebKit/537.36 (KHTML, like Gecko) Chrome/123.0.0.0 Mobile Safari/537.36"
157.33.123.255 - - [23/Apr/2024:14:23:46 +0000] "GET /assets/fonts/Gilroy/Gilroy-Bold.woff HTTP/1.1" 200 64096 "https://hp.himachaltravelguide.in/assets/css/sections/fonts.css" "Mozilla/5.0 (Linux; Android 13; V2037; wv) AppleWebKit/537.36 (KHTML, like Gecko) Version/4.0 Chrome/87.0.4280.141 Mobile Safari/537.36 VivoBrowser/12.0.2.0"
49.34.188.108 - - [23/Apr/2024:14:23:46 +0000] "GET /assets/images/tripperHubicon.png HTTP/1.1" 200 61417 "https://hp.himachaltravelguide.in/?gclid=CjwKCAjwuJ2xBhA3EiwAMVjkVCvxJEGHwAxRe81SDSaJUL5fQAL9EHiONTBUUN0lRtyoF7W6IFSjNRoCd_sQAvD_BwE" "Mozilla/5.0 (Linux; Android 10; K) AppleWebKit/537.36 (KHTML, like Gecko) Chrome/120.0.0.0 Mobile Safari/537.36"
152.58.196.32 - - [23/Apr/2024:14:23:46 +0000] "GET /?gclid=CjwKCAjwuJ2xBhA3EiwAMVjkVKDYicNNeOQRtDPhKt2oGqqCwbWH18-k2VZMD6l7i52U0NMd2yuQuRoCJVoQAvD_BwE HTTP/1.1" 200 11239 "-" "Mozilla/5.0 (Linux; Android 10; K) AppleWebKit/537.36 (KHTML, like Gecko) Chrome/123.0.0.0 Mobile Safari/537.36"
152.58.93.0 - - [23/Apr/2024:14:23:46 +0000] "GET /assets/js/lib/jquery.min.js HTTP/1.1" 200 33815 "https://hp.himachaltravelguide.in/?gclid=CjwKCAjwuJ2xBhA3EiwAMVjkVFgwYrVYkbZyEuXZpEZSh43oRJsEaH-ZUKBLRprp8V9rTXSG3JjyFhoCqngQAvD_BwE" "Mozilla/5.0 (Linux; Android 10; K) AppleWebKit/537.36 (KHTML, like Gecko) Chrome/123.0.0.0 Mobile Safari/537.36"
152.58.93.0 - - [23/Apr/2024:14:23:46 +0000] "GET /assets/js/lib/bootstrap/bootstrap.min.js HTTP/1.1" 200 16560 "https://hp.himachaltravelguide.in/?gclid=CjwKCAjwuJ2xBhA3EiwAMVjkVFgwYrVYkbZyEuXZpEZSh43oRJsEaH-ZUKBLRprp8V9rTXSG3JjyFhoCqngQAvD_BwE" "Mozilla/5.0 (Linux; Android 10; K) AppleWebKit/537.36 (KHTML, like Gecko) Chrome/123.0.0.0 Mobile Safari/537.36"
152.58.93.0 - - [23/Apr/2024:14:23:46 +0000] "GET /assets/js/lib/popper.min.js HTTP/1.1" 200 7519 "https://hp.himachaltravelguide.in/?gclid=CjwKCAjwuJ2xBhA3EiwAMVjkVFgwYrVYkbZyEuXZpEZSh43oRJsEaH-ZUKBLRprp8V9rTXSG3JjyFhoCqngQAvD_BwE" "Mozilla/5.0 (Linux; Android 10; K) AppleWebKit/537.36 (KHTML, like Gecko) Chrome/123.0.0.0 Mobile Safari/537.36"
152.58.196.32 - - [23/Apr/2024:14:23:46 +0000] "GET /assets/css/lib/bootstrap/bootstrap.min.css HTTP/1.1" 200 31138 "https://hp.himachaltravelguide.in/?gclid=CjwKCAjwuJ2xBhA3EiwAMVjkVKDYicNNeOQRtDPhKt2oGqqCwbWH18-k2VZMD6l7i52U0NMd2yuQuRoCJVoQAvD_BwE" "Mozilla/5.0 (Linux; Android 10; K) AppleWebKit/537.36 (KHTML, like Gecko) Chrome/123.0.0.0 Mobile Safari/537.36"
152.58.196.32 - - [23/Apr/2024:14:23:46 +0000] "GET /assets/css/lib/fontawesome/css/fontawesome.min.css HTTP/1.1" 200 17422 "https://hp.himachaltravelguide.in/?gclid=CjwKCAjwuJ2xBhA3EiwAMVjkVKDYicNNeOQRtDPhKt2oGqqCwbWH18-k2VZMD6l7i52U0NMd2yuQuRoCJVoQAvD_BwE" "Mozilla/5.0 (Linux; Android 10; K) AppleWebKit/537.36 (KHTML, like Gecko) Chrome/123.0.0.0 Mobile Safari/537.36"
152.58.93.0 - - [23/Apr/2024:14:23:46 +0000] "GET /assets/js/lib/jquery-ui.min.js HTTP/1.1" 200 67864 "https://hp.himachaltravelguide.in/?gclid=CjwKCAjwuJ2xBhA3EiwAMVjkVFgwYrVYkbZyEuXZpEZSh43oRJsEaH-ZUKBLRprp8V9rTXSG3JjyFhoCqngQAvD_BwE" "Mozilla/5.0 (Linux; Android 10; K) AppleWebKit/537.36 (KHTML, like Gecko) Chrome/123.0.0.0 Mobile Safari/537.36"
152.58.93.0 - - [23/Apr/2024:14:23:46 +0000] "GET /assets/js/lib/jquery.fancybox.min.js HTTP/1.1" 200 19503 "https://hp.himachaltravelguide.in/?gclid=CjwKCAjwuJ2xBhA3EiwAMVjkVFgwYrVYkbZyEuXZpEZSh43oRJsEaH-ZUKBLRprp8V9rTXSG3JjyFhoCqngQAvD_BwE" "Mozilla/5.0 (Linux; Android 10; K) AppleWebKit/537.36 (KHTML, like Gecko) Chrome/123.0.0.0 Mobile Safari/537.36"
152.58.196.32 - - [23/Apr/2024:14:23:46 +0000] "GET /assets/css/lib/fontawesome/css/brands.css HTTP/1.1" 200 4928 "https://hp.himachaltravelguide.in/?gclid=CjwKCAjwuJ2xBhA3EiwAMVjkVKDYicNNeOQRtDPhKt2oGqqCwbWH18-k2VZMD6l7i52U0NMd2yuQuRoCJVoQAvD_BwE" "Mozilla/5.0 (Linux; Android 10; K) AppleWebKit/537.36 (KHTML, like Gecko) Chrome/123.0.0.0 Mobile Safari/537.36"
152.58.196.32 - - [23/Apr/2024:14:23:47 +0000] "GET /assets/css/lib/fontawesome/css/solid.css HTTP/1.1" 200 353 "https://hp.himachaltravelguide.in/?gclid=CjwKCAjwuJ2xBhA3EiwAMVjkVKDYicNNeOQRtDPhKt2oGqqCwbWH18-k2VZMD6l7i52U0NMd2yuQuRoCJVoQAvD_BwE" "Mozilla/5.0 (Linux; Android 10; K) AppleWebKit/537.36 (KHTML, like Gecko) Chrome/123.0.0.0 Mobile Safari/537.36"
152.58.196.32 - - [23/Apr/2024:14:23:47 +0000] "GET /assets/css/lib/simple-line-icons/css/simple-line-icons.min.css HTTP/1.1" 200 2436 "https://hp.himachaltravelguide.in/?gclid=CjwKCAjwuJ2xBhA3EiwAMVjkVKDYicNNeOQRtDPhKt2oGqqCwbWH18-k2VZMD6l7i52U0NMd2yuQuRoCJVoQAvD_BwE" "Mozilla/5.0 (Linux; Android 10; K) AppleWebKit/537.36 (KHTML, like Gecko) Chrome/123.0.0.0 Mobile Safari/537.36"
152.58.93.0 - - [23/Apr/2024:14:23:47 +0000] "GET /assets/js/lib/isotope.min.js HTTP/1.1" 200 10201 "https://hp.himachaltravelguide.in/?gclid=CjwKCAjwuJ2xBhA3EiwAMVjkVFgwYrVYkbZyEuXZpEZSh43oRJsEaH-ZUKBLRprp8V9rTXSG3JjyFhoCqngQAvD_BwE" "Mozilla/5.0 (Linux; Android 10; K) AppleWebKit/537.36 (KHTML, like Gecko) Chrome/123.0.0.0 Mobile Safari/537.36"
106.208.76.130 - - [23/Apr/2024:14:23:47 +0000] "GET /?gclid=CjwKCAjwuJ2xBhA3EiwAMVjkVAZc8IkDTA_VfMC2jlqCGO3gCzG4Dk9fEvgBFJTaewCxpkEH-X1YoBoCP4gQAvD_BwE HTTP/1.1" 200 11239 "-" "Mozilla/5.0 (Linux; Android 10; K) AppleWebKit/537.36 (KHTML, like Gecko) Chrome/123.0.0.0 Mobile Safari/537.36"
152.58.196.32 - - [23/Apr/2024:14:23:47 +0000] "GET /assets/css/lib/slick.min.css HTTP/1.1" 200 516 "https://hp.himachaltravelguide.in/?gclid=CjwKCAjwuJ2xBhA3EiwAMVjkVKDYicNNeOQRtDPhKt2oGqqCwbWH18-k2VZMD6l7i52U0NMd2yuQuRoCJVoQAvD_BwE" "Mozilla/5.0 (Linux; Android 10; K) AppleWebKit/537.36 (KHTML, like Gecko) Chrome/123.0.0.0 Mobile Safari/537.36"
152.58.196.32 - - [23/Apr/2024:14:23:47 +0000] "GET /assets/css/lib/animate.min.css HTTP/1.1" 200 4148 "https://hp.himachaltravelguide.in/?gclid=CjwKCAjwuJ2xBhA3EiwAMVjkVKDYicNNeOQRtDPhKt2oGqqCwbWH18-k2VZMD6l7i52U0NMd2yuQuRoCJVoQAvD_BwE" "Mozilla/5.0 (Linux; Android 10; K) AppleWebKit/537.36 (KHTML, like Gecko) Chrome/123.0.0.0 Mobile Safari/537.36"
152.58.93.0 - - [23/Apr/2024:14:23:47 +0000] "GET /assets/js/lib/slick.min.js HTTP/1.1" 200 10680 "https://hp.himachaltravelguide.in/?gclid=CjwKCAjwuJ2xBhA3EiwAMVjkVFgwYrVYkbZyEuXZpEZSh43oRJsEaH-ZUKBLRprp8V9rTXSG3JjyFhoCqngQAvD_BwE" "Mozilla/5.0 (Linux; Android 10; K) AppleWebKit/537.36 (KHTML, like Gecko) Chrome/123.0.0.0 Mobile Safari/537.36"
47.11.199.242 - - [23/Apr/2024:14:23:47 +0000] "GET /assets/images/tripperHubicon.png HTTP/1.1" 200 61417 "https://hp.himachaltravelguide.in/?gclid=CjwKCAjwuJ2xBhA3EiwAMVjkVK8FIQ1NXYcO-KJRAQ2i7rNXIWveiyizpDiF_DGT8c8474Pbd6OO8xoCttAQAvD_BwE" "Mozilla/5.0 (Linux; Android 10; K) AppleWebKit/537.36 (KHTML, like Gecko) Chrome/123.0.0.0 Mobile Safari/537.36"
152.58.196.32 - - [23/Apr/2024:14:23:47 +0000] "GET /assets/css/lib/swiper.min.css HTTP/1.1" 200 4593 "https://hp.himachaltravelguide.in/?gclid=CjwKCAjwuJ2xBhA3EiwAMVjkVKDYicNNeOQRtDPhKt2oGqqCwbWH18-k2VZMD6l7i52U0NMd2yuQuRoCJVoQAvD_BwE" "Mozilla/5.0 (Linux; Android 10; K) AppleWebKit/537.36 (KHTML, like Gecko) Chrome/123.0.0.0 Mobile Safari/537.36"
152.58.196.32 - - [23/Apr/2024:14:23:47 +0000] "GET /assets/css/lib/jquery-ui.min.css HTTP/1.1" 200 7629 "https://hp.himachaltravelguide.in/?gclid=CjwKCAjwuJ2xBhA3EiwAMVjkVKDYicNNeOQRtDPhKt2oGqqCwbWH18-k2VZMD6l7i52U0NMd2yuQuRoCJVoQAvD_BwE" "Mozilla/5.0 (Linux; Android 10; K) AppleWebKit/537.36 (KHTML, like Gecko) Chrome/123.0.0.0 Mobile Safari/537.36"
152.58.93.0 - - [23/Apr/2024:14:23:47 +0000] "GET /assets/js/lib/appear.min.js HTTP/1.1" 200 784 "https://hp.himachaltravelguide.in/?gclid=CjwKCAjwuJ2xBhA3EiwAMVjkVFgwYrVYkbZyEuXZpEZSh43oRJsEaH-ZUKBLRprp8V9rTXSG3JjyFhoCqngQAvD_BwE" "Mozilla/5.0 (Linux; Android 10; K) AppleWebKit/537.36 (KHTML, like Gecko) Chrome/123.0.0.0 Mobile Safari/537.36"
152.58.196.32 - - [23/Apr/2024:14:23:47 +0000] "GET /assets/css/lib/jquery.fancybox.min.css HTTP/1.1" 200 3167 "https://hp.himachaltravelguide.in/?gclid=CjwKCAjwuJ2xBhA3EiwAMVjkVKDYicNNeOQRtDPhKt2oGqqCwbWH18-k2VZMD6l7i52U0NMd2yuQuRoCJVoQAvD_BwE" "Mozilla/5.0 (Linux; Android 10; K) AppleWebKit/537.36 (KHTML, like Gecko) Chrome/123.0.0.0 Mobile Safari/537.36"
106.208.76.130 - - [23/Apr/2024:14:23:47 +0000] "GET /assets/css/lib/bootstrap/bootstrap.min.css HTTP/1.1" 200 31138 "https://hp.himachaltravelguide.in/?gclid=CjwKCAjwuJ2xBhA3EiwAMVjkVAZc8IkDTA_VfMC2jlqCGO3gCzG4Dk9fEvgBFJTaewCxpkEH-X1YoBoCP4gQAvD_BwE" "Mozilla/5.0 (Linux; Android 10; K) AppleWebKit/537.36 (KHTML, like Gecko) Chrome/123.0.0.0 Mobile Safari/537.36"
152.58.196.32 - - [23/Apr/2024:14:23:47 +0000] "GET /assets/css/custom-animate.css HTTP/1.1" 200 1880 "https://hp.himachaltravelguide.in/?gclid=CjwKCAjwuJ2xBhA3EiwAMVjkVKDYicNNeOQRtDPhKt2oGqqCwbWH18-k2VZMD6l7i52U0NMd2yuQuRoCJVoQAvD_BwE" "Mozilla/5.0 (Linux; Android 10; K) AppleWebKit/537.36 (KHTML, like Gecko) Chrome/123.0.0.0 Mobile Safari/537.36"
152.58.93.0 - - [23/Apr/2024:14:23:47 +0000] "GET /assets/js/lib/wow.min.js HTTP/1.1" 200 2826 "https://hp.himachaltravelguide.in/?gclid=CjwKCAjwuJ2xBhA3EiwAMVjkVFgwYrVYkbZyEuXZpEZSh43oRJsEaH-ZUKBLRprp8V9rTXSG3JjyFhoCqngQAvD_BwE" "Mozilla/5.0 (Linux; Android 10; K) AppleWebKit/537.36 (KHTML, like Gecko) Chrome/123.0.0.0 Mobile Safari/537.36"
157.33.123.255 - - [23/Apr/2024:14:23:47 +0000] "GET /assets/fonts/Reey/Reey-Regular.woff HTTP/1.1" 200 79212 "https://hp.himachaltravelguide.in/assets/css/sections/fonts.css" "Mozilla/5.0 (Linux; Android 13; V2037; wv) AppleWebKit/537.36 (KHTML, like Gecko) Version/4.0 Chrome/87.0.4280.141 Mobile Safari/537.36 VivoBrowser/12.0.2.0"
106.208.76.130 - - [23/Apr/2024:14:23:47 +0000] "GET /assets/css/lib/fontawesome/css/fontawesome.min.css HTTP/1.1" 200 17422 "https://hp.himachaltravelguide.in/?gclid=CjwKCAjwuJ2xBhA3EiwAMVjkVAZc8IkDTA_VfMC2jlqCGO3gCzG4Dk9fEvgBFJTaewCxpkEH-X1YoBoCP4gQAvD_BwE" "Mozilla/5.0 (Linux; Android 10; K) AppleWebKit/537.36 (KHTML, like Gecko) Chrome/123.0.0.0 Mobile Safari/537.36"
106.208.76.130 - - [23/Apr/2024:14:23:47 +0000] "GET /assets/css/lib/fontawesome/css/solid.css HTTP/1.1" 200 353 "https://hp.himachaltravelguide.in/?gclid=CjwKCAjwuJ2xBhA3EiwAMVjkVAZc8IkDTA_VfMC2jlqCGO3gCzG4Dk9fEvgBFJTaewCxpkEH-X1YoBoCP4gQAvD_BwE" "Mozilla/5.0 (Linux; Android 10; K) AppleWebKit/537.36 (KHTML, like Gecko) Chrome/123.0.0.0 Mobile Safari/537.36"
106.208.76.130 - - [23/Apr/2024:14:23:47 +0000] "GET /assets/css/lib/fontawesome/css/brands.css HTTP/1.1" 200 4928 "https://hp.himachaltravelguide.in/?gclid=CjwKCAjwuJ2xBhA3EiwAMVjkVAZc8IkDTA_VfMC2jlqCGO3gCzG4Dk9fEvgBFJTaewCxpkEH-X1YoBoCP4gQAvD_BwE" "Mozilla/5.0 (Linux; Android 10; K) AppleWebKit/537.36 (KHTML, like Gecko) Chrome/123.0.0.0 Mobile Safari/537.36"
106.208.76.130 - - [23/Apr/2024:14:23:47 +0000] "GET /assets/css/lib/simple-line-icons/css/simple-line-icons.min.css HTTP/1.1" 200 2436 "https://hp.himachaltravelguide.in/?gclid=CjwKCAjwuJ2xBhA3EiwAMVjkVAZc8IkDTA_VfMC2jlqCGO3gCzG4Dk9fEvgBFJTaewCxpkEH-X1YoBoCP4gQAvD_BwE" "Mozilla/5.0 (Linux; Android 10; K) AppleWebKit/537.36 (KHTML, like Gecko) Chrome/123.0.0.0 Mobile Safari/537.36"
106.208.76.130 - - [23/Apr/2024:14:23:47 +0000] "GET /assets/css/lib/animate.min.css HTTP/1.1" 200 4148 "https://hp.himachaltravelguide.in/?gclid=CjwKCAjwuJ2xBhA3EiwAMVjkVAZc8IkDTA_VfMC2jlqCGO3gCzG4Dk9fEvgBFJTaewCxpkEH-X1YoBoCP4gQAvD_BwE" "Mozilla/5.0 (Linux; Android 10; K) AppleWebKit/537.36 (KHTML, like Gecko) Chrome/123.0.0.0 Mobile Safari/537.36"
152.58.196.32 - - [23/Apr/2024:14:23:47 +0000] "GET /assets/images/tripperHubpng%201.png HTTP/1.1" 200 18158 "https://hp.himachaltravelguide.in/?gclid=CjwKCAjwuJ2xBhA3EiwAMVjkVKDYicNNeOQRtDPhKt2oGqqCwbWH18-k2VZMD6l7i52U0NMd2yuQuRoCJVoQAvD_BwE" "Mozilla/5.0 (Linux; Android 10; K) AppleWebKit/537.36 (KHTML, like Gecko) Chrome/123.0.0.0 Mobile Safari/537.36"
152.58.196.32 - - [23/Apr/2024:14:23:47 +0000] "GET /assets/css/style.css HTTP/1.1" 200 23571 "https://hp.himachaltravelguide.in/?gclid=CjwKCAjwuJ2xBhA3EiwAMVjkVKDYicNNeOQRtDPhKt2oGqqCwbWH18-k2VZMD6l7i52U0NMd2yuQuRoCJVoQAvD_BwE" "Mozilla/5.0 (Linux; Android 10; K) AppleWebKit/537.36 (KHTML, like Gecko) Chrome/123.0.0.0 Mobile Safari/537.36"
152.58.196.32 - - [23/Apr/2024:14:23:47 +0000] "GET /assets/css/responsive.css HTTP/1.1" 200 3920 "https://hp.himachaltravelguide.in/?gclid=CjwKCAjwuJ2xBhA3EiwAMVjkVKDYicNNeOQRtDPhKt2oGqqCwbWH18-k2VZMD6l7i52U0NMd2yuQuRoCJVoQAvD_BwE" "Mozilla/5.0 (Linux; Android 10; K) AppleWebKit/537.36 (KHTML, like Gecko) Chrome/123.0.0.0 Mobile Safari/537.36"
106.208.76.130 - - [23/Apr/2024:14:23:47 +0000] "GET /assets/css/lib/slick.min.css HTTP/1.1" 200 516 "https://hp.himachaltravelguide.in/?gclid=CjwKCAjwuJ2xBhA3EiwAMVjkVAZc8IkDTA_VfMC2jlqCGO3gCzG4Dk9fEvgBFJTaewCxpkEH-X1YoBoCP4gQAvD_BwE" "Mozilla/5.0 (Linux; Android 10; K) AppleWebKit/537.36 (KHTML, like Gecko) Chrome/123.0.0.0 Mobile Safari/537.36"
106.208.76.130 - - [23/Apr/2024:14:23:47 +0000] "GET /assets/css/lib/swiper.min.css HTTP/1.1" 200 4593 "https://hp.himachaltravelguide.in/?gclid=CjwKCAjwuJ2xBhA3EiwAMVjkVAZc8IkDTA_VfMC2jlqCGO3gCzG4Dk9fEvgBFJTaewCxpkEH-X1YoBoCP4gQAvD_BwE" "Mozilla/5.0 (Linux; Android 10; K) AppleWebKit/537.36 (KHTML, like Gecko) Chrome/123.0.0.0 Mobile Safari/537.36"
106.208.76.130 - - [23/Apr/2024:14:23:47 +0000] "GET /assets/css/lib/jquery-ui.min.css HTTP/1.1" 200 7629 "https://hp.himachaltravelguide.in/?gclid=CjwKCAjwuJ2xBhA3EiwAMVjkVAZc8IkDTA_VfMC2jlqCGO3gCzG4Dk9fEvgBFJTaewCxpkEH-X1YoBoCP4gQAvD_BwE" "Mozilla/5.0 (Linux; Android 10; K) AppleWebKit/537.36 (KHTML, like Gecko) Chrome/123.0.0.0 Mobile Safari/537.36"
106.208.76.130 - - [23/Apr/2024:14:23:47 +0000] "GET /assets/css/custom-animate.css HTTP/1.1" 200 1880 "https://hp.himachaltravelguide.in/?gclid=CjwKCAjwuJ2xBhA3EiwAMVjkVAZc8IkDTA_VfMC2jlqCGO3gCzG4Dk9fEvgBFJTaewCxpkEH-X1YoBoCP4gQAvD_BwE" "Mozilla/5.0 (Linux; Android 10; K) AppleWebKit/537.36 (KHTML, like Gecko) Chrome/123.0.0.0 Mobile Safari/537.36"
106.208.76.130 - - [23/Apr/2024:14:23:47 +0000] "GET /assets/css/lib/jquery.fancybox.min.css HTTP/1.1" 200 3167 "https://hp.himachaltravelguide.in/?gclid=CjwKCAjwuJ2xBhA3EiwAMVjkVAZc8IkDTA_VfMC2jlqCGO3gCzG4Dk9fEvgBFJTaewCxpkEH-X1YoBoCP4gQAvD_BwE" "Mozilla/5.0 (Linux; Android 10; K) AppleWebKit/537.36 (KHTML, like Gecko) Chrome/123.0.0.0 Mobile Safari/537.36"
152.58.93.0 - - [23/Apr/2024:14:23:47 +0000] "GET /assets/js/lib/swiper.min.js HTTP/1.1" 200 39733 "https://hp.himachaltravelguide.in/?gclid=CjwKCAjwuJ2xBhA3EiwAMVjkVFgwYrVYkbZyEuXZpEZSh43oRJsEaH-ZUKBLRprp8V9rTXSG3JjyFhoCqngQAvD_BwE" "Mozilla/5.0 (Linux; Android 10; K) AppleWebKit/537.36 (KHTML, like Gecko) Chrome/123.0.0.0 Mobile Safari/537.36"
152.58.196.32 - - [23/Apr/2024:14:23:47 +0000] "GET /assets/images/icons/menu-icon.svg HTTP/1.1" 200 305 "https://hp.himachaltravelguide.in/?gclid=CjwKCAjwuJ2xBhA3EiwAMVjkVKDYicNNeOQRtDPhKt2oGqqCwbWH18-k2VZMD6l7i52U0NMd2yuQuRoCJVoQAvD_BwE" "Mozilla/5.0 (Linux; Android 10; K) AppleWebKit/537.36 (KHTML, like Gecko) Chrome/123.0.0.0 Mobile Safari/537.36"
106.208.76.130 - - [23/Apr/2024:14:23:47 +0000] "GET /assets/css/style.css HTTP/1.1" 200 23571 "https://hp.himachaltravelguide.in/?gclid=CjwKCAjwuJ2xBhA3EiwAMVjkVAZc8IkDTA_VfMC2jlqCGO3gCzG4Dk9fEvgBFJTaewCxpkEH-X1YoBoCP4gQAvD_BwE" "Mozilla/5.0 (Linux; Android 10; K) AppleWebKit/537.36 (KHTML, like Gecko) Chrome/123.0.0.0 Mobile Safari/537.36"
152.58.93.0 - - [23/Apr/2024:14:23:47 +0000] "GET /assets/js/custom-script.js HTTP/1.1" 200 3489 "https://hp.himachaltravelguide.in/?gclid=CjwKCAjwuJ2xBhA3EiwAMVjkVFgwYrVYkbZyEuXZpEZSh43oRJsEaH-ZUKBLRprp8V9rTXSG3JjyFhoCqngQAvD_BwE" "Mozilla/5.0 (Linux; Android 10; K) AppleWebKit/537.36 (KHTML, like Gecko) Chrome/123.0.0.0 Mobile Safari/537.36"
106.208.76.130 - - [23/Apr/2024:14:23:47 +0000] "GET /assets/css/responsive.css HTTP/1.1" 200 3920 "https://hp.himachaltravelguide.in/?gclid=CjwKCAjwuJ2xBhA3EiwAMVjkVAZc8IkDTA_VfMC2jlqCGO3gCzG4Dk9fEvgBFJTaewCxpkEH-X1YoBoCP4gQAvD_BwE" "Mozilla/5.0 (Linux; Android 10; K) AppleWebKit/537.36 (KHTML, like Gecko) Chrome/123.0.0.0 Mobile Safari/537.36"
106.208.76.130 - - [23/Apr/2024:14:23:47 +0000] "GET /assets/images/icons/menu-icon.svg HTTP/1.1" 200 305 "https://hp.himachaltravelguide.in/?gclid=CjwKCAjwuJ2xBhA3EiwAMVjkVAZc8IkDTA_VfMC2jlqCGO3gCzG4Dk9fEvgBFJTaewCxpkEH-X1YoBoCP4gQAvD_BwE" "Mozilla/5.0 (Linux; Android 10; K) AppleWebKit/537.36 (KHTML, like Gecko) Chrome/123.0.0.0 Mobile Safari/537.36"
106.208.76.130 - - [23/Apr/2024:14:23:47 +0000] "GET /assets/images/tripperHubpng%201.png HTTP/1.1" 200 18158 "https://hp.himachaltravelguide.in/?gclid=CjwKCAjwuJ2xBhA3EiwAMVjkVAZc8IkDTA_VfMC2jlqCGO3gCzG4Dk9fEvgBFJTaewCxpkEH-X1YoBoCP4gQAvD_BwE" "Mozilla/5.0 (Linux; Android 10; K) AppleWebKit/537.36 (KHTML, like Gecko) Chrome/123.0.0.0 Mobile Safari/537.36"
106.208.76.130 - - [23/Apr/2024:14:23:47 +0000] "GET /assets/css/sections/variables.css HTTP/1.1" 200 474 "https://hp.himachaltravelguide.in/assets/css/style.css" "Mozilla/5.0 (Linux; Android 10; K) AppleWebKit/537.36 (KHTML, like Gecko) Chrome/123.0.0.0 Mobile Safari/537.36"
106.208.76.130 - - [23/Apr/2024:14:23:47 +0000] "GET /assets/css/sections/fonts.css HTTP/1.1" 200 319 "https://hp.himachaltravelguide.in/assets/css/style.css" "Mozilla/5.0 (Linux; Android 10; K) AppleWebKit/537.36 (KHTML, like Gecko) Chrome/123.0.0.0 Mobile Safari/537.36"
106.208.76.130 - - [23/Apr/2024:14:23:47 +0000] "GET /assets/css/sections/global-settings.css HTTP/1.1" 200 1333 "https://hp.himachaltravelguide.in/assets/css/style.css" "Mozilla/5.0 (Linux; Android 10; K) AppleWebKit/537.36 (KHTML, like Gecko) Chrome/123.0.0.0 Mobile Safari/537.36"
152.58.196.32 - - [23/Apr/2024:14:23:47 +0000] "GET /assets/css/sections/variables.css HTTP/1.1" 200 474 "https://hp.himachaltravelguide.in/assets/css/style.css" "Mozilla/5.0 (Linux; Android 10; K) AppleWebKit/537.36 (KHTML, like Gecko) Chrome/123.0.0.0 Mobile Safari/537.36"
152.58.196.32 - - [23/Apr/2024:14:23:47 +0000] "GET /assets/css/sections/fonts.css HTTP/1.1" 200 319 "https://hp.himachaltravelguide.in/assets/css/style.css" "Mozilla/5.0 (Linux; Android 10; K) AppleWebKit/537.36 (KHTML, like Gecko) Chrome/123.0.0.0 Mobile Safari/537.36"
106.208.76.130 - - [23/Apr/2024:14:23:47 +0000] "GET /assets/js/lib/jquery.min.js HTTP/1.1" 200 33815 "https://hp.himachaltravelguide.in/?gclid=CjwKCAjwuJ2xBhA3EiwAMVjkVAZc8IkDTA_VfMC2jlqCGO3gCzG4Dk9fEvgBFJTaewCxpkEH-X1YoBoCP4gQAvD_BwE" "Mozilla/5.0 (Linux; Android 10; K) AppleWebKit/537.36 (KHTML, like Gecko) Chrome/123.0.0.0 Mobile Safari/537.36"
106.208.76.130 - - [23/Apr/2024:14:23:47 +0000] "GET /assets/js/lib/popper.min.js HTTP/1.1" 200 7519 "https://hp.himachaltravelguide.in/?gclid=CjwKCAjwuJ2xBhA3EiwAMVjkVAZc8IkDTA_VfMC2jlqCGO3gCzG4Dk9fEvgBFJTaewCxpkEH-X1YoBoCP4gQAvD_BwE" "Mozilla/5.0 (Linux; Android 10; K) AppleWebKit/537.36 (KHTML, like Gecko) Chrome/123.0.0.0 Mobile Safari/537.36"
106.208.76.130 - - [23/Apr/2024:14:23:47 +0000] "GET /assets/js/lib/bootstrap/bootstrap.min.js HTTP/1.1" 200 16560 "https://hp.himachaltravelguide.in/?gclid=CjwKCAjwuJ2xBhA3EiwAMVjkVAZc8IkDTA_VfMC2jlqCGO3gCzG4Dk9fEvgBFJTaewCxpkEH-X1YoBoCP4gQAvD_BwE" "Mozilla/5.0 (Linux; Android 10; K) AppleWebKit/537.36 (KHTML, like Gecko) Chrome/123.0.0.0 Mobile Safari/537.36"
106.208.76.130 - - [23/Apr/2024:14:23:48 +0000] "GET /assets/js/lib/jquery-ui.min.js HTTP/1.1" 200 67864 "https://hp.himachaltravelguide.in/?gclid=CjwKCAjwuJ2xBhA3EiwAMVjkVAZc8IkDTA_VfMC2jlqCGO3gCzG4Dk9fEvgBFJTaewCxpkEH-X1YoBoCP4gQAvD_BwE" "Mozilla/5.0 (Linux; Android 10; K) AppleWebKit/537.36 (KHTML, like Gecko) Chrome/123.0.0.0 Mobile Safari/537.36"
106.208.76.130 - - [23/Apr/2024:14:23:48 +0000] "GET /assets/js/lib/jquery.fancybox.min.js HTTP/1.1" 200 19503 "https://hp.himachaltravelguide.in/?gclid=CjwKCAjwuJ2xBhA3EiwAMVjkVAZc8IkDTA_VfMC2jlqCGO3gCzG4Dk9fEvgBFJTaewCxpkEH-X1YoBoCP4gQAvD_BwE" "Mozilla/5.0 (Linux; Android 10; K) AppleWebKit/537.36 (KHTML, like Gecko) Chrome/123.0.0.0 Mobile Safari/537.36"
106.208.76.130 - - [23/Apr/2024:14:23:48 +0000] "GET /assets/js/lib/isotope.min.js HTTP/1.1" 200 10201 "https://hp.himachaltravelguide.in/?gclid=CjwKCAjwuJ2xBhA3EiwAMVjkVAZc8IkDTA_VfMC2jlqCGO3gCzG4Dk9fEvgBFJTaewCxpkEH-X1YoBoCP4gQAvD_BwE" "Mozilla/5.0 (Linux; Android 10; K) AppleWebKit/537.36 (KHTML, like Gecko) Chrome/123.0.0.0 Mobile Safari/537.36"
152.58.196.32 - - [23/Apr/2024:14:23:48 +0000] "GET /assets/css/sections/global-settings.css HTTP/1.1" 200 1333 "https://hp.himachaltravelguide.in/assets/css/style.css" "Mozilla/5.0 (Linux; Android 10; K) AppleWebKit/537.36 (KHTML, like Gecko) Chrome/123.0.0.0 Mobile Safari/537.36"
152.58.93.0 - - [23/Apr/2024:14:23:48 +0000] "GET /assets/images/elements/white-1.png HTTP/1.1" 200 427 "https://hp.himachaltravelguide.in/?gclid=CjwKCAjwuJ2xBhA3EiwAMVjkVFgwYrVYkbZyEuXZpEZSh43oRJsEaH-ZUKBLRprp8V9rTXSG3JjyFhoCqngQAvD_BwE" "Mozilla/5.0 (Linux; Android 10; K) AppleWebKit/537.36 (KHTML, like Gecko) Chrome/123.0.0.0 Mobile Safari/537.36"
106.208.76.130 - - [23/Apr/2024:14:23:48 +0000] "GET /assets/fonts/Gilroy/Gilroy-Bold.woff HTTP/1.1" 200 64096 "https://hp.himachaltravelguide.in/assets/css/sections/fonts.css" "Mozilla/5.0 (Linux; Android 10; K) AppleWebKit/537.36 (KHTML, like Gecko) Chrome/123.0.0.0 Mobile Safari/537.36"
106.208.76.130 - - [23/Apr/2024:14:23:48 +0000] "GET /assets/js/lib/slick.min.js HTTP/1.1" 200 10680 "https://hp.himachaltravelguide.in/?gclid=CjwKCAjwuJ2xBhA3EiwAMVjkVAZc8IkDTA_VfMC2jlqCGO3gCzG4Dk9fEvgBFJTaewCxpkEH-X1YoBoCP4gQAvD_BwE" "Mozilla/5.0 (Linux; Android 10; K) AppleWebKit/537.36 (KHTML, like Gecko) Chrome/123.0.0.0 Mobile Safari/537.36"
106.208.76.130 - - [23/Apr/2024:14:23:48 +0000] "GET /assets/js/lib/appear.min.js HTTP/1.1" 200 784 "https://hp.himachaltravelguide.in/?gclid=CjwKCAjwuJ2xBhA3EiwAMVjkVAZc8IkDTA_VfMC2jlqCGO3gCzG4Dk9fEvgBFJTaewCxpkEH-X1YoBoCP4gQAvD_BwE" "Mozilla/5.0 (Linux; Android 10; K) AppleWebKit/537.36 (KHTML, like Gecko) Chrome/123.0.0.0 Mobile Safari/537.36"
157.33.123.255 - - [23/Apr/2024:14:23:48 +0000] "GET /assets/css/lib/simple-line-icons/fonts/Simple-Line-Iconsb26c.woff2?v=2.4.0 HTTP/1.1" 200 30064 "https://hp.himachaltravelguide.in/assets/css/lib/simple-line-icons/css/simple-line-icons.min.css" "Mozilla/5.0 (Linux; Android 13; V2037; wv) AppleWebKit/537.36 (KHTML, like Gecko) Version/4.0 Chrome/87.0.4280.141 Mobile Safari/537.36 VivoBrowser/12.0.2.0"
106.208.76.130 - - [23/Apr/2024:14:23:48 +0000] "GET /assets/fonts/Reey/Reey-Regular.woff HTTP/1.1" 200 79212 "https://hp.himachaltravelguide.in/assets/css/sections/fonts.css" "Mozilla/5.0 (Linux; Android 10; K) AppleWebKit/537.36 (KHTML, like Gecko) Chrome/123.0.0.0 Mobile Safari/537.36"
106.208.76.130 - - [23/Apr/2024:14:23:48 +0000] "GET /assets/js/lib/wow.min.js HTTP/1.1" 200 2826 "https://hp.himachaltravelguide.in/?gclid=CjwKCAjwuJ2xBhA3EiwAMVjkVAZc8IkDTA_VfMC2jlqCGO3gCzG4Dk9fEvgBFJTaewCxpkEH-X1YoBoCP4gQAvD_BwE" "Mozilla/5.0 (Linux; Android 10; K) AppleWebKit/537.36 (KHTML, like Gecko) Chrome/123.0.0.0 Mobile Safari/537.36"
152.58.38.86 - - [23/Apr/2024:14:23:48 +0000] "GET /?gclid=CjwKCAjwuJ2xBhA3EiwAMVjkVDQzXkK_MhQTOuh1zVgKuzBCWOLjTzrIP36N2s9vOBcvK2-QvIgTrBoCp_0QAvD_BwE HTTP/1.1" 200 11239 "-" "Mozilla/5.0 (Linux; Android 10; K) AppleWebKit/537.36 (KHTML, like Gecko) Chrome/123.0.0.0 Mobile Safari/537.36"
106.208.76.130 - - [23/Apr/2024:14:23:48 +0000] "GET /assets/js/custom-script.js HTTP/1.1" 200 3489 "https://hp.himachaltravelguide.in/?gclid=CjwKCAjwuJ2xBhA3EiwAMVjkVAZc8IkDTA_VfMC2jlqCGO3gCzG4Dk9fEvgBFJTaewCxpkEH-X1YoBoCP4gQAvD_BwE" "Mozilla/5.0 (Linux; Android 10; K) AppleWebKit/537.36 (KHTML, like Gecko) Chrome/123.0.0.0 Mobile Safari/537.36"
