47.15.40.225 - - [23/Apr/2024:14:24:30 +0000] "GET /assets/js/lib/bootstrap/bootstrap.min.js HTTP/1.1" 200 16560 "https://hp.himachaltravelguide.in/?gclid=EAIaIQobChMI2e_M88TYhQMVFML9BR3ygQyTEAEYASAAEgIqIvD_BwE" "Mozilla/5.0 (Linux; Android 9; vivo 1723 Build/PKQ1.190118.001; wv) AppleWebKit/537.36 (KHTML, like Gecko) Version/4.0 Chrome/87.0.4280.141 Mobile Safari/537.36 VivoBrowser/12.0.2.0"
117.96.187.149 - - [23/Apr/2024:14:24:30 +0000] "GET /assets/css/lib/fontawesome/css/brands.css HTTP/1.1" 200 4928 "https://hp.himachaltravelguide.in/?gclid=CjwKCAjwuJ2xBhA3EiwAMVjkVFjCXrf-14P-hPaKMmKUACKgm2lxNIK8nybOxqmTDnr05I7gHCqVXBoCtNIQAvD_BwE" "Mozilla/5.0 (Linux; Android 10; K) AppleWebKit/537.36 (KHTML, like Gecko) Chrome/123.0.0.0 Mobile Safari/537.36"
117.96.187.149 - - [23/Apr/2024:14:24:30 +0000] "GET /assets/css/lib/fontawesome/css/fontawesome.min.css HTTP/1.1" 200 17422 "https://hp.himachaltravelguide.in/?gclid=CjwKCAjwuJ2xBhA3EiwAMVjkVFjCXrf-14P-hPaKMmKUACKgm2lxNIK8nybOxqmTDnr05I7gHCqVXBoCtNIQAvD_BwE" "Mozilla/5.0 (Linux; Android 10; K) AppleWebKit/537.36 (KHTML, like Gecko) Chrome/123.0.0.0 Mobile Safari/537.36"
117.96.187.149 - - [23/Apr/2024:14:24:30 +0000] "GET /assets/css/lib/animate.min.css HTTP/1.1" 200 4148 "https://hp.himachaltravelguide.in/?gclid=CjwKCAjwuJ2xBhA3EiwAMVjkVFjCXrf-14P-hPaKMmKUACKgm2lxNIK8nybOxqmTDnr05I7gHCqVXBoCtNIQAvD_BwE" "Mozilla/5.0 (Linux; Android 10; K) AppleWebKit/537.36 (KHTML, like Gecko) Chrome/123.0.0.0 Mobile Safari/537.36"
117.96.187.149 - - [23/Apr/2024:14:24:30 +0000] "GET /assets/css/lib/fontawesome/css/solid.css HTTP/1.1" 200 353 "https://hp.himachaltravelguide.in/?gclid=CjwKCAjwuJ2xBhA3EiwAMVjkVFjCXrf-14P-hPaKMmKUACKgm2lxNIK8nybOxqmTDnr05I7gHCqVXBoCtNIQAvD_BwE" "Mozilla/5.0 (Linux; Android 10; K) AppleWebKit/537.36 (KHTML, like Gecko) Chrome/123.0.0.0 Mobile Safari/537.36"
117.96.187.149 - - [23/Apr/2024:14:24:30 +0000] "GET /assets/css/lib/simple-line-icons/css/simple-line-icons.min.css HTTP/1.1" 200 2436 "https://hp.himachaltravelguide.in/?gclid=CjwKCAjwuJ2xBhA3EiwAMVjkVFjCXrf-14P-hPaKMmKUACKgm2lxNIK8nybOxqmTDnr05I7gHCqVXBoCtNIQAvD_BwE" "Mozilla/5.0 (Linux; Android 10; K) AppleWebKit/537.36 (KHTML, like Gecko) Chrome/123.0.0.0 Mobile Safari/537.36"
47.15.40.225 - - [23/Apr/2024:14:24:30 +0000] "GET /assets/js/lib/jquery-ui.min.js HTTP/1.1" 200 67864 "https://hp.himachaltravelguide.in/?gclid=EAIaIQobChMI2e_M88TYhQMVFML9BR3ygQyTEAEYASAAEgIqIvD_BwE" "Mozilla/5.0 (Linux; Android 9; vivo 1723 Build/PKQ1.190118.001; wv) AppleWebKit/537.36 (KHTML, like Gecko) Version/4.0 Chrome/87.0.4280.141 Mobile Safari/537.36 VivoBrowser/12.0.2.0"
117.96.187.149 - - [23/Apr/2024:14:24:30 +0000] "GET /assets/css/lib/slick.min.css HTTP/1.1" 200 516 "https://hp.himachaltravelguide.in/?gclid=CjwKCAjwuJ2xBhA3EiwAMVjkVFjCXrf-14P-hPaKMmKUACKgm2lxNIK8nybOxqmTDnr05I7gHCqVXBoCtNIQAvD_BwE" "Mozilla/5.0 (Linux; Android 10; K) AppleWebKit/537.36 (KHTML, like Gecko) Chrome/123.0.0.0 Mobile Safari/537.36"
152.59.198.12 - - [23/Apr/2024:14:24:30 +0000] "GET /assets/js/lib/slick.min.js HTTP/1.1" 200 10680 "https://hp.himachaltravelguide.in/?gclid=EAIaIQobChMInc6u58TYhQMVg7x_BB3kCQxaEAEYASAAEgLcc_D_BwE" "Mozilla/5.0 (Linux; Android 10; K) AppleWebKit/537.36 (KHTML, like Gecko) Chrome/123.0.0.0 Mobile Safari/537.36"
111.92.45.123 - - [23/Apr/2024:14:24:30 +0000] "GET /assets/js/lib/appear.min.js HTTP/1.1" 200 784 "https://hp.himachaltravelguide.in/?gclid=CjwKCAjwuJ2xBhA3EiwAMVjkVARxWjrnUbcAwjxXIUu82kjphXaW6L_KdnmhVvfMQXYaT654MA_wLRoCJQIQAvD_BwE" "Mozilla/5.0 (Linux; Android 10; K) AppleWebKit/537.36 (KHTML, like Gecko) Chrome/123.0.0.0 Mobile Safari/537.36"
111.92.45.123 - - [23/Apr/2024:14:24:30 +0000] "GET /assets/js/lib/slick.min.js HTTP/1.1" 200 10680 "https://hp.himachaltravelguide.in/?gclid=CjwKCAjwuJ2xBhA3EiwAMVjkVARxWjrnUbcAwjxXIUu82kjphXaW6L_KdnmhVvfMQXYaT654MA_wLRoCJQIQAvD_BwE" "Mozilla/5.0 (Linux; Android 10; K) AppleWebKit/537.36 (KHTML, like Gecko) Chrome/123.0.0.0 Mobile Safari/537.36"
111.92.45.123 - - [23/Apr/2024:14:24:30 +0000] "GET /assets/fonts/Reey/Reey-Regular.woff HTTP/1.1" 200 48674 "https://hp.himachaltravelguide.in/assets/css/sections/fonts.css" "Mozilla/5.0 (Linux; Android 10; K) AppleWebKit/537.36 (KHTML, like Gecko) Chrome/123.0.0.0 Mobile Safari/537.36"
47.15.40.225 - - [23/Apr/2024:14:24:30 +0000] "GET /assets/js/lib/jquery.fancybox.min.js HTTP/1.1" 200 19503 "https://hp.himachaltravelguide.in/?gclid=EAIaIQobChMI2e_M88TYhQMVFML9BR3ygQyTEAEYASAAEgIqIvD_BwE" "Mozilla/5.0 (Linux; Android 9; vivo 1723 Build/PKQ1.190118.001; wv) AppleWebKit/537.36 (KHTML, like Gecko) Version/4.0 Chrome/87.0.4280.141 Mobile Safari/537.36 VivoBrowser/12.0.2.0"
152.59.198.12 - - [23/Apr/2024:14:24:30 +0000] "GET /assets/js/lib/appear.min.js HTTP/1.1" 200 784 "https://hp.himachaltravelguide.in/?gclid=EAIaIQobChMInc6u58TYhQMVg7x_BB3kCQxaEAEYASAAEgLcc_D_BwE" "Mozilla/5.0 (Linux; Android 10; K) AppleWebKit/537.36 (KHTML, like Gecko) Chrome/123.0.0.0 Mobile Safari/537.36"
103.211.134.191 - - [23/Apr/2024:14:24:30 +0000] "GET /assets/images/background/bg-gradient-20.png HTTP/1.1" 200 26296 "https://hp.himachaltravelguide.in/?gclid=CjwKCAjwuJ2xBhA3EiwAMVjkVHi_ZVctV1nkLhLRQbKUPzKGq4W-0CEqwI20eUVEVo5CdRh5KG7y_BoCh4EQAvD_BwE" "Mozilla/5.0 (Linux; U; Android 11; en-us; RMX3269 Build/RP1A.201005.001) AppleWebKit/537.36 (KHTML, like Gecko) Chrome/91.0.4472.88 Mobile Safari/537.36 HeyTapBrowser/45.10.7.3.1"
117.96.187.149 - - [23/Apr/2024:14:24:30 +0000] "GET /assets/css/lib/swiper.min.css HTTP/1.1" 200 4593 "https://hp.himachaltravelguide.in/?gclid=CjwKCAjwuJ2xBhA3EiwAMVjkVFjCXrf-14P-hPaKMmKUACKgm2lxNIK8nybOxqmTDnr05I7gHCqVXBoCtNIQAvD_BwE" "Mozilla/5.0 (Linux; Android 10; K) AppleWebKit/537.36 (KHTML, like Gecko) Chrome/123.0.0.0 Mobile Safari/537.36"
49.32.237.235 - - [23/Apr/2024:14:24:30 +0000] "GET /assets/fonts/Gilroy/Gilroy-Bold.woff HTTP/1.1" 200 64096 "https://hp.himachaltravelguide.in/assets/css/sections/fonts.css" "Mozilla/5.0 (Linux; Android 10; K) AppleWebKit/537.36 (KHTML, like Gecko) Chrome/123.0.0.0 Mobile Safari/537.36"
152.59.198.12 - - [23/Apr/2024:14:24:30 +0000] "GET /assets/js/lib/jquery-ui.min.js HTTP/1.1" 200 67864 "https://hp.himachaltravelguide.in/?gclid=EAIaIQobChMInc6u58TYhQMVg7x_BB3kCQxaEAEYASAAEgLcc_D_BwE" "Mozilla/5.0 (Linux; Android 10; K) AppleWebKit/537.36 (KHTML, like Gecko) Chrome/123.0.0.0 Mobile Safari/537.36"
117.96.187.149 - - [23/Apr/2024:14:24:30 +0000] "GET /assets/css/lib/jquery-ui.min.css HTTP/1.1" 200 7629 "https://hp.himachaltravelguide.in/?gclid=CjwKCAjwuJ2xBhA3EiwAMVjkVFjCXrf-14P-hPaKMmKUACKgm2lxNIK8nybOxqmTDnr05I7gHCqVXBoCtNIQAvD_BwE" "Mozilla/5.0 (Linux; Android 10; K) AppleWebKit/537.36 (KHTML, like Gecko) Chrome/123.0.0.0 Mobile Safari/537.36"
47.15.40.225 - - [23/Apr/2024:14:24:30 +0000] "GET /assets/js/lib/isotope.min.js HTTP/1.1" 200 10201 "https://hp.himachaltravelguide.in/?gclid=EAIaIQobChMI2e_M88TYhQMVFML9BR3ygQyTEAEYASAAEgIqIvD_BwE" "Mozilla/5.0 (Linux; Android 9; vivo 1723 Build/PKQ1.190118.001; wv) AppleWebKit/537.36 (KHTML, like Gecko) Version/4.0 Chrome/87.0.4280.141 Mobile Safari/537.36 VivoBrowser/12.0.2.0"
117.96.187.149 - - [23/Apr/2024:14:24:30 +0000] "GET /assets/css/custom-animate.css HTTP/1.1" 200 1880 "https://hp.himachaltravelguide.in/?gclid=CjwKCAjwuJ2xBhA3EiwAMVjkVFjCXrf-14P-hPaKMmKUACKgm2lxNIK8nybOxqmTDnr05I7gHCqVXBoCtNIQAvD_BwE" "Mozilla/5.0 (Linux; Android 10; K) AppleWebKit/537.36 (KHTML, like Gecko) Chrome/123.0.0.0 Mobile Safari/537.36"
117.96.187.149 - - [23/Apr/2024:14:24:30 +0000] "GET /assets/css/style.css HTTP/1.1" 200 23571 "https://hp.himachaltravelguide.in/?gclid=CjwKCAjwuJ2xBhA3EiwAMVjkVFjCXrf-14P-hPaKMmKUACKgm2lxNIK8nybOxqmTDnr05I7gHCqVXBoCtNIQAvD_BwE" "Mozilla/5.0 (Linux; Android 10; K) AppleWebKit/537.36 (KHTML, like Gecko) Chrome/123.0.0.0 Mobile Safari/537.36"
117.96.187.149 - - [23/Apr/2024:14:24:30 +0000] "GET /assets/css/lib/jquery.fancybox.min.css HTTP/1.1" 200 3167 "https://hp.himachaltravelguide.in/?gclid=CjwKCAjwuJ2xBhA3EiwAMVjkVFjCXrf-14P-hPaKMmKUACKgm2lxNIK8nybOxqmTDnr05I7gHCqVXBoCtNIQAvD_BwE" "Mozilla/5.0 (Linux; Android 10; K) AppleWebKit/537.36 (KHTML, like Gecko) Chrome/123.0.0.0 Mobile Safari/537.36"
117.96.187.149 - - [23/Apr/2024:14:24:30 +0000] "GET /assets/css/responsive.css HTTP/1.1" 200 3920 "https://hp.himachaltravelguide.in/?gclid=CjwKCAjwuJ2xBhA3EiwAMVjkVFjCXrf-14P-hPaKMmKUACKgm2lxNIK8nybOxqmTDnr05I7gHCqVXBoCtNIQAvD_BwE" "Mozilla/5.0 (Linux; Android 10; K) AppleWebKit/537.36 (KHTML, like Gecko) Chrome/123.0.0.0 Mobile Safari/537.36"
152.57.34.92 - - [23/Apr/2024:14:24:30 +0000] "GET /assets/images/icons/f-icon-9.png HTTP/1.1" 200 3121 "https://hp.himachaltravelguide.in/?gclid=CjwKCAjwuJ2xBhA3EiwAMVjkVBlbEYdjTmp1TXKdUX0z_GpzbXzP9IFHodxTbfOlgQBFat68RQ5srRoCq8cQAvD_BwE" "Mozilla/5.0 (Linux; Android 10; K) AppleWebKit/537.36 (KHTML, like Gecko) Chrome/123.0.0.0 Mobile Safari/537.36"
152.59.198.12 - - [23/Apr/2024:14:24:30 +0000] "GET /assets/fonts/Reey/Reey-Regular.woff HTTP/1.1" 200 79212 "https://hp.himachaltravelguide.in/assets/css/sections/fonts.css" "Mozilla/5.0 (Linux; Android 10; K) AppleWebKit/537.36 (KHTML, like Gecko) Chrome/123.0.0.0 Mobile Safari/537.36"
157.38.128.108 - - [23/Apr/2024:14:24:30 +0000] "GET /assets/css/lib/bootstrap/bootstrap.min.css HTTP/1.1" 200 31138 "https://hp.himachaltravelguide.in/?gclid=EAIaIQobChMI6sTS6cTYhQMVay35AB3xWgDFEAEYASAAEgJjD_D_BwE" "Mozilla/5.0 (Linux; U; Android 12; en-in; CPH2385 Build/SP1A.210812.016) AppleWebKit/537.36 (KHTML, like Gecko) Chrome/91.0.4472.88 Mobile Safari/537.36 HeyTapBrowser/45.8.4.9"
103.211.134.191 - - [23/Apr/2024:14:24:30 +0000] "GET /assets/images/elements/purple-3.png HTTP/1.1" 200 652 "https://hp.himachaltravelguide.in/?gclid=CjwKCAjwuJ2xBhA3EiwAMVjkVHi_ZVctV1nkLhLRQbKUPzKGq4W-0CEqwI20eUVEVo5CdRh5KG7y_BoCh4EQAvD_BwE" "Mozilla/5.0 (Linux; U; Android 11; en-us; RMX3269 Build/RP1A.201005.001) AppleWebKit/537.36 (KHTML, like Gecko) Chrome/91.0.4472.88 Mobile Safari/537.36 HeyTapBrowser/45.10.7.3.1"
152.59.198.12 - - [23/Apr/2024:14:24:30 +0000] "GET /assets/fonts/Gilroy/Gilroy-Bold.woff HTTP/1.1" 200 64096 "https://hp.himachaltravelguide.in/assets/css/sections/fonts.css" "Mozilla/5.0 (Linux; Android 10; K) AppleWebKit/537.36 (KHTML, like Gecko) Chrome/123.0.0.0 Mobile Safari/537.36"
103.68.36.155 - - [23/Apr/2024:14:24:31 +0000] "GET /assets/images/tripperHubicon.png HTTP/1.1" 200 61417 "https://hp.himachaltravelguide.in/?wbraid=ClUKCAjwlZixBhAhEkUAANDC1xo_A_7EQTWrfdD-IC3jxYkWLr6cQPRxUYvPHY01ghxMSbSmEbDKzJ3MTdRaFC3uSG9S8SbtS_MDO9Z1SgbN8zAaAr8K" "Mozilla/5.0 (iPhone; CPU iPhone OS 17_4_1 like Mac OS X) AppleWebKit/605.1.15 (KHTML, like Gecko) Version/17.4.1 Mobile/15E148 Safari/604.1"
117.96.187.149 - - [23/Apr/2024:14:24:31 +0000] "GET /assets/images/tripperHubpng%201.png HTTP/1.1" 200 18158 "https://hp.himachaltravelguide.in/?gclid=CjwKCAjwuJ2xBhA3EiwAMVjkVFjCXrf-14P-hPaKMmKUACKgm2lxNIK8nybOxqmTDnr05I7gHCqVXBoCtNIQAvD_BwE" "Mozilla/5.0 (Linux; Android 10; K) AppleWebKit/537.36 (KHTML, like Gecko) Chrome/123.0.0.0 Mobile Safari/537.36"
117.96.187.149 - - [23/Apr/2024:14:24:31 +0000] "GET /assets/images/icons/menu-icon.svg HTTP/1.1" 200 305 "https://hp.himachaltravelguide.in/?gclid=CjwKCAjwuJ2xBhA3EiwAMVjkVFjCXrf-14P-hPaKMmKUACKgm2lxNIK8nybOxqmTDnr05I7gHCqVXBoCtNIQAvD_BwE" "Mozilla/5.0 (Linux; Android 10; K) AppleWebKit/537.36 (KHTML, like Gecko) Chrome/123.0.0.0 Mobile Safari/537.36"
152.59.103.182 - - [23/Apr/2024:14:24:31 +0000] "GET /assets/css/lib/simple-line-icons/fonts/Simple-Line-Iconsb26c.woff2?v=2.4.0 HTTP/1.1" 200 30064 "https://hp.himachaltravelguide.in/assets/css/lib/simple-line-icons/css/simple-line-icons.min.css" "Mozilla/5.0 (Linux; Android 10; K) AppleWebKit/537.36 (KHTML, like Gecko) Chrome/123.0.0.0 Mobile Safari/537.36"
117.96.187.149 - - [23/Apr/2024:14:24:31 +0000] "GET /assets/css/sections/variables.css HTTP/1.1" 200 474 "https://hp.himachaltravelguide.in/assets/css/style.css" "Mozilla/5.0 (Linux; Android 10; K) AppleWebKit/537.36 (KHTML, like Gecko) Chrome/123.0.0.0 Mobile Safari/537.36"
117.96.187.149 - - [23/Apr/2024:14:24:31 +0000] "GET /assets/css/sections/fonts.css HTTP/1.1" 200 319 "https://hp.himachaltravelguide.in/assets/css/style.css" "Mozilla/5.0 (Linux; Android 10; K) AppleWebKit/537.36 (KHTML, like Gecko) Chrome/123.0.0.0 Mobile Safari/537.36"
47.15.40.225 - - [23/Apr/2024:14:24:31 +0000] "GET /assets/js/lib/slick.min.js HTTP/1.1" 200 10680 "https://hp.himachaltravelguide.in/?gclid=EAIaIQobChMI2e_M88TYhQMVFML9BR3ygQyTEAEYASAAEgIqIvD_BwE" "Mozilla/5.0 (Linux; Android 9; vivo 1723 Build/PKQ1.190118.001; wv) AppleWebKit/537.36 (KHTML, like Gecko) Version/4.0 Chrome/87.0.4280.141 Mobile Safari/537.36 VivoBrowser/12.0.2.0"
117.96.187.149 - - [23/Apr/2024:14:24:31 +0000] "GET /assets/css/sections/global-settings.css HTTP/1.1" 200 1333 "https://hp.himachaltravelguide.in/assets/css/style.css" "Mozilla/5.0 (Linux; Android 10; K) AppleWebKit/537.36 (KHTML, like Gecko) Chrome/123.0.0.0 Mobile Safari/537.36"
103.211.134.191 - - [23/Apr/2024:14:24:31 +0000] "GET /assets/images/icons/f-icon-7.png HTTP/1.1" 200 3114 "https://hp.himachaltravelguide.in/?gclid=CjwKCAjwuJ2xBhA3EiwAMVjkVHi_ZVctV1nkLhLRQbKUPzKGq4W-0CEqwI20eUVEVo5CdRh5KG7y_BoCh4EQAvD_BwE" "Mozilla/5.0 (Linux; U; Android 11; en-us; RMX3269 Build/RP1A.201005.001) AppleWebKit/537.36 (KHTML, like Gecko) Chrome/91.0.4472.88 Mobile Safari/537.36 HeyTapBrowser/45.10.7.3.1"
103.211.134.191 - - [23/Apr/2024:14:24:31 +0000] "GET /assets/images/icons/f-icon-8.png HTTP/1.1" 200 3297 "https://hp.himachaltravelguide.in/?gclid=CjwKCAjwuJ2xBhA3EiwAMVjkVHi_ZVctV1nkLhLRQbKUPzKGq4W-0CEqwI20eUVEVo5CdRh5KG7y_BoCh4EQAvD_BwE" "Mozilla/5.0 (Linux; U; Android 11; en-us; RMX3269 Build/RP1A.201005.001) AppleWebKit/537.36 (KHTML, like Gecko) Chrome/91.0.4472.88 Mobile Safari/537.36 HeyTapBrowser/45.10.7.3.1"
152.59.198.12 - - [23/Apr/2024:14:24:31 +0000] "GET /assets/js/lib/wow.min.js HTTP/1.1" 200 2826 "https://hp.himachaltravelguide.in/?gclid=EAIaIQobChMInc6u58TYhQMVg7x_BB3kCQxaEAEYASAAEgLcc_D_BwE" "Mozilla/5.0 (Linux; Android 10; K) AppleWebKit/537.36 (KHTML, like Gecko) Chrome/123.0.0.0 Mobile Safari/537.36"
152.59.198.12 - - [23/Apr/2024:14:24:31 +0000] "GET /assets/js/lib/swiper.min.js HTTP/1.1" 200 39733 "https://hp.himachaltravelguide.in/?gclid=EAIaIQobChMInc6u58TYhQMVg7x_BB3kCQxaEAEYASAAEgLcc_D_BwE" "Mozilla/5.0 (Linux; Android 10; K) AppleWebKit/537.36 (KHTML, like Gecko) Chrome/123.0.0.0 Mobile Safari/537.36"
152.57.34.92 - - [23/Apr/2024:14:24:31 +0000] "GET /assets/css/lib/simple-line-icons/fonts/Simple-Line-Iconsb26c.woff2?v=2.4.0 HTTP/1.1" 200 30064 "https://hp.himachaltravelguide.in/assets/css/lib/simple-line-icons/css/simple-line-icons.min.css" "Mozilla/5.0 (Linux; Android 10; K) AppleWebKit/537.36 (KHTML, like Gecko) Chrome/123.0.0.0 Mobile Safari/537.36"
103.211.134.191 - - [23/Apr/2024:14:24:31 +0000] "GET /assets/images/icons/f-icon-9.png HTTP/1.1" 200 3121 "https://hp.himachaltravelguide.in/?gclid=CjwKCAjwuJ2xBhA3EiwAMVjkVHi_ZVctV1nkLhLRQbKUPzKGq4W-0CEqwI20eUVEVo5CdRh5KG7y_BoCh4EQAvD_BwE" "Mozilla/5.0 (Linux; U; Android 11; en-us; RMX3269 Build/RP1A.201005.001) AppleWebKit/537.36 (KHTML, like Gecko) Chrome/91.0.4472.88 Mobile Safari/537.36 HeyTapBrowser/45.10.7.3.1"
103.211.134.191 - - [23/Apr/2024:14:24:31 +0000] "GET /assets/images/elements/yellow-4.png HTTP/1.1" 200 646 "https://hp.himachaltravelguide.in/?gclid=CjwKCAjwuJ2xBhA3EiwAMVjkVHi_ZVctV1nkLhLRQbKUPzKGq4W-0CEqwI20eUVEVo5CdRh5KG7y_BoCh4EQAvD_BwE" "Mozilla/5.0 (Linux; U; Android 11; en-us; RMX3269 Build/RP1A.201005.001) AppleWebKit/537.36 (KHTML, like Gecko) Chrome/91.0.4472.88 Mobile Safari/537.36 HeyTapBrowser/45.10.7.3.1"
152.57.34.92 - - [23/Apr/2024:14:24:31 +0000] "GET /assets/images/elements/yellow-4.png HTTP/1.1" 200 646 "https://hp.himachaltravelguide.in/?gclid=CjwKCAjwuJ2xBhA3EiwAMVjkVBlbEYdjTmp1TXKdUX0z_GpzbXzP9IFHodxTbfOlgQBFat68RQ5srRoCq8cQAvD_BwE" "Mozilla/5.0 (Linux; Android 10; K) AppleWebKit/537.36 (KHTML, like Gecko) Chrome/123.0.0.0 Mobile Safari/537.36"
152.57.34.92 - - [23/Apr/2024:14:24:31 +0000] "GET /assets/images/resources/thumbnails/testi-1.jpg HTTP/1.1" 200 8918 "https://hp.himachaltravelguide.in/?gclid=CjwKCAjwuJ2xBhA3EiwAMVjkVBlbEYdjTmp1TXKdUX0z_GpzbXzP9IFHodxTbfOlgQBFat68RQ5srRoCq8cQAvD_BwE" "Mozilla/5.0 (Linux; Android 10; K) AppleWebKit/537.36 (KHTML, like Gecko) Chrome/123.0.0.0 Mobile Safari/537.36"
47.15.40.225 - - [23/Apr/2024:14:24:31 +0000] "GET /assets/js/lib/appear.min.js HTTP/1.1" 200 784 "https://hp.himachaltravelguide.in/?gclid=EAIaIQobChMI2e_M88TYhQMVFML9BR3ygQyTEAEYASAAEgIqIvD_BwE" "Mozilla/5.0 (Linux; Android 9; vivo 1723 Build/PKQ1.190118.001; wv) AppleWebKit/537.36 (KHTML, like Gecko) Version/4.0 Chrome/87.0.4280.141 Mobile Safari/537.36 VivoBrowser/12.0.2.0"
49.36.123.85 - - [23/Apr/2024:14:24:31 +0000] "GET /assets/images/tripperHubicon.png HTTP/1.1" 200 61417 "https://hp.himachaltravelguide.in/?gclid=EAIaIQobChMImvKx-MTYhQMVRSK3AB3b6gvyEAEYASAAEgLsz_D_BwE" "Mozilla/5.0 (Linux; Android 10; K) AppleWebKit/537.36 (KHTML, like Gecko) Chrome/124.0.0.0 Mobile Safari/537.36"
152.59.198.12 - - [23/Apr/2024:14:24:31 +0000] "GET /assets/js/custom-script.js HTTP/1.1" 200 3489 "https://hp.himachaltravelguide.in/?gclid=EAIaIQobChMInc6u58TYhQMVg7x_BB3kCQxaEAEYASAAEgLcc_D_BwE" "Mozilla/5.0 (Linux; Android 10; K) AppleWebKit/537.36 (KHTML, like Gecko) Chrome/123.0.0.0 Mobile Safari/537.36"
223.233.120.85 - - [23/Apr/2024:14:24:31 +0000] "GET /?gclid=EAIaIQobChMI85fT0sTYhQMV9Tj5AB1p0ABHEAEYASAAEgIObvD_BwE HTTP/1.1" 200 11215 "https://googleads.g.doubleclick.net/" "Mozilla/5.0 (Linux; Android 10; K) AppleWebKit/537.36 (KHTML, like Gecko) Chrome/123.0.0.0 Mobile Safari/537.36"
103.211.134.191 - - [23/Apr/2024:14:24:31 +0000] "GET /assets/images/resources/thumbnails/testi-1.jpg HTTP/1.1" 200 8918 "https://hp.himachaltravelguide.in/?gclid=CjwKCAjwuJ2xBhA3EiwAMVjkVHi_ZVctV1nkLhLRQbKUPzKGq4W-0CEqwI20eUVEVo5CdRh5KG7y_BoCh4EQAvD_BwE" "Mozilla/5.0 (Linux; U; Android 11; en-us; RMX3269 Build/RP1A.201005.001) AppleWebKit/537.36 (KHTML, like Gecko) Chrome/91.0.4472.88 Mobile Safari/537.36 HeyTapBrowser/45.10.7.3.1"
103.211.134.191 - - [23/Apr/2024:14:24:31 +0000] "GET /assets/images/resources/thumbnails/testi-2.jpg HTTP/1.1" 200 8319 "https://hp.himachaltravelguide.in/?gclid=CjwKCAjwuJ2xBhA3EiwAMVjkVHi_ZVctV1nkLhLRQbKUPzKGq4W-0CEqwI20eUVEVo5CdRh5KG7y_BoCh4EQAvD_BwE" "Mozilla/5.0 (Linux; U; Android 11; en-us; RMX3269 Build/RP1A.201005.001) AppleWebKit/537.36 (KHTML, like Gecko) Chrome/91.0.4472.88 Mobile Safari/537.36 HeyTapBrowser/45.10.7.3.1"
49.32.237.235 - - [23/Apr/2024:14:24:31 +0000] "GET /assets/fonts/Reey/Reey-Regular.woff HTTP/1.1" 200 79212 "https://hp.himachaltravelguide.in/assets/css/sections/fonts.css" "Mozilla/5.0 (Linux; Android 10; K) AppleWebKit/537.36 (KHTML, like Gecko) Chrome/123.0.0.0 Mobile Safari/537.36"
111.92.45.123 - - [23/Apr/2024:14:24:31 +0000] "GET /assets/js/lib/jquery.min.js HTTP/1.1" 200 33815 "https://hp.himachaltravelguide.in/?gclid=CjwKCAjwuJ2xBhA3EiwAMVjkVARxWjrnUbcAwjxXIUu82kjphXaW6L_KdnmhVvfMQXYaT654MA_wLRoCJQIQAvD_BwE" "Mozilla/5.0 (Linux; Android 10; K) AppleWebKit/537.36 (KHTML, like Gecko) Chrome/123.0.0.0 Mobile Safari/537.36"
47.15.40.225 - - [23/Apr/2024:14:24:31 +0000] "GET /assets/js/lib/wow.min.js HTTP/1.1" 200 2826 "https://hp.himachaltravelguide.in/?gclid=EAIaIQobChMI2e_M88TYhQMVFML9BR3ygQyTEAEYASAAEgIqIvD_BwE" "Mozilla/5.0 (Linux; Android 9; vivo 1723 Build/PKQ1.190118.001; wv) AppleWebKit/537.36 (KHTML, like Gecko) Version/4.0 Chrome/87.0.4280.141 Mobile Safari/537.36 VivoBrowser/12.0.2.0"
47.15.40.225 - - [23/Apr/2024:14:24:31 +0000] "GET /assets/js/lib/swiper.min.js HTTP/1.1" 200 39733 "https://hp.himachaltravelguide.in/?gclid=EAIaIQobChMI2e_M88TYhQMVFML9BR3ygQyTEAEYASAAEgIqIvD_BwE" "Mozilla/5.0 (Linux; Android 9; vivo 1723 Build/PKQ1.190118.001; wv) AppleWebKit/537.36 (KHTML, like Gecko) Version/4.0 Chrome/87.0.4280.141 Mobile Safari/537.36 VivoBrowser/12.0.2.0"
183.82.98.190 - - [23/Apr/2024:14:24:31 +0000] "GET / HTTP/1.1" 200 11215 "-" "Mozilla/5.0 (Linux; Android 10; K) AppleWebKit/537.36 (KHTML, like Gecko) SamsungBrowser/24.0 Chrome/117.0.0.0 Mobile Safari/537.36"
117.96.187.149 - - [23/Apr/2024:14:24:31 +0000] "GET /assets/js/lib/jquery.min.js HTTP/1.1" 200 33815 "https://hp.himachaltravelguide.in/?gclid=CjwKCAjwuJ2xBhA3EiwAMVjkVFjCXrf-14P-hPaKMmKUACKgm2lxNIK8nybOxqmTDnr05I7gHCqVXBoCtNIQAvD_BwE" "Mozilla/5.0 (Linux; Android 10; K) AppleWebKit/537.36 (KHTML, like Gecko) Chrome/123.0.0.0 Mobile Safari/537.36"
117.96.187.149 - - [23/Apr/2024:14:24:31 +0000] "GET /assets/js/lib/bootstrap/bootstrap.min.js HTTP/1.1" 200 16560 "https://hp.himachaltravelguide.in/?gclid=CjwKCAjwuJ2xBhA3EiwAMVjkVFjCXrf-14P-hPaKMmKUACKgm2lxNIK8nybOxqmTDnr05I7gHCqVXBoCtNIQAvD_BwE" "Mozilla/5.0 (Linux; Android 10; K) AppleWebKit/537.36 (KHTML, like Gecko) Chrome/123.0.0.0 Mobile Safari/537.36"
152.59.103.182 - - [23/Apr/2024:14:24:31 +0000] "GET /assets/images/resources/thumbnails/testi-2.jpg HTTP/1.1" 200 8319 "https://hp.himachaltravelguide.in/?gclid=CjwKCAjwuJ2xBhA3EiwAMVjkVES6TwFrkrbOZo5q7Aa9-eIJ-lmEiSRu8ho7EWgxjJ9GT0ain31awBoCjmoQAvD_BwE" "Mozilla/5.0 (Linux; Android 10; K) AppleWebKit/537.36 (KHTML, like Gecko) Chrome/123.0.0.0 Mobile Safari/537.36"
103.211.134.191 - - [23/Apr/2024:14:24:31 +0000] "GET /assets/images/resources/misc/man-orange-bag.png HTTP/1.1" 200 114524 "https://hp.himachaltravelguide.in/?gclid=CjwKCAjwuJ2xBhA3EiwAMVjkVHi_ZVctV1nkLhLRQbKUPzKGq4W-0CEqwI20eUVEVo5CdRh5KG7y_BoCh4EQAvD_BwE" "Mozilla/5.0 (Linux; U; Android 11; en-us; RMX3269 Build/RP1A.201005.001) AppleWebKit/537.36 (KHTML, like Gecko) Chrome/91.0.4472.88 Mobile Safari/537.36 HeyTapBrowser/45.10.7.3.1"
103.211.134.191 - - [23/Apr/2024:14:24:31 +0000] "GET /assets/images/resources/thumbnails/testi-3.jpg HTTP/1.1" 200 9438 "https://hp.himachaltravelguide.in/?gclid=CjwKCAjwuJ2xBhA3EiwAMVjkVHi_ZVctV1nkLhLRQbKUPzKGq4W-0CEqwI20eUVEVo5CdRh5KG7y_BoCh4EQAvD_BwE" "Mozilla/5.0 (Linux; U; Android 11; en-us; RMX3269 Build/RP1A.201005.001) AppleWebKit/537.36 (KHTML, like Gecko) Chrome/91.0.4472.88 Mobile Safari/537.36 HeyTapBrowser/45.10.7.3.1"
49.32.237.235 - - [23/Apr/2024:14:24:31 +0000] "GET /assets/css/lib/simple-line-icons/fonts/Simple-Line-Iconsb26c.woff2?v=2.4.0 HTTP/1.1" 200 30064 "https://hp.himachaltravelguide.in/assets/css/lib/simple-line-icons/css/simple-line-icons.min.css" "Mozilla/5.0 (Linux; Android 10; K) AppleWebKit/537.36 (KHTML, like Gecko) Chrome/123.0.0.0 Mobile Safari/537.36"
223.233.120.85 - - [23/Apr/2024:14:24:31 +0000] "GET /assets/css/lib/bootstrap/bootstrap.min.css HTTP/1.1" 200 31138 "https://hp.himachaltravelguide.in/?gclid=EAIaIQobChMI85fT0sTYhQMV9Tj5AB1p0ABHEAEYASAAEgIObvD_BwE" "Mozilla/5.0 (Linux; Android 10; K) AppleWebKit/537.36 (KHTML, like Gecko) Chrome/123.0.0.0 Mobile Safari/537.36"
117.96.187.149 - - [23/Apr/2024:14:24:31 +0000] "GET /assets/js/lib/jquery.fancybox.min.js HTTP/1.1" 200 19503 "https://hp.himachaltravelguide.in/?gclid=CjwKCAjwuJ2xBhA3EiwAMVjkVFjCXrf-14P-hPaKMmKUACKgm2lxNIK8nybOxqmTDnr05I7gHCqVXBoCtNIQAvD_BwE" "Mozilla/5.0 (Linux; Android 10; K) AppleWebKit/537.36 (KHTML, like Gecko) Chrome/123.0.0.0 Mobile Safari/537.36"
117.96.187.149 - - [23/Apr/2024:14:24:31 +0000] "GET /assets/js/lib/popper.min.js HTTP/1.1" 200 7519 "https://hp.himachaltravelguide.in/?gclid=CjwKCAjwuJ2xBhA3EiwAMVjkVFjCXrf-14P-hPaKMmKUACKgm2lxNIK8nybOxqmTDnr05I7gHCqVXBoCtNIQAvD_BwE" "Mozilla/5.0 (Linux; Android 10; K) AppleWebKit/537.36 (KHTML, like Gecko) Chrome/123.0.0.0 Mobile Safari/537.36"
152.59.103.182 - - [23/Apr/2024:14:24:31 +0000] "GET /assets/images/resources/thumbnails/testi-3.jpg HTTP/1.1" 200 9438 "https://hp.himachaltravelguide.in/?gclid=CjwKCAjwuJ2xBhA3EiwAMVjkVES6TwFrkrbOZo5q7Aa9-eIJ-lmEiSRu8ho7EWgxjJ9GT0ain31awBoCjmoQAvD_BwE" "Mozilla/5.0 (Linux; Android 10; K) AppleWebKit/537.36 (KHTML, like Gecko) Chrome/123.0.0.0 Mobile Safari/537.36"
152.59.198.12 - - [23/Apr/2024:14:24:31 +0000] "GET /assets/images/elements/white-1.png HTTP/1.1" 200 427 "https://hp.himachaltravelguide.in/?gclid=EAIaIQobChMInc6u58TYhQMVg7x_BB3kCQxaEAEYASAAEgLcc_D_BwE" "Mozilla/5.0 (Linux; Android 10; K) AppleWebKit/537.36 (KHTML, like Gecko) Chrome/123.0.0.0 Mobile Safari/537.36"
223.233.120.85 - - [23/Apr/2024:14:24:31 +0000] "GET /assets/css/lib/fontawesome/css/fontawesome.min.css HTTP/1.1" 200 17422 "https://hp.himachaltravelguide.in/?gclid=EAIaIQobChMI85fT0sTYhQMV9Tj5AB1p0ABHEAEYASAAEgIObvD_BwE" "Mozilla/5.0 (Linux; Android 10; K) AppleWebKit/537.36 (KHTML, like Gecko) Chrome/123.0.0.0 Mobile Safari/537.36"
117.96.187.149 - - [23/Apr/2024:14:24:31 +0000] "GET /assets/js/lib/isotope.min.js HTTP/1.1" 200 10201 "https://hp.himachaltravelguide.in/?gclid=CjwKCAjwuJ2xBhA3EiwAMVjkVFjCXrf-14P-hPaKMmKUACKgm2lxNIK8nybOxqmTDnr05I7gHCqVXBoCtNIQAvD_BwE" "Mozilla/5.0 (Linux; Android 10; K) AppleWebKit/537.36 (KHTML, like Gecko) Chrome/123.0.0.0 Mobile Safari/537.36"
152.59.103.182 - - [23/Apr/2024:14:24:31 +0000] "GET /assets/images/background/pattern-3.jpg HTTP/1.1" 200 15213 "https://hp.himachaltravelguide.in/?gclid=CjwKCAjwuJ2xBhA3EiwAMVjkVES6TwFrkrbOZo5q7Aa9-eIJ-lmEiSRu8ho7EWgxjJ9GT0ain31awBoCjmoQAvD_BwE" "Mozilla/5.0 (Linux; Android 10; K) AppleWebKit/537.36 (KHTML, like Gecko) Chrome/123.0.0.0 Mobile Safari/537.36"
183.82.98.190 - - [23/Apr/2024:14:24:31 +0000] "GET /assets/css/lib/bootstrap/bootstrap.min.css HTTP/1.1" 200 31138 "https://hp.himachaltravelguide.in/" "Mozilla/5.0 (Linux; Android 10; K) AppleWebKit/537.36 (KHTML, like Gecko) SamsungBrowser/24.0 Chrome/117.0.0.0 Mobile Safari/537.36"
183.82.98.190 - - [23/Apr/2024:14:24:31 +0000] "GET /assets/css/lib/fontawesome/css/solid.css HTTP/1.1" 200 353 "https://hp.himachaltravelguide.in/" "Mozilla/5.0 (Linux; Android 10; K) AppleWebKit/537.36 (KHTML, like Gecko) SamsungBrowser/24.0 Chrome/117.0.0.0 Mobile Safari/537.36"
183.82.98.190 - - [23/Apr/2024:14:24:31 +0000] "GET /assets/css/lib/fontawesome/css/fontawesome.min.css HTTP/1.1" 200 17422 "https://hp.himachaltravelguide.in/" "Mozilla/5.0 (Linux; Android 10; K) AppleWebKit/537.36 (KHTML, like Gecko) SamsungBrowser/24.0 Chrome/117.0.0.0 Mobile Safari/537.36"
183.82.98.190 - - [23/Apr/2024:14:24:31 +0000] "GET /assets/css/lib/fontawesome/css/brands.css HTTP/1.1" 200 4928 "https://hp.himachaltravelguide.in/" "Mozilla/5.0 (Linux; Android 10; K) AppleWebKit/537.36 (KHTML, like Gecko) SamsungBrowser/24.0 Chrome/117.0.0.0 Mobile Safari/537.36"
183.82.98.190 - - [23/Apr/2024:14:24:31 +0000] "GET /assets/css/lib/simple-line-icons/css/simple-line-icons.min.css HTTP/1.1" 200 2436 "https://hp.himachaltravelguide.in/" "Mozilla/5.0 (Linux; Android 10; K) AppleWebKit/537.36 (KHTML, like Gecko) SamsungBrowser/24.0 Chrome/117.0.0.0 Mobile Safari/537.36"
183.82.98.190 - - [23/Apr/2024:14:24:31 +0000] "GET /assets/css/lib/animate.min.css HTTP/1.1" 200 4148 "https://hp.himachaltravelguide.in/" "Mozilla/5.0 (Linux; Android 10; K) AppleWebKit/537.36 (KHTML, like Gecko) SamsungBrowser/24.0 Chrome/117.0.0.0 Mobile Safari/537.36"
157.38.128.108 - - [23/Apr/2024:14:24:31 +0000] "GET /assets/css/lib/fontawesome/css/fontawesome.min.css HTTP/1.1" 200 17422 "https://hp.himachaltravelguide.in/?gclid=EAIaIQobChMI6sTS6cTYhQMVay35AB3xWgDFEAEYASAAEgJjD_D_BwE" "Mozilla/5.0 (Linux; U; Android 12; en-in; CPH2385 Build/SP1A.210812.016) AppleWebKit/537.36 (KHTML, like Gecko) Chrome/91.0.4472.88 Mobile Safari/537.36 HeyTapBrowser/45.8.4.9"
152.57.34.92 - - [23/Apr/2024:14:24:31 +0000] "GET /assets/images/resources/thumbnails/testi-2.jpg HTTP/1.1" 200 8319 "https://hp.himachaltravelguide.in/?gclid=CjwKCAjwuJ2xBhA3EiwAMVjkVBlbEYdjTmp1TXKdUX0z_GpzbXzP9IFHodxTbfOlgQBFat68RQ5srRoCq8cQAvD_BwE" "Mozilla/5.0 (Linux; Android 10; K) AppleWebKit/537.36 (KHTML, like Gecko) Chrome/123.0.0.0 Mobile Safari/537.36"
183.82.98.190 - - [23/Apr/2024:14:24:31 +0000] "GET /assets/css/lib/slick.min.css HTTP/1.1" 200 516 "https://hp.himachaltravelguide.in/" "Mozilla/5.0 (Linux; Android 10; K) AppleWebKit/537.36 (KHTML, like Gecko) SamsungBrowser/24.0 Chrome/117.0.0.0 Mobile Safari/537.36"
183.82.98.190 - - [23/Apr/2024:14:24:31 +0000] "GET /assets/css/lib/swiper.min.css HTTP/1.1" 200 4593 "https://hp.himachaltravelguide.in/" "Mozilla/5.0 (Linux; Android 10; K) AppleWebKit/537.36 (KHTML, like Gecko) SamsungBrowser/24.0 Chrome/117.0.0.0 Mobile Safari/537.36"
183.82.98.190 - - [23/Apr/2024:14:24:31 +0000] "GET /assets/css/lib/jquery-ui.min.css HTTP/1.1" 200 7629 "https://hp.himachaltravelguide.in/" "Mozilla/5.0 (Linux; Android 10; K) AppleWebKit/537.36 (KHTML, like Gecko) SamsungBrowser/24.0 Chrome/117.0.0.0 Mobile Safari/537.36"
183.82.98.190 - - [23/Apr/2024:14:24:31 +0000] "GET /assets/css/custom-animate.css HTTP/1.1" 200 1880 "https://hp.himachaltravelguide.in/" "Mozilla/5.0 (Linux; Android 10; K) AppleWebKit/537.36 (KHTML, like Gecko) SamsungBrowser/24.0 Chrome/117.0.0.0 Mobile Safari/537.36"
183.82.98.190 - - [23/Apr/2024:14:24:31 +0000] "GET /assets/css/lib/jquery.fancybox.min.css HTTP/1.1" 200 3167 "https://hp.himachaltravelguide.in/" "Mozilla/5.0 (Linux; Android 10; K) AppleWebKit/537.36 (KHTML, like Gecko) SamsungBrowser/24.0 Chrome/117.0.0.0 Mobile Safari/537.36"
152.57.34.92 - - [23/Apr/2024:14:24:31 +0000] "GET /assets/images/resources/thumbnails/testi-3.jpg HTTP/1.1" 200 9438 "https://hp.himachaltravelguide.in/?gclid=CjwKCAjwuJ2xBhA3EiwAMVjkVBlbEYdjTmp1TXKdUX0z_GpzbXzP9IFHodxTbfOlgQBFat68RQ5srRoCq8cQAvD_BwE" "Mozilla/5.0 (Linux; Android 10; K) AppleWebKit/537.36 (KHTML, like Gecko) Chrome/123.0.0.0 Mobile Safari/537.36"
47.15.40.225 - - [23/Apr/2024:14:24:31 +0000] "GET /assets/js/custom-script.js HTTP/1.1" 200 3489 "https://hp.himachaltravelguide.in/?gclid=EAIaIQobChMI2e_M88TYhQMVFML9BR3ygQyTEAEYASAAEgIqIvD_BwE" "Mozilla/5.0 (Linux; Android 9; vivo 1723 Build/PKQ1.190118.001; wv) AppleWebKit/537.36 (KHTML, like Gecko) Version/4.0 Chrome/87.0.4280.141 Mobile Safari/537.36 VivoBrowser/12.0.2.0"
183.82.98.190 - - [23/Apr/2024:14:24:31 +0000] "GET /assets/css/responsive.css HTTP/1.1" 200 3920 "https://hp.himachaltravelguide.in/" "Mozilla/5.0 (Linux; Android 10; K) AppleWebKit/537.36 (KHTML, like Gecko) SamsungBrowser/24.0 Chrome/117.0.0.0 Mobile Safari/537.36"
183.82.98.190 - - [23/Apr/2024:14:24:31 +0000] "GET /assets/css/style.css HTTP/1.1" 200 23571 "https://hp.himachaltravelguide.in/" "Mozilla/5.0 (Linux; Android 10; K) AppleWebKit/537.36 (KHTML, like Gecko) SamsungBrowser/24.0 Chrome/117.0.0.0 Mobile Safari/537.36"
183.82.98.190 - - [23/Apr/2024:14:24:31 +0000] "GET /assets/css/sections/variables.css HTTP/1.1" 200 474 "https://hp.himachaltravelguide.in/assets/css/style.css" "Mozilla/5.0 (Linux; Android 10; K) AppleWebKit/537.36 (KHTML, like Gecko) SamsungBrowser/24.0 Chrome/117.0.0.0 Mobile Safari/537.36"
183.82.98.190 - - [23/Apr/2024:14:24:31 +0000] "GET /assets/css/sections/fonts.css HTTP/1.1" 200 319 "https://hp.himachaltravelguide.in/assets/css/style.css" "Mozilla/5.0 (Linux; Android 10; K) AppleWebKit/537.36 (KHTML, like Gecko) SamsungBrowser/24.0 Chrome/117.0.0.0 Mobile Safari/537.36"
183.82.98.190 - - [23/Apr/2024:14:24:31 +0000] "GET /assets/css/sections/global-settings.css HTTP/1.1" 200 1333 "https://hp.himachaltravelguide.in/assets/css/style.css" "Mozilla/5.0 (Linux; Android 10; K) AppleWebKit/537.36 (KHTML, like Gecko) SamsungBrowser/24.0 Chrome/117.0.0.0 Mobile Safari/537.36"
223.233.120.85 - - [23/Apr/2024:14:24:31 +0000] "GET /assets/css/lib/fontawesome/css/solid.css HTTP/1.1" 200 353 "https://hp.himachaltravelguide.in/?gclid=EAIaIQobChMI85fT0sTYhQMV9Tj5AB1p0ABHEAEYASAAEgIObvD_BwE" "Mozilla/5.0 (Linux; Android 10; K) AppleWebKit/537.36 (KHTML, like Gecko) Chrome/123.0.0.0 Mobile Safari/537.36"
223.233.120.85 - - [23/Apr/2024:14:24:31 +0000] "GET /assets/css/lib/fontawesome/css/brands.css HTTP/1.1" 200 4928 "https://hp.himachaltravelguide.in/?gclid=EAIaIQobChMI85fT0sTYhQMV9Tj5AB1p0ABHEAEYASAAEgIObvD_BwE" "Mozilla/5.0 (Linux; Android 10; K) AppleWebKit/537.36 (KHTML, like Gecko) Chrome/123.0.0.0 Mobile Safari/537.36"
223.233.120.85 - - [23/Apr/2024:14:24:31 +0000] "GET /assets/css/lib/simple-line-icons/css/simple-line-icons.min.css HTTP/1.1" 200 2436 "https://hp.himachaltravelguide.in/?gclid=EAIaIQobChMI85fT0sTYhQMV9Tj5AB1p0ABHEAEYASAAEgIObvD_BwE" "Mozilla/5.0 (Linux; Android 10; K) AppleWebKit/537.36 (KHTML, like Gecko) Chrome/123.0.0.0 Mobile Safari/537.36"
152.59.198.12 - - [23/Apr/2024:14:24:31 +0000] "GET /assets/images/icons/intro-1.png HTTP/1.1" 200 3503 "https://hp.himachaltravelguide.in/?gclid=EAIaIQobChMInc6u58TYhQMVg7x_BB3kCQxaEAEYASAAEgLcc_D_BwE" "Mozilla/5.0 (Linux; Android 10; K) AppleWebKit/537.36 (KHTML, like Gecko) Chrome/123.0.0.0 Mobile Safari/537.36"
152.59.26.51 - - [23/Apr/2024:14:24:31 +0000] "GET /?gclid=EAIaIQobChMI8t_x3cTYhQMVLkPCBR3t4wK8EAEYASAAEgJLcPD_BwE HTTP/1.1" 200 11239 "-" "Mozilla/5.0 (Linux; Android 10; K) AppleWebKit/537.36 (KHTML, like Gecko) Chrome/123.0.0.0 Mobile Safari/537.36"
183.82.98.190 - - [23/Apr/2024:14:24:31 +0000] "GET /assets/js/lib/jquery.min.js HTTP/1.1" 200 33815 "https://hp.himachaltravelguide.in/" "Mozilla/5.0 (Linux; Android 10; K) AppleWebKit/537.36 (KHTML, like Gecko) SamsungBrowser/24.0 Chrome/117.0.0.0 Mobile Safari/537.36"
223.233.120.85 - - [23/Apr/2024:14:24:31 +0000] "GET /assets/css/lib/slick.min.css HTTP/1.1" 200 516 "https://hp.himachaltravelguide.in/?gclid=EAIaIQobChMI85fT0sTYhQMV9Tj5AB1p0ABHEAEYASAAEgIObvD_BwE" "Mozilla/5.0 (Linux; Android 10; K) AppleWebKit/537.36 (KHTML, like Gecko) Chrome/123.0.0.0 Mobile Safari/537.36"
223.233.120.85 - - [23/Apr/2024:14:24:31 +0000] "GET /assets/css/lib/swiper.min.css HTTP/1.1" 200 4593 "https://hp.himachaltravelguide.in/?gclid=EAIaIQobChMI85fT0sTYhQMV9Tj5AB1p0ABHEAEYASAAEgIObvD_BwE" "Mozilla/5.0 (Linux; Android 10; K) AppleWebKit/537.36 (KHTML, like Gecko) Chrome/123.0.0.0 Mobile Safari/537.36"
223.233.120.85 - - [23/Apr/2024:14:24:31 +0000] "GET /assets/css/lib/animate.min.css HTTP/1.1" 200 4148 "https://hp.himachaltravelguide.in/?gclid=EAIaIQobChMI85fT0sTYhQMV9Tj5AB1p0ABHEAEYASAAEgIObvD_BwE" "Mozilla/5.0 (Linux; Android 10; K) AppleWebKit/537.36 (KHTML, like Gecko) Chrome/123.0.0.0 Mobile Safari/537.36"
183.82.98.190 - - [23/Apr/2024:14:24:31 +0000] "GET /assets/js/lib/popper.min.js HTTP/1.1" 200 7519 "https://hp.himachaltravelguide.in/" "Mozilla/5.0 (Linux; Android 10; K) AppleWebKit/537.36 (KHTML, like Gecko) SamsungBrowser/24.0 Chrome/117.0.0.0 Mobile Safari/537.36"
117.96.187.149 - - [23/Apr/2024:14:24:31 +0000] "GET /assets/js/lib/slick.min.js HTTP/1.1" 200 10680 "https://hp.himachaltravelguide.in/?gclid=CjwKCAjwuJ2xBhA3EiwAMVjkVFjCXrf-14P-hPaKMmKUACKgm2lxNIK8nybOxqmTDnr05I7gHCqVXBoCtNIQAvD_BwE" "Mozilla/5.0 (Linux; Android 10; K) AppleWebKit/537.36 (KHTML, like Gecko) Chrome/123.0.0.0 Mobile Safari/537.36"
223.233.120.85 - - [23/Apr/2024:14:24:31 +0000] "GET /assets/css/lib/jquery-ui.min.css HTTP/1.1" 200 7629 "https://hp.himachaltravelguide.in/?gclid=EAIaIQobChMI85fT0sTYhQMV9Tj5AB1p0ABHEAEYASAAEgIObvD_BwE" "Mozilla/5.0 (Linux; Android 10; K) AppleWebKit/537.36 (KHTML, like Gecko) Chrome/123.0.0.0 Mobile Safari/537.36"
183.82.98.190 - - [23/Apr/2024:14:24:31 +0000] "GET /assets/js/lib/bootstrap/bootstrap.min.js HTTP/1.1" 200 16560 "https://hp.himachaltravelguide.in/" "Mozilla/5.0 (Linux; Android 10; K) AppleWebKit/537.36 (KHTML, like Gecko) SamsungBrowser/24.0 Chrome/117.0.0.0 Mobile Safari/537.36"
223.233.120.85 - - [23/Apr/2024:14:24:31 +0000] "GET /assets/css/lib/jquery.fancybox.min.css HTTP/1.1" 200 3167 "https://hp.himachaltravelguide.in/?gclid=EAIaIQobChMI85fT0sTYhQMV9Tj5AB1p0ABHEAEYASAAEgIObvD_BwE" "Mozilla/5.0 (Linux; Android 10; K) AppleWebKit/537.36 (KHTML, like Gecko) Chrome/123.0.0.0 Mobile Safari/537.36"
223.233.120.85 - - [23/Apr/2024:14:24:31 +0000] "GET /assets/css/custom-animate.css HTTP/1.1" 200 1880 "https://hp.himachaltravelguide.in/?gclid=EAIaIQobChMI85fT0sTYhQMV9Tj5AB1p0ABHEAEYASAAEgIObvD_BwE" "Mozilla/5.0 (Linux; Android 10; K) AppleWebKit/537.36 (KHTML, like Gecko) Chrome/123.0.0.0 Mobile Safari/537.36"
117.96.187.149 - - [23/Apr/2024:14:24:31 +0000] "GET /assets/js/lib/appear.min.js HTTP/1.1" 200 784 "https://hp.himachaltravelguide.in/?gclid=CjwKCAjwuJ2xBhA3EiwAMVjkVFjCXrf-14P-hPaKMmKUACKgm2lxNIK8nybOxqmTDnr05I7gHCqVXBoCtNIQAvD_BwE" "Mozilla/5.0 (Linux; Android 10; K) AppleWebKit/537.36 (KHTML, like Gecko) Chrome/123.0.0.0 Mobile Safari/537.36"
183.82.98.190 - - [23/Apr/2024:14:24:31 +0000] "GET /assets/js/lib/jquery-ui.min.js HTTP/1.1" 200 67864 "https://hp.himachaltravelguide.in/" "Mozilla/5.0 (Linux; Android 10; K) AppleWebKit/537.36 (KHTML, like Gecko) SamsungBrowser/24.0 Chrome/117.0.0.0 Mobile Safari/537.36"
183.82.98.190 - - [23/Apr/2024:14:24:31 +0000] "GET /assets/js/lib/jquery.fancybox.min.js HTTP/1.1" 200 19503 "https://hp.himachaltravelguide.in/" "Mozilla/5.0 (Linux; Android 10; K) AppleWebKit/537.36 (KHTML, like Gecko) SamsungBrowser/24.0 Chrome/117.0.0.0 Mobile Safari/537.36"
152.57.34.92 - - [23/Apr/2024:14:24:31 +0000] "GET /assets/images/background/pattern-3.jpg HTTP/1.1" 200 15213 "https://hp.himachaltravelguide.in/?gclid=CjwKCAjwuJ2xBhA3EiwAMVjkVBlbEYdjTmp1TXKdUX0z_GpzbXzP9IFHodxTbfOlgQBFat68RQ5srRoCq8cQAvD_BwE" "Mozilla/5.0 (Linux; Android 10; K) AppleWebKit/537.36 (KHTML, like Gecko) Chrome/123.0.0.0 Mobile Safari/537.36"
117.96.187.149 - - [23/Apr/2024:14:24:31 +0000] "GET /assets/js/lib/jquery-ui.min.js HTTP/1.1" 200 67864 "https://hp.himachaltravelguide.in/?gclid=CjwKCAjwuJ2xBhA3EiwAMVjkVFjCXrf-14P-hPaKMmKUACKgm2lxNIK8nybOxqmTDnr05I7gHCqVXBoCtNIQAvD_BwE" "Mozilla/5.0 (Linux; Android 10; K) AppleWebKit/537.36 (KHTML, like Gecko) Chrome/123.0.0.0 Mobile Safari/537.36"
117.96.187.149 - - [23/Apr/2024:14:24:31 +0000] "GET /assets/js/lib/wow.min.js HTTP/1.1" 200 2826 "https://hp.himachaltravelguide.in/?gclid=CjwKCAjwuJ2xBhA3EiwAMVjkVFjCXrf-14P-hPaKMmKUACKgm2lxNIK8nybOxqmTDnr05I7gHCqVXBoCtNIQAvD_BwE" "Mozilla/5.0 (Linux; Android 10; K) AppleWebKit/537.36 (KHTML, like Gecko) Chrome/123.0.0.0 Mobile Safari/537.36"
183.82.98.190 - - [23/Apr/2024:14:24:31 +0000] "GET /assets/js/lib/isotope.min.js HTTP/1.1" 200 10201 "https://hp.himachaltravelguide.in/" "Mozilla/5.0 (Linux; Android 10; K) AppleWebKit/537.36 (KHTML, like Gecko) SamsungBrowser/24.0 Chrome/117.0.0.0 Mobile Safari/537.36"
183.82.98.190 - - [23/Apr/2024:14:24:31 +0000] "GET /assets/js/lib/slick.min.js HTTP/1.1" 200 10680 "https://hp.himachaltravelguide.in/" "Mozilla/5.0 (Linux; Android 10; K) AppleWebKit/537.36 (KHTML, like Gecko) SamsungBrowser/24.0 Chrome/117.0.0.0 Mobile Safari/537.36"
183.82.98.190 - - [23/Apr/2024:14:24:31 +0000] "GET /assets/js/lib/wow.min.js HTTP/1.1" 200 2826 "https://hp.himachaltravelguide.in/" "Mozilla/5.0 (Linux; Android 10; K) AppleWebKit/537.36 (KHTML, like Gecko) SamsungBrowser/24.0 Chrome/117.0.0.0 Mobile Safari/537.36"
223.233.120.85 - - [23/Apr/2024:14:24:31 +0000] "GET /assets/css/style.css HTTP/1.1" 200 23571 "https://hp.himachaltravelguide.in/?gclid=EAIaIQobChMI85fT0sTYhQMV9Tj5AB1p0ABHEAEYASAAEgIObvD_BwE" "Mozilla/5.0 (Linux; Android 10; K) AppleWebKit/537.36 (KHTML, like Gecko) Chrome/123.0.0.0 Mobile Safari/537.36"
183.82.98.190 - - [23/Apr/2024:14:24:31 +0000] "GET /assets/js/lib/appear.min.js HTTP/1.1" 200 784 "https://hp.himachaltravelguide.in/" "Mozilla/5.0 (Linux; Android 10; K) AppleWebKit/537.36 (KHTML, like Gecko) SamsungBrowser/24.0 Chrome/117.0.0.0 Mobile Safari/537.36"
223.233.120.85 - - [23/Apr/2024:14:24:31 +0000] "GET /assets/css/responsive.css HTTP/1.1" 200 3920 "https://hp.himachaltravelguide.in/?gclid=EAIaIQobChMI85fT0sTYhQMV9Tj5AB1p0ABHEAEYASAAEgIObvD_BwE" "Mozilla/5.0 (Linux; Android 10; K) AppleWebKit/537.36 (KHTML, like Gecko) Chrome/123.0.0.0 Mobile Safari/537.36"
117.96.187.149 - - [23/Apr/2024:14:24:31 +0000] "GET /assets/fonts/Gilroy/Gilroy-Bold.woff HTTP/1.1" 200 64096 "https://hp.himachaltravelguide.in/assets/css/sections/fonts.css" "Mozilla/5.0 (Linux; Android 10; K) AppleWebKit/537.36 (KHTML, like Gecko) Chrome/123.0.0.0 Mobile Safari/537.36"
157.38.128.108 - - [23/Apr/2024:14:24:31 +0000] "GET /assets/css/lib/fontawesome/css/brands.css HTTP/1.1" 200 4928 "https://hp.himachaltravelguide.in/?gclid=EAIaIQobChMI6sTS6cTYhQMVay35AB3xWgDFEAEYASAAEgJjD_D_BwE" "Mozilla/5.0 (Linux; U; Android 12; en-in; CPH2385 Build/SP1A.210812.016) AppleWebKit/537.36 (KHTML, like Gecko) Chrome/91.0.4472.88 Mobile Safari/537.36 HeyTapBrowser/45.8.4.9"
183.82.98.190 - - [23/Apr/2024:14:24:31 +0000] "GET /assets/js/custom-script.js HTTP/1.1" 200 3489 "https://hp.himachaltravelguide.in/" "Mozilla/5.0 (Linux; Android 10; K) AppleWebKit/537.36 (KHTML, like Gecko) SamsungBrowser/24.0 Chrome/117.0.0.0 Mobile Safari/537.36"
152.59.198.12 - - [23/Apr/2024:14:24:31 +0000] "GET /assets/images/icons/intro-2.png HTTP/1.1" 200 2577 "https://hp.himachaltravelguide.in/?gclid=EAIaIQobChMInc6u58TYhQMVg7x_BB3kCQxaEAEYASAAEgLcc_D_BwE" "Mozilla/5.0 (Linux; Android 10; K) AppleWebKit/537.36 (KHTML, like Gecko) Chrome/123.0.0.0 Mobile Safari/537.36"
183.82.98.190 - - [23/Apr/2024:14:24:31 +0000] "GET /assets/images/elements/white-1.png HTTP/1.1" 200 427 "https://hp.himachaltravelguide.in/" "Mozilla/5.0 (Linux; Android 10; K) AppleWebKit/537.36 (KHTML, like Gecko) SamsungBrowser/24.0 Chrome/117.0.0.0 Mobile Safari/537.36"
183.82.98.190 - - [23/Apr/2024:14:24:31 +0000] "GET /assets/js/lib/swiper.min.js HTTP/1.1" 200 39733 "https://hp.himachaltravelguide.in/" "Mozilla/5.0 (Linux; Android 10; K) AppleWebKit/537.36 (KHTML, like Gecko) SamsungBrowser/24.0 Chrome/117.0.0.0 Mobile Safari/537.36"
183.82.98.190 - - [23/Apr/2024:14:24:31 +0000] "GET /assets/images/icons/menu-icon.svg HTTP/1.1" 200 305 "https://hp.himachaltravelguide.in/" "Mozilla/5.0 (Linux; Android 10; K) AppleWebKit/537.36 (KHTML, like Gecko) SamsungBrowser/24.0 Chrome/117.0.0.0 Mobile Safari/537.36"
183.82.98.190 - - [23/Apr/2024:14:24:31 +0000] "GET /assets/images/tripperHubpng%201.png HTTP/1.1" 200 18158 "https://hp.himachaltravelguide.in/" "Mozilla/5.0 (Linux; Android 10; K) AppleWebKit/537.36 (KHTML, like Gecko) SamsungBrowser/24.0 Chrome/117.0.0.0 Mobile Safari/537.36"
183.82.98.190 - - [23/Apr/2024:14:24:31 +0000] "GET /assets/images/icons/intro-1.png HTTP/1.1" 200 3503 "https://hp.himachaltravelguide.in/" "Mozilla/5.0 (Linux; Android 10; K) AppleWebKit/537.36 (KHTML, like Gecko) SamsungBrowser/24.0 Chrome/117.0.0.0 Mobile Safari/537.36"
183.82.98.190 - - [23/Apr/2024:14:24:31 +0000] "GET /assets/fonts/Gilroy/Gilroy-Bold.woff HTTP/1.1" 200 64096 "https://hp.himachaltravelguide.in/assets/css/sections/fonts.css" "Mozilla/5.0 (Linux; Android 10; K) AppleWebKit/537.36 (KHTML, like Gecko) SamsungBrowser/24.0 Chrome/117.0.0.0 Mobile Safari/537.36"
183.82.98.190 - - [23/Apr/2024:14:24:31 +0000] "GET /assets/fonts/Reey/Reey-Regular.woff HTTP/1.1" 200 79212 "https://hp.himachaltravelguide.in/assets/css/sections/fonts.css" "Mozilla/5.0 (Linux; Android 10; K) AppleWebKit/537.36 (KHTML, like Gecko) SamsungBrowser/24.0 Chrome/117.0.0.0 Mobile Safari/537.36"
223.233.120.85 - - [23/Apr/2024:14:24:31 +0000] "GET /assets/images/icons/menu-icon.svg HTTP/1.1" 200 305 "https://hp.himachaltravelguide.in/?gclid=EAIaIQobChMI85fT0sTYhQMV9Tj5AB1p0ABHEAEYASAAEgIObvD_BwE" "Mozilla/5.0 (Linux; Android 10; K) AppleWebKit/537.36 (KHTML, like Gecko) Chrome/123.0.0.0 Mobile Safari/537.36"
183.82.98.190 - - [23/Apr/2024:14:24:31 +0000] "GET /assets/images/icons/intro-2.png HTTP/1.1" 200 2577 "https://hp.himachaltravelguide.in/" "Mozilla/5.0 (Linux; Android 10; K) AppleWebKit/537.36 (KHTML, like Gecko) SamsungBrowser/24.0 Chrome/117.0.0.0 Mobile Safari/537.36"
183.82.98.190 - - [23/Apr/2024:14:24:31 +0000] "GET /assets/images/icons/intro-3.png HTTP/1.1" 200 2689 "https://hp.himachaltravelguide.in/" "Mozilla/5.0 (Linux; Android 10; K) AppleWebKit/537.36 (KHTML, like Gecko) SamsungBrowser/24.0 Chrome/117.0.0.0 Mobile Safari/537.36"
223.233.120.85 - - [23/Apr/2024:14:24:31 +0000] "GET /assets/images/tripperHubpng%201.png HTTP/1.1" 200 18158 "https://hp.himachaltravelguide.in/?gclid=EAIaIQobChMI85fT0sTYhQMV9Tj5AB1p0ABHEAEYASAAEgIObvD_BwE" "Mozilla/5.0 (Linux; Android 10; K) AppleWebKit/537.36 (KHTML, like Gecko) Chrome/123.0.0.0 Mobile Safari/537.36"
183.82.98.190 - - [23/Apr/2024:14:24:31 +0000] "GET /assets/images/background/bg-gradient-15.png HTTP/1.1" 200 35167 "https://hp.himachaltravelguide.in/" "Mozilla/5.0 (Linux; Android 10; K) AppleWebKit/537.36 (KHTML, like Gecko) SamsungBrowser/24.0 Chrome/117.0.0.0 Mobile Safari/537.36"
183.82.98.190 - - [23/Apr/2024:14:24:31 +0000] "GET /assets/images/elements/purple-2.png HTTP/1.1" 200 602 "https://hp.himachaltravelguide.in/" "Mozilla/5.0 (Linux; Android 10; K) AppleWebKit/537.36 (KHTML, like Gecko) SamsungBrowser/24.0 Chrome/117.0.0.0 Mobile Safari/537.36"
183.82.98.190 - - [23/Apr/2024:14:24:31 +0000] "GET /assets/images/background/bg-gradient-16.png HTTP/1.1" 200 16672 "https://hp.himachaltravelguide.in/" "Mozilla/5.0 (Linux; Android 10; K) AppleWebKit/537.36 (KHTML, like Gecko) SamsungBrowser/24.0 Chrome/117.0.0.0 Mobile Safari/537.36"
183.82.98.190 - - [23/Apr/2024:14:24:31 +0000] "GET /assets/images/background/bg-gradient-19.png HTTP/1.1" 200 16111 "https://hp.himachaltravelguide.in/" "Mozilla/5.0 (Linux; Android 10; K) AppleWebKit/537.36 (KHTML, like Gecko) SamsungBrowser/24.0 Chrome/117.0.0.0 Mobile Safari/537.36"
183.82.98.190 - - [23/Apr/2024:14:24:31 +0000] "GET /assets/images/background/bg-gradient-20.png HTTP/1.1" 200 26296 "https://hp.himachaltravelguide.in/" "Mozilla/5.0 (Linux; Android 10; K) AppleWebKit/537.36 (KHTML, like Gecko) SamsungBrowser/24.0 Chrome/117.0.0.0 Mobile Safari/537.36"
183.82.98.190 - - [23/Apr/2024:14:24:31 +0000] "GET /assets/images/elements/purple-3.png HTTP/1.1" 200 652 "https://hp.himachaltravelguide.in/" "Mozilla/5.0 (Linux; Android 10; K) AppleWebKit/537.36 (KHTML, like Gecko) SamsungBrowser/24.0 Chrome/117.0.0.0 Mobile Safari/537.36"
183.82.98.190 - - [23/Apr/2024:14:24:31 +0000] "GET /assets/images/icons/f-icon-7.png HTTP/1.1" 200 3114 "https://hp.himachaltravelguide.in/" "Mozilla/5.0 (Linux; Android 10; K) AppleWebKit/537.36 (KHTML, like Gecko) SamsungBrowser/24.0 Chrome/117.0.0.0 Mobile Safari/537.36"
183.82.98.190 - - [23/Apr/2024:14:24:31 +0000] "GET /assets/images/icons/f-icon-8.png HTTP/1.1" 200 3297 "https://hp.himachaltravelguide.in/" "Mozilla/5.0 (Linux; Android 10; K) AppleWebKit/537.36 (KHTML, like Gecko) SamsungBrowser/24.0 Chrome/117.0.0.0 Mobile Safari/537.36"
183.82.98.190 - - [23/Apr/2024:14:24:31 +0000] "GET /assets/images/icons/f-icon-9.png HTTP/1.1" 200 3121 "https://hp.himachaltravelguide.in/" "Mozilla/5.0 (Linux; Android 10; K) AppleWebKit/537.36 (KHTML, like Gecko) SamsungBrowser/24.0 Chrome/117.0.0.0 Mobile Safari/537.36"
183.82.98.190 - - [23/Apr/2024:14:24:31 +0000] "GET /assets/images/elements/yellow-4.png HTTP/1.1" 200 646 "https://hp.himachaltravelguide.in/" "Mozilla/5.0 (Linux; Android 10; K) AppleWebKit/537.36 (KHTML, like Gecko) SamsungBrowser/24.0 Chrome/117.0.0.0 Mobile Safari/537.36"
183.82.98.190 - - [23/Apr/2024:14:24:31 +0000] "GET /assets/images/resources/thumbnails/testi-1.jpg HTTP/1.1" 200 8918 "https://hp.himachaltravelguide.in/" "Mozilla/5.0 (Linux; Android 10; K) AppleWebKit/537.36 (KHTML, like Gecko) SamsungBrowser/24.0 Chrome/117.0.0.0 Mobile Safari/537.36"
152.59.198.12 - - [23/Apr/2024:14:24:31 +0000] "GET /assets/images/icons/intro-3.png HTTP/1.1" 200 2689 "https://hp.himachaltravelguide.in/?gclid=EAIaIQobChMInc6u58TYhQMVg7x_BB3kCQxaEAEYASAAEgLcc_D_BwE" "Mozilla/5.0 (Linux; Android 10; K) AppleWebKit/537.36 (KHTML, like Gecko) Chrome/123.0.0.0 Mobile Safari/537.36"
183.82.98.190 - - [23/Apr/2024:14:24:31 +0000] "GET /assets/images/resources/thumbnails/testi-3.jpg HTTP/1.1" 200 9438 "https://hp.himachaltravelguide.in/" "Mozilla/5.0 (Linux; Android 10; K) AppleWebKit/537.36 (KHTML, like Gecko) SamsungBrowser/24.0 Chrome/117.0.0.0 Mobile Safari/537.36"
183.82.98.190 - - [23/Apr/2024:14:24:31 +0000] "GET /assets/images/resources/thumbnails/testi-2.jpg HTTP/1.1" 200 8319 "https://hp.himachaltravelguide.in/" "Mozilla/5.0 (Linux; Android 10; K) AppleWebKit/537.36 (KHTML, like Gecko) SamsungBrowser/24.0 Chrome/117.0.0.0 Mobile Safari/537.36"
152.59.26.51 - - [23/Apr/2024:14:24:31 +0000] "GET /assets/css/lib/bootstrap/bootstrap.min.css HTTP/1.1" 200 31138 "https://hp.himachaltravelguide.in/?gclid=EAIaIQobChMI8t_x3cTYhQMVLkPCBR3t4wK8EAEYASAAEgJLcPD_BwE" "Mozilla/5.0 (Linux; Android 10; K) AppleWebKit/537.36 (KHTML, like Gecko) Chrome/123.0.0.0 Mobile Safari/537.36"
183.82.98.190 - - [23/Apr/2024:14:24:31 +0000] "GET /assets/images/resources/misc/man-orange-bag.png HTTP/1.1" 200 114524 "https://hp.himachaltravelguide.in/" "Mozilla/5.0 (Linux; Android 10; K) AppleWebKit/537.36 (KHTML, like Gecko) SamsungBrowser/24.0 Chrome/117.0.0.0 Mobile Safari/537.36"
223.233.120.85 - - [23/Apr/2024:14:24:31 +0000] "GET /assets/css/sections/variables.css HTTP/1.1" 200 474 "https://hp.himachaltravelguide.in/assets/css/style.css" "Mozilla/5.0 (Linux; Android 10; K) AppleWebKit/537.36 (KHTML, like Gecko) Chrome/123.0.0.0 Mobile Safari/537.36"
183.82.98.190 - - [23/Apr/2024:14:24:31 +0000] "GET /assets/images/background/pattern-3.jpg HTTP/1.1" 200 15213 "https://hp.himachaltravelguide.in/" "Mozilla/5.0 (Linux; Android 10; K) AppleWebKit/537.36 (KHTML, like Gecko) SamsungBrowser/24.0 Chrome/117.0.0.0 Mobile Safari/537.36"
223.233.120.85 - - [23/Apr/2024:14:24:31 +0000] "GET /assets/css/sections/fonts.css HTTP/1.1" 200 319 "https://hp.himachaltravelguide.in/assets/css/style.css" "Mozilla/5.0 (Linux; Android 10; K) AppleWebKit/537.36 (KHTML, like Gecko) Chrome/123.0.0.0 Mobile Safari/537.36"
223.233.120.85 - - [23/Apr/2024:14:24:31 +0000] "GET /assets/css/sections/global-settings.css HTTP/1.1" 200 1333 "https://hp.himachaltravelguide.in/assets/css/style.css" "Mozilla/5.0 (Linux; Android 10; K) AppleWebKit/537.36 (KHTML, like Gecko) Chrome/123.0.0.0 Mobile Safari/537.36"
