74.125.212.141 - - [23/Apr/2024:14:24:39 +0000] "GET /assets/css/lib/jquery.fancybox.min.css HTTP/1.1" 200 3167 "https://hp.himachaltravelguide.in/?gclid=EAIaIQobChMIzdCj-sTYhQMVtovYBR2rzAEuEAEYASAAEgLDu_D_BwE" "Mozilla/5.0 (Linux; Android 7.0; SM-G930V Build/NRD90M) AppleWebKit/537.36 (KHTML, like Gecko) Chrome/59.0.3071.125 Mobile Safari/537.36 (compatible; Google-Read-Aloud; +https://support.google.com/webmasters/answer/1061943)"
223.187.14.67 - - [23/Apr/2024:14:24:39 +0000] "GET /assets/css/lib/simple-line-icons/fonts/Simple-Line-Iconsb26c.woff2?v=2.4.0 HTTP/1.1" 200 30064 "https://hp.himachaltravelguide.in/assets/css/lib/simple-line-icons/css/simple-line-icons.min.css" "Mozilla/5.0 (Linux; Android 12; Infinix X677 Build/SP1A.210812.016) AppleWebKit/537.36 (KHTML, like Gecko) Version/4.0 Chrome/123.0.6312.118 Mobile Safari/537.36"
74.125.212.140 - - [23/Apr/2024:14:24:39 +0000] "GET /assets/css/lib/fontawesome/css/solid.css HTTP/1.1" 200 353 "https://hp.himachaltravelguide.in/?gclid=EAIaIQobChMIzdCj-sTYhQMVtovYBR2rzAEuEAEYASAAEgLDu_D_BwE" "Mozilla/5.0 (Linux; Android 7.0; SM-G930V Build/NRD90M) AppleWebKit/537.36 (KHTML, like Gecko) Chrome/59.0.3071.125 Mobile Safari/537.36 (compatible; Google-Read-Aloud; +https://support.google.com/webmasters/answer/1061943)"
74.125.212.142 - - [23/Apr/2024:14:24:39 +0000] "GET /assets/css/custom-animate.css HTTP/1.1" 200 1880 "https://hp.himachaltravelguide.in/?gclid=EAIaIQobChMIzdCj-sTYhQMVtovYBR2rzAEuEAEYASAAEgLDu_D_BwE" "Mozilla/5.0 (Linux; Android 7.0; SM-G930V Build/NRD90M) AppleWebKit/537.36 (KHTML, like Gecko) Chrome/59.0.3071.125 Mobile Safari/537.36 (compatible; Google-Read-Aloud; +https://support.google.com/webmasters/answer/1061943)"
106.223.194.222 - - [23/Apr/2024:14:24:39 +0000] "GET /assets/css/lib/swiper.min.css HTTP/1.1" 200 4593 "https://hp.himachaltravelguide.in/?gclid=EAIaIQobChMIu7Gn6cTYhQMV0i97Bx3fIA00EAEYASAAEgLrjfD_BwE" "Mozilla/5.0 (Linux; Android 12; SAMSUNG SM-M127G) AppleWebKit/537.36 (KHTML, like Gecko) SamsungBrowser/21.0 Chrome/110.0.5481.154 Mobile Safari/537.36"
106.223.194.222 - - [23/Apr/2024:14:24:39 +0000] "GET /assets/css/lib/jquery-ui.min.css HTTP/1.1" 200 7629 "https://hp.himachaltravelguide.in/?gclid=EAIaIQobChMIu7Gn6cTYhQMV0i97Bx3fIA00EAEYASAAEgLrjfD_BwE" "Mozilla/5.0 (Linux; Android 12; SAMSUNG SM-M127G) AppleWebKit/537.36 (KHTML, like Gecko) SamsungBrowser/21.0 Chrome/110.0.5481.154 Mobile Safari/537.36"
106.223.194.222 - - [23/Apr/2024:14:24:39 +0000] "GET /assets/css/custom-animate.css HTTP/1.1" 200 1880 "https://hp.himachaltravelguide.in/?gclid=EAIaIQobChMIu7Gn6cTYhQMV0i97Bx3fIA00EAEYASAAEgLrjfD_BwE" "Mozilla/5.0 (Linux; Android 12; SAMSUNG SM-M127G) AppleWebKit/537.36 (KHTML, like Gecko) SamsungBrowser/21.0 Chrome/110.0.5481.154 Mobile Safari/537.36"
106.223.194.222 - - [23/Apr/2024:14:24:39 +0000] "GET /assets/css/lib/jquery.fancybox.min.css HTTP/1.1" 200 3167 "https://hp.himachaltravelguide.in/?gclid=EAIaIQobChMIu7Gn6cTYhQMV0i97Bx3fIA00EAEYASAAEgLrjfD_BwE" "Mozilla/5.0 (Linux; Android 12; SAMSUNG SM-M127G) AppleWebKit/537.36 (KHTML, like Gecko) SamsungBrowser/21.0 Chrome/110.0.5481.154 Mobile Safari/537.36"
106.223.194.222 - - [23/Apr/2024:14:24:39 +0000] "GET /assets/css/style.css HTTP/1.1" 200 23571 "https://hp.himachaltravelguide.in/?gclid=EAIaIQobChMIu7Gn6cTYhQMV0i97Bx3fIA00EAEYASAAEgLrjfD_BwE" "Mozilla/5.0 (Linux; Android 12; SAMSUNG SM-M127G) AppleWebKit/537.36 (KHTML, like Gecko) SamsungBrowser/21.0 Chrome/110.0.5481.154 Mobile Safari/537.36"
152.58.134.131 - - [23/Apr/2024:14:24:39 +0000] "GET /assets/css/lib/fontawesome/css/fontawesome.min.css HTTP/1.1" 200 17422 "https://hp.himachaltravelguide.in/?gclid=CjwKCAjwuJ2xBhA3EiwAMVjkVNI34FTpAYDrSvqETkXVfJQ5aqp90OOxe2cUmUzY417UN-mpPztvYRoCzqEQAvD_BwE" "Mozilla/5.0 (Linux; Android 10; K) AppleWebKit/537.36 (KHTML, like Gecko) Chrome/123.0.0.0 Mobile Safari/537.36"
106.223.194.222 - - [23/Apr/2024:14:24:39 +0000] "GET /assets/css/responsive.css HTTP/1.1" 200 3920 "https://hp.himachaltravelguide.in/?gclid=EAIaIQobChMIu7Gn6cTYhQMV0i97Bx3fIA00EAEYASAAEgLrjfD_BwE" "Mozilla/5.0 (Linux; Android 12; SAMSUNG SM-M127G) AppleWebKit/537.36 (KHTML, like Gecko) SamsungBrowser/21.0 Chrome/110.0.5481.154 Mobile Safari/537.36"
152.59.89.151 - - [23/Apr/2024:14:24:39 +0000] "GET /?gclid=CjwKCAjwuJ2xBhA3EiwAMVjkVOtcuoHyL4ZLYzki8jRjOf3cRyqg5MMEvZ-GHLvT_8O2E-rCi0Q3fxoCqUoQAvD_BwE HTTP/1.1" 200 11239 "-" "Mozilla/5.0 (Linux; Android 10; K) AppleWebKit/537.36 (KHTML, like Gecko) Chrome/123.0.0.0 Mobile Safari/537.36"
74.125.212.142 - - [23/Apr/2024:14:24:39 +0000] "GET /assets/css/sections/fonts.css HTTP/1.1" 200 319 "https://hp.himachaltravelguide.in/assets/css/style.css" "Mozilla/5.0 (Linux; Android 7.0; SM-G930V Build/NRD90M) AppleWebKit/537.36 (KHTML, like Gecko) Chrome/59.0.3071.125 Mobile Safari/537.36 (compatible; Google-Read-Aloud; +https://support.google.com/webmasters/answer/1061943)"
1.39.203.70 - - [23/Apr/2024:14:24:39 +0000] "GET /assets/images/icons/intro-1.png HTTP/1.1" 200 3503 "https://hp.himachaltravelguide.in/?gclid=CjwKCAjwuJ2xBhA3EiwAMVjkVJ8qIO8AsEyi1DZyUQC_od8MsNoF3vOIfpWNbkAOr36EDIH2tVSU1xoCIrAQAvD_BwE" "Mozilla/5.0 (Linux; Android 13; 2302EPCC4I) AppleWebKit/537.36 (KHTML, like Gecko) Chrome/104.0.0.0 Mobile Safari/537.36"
74.125.212.142 - - [23/Apr/2024:14:24:39 +0000] "GET /assets/js/lib/bootstrap/bootstrap.min.js HTTP/1.1" 200 16560 "https://hp.himachaltravelguide.in/?gclid=EAIaIQobChMIzdCj-sTYhQMVtovYBR2rzAEuEAEYASAAEgLDu_D_BwE" "Mozilla/5.0 (Linux; Android 7.0; SM-G930V Build/NRD90M) AppleWebKit/537.36 (KHTML, like Gecko) Chrome/59.0.3071.125 Mobile Safari/537.36 (compatible; Google-Read-Aloud; +https://support.google.com/webmasters/answer/1061943)"
49.34.183.99 - - [23/Apr/2024:14:24:39 +0000] "GET /assets/images/tripperHubicon.png HTTP/1.1" 200 61417 "https://hp.himachaltravelguide.in/?gclid=CjwKCAjwuJ2xBhA3EiwAMVjkVKC1a70v6muTtB-rlFPNeZeUhV4PFlUo7AKVSkfdKd27IoksnlyMzRoC77AQAvD_BwE" "Mozilla/5.0 (Linux; Android 13; V2025; wv) AppleWebKit/537.36 (KHTML, like Gecko) Version/4.0 Chrome/87.0.4280.141 Mobile Safari/537.36 VivoBrowser/12.0.2.0"
106.211.54.142 - - [23/Apr/2024:14:24:39 +0000] "GET /assets/css/lib/simple-line-icons/fonts/Simple-Line-Iconsb26c.woff2?v=2.4.0 HTTP/1.1" 200 30064 "https://hp.himachaltravelguide.in/assets/css/lib/simple-line-icons/css/simple-line-icons.min.css" "Mozilla/5.0 (Linux; Android 12; Infinix X6516 Build/SP1A.210812.001) AppleWebKit/537.36 (KHTML, like Gecko) Chrome/123.0.6312.118 Mobile Safari/537.36"
106.223.194.222 - - [23/Apr/2024:14:24:39 +0000] "GET /assets/js/lib/popper.min.js HTTP/1.1" 200 7519 "https://hp.himachaltravelguide.in/?gclid=EAIaIQobChMIu7Gn6cTYhQMV0i97Bx3fIA00EAEYASAAEgLrjfD_BwE" "Mozilla/5.0 (Linux; Android 12; SAMSUNG SM-M127G) AppleWebKit/537.36 (KHTML, like Gecko) SamsungBrowser/21.0 Chrome/110.0.5481.154 Mobile Safari/537.36"
106.211.54.142 - - [23/Apr/2024:14:24:39 +0000] "GET /assets/images/elements/purple-3.png HTTP/1.1" 200 652 "https://hp.himachaltravelguide.in/?gclid=EAIaIQobChMIzdCj-sTYhQMVtovYBR2rzAEuEAEYASAAEgLDu_D_BwE" "Mozilla/5.0 (Linux; Android 12; Infinix X6516 Build/SP1A.210812.001) AppleWebKit/537.36 (KHTML, like Gecko) Chrome/123.0.6312.118 Mobile Safari/537.36"
106.223.194.222 - - [23/Apr/2024:14:24:39 +0000] "GET /assets/css/sections/variables.css HTTP/1.1" 200 474 "https://hp.himachaltravelguide.in/assets/css/style.css" "Mozilla/5.0 (Linux; Android 12; SAMSUNG SM-M127G) AppleWebKit/537.36 (KHTML, like Gecko) SamsungBrowser/21.0 Chrome/110.0.5481.154 Mobile Safari/537.36"
106.223.194.222 - - [23/Apr/2024:14:24:39 +0000] "GET /assets/css/sections/global-settings.css HTTP/1.1" 200 1333 "https://hp.himachaltravelguide.in/assets/css/style.css" "Mozilla/5.0 (Linux; Android 12; SAMSUNG SM-M127G) AppleWebKit/537.36 (KHTML, like Gecko) SamsungBrowser/21.0 Chrome/110.0.5481.154 Mobile Safari/537.36"
152.59.89.151 - - [23/Apr/2024:14:24:39 +0000] "GET /assets/css/lib/bootstrap/bootstrap.min.css HTTP/1.1" 200 31138 "https://hp.himachaltravelguide.in/?gclid=CjwKCAjwuJ2xBhA3EiwAMVjkVOtcuoHyL4ZLYzki8jRjOf3cRyqg5MMEvZ-GHLvT_8O2E-rCi0Q3fxoCqUoQAvD_BwE" "Mozilla/5.0 (Linux; Android 10; K) AppleWebKit/537.36 (KHTML, like Gecko) Chrome/123.0.0.0 Mobile Safari/537.36"
106.211.54.142 - - [23/Apr/2024:14:24:39 +0000] "GET /assets/images/icons/f-icon-7.png HTTP/1.1" 200 3114 "https://hp.himachaltravelguide.in/?gclid=EAIaIQobChMIzdCj-sTYhQMVtovYBR2rzAEuEAEYASAAEgLDu_D_BwE" "Mozilla/5.0 (Linux; Android 12; Infinix X6516 Build/SP1A.210812.001) AppleWebKit/537.36 (KHTML, like Gecko) Chrome/123.0.6312.118 Mobile Safari/537.36"
106.223.194.222 - - [23/Apr/2024:14:24:39 +0000] "GET /assets/css/sections/fonts.css HTTP/1.1" 200 319 "https://hp.himachaltravelguide.in/assets/css/style.css" "Mozilla/5.0 (Linux; Android 12; SAMSUNG SM-M127G) AppleWebKit/537.36 (KHTML, like Gecko) SamsungBrowser/21.0 Chrome/110.0.5481.154 Mobile Safari/537.36"
1.39.203.70 - - [23/Apr/2024:14:24:39 +0000] "GET /assets/images/icons/intro-2.png HTTP/1.1" 200 2577 "https://hp.himachaltravelguide.in/?gclid=CjwKCAjwuJ2xBhA3EiwAMVjkVJ8qIO8AsEyi1DZyUQC_od8MsNoF3vOIfpWNbkAOr36EDIH2tVSU1xoCIrAQAvD_BwE" "Mozilla/5.0 (Linux; Android 13; 2302EPCC4I) AppleWebKit/537.36 (KHTML, like Gecko) Chrome/104.0.0.0 Mobile Safari/537.36"
106.223.194.222 - - [23/Apr/2024:14:24:39 +0000] "GET /assets/js/lib/jquery.min.js HTTP/1.1" 200 33815 "https://hp.himachaltravelguide.in/?gclid=EAIaIQobChMIu7Gn6cTYhQMV0i97Bx3fIA00EAEYASAAEgLrjfD_BwE" "Mozilla/5.0 (Linux; Android 12; SAMSUNG SM-M127G) AppleWebKit/537.36 (KHTML, like Gecko) SamsungBrowser/21.0 Chrome/110.0.5481.154 Mobile Safari/537.36"
106.211.54.142 - - [23/Apr/2024:14:24:39 +0000] "GET /assets/images/icons/f-icon-8.png HTTP/1.1" 200 3297 "https://hp.himachaltravelguide.in/?gclid=EAIaIQobChMIzdCj-sTYhQMVtovYBR2rzAEuEAEYASAAEgLDu_D_BwE" "Mozilla/5.0 (Linux; Android 12; Infinix X6516 Build/SP1A.210812.001) AppleWebKit/537.36 (KHTML, like Gecko) Chrome/123.0.6312.118 Mobile Safari/537.36"
42.108.162.82 - - [23/Apr/2024:14:24:39 +0000] "GET /assets/css/sections/variables.css HTTP/1.1" 200 474 "https://hp.himachaltravelguide.in/assets/css/style.css" "Mozilla/5.0 (Linux; Android 10; K) AppleWebKit/537.36 (KHTML, like Gecko) Chrome/122.0.0.0 Mobile Safari/537.36"
106.223.194.222 - - [23/Apr/2024:14:24:39 +0000] "GET /assets/js/lib/bootstrap/bootstrap.min.js HTTP/1.1" 200 16560 "https://hp.himachaltravelguide.in/?gclid=EAIaIQobChMIu7Gn6cTYhQMV0i97Bx3fIA00EAEYASAAEgLrjfD_BwE" "Mozilla/5.0 (Linux; Android 12; SAMSUNG SM-M127G) AppleWebKit/537.36 (KHTML, like Gecko) SamsungBrowser/21.0 Chrome/110.0.5481.154 Mobile Safari/537.36"
117.98.24.156 - - [23/Apr/2024:14:24:39 +0000] "GET /?gclid=CjwKCAjwuJ2xBhA3EiwAMVjkVK3bPfw0JfcRM7GPaeH4nZv8coNChalseS5ldExravEqLpzYJTnPEhoCp8kQAvD_BwE HTTP/1.1" 200 11239 "-" "Mozilla/5.0 (Linux; Android 11; CPH2421 Build/RP1A.200720.011; wv) AppleWebKit/537.36 (KHTML, like Gecko) Version/4.0 Chrome/123.0.6312.118 Mobile Safari/537.36"
152.59.89.151 - - [23/Apr/2024:14:24:39 +0000] "GET /assets/css/lib/fontawesome/css/fontawesome.min.css HTTP/1.1" 200 17422 "https://hp.himachaltravelguide.in/?gclid=CjwKCAjwuJ2xBhA3EiwAMVjkVOtcuoHyL4ZLYzki8jRjOf3cRyqg5MMEvZ-GHLvT_8O2E-rCi0Q3fxoCqUoQAvD_BwE" "Mozilla/5.0 (Linux; Android 10; K) AppleWebKit/537.36 (KHTML, like Gecko) Chrome/123.0.0.0 Mobile Safari/537.36"
42.108.162.82 - - [23/Apr/2024:14:24:39 +0000] "GET /assets/css/sections/fonts.css HTTP/1.1" 200 319 "https://hp.himachaltravelguide.in/assets/css/style.css" "Mozilla/5.0 (Linux; Android 10; K) AppleWebKit/537.36 (KHTML, like Gecko) Chrome/122.0.0.0 Mobile Safari/537.36"
152.59.89.151 - - [23/Apr/2024:14:24:39 +0000] "GET /assets/css/lib/fontawesome/css/brands.css HTTP/1.1" 200 4928 "https://hp.himachaltravelguide.in/?gclid=CjwKCAjwuJ2xBhA3EiwAMVjkVOtcuoHyL4ZLYzki8jRjOf3cRyqg5MMEvZ-GHLvT_8O2E-rCi0Q3fxoCqUoQAvD_BwE" "Mozilla/5.0 (Linux; Android 10; K) AppleWebKit/537.36 (KHTML, like Gecko) Chrome/123.0.0.0 Mobile Safari/537.36"
152.59.89.151 - - [23/Apr/2024:14:24:39 +0000] "GET /assets/css/lib/fontawesome/css/solid.css HTTP/1.1" 200 353 "https://hp.himachaltravelguide.in/?gclid=CjwKCAjwuJ2xBhA3EiwAMVjkVOtcuoHyL4ZLYzki8jRjOf3cRyqg5MMEvZ-GHLvT_8O2E-rCi0Q3fxoCqUoQAvD_BwE" "Mozilla/5.0 (Linux; Android 10; K) AppleWebKit/537.36 (KHTML, like Gecko) Chrome/123.0.0.0 Mobile Safari/537.36"
106.221.44.42 - - [23/Apr/2024:14:24:39 +0000] "GET /?gclid=CjwKCAjwuJ2xBhA3EiwAMVjkVHuydxYAVBsyBdgrrlf9GW2FPwIq8_xuOMxMKVApHxzmpJkwKcbgiRoCQngQAvD_BwE HTTP/1.1" 200 11239 "-" "Mozilla/5.0 (Linux; Android 10; K) AppleWebKit/537.36 (KHTML, like Gecko) Chrome/123.0.0.0 Mobile Safari/537.36"
152.59.89.151 - - [23/Apr/2024:14:24:39 +0000] "GET /assets/css/lib/simple-line-icons/css/simple-line-icons.min.css HTTP/1.1" 200 2436 "https://hp.himachaltravelguide.in/?gclid=CjwKCAjwuJ2xBhA3EiwAMVjkVOtcuoHyL4ZLYzki8jRjOf3cRyqg5MMEvZ-GHLvT_8O2E-rCi0Q3fxoCqUoQAvD_BwE" "Mozilla/5.0 (Linux; Android 10; K) AppleWebKit/537.36 (KHTML, like Gecko) Chrome/123.0.0.0 Mobile Safari/537.36"
152.59.89.151 - - [23/Apr/2024:14:24:39 +0000] "GET /assets/css/lib/slick.min.css HTTP/1.1" 200 516 "https://hp.himachaltravelguide.in/?gclid=CjwKCAjwuJ2xBhA3EiwAMVjkVOtcuoHyL4ZLYzki8jRjOf3cRyqg5MMEvZ-GHLvT_8O2E-rCi0Q3fxoCqUoQAvD_BwE" "Mozilla/5.0 (Linux; Android 10; K) AppleWebKit/537.36 (KHTML, like Gecko) Chrome/123.0.0.0 Mobile Safari/537.36"
152.59.89.151 - - [23/Apr/2024:14:24:39 +0000] "GET /assets/css/lib/animate.min.css HTTP/1.1" 200 4148 "https://hp.himachaltravelguide.in/?gclid=CjwKCAjwuJ2xBhA3EiwAMVjkVOtcuoHyL4ZLYzki8jRjOf3cRyqg5MMEvZ-GHLvT_8O2E-rCi0Q3fxoCqUoQAvD_BwE" "Mozilla/5.0 (Linux; Android 10; K) AppleWebKit/537.36 (KHTML, like Gecko) Chrome/123.0.0.0 Mobile Safari/537.36"
74.125.212.141 - - [23/Apr/2024:14:24:39 +0000] "GET /assets/css/sections/fonts.css HTTP/1.1" 200 319 "https://hp.himachaltravelguide.in/assets/css/style.css" "Mozilla/5.0 (Linux; Android 7.0; SM-G930V Build/NRD90M) AppleWebKit/537.36 (KHTML, like Gecko) Chrome/59.0.3071.125 Mobile Safari/537.36 (compatible; Google-Read-Aloud; +https://support.google.com/webmasters/answer/1061943)"
152.59.89.151 - - [23/Apr/2024:14:24:39 +0000] "GET /assets/css/lib/swiper.min.css HTTP/1.1" 200 4593 "https://hp.himachaltravelguide.in/?gclid=CjwKCAjwuJ2xBhA3EiwAMVjkVOtcuoHyL4ZLYzki8jRjOf3cRyqg5MMEvZ-GHLvT_8O2E-rCi0Q3fxoCqUoQAvD_BwE" "Mozilla/5.0 (Linux; Android 10; K) AppleWebKit/537.36 (KHTML, like Gecko) Chrome/123.0.0.0 Mobile Safari/537.36"
106.223.194.222 - - [23/Apr/2024:14:24:39 +0000] "GET /assets/js/lib/jquery-ui.min.js HTTP/1.1" 200 67864 "https://hp.himachaltravelguide.in/?gclid=EAIaIQobChMIu7Gn6cTYhQMV0i97Bx3fIA00EAEYASAAEgLrjfD_BwE" "Mozilla/5.0 (Linux; Android 12; SAMSUNG SM-M127G) AppleWebKit/537.36 (KHTML, like Gecko) SamsungBrowser/21.0 Chrome/110.0.5481.154 Mobile Safari/537.36"
152.59.89.151 - - [23/Apr/2024:14:24:39 +0000] "GET /assets/css/lib/jquery-ui.min.css HTTP/1.1" 200 7629 "https://hp.himachaltravelguide.in/?gclid=CjwKCAjwuJ2xBhA3EiwAMVjkVOtcuoHyL4ZLYzki8jRjOf3cRyqg5MMEvZ-GHLvT_8O2E-rCi0Q3fxoCqUoQAvD_BwE" "Mozilla/5.0 (Linux; Android 10; K) AppleWebKit/537.36 (KHTML, like Gecko) Chrome/123.0.0.0 Mobile Safari/537.36"
106.223.194.222 - - [23/Apr/2024:14:24:39 +0000] "GET /assets/js/lib/jquery.fancybox.min.js HTTP/1.1" 200 19503 "https://hp.himachaltravelguide.in/?gclid=EAIaIQobChMIu7Gn6cTYhQMV0i97Bx3fIA00EAEYASAAEgLrjfD_BwE" "Mozilla/5.0 (Linux; Android 12; SAMSUNG SM-M127G) AppleWebKit/537.36 (KHTML, like Gecko) SamsungBrowser/21.0 Chrome/110.0.5481.154 Mobile Safari/537.36"
1.39.203.70 - - [23/Apr/2024:14:24:39 +0000] "GET /assets/images/icons/intro-3.png HTTP/1.1" 200 2689 "https://hp.himachaltravelguide.in/?gclid=CjwKCAjwuJ2xBhA3EiwAMVjkVJ8qIO8AsEyi1DZyUQC_od8MsNoF3vOIfpWNbkAOr36EDIH2tVSU1xoCIrAQAvD_BwE" "Mozilla/5.0 (Linux; Android 13; 2302EPCC4I) AppleWebKit/537.36 (KHTML, like Gecko) Chrome/104.0.0.0 Mobile Safari/537.36"
74.125.212.140 - - [23/Apr/2024:14:24:39 +0000] "GET /assets/css/sections/global-settings.css HTTP/1.1" 200 1333 "https://hp.himachaltravelguide.in/assets/css/style.css" "Mozilla/5.0 (Linux; Android 7.0; SM-G930V Build/NRD90M) AppleWebKit/537.36 (KHTML, like Gecko) Chrome/59.0.3071.125 Mobile Safari/537.36 (compatible; Google-Read-Aloud; +https://support.google.com/webmasters/answer/1061943)"
152.59.89.151 - - [23/Apr/2024:14:24:39 +0000] "GET /assets/css/lib/jquery.fancybox.min.css HTTP/1.1" 200 3167 "https://hp.himachaltravelguide.in/?gclid=CjwKCAjwuJ2xBhA3EiwAMVjkVOtcuoHyL4ZLYzki8jRjOf3cRyqg5MMEvZ-GHLvT_8O2E-rCi0Q3fxoCqUoQAvD_BwE" "Mozilla/5.0 (Linux; Android 10; K) AppleWebKit/537.36 (KHTML, like Gecko) Chrome/123.0.0.0 Mobile Safari/537.36"
74.125.212.142 - - [23/Apr/2024:14:24:39 +0000] "GET /assets/css/sections/variables.css HTTP/1.1" 200 474 "https://hp.himachaltravelguide.in/assets/css/style.css" "Mozilla/5.0 (Linux; Android 7.0; SM-G930V Build/NRD90M) AppleWebKit/537.36 (KHTML, like Gecko) Chrome/59.0.3071.125 Mobile Safari/537.36 (compatible; Google-Read-Aloud; +https://support.google.com/webmasters/answer/1061943)"
106.223.194.222 - - [23/Apr/2024:14:24:39 +0000] "GET /assets/js/lib/isotope.min.js HTTP/1.1" 200 10201 "https://hp.himachaltravelguide.in/?gclid=EAIaIQobChMIu7Gn6cTYhQMV0i97Bx3fIA00EAEYASAAEgLrjfD_BwE" "Mozilla/5.0 (Linux; Android 12; SAMSUNG SM-M127G) AppleWebKit/537.36 (KHTML, like Gecko) SamsungBrowser/21.0 Chrome/110.0.5481.154 Mobile Safari/537.36"
152.59.89.151 - - [23/Apr/2024:14:24:39 +0000] "GET /assets/css/custom-animate.css HTTP/1.1" 200 1880 "https://hp.himachaltravelguide.in/?gclid=CjwKCAjwuJ2xBhA3EiwAMVjkVOtcuoHyL4ZLYzki8jRjOf3cRyqg5MMEvZ-GHLvT_8O2E-rCi0Q3fxoCqUoQAvD_BwE" "Mozilla/5.0 (Linux; Android 10; K) AppleWebKit/537.36 (KHTML, like Gecko) Chrome/123.0.0.0 Mobile Safari/537.36"
106.223.194.222 - - [23/Apr/2024:14:24:39 +0000] "GET /assets/js/lib/appear.min.js HTTP/1.1" 200 784 "https://hp.himachaltravelguide.in/?gclid=EAIaIQobChMIu7Gn6cTYhQMV0i97Bx3fIA00EAEYASAAEgLrjfD_BwE" "Mozilla/5.0 (Linux; Android 12; SAMSUNG SM-M127G) AppleWebKit/537.36 (KHTML, like Gecko) SamsungBrowser/21.0 Chrome/110.0.5481.154 Mobile Safari/537.36"
152.59.89.151 - - [23/Apr/2024:14:24:39 +0000] "GET /assets/css/style.css HTTP/1.1" 200 23571 "https://hp.himachaltravelguide.in/?gclid=CjwKCAjwuJ2xBhA3EiwAMVjkVOtcuoHyL4ZLYzki8jRjOf3cRyqg5MMEvZ-GHLvT_8O2E-rCi0Q3fxoCqUoQAvD_BwE" "Mozilla/5.0 (Linux; Android 10; K) AppleWebKit/537.36 (KHTML, like Gecko) Chrome/123.0.0.0 Mobile Safari/537.36"
106.223.194.222 - - [23/Apr/2024:14:24:39 +0000] "GET /assets/js/lib/slick.min.js HTTP/1.1" 200 10680 "https://hp.himachaltravelguide.in/?gclid=EAIaIQobChMIu7Gn6cTYhQMV0i97Bx3fIA00EAEYASAAEgLrjfD_BwE" "Mozilla/5.0 (Linux; Android 12; SAMSUNG SM-M127G) AppleWebKit/537.36 (KHTML, like Gecko) SamsungBrowser/21.0 Chrome/110.0.5481.154 Mobile Safari/537.36"
152.59.89.151 - - [23/Apr/2024:14:24:39 +0000] "GET /assets/css/responsive.css HTTP/1.1" 200 3920 "https://hp.himachaltravelguide.in/?gclid=CjwKCAjwuJ2xBhA3EiwAMVjkVOtcuoHyL4ZLYzki8jRjOf3cRyqg5MMEvZ-GHLvT_8O2E-rCi0Q3fxoCqUoQAvD_BwE" "Mozilla/5.0 (Linux; Android 10; K) AppleWebKit/537.36 (KHTML, like Gecko) Chrome/123.0.0.0 Mobile Safari/537.36"
152.59.89.151 - - [23/Apr/2024:14:24:39 +0000] "GET /assets/images/tripperHubpng%201.png HTTP/1.1" 200 18158 "https://hp.himachaltravelguide.in/?gclid=CjwKCAjwuJ2xBhA3EiwAMVjkVOtcuoHyL4ZLYzki8jRjOf3cRyqg5MMEvZ-GHLvT_8O2E-rCi0Q3fxoCqUoQAvD_BwE" "Mozilla/5.0 (Linux; Android 10; K) AppleWebKit/537.36 (KHTML, like Gecko) Chrome/123.0.0.0 Mobile Safari/537.36"
152.59.89.151 - - [23/Apr/2024:14:24:39 +0000] "GET /assets/images/icons/menu-icon.svg HTTP/1.1" 200 305 "https://hp.himachaltravelguide.in/?gclid=CjwKCAjwuJ2xBhA3EiwAMVjkVOtcuoHyL4ZLYzki8jRjOf3cRyqg5MMEvZ-GHLvT_8O2E-rCi0Q3fxoCqUoQAvD_BwE" "Mozilla/5.0 (Linux; Android 10; K) AppleWebKit/537.36 (KHTML, like Gecko) Chrome/123.0.0.0 Mobile Safari/537.36"
1.39.203.70 - - [23/Apr/2024:14:24:39 +0000] "GET /assets/images/background/bg-gradient-15.png HTTP/1.1" 200 35167 "https://hp.himachaltravelguide.in/?gclid=CjwKCAjwuJ2xBhA3EiwAMVjkVJ8qIO8AsEyi1DZyUQC_od8MsNoF3vOIfpWNbkAOr36EDIH2tVSU1xoCIrAQAvD_BwE" "Mozilla/5.0 (Linux; Android 13; 2302EPCC4I) AppleWebKit/537.36 (KHTML, like Gecko) Chrome/104.0.0.0 Mobile Safari/537.36"
106.223.194.222 - - [23/Apr/2024:14:24:39 +0000] "GET /assets/js/lib/wow.min.js HTTP/1.1" 200 2826 "https://hp.himachaltravelguide.in/?gclid=EAIaIQobChMIu7Gn6cTYhQMV0i97Bx3fIA00EAEYASAAEgLrjfD_BwE" "Mozilla/5.0 (Linux; Android 12; SAMSUNG SM-M127G) AppleWebKit/537.36 (KHTML, like Gecko) SamsungBrowser/21.0 Chrome/110.0.5481.154 Mobile Safari/537.36"
106.223.194.222 - - [23/Apr/2024:14:24:39 +0000] "GET /assets/js/lib/swiper.min.js HTTP/1.1" 200 39733 "https://hp.himachaltravelguide.in/?gclid=EAIaIQobChMIu7Gn6cTYhQMV0i97Bx3fIA00EAEYASAAEgLrjfD_BwE" "Mozilla/5.0 (Linux; Android 12; SAMSUNG SM-M127G) AppleWebKit/537.36 (KHTML, like Gecko) SamsungBrowser/21.0 Chrome/110.0.5481.154 Mobile Safari/537.36"
106.223.194.222 - - [23/Apr/2024:14:24:39 +0000] "GET /assets/js/custom-script.js HTTP/1.1" 200 3489 "https://hp.himachaltravelguide.in/?gclid=EAIaIQobChMIu7Gn6cTYhQMV0i97Bx3fIA00EAEYASAAEgLrjfD_BwE" "Mozilla/5.0 (Linux; Android 12; SAMSUNG SM-M127G) AppleWebKit/537.36 (KHTML, like Gecko) SamsungBrowser/21.0 Chrome/110.0.5481.154 Mobile Safari/537.36"
106.223.194.222 - - [23/Apr/2024:14:24:39 +0000] "GET /assets/images/tripperHubpng%201.png HTTP/1.1" 200 18158 "https://hp.himachaltravelguide.in/?gclid=EAIaIQobChMIu7Gn6cTYhQMV0i97Bx3fIA00EAEYASAAEgLrjfD_BwE" "Mozilla/5.0 (Linux; Android 12; SAMSUNG SM-M127G) AppleWebKit/537.36 (KHTML, like Gecko) SamsungBrowser/21.0 Chrome/110.0.5481.154 Mobile Safari/537.36"
106.221.44.42 - - [23/Apr/2024:14:24:39 +0000] "GET /assets/css/lib/bootstrap/bootstrap.min.css HTTP/1.1" 200 31138 "https://hp.himachaltravelguide.in/?gclid=CjwKCAjwuJ2xBhA3EiwAMVjkVHuydxYAVBsyBdgrrlf9GW2FPwIq8_xuOMxMKVApHxzmpJkwKcbgiRoCQngQAvD_BwE" "Mozilla/5.0 (Linux; Android 10; K) AppleWebKit/537.36 (KHTML, like Gecko) Chrome/123.0.0.0 Mobile Safari/537.36"
106.223.194.222 - - [23/Apr/2024:14:24:39 +0000] "GET /assets/images/icons/menu-icon.svg HTTP/1.1" 200 305 "https://hp.himachaltravelguide.in/?gclid=EAIaIQobChMIu7Gn6cTYhQMV0i97Bx3fIA00EAEYASAAEgLrjfD_BwE" "Mozilla/5.0 (Linux; Android 12; SAMSUNG SM-M127G) AppleWebKit/537.36 (KHTML, like Gecko) SamsungBrowser/21.0 Chrome/110.0.5481.154 Mobile Safari/537.36"
106.223.194.222 - - [23/Apr/2024:14:24:39 +0000] "GET /assets/images/elements/white-1.png HTTP/1.1" 200 427 "https://hp.himachaltravelguide.in/?gclid=EAIaIQobChMIu7Gn6cTYhQMV0i97Bx3fIA00EAEYASAAEgLrjfD_BwE" "Mozilla/5.0 (Linux; Android 12; SAMSUNG SM-M127G) AppleWebKit/537.36 (KHTML, like Gecko) SamsungBrowser/21.0 Chrome/110.0.5481.154 Mobile Safari/537.36"
152.59.89.151 - - [23/Apr/2024:14:24:39 +0000] "GET /assets/css/sections/fonts.css HTTP/1.1" 200 319 "https://hp.himachaltravelguide.in/assets/css/style.css" "Mozilla/5.0 (Linux; Android 10; K) AppleWebKit/537.36 (KHTML, like Gecko) Chrome/123.0.0.0 Mobile Safari/537.36"
152.59.89.151 - - [23/Apr/2024:14:24:39 +0000] "GET /assets/css/sections/variables.css HTTP/1.1" 200 474 "https://hp.himachaltravelguide.in/assets/css/style.css" "Mozilla/5.0 (Linux; Android 10; K) AppleWebKit/537.36 (KHTML, like Gecko) Chrome/123.0.0.0 Mobile Safari/537.36"
152.59.89.151 - - [23/Apr/2024:14:24:39 +0000] "GET /assets/css/sections/global-settings.css HTTP/1.1" 200 1333 "https://hp.himachaltravelguide.in/assets/css/style.css" "Mozilla/5.0 (Linux; Android 10; K) AppleWebKit/537.36 (KHTML, like Gecko) Chrome/123.0.0.0 Mobile Safari/537.36"
106.223.194.222 - - [23/Apr/2024:14:24:40 +0000] "GET /assets/images/icons/intro-1.png HTTP/1.1" 200 3503 "https://hp.himachaltravelguide.in/?gclid=EAIaIQobChMIu7Gn6cTYhQMV0i97Bx3fIA00EAEYASAAEgLrjfD_BwE" "Mozilla/5.0 (Linux; Android 12; SAMSUNG SM-M127G) AppleWebKit/537.36 (KHTML, like Gecko) SamsungBrowser/21.0 Chrome/110.0.5481.154 Mobile Safari/537.36"
74.125.212.141 - - [23/Apr/2024:14:24:40 +0000] "GET /assets/js/lib/jquery.fancybox.min.js HTTP/1.1" 200 19503 "https://hp.himachaltravelguide.in/?gclid=EAIaIQobChMIzdCj-sTYhQMVtovYBR2rzAEuEAEYASAAEgLDu_D_BwE" "Mozilla/5.0 (Linux; Android 7.0; SM-G930V Build/NRD90M) AppleWebKit/537.36 (KHTML, like Gecko) Chrome/59.0.3071.125 Mobile Safari/537.36 (compatible; Google-Read-Aloud; +https://support.google.com/webmasters/answer/1061943)"
74.125.212.142 - - [23/Apr/2024:14:24:40 +0000] "GET /assets/fonts/Reey/Reey-Regular.woff HTTP/1.1" 200 79212 "https://hp.himachaltravelguide.in/assets/css/sections/fonts.css" "Mozilla/5.0 (Linux; Android 7.0; SM-G930V Build/NRD90M) AppleWebKit/537.36 (KHTML, like Gecko) Chrome/59.0.3071.125 Mobile Safari/537.36 (compatible; Google-Read-Aloud; +https://support.google.com/webmasters/answer/1061943)"
152.59.86.217 - - [23/Apr/2024:14:24:40 +0000] "GET /?gclid=EAIaIQobChMIl4z69cTYhQMVJIwAAB1pSw8tEAEYASAAEgKzuvD_BwE HTTP/1.1" 200 11239 "-" "Mozilla/5.0 (Linux; Android 10; K) AppleWebKit/537.36 (KHTML, like Gecko) Chrome/114.0.0.0 Mobile Safari/537.36"
74.125.212.140 - - [23/Apr/2024:14:24:40 +0000] "GET /assets/fonts/Gilroy/Gilroy-Bold.woff HTTP/1.1" 200 64096 "https://hp.himachaltravelguide.in/assets/css/sections/fonts.css" "Mozilla/5.0 (Linux; Android 7.0; SM-G930V Build/NRD90M) AppleWebKit/537.36 (KHTML, like Gecko) Chrome/59.0.3071.125 Mobile Safari/537.36 (compatible; Google-Read-Aloud; +https://support.google.com/webmasters/answer/1061943)"
74.125.212.141 - - [23/Apr/2024:14:24:40 +0000] "GET /assets/js/lib/appear.min.js HTTP/1.1" 200 784 "https://hp.himachaltravelguide.in/?gclid=EAIaIQobChMIzdCj-sTYhQMVtovYBR2rzAEuEAEYASAAEgLDu_D_BwE" "Mozilla/5.0 (Linux; Android 7.0; SM-G930V Build/NRD90M) AppleWebKit/537.36 (KHTML, like Gecko) Chrome/59.0.3071.125 Mobile Safari/537.36 (compatible; Google-Read-Aloud; +https://support.google.com/webmasters/answer/1061943)"
74.125.212.142 - - [23/Apr/2024:14:24:40 +0000] "GET /assets/js/lib/wow.min.js HTTP/1.1" 200 2826 "https://hp.himachaltravelguide.in/?gclid=EAIaIQobChMIzdCj-sTYhQMVtovYBR2rzAEuEAEYASAAEgLDu_D_BwE" "Mozilla/5.0 (Linux; Android 7.0; SM-G930V Build/NRD90M) AppleWebKit/537.36 (KHTML, like Gecko) Chrome/59.0.3071.125 Mobile Safari/537.36 (compatible; Google-Read-Aloud; +https://support.google.com/webmasters/answer/1061943)"
74.125.212.140 - - [23/Apr/2024:14:24:40 +0000] "GET /assets/js/custom-script.js HTTP/1.1" 200 3489 "https://hp.himachaltravelguide.in/?gclid=EAIaIQobChMIzdCj-sTYhQMVtovYBR2rzAEuEAEYASAAEgLDu_D_BwE" "Mozilla/5.0 (Linux; Android 7.0; SM-G930V Build/NRD90M) AppleWebKit/537.36 (KHTML, like Gecko) Chrome/59.0.3071.125 Mobile Safari/537.36 (compatible; Google-Read-Aloud; +https://support.google.com/webmasters/answer/1061943)"
74.125.212.141 - - [23/Apr/2024:14:24:40 +0000] "GET /assets/js/lib/slick.min.js HTTP/1.1" 200 10680 "https://hp.himachaltravelguide.in/?gclid=EAIaIQobChMIzdCj-sTYhQMVtovYBR2rzAEuEAEYASAAEgLDu_D_BwE" "Mozilla/5.0 (Linux; Android 7.0; SM-G930V Build/NRD90M) AppleWebKit/537.36 (KHTML, like Gecko) Chrome/59.0.3071.125 Mobile Safari/537.36 (compatible; Google-Read-Aloud; +https://support.google.com/webmasters/answer/1061943)"
152.59.89.151 - - [23/Apr/2024:14:24:40 +0000] "GET /assets/js/lib/jquery.min.js HTTP/1.1" 200 33815 "https://hp.himachaltravelguide.in/?gclid=CjwKCAjwuJ2xBhA3EiwAMVjkVOtcuoHyL4ZLYzki8jRjOf3cRyqg5MMEvZ-GHLvT_8O2E-rCi0Q3fxoCqUoQAvD_BwE" "Mozilla/5.0 (Linux; Android 10; K) AppleWebKit/537.36 (KHTML, like Gecko) Chrome/123.0.0.0 Mobile Safari/537.36"
74.125.212.140 - - [23/Apr/2024:14:24:40 +0000] "GET /assets/js/lib/isotope.min.js HTTP/1.1" 200 10201 "https://hp.himachaltravelguide.in/?gclid=EAIaIQobChMIzdCj-sTYhQMVtovYBR2rzAEuEAEYASAAEgLDu_D_BwE" "Mozilla/5.0 (Linux; Android 7.0; SM-G930V Build/NRD90M) AppleWebKit/537.36 (KHTML, like Gecko) Chrome/59.0.3071.125 Mobile Safari/537.36 (compatible; Google-Read-Aloud; +https://support.google.com/webmasters/answer/1061943)"
106.211.54.142 - - [23/Apr/2024:14:24:40 +0000] "GET /assets/images/icons/f-icon-9.png HTTP/1.1" 200 3121 "https://hp.himachaltravelguide.in/?gclid=EAIaIQobChMIzdCj-sTYhQMVtovYBR2rzAEuEAEYASAAEgLDu_D_BwE" "Mozilla/5.0 (Linux; Android 12; Infinix X6516 Build/SP1A.210812.001) AppleWebKit/537.36 (KHTML, like Gecko) Chrome/123.0.6312.118 Mobile Safari/537.36"
152.59.89.151 - - [23/Apr/2024:14:24:40 +0000] "GET /assets/js/lib/popper.min.js HTTP/1.1" 200 7519 "https://hp.himachaltravelguide.in/?gclid=CjwKCAjwuJ2xBhA3EiwAMVjkVOtcuoHyL4ZLYzki8jRjOf3cRyqg5MMEvZ-GHLvT_8O2E-rCi0Q3fxoCqUoQAvD_BwE" "Mozilla/5.0 (Linux; Android 10; K) AppleWebKit/537.36 (KHTML, like Gecko) Chrome/123.0.0.0 Mobile Safari/537.36"
1.39.203.70 - - [23/Apr/2024:14:24:40 +0000] "GET /assets/images/background/bg-gradient-16.png HTTP/1.1" 200 16672 "https://hp.himachaltravelguide.in/?gclid=CjwKCAjwuJ2xBhA3EiwAMVjkVJ8qIO8AsEyi1DZyUQC_od8MsNoF3vOIfpWNbkAOr36EDIH2tVSU1xoCIrAQAvD_BwE" "Mozilla/5.0 (Linux; Android 13; 2302EPCC4I) AppleWebKit/537.36 (KHTML, like Gecko) Chrome/104.0.0.0 Mobile Safari/537.36"
152.59.89.151 - - [23/Apr/2024:14:24:40 +0000] "GET /assets/js/lib/bootstrap/bootstrap.min.js HTTP/1.1" 200 16560 "https://hp.himachaltravelguide.in/?gclid=CjwKCAjwuJ2xBhA3EiwAMVjkVOtcuoHyL4ZLYzki8jRjOf3cRyqg5MMEvZ-GHLvT_8O2E-rCi0Q3fxoCqUoQAvD_BwE" "Mozilla/5.0 (Linux; Android 10; K) AppleWebKit/537.36 (KHTML, like Gecko) Chrome/123.0.0.0 Mobile Safari/537.36"
152.59.89.151 - - [23/Apr/2024:14:24:40 +0000] "GET /assets/js/lib/isotope.min.js HTTP/1.1" 200 10201 "https://hp.himachaltravelguide.in/?gclid=CjwKCAjwuJ2xBhA3EiwAMVjkVOtcuoHyL4ZLYzki8jRjOf3cRyqg5MMEvZ-GHLvT_8O2E-rCi0Q3fxoCqUoQAvD_BwE" "Mozilla/5.0 (Linux; Android 10; K) AppleWebKit/537.36 (KHTML, like Gecko) Chrome/123.0.0.0 Mobile Safari/537.36"
152.59.89.151 - - [23/Apr/2024:14:24:40 +0000] "GET /assets/js/lib/jquery.fancybox.min.js HTTP/1.1" 200 19503 "https://hp.himachaltravelguide.in/?gclid=CjwKCAjwuJ2xBhA3EiwAMVjkVOtcuoHyL4ZLYzki8jRjOf3cRyqg5MMEvZ-GHLvT_8O2E-rCi0Q3fxoCqUoQAvD_BwE" "Mozilla/5.0 (Linux; Android 10; K) AppleWebKit/537.36 (KHTML, like Gecko) Chrome/123.0.0.0 Mobile Safari/537.36"
152.59.89.151 - - [23/Apr/2024:14:24:40 +0000] "GET /assets/js/lib/jquery-ui.min.js HTTP/1.1" 200 67864 "https://hp.himachaltravelguide.in/?gclid=CjwKCAjwuJ2xBhA3EiwAMVjkVOtcuoHyL4ZLYzki8jRjOf3cRyqg5MMEvZ-GHLvT_8O2E-rCi0Q3fxoCqUoQAvD_BwE" "Mozilla/5.0 (Linux; Android 10; K) AppleWebKit/537.36 (KHTML, like Gecko) Chrome/123.0.0.0 Mobile Safari/537.36"
152.59.86.217 - - [23/Apr/2024:14:24:40 +0000] "GET /assets/css/lib/bootstrap/bootstrap.min.css HTTP/1.1" 200 31138 "https://hp.himachaltravelguide.in/?gclid=EAIaIQobChMIl4z69cTYhQMVJIwAAB1pSw8tEAEYASAAEgKzuvD_BwE" "Mozilla/5.0 (Linux; Android 10; K) AppleWebKit/537.36 (KHTML, like Gecko) Chrome/114.0.0.0 Mobile Safari/537.36"
106.223.194.222 - - [23/Apr/2024:14:24:40 +0000] "GET /assets/images/icons/intro-2.png HTTP/1.1" 200 2577 "https://hp.himachaltravelguide.in/?gclid=EAIaIQobChMIu7Gn6cTYhQMV0i97Bx3fIA00EAEYASAAEgLrjfD_BwE" "Mozilla/5.0 (Linux; Android 12; SAMSUNG SM-M127G) AppleWebKit/537.36 (KHTML, like Gecko) SamsungBrowser/21.0 Chrome/110.0.5481.154 Mobile Safari/537.36"
106.211.54.142 - - [23/Apr/2024:14:24:40 +0000] "GET /assets/images/elements/yellow-4.png HTTP/1.1" 200 646 "https://hp.himachaltravelguide.in/?gclid=EAIaIQobChMIzdCj-sTYhQMVtovYBR2rzAEuEAEYASAAEgLDu_D_BwE" "Mozilla/5.0 (Linux; Android 12; Infinix X6516 Build/SP1A.210812.001) AppleWebKit/537.36 (KHTML, like Gecko) Chrome/123.0.6312.118 Mobile Safari/537.36"
152.59.86.217 - - [23/Apr/2024:14:24:40 +0000] "GET /assets/css/lib/fontawesome/css/fontawesome.min.css HTTP/1.1" 200 17422 "https://hp.himachaltravelguide.in/?gclid=EAIaIQobChMIl4z69cTYhQMVJIwAAB1pSw8tEAEYASAAEgKzuvD_BwE" "Mozilla/5.0 (Linux; Android 10; K) AppleWebKit/537.36 (KHTML, like Gecko) Chrome/114.0.0.0 Mobile Safari/537.36"
106.223.194.222 - - [23/Apr/2024:14:24:40 +0000] "GET /assets/images/icons/intro-3.png HTTP/1.1" 200 2689 "https://hp.himachaltravelguide.in/?gclid=EAIaIQobChMIu7Gn6cTYhQMV0i97Bx3fIA00EAEYASAAEgLrjfD_BwE" "Mozilla/5.0 (Linux; Android 12; SAMSUNG SM-M127G) AppleWebKit/537.36 (KHTML, like Gecko) SamsungBrowser/21.0 Chrome/110.0.5481.154 Mobile Safari/537.36"
106.223.194.222 - - [23/Apr/2024:14:24:40 +0000] "GET /assets/images/elements/purple-2.png HTTP/1.1" 200 602 "https://hp.himachaltravelguide.in/?gclid=EAIaIQobChMIu7Gn6cTYhQMV0i97Bx3fIA00EAEYASAAEgLrjfD_BwE" "Mozilla/5.0 (Linux; Android 12; SAMSUNG SM-M127G) AppleWebKit/537.36 (KHTML, like Gecko) SamsungBrowser/21.0 Chrome/110.0.5481.154 Mobile Safari/537.36"
223.187.14.67 - - [23/Apr/2024:14:24:40 +0000] "GET /assets/images/resources/misc/man-orange-bag.png HTTP/1.1" 200 114524 "https://hp.himachaltravelguide.in/?gclid=EAIaIQobChMIr5fX9sTYhQMVSppLBR06qg_8EAEYASAAEgJlJfD_BwE" "Mozilla/5.0 (Linux; Android 12; Infinix X677 Build/SP1A.210812.016) AppleWebKit/537.36 (KHTML, like Gecko) Version/4.0 Chrome/123.0.6312.118 Mobile Safari/537.36"
106.223.194.222 - - [23/Apr/2024:14:24:40 +0000] "GET /assets/images/background/bg-gradient-19.png HTTP/1.1" 200 16111 "https://hp.himachaltravelguide.in/?gclid=EAIaIQobChMIu7Gn6cTYhQMV0i97Bx3fIA00EAEYASAAEgLrjfD_BwE" "Mozilla/5.0 (Linux; Android 12; SAMSUNG SM-M127G) AppleWebKit/537.36 (KHTML, like Gecko) SamsungBrowser/21.0 Chrome/110.0.5481.154 Mobile Safari/537.36"
106.223.194.222 - - [23/Apr/2024:14:24:40 +0000] "GET /assets/images/background/bg-gradient-16.png HTTP/1.1" 200 16672 "https://hp.himachaltravelguide.in/?gclid=EAIaIQobChMIu7Gn6cTYhQMV0i97Bx3fIA00EAEYASAAEgLrjfD_BwE" "Mozilla/5.0 (Linux; Android 12; SAMSUNG SM-M127G) AppleWebKit/537.36 (KHTML, like Gecko) SamsungBrowser/21.0 Chrome/110.0.5481.154 Mobile Safari/537.36"
152.59.89.151 - - [23/Apr/2024:14:24:40 +0000] "GET /assets/js/lib/slick.min.js HTTP/1.1" 200 10680 "https://hp.himachaltravelguide.in/?gclid=CjwKCAjwuJ2xBhA3EiwAMVjkVOtcuoHyL4ZLYzki8jRjOf3cRyqg5MMEvZ-GHLvT_8O2E-rCi0Q3fxoCqUoQAvD_BwE" "Mozilla/5.0 (Linux; Android 10; K) AppleWebKit/537.36 (KHTML, like Gecko) Chrome/123.0.0.0 Mobile Safari/537.36"
74.125.212.141 - - [23/Apr/2024:14:24:40 +0000] "GET /assets/js/lib/jquery-ui.min.js HTTP/1.1" 200 67864 "https://hp.himachaltravelguide.in/?gclid=EAIaIQobChMIzdCj-sTYhQMVtovYBR2rzAEuEAEYASAAEgLDu_D_BwE" "Mozilla/5.0 (Linux; Android 7.0; SM-G930V Build/NRD90M) AppleWebKit/537.36 (KHTML, like Gecko) Chrome/59.0.3071.125 Mobile Safari/537.36 (compatible; Google-Read-Aloud; +https://support.google.com/webmasters/answer/1061943)"
157.38.128.108 - - [23/Apr/2024:14:24:40 +0000] "GET /assets/fonts/Gilroy/Gilroy-Bold.woff HTTP/1.1" 200 64096 "https://hp.himachaltravelguide.in/assets/css/sections/fonts.css" "Mozilla/5.0 (Linux; U; Android 12; en-in; CPH2385 Build/SP1A.210812.016) AppleWebKit/537.36 (KHTML, like Gecko) Chrome/91.0.4472.88 Mobile Safari/537.36 HeyTapBrowser/45.8.4.9"
152.59.89.151 - - [23/Apr/2024:14:24:40 +0000] "GET /assets/fonts/Gilroy/Gilroy-Bold.woff HTTP/1.1" 200 64096 "https://hp.himachaltravelguide.in/assets/css/sections/fonts.css" "Mozilla/5.0 (Linux; Android 10; K) AppleWebKit/537.36 (KHTML, like Gecko) Chrome/123.0.0.0 Mobile Safari/537.36"
106.223.194.222 - - [23/Apr/2024:14:24:40 +0000] "GET /assets/images/background/bg-gradient-20.png HTTP/1.1" 200 26296 "https://hp.himachaltravelguide.in/?gclid=EAIaIQobChMIu7Gn6cTYhQMV0i97Bx3fIA00EAEYASAAEgLrjfD_BwE" "Mozilla/5.0 (Linux; Android 12; SAMSUNG SM-M127G) AppleWebKit/537.36 (KHTML, like Gecko) SamsungBrowser/21.0 Chrome/110.0.5481.154 Mobile Safari/537.36"
152.59.86.217 - - [23/Apr/2024:14:24:40 +0000] "GET /assets/css/lib/fontawesome/css/brands.css HTTP/1.1" 200 4928 "https://hp.himachaltravelguide.in/?gclid=EAIaIQobChMIl4z69cTYhQMVJIwAAB1pSw8tEAEYASAAEgKzuvD_BwE" "Mozilla/5.0 (Linux; Android 10; K) AppleWebKit/537.36 (KHTML, like Gecko) Chrome/114.0.0.0 Mobile Safari/537.36"
106.223.194.222 - - [23/Apr/2024:14:24:40 +0000] "GET /assets/images/background/bg-gradient-15.png HTTP/1.1" 200 35167 "https://hp.himachaltravelguide.in/?gclid=EAIaIQobChMIu7Gn6cTYhQMV0i97Bx3fIA00EAEYASAAEgLrjfD_BwE" "Mozilla/5.0 (Linux; Android 12; SAMSUNG SM-M127G) AppleWebKit/537.36 (KHTML, like Gecko) SamsungBrowser/21.0 Chrome/110.0.5481.154 Mobile Safari/537.36"
152.59.89.151 - - [23/Apr/2024:14:24:40 +0000] "GET /assets/fonts/Reey/Reey-Regular.woff HTTP/1.1" 200 79212 "https://hp.himachaltravelguide.in/assets/css/sections/fonts.css" "Mozilla/5.0 (Linux; Android 10; K) AppleWebKit/537.36 (KHTML, like Gecko) Chrome/123.0.0.0 Mobile Safari/537.36"
157.38.128.108 - - [23/Apr/2024:14:24:40 +0000] "GET /assets/fonts/Reey/Reey-Regular.woff HTTP/1.1" 200 79212 "https://hp.himachaltravelguide.in/assets/css/sections/fonts.css" "Mozilla/5.0 (Linux; U; Android 12; en-in; CPH2385 Build/SP1A.210812.016) AppleWebKit/537.36 (KHTML, like Gecko) Chrome/91.0.4472.88 Mobile Safari/537.36 HeyTapBrowser/45.8.4.9"
106.223.194.222 - - [23/Apr/2024:14:24:40 +0000] "GET /assets/images/elements/purple-3.png HTTP/1.1" 200 652 "https://hp.himachaltravelguide.in/?gclid=EAIaIQobChMIu7Gn6cTYhQMV0i97Bx3fIA00EAEYASAAEgLrjfD_BwE" "Mozilla/5.0 (Linux; Android 12; SAMSUNG SM-M127G) AppleWebKit/537.36 (KHTML, like Gecko) SamsungBrowser/21.0 Chrome/110.0.5481.154 Mobile Safari/537.36"
152.59.86.217 - - [23/Apr/2024:14:24:40 +0000] "GET /assets/css/lib/simple-line-icons/css/simple-line-icons.min.css HTTP/1.1" 200 2436 "https://hp.himachaltravelguide.in/?gclid=EAIaIQobChMIl4z69cTYhQMVJIwAAB1pSw8tEAEYASAAEgKzuvD_BwE" "Mozilla/5.0 (Linux; Android 10; K) AppleWebKit/537.36 (KHTML, like Gecko) Chrome/114.0.0.0 Mobile Safari/537.36"
152.59.86.217 - - [23/Apr/2024:14:24:40 +0000] "GET /assets/css/lib/fontawesome/css/solid.css HTTP/1.1" 200 353 "https://hp.himachaltravelguide.in/?gclid=EAIaIQobChMIl4z69cTYhQMVJIwAAB1pSw8tEAEYASAAEgKzuvD_BwE" "Mozilla/5.0 (Linux; Android 10; K) AppleWebKit/537.36 (KHTML, like Gecko) Chrome/114.0.0.0 Mobile Safari/537.36"
106.223.194.222 - - [23/Apr/2024:14:24:40 +0000] "GET /assets/images/icons/f-icon-7.png HTTP/1.1" 200 3114 "https://hp.himachaltravelguide.in/?gclid=EAIaIQobChMIu7Gn6cTYhQMV0i97Bx3fIA00EAEYASAAEgLrjfD_BwE" "Mozilla/5.0 (Linux; Android 12; SAMSUNG SM-M127G) AppleWebKit/537.36 (KHTML, like Gecko) SamsungBrowser/21.0 Chrome/110.0.5481.154 Mobile Safari/537.36"
74.125.212.140 - - [23/Apr/2024:14:24:40 +0000] "GET /assets/js/lib/swiper.min.js HTTP/1.1" 200 39733 "https://hp.himachaltravelguide.in/?gclid=EAIaIQobChMIzdCj-sTYhQMVtovYBR2rzAEuEAEYASAAEgLDu_D_BwE" "Mozilla/5.0 (Linux; Android 7.0; SM-G930V Build/NRD90M) AppleWebKit/537.36 (KHTML, like Gecko) Chrome/59.0.3071.125 Mobile Safari/537.36 (compatible; Google-Read-Aloud; +https://support.google.com/webmasters/answer/1061943)"
152.59.86.217 - - [23/Apr/2024:14:24:40 +0000] "GET /assets/css/lib/animate.min.css HTTP/1.1" 200 4148 "https://hp.himachaltravelguide.in/?gclid=EAIaIQobChMIl4z69cTYhQMVJIwAAB1pSw8tEAEYASAAEgKzuvD_BwE" "Mozilla/5.0 (Linux; Android 10; K) AppleWebKit/537.36 (KHTML, like Gecko) Chrome/114.0.0.0 Mobile Safari/537.36"
106.223.194.222 - - [23/Apr/2024:14:24:40 +0000] "GET /assets/images/icons/f-icon-8.png HTTP/1.1" 200 3297 "https://hp.himachaltravelguide.in/?gclid=EAIaIQobChMIu7Gn6cTYhQMV0i97Bx3fIA00EAEYASAAEgLrjfD_BwE" "Mozilla/5.0 (Linux; Android 12; SAMSUNG SM-M127G) AppleWebKit/537.36 (KHTML, like Gecko) SamsungBrowser/21.0 Chrome/110.0.5481.154 Mobile Safari/537.36"
152.59.86.217 - - [23/Apr/2024:14:24:40 +0000] "GET /assets/css/lib/slick.min.css HTTP/1.1" 200 516 "https://hp.himachaltravelguide.in/?gclid=EAIaIQobChMIl4z69cTYhQMVJIwAAB1pSw8tEAEYASAAEgKzuvD_BwE" "Mozilla/5.0 (Linux; Android 10; K) AppleWebKit/537.36 (KHTML, like Gecko) Chrome/114.0.0.0 Mobile Safari/537.36"
106.223.194.222 - - [23/Apr/2024:14:24:40 +0000] "GET /assets/images/icons/f-icon-9.png HTTP/1.1" 200 3121 "https://hp.himachaltravelguide.in/?gclid=EAIaIQobChMIu7Gn6cTYhQMV0i97Bx3fIA00EAEYASAAEgLrjfD_BwE" "Mozilla/5.0 (Linux; Android 12; SAMSUNG SM-M127G) AppleWebKit/537.36 (KHTML, like Gecko) SamsungBrowser/21.0 Chrome/110.0.5481.154 Mobile Safari/537.36"
152.59.89.151 - - [23/Apr/2024:14:24:40 +0000] "GET /assets/js/lib/appear.min.js HTTP/1.1" 200 784 "https://hp.himachaltravelguide.in/?gclid=CjwKCAjwuJ2xBhA3EiwAMVjkVOtcuoHyL4ZLYzki8jRjOf3cRyqg5MMEvZ-GHLvT_8O2E-rCi0Q3fxoCqUoQAvD_BwE" "Mozilla/5.0 (Linux; Android 10; K) AppleWebKit/537.36 (KHTML, like Gecko) Chrome/123.0.0.0 Mobile Safari/537.36"
152.59.86.217 - - [23/Apr/2024:14:24:40 +0000] "GET /assets/css/lib/swiper.min.css HTTP/1.1" 200 4593 "https://hp.himachaltravelguide.in/?gclid=EAIaIQobChMIl4z69cTYhQMVJIwAAB1pSw8tEAEYASAAEgKzuvD_BwE" "Mozilla/5.0 (Linux; Android 10; K) AppleWebKit/537.36 (KHTML, like Gecko) Chrome/114.0.0.0 Mobile Safari/537.36"
1.39.203.70 - - [23/Apr/2024:14:24:40 +0000] "GET /assets/images/elements/purple-2.png HTTP/1.1" 200 602 "https://hp.himachaltravelguide.in/?gclid=CjwKCAjwuJ2xBhA3EiwAMVjkVJ8qIO8AsEyi1DZyUQC_od8MsNoF3vOIfpWNbkAOr36EDIH2tVSU1xoCIrAQAvD_BwE" "Mozilla/5.0 (Linux; Android 13; 2302EPCC4I) AppleWebKit/537.36 (KHTML, like Gecko) Chrome/104.0.0.0 Mobile Safari/537.36"
152.59.89.151 - - [23/Apr/2024:14:24:40 +0000] "GET /assets/js/lib/wow.min.js HTTP/1.1" 200 2826 "https://hp.himachaltravelguide.in/?gclid=CjwKCAjwuJ2xBhA3EiwAMVjkVOtcuoHyL4ZLYzki8jRjOf3cRyqg5MMEvZ-GHLvT_8O2E-rCi0Q3fxoCqUoQAvD_BwE" "Mozilla/5.0 (Linux; Android 10; K) AppleWebKit/537.36 (KHTML, like Gecko) Chrome/123.0.0.0 Mobile Safari/537.36"
152.59.86.217 - - [23/Apr/2024:14:24:40 +0000] "GET /assets/css/lib/jquery-ui.min.css HTTP/1.1" 200 7629 "https://hp.himachaltravelguide.in/?gclid=EAIaIQobChMIl4z69cTYhQMVJIwAAB1pSw8tEAEYASAAEgKzuvD_BwE" "Mozilla/5.0 (Linux; Android 10; K) AppleWebKit/537.36 (KHTML, like Gecko) Chrome/114.0.0.0 Mobile Safari/537.36"
152.59.89.151 - - [23/Apr/2024:14:24:40 +0000] "GET /assets/js/custom-script.js HTTP/1.1" 200 3489 "https://hp.himachaltravelguide.in/?gclid=CjwKCAjwuJ2xBhA3EiwAMVjkVOtcuoHyL4ZLYzki8jRjOf3cRyqg5MMEvZ-GHLvT_8O2E-rCi0Q3fxoCqUoQAvD_BwE" "Mozilla/5.0 (Linux; Android 10; K) AppleWebKit/537.36 (KHTML, like Gecko) Chrome/123.0.0.0 Mobile Safari/537.36"
152.59.89.151 - - [23/Apr/2024:14:24:40 +0000] "GET /assets/js/lib/swiper.min.js HTTP/1.1" 200 39733 "https://hp.himachaltravelguide.in/?gclid=CjwKCAjwuJ2xBhA3EiwAMVjkVOtcuoHyL4ZLYzki8jRjOf3cRyqg5MMEvZ-GHLvT_8O2E-rCi0Q3fxoCqUoQAvD_BwE" "Mozilla/5.0 (Linux; Android 10; K) AppleWebKit/537.36 (KHTML, like Gecko) Chrome/123.0.0.0 Mobile Safari/537.36"
106.223.194.222 - - [23/Apr/2024:14:24:40 +0000] "GET /assets/images/elements/yellow-4.png HTTP/1.1" 200 646 "https://hp.himachaltravelguide.in/?gclid=EAIaIQobChMIu7Gn6cTYhQMV0i97Bx3fIA00EAEYASAAEgLrjfD_BwE" "Mozilla/5.0 (Linux; Android 12; SAMSUNG SM-M127G) AppleWebKit/537.36 (KHTML, like Gecko) SamsungBrowser/21.0 Chrome/110.0.5481.154 Mobile Safari/537.36"
152.59.89.151 - - [23/Apr/2024:14:24:40 +0000] "GET /assets/images/elements/white-1.png HTTP/1.1" 200 427 "https://hp.himachaltravelguide.in/?gclid=CjwKCAjwuJ2xBhA3EiwAMVjkVOtcuoHyL4ZLYzki8jRjOf3cRyqg5MMEvZ-GHLvT_8O2E-rCi0Q3fxoCqUoQAvD_BwE" "Mozilla/5.0 (Linux; Android 10; K) AppleWebKit/537.36 (KHTML, like Gecko) Chrome/123.0.0.0 Mobile Safari/537.36"
106.211.54.142 - - [23/Apr/2024:14:24:40 +0000] "GET /assets/images/resources/thumbnails/testi-1.jpg HTTP/1.1" 200 8918 "https://hp.himachaltravelguide.in/?gclid=EAIaIQobChMIzdCj-sTYhQMVtovYBR2rzAEuEAEYASAAEgLDu_D_BwE" "Mozilla/5.0 (Linux; Android 12; Infinix X6516 Build/SP1A.210812.001) AppleWebKit/537.36 (KHTML, like Gecko) Chrome/123.0.6312.118 Mobile Safari/537.36"
106.221.44.42 - - [23/Apr/2024:14:24:40 +0000] "GET /assets/css/lib/fontawesome/css/fontawesome.min.css HTTP/1.1" 200 17422 "https://hp.himachaltravelguide.in/?gclid=CjwKCAjwuJ2xBhA3EiwAMVjkVHuydxYAVBsyBdgrrlf9GW2FPwIq8_xuOMxMKVApHxzmpJkwKcbgiRoCQngQAvD_BwE" "Mozilla/5.0 (Linux; Android 10; K) AppleWebKit/537.36 (KHTML, like Gecko) Chrome/123.0.0.0 Mobile Safari/537.36"
106.211.54.142 - - [23/Apr/2024:14:24:40 +0000] "GET /assets/images/resources/thumbnails/testi-3.jpg HTTP/1.1" 200 9438 "https://hp.himachaltravelguide.in/?gclid=EAIaIQobChMIzdCj-sTYhQMVtovYBR2rzAEuEAEYASAAEgLDu_D_BwE" "Mozilla/5.0 (Linux; Android 12; Infinix X6516 Build/SP1A.210812.001) AppleWebKit/537.36 (KHTML, like Gecko) Chrome/123.0.6312.118 Mobile Safari/537.36"
106.223.194.222 - - [23/Apr/2024:14:24:40 +0000] "GET /assets/images/resources/thumbnails/testi-1.jpg HTTP/1.1" 200 8918 "https://hp.himachaltravelguide.in/?gclid=EAIaIQobChMIu7Gn6cTYhQMV0i97Bx3fIA00EAEYASAAEgLrjfD_BwE" "Mozilla/5.0 (Linux; Android 12; SAMSUNG SM-M127G) AppleWebKit/537.36 (KHTML, like Gecko) SamsungBrowser/21.0 Chrome/110.0.5481.154 Mobile Safari/537.36"
152.59.89.151 - - [23/Apr/2024:14:24:40 +0000] "GET /assets/images/icons/intro-1.png HTTP/1.1" 200 3503 "https://hp.himachaltravelguide.in/?gclid=CjwKCAjwuJ2xBhA3EiwAMVjkVOtcuoHyL4ZLYzki8jRjOf3cRyqg5MMEvZ-GHLvT_8O2E-rCi0Q3fxoCqUoQAvD_BwE" "Mozilla/5.0 (Linux; Android 10; K) AppleWebKit/537.36 (KHTML, like Gecko) Chrome/123.0.0.0 Mobile Safari/537.36"
106.211.54.142 - - [23/Apr/2024:14:24:40 +0000] "GET /assets/images/resources/thumbnails/testi-2.jpg HTTP/1.1" 200 8319 "https://hp.himachaltravelguide.in/?gclid=EAIaIQobChMIzdCj-sTYhQMVtovYBR2rzAEuEAEYASAAEgLDu_D_BwE" "Mozilla/5.0 (Linux; Android 12; Infinix X6516 Build/SP1A.210812.001) AppleWebKit/537.36 (KHTML, like Gecko) Chrome/123.0.6312.118 Mobile Safari/537.36"
152.59.86.217 - - [23/Apr/2024:14:24:40 +0000] "GET /assets/css/lib/jquery.fancybox.min.css HTTP/1.1" 200 3167 "https://hp.himachaltravelguide.in/?gclid=EAIaIQobChMIl4z69cTYhQMVJIwAAB1pSw8tEAEYASAAEgKzuvD_BwE" "Mozilla/5.0 (Linux; Android 10; K) AppleWebKit/537.36 (KHTML, like Gecko) Chrome/114.0.0.0 Mobile Safari/537.36"
152.59.86.217 - - [23/Apr/2024:14:24:40 +0000] "GET /assets/css/custom-animate.css HTTP/1.1" 200 1880 "https://hp.himachaltravelguide.in/?gclid=EAIaIQobChMIl4z69cTYhQMVJIwAAB1pSw8tEAEYASAAEgKzuvD_BwE" "Mozilla/5.0 (Linux; Android 10; K) AppleWebKit/537.36 (KHTML, like Gecko) Chrome/114.0.0.0 Mobile Safari/537.36"
152.59.86.217 - - [23/Apr/2024:14:24:40 +0000] "GET /assets/css/style.css HTTP/1.1" 200 23571 "https://hp.himachaltravelguide.in/?gclid=EAIaIQobChMIl4z69cTYhQMVJIwAAB1pSw8tEAEYASAAEgKzuvD_BwE" "Mozilla/5.0 (Linux; Android 10; K) AppleWebKit/537.36 (KHTML, like Gecko) Chrome/114.0.0.0 Mobile Safari/537.36"
106.221.44.42 - - [23/Apr/2024:14:24:40 +0000] "GET /assets/css/lib/fontawesome/css/brands.css HTTP/1.1" 200 4928 "https://hp.himachaltravelguide.in/?gclid=CjwKCAjwuJ2xBhA3EiwAMVjkVHuydxYAVBsyBdgrrlf9GW2FPwIq8_xuOMxMKVApHxzmpJkwKcbgiRoCQngQAvD_BwE" "Mozilla/5.0 (Linux; Android 10; K) AppleWebKit/537.36 (KHTML, like Gecko) Chrome/123.0.0.0 Mobile Safari/537.36"
152.59.86.217 - - [23/Apr/2024:14:24:40 +0000] "GET /assets/css/responsive.css HTTP/1.1" 200 3920 "https://hp.himachaltravelguide.in/?gclid=EAIaIQobChMIl4z69cTYhQMVJIwAAB1pSw8tEAEYASAAEgKzuvD_BwE" "Mozilla/5.0 (Linux; Android 10; K) AppleWebKit/537.36 (KHTML, like Gecko) Chrome/114.0.0.0 Mobile Safari/537.36"
152.59.89.151 - - [23/Apr/2024:14:24:40 +0000] "GET /assets/images/icons/intro-2.png HTTP/1.1" 200 2577 "https://hp.himachaltravelguide.in/?gclid=CjwKCAjwuJ2xBhA3EiwAMVjkVOtcuoHyL4ZLYzki8jRjOf3cRyqg5MMEvZ-GHLvT_8O2E-rCi0Q3fxoCqUoQAvD_BwE" "Mozilla/5.0 (Linux; Android 10; K) AppleWebKit/537.36 (KHTML, like Gecko) Chrome/123.0.0.0 Mobile Safari/537.36"
47.15.40.225 - - [23/Apr/2024:14:24:40 +0000] "GET /assets/images/elements/white-1.png HTTP/1.1" 200 427 "https://hp.himachaltravelguide.in/?gclid=EAIaIQobChMI2e_M88TYhQMVFML9BR3ygQyTEAEYASAAEgIqIvD_BwE" "Mozilla/5.0 (Linux; Android 9; vivo 1723 Build/PKQ1.190118.001; wv) AppleWebKit/537.36 (KHTML, like Gecko) Version/4.0 Chrome/87.0.4280.141 Mobile Safari/537.36 VivoBrowser/12.0.2.0"
152.59.89.151 - - [23/Apr/2024:14:24:40 +0000] "GET /assets/images/icons/intro-3.png HTTP/1.1" 200 2689 "https://hp.himachaltravelguide.in/?gclid=CjwKCAjwuJ2xBhA3EiwAMVjkVOtcuoHyL4ZLYzki8jRjOf3cRyqg5MMEvZ-GHLvT_8O2E-rCi0Q3fxoCqUoQAvD_BwE" "Mozilla/5.0 (Linux; Android 10; K) AppleWebKit/537.36 (KHTML, like Gecko) Chrome/123.0.0.0 Mobile Safari/537.36"
152.59.89.151 - - [23/Apr/2024:14:24:40 +0000] "GET /assets/images/background/bg-gradient-15.png HTTP/1.1" 200 35167 "https://hp.himachaltravelguide.in/?gclid=CjwKCAjwuJ2xBhA3EiwAMVjkVOtcuoHyL4ZLYzki8jRjOf3cRyqg5MMEvZ-GHLvT_8O2E-rCi0Q3fxoCqUoQAvD_BwE" "Mozilla/5.0 (Linux; Android 10; K) AppleWebKit/537.36 (KHTML, like Gecko) Chrome/123.0.0.0 Mobile Safari/537.36"
152.59.89.151 - - [23/Apr/2024:14:24:40 +0000] "GET /assets/images/background/bg-gradient-16.png HTTP/1.1" 200 16672 "https://hp.himachaltravelguide.in/?gclid=CjwKCAjwuJ2xBhA3EiwAMVjkVOtcuoHyL4ZLYzki8jRjOf3cRyqg5MMEvZ-GHLvT_8O2E-rCi0Q3fxoCqUoQAvD_BwE" "Mozilla/5.0 (Linux; Android 10; K) AppleWebKit/537.36 (KHTML, like Gecko) Chrome/123.0.0.0 Mobile Safari/537.36"
152.59.89.151 - - [23/Apr/2024:14:24:40 +0000] "GET /assets/images/elements/purple-2.png HTTP/1.1" 200 602 "https://hp.himachaltravelguide.in/?gclid=CjwKCAjwuJ2xBhA3EiwAMVjkVOtcuoHyL4ZLYzki8jRjOf3cRyqg5MMEvZ-GHLvT_8O2E-rCi0Q3fxoCqUoQAvD_BwE" "Mozilla/5.0 (Linux; Android 10; K) AppleWebKit/537.36 (KHTML, like Gecko) Chrome/123.0.0.0 Mobile Safari/537.36"
106.221.44.42 - - [23/Apr/2024:14:24:40 +0000] "GET /assets/css/lib/fontawesome/css/solid.css HTTP/1.1" 200 353 "https://hp.himachaltravelguide.in/?gclid=CjwKCAjwuJ2xBhA3EiwAMVjkVHuydxYAVBsyBdgrrlf9GW2FPwIq8_xuOMxMKVApHxzmpJkwKcbgiRoCQngQAvD_BwE" "Mozilla/5.0 (Linux; Android 10; K) AppleWebKit/537.36 (KHTML, like Gecko) Chrome/123.0.0.0 Mobile Safari/537.36"
157.48.139.17 - - [23/Apr/2024:14:24:40 +0000] "GET /?gclid=CjwKCAjwuJ2xBhA3EiwAMVjkVEQImjNAV3xITpqi0FRdCNXlKNChx2Naxn-8YUXCPCvVLUweUW5MVBoCLScQAvD_BwE HTTP/1.1" 200 11239 "-" "Mozilla/5.0 (Linux; Android 10; M2006C3MII) AppleWebKit/537.36 (KHTML, like Gecko) Chrome/87.0.4280.101 Mobile Safari/537.36"
