49.36.123.85 - - [23/Apr/2024:14:24:24 +0000] "GET /assets/css/responsive.css HTTP/1.1" 200 3920 "https://hp.himachaltravelguide.in/?gclid=EAIaIQobChMImvKx-MTYhQMVRSK3AB3b6gvyEAEYASAAEgLsz_D_BwE" "Mozilla/5.0 (Linux; Android 10; K) AppleWebKit/537.36 (KHTML, like Gecko) Chrome/124.0.0.0 Mobile Safari/537.36"
49.36.123.85 - - [23/Apr/2024:14:24:24 +0000] "GET /assets/images/tripperHubpng%201.png HTTP/1.1" 200 18158 "https://hp.himachaltravelguide.in/?gclid=EAIaIQobChMImvKx-MTYhQMVRSK3AB3b6gvyEAEYASAAEgLsz_D_BwE" "Mozilla/5.0 (Linux; Android 10; K) AppleWebKit/537.36 (KHTML, like Gecko) Chrome/124.0.0.0 Mobile Safari/537.36"
42.105.172.143 - - [23/Apr/2024:14:24:24 +0000] "GET /assets/css/custom-animate.css HTTP/1.1" 200 1880 "https://hp.himachaltravelguide.in/?gclid=EAIaIQobChMI8J6U9cTYhQMV9J-sAh10DArEEAEYASAAEgL3yfD_BwE" "Mozilla/5.0 (Linux; Android 13; TECNO CK8n Build/TP1A.220624.014) AppleWebKit/537.36 (KHTML, like Gecko) Version/4.0 Chrome/123.0.6312.118 Mobile Safari/537.36"
106.221.78.149 - - [23/Apr/2024:14:24:24 +0000] "GET /assets/css/sections/global-settings.css HTTP/1.1" 200 1333 "https://hp.himachaltravelguide.in/assets/css/style.css" "Mozilla/5.0 (Linux; U; Android 13; gu-in; CPH2553 Build/TP1A.220905.001) AppleWebKit/537.36 (KHTML, like Gecko) Chrome/91.0.4472.88 Mobile Safari/537.36 HeyTapBrowser/45.10.7.3.1"
106.221.78.149 - - [23/Apr/2024:14:24:24 +0000] "GET /assets/js/lib/jquery.min.js HTTP/1.1" 200 33815 "https://hp.himachaltravelguide.in/?gclid=EAIaIQobChMIvLTm9MTYhQMVb8ZzAR0HXw0TEAEYASAAEgJNrfD_BwE" "Mozilla/5.0 (Linux; U; Android 13; gu-in; CPH2553 Build/TP1A.220905.001) AppleWebKit/537.36 (KHTML, like Gecko) Chrome/91.0.4472.88 Mobile Safari/537.36 HeyTapBrowser/45.10.7.3.1"
42.105.172.143 - - [23/Apr/2024:14:24:24 +0000] "GET /assets/css/style.css HTTP/1.1" 200 23571 "https://hp.himachaltravelguide.in/?gclid=EAIaIQobChMI8J6U9cTYhQMV9J-sAh10DArEEAEYASAAEgL3yfD_BwE" "Mozilla/5.0 (Linux; Android 13; TECNO CK8n Build/TP1A.220624.014) AppleWebKit/537.36 (KHTML, like Gecko) Version/4.0 Chrome/123.0.6312.118 Mobile Safari/537.36"
103.211.134.191 - - [23/Apr/2024:14:24:24 +0000] "GET /assets/fonts/Reey/Reey-Regular.woff HTTP/1.1" 200 79212 "https://hp.himachaltravelguide.in/assets/css/sections/fonts.css" "Mozilla/5.0 (Linux; U; Android 11; en-us; RMX3269 Build/RP1A.201005.001) AppleWebKit/537.36 (KHTML, like Gecko) Chrome/91.0.4472.88 Mobile Safari/537.36 HeyTapBrowser/45.10.7.3.1"
49.36.123.85 - - [23/Apr/2024:14:24:24 +0000] "GET /assets/images/icons/menu-icon.svg HTTP/1.1" 200 305 "https://hp.himachaltravelguide.in/?gclid=EAIaIQobChMImvKx-MTYhQMVRSK3AB3b6gvyEAEYASAAEgLsz_D_BwE" "Mozilla/5.0 (Linux; Android 10; K) AppleWebKit/537.36 (KHTML, like Gecko) Chrome/124.0.0.0 Mobile Safari/537.36"
42.105.172.143 - - [23/Apr/2024:14:24:24 +0000] "GET /assets/css/responsive.css HTTP/1.1" 200 3920 "https://hp.himachaltravelguide.in/?gclid=EAIaIQobChMI8J6U9cTYhQMV9J-sAh10DArEEAEYASAAEgL3yfD_BwE" "Mozilla/5.0 (Linux; Android 13; TECNO CK8n Build/TP1A.220624.014) AppleWebKit/537.36 (KHTML, like Gecko) Version/4.0 Chrome/123.0.6312.118 Mobile Safari/537.36"
152.58.66.120 - - [23/Apr/2024:14:24:24 +0000] "GET /assets/images/icons/intro-2.png HTTP/1.1" 200 2577 "https://hp.himachaltravelguide.in/?gclid=CjwKCAjwuJ2xBhA3EiwAMVjkVCVovs4_fRzkLaQ3eLXZoKdWyJLeyI_bMu7QNLrI1-WqjPThw1DcyhoCjG8QAvD_BwE" "Mozilla/5.0 (Linux; Android 10; K) AppleWebKit/537.36 (KHTML, like Gecko) Chrome/123.0.0.0 Mobile Safari/537.36"
223.182.34.126 - - [23/Apr/2024:14:24:24 +0000] "GET /assets/images/resources/misc/man-orange-bag.png HTTP/1.1" 200 114524 "https://hp.himachaltravelguide.in/?gclid=EAIaIQobChMI0cL338TYhQMV9WEIBB3AbghnEAEYASAAEgJrKvD_BwE" "Mozilla/5.0 (Linux; Android 10; K) AppleWebKit/537.36 (KHTML, like Gecko) Chrome/123.0.0.0 Mobile Safari/537.36"
42.105.172.143 - - [23/Apr/2024:14:24:24 +0000] "GET /assets/images/tripperHubpng%201.png HTTP/1.1" 200 18158 "https://hp.himachaltravelguide.in/?gclid=EAIaIQobChMI8J6U9cTYhQMV9J-sAh10DArEEAEYASAAEgL3yfD_BwE" "Mozilla/5.0 (Linux; Android 13; TECNO CK8n Build/TP1A.220624.014) AppleWebKit/537.36 (KHTML, like Gecko) Version/4.0 Chrome/123.0.6312.118 Mobile Safari/537.36"
49.36.123.85 - - [23/Apr/2024:14:24:24 +0000] "GET /assets/css/sections/variables.css HTTP/1.1" 200 474 "https://hp.himachaltravelguide.in/assets/css/style.css" "Mozilla/5.0 (Linux; Android 10; K) AppleWebKit/537.36 (KHTML, like Gecko) Chrome/124.0.0.0 Mobile Safari/537.36"
49.36.123.85 - - [23/Apr/2024:14:24:24 +0000] "GET /assets/css/sections/fonts.css HTTP/1.1" 200 319 "https://hp.himachaltravelguide.in/assets/css/style.css" "Mozilla/5.0 (Linux; Android 10; K) AppleWebKit/537.36 (KHTML, like Gecko) Chrome/124.0.0.0 Mobile Safari/537.36"
42.106.95.222 - - [23/Apr/2024:14:24:24 +0000] "GET /assets/images/resources/thumbnails/testi-1.jpg HTTP/1.1" 200 8918 "https://hp.himachaltravelguide.in/?gclid=EAIaIQobChMIw4Dn4MTYhQMVFmIIBB2FHw_REAEYASAAEgJg6PD_BwE" "Mozilla/5.0 (Linux; Android 10; K) AppleWebKit/537.36 (KHTML, like Gecko) Chrome/124.0.0.0 Mobile Safari/537.36"
42.106.95.222 - - [23/Apr/2024:14:24:24 +0000] "GET /assets/images/resources/thumbnails/testi-2.jpg HTTP/1.1" 200 8319 "https://hp.himachaltravelguide.in/?gclid=EAIaIQobChMIw4Dn4MTYhQMVFmIIBB2FHw_REAEYASAAEgJg6PD_BwE" "Mozilla/5.0 (Linux; Android 10; K) AppleWebKit/537.36 (KHTML, like Gecko) Chrome/124.0.0.0 Mobile Safari/537.36"
42.106.95.222 - - [23/Apr/2024:14:24:24 +0000] "GET /assets/images/resources/thumbnails/testi-3.jpg HTTP/1.1" 200 9438 "https://hp.himachaltravelguide.in/?gclid=EAIaIQobChMIw4Dn4MTYhQMVFmIIBB2FHw_REAEYASAAEgJg6PD_BwE" "Mozilla/5.0 (Linux; Android 10; K) AppleWebKit/537.36 (KHTML, like Gecko) Chrome/124.0.0.0 Mobile Safari/537.36"
49.36.123.85 - - [23/Apr/2024:14:24:24 +0000] "GET /assets/css/sections/global-settings.css HTTP/1.1" 200 1333 "https://hp.himachaltravelguide.in/assets/css/style.css" "Mozilla/5.0 (Linux; Android 10; K) AppleWebKit/537.36 (KHTML, like Gecko) Chrome/124.0.0.0 Mobile Safari/537.36"
103.211.134.191 - - [23/Apr/2024:14:24:24 +0000] "GET /assets/css/lib/simple-line-icons/fonts/Simple-Line-Iconsb26c.woff2?v=2.4.0 HTTP/1.1" 200 30064 "https://hp.himachaltravelguide.in/assets/css/lib/simple-line-icons/css/simple-line-icons.min.css" "Mozilla/5.0 (Linux; U; Android 11; en-us; RMX3269 Build/RP1A.201005.001) AppleWebKit/537.36 (KHTML, like Gecko) Chrome/91.0.4472.88 Mobile Safari/537.36 HeyTapBrowser/45.10.7.3.1"
106.221.78.149 - - [23/Apr/2024:14:24:24 +0000] "GET /assets/js/lib/popper.min.js HTTP/1.1" 200 7519 "https://hp.himachaltravelguide.in/?gclid=EAIaIQobChMIvLTm9MTYhQMVb8ZzAR0HXw0TEAEYASAAEgJNrfD_BwE" "Mozilla/5.0 (Linux; U; Android 13; gu-in; CPH2553 Build/TP1A.220905.001) AppleWebKit/537.36 (KHTML, like Gecko) Chrome/91.0.4472.88 Mobile Safari/537.36 HeyTapBrowser/45.10.7.3.1"
157.34.2.184 - - [23/Apr/2024:14:24:24 +0000] "GET /assets/js/lib/slick.min.js HTTP/1.1" 200 10680 "https://hp.himachaltravelguide.in/?gclid=CjwKCAjwuJ2xBhA3EiwAMVjkVKWiyjtfnYTdTxG6TejmhVkK8oekZP5di163YaMb_64UgX_8YLq_TxoCQPsQAvD_BwE" "Mozilla/5.0 (Linux; Android 10; K) AppleWebKit/537.36 (KHTML, like Gecko) Chrome/123.0.0.0 Mobile Safari/537.36"
42.106.95.222 - - [23/Apr/2024:14:24:24 +0000] "GET /assets/images/resources/misc/man-orange-bag.png HTTP/1.1" 200 114524 "https://hp.himachaltravelguide.in/?gclid=EAIaIQobChMIw4Dn4MTYhQMVFmIIBB2FHw_REAEYASAAEgJg6PD_BwE" "Mozilla/5.0 (Linux; Android 10; K) AppleWebKit/537.36 (KHTML, like Gecko) Chrome/124.0.0.0 Mobile Safari/537.36"
152.58.95.120 - - [23/Apr/2024:14:24:24 +0000] "GET /assets/images/icons/intro-3.png HTTP/1.1" 200 2689 "https://hp.himachaltravelguide.in/?gclid=CjwKCAjwuJ2xBhA3EiwAMVjkVCVovs4_fRzkLaQ3eLXZoKdWyJLeyI_bMu7QNLrI1-WqjPThw1DcyhoCjG8QAvD_BwE" "Mozilla/5.0 (Linux; Android 10; K) AppleWebKit/537.36 (KHTML, like Gecko) Chrome/123.0.0.0 Mobile Safari/537.36"
152.58.66.120 - - [23/Apr/2024:14:24:24 +0000] "GET /assets/images/background/bg-gradient-15.png HTTP/1.1" 200 35167 "https://hp.himachaltravelguide.in/?gclid=CjwKCAjwuJ2xBhA3EiwAMVjkVCVovs4_fRzkLaQ3eLXZoKdWyJLeyI_bMu7QNLrI1-WqjPThw1DcyhoCjG8QAvD_BwE" "Mozilla/5.0 (Linux; Android 10; K) AppleWebKit/537.36 (KHTML, like Gecko) Chrome/123.0.0.0 Mobile Safari/537.36"
223.186.91.10 - - [23/Apr/2024:14:24:24 +0000] "GET /?gclid=CjwKCAjwuJ2xBhA3EiwAMVjkVL44a7KqRwCVdUxA-u-XZ24izagbQw8i3phxSoBuHARRq9zu8jkzTBoCudUQAvD_BwE HTTP/1.1" 200 11215 "-" "Mozilla/5.0 (Linux; Android 10; K) AppleWebKit/537.36 (KHTML, like Gecko) Chrome/123.0.0.0 Mobile Safari/537.36"
49.34.213.225 - - [23/Apr/2024:14:24:24 +0000] "GET /?gclid=CjwKCAjwuJ2xBhA3EiwAMVjkVK1EqKTF4A_cBU-h6hHFI8SQIRTodlxl9RMFyKQ47G7ohNG8uSWJjhoCwOMQAvD_BwE HTTP/1.1" 200 11239 "-" "Mozilla/5.0 (Linux; Android 10; K) AppleWebKit/537.36 (KHTML, like Gecko) Chrome/123.0.0.0 Mobile Safari/537.36"
49.36.123.85 - - [23/Apr/2024:14:24:24 +0000] "GET /assets/js/lib/jquery.min.js HTTP/1.1" 200 33815 "https://hp.himachaltravelguide.in/?gclid=EAIaIQobChMImvKx-MTYhQMVRSK3AB3b6gvyEAEYASAAEgLsz_D_BwE" "Mozilla/5.0 (Linux; Android 10; K) AppleWebKit/537.36 (KHTML, like Gecko) Chrome/124.0.0.0 Mobile Safari/537.36"
49.36.123.85 - - [23/Apr/2024:14:24:24 +0000] "GET /assets/js/lib/popper.min.js HTTP/1.1" 200 7519 "https://hp.himachaltravelguide.in/?gclid=EAIaIQobChMImvKx-MTYhQMVRSK3AB3b6gvyEAEYASAAEgLsz_D_BwE" "Mozilla/5.0 (Linux; Android 10; K) AppleWebKit/537.36 (KHTML, like Gecko) Chrome/124.0.0.0 Mobile Safari/537.36"
223.186.91.10 - - [23/Apr/2024:14:24:24 +0000] "GET /assets/css/lib/bootstrap/bootstrap.min.css HTTP/1.1" 200 31138 "https://hp.himachaltravelguide.in/?gclid=CjwKCAjwuJ2xBhA3EiwAMVjkVL44a7KqRwCVdUxA-u-XZ24izagbQw8i3phxSoBuHARRq9zu8jkzTBoCudUQAvD_BwE" "Mozilla/5.0 (Linux; Android 10; K) AppleWebKit/537.36 (KHTML, like Gecko) Chrome/123.0.0.0 Mobile Safari/537.36"
49.36.123.85 - - [23/Apr/2024:14:24:24 +0000] "GET /assets/js/lib/bootstrap/bootstrap.min.js HTTP/1.1" 200 16560 "https://hp.himachaltravelguide.in/?gclid=EAIaIQobChMImvKx-MTYhQMVRSK3AB3b6gvyEAEYASAAEgLsz_D_BwE" "Mozilla/5.0 (Linux; Android 10; K) AppleWebKit/537.36 (KHTML, like Gecko) Chrome/124.0.0.0 Mobile Safari/537.36"
42.105.172.143 - - [23/Apr/2024:14:24:24 +0000] "GET /assets/images/icons/menu-icon.svg HTTP/1.1" 200 305 "https://hp.himachaltravelguide.in/?gclid=EAIaIQobChMI8J6U9cTYhQMV9J-sAh10DArEEAEYASAAEgL3yfD_BwE" "Mozilla/5.0 (Linux; Android 13; TECNO CK8n Build/TP1A.220624.014) AppleWebKit/537.36 (KHTML, like Gecko) Version/4.0 Chrome/123.0.6312.118 Mobile Safari/537.36"
49.36.123.85 - - [23/Apr/2024:14:24:24 +0000] "GET /assets/js/lib/jquery-ui.min.js HTTP/1.1" 200 67864 "https://hp.himachaltravelguide.in/?gclid=EAIaIQobChMImvKx-MTYhQMVRSK3AB3b6gvyEAEYASAAEgLsz_D_BwE" "Mozilla/5.0 (Linux; Android 10; K) AppleWebKit/537.36 (KHTML, like Gecko) Chrome/124.0.0.0 Mobile Safari/537.36"
223.186.91.10 - - [23/Apr/2024:14:24:24 +0000] "GET /assets/css/lib/fontawesome/css/fontawesome.min.css HTTP/1.1" 200 17422 "https://hp.himachaltravelguide.in/?gclid=CjwKCAjwuJ2xBhA3EiwAMVjkVL44a7KqRwCVdUxA-u-XZ24izagbQw8i3phxSoBuHARRq9zu8jkzTBoCudUQAvD_BwE" "Mozilla/5.0 (Linux; Android 10; K) AppleWebKit/537.36 (KHTML, like Gecko) Chrome/123.0.0.0 Mobile Safari/537.36"
223.186.91.10 - - [23/Apr/2024:14:24:24 +0000] "GET /assets/css/lib/fontawesome/css/brands.css HTTP/1.1" 200 4928 "https://hp.himachaltravelguide.in/?gclid=CjwKCAjwuJ2xBhA3EiwAMVjkVL44a7KqRwCVdUxA-u-XZ24izagbQw8i3phxSoBuHARRq9zu8jkzTBoCudUQAvD_BwE" "Mozilla/5.0 (Linux; Android 10; K) AppleWebKit/537.36 (KHTML, like Gecko) Chrome/123.0.0.0 Mobile Safari/537.36"
223.186.91.10 - - [23/Apr/2024:14:24:24 +0000] "GET /assets/css/lib/fontawesome/css/solid.css HTTP/1.1" 200 353 "https://hp.himachaltravelguide.in/?gclid=CjwKCAjwuJ2xBhA3EiwAMVjkVL44a7KqRwCVdUxA-u-XZ24izagbQw8i3phxSoBuHARRq9zu8jkzTBoCudUQAvD_BwE" "Mozilla/5.0 (Linux; Android 10; K) AppleWebKit/537.36 (KHTML, like Gecko) Chrome/123.0.0.0 Mobile Safari/537.36"
223.186.91.10 - - [23/Apr/2024:14:24:24 +0000] "GET /assets/css/lib/simple-line-icons/css/simple-line-icons.min.css HTTP/1.1" 200 2436 "https://hp.himachaltravelguide.in/?gclid=CjwKCAjwuJ2xBhA3EiwAMVjkVL44a7KqRwCVdUxA-u-XZ24izagbQw8i3phxSoBuHARRq9zu8jkzTBoCudUQAvD_BwE" "Mozilla/5.0 (Linux; Android 10; K) AppleWebKit/537.36 (KHTML, like Gecko) Chrome/123.0.0.0 Mobile Safari/537.36"
223.186.91.10 - - [23/Apr/2024:14:24:24 +0000] "GET /assets/css/lib/animate.min.css HTTP/1.1" 200 4148 "https://hp.himachaltravelguide.in/?gclid=CjwKCAjwuJ2xBhA3EiwAMVjkVL44a7KqRwCVdUxA-u-XZ24izagbQw8i3phxSoBuHARRq9zu8jkzTBoCudUQAvD_BwE" "Mozilla/5.0 (Linux; Android 10; K) AppleWebKit/537.36 (KHTML, like Gecko) Chrome/123.0.0.0 Mobile Safari/537.36"
106.221.78.149 - - [23/Apr/2024:14:24:24 +0000] "GET /assets/js/lib/jquery-ui.min.js HTTP/1.1" 200 67864 "https://hp.himachaltravelguide.in/?gclid=EAIaIQobChMIvLTm9MTYhQMVb8ZzAR0HXw0TEAEYASAAEgJNrfD_BwE" "Mozilla/5.0 (Linux; U; Android 13; gu-in; CPH2553 Build/TP1A.220905.001) AppleWebKit/537.36 (KHTML, like Gecko) Chrome/91.0.4472.88 Mobile Safari/537.36 HeyTapBrowser/45.10.7.3.1"
42.106.95.222 - - [23/Apr/2024:14:24:24 +0000] "GET /assets/images/background/pattern-3.jpg HTTP/1.1" 200 15213 "https://hp.himachaltravelguide.in/?gclid=EAIaIQobChMIw4Dn4MTYhQMVFmIIBB2FHw_REAEYASAAEgJg6PD_BwE" "Mozilla/5.0 (Linux; Android 10; K) AppleWebKit/537.36 (KHTML, like Gecko) Chrome/124.0.0.0 Mobile Safari/537.36"
223.186.91.10 - - [23/Apr/2024:14:24:24 +0000] "GET /assets/css/lib/slick.min.css HTTP/1.1" 200 516 "https://hp.himachaltravelguide.in/?gclid=CjwKCAjwuJ2xBhA3EiwAMVjkVL44a7KqRwCVdUxA-u-XZ24izagbQw8i3phxSoBuHARRq9zu8jkzTBoCudUQAvD_BwE" "Mozilla/5.0 (Linux; Android 10; K) AppleWebKit/537.36 (KHTML, like Gecko) Chrome/123.0.0.0 Mobile Safari/537.36"
106.221.78.149 - - [23/Apr/2024:14:24:24 +0000] "GET /assets/js/lib/appear.min.js HTTP/1.1" 200 784 "https://hp.himachaltravelguide.in/?gclid=EAIaIQobChMIvLTm9MTYhQMVb8ZzAR0HXw0TEAEYASAAEgJNrfD_BwE" "Mozilla/5.0 (Linux; U; Android 13; gu-in; CPH2553 Build/TP1A.220905.001) AppleWebKit/537.36 (KHTML, like Gecko) Chrome/91.0.4472.88 Mobile Safari/537.36 HeyTapBrowser/45.10.7.3.1"
223.186.91.10 - - [23/Apr/2024:14:24:24 +0000] "GET /assets/css/lib/swiper.min.css HTTP/1.1" 200 4593 "https://hp.himachaltravelguide.in/?gclid=CjwKCAjwuJ2xBhA3EiwAMVjkVL44a7KqRwCVdUxA-u-XZ24izagbQw8i3phxSoBuHARRq9zu8jkzTBoCudUQAvD_BwE" "Mozilla/5.0 (Linux; Android 10; K) AppleWebKit/537.36 (KHTML, like Gecko) Chrome/123.0.0.0 Mobile Safari/537.36"
223.186.91.10 - - [23/Apr/2024:14:24:24 +0000] "GET /assets/css/lib/jquery-ui.min.css HTTP/1.1" 200 7629 "https://hp.himachaltravelguide.in/?gclid=CjwKCAjwuJ2xBhA3EiwAMVjkVL44a7KqRwCVdUxA-u-XZ24izagbQw8i3phxSoBuHARRq9zu8jkzTBoCudUQAvD_BwE" "Mozilla/5.0 (Linux; Android 10; K) AppleWebKit/537.36 (KHTML, like Gecko) Chrome/123.0.0.0 Mobile Safari/537.36"
223.186.91.10 - - [23/Apr/2024:14:24:24 +0000] "GET /assets/css/lib/jquery.fancybox.min.css HTTP/1.1" 200 3167 "https://hp.himachaltravelguide.in/?gclid=CjwKCAjwuJ2xBhA3EiwAMVjkVL44a7KqRwCVdUxA-u-XZ24izagbQw8i3phxSoBuHARRq9zu8jkzTBoCudUQAvD_BwE" "Mozilla/5.0 (Linux; Android 10; K) AppleWebKit/537.36 (KHTML, like Gecko) Chrome/123.0.0.0 Mobile Safari/537.36"
223.186.91.10 - - [23/Apr/2024:14:24:24 +0000] "GET /assets/css/custom-animate.css HTTP/1.1" 200 1880 "https://hp.himachaltravelguide.in/?gclid=CjwKCAjwuJ2xBhA3EiwAMVjkVL44a7KqRwCVdUxA-u-XZ24izagbQw8i3phxSoBuHARRq9zu8jkzTBoCudUQAvD_BwE" "Mozilla/5.0 (Linux; Android 10; K) AppleWebKit/537.36 (KHTML, like Gecko) Chrome/123.0.0.0 Mobile Safari/537.36"
49.36.123.85 - - [23/Apr/2024:14:24:24 +0000] "GET /assets/js/lib/jquery.fancybox.min.js HTTP/1.1" 200 19503 "https://hp.himachaltravelguide.in/?gclid=EAIaIQobChMImvKx-MTYhQMVRSK3AB3b6gvyEAEYASAAEgLsz_D_BwE" "Mozilla/5.0 (Linux; Android 10; K) AppleWebKit/537.36 (KHTML, like Gecko) Chrome/124.0.0.0 Mobile Safari/537.36"
49.36.123.85 - - [23/Apr/2024:14:24:24 +0000] "GET /assets/js/lib/isotope.min.js HTTP/1.1" 200 10201 "https://hp.himachaltravelguide.in/?gclid=EAIaIQobChMImvKx-MTYhQMVRSK3AB3b6gvyEAEYASAAEgLsz_D_BwE" "Mozilla/5.0 (Linux; Android 10; K) AppleWebKit/537.36 (KHTML, like Gecko) Chrome/124.0.0.0 Mobile Safari/537.36"
223.186.91.10 - - [23/Apr/2024:14:24:24 +0000] "GET /assets/css/style.css HTTP/1.1" 200 23571 "https://hp.himachaltravelguide.in/?gclid=CjwKCAjwuJ2xBhA3EiwAMVjkVL44a7KqRwCVdUxA-u-XZ24izagbQw8i3phxSoBuHARRq9zu8jkzTBoCudUQAvD_BwE" "Mozilla/5.0 (Linux; Android 10; K) AppleWebKit/537.36 (KHTML, like Gecko) Chrome/123.0.0.0 Mobile Safari/537.36"
223.186.91.10 - - [23/Apr/2024:14:24:24 +0000] "GET /assets/css/responsive.css HTTP/1.1" 200 3920 "https://hp.himachaltravelguide.in/?gclid=CjwKCAjwuJ2xBhA3EiwAMVjkVL44a7KqRwCVdUxA-u-XZ24izagbQw8i3phxSoBuHARRq9zu8jkzTBoCudUQAvD_BwE" "Mozilla/5.0 (Linux; Android 10; K) AppleWebKit/537.36 (KHTML, like Gecko) Chrome/123.0.0.0 Mobile Safari/537.36"
223.186.91.10 - - [23/Apr/2024:14:24:24 +0000] "GET /assets/images/tripperHubpng%201.png HTTP/1.1" 200 18158 "https://hp.himachaltravelguide.in/?gclid=CjwKCAjwuJ2xBhA3EiwAMVjkVL44a7KqRwCVdUxA-u-XZ24izagbQw8i3phxSoBuHARRq9zu8jkzTBoCudUQAvD_BwE" "Mozilla/5.0 (Linux; Android 10; K) AppleWebKit/537.36 (KHTML, like Gecko) Chrome/123.0.0.0 Mobile Safari/537.36"
223.186.91.10 - - [23/Apr/2024:14:24:24 +0000] "GET /assets/images/icons/menu-icon.svg HTTP/1.1" 200 305 "https://hp.himachaltravelguide.in/?gclid=CjwKCAjwuJ2xBhA3EiwAMVjkVL44a7KqRwCVdUxA-u-XZ24izagbQw8i3phxSoBuHARRq9zu8jkzTBoCudUQAvD_BwE" "Mozilla/5.0 (Linux; Android 10; K) AppleWebKit/537.36 (KHTML, like Gecko) Chrome/123.0.0.0 Mobile Safari/537.36"
1.39.203.70 - - [23/Apr/2024:14:24:24 +0000] "GET /assets/images/elements/white-1.png HTTP/1.1" 200 427 "https://hp.himachaltravelguide.in/?gclid=CjwKCAjwuJ2xBhA3EiwAMVjkVJ8qIO8AsEyi1DZyUQC_od8MsNoF3vOIfpWNbkAOr36EDIH2tVSU1xoCIrAQAvD_BwE" "Mozilla/5.0 (Linux; Android 13; 2302EPCC4I) AppleWebKit/537.36 (KHTML, like Gecko) Chrome/104.0.0.0 Mobile Safari/537.36"
49.36.123.85 - - [23/Apr/2024:14:24:24 +0000] "GET /assets/js/lib/slick.min.js HTTP/1.1" 200 10680 "https://hp.himachaltravelguide.in/?gclid=EAIaIQobChMImvKx-MTYhQMVRSK3AB3b6gvyEAEYASAAEgLsz_D_BwE" "Mozilla/5.0 (Linux; Android 10; K) AppleWebKit/537.36 (KHTML, like Gecko) Chrome/124.0.0.0 Mobile Safari/537.36"
49.36.123.85 - - [23/Apr/2024:14:24:24 +0000] "GET /assets/js/lib/appear.min.js HTTP/1.1" 200 784 "https://hp.himachaltravelguide.in/?gclid=EAIaIQobChMImvKx-MTYhQMVRSK3AB3b6gvyEAEYASAAEgLsz_D_BwE" "Mozilla/5.0 (Linux; Android 10; K) AppleWebKit/537.36 (KHTML, like Gecko) Chrome/124.0.0.0 Mobile Safari/537.36"
117.99.199.137 - - [23/Apr/2024:14:24:24 +0000] "GET /?gclid=CjwKCAjwuJ2xBhA3EiwAMVjkVP2Qy_4v4ttfxOH0Je30QuCgQCjo1_TfH63UPjKgAuyIfEa4Cw4P-xoCF6QQAvD_BwE HTTP/1.1" 200 11215 "-" "Mozilla/5.0 (Linux; Android 10; K) AppleWebKit/537.36 (KHTML, like Gecko) Chrome/123.0.0.0 Mobile Safari/537.36"
49.36.123.85 - - [23/Apr/2024:14:24:24 +0000] "GET /assets/js/lib/wow.min.js HTTP/1.1" 200 2826 "https://hp.himachaltravelguide.in/?gclid=EAIaIQobChMImvKx-MTYhQMVRSK3AB3b6gvyEAEYASAAEgLsz_D_BwE" "Mozilla/5.0 (Linux; Android 10; K) AppleWebKit/537.36 (KHTML, like Gecko) Chrome/124.0.0.0 Mobile Safari/537.36"
152.58.95.120 - - [23/Apr/2024:14:24:24 +0000] "GET /assets/images/background/bg-gradient-16.png HTTP/1.1" 200 16672 "https://hp.himachaltravelguide.in/?gclid=CjwKCAjwuJ2xBhA3EiwAMVjkVCVovs4_fRzkLaQ3eLXZoKdWyJLeyI_bMu7QNLrI1-WqjPThw1DcyhoCjG8QAvD_BwE" "Mozilla/5.0 (Linux; Android 10; K) AppleWebKit/537.36 (KHTML, like Gecko) Chrome/123.0.0.0 Mobile Safari/537.36"
152.58.66.120 - - [23/Apr/2024:14:24:24 +0000] "GET /assets/images/elements/purple-2.png HTTP/1.1" 200 602 "https://hp.himachaltravelguide.in/?gclid=CjwKCAjwuJ2xBhA3EiwAMVjkVCVovs4_fRzkLaQ3eLXZoKdWyJLeyI_bMu7QNLrI1-WqjPThw1DcyhoCjG8QAvD_BwE" "Mozilla/5.0 (Linux; Android 10; K) AppleWebKit/537.36 (KHTML, like Gecko) Chrome/123.0.0.0 Mobile Safari/537.36"
223.186.91.10 - - [23/Apr/2024:14:24:24 +0000] "GET /assets/css/sections/variables.css HTTP/1.1" 200 474 "https://hp.himachaltravelguide.in/assets/css/style.css" "Mozilla/5.0 (Linux; Android 10; K) AppleWebKit/537.36 (KHTML, like Gecko) Chrome/123.0.0.0 Mobile Safari/537.36"
106.221.78.149 - - [23/Apr/2024:14:24:24 +0000] "GET /assets/js/lib/jquery.fancybox.min.js HTTP/1.1" 200 19503 "https://hp.himachaltravelguide.in/?gclid=EAIaIQobChMIvLTm9MTYhQMVb8ZzAR0HXw0TEAEYASAAEgJNrfD_BwE" "Mozilla/5.0 (Linux; U; Android 13; gu-in; CPH2553 Build/TP1A.220905.001) AppleWebKit/537.36 (KHTML, like Gecko) Chrome/91.0.4472.88 Mobile Safari/537.36 HeyTapBrowser/45.10.7.3.1"
106.221.78.149 - - [23/Apr/2024:14:24:24 +0000] "GET /assets/js/lib/bootstrap/bootstrap.min.js HTTP/1.1" 200 16560 "https://hp.himachaltravelguide.in/?gclid=EAIaIQobChMIvLTm9MTYhQMVb8ZzAR0HXw0TEAEYASAAEgJNrfD_BwE" "Mozilla/5.0 (Linux; U; Android 13; gu-in; CPH2553 Build/TP1A.220905.001) AppleWebKit/537.36 (KHTML, like Gecko) Chrome/91.0.4472.88 Mobile Safari/537.36 HeyTapBrowser/45.10.7.3.1"
223.186.91.10 - - [23/Apr/2024:14:24:24 +0000] "GET /assets/css/sections/fonts.css HTTP/1.1" 200 319 "https://hp.himachaltravelguide.in/assets/css/style.css" "Mozilla/5.0 (Linux; Android 10; K) AppleWebKit/537.36 (KHTML, like Gecko) Chrome/123.0.0.0 Mobile Safari/537.36"
223.186.91.10 - - [23/Apr/2024:14:24:24 +0000] "GET /assets/css/sections/global-settings.css HTTP/1.1" 200 1333 "https://hp.himachaltravelguide.in/assets/css/style.css" "Mozilla/5.0 (Linux; Android 10; K) AppleWebKit/537.36 (KHTML, like Gecko) Chrome/123.0.0.0 Mobile Safari/537.36"
106.221.78.149 - - [23/Apr/2024:14:24:24 +0000] "GET /assets/js/lib/swiper.min.js HTTP/1.1" 200 39733 "https://hp.himachaltravelguide.in/?gclid=EAIaIQobChMIvLTm9MTYhQMVb8ZzAR0HXw0TEAEYASAAEgJNrfD_BwE" "Mozilla/5.0 (Linux; U; Android 13; gu-in; CPH2553 Build/TP1A.220905.001) AppleWebKit/537.36 (KHTML, like Gecko) Chrome/91.0.4472.88 Mobile Safari/537.36 HeyTapBrowser/45.10.7.3.1"
106.221.78.149 - - [23/Apr/2024:14:24:24 +0000] "GET /assets/js/lib/slick.min.js HTTP/1.1" 200 10680 "https://hp.himachaltravelguide.in/?gclid=EAIaIQobChMIvLTm9MTYhQMVb8ZzAR0HXw0TEAEYASAAEgJNrfD_BwE" "Mozilla/5.0 (Linux; U; Android 13; gu-in; CPH2553 Build/TP1A.220905.001) AppleWebKit/537.36 (KHTML, like Gecko) Chrome/91.0.4472.88 Mobile Safari/537.36 HeyTapBrowser/45.10.7.3.1"
49.36.123.85 - - [23/Apr/2024:14:24:24 +0000] "GET /assets/js/lib/swiper.min.js HTTP/1.1" 200 39733 "https://hp.himachaltravelguide.in/?gclid=EAIaIQobChMImvKx-MTYhQMVRSK3AB3b6gvyEAEYASAAEgLsz_D_BwE" "Mozilla/5.0 (Linux; Android 10; K) AppleWebKit/537.36 (KHTML, like Gecko) Chrome/124.0.0.0 Mobile Safari/537.36"
49.36.123.85 - - [23/Apr/2024:14:24:24 +0000] "GET /assets/js/custom-script.js HTTP/1.1" 200 3489 "https://hp.himachaltravelguide.in/?gclid=EAIaIQobChMImvKx-MTYhQMVRSK3AB3b6gvyEAEYASAAEgLsz_D_BwE" "Mozilla/5.0 (Linux; Android 10; K) AppleWebKit/537.36 (KHTML, like Gecko) Chrome/124.0.0.0 Mobile Safari/537.36"
106.221.78.149 - - [23/Apr/2024:14:24:24 +0000] "GET /assets/js/lib/isotope.min.js HTTP/1.1" 200 10201 "https://hp.himachaltravelguide.in/?gclid=EAIaIQobChMIvLTm9MTYhQMVb8ZzAR0HXw0TEAEYASAAEgJNrfD_BwE" "Mozilla/5.0 (Linux; U; Android 13; gu-in; CPH2553 Build/TP1A.220905.001) AppleWebKit/537.36 (KHTML, like Gecko) Chrome/91.0.4472.88 Mobile Safari/537.36 HeyTapBrowser/45.10.7.3.1"
106.221.78.149 - - [23/Apr/2024:14:24:24 +0000] "GET /assets/js/lib/wow.min.js HTTP/1.1" 200 2826 "https://hp.himachaltravelguide.in/?gclid=EAIaIQobChMIvLTm9MTYhQMVb8ZzAR0HXw0TEAEYASAAEgJNrfD_BwE" "Mozilla/5.0 (Linux; U; Android 13; gu-in; CPH2553 Build/TP1A.220905.001) AppleWebKit/537.36 (KHTML, like Gecko) Chrome/91.0.4472.88 Mobile Safari/537.36 HeyTapBrowser/45.10.7.3.1"
106.221.78.149 - - [23/Apr/2024:14:24:24 +0000] "GET /assets/js/custom-script.js HTTP/1.1" 200 3489 "https://hp.himachaltravelguide.in/?gclid=EAIaIQobChMIvLTm9MTYhQMVb8ZzAR0HXw0TEAEYASAAEgJNrfD_BwE" "Mozilla/5.0 (Linux; U; Android 13; gu-in; CPH2553 Build/TP1A.220905.001) AppleWebKit/537.36 (KHTML, like Gecko) Chrome/91.0.4472.88 Mobile Safari/537.36 HeyTapBrowser/45.10.7.3.1"
106.221.78.149 - - [23/Apr/2024:14:24:24 +0000] "GET /assets/images/tripperHubpng%201.png HTTP/1.1" 200 18158 "https://hp.himachaltravelguide.in/?gclid=EAIaIQobChMIvLTm9MTYhQMVb8ZzAR0HXw0TEAEYASAAEgJNrfD_BwE" "Mozilla/5.0 (Linux; U; Android 13; gu-in; CPH2553 Build/TP1A.220905.001) AppleWebKit/537.36 (KHTML, like Gecko) Chrome/91.0.4472.88 Mobile Safari/537.36 HeyTapBrowser/45.10.7.3.1"
157.34.2.184 - - [23/Apr/2024:14:24:24 +0000] "GET /assets/js/lib/appear.min.js HTTP/1.1" 200 784 "https://hp.himachaltravelguide.in/?gclid=CjwKCAjwuJ2xBhA3EiwAMVjkVKWiyjtfnYTdTxG6TejmhVkK8oekZP5di163YaMb_64UgX_8YLq_TxoCQPsQAvD_BwE" "Mozilla/5.0 (Linux; Android 10; K) AppleWebKit/537.36 (KHTML, like Gecko) Chrome/123.0.0.0 Mobile Safari/537.36"
49.36.123.85 - - [23/Apr/2024:14:24:24 +0000] "GET /assets/images/elements/white-1.png HTTP/1.1" 200 427 "https://hp.himachaltravelguide.in/?gclid=EAIaIQobChMImvKx-MTYhQMVRSK3AB3b6gvyEAEYASAAEgLsz_D_BwE" "Mozilla/5.0 (Linux; Android 10; K) AppleWebKit/537.36 (KHTML, like Gecko) Chrome/124.0.0.0 Mobile Safari/537.36"
106.221.78.149 - - [23/Apr/2024:14:24:24 +0000] "GET /assets/images/icons/menu-icon.svg HTTP/1.1" 200 305 "https://hp.himachaltravelguide.in/?gclid=EAIaIQobChMIvLTm9MTYhQMVb8ZzAR0HXw0TEAEYASAAEgJNrfD_BwE" "Mozilla/5.0 (Linux; U; Android 13; gu-in; CPH2553 Build/TP1A.220905.001) AppleWebKit/537.36 (KHTML, like Gecko) Chrome/91.0.4472.88 Mobile Safari/537.36 HeyTapBrowser/45.10.7.3.1"
106.221.78.149 - - [23/Apr/2024:14:24:24 +0000] "GET /assets/images/elements/white-1.png HTTP/1.1" 200 427 "https://hp.himachaltravelguide.in/?gclid=EAIaIQobChMIvLTm9MTYhQMVb8ZzAR0HXw0TEAEYASAAEgJNrfD_BwE" "Mozilla/5.0 (Linux; U; Android 13; gu-in; CPH2553 Build/TP1A.220905.001) AppleWebKit/537.36 (KHTML, like Gecko) Chrome/91.0.4472.88 Mobile Safari/537.36 HeyTapBrowser/45.10.7.3.1"
106.221.78.149 - - [23/Apr/2024:14:24:24 +0000] "GET /assets/images/icons/intro-3.png HTTP/1.1" 200 2689 "https://hp.himachaltravelguide.in/?gclid=EAIaIQobChMIvLTm9MTYhQMVb8ZzAR0HXw0TEAEYASAAEgJNrfD_BwE" "Mozilla/5.0 (Linux; U; Android 13; gu-in; CPH2553 Build/TP1A.220905.001) AppleWebKit/537.36 (KHTML, like Gecko) Chrome/91.0.4472.88 Mobile Safari/537.36 HeyTapBrowser/45.10.7.3.1"
106.221.78.149 - - [23/Apr/2024:14:24:24 +0000] "GET /assets/images/icons/intro-1.png HTTP/1.1" 200 3503 "https://hp.himachaltravelguide.in/?gclid=EAIaIQobChMIvLTm9MTYhQMVb8ZzAR0HXw0TEAEYASAAEgJNrfD_BwE" "Mozilla/5.0 (Linux; U; Android 13; gu-in; CPH2553 Build/TP1A.220905.001) AppleWebKit/537.36 (KHTML, like Gecko) Chrome/91.0.4472.88 Mobile Safari/537.36 HeyTapBrowser/45.10.7.3.1"
106.221.78.149 - - [23/Apr/2024:14:24:24 +0000] "GET /assets/images/icons/intro-2.png HTTP/1.1" 200 2577 "https://hp.himachaltravelguide.in/?gclid=EAIaIQobChMIvLTm9MTYhQMVb8ZzAR0HXw0TEAEYASAAEgJNrfD_BwE" "Mozilla/5.0 (Linux; U; Android 13; gu-in; CPH2553 Build/TP1A.220905.001) AppleWebKit/537.36 (KHTML, like Gecko) Chrome/91.0.4472.88 Mobile Safari/537.36 HeyTapBrowser/45.10.7.3.1"
223.186.91.10 - - [23/Apr/2024:14:24:24 +0000] "GET /assets/js/lib/jquery.min.js HTTP/1.1" 200 33815 "https://hp.himachaltravelguide.in/?gclid=CjwKCAjwuJ2xBhA3EiwAMVjkVL44a7KqRwCVdUxA-u-XZ24izagbQw8i3phxSoBuHARRq9zu8jkzTBoCudUQAvD_BwE" "Mozilla/5.0 (Linux; Android 10; K) AppleWebKit/537.36 (KHTML, like Gecko) Chrome/123.0.0.0 Mobile Safari/537.36"
223.186.91.10 - - [23/Apr/2024:14:24:24 +0000] "GET /assets/js/lib/popper.min.js HTTP/1.1" 200 7519 "https://hp.himachaltravelguide.in/?gclid=CjwKCAjwuJ2xBhA3EiwAMVjkVL44a7KqRwCVdUxA-u-XZ24izagbQw8i3phxSoBuHARRq9zu8jkzTBoCudUQAvD_BwE" "Mozilla/5.0 (Linux; Android 10; K) AppleWebKit/537.36 (KHTML, like Gecko) Chrome/123.0.0.0 Mobile Safari/537.36"
106.221.78.149 - - [23/Apr/2024:14:24:24 +0000] "GET /assets/fonts/Gilroy/Gilroy-Bold.woff HTTP/1.1" 200 64096 "https://hp.himachaltravelguide.in/assets/css/sections/fonts.css" "Mozilla/5.0 (Linux; U; Android 13; gu-in; CPH2553 Build/TP1A.220905.001) AppleWebKit/537.36 (KHTML, like Gecko) Chrome/91.0.4472.88 Mobile Safari/537.36 HeyTapBrowser/45.10.7.3.1"
117.99.199.137 - - [23/Apr/2024:14:24:24 +0000] "GET /assets/css/lib/bootstrap/bootstrap.min.css HTTP/1.1" 200 31138 "https://hp.himachaltravelguide.in/?gclid=CjwKCAjwuJ2xBhA3EiwAMVjkVP2Qy_4v4ttfxOH0Je30QuCgQCjo1_TfH63UPjKgAuyIfEa4Cw4P-xoCF6QQAvD_BwE" "Mozilla/5.0 (Linux; Android 10; K) AppleWebKit/537.36 (KHTML, like Gecko) Chrome/123.0.0.0 Mobile Safari/537.36"
223.186.91.10 - - [23/Apr/2024:14:24:24 +0000] "GET /assets/js/lib/bootstrap/bootstrap.min.js HTTP/1.1" 200 16560 "https://hp.himachaltravelguide.in/?gclid=CjwKCAjwuJ2xBhA3EiwAMVjkVL44a7KqRwCVdUxA-u-XZ24izagbQw8i3phxSoBuHARRq9zu8jkzTBoCudUQAvD_BwE" "Mozilla/5.0 (Linux; Android 10; K) AppleWebKit/537.36 (KHTML, like Gecko) Chrome/123.0.0.0 Mobile Safari/537.36"
42.105.172.143 - - [23/Apr/2024:14:24:24 +0000] "GET /assets/css/sections/variables.css HTTP/1.1" 200 474 "https://hp.himachaltravelguide.in/assets/css/style.css" "Mozilla/5.0 (Linux; Android 13; TECNO CK8n Build/TP1A.220624.014) AppleWebKit/537.36 (KHTML, like Gecko) Version/4.0 Chrome/123.0.6312.118 Mobile Safari/537.36"
42.105.172.143 - - [23/Apr/2024:14:24:24 +0000] "GET /assets/css/sections/global-settings.css HTTP/1.1" 200 1333 "https://hp.himachaltravelguide.in/assets/css/style.css" "Mozilla/5.0 (Linux; Android 13; TECNO CK8n Build/TP1A.220624.014) AppleWebKit/537.36 (KHTML, like Gecko) Version/4.0 Chrome/123.0.6312.118 Mobile Safari/537.36"
223.186.91.10 - - [23/Apr/2024:14:24:24 +0000] "GET /assets/js/lib/jquery-ui.min.js HTTP/1.1" 200 67864 "https://hp.himachaltravelguide.in/?gclid=CjwKCAjwuJ2xBhA3EiwAMVjkVL44a7KqRwCVdUxA-u-XZ24izagbQw8i3phxSoBuHARRq9zu8jkzTBoCudUQAvD_BwE" "Mozilla/5.0 (Linux; Android 10; K) AppleWebKit/537.36 (KHTML, like Gecko) Chrome/123.0.0.0 Mobile Safari/537.36"
223.186.91.10 - - [23/Apr/2024:14:24:24 +0000] "GET /assets/js/lib/jquery.fancybox.min.js HTTP/1.1" 200 19503 "https://hp.himachaltravelguide.in/?gclid=CjwKCAjwuJ2xBhA3EiwAMVjkVL44a7KqRwCVdUxA-u-XZ24izagbQw8i3phxSoBuHARRq9zu8jkzTBoCudUQAvD_BwE" "Mozilla/5.0 (Linux; Android 10; K) AppleWebKit/537.36 (KHTML, like Gecko) Chrome/123.0.0.0 Mobile Safari/537.36"
42.105.172.143 - - [23/Apr/2024:14:24:24 +0000] "GET /assets/css/sections/fonts.css HTTP/1.1" 200 319 "https://hp.himachaltravelguide.in/assets/css/style.css" "Mozilla/5.0 (Linux; Android 13; TECNO CK8n Build/TP1A.220624.014) AppleWebKit/537.36 (KHTML, like Gecko) Version/4.0 Chrome/123.0.6312.118 Mobile Safari/537.36"
223.186.91.10 - - [23/Apr/2024:14:24:24 +0000] "GET /assets/js/lib/isotope.min.js HTTP/1.1" 200 10201 "https://hp.himachaltravelguide.in/?gclid=CjwKCAjwuJ2xBhA3EiwAMVjkVL44a7KqRwCVdUxA-u-XZ24izagbQw8i3phxSoBuHARRq9zu8jkzTBoCudUQAvD_BwE" "Mozilla/5.0 (Linux; Android 10; K) AppleWebKit/537.36 (KHTML, like Gecko) Chrome/123.0.0.0 Mobile Safari/537.36"
106.221.78.149 - - [23/Apr/2024:14:24:24 +0000] "GET /assets/images/elements/purple-2.png HTTP/1.1" 200 602 "https://hp.himachaltravelguide.in/?gclid=EAIaIQobChMIvLTm9MTYhQMVb8ZzAR0HXw0TEAEYASAAEgJNrfD_BwE" "Mozilla/5.0 (Linux; U; Android 13; gu-in; CPH2553 Build/TP1A.220905.001) AppleWebKit/537.36 (KHTML, like Gecko) Chrome/91.0.4472.88 Mobile Safari/537.36 HeyTapBrowser/45.10.7.3.1"
106.221.78.149 - - [23/Apr/2024:14:24:24 +0000] "GET /assets/images/background/bg-gradient-16.png HTTP/1.1" 200 16672 "https://hp.himachaltravelguide.in/?gclid=EAIaIQobChMIvLTm9MTYhQMVb8ZzAR0HXw0TEAEYASAAEgJNrfD_BwE" "Mozilla/5.0 (Linux; U; Android 13; gu-in; CPH2553 Build/TP1A.220905.001) AppleWebKit/537.36 (KHTML, like Gecko) Chrome/91.0.4472.88 Mobile Safari/537.36 HeyTapBrowser/45.10.7.3.1"
106.221.78.149 - - [23/Apr/2024:14:24:24 +0000] "GET /assets/images/background/bg-gradient-20.png HTTP/1.1" 200 26296 "https://hp.himachaltravelguide.in/?gclid=EAIaIQobChMIvLTm9MTYhQMVb8ZzAR0HXw0TEAEYASAAEgJNrfD_BwE" "Mozilla/5.0 (Linux; U; Android 13; gu-in; CPH2553 Build/TP1A.220905.001) AppleWebKit/537.36 (KHTML, like Gecko) Chrome/91.0.4472.88 Mobile Safari/537.36 HeyTapBrowser/45.10.7.3.1"
223.186.91.10 - - [23/Apr/2024:14:24:24 +0000] "GET /assets/js/lib/slick.min.js HTTP/1.1" 200 10680 "https://hp.himachaltravelguide.in/?gclid=CjwKCAjwuJ2xBhA3EiwAMVjkVL44a7KqRwCVdUxA-u-XZ24izagbQw8i3phxSoBuHARRq9zu8jkzTBoCudUQAvD_BwE" "Mozilla/5.0 (Linux; Android 10; K) AppleWebKit/537.36 (KHTML, like Gecko) Chrome/123.0.0.0 Mobile Safari/537.36"
106.221.78.149 - - [23/Apr/2024:14:24:24 +0000] "GET /assets/fonts/Reey/Reey-Regular.woff HTTP/1.1" 200 79212 "https://hp.himachaltravelguide.in/assets/css/sections/fonts.css" "Mozilla/5.0 (Linux; U; Android 13; gu-in; CPH2553 Build/TP1A.220905.001) AppleWebKit/537.36 (KHTML, like Gecko) Chrome/91.0.4472.88 Mobile Safari/537.36 HeyTapBrowser/45.10.7.3.1"
106.221.78.149 - - [23/Apr/2024:14:24:24 +0000] "GET /assets/images/background/bg-gradient-15.png HTTP/1.1" 200 35167 "https://hp.himachaltravelguide.in/?gclid=EAIaIQobChMIvLTm9MTYhQMVb8ZzAR0HXw0TEAEYASAAEgJNrfD_BwE" "Mozilla/5.0 (Linux; U; Android 13; gu-in; CPH2553 Build/TP1A.220905.001) AppleWebKit/537.36 (KHTML, like Gecko) Chrome/91.0.4472.88 Mobile Safari/537.36 HeyTapBrowser/45.10.7.3.1"
106.221.78.149 - - [23/Apr/2024:14:24:24 +0000] "GET /assets/images/background/bg-gradient-19.png HTTP/1.1" 200 16111 "https://hp.himachaltravelguide.in/?gclid=EAIaIQobChMIvLTm9MTYhQMVb8ZzAR0HXw0TEAEYASAAEgJNrfD_BwE" "Mozilla/5.0 (Linux; U; Android 13; gu-in; CPH2553 Build/TP1A.220905.001) AppleWebKit/537.36 (KHTML, like Gecko) Chrome/91.0.4472.88 Mobile Safari/537.36 HeyTapBrowser/45.10.7.3.1"
223.186.91.10 - - [23/Apr/2024:14:24:25 +0000] "GET /assets/js/lib/appear.min.js HTTP/1.1" 200 784 "https://hp.himachaltravelguide.in/?gclid=CjwKCAjwuJ2xBhA3EiwAMVjkVL44a7KqRwCVdUxA-u-XZ24izagbQw8i3phxSoBuHARRq9zu8jkzTBoCudUQAvD_BwE" "Mozilla/5.0 (Linux; Android 10; K) AppleWebKit/537.36 (KHTML, like Gecko) Chrome/123.0.0.0 Mobile Safari/537.36"
223.186.91.10 - - [23/Apr/2024:14:24:25 +0000] "GET /assets/fonts/Gilroy/Gilroy-Bold.woff HTTP/1.1" 200 64096 "https://hp.himachaltravelguide.in/assets/css/sections/fonts.css" "Mozilla/5.0 (Linux; Android 10; K) AppleWebKit/537.36 (KHTML, like Gecko) Chrome/123.0.0.0 Mobile Safari/537.36"
223.186.91.10 - - [23/Apr/2024:14:24:25 +0000] "GET /assets/js/lib/wow.min.js HTTP/1.1" 200 2826 "https://hp.himachaltravelguide.in/?gclid=CjwKCAjwuJ2xBhA3EiwAMVjkVL44a7KqRwCVdUxA-u-XZ24izagbQw8i3phxSoBuHARRq9zu8jkzTBoCudUQAvD_BwE" "Mozilla/5.0 (Linux; Android 10; K) AppleWebKit/537.36 (KHTML, like Gecko) Chrome/123.0.0.0 Mobile Safari/537.36"
106.221.78.149 - - [23/Apr/2024:14:24:25 +0000] "GET /assets/images/icons/f-icon-8.png HTTP/1.1" 200 3297 "https://hp.himachaltravelguide.in/?gclid=EAIaIQobChMIvLTm9MTYhQMVb8ZzAR0HXw0TEAEYASAAEgJNrfD_BwE" "Mozilla/5.0 (Linux; U; Android 13; gu-in; CPH2553 Build/TP1A.220905.001) AppleWebKit/537.36 (KHTML, like Gecko) Chrome/91.0.4472.88 Mobile Safari/537.36 HeyTapBrowser/45.10.7.3.1"
106.221.78.149 - - [23/Apr/2024:14:24:25 +0000] "GET /assets/images/elements/purple-3.png HTTP/1.1" 200 652 "https://hp.himachaltravelguide.in/?gclid=EAIaIQobChMIvLTm9MTYhQMVb8ZzAR0HXw0TEAEYASAAEgJNrfD_BwE" "Mozilla/5.0 (Linux; U; Android 13; gu-in; CPH2553 Build/TP1A.220905.001) AppleWebKit/537.36 (KHTML, like Gecko) Chrome/91.0.4472.88 Mobile Safari/537.36 HeyTapBrowser/45.10.7.3.1"
106.221.78.149 - - [23/Apr/2024:14:24:25 +0000] "GET /assets/images/icons/f-icon-7.png HTTP/1.1" 200 3114 "https://hp.himachaltravelguide.in/?gclid=EAIaIQobChMIvLTm9MTYhQMVb8ZzAR0HXw0TEAEYASAAEgJNrfD_BwE" "Mozilla/5.0 (Linux; U; Android 13; gu-in; CPH2553 Build/TP1A.220905.001) AppleWebKit/537.36 (KHTML, like Gecko) Chrome/91.0.4472.88 Mobile Safari/537.36 HeyTapBrowser/45.10.7.3.1"
106.221.78.149 - - [23/Apr/2024:14:24:25 +0000] "GET /assets/images/elements/yellow-4.png HTTP/1.1" 200 646 "https://hp.himachaltravelguide.in/?gclid=EAIaIQobChMIvLTm9MTYhQMVb8ZzAR0HXw0TEAEYASAAEgJNrfD_BwE" "Mozilla/5.0 (Linux; U; Android 13; gu-in; CPH2553 Build/TP1A.220905.001) AppleWebKit/537.36 (KHTML, like Gecko) Chrome/91.0.4472.88 Mobile Safari/537.36 HeyTapBrowser/45.10.7.3.1"
117.99.199.137 - - [23/Apr/2024:14:24:25 +0000] "GET /assets/css/lib/fontawesome/css/fontawesome.min.css HTTP/1.1" 200 17422 "https://hp.himachaltravelguide.in/?gclid=CjwKCAjwuJ2xBhA3EiwAMVjkVP2Qy_4v4ttfxOH0Je30QuCgQCjo1_TfH63UPjKgAuyIfEa4Cw4P-xoCF6QQAvD_BwE" "Mozilla/5.0 (Linux; Android 10; K) AppleWebKit/537.36 (KHTML, like Gecko) Chrome/123.0.0.0 Mobile Safari/537.36"
223.186.91.10 - - [23/Apr/2024:14:24:25 +0000] "GET /assets/js/custom-script.js HTTP/1.1" 200 3489 "https://hp.himachaltravelguide.in/?gclid=CjwKCAjwuJ2xBhA3EiwAMVjkVL44a7KqRwCVdUxA-u-XZ24izagbQw8i3phxSoBuHARRq9zu8jkzTBoCudUQAvD_BwE" "Mozilla/5.0 (Linux; Android 10; K) AppleWebKit/537.36 (KHTML, like Gecko) Chrome/123.0.0.0 Mobile Safari/537.36"
223.186.91.10 - - [23/Apr/2024:14:24:25 +0000] "GET /assets/images/elements/white-1.png HTTP/1.1" 200 427 "https://hp.himachaltravelguide.in/?gclid=CjwKCAjwuJ2xBhA3EiwAMVjkVL44a7KqRwCVdUxA-u-XZ24izagbQw8i3phxSoBuHARRq9zu8jkzTBoCudUQAvD_BwE" "Mozilla/5.0 (Linux; Android 10; K) AppleWebKit/537.36 (KHTML, like Gecko) Chrome/123.0.0.0 Mobile Safari/537.36"
223.186.91.10 - - [23/Apr/2024:14:24:25 +0000] "GET /assets/js/lib/swiper.min.js HTTP/1.1" 200 39733 "https://hp.himachaltravelguide.in/?gclid=CjwKCAjwuJ2xBhA3EiwAMVjkVL44a7KqRwCVdUxA-u-XZ24izagbQw8i3phxSoBuHARRq9zu8jkzTBoCudUQAvD_BwE" "Mozilla/5.0 (Linux; Android 10; K) AppleWebKit/537.36 (KHTML, like Gecko) Chrome/123.0.0.0 Mobile Safari/537.36"
117.99.199.137 - - [23/Apr/2024:14:24:25 +0000] "GET /assets/css/lib/fontawesome/css/brands.css HTTP/1.1" 200 4928 "https://hp.himachaltravelguide.in/?gclid=CjwKCAjwuJ2xBhA3EiwAMVjkVP2Qy_4v4ttfxOH0Je30QuCgQCjo1_TfH63UPjKgAuyIfEa4Cw4P-xoCF6QQAvD_BwE" "Mozilla/5.0 (Linux; Android 10; K) AppleWebKit/537.36 (KHTML, like Gecko) Chrome/123.0.0.0 Mobile Safari/537.36"
117.99.199.137 - - [23/Apr/2024:14:24:25 +0000] "GET /assets/css/lib/fontawesome/css/solid.css HTTP/1.1" 200 353 "https://hp.himachaltravelguide.in/?gclid=CjwKCAjwuJ2xBhA3EiwAMVjkVP2Qy_4v4ttfxOH0Je30QuCgQCjo1_TfH63UPjKgAuyIfEa4Cw4P-xoCF6QQAvD_BwE" "Mozilla/5.0 (Linux; Android 10; K) AppleWebKit/537.36 (KHTML, like Gecko) Chrome/123.0.0.0 Mobile Safari/537.36"
117.99.199.137 - - [23/Apr/2024:14:24:25 +0000] "GET /assets/css/lib/simple-line-icons/css/simple-line-icons.min.css HTTP/1.1" 200 2436 "https://hp.himachaltravelguide.in/?gclid=CjwKCAjwuJ2xBhA3EiwAMVjkVP2Qy_4v4ttfxOH0Je30QuCgQCjo1_TfH63UPjKgAuyIfEa4Cw4P-xoCF6QQAvD_BwE" "Mozilla/5.0 (Linux; Android 10; K) AppleWebKit/537.36 (KHTML, like Gecko) Chrome/123.0.0.0 Mobile Safari/537.36"
223.186.91.10 - - [23/Apr/2024:14:24:25 +0000] "GET /assets/images/icons/intro-1.png HTTP/1.1" 200 3503 "https://hp.himachaltravelguide.in/?gclid=CjwKCAjwuJ2xBhA3EiwAMVjkVL44a7KqRwCVdUxA-u-XZ24izagbQw8i3phxSoBuHARRq9zu8jkzTBoCudUQAvD_BwE" "Mozilla/5.0 (Linux; Android 10; K) AppleWebKit/537.36 (KHTML, like Gecko) Chrome/123.0.0.0 Mobile Safari/537.36"
223.186.91.10 - - [23/Apr/2024:14:24:25 +0000] "GET /assets/images/icons/intro-2.png HTTP/1.1" 200 2577 "https://hp.himachaltravelguide.in/?gclid=CjwKCAjwuJ2xBhA3EiwAMVjkVL44a7KqRwCVdUxA-u-XZ24izagbQw8i3phxSoBuHARRq9zu8jkzTBoCudUQAvD_BwE" "Mozilla/5.0 (Linux; Android 10; K) AppleWebKit/537.36 (KHTML, like Gecko) Chrome/123.0.0.0 Mobile Safari/537.36"
223.186.91.10 - - [23/Apr/2024:14:24:25 +0000] "GET /assets/images/icons/intro-3.png HTTP/1.1" 200 2689 "https://hp.himachaltravelguide.in/?gclid=CjwKCAjwuJ2xBhA3EiwAMVjkVL44a7KqRwCVdUxA-u-XZ24izagbQw8i3phxSoBuHARRq9zu8jkzTBoCudUQAvD_BwE" "Mozilla/5.0 (Linux; Android 10; K) AppleWebKit/537.36 (KHTML, like Gecko) Chrome/123.0.0.0 Mobile Safari/537.36"
223.186.91.10 - - [23/Apr/2024:14:24:25 +0000] "GET /assets/fonts/Reey/Reey-Regular.woff HTTP/1.1" 200 79212 "https://hp.himachaltravelguide.in/assets/css/sections/fonts.css" "Mozilla/5.0 (Linux; Android 10; K) AppleWebKit/537.36 (KHTML, like Gecko) Chrome/123.0.0.0 Mobile Safari/537.36"
47.11.129.43 - - [23/Apr/2024:14:24:25 +0000] "GET /?gclid=CjwKCAjwuJ2xBhA3EiwAMVjkVHBk0jexYX4XcZj48eNJ6dcw_rRwrXCU-zeB3QL6GbTiFGaz3IveURoCfqEQAvD_BwE HTTP/1.1" 200 11239 "-" "Mozilla/5.0 (Linux; Android 8.1.0; vivo 1820) AppleWebKit/537.36 (KHTML, like Gecko) Chrome/87.0.4280.141 Mobile Safari/537.36"
106.221.78.149 - - [23/Apr/2024:14:24:25 +0000] "GET /assets/images/resources/thumbnails/testi-1.jpg HTTP/1.1" 200 8918 "https://hp.himachaltravelguide.in/?gclid=EAIaIQobChMIvLTm9MTYhQMVb8ZzAR0HXw0TEAEYASAAEgJNrfD_BwE" "Mozilla/5.0 (Linux; U; Android 13; gu-in; CPH2553 Build/TP1A.220905.001) AppleWebKit/537.36 (KHTML, like Gecko) Chrome/91.0.4472.88 Mobile Safari/537.36 HeyTapBrowser/45.10.7.3.1"
223.186.91.10 - - [23/Apr/2024:14:24:25 +0000] "GET /assets/images/background/bg-gradient-15.png HTTP/1.1" 200 35167 "https://hp.himachaltravelguide.in/?gclid=CjwKCAjwuJ2xBhA3EiwAMVjkVL44a7KqRwCVdUxA-u-XZ24izagbQw8i3phxSoBuHARRq9zu8jkzTBoCudUQAvD_BwE" "Mozilla/5.0 (Linux; Android 10; K) AppleWebKit/537.36 (KHTML, like Gecko) Chrome/123.0.0.0 Mobile Safari/537.36"
160.238.72.4 - - [23/Apr/2024:14:24:25 +0000] "GET /?gclid=EAIaIQobChMIjM3j28TYhQMVecgWBR3JyQqCEAEYASAAEgLxe_D_BwE HTTP/1.1" 200 11239 "-" "Mozilla/5.0 (Linux; Android 10; K) AppleWebKit/537.36 (KHTML, like Gecko) Chrome/124.0.0.0 Mobile Safari/537.36"
223.186.91.10 - - [23/Apr/2024:14:24:25 +0000] "GET /assets/images/background/bg-gradient-16.png HTTP/1.1" 200 16672 "https://hp.himachaltravelguide.in/?gclid=CjwKCAjwuJ2xBhA3EiwAMVjkVL44a7KqRwCVdUxA-u-XZ24izagbQw8i3phxSoBuHARRq9zu8jkzTBoCudUQAvD_BwE" "Mozilla/5.0 (Linux; Android 10; K) AppleWebKit/537.36 (KHTML, like Gecko) Chrome/123.0.0.0 Mobile Safari/537.36"
106.221.78.149 - - [23/Apr/2024:14:24:25 +0000] "GET /assets/images/resources/thumbnails/testi-2.jpg HTTP/1.1" 200 8319 "https://hp.himachaltravelguide.in/?gclid=EAIaIQobChMIvLTm9MTYhQMVb8ZzAR0HXw0TEAEYASAAEgJNrfD_BwE" "Mozilla/5.0 (Linux; U; Android 13; gu-in; CPH2553 Build/TP1A.220905.001) AppleWebKit/537.36 (KHTML, like Gecko) Chrome/91.0.4472.88 Mobile Safari/537.36 HeyTapBrowser/45.10.7.3.1"
223.186.91.10 - - [23/Apr/2024:14:24:25 +0000] "GET /assets/images/elements/purple-2.png HTTP/1.1" 200 602 "https://hp.himachaltravelguide.in/?gclid=CjwKCAjwuJ2xBhA3EiwAMVjkVL44a7KqRwCVdUxA-u-XZ24izagbQw8i3phxSoBuHARRq9zu8jkzTBoCudUQAvD_BwE" "Mozilla/5.0 (Linux; Android 10; K) AppleWebKit/537.36 (KHTML, like Gecko) Chrome/123.0.0.0 Mobile Safari/537.36"
117.99.199.137 - - [23/Apr/2024:14:24:25 +0000] "GET /assets/css/lib/animate.min.css HTTP/1.1" 200 4148 "https://hp.himachaltravelguide.in/?gclid=CjwKCAjwuJ2xBhA3EiwAMVjkVP2Qy_4v4ttfxOH0Je30QuCgQCjo1_TfH63UPjKgAuyIfEa4Cw4P-xoCF6QQAvD_BwE" "Mozilla/5.0 (Linux; Android 10; K) AppleWebKit/537.36 (KHTML, like Gecko) Chrome/123.0.0.0 Mobile Safari/537.36"
106.221.78.149 - - [23/Apr/2024:14:24:25 +0000] "GET /assets/images/resources/thumbnails/testi-3.jpg HTTP/1.1" 200 9438 "https://hp.himachaltravelguide.in/?gclid=EAIaIQobChMIvLTm9MTYhQMVb8ZzAR0HXw0TEAEYASAAEgJNrfD_BwE" "Mozilla/5.0 (Linux; U; Android 13; gu-in; CPH2553 Build/TP1A.220905.001) AppleWebKit/537.36 (KHTML, like Gecko) Chrome/91.0.4472.88 Mobile Safari/537.36 HeyTapBrowser/45.10.7.3.1"
103.211.134.191 - - [23/Apr/2024:14:24:25 +0000] "GET /assets/images/elements/white-1.png HTTP/1.1" 200 427 "https://hp.himachaltravelguide.in/?gclid=CjwKCAjwuJ2xBhA3EiwAMVjkVHi_ZVctV1nkLhLRQbKUPzKGq4W-0CEqwI20eUVEVo5CdRh5KG7y_BoCh4EQAvD_BwE" "Mozilla/5.0 (Linux; U; Android 11; en-us; RMX3269 Build/RP1A.201005.001) AppleWebKit/537.36 (KHTML, like Gecko) Chrome/91.0.4472.88 Mobile Safari/537.36 HeyTapBrowser/45.10.7.3.1"
106.221.78.149 - - [23/Apr/2024:14:24:25 +0000] "GET /assets/images/icons/f-icon-9.png HTTP/1.1" 200 3121 "https://hp.himachaltravelguide.in/?gclid=EAIaIQobChMIvLTm9MTYhQMVb8ZzAR0HXw0TEAEYASAAEgJNrfD_BwE" "Mozilla/5.0 (Linux; U; Android 13; gu-in; CPH2553 Build/TP1A.220905.001) AppleWebKit/537.36 (KHTML, like Gecko) Chrome/91.0.4472.88 Mobile Safari/537.36 HeyTapBrowser/45.10.7.3.1"
223.186.91.10 - - [23/Apr/2024:14:24:25 +0000] "GET /assets/images/background/bg-gradient-19.png HTTP/1.1" 200 16111 "https://hp.himachaltravelguide.in/?gclid=CjwKCAjwuJ2xBhA3EiwAMVjkVL44a7KqRwCVdUxA-u-XZ24izagbQw8i3phxSoBuHARRq9zu8jkzTBoCudUQAvD_BwE" "Mozilla/5.0 (Linux; Android 10; K) AppleWebKit/537.36 (KHTML, like Gecko) Chrome/123.0.0.0 Mobile Safari/537.36"
223.186.91.10 - - [23/Apr/2024:14:24:25 +0000] "GET /assets/images/background/bg-gradient-20.png HTTP/1.1" 200 26296 "https://hp.himachaltravelguide.in/?gclid=CjwKCAjwuJ2xBhA3EiwAMVjkVL44a7KqRwCVdUxA-u-XZ24izagbQw8i3phxSoBuHARRq9zu8jkzTBoCudUQAvD_BwE" "Mozilla/5.0 (Linux; Android 10; K) AppleWebKit/537.36 (KHTML, like Gecko) Chrome/123.0.0.0 Mobile Safari/537.36"
117.99.199.137 - - [23/Apr/2024:14:24:25 +0000] "GET /assets/css/lib/slick.min.css HTTP/1.1" 200 516 "https://hp.himachaltravelguide.in/?gclid=CjwKCAjwuJ2xBhA3EiwAMVjkVP2Qy_4v4ttfxOH0Je30QuCgQCjo1_TfH63UPjKgAuyIfEa4Cw4P-xoCF6QQAvD_BwE" "Mozilla/5.0 (Linux; Android 10; K) AppleWebKit/537.36 (KHTML, like Gecko) Chrome/123.0.0.0 Mobile Safari/537.36"
117.99.199.137 - - [23/Apr/2024:14:24:25 +0000] "GET /assets/css/lib/swiper.min.css HTTP/1.1" 200 4593 "https://hp.himachaltravelguide.in/?gclid=CjwKCAjwuJ2xBhA3EiwAMVjkVP2Qy_4v4ttfxOH0Je30QuCgQCjo1_TfH63UPjKgAuyIfEa4Cw4P-xoCF6QQAvD_BwE" "Mozilla/5.0 (Linux; Android 10; K) AppleWebKit/537.36 (KHTML, like Gecko) Chrome/123.0.0.0 Mobile Safari/537.36"
117.99.199.137 - - [23/Apr/2024:14:24:25 +0000] "GET /assets/css/lib/jquery-ui.min.css HTTP/1.1" 200 7629 "https://hp.himachaltravelguide.in/?gclid=CjwKCAjwuJ2xBhA3EiwAMVjkVP2Qy_4v4ttfxOH0Je30QuCgQCjo1_TfH63UPjKgAuyIfEa4Cw4P-xoCF6QQAvD_BwE" "Mozilla/5.0 (Linux; Android 10; K) AppleWebKit/537.36 (KHTML, like Gecko) Chrome/123.0.0.0 Mobile Safari/537.36"
223.186.91.10 - - [23/Apr/2024:14:24:25 +0000] "GET /assets/images/elements/purple-3.png HTTP/1.1" 200 652 "https://hp.himachaltravelguide.in/?gclid=CjwKCAjwuJ2xBhA3EiwAMVjkVL44a7KqRwCVdUxA-u-XZ24izagbQw8i3phxSoBuHARRq9zu8jkzTBoCudUQAvD_BwE" "Mozilla/5.0 (Linux; Android 10; K) AppleWebKit/537.36 (KHTML, like Gecko) Chrome/123.0.0.0 Mobile Safari/537.36"
106.221.78.149 - - [23/Apr/2024:14:24:25 +0000] "GET /assets/images/resources/misc/man-orange-bag.png HTTP/1.1" 200 114524 "https://hp.himachaltravelguide.in/?gclid=EAIaIQobChMIvLTm9MTYhQMVb8ZzAR0HXw0TEAEYASAAEgJNrfD_BwE" "Mozilla/5.0 (Linux; U; Android 13; gu-in; CPH2553 Build/TP1A.220905.001) AppleWebKit/537.36 (KHTML, like Gecko) Chrome/91.0.4472.88 Mobile Safari/537.36 HeyTapBrowser/45.10.7.3.1"
106.221.78.149 - - [23/Apr/2024:14:24:25 +0000] "GET /assets/images/background/pattern-3.jpg HTTP/1.1" 200 15213 "https://hp.himachaltravelguide.in/?gclid=EAIaIQobChMIvLTm9MTYhQMVb8ZzAR0HXw0TEAEYASAAEgJNrfD_BwE" "Mozilla/5.0 (Linux; U; Android 13; gu-in; CPH2553 Build/TP1A.220905.001) AppleWebKit/537.36 (KHTML, like Gecko) Chrome/91.0.4472.88 Mobile Safari/537.36 HeyTapBrowser/45.10.7.3.1"
42.106.95.222 - - [23/Apr/2024:14:24:25 +0000] "GET /assets/images/tripperHub-white.png HTTP/1.1" 200 181946 "https://hp.himachaltravelguide.in/?gclid=EAIaIQobChMIw4Dn4MTYhQMVFmIIBB2FHw_REAEYASAAEgJg6PD_BwE" "Mozilla/5.0 (Linux; Android 10; K) AppleWebKit/537.36 (KHTML, like Gecko) Chrome/124.0.0.0 Mobile Safari/537.36"
223.186.91.10 - - [23/Apr/2024:14:24:25 +0000] "GET /assets/images/icons/f-icon-7.png HTTP/1.1" 200 3114 "https://hp.himachaltravelguide.in/?gclid=CjwKCAjwuJ2xBhA3EiwAMVjkVL44a7KqRwCVdUxA-u-XZ24izagbQw8i3phxSoBuHARRq9zu8jkzTBoCudUQAvD_BwE" "Mozilla/5.0 (Linux; Android 10; K) AppleWebKit/537.36 (KHTML, like Gecko) Chrome/123.0.0.0 Mobile Safari/537.36"
106.221.78.149 - - [23/Apr/2024:14:24:25 +0000] "GET /assets/images/tripperHub-white.png HTTP/1.1" 200 181946 "https://hp.himachaltravelguide.in/?gclid=EAIaIQobChMIvLTm9MTYhQMVb8ZzAR0HXw0TEAEYASAAEgJNrfD_BwE" "Mozilla/5.0 (Linux; U; Android 13; gu-in; CPH2553 Build/TP1A.220905.001) AppleWebKit/537.36 (KHTML, like Gecko) Chrome/91.0.4472.88 Mobile Safari/537.36 HeyTapBrowser/45.10.7.3.1"
42.105.172.143 - - [23/Apr/2024:14:24:25 +0000] "GET /assets/js/lib/popper.min.js HTTP/1.1" 200 7519 "https://hp.himachaltravelguide.in/?gclid=EAIaIQobChMI8J6U9cTYhQMV9J-sAh10DArEEAEYASAAEgL3yfD_BwE" "Mozilla/5.0 (Linux; Android 13; TECNO CK8n Build/TP1A.220624.014) AppleWebKit/537.36 (KHTML, like Gecko) Version/4.0 Chrome/123.0.6312.118 Mobile Safari/537.36"
223.186.91.10 - - [23/Apr/2024:14:24:25 +0000] "GET /assets/images/icons/f-icon-8.png HTTP/1.1" 200 3297 "https://hp.himachaltravelguide.in/?gclid=CjwKCAjwuJ2xBhA3EiwAMVjkVL44a7KqRwCVdUxA-u-XZ24izagbQw8i3phxSoBuHARRq9zu8jkzTBoCudUQAvD_BwE" "Mozilla/5.0 (Linux; Android 10; K) AppleWebKit/537.36 (KHTML, like Gecko) Chrome/123.0.0.0 Mobile Safari/537.36"
223.186.91.10 - - [23/Apr/2024:14:24:25 +0000] "GET /assets/images/icons/f-icon-9.png HTTP/1.1" 200 3121 "https://hp.himachaltravelguide.in/?gclid=CjwKCAjwuJ2xBhA3EiwAMVjkVL44a7KqRwCVdUxA-u-XZ24izagbQw8i3phxSoBuHARRq9zu8jkzTBoCudUQAvD_BwE" "Mozilla/5.0 (Linux; Android 10; K) AppleWebKit/537.36 (KHTML, like Gecko) Chrome/123.0.0.0 Mobile Safari/537.36"
42.105.172.143 - - [23/Apr/2024:14:24:25 +0000] "GET /assets/js/lib/bootstrap/bootstrap.min.js HTTP/1.1" 200 16560 "https://hp.himachaltravelguide.in/?gclid=EAIaIQobChMI8J6U9cTYhQMV9J-sAh10DArEEAEYASAAEgL3yfD_BwE" "Mozilla/5.0 (Linux; Android 13; TECNO CK8n Build/TP1A.220624.014) AppleWebKit/537.36 (KHTML, like Gecko) Version/4.0 Chrome/123.0.6312.118 Mobile Safari/537.36"
117.99.199.137 - - [23/Apr/2024:14:24:25 +0000] "GET /assets/css/lib/jquery.fancybox.min.css HTTP/1.1" 200 3167 "https://hp.himachaltravelguide.in/?gclid=CjwKCAjwuJ2xBhA3EiwAMVjkVP2Qy_4v4ttfxOH0Je30QuCgQCjo1_TfH63UPjKgAuyIfEa4Cw4P-xoCF6QQAvD_BwE" "Mozilla/5.0 (Linux; Android 10; K) AppleWebKit/537.36 (KHTML, like Gecko) Chrome/123.0.0.0 Mobile Safari/537.36"
