106.221.125.191 - - [23/Apr/2024:14:23:32 +0000] "GET /assets/css/lib/bootstrap/bootstrap.min.css HTTP/1.1" 200 31138 "https://hp.himachaltravelguide.in/?gclid=CjwKCAjwuJ2xBhA3EiwAMVjkVKMsoDHrc7KpudKkRGuIMPqMvJgfGqcTaKhf-qsSJkxjlMczPyDE1xoC6O8QAvD_BwE" "Mozilla/5.0 (Linux; Android 10; K) AppleWebKit/537.36 (KHTML, like Gecko) Chrome/124.0.0.0 Mobile Safari/537.36"
47.11.199.242 - - [23/Apr/2024:14:23:32 +0000] "GET /?gclid=CjwKCAjwuJ2xBhA3EiwAMVjkVK8FIQ1NXYcO-KJRAQ2i7rNXIWveiyizpDiF_DGT8c8474Pbd6OO8xoCttAQAvD_BwE HTTP/1.1" 200 11215 "-" "Mozilla/5.0 (Linux; Android 10; K) AppleWebKit/537.36 (KHTML, like Gecko) Chrome/123.0.0.0 Mobile Safari/537.36"
157.45.229.131 - - [23/Apr/2024:14:23:32 +0000] "GET /assets/images/elements/purple-2.png HTTP/1.1" 200 602 "https://hp.himachaltravelguide.in/?gclid=CjwKCAjwuJ2xBhA3EiwAMVjkVIgTXhtWiRusUiQHtY0jT7VkAFPcI2GwmMOFUNb7spVrsldRtDWZpRoCPX4QAvD_BwE" "Mozilla/5.0 (Linux; Android 10; K) AppleWebKit/537.36 (KHTML, like Gecko) Chrome/123.0.0.0 Mobile Safari/537.36"
106.221.125.191 - - [23/Apr/2024:14:23:32 +0000] "GET /assets/css/lib/fontawesome/css/solid.css HTTP/1.1" 200 353 "https://hp.himachaltravelguide.in/?gclid=CjwKCAjwuJ2xBhA3EiwAMVjkVKMsoDHrc7KpudKkRGuIMPqMvJgfGqcTaKhf-qsSJkxjlMczPyDE1xoC6O8QAvD_BwE" "Mozilla/5.0 (Linux; Android 10; K) AppleWebKit/537.36 (KHTML, like Gecko) Chrome/124.0.0.0 Mobile Safari/537.36"
106.221.125.191 - - [23/Apr/2024:14:23:32 +0000] "GET /assets/css/lib/fontawesome/css/fontawesome.min.css HTTP/1.1" 200 17422 "https://hp.himachaltravelguide.in/?gclid=CjwKCAjwuJ2xBhA3EiwAMVjkVKMsoDHrc7KpudKkRGuIMPqMvJgfGqcTaKhf-qsSJkxjlMczPyDE1xoC6O8QAvD_BwE" "Mozilla/5.0 (Linux; Android 10; K) AppleWebKit/537.36 (KHTML, like Gecko) Chrome/124.0.0.0 Mobile Safari/537.36"
106.221.125.191 - - [23/Apr/2024:14:23:32 +0000] "GET /assets/css/lib/simple-line-icons/css/simple-line-icons.min.css HTTP/1.1" 200 2436 "https://hp.himachaltravelguide.in/?gclid=CjwKCAjwuJ2xBhA3EiwAMVjkVKMsoDHrc7KpudKkRGuIMPqMvJgfGqcTaKhf-qsSJkxjlMczPyDE1xoC6O8QAvD_BwE" "Mozilla/5.0 (Linux; Android 10; K) AppleWebKit/537.36 (KHTML, like Gecko) Chrome/124.0.0.0 Mobile Safari/537.36"
106.221.125.191 - - [23/Apr/2024:14:23:32 +0000] "GET /assets/css/lib/fontawesome/css/brands.css HTTP/1.1" 200 4928 "https://hp.himachaltravelguide.in/?gclid=CjwKCAjwuJ2xBhA3EiwAMVjkVKMsoDHrc7KpudKkRGuIMPqMvJgfGqcTaKhf-qsSJkxjlMczPyDE1xoC6O8QAvD_BwE" "Mozilla/5.0 (Linux; Android 10; K) AppleWebKit/537.36 (KHTML, like Gecko) Chrome/124.0.0.0 Mobile Safari/537.36"
106.221.125.191 - - [23/Apr/2024:14:23:32 +0000] "GET /assets/css/lib/animate.min.css HTTP/1.1" 200 4148 "https://hp.himachaltravelguide.in/?gclid=CjwKCAjwuJ2xBhA3EiwAMVjkVKMsoDHrc7KpudKkRGuIMPqMvJgfGqcTaKhf-qsSJkxjlMczPyDE1xoC6O8QAvD_BwE" "Mozilla/5.0 (Linux; Android 10; K) AppleWebKit/537.36 (KHTML, like Gecko) Chrome/124.0.0.0 Mobile Safari/537.36"
106.221.125.191 - - [23/Apr/2024:14:23:32 +0000] "GET /assets/css/lib/slick.min.css HTTP/1.1" 200 516 "https://hp.himachaltravelguide.in/?gclid=CjwKCAjwuJ2xBhA3EiwAMVjkVKMsoDHrc7KpudKkRGuIMPqMvJgfGqcTaKhf-qsSJkxjlMczPyDE1xoC6O8QAvD_BwE" "Mozilla/5.0 (Linux; Android 10; K) AppleWebKit/537.36 (KHTML, like Gecko) Chrome/124.0.0.0 Mobile Safari/537.36"
106.221.125.191 - - [23/Apr/2024:14:23:32 +0000] "GET /assets/css/lib/swiper.min.css HTTP/1.1" 200 4593 "https://hp.himachaltravelguide.in/?gclid=CjwKCAjwuJ2xBhA3EiwAMVjkVKMsoDHrc7KpudKkRGuIMPqMvJgfGqcTaKhf-qsSJkxjlMczPyDE1xoC6O8QAvD_BwE" "Mozilla/5.0 (Linux; Android 10; K) AppleWebKit/537.36 (KHTML, like Gecko) Chrome/124.0.0.0 Mobile Safari/537.36"
106.221.125.191 - - [23/Apr/2024:14:23:32 +0000] "GET /assets/css/lib/jquery-ui.min.css HTTP/1.1" 200 7629 "https://hp.himachaltravelguide.in/?gclid=CjwKCAjwuJ2xBhA3EiwAMVjkVKMsoDHrc7KpudKkRGuIMPqMvJgfGqcTaKhf-qsSJkxjlMczPyDE1xoC6O8QAvD_BwE" "Mozilla/5.0 (Linux; Android 10; K) AppleWebKit/537.36 (KHTML, like Gecko) Chrome/124.0.0.0 Mobile Safari/537.36"
106.221.125.191 - - [23/Apr/2024:14:23:32 +0000] "GET /assets/css/lib/jquery.fancybox.min.css HTTP/1.1" 200 3167 "https://hp.himachaltravelguide.in/?gclid=CjwKCAjwuJ2xBhA3EiwAMVjkVKMsoDHrc7KpudKkRGuIMPqMvJgfGqcTaKhf-qsSJkxjlMczPyDE1xoC6O8QAvD_BwE" "Mozilla/5.0 (Linux; Android 10; K) AppleWebKit/537.36 (KHTML, like Gecko) Chrome/124.0.0.0 Mobile Safari/537.36"
106.221.125.191 - - [23/Apr/2024:14:23:32 +0000] "GET /assets/css/custom-animate.css HTTP/1.1" 200 1880 "https://hp.himachaltravelguide.in/?gclid=CjwKCAjwuJ2xBhA3EiwAMVjkVKMsoDHrc7KpudKkRGuIMPqMvJgfGqcTaKhf-qsSJkxjlMczPyDE1xoC6O8QAvD_BwE" "Mozilla/5.0 (Linux; Android 10; K) AppleWebKit/537.36 (KHTML, like Gecko) Chrome/124.0.0.0 Mobile Safari/537.36"
106.221.125.191 - - [23/Apr/2024:14:23:32 +0000] "GET /assets/css/style.css HTTP/1.1" 200 23571 "https://hp.himachaltravelguide.in/?gclid=CjwKCAjwuJ2xBhA3EiwAMVjkVKMsoDHrc7KpudKkRGuIMPqMvJgfGqcTaKhf-qsSJkxjlMczPyDE1xoC6O8QAvD_BwE" "Mozilla/5.0 (Linux; Android 10; K) AppleWebKit/537.36 (KHTML, like Gecko) Chrome/124.0.0.0 Mobile Safari/537.36"
106.221.125.191 - - [23/Apr/2024:14:23:32 +0000] "GET /assets/css/responsive.css HTTP/1.1" 200 3920 "https://hp.himachaltravelguide.in/?gclid=CjwKCAjwuJ2xBhA3EiwAMVjkVKMsoDHrc7KpudKkRGuIMPqMvJgfGqcTaKhf-qsSJkxjlMczPyDE1xoC6O8QAvD_BwE" "Mozilla/5.0 (Linux; Android 10; K) AppleWebKit/537.36 (KHTML, like Gecko) Chrome/124.0.0.0 Mobile Safari/537.36"
106.221.125.191 - - [23/Apr/2024:14:23:32 +0000] "GET /assets/images/tripperHubpng%201.png HTTP/1.1" 200 18158 "https://hp.himachaltravelguide.in/?gclid=CjwKCAjwuJ2xBhA3EiwAMVjkVKMsoDHrc7KpudKkRGuIMPqMvJgfGqcTaKhf-qsSJkxjlMczPyDE1xoC6O8QAvD_BwE" "Mozilla/5.0 (Linux; Android 10; K) AppleWebKit/537.36 (KHTML, like Gecko) Chrome/124.0.0.0 Mobile Safari/537.36"
106.221.125.191 - - [23/Apr/2024:14:23:32 +0000] "GET /assets/images/icons/menu-icon.svg HTTP/1.1" 200 305 "https://hp.himachaltravelguide.in/?gclid=CjwKCAjwuJ2xBhA3EiwAMVjkVKMsoDHrc7KpudKkRGuIMPqMvJgfGqcTaKhf-qsSJkxjlMczPyDE1xoC6O8QAvD_BwE" "Mozilla/5.0 (Linux; Android 10; K) AppleWebKit/537.36 (KHTML, like Gecko) Chrome/124.0.0.0 Mobile Safari/537.36"
47.11.199.242 - - [23/Apr/2024:14:23:32 +0000] "GET /assets/css/lib/bootstrap/bootstrap.min.css HTTP/1.1" 200 31138 "https://hp.himachaltravelguide.in/?gclid=CjwKCAjwuJ2xBhA3EiwAMVjkVK8FIQ1NXYcO-KJRAQ2i7rNXIWveiyizpDiF_DGT8c8474Pbd6OO8xoCttAQAvD_BwE" "Mozilla/5.0 (Linux; Android 10; K) AppleWebKit/537.36 (KHTML, like Gecko) Chrome/123.0.0.0 Mobile Safari/537.36"
117.97.187.249 - - [23/Apr/2024:14:23:32 +0000] "GET /?gclid=EAIaIQobChMI9bKi1sTYhQMVvJcAAB1WSwPEEAEYASAAEgK7UvD_BwE HTTP/1.1" 200 11239 "-" "Mozilla/5.0 (Linux; Android 11; CPH2239 Build/RP1A.200720.011; wv) AppleWebKit/537.36 (KHTML, like Gecko) Version/4.0 Chrome/123.0.6312.118 Mobile Safari/537.36"
106.221.125.191 - - [23/Apr/2024:14:23:32 +0000] "GET /assets/css/sections/variables.css HTTP/1.1" 200 474 "https://hp.himachaltravelguide.in/assets/css/style.css" "Mozilla/5.0 (Linux; Android 10; K) AppleWebKit/537.36 (KHTML, like Gecko) Chrome/124.0.0.0 Mobile Safari/537.36"
106.221.125.191 - - [23/Apr/2024:14:23:32 +0000] "GET /assets/css/sections/fonts.css HTTP/1.1" 200 319 "https://hp.himachaltravelguide.in/assets/css/style.css" "Mozilla/5.0 (Linux; Android 10; K) AppleWebKit/537.36 (KHTML, like Gecko) Chrome/124.0.0.0 Mobile Safari/537.36"
106.221.125.191 - - [23/Apr/2024:14:23:32 +0000] "GET /assets/css/sections/global-settings.css HTTP/1.1" 200 1333 "https://hp.himachaltravelguide.in/assets/css/style.css" "Mozilla/5.0 (Linux; Android 10; K) AppleWebKit/537.36 (KHTML, like Gecko) Chrome/124.0.0.0 Mobile Safari/537.36"
47.11.199.242 - - [23/Apr/2024:14:23:32 +0000] "GET /assets/css/lib/fontawesome/css/fontawesome.min.css HTTP/1.1" 200 17422 "https://hp.himachaltravelguide.in/?gclid=CjwKCAjwuJ2xBhA3EiwAMVjkVK8FIQ1NXYcO-KJRAQ2i7rNXIWveiyizpDiF_DGT8c8474Pbd6OO8xoCttAQAvD_BwE" "Mozilla/5.0 (Linux; Android 10; K) AppleWebKit/537.36 (KHTML, like Gecko) Chrome/123.0.0.0 Mobile Safari/537.36"
47.11.199.242 - - [23/Apr/2024:14:23:32 +0000] "GET /assets/css/lib/fontawesome/css/solid.css HTTP/1.1" 200 353 "https://hp.himachaltravelguide.in/?gclid=CjwKCAjwuJ2xBhA3EiwAMVjkVK8FIQ1NXYcO-KJRAQ2i7rNXIWveiyizpDiF_DGT8c8474Pbd6OO8xoCttAQAvD_BwE" "Mozilla/5.0 (Linux; Android 10; K) AppleWebKit/537.36 (KHTML, like Gecko) Chrome/123.0.0.0 Mobile Safari/537.36"
47.11.199.242 - - [23/Apr/2024:14:23:32 +0000] "GET /assets/css/lib/fontawesome/css/brands.css HTTP/1.1" 200 4928 "https://hp.himachaltravelguide.in/?gclid=CjwKCAjwuJ2xBhA3EiwAMVjkVK8FIQ1NXYcO-KJRAQ2i7rNXIWveiyizpDiF_DGT8c8474Pbd6OO8xoCttAQAvD_BwE" "Mozilla/5.0 (Linux; Android 10; K) AppleWebKit/537.36 (KHTML, like Gecko) Chrome/123.0.0.0 Mobile Safari/537.36"
47.11.199.242 - - [23/Apr/2024:14:23:32 +0000] "GET /assets/css/lib/simple-line-icons/css/simple-line-icons.min.css HTTP/1.1" 200 2436 "https://hp.himachaltravelguide.in/?gclid=CjwKCAjwuJ2xBhA3EiwAMVjkVK8FIQ1NXYcO-KJRAQ2i7rNXIWveiyizpDiF_DGT8c8474Pbd6OO8xoCttAQAvD_BwE" "Mozilla/5.0 (Linux; Android 10; K) AppleWebKit/537.36 (KHTML, like Gecko) Chrome/123.0.0.0 Mobile Safari/537.36"
106.221.125.191 - - [23/Apr/2024:14:23:32 +0000] "GET /assets/js/lib/popper.min.js HTTP/1.1" 200 7519 "https://hp.himachaltravelguide.in/?gclid=CjwKCAjwuJ2xBhA3EiwAMVjkVKMsoDHrc7KpudKkRGuIMPqMvJgfGqcTaKhf-qsSJkxjlMczPyDE1xoC6O8QAvD_BwE" "Mozilla/5.0 (Linux; Android 10; K) AppleWebKit/537.36 (KHTML, like Gecko) Chrome/124.0.0.0 Mobile Safari/537.36"
106.221.125.191 - - [23/Apr/2024:14:23:32 +0000] "GET /assets/js/lib/bootstrap/bootstrap.min.js HTTP/1.1" 200 16560 "https://hp.himachaltravelguide.in/?gclid=CjwKCAjwuJ2xBhA3EiwAMVjkVKMsoDHrc7KpudKkRGuIMPqMvJgfGqcTaKhf-qsSJkxjlMczPyDE1xoC6O8QAvD_BwE" "Mozilla/5.0 (Linux; Android 10; K) AppleWebKit/537.36 (KHTML, like Gecko) Chrome/124.0.0.0 Mobile Safari/537.36"
106.221.125.191 - - [23/Apr/2024:14:23:32 +0000] "GET /assets/js/lib/jquery.min.js HTTP/1.1" 200 33815 "https://hp.himachaltravelguide.in/?gclid=CjwKCAjwuJ2xBhA3EiwAMVjkVKMsoDHrc7KpudKkRGuIMPqMvJgfGqcTaKhf-qsSJkxjlMczPyDE1xoC6O8QAvD_BwE" "Mozilla/5.0 (Linux; Android 10; K) AppleWebKit/537.36 (KHTML, like Gecko) Chrome/124.0.0.0 Mobile Safari/537.36"
106.221.125.191 - - [23/Apr/2024:14:23:32 +0000] "GET /assets/js/lib/jquery-ui.min.js HTTP/1.1" 200 67864 "https://hp.himachaltravelguide.in/?gclid=CjwKCAjwuJ2xBhA3EiwAMVjkVKMsoDHrc7KpudKkRGuIMPqMvJgfGqcTaKhf-qsSJkxjlMczPyDE1xoC6O8QAvD_BwE" "Mozilla/5.0 (Linux; Android 10; K) AppleWebKit/537.36 (KHTML, like Gecko) Chrome/124.0.0.0 Mobile Safari/537.36"
106.221.125.191 - - [23/Apr/2024:14:23:32 +0000] "GET /assets/js/lib/jquery.fancybox.min.js HTTP/1.1" 200 19503 "https://hp.himachaltravelguide.in/?gclid=CjwKCAjwuJ2xBhA3EiwAMVjkVKMsoDHrc7KpudKkRGuIMPqMvJgfGqcTaKhf-qsSJkxjlMczPyDE1xoC6O8QAvD_BwE" "Mozilla/5.0 (Linux; Android 10; K) AppleWebKit/537.36 (KHTML, like Gecko) Chrome/124.0.0.0 Mobile Safari/537.36"
106.221.125.191 - - [23/Apr/2024:14:23:32 +0000] "GET /assets/js/lib/isotope.min.js HTTP/1.1" 200 10201 "https://hp.himachaltravelguide.in/?gclid=CjwKCAjwuJ2xBhA3EiwAMVjkVKMsoDHrc7KpudKkRGuIMPqMvJgfGqcTaKhf-qsSJkxjlMczPyDE1xoC6O8QAvD_BwE" "Mozilla/5.0 (Linux; Android 10; K) AppleWebKit/537.36 (KHTML, like Gecko) Chrome/124.0.0.0 Mobile Safari/537.36"
47.11.199.242 - - [23/Apr/2024:14:23:32 +0000] "GET /assets/css/lib/animate.min.css HTTP/1.1" 200 4148 "https://hp.himachaltravelguide.in/?gclid=CjwKCAjwuJ2xBhA3EiwAMVjkVK8FIQ1NXYcO-KJRAQ2i7rNXIWveiyizpDiF_DGT8c8474Pbd6OO8xoCttAQAvD_BwE" "Mozilla/5.0 (Linux; Android 10; K) AppleWebKit/537.36 (KHTML, like Gecko) Chrome/123.0.0.0 Mobile Safari/537.36"
47.11.199.242 - - [23/Apr/2024:14:23:32 +0000] "GET /assets/css/lib/swiper.min.css HTTP/1.1" 200 4593 "https://hp.himachaltravelguide.in/?gclid=CjwKCAjwuJ2xBhA3EiwAMVjkVK8FIQ1NXYcO-KJRAQ2i7rNXIWveiyizpDiF_DGT8c8474Pbd6OO8xoCttAQAvD_BwE" "Mozilla/5.0 (Linux; Android 10; K) AppleWebKit/537.36 (KHTML, like Gecko) Chrome/123.0.0.0 Mobile Safari/537.36"
47.11.199.242 - - [23/Apr/2024:14:23:32 +0000] "GET /assets/css/lib/slick.min.css HTTP/1.1" 200 516 "https://hp.himachaltravelguide.in/?gclid=CjwKCAjwuJ2xBhA3EiwAMVjkVK8FIQ1NXYcO-KJRAQ2i7rNXIWveiyizpDiF_DGT8c8474Pbd6OO8xoCttAQAvD_BwE" "Mozilla/5.0 (Linux; Android 10; K) AppleWebKit/537.36 (KHTML, like Gecko) Chrome/123.0.0.0 Mobile Safari/537.36"
106.221.125.191 - - [23/Apr/2024:14:23:32 +0000] "GET /assets/js/lib/slick.min.js HTTP/1.1" 200 10680 "https://hp.himachaltravelguide.in/?gclid=CjwKCAjwuJ2xBhA3EiwAMVjkVKMsoDHrc7KpudKkRGuIMPqMvJgfGqcTaKhf-qsSJkxjlMczPyDE1xoC6O8QAvD_BwE" "Mozilla/5.0 (Linux; Android 10; K) AppleWebKit/537.36 (KHTML, like Gecko) Chrome/124.0.0.0 Mobile Safari/537.36"
106.221.125.191 - - [23/Apr/2024:14:23:32 +0000] "GET /assets/js/lib/appear.min.js HTTP/1.1" 200 784 "https://hp.himachaltravelguide.in/?gclid=CjwKCAjwuJ2xBhA3EiwAMVjkVKMsoDHrc7KpudKkRGuIMPqMvJgfGqcTaKhf-qsSJkxjlMczPyDE1xoC6O8QAvD_BwE" "Mozilla/5.0 (Linux; Android 10; K) AppleWebKit/537.36 (KHTML, like Gecko) Chrome/124.0.0.0 Mobile Safari/537.36"
106.221.125.191 - - [23/Apr/2024:14:23:32 +0000] "GET /assets/js/lib/wow.min.js HTTP/1.1" 200 2826 "https://hp.himachaltravelguide.in/?gclid=CjwKCAjwuJ2xBhA3EiwAMVjkVKMsoDHrc7KpudKkRGuIMPqMvJgfGqcTaKhf-qsSJkxjlMczPyDE1xoC6O8QAvD_BwE" "Mozilla/5.0 (Linux; Android 10; K) AppleWebKit/537.36 (KHTML, like Gecko) Chrome/124.0.0.0 Mobile Safari/537.36"
47.11.199.242 - - [23/Apr/2024:14:23:32 +0000] "GET /assets/css/lib/fontawesome/css/brands.css HTTP/1.1" 200 4928 "https://hp.himachaltravelguide.in/?gclid=CjwKCAjwuJ2xBhA3EiwAMVjkVK8FIQ1NXYcO-KJRAQ2i7rNXIWveiyizpDiF_DGT8c8474Pbd6OO8xoCttAQAvD_BwE" "Mozilla/5.0 (Linux; Android 10; K) AppleWebKit/537.36 (KHTML, like Gecko) Chrome/123.0.0.0 Mobile Safari/537.36"
47.11.199.242 - - [23/Apr/2024:14:23:32 +0000] "GET /assets/css/lib/simple-line-icons/css/simple-line-icons.min.css HTTP/1.1" 200 2436 "https://hp.himachaltravelguide.in/?gclid=CjwKCAjwuJ2xBhA3EiwAMVjkVK8FIQ1NXYcO-KJRAQ2i7rNXIWveiyizpDiF_DGT8c8474Pbd6OO8xoCttAQAvD_BwE" "Mozilla/5.0 (Linux; Android 10; K) AppleWebKit/537.36 (KHTML, like Gecko) Chrome/123.0.0.0 Mobile Safari/537.36"
117.97.187.249 - - [23/Apr/2024:14:23:33 +0000] "GET /assets/css/lib/bootstrap/bootstrap.min.css HTTP/1.1" 200 31138 "https://hp.himachaltravelguide.in/?gclid=EAIaIQobChMI9bKi1sTYhQMVvJcAAB1WSwPEEAEYASAAEgK7UvD_BwE" "Mozilla/5.0 (Linux; Android 11; CPH2239 Build/RP1A.200720.011; wv) AppleWebKit/537.36 (KHTML, like Gecko) Version/4.0 Chrome/123.0.6312.118 Mobile Safari/537.36"
106.221.125.191 - - [23/Apr/2024:14:23:33 +0000] "GET /assets/js/custom-script.js HTTP/1.1" 200 3489 "https://hp.himachaltravelguide.in/?gclid=CjwKCAjwuJ2xBhA3EiwAMVjkVKMsoDHrc7KpudKkRGuIMPqMvJgfGqcTaKhf-qsSJkxjlMczPyDE1xoC6O8QAvD_BwE" "Mozilla/5.0 (Linux; Android 10; K) AppleWebKit/537.36 (KHTML, like Gecko) Chrome/124.0.0.0 Mobile Safari/537.36"
106.221.125.191 - - [23/Apr/2024:14:23:33 +0000] "GET /assets/js/lib/swiper.min.js HTTP/1.1" 200 39733 "https://hp.himachaltravelguide.in/?gclid=CjwKCAjwuJ2xBhA3EiwAMVjkVKMsoDHrc7KpudKkRGuIMPqMvJgfGqcTaKhf-qsSJkxjlMczPyDE1xoC6O8QAvD_BwE" "Mozilla/5.0 (Linux; Android 10; K) AppleWebKit/537.36 (KHTML, like Gecko) Chrome/124.0.0.0 Mobile Safari/537.36"
106.221.125.191 - - [23/Apr/2024:14:23:33 +0000] "GET /assets/images/elements/white-1.png HTTP/1.1" 200 427 "https://hp.himachaltravelguide.in/?gclid=CjwKCAjwuJ2xBhA3EiwAMVjkVKMsoDHrc7KpudKkRGuIMPqMvJgfGqcTaKhf-qsSJkxjlMczPyDE1xoC6O8QAvD_BwE" "Mozilla/5.0 (Linux; Android 10; K) AppleWebKit/537.36 (KHTML, like Gecko) Chrome/124.0.0.0 Mobile Safari/537.36"
106.221.125.191 - - [23/Apr/2024:14:23:33 +0000] "GET /assets/images/icons/intro-1.png HTTP/1.1" 200 3503 "https://hp.himachaltravelguide.in/?gclid=CjwKCAjwuJ2xBhA3EiwAMVjkVKMsoDHrc7KpudKkRGuIMPqMvJgfGqcTaKhf-qsSJkxjlMczPyDE1xoC6O8QAvD_BwE" "Mozilla/5.0 (Linux; Android 10; K) AppleWebKit/537.36 (KHTML, like Gecko) Chrome/124.0.0.0 Mobile Safari/537.36"
47.11.199.242 - - [23/Apr/2024:14:23:33 +0000] "GET /assets/css/lib/animate.min.css HTTP/1.1" 200 4148 "https://hp.himachaltravelguide.in/?gclid=CjwKCAjwuJ2xBhA3EiwAMVjkVK8FIQ1NXYcO-KJRAQ2i7rNXIWveiyizpDiF_DGT8c8474Pbd6OO8xoCttAQAvD_BwE" "Mozilla/5.0 (Linux; Android 10; K) AppleWebKit/537.36 (KHTML, like Gecko) Chrome/123.0.0.0 Mobile Safari/537.36"
47.11.199.242 - - [23/Apr/2024:14:23:33 +0000] "GET /assets/css/lib/slick.min.css HTTP/1.1" 200 516 "https://hp.himachaltravelguide.in/?gclid=CjwKCAjwuJ2xBhA3EiwAMVjkVK8FIQ1NXYcO-KJRAQ2i7rNXIWveiyizpDiF_DGT8c8474Pbd6OO8xoCttAQAvD_BwE" "Mozilla/5.0 (Linux; Android 10; K) AppleWebKit/537.36 (KHTML, like Gecko) Chrome/123.0.0.0 Mobile Safari/537.36"
106.221.125.191 - - [23/Apr/2024:14:23:33 +0000] "GET /assets/images/icons/intro-2.png HTTP/1.1" 200 2577 "https://hp.himachaltravelguide.in/?gclid=CjwKCAjwuJ2xBhA3EiwAMVjkVKMsoDHrc7KpudKkRGuIMPqMvJgfGqcTaKhf-qsSJkxjlMczPyDE1xoC6O8QAvD_BwE" "Mozilla/5.0 (Linux; Android 10; K) AppleWebKit/537.36 (KHTML, like Gecko) Chrome/124.0.0.0 Mobile Safari/537.36"
117.97.187.249 - - [23/Apr/2024:14:23:33 +0000] "GET /assets/css/lib/fontawesome/css/fontawesome.min.css HTTP/1.1" 200 17422 "https://hp.himachaltravelguide.in/?gclid=EAIaIQobChMI9bKi1sTYhQMVvJcAAB1WSwPEEAEYASAAEgK7UvD_BwE" "Mozilla/5.0 (Linux; Android 11; CPH2239 Build/RP1A.200720.011; wv) AppleWebKit/537.36 (KHTML, like Gecko) Version/4.0 Chrome/123.0.6312.118 Mobile Safari/537.36"
47.11.199.242 - - [23/Apr/2024:14:23:33 +0000] "GET /assets/css/lib/swiper.min.css HTTP/1.1" 200 4593 "https://hp.himachaltravelguide.in/?gclid=CjwKCAjwuJ2xBhA3EiwAMVjkVK8FIQ1NXYcO-KJRAQ2i7rNXIWveiyizpDiF_DGT8c8474Pbd6OO8xoCttAQAvD_BwE" "Mozilla/5.0 (Linux; Android 10; K) AppleWebKit/537.36 (KHTML, like Gecko) Chrome/123.0.0.0 Mobile Safari/537.36"
117.97.187.249 - - [23/Apr/2024:14:23:33 +0000] "GET /assets/css/lib/simple-line-icons/css/simple-line-icons.min.css HTTP/1.1" 200 2436 "https://hp.himachaltravelguide.in/?gclid=EAIaIQobChMI9bKi1sTYhQMVvJcAAB1WSwPEEAEYASAAEgK7UvD_BwE" "Mozilla/5.0 (Linux; Android 11; CPH2239 Build/RP1A.200720.011; wv) AppleWebKit/537.36 (KHTML, like Gecko) Version/4.0 Chrome/123.0.6312.118 Mobile Safari/537.36"
117.97.187.249 - - [23/Apr/2024:14:23:33 +0000] "GET /assets/css/lib/fontawesome/css/solid.css HTTP/1.1" 200 353 "https://hp.himachaltravelguide.in/?gclid=EAIaIQobChMI9bKi1sTYhQMVvJcAAB1WSwPEEAEYASAAEgK7UvD_BwE" "Mozilla/5.0 (Linux; Android 11; CPH2239 Build/RP1A.200720.011; wv) AppleWebKit/537.36 (KHTML, like Gecko) Version/4.0 Chrome/123.0.6312.118 Mobile Safari/537.36"
117.97.187.249 - - [23/Apr/2024:14:23:33 +0000] "GET /assets/css/lib/fontawesome/css/brands.css HTTP/1.1" 200 4928 "https://hp.himachaltravelguide.in/?gclid=EAIaIQobChMI9bKi1sTYhQMVvJcAAB1WSwPEEAEYASAAEgK7UvD_BwE" "Mozilla/5.0 (Linux; Android 11; CPH2239 Build/RP1A.200720.011; wv) AppleWebKit/537.36 (KHTML, like Gecko) Version/4.0 Chrome/123.0.6312.118 Mobile Safari/537.36"
117.97.187.249 - - [23/Apr/2024:14:23:33 +0000] "GET /assets/css/lib/slick.min.css HTTP/1.1" 200 516 "https://hp.himachaltravelguide.in/?gclid=EAIaIQobChMI9bKi1sTYhQMVvJcAAB1WSwPEEAEYASAAEgK7UvD_BwE" "Mozilla/5.0 (Linux; Android 11; CPH2239 Build/RP1A.200720.011; wv) AppleWebKit/537.36 (KHTML, like Gecko) Version/4.0 Chrome/123.0.6312.118 Mobile Safari/537.36"
117.97.187.249 - - [23/Apr/2024:14:23:33 +0000] "GET /assets/css/lib/animate.min.css HTTP/1.1" 200 4148 "https://hp.himachaltravelguide.in/?gclid=EAIaIQobChMI9bKi1sTYhQMVvJcAAB1WSwPEEAEYASAAEgK7UvD_BwE" "Mozilla/5.0 (Linux; Android 11; CPH2239 Build/RP1A.200720.011; wv) AppleWebKit/537.36 (KHTML, like Gecko) Version/4.0 Chrome/123.0.6312.118 Mobile Safari/537.36"
47.11.199.242 - - [23/Apr/2024:14:23:33 +0000] "GET /assets/css/lib/jquery-ui.min.css HTTP/1.1" 200 7629 "https://hp.himachaltravelguide.in/?gclid=CjwKCAjwuJ2xBhA3EiwAMVjkVK8FIQ1NXYcO-KJRAQ2i7rNXIWveiyizpDiF_DGT8c8474Pbd6OO8xoCttAQAvD_BwE" "Mozilla/5.0 (Linux; Android 10; K) AppleWebKit/537.36 (KHTML, like Gecko) Chrome/123.0.0.0 Mobile Safari/537.36"
47.11.199.242 - - [23/Apr/2024:14:23:33 +0000] "GET /assets/css/lib/jquery.fancybox.min.css HTTP/1.1" 200 3167 "https://hp.himachaltravelguide.in/?gclid=CjwKCAjwuJ2xBhA3EiwAMVjkVK8FIQ1NXYcO-KJRAQ2i7rNXIWveiyizpDiF_DGT8c8474Pbd6OO8xoCttAQAvD_BwE" "Mozilla/5.0 (Linux; Android 10; K) AppleWebKit/537.36 (KHTML, like Gecko) Chrome/123.0.0.0 Mobile Safari/537.36"
117.97.187.249 - - [23/Apr/2024:14:23:33 +0000] "GET /assets/css/lib/jquery.fancybox.min.css HTTP/1.1" 200 3167 "https://hp.himachaltravelguide.in/?gclid=EAIaIQobChMI9bKi1sTYhQMVvJcAAB1WSwPEEAEYASAAEgK7UvD_BwE" "Mozilla/5.0 (Linux; Android 11; CPH2239 Build/RP1A.200720.011; wv) AppleWebKit/537.36 (KHTML, like Gecko) Version/4.0 Chrome/123.0.6312.118 Mobile Safari/537.36"
117.97.187.249 - - [23/Apr/2024:14:23:33 +0000] "GET /assets/css/lib/swiper.min.css HTTP/1.1" 200 4593 "https://hp.himachaltravelguide.in/?gclid=EAIaIQobChMI9bKi1sTYhQMVvJcAAB1WSwPEEAEYASAAEgK7UvD_BwE" "Mozilla/5.0 (Linux; Android 11; CPH2239 Build/RP1A.200720.011; wv) AppleWebKit/537.36 (KHTML, like Gecko) Version/4.0 Chrome/123.0.6312.118 Mobile Safari/537.36"
117.97.187.249 - - [23/Apr/2024:14:23:33 +0000] "GET /assets/css/lib/jquery-ui.min.css HTTP/1.1" 200 7629 "https://hp.himachaltravelguide.in/?gclid=EAIaIQobChMI9bKi1sTYhQMVvJcAAB1WSwPEEAEYASAAEgK7UvD_BwE" "Mozilla/5.0 (Linux; Android 11; CPH2239 Build/RP1A.200720.011; wv) AppleWebKit/537.36 (KHTML, like Gecko) Version/4.0 Chrome/123.0.6312.118 Mobile Safari/537.36"
117.97.187.249 - - [23/Apr/2024:14:23:33 +0000] "GET /assets/css/custom-animate.css HTTP/1.1" 200 1880 "https://hp.himachaltravelguide.in/?gclid=EAIaIQobChMI9bKi1sTYhQMVvJcAAB1WSwPEEAEYASAAEgK7UvD_BwE" "Mozilla/5.0 (Linux; Android 11; CPH2239 Build/RP1A.200720.011; wv) AppleWebKit/537.36 (KHTML, like Gecko) Version/4.0 Chrome/123.0.6312.118 Mobile Safari/537.36"
117.97.187.249 - - [23/Apr/2024:14:23:33 +0000] "GET /assets/css/style.css HTTP/1.1" 200 23571 "https://hp.himachaltravelguide.in/?gclid=EAIaIQobChMI9bKi1sTYhQMVvJcAAB1WSwPEEAEYASAAEgK7UvD_BwE" "Mozilla/5.0 (Linux; Android 11; CPH2239 Build/RP1A.200720.011; wv) AppleWebKit/537.36 (KHTML, like Gecko) Version/4.0 Chrome/123.0.6312.118 Mobile Safari/537.36"
47.11.199.242 - - [23/Apr/2024:14:23:33 +0000] "GET /assets/css/custom-animate.css HTTP/1.1" 200 1880 "https://hp.himachaltravelguide.in/?gclid=CjwKCAjwuJ2xBhA3EiwAMVjkVK8FIQ1NXYcO-KJRAQ2i7rNXIWveiyizpDiF_DGT8c8474Pbd6OO8xoCttAQAvD_BwE" "Mozilla/5.0 (Linux; Android 10; K) AppleWebKit/537.36 (KHTML, like Gecko) Chrome/123.0.0.0 Mobile Safari/537.36"
117.97.187.249 - - [23/Apr/2024:14:23:33 +0000] "GET /assets/css/responsive.css HTTP/1.1" 200 3920 "https://hp.himachaltravelguide.in/?gclid=EAIaIQobChMI9bKi1sTYhQMVvJcAAB1WSwPEEAEYASAAEgK7UvD_BwE" "Mozilla/5.0 (Linux; Android 11; CPH2239 Build/RP1A.200720.011; wv) AppleWebKit/537.36 (KHTML, like Gecko) Version/4.0 Chrome/123.0.6312.118 Mobile Safari/537.36"
117.97.187.249 - - [23/Apr/2024:14:23:33 +0000] "GET /assets/images/icons/menu-icon.svg HTTP/1.1" 200 305 "https://hp.himachaltravelguide.in/?gclid=EAIaIQobChMI9bKi1sTYhQMVvJcAAB1WSwPEEAEYASAAEgK7UvD_BwE" "Mozilla/5.0 (Linux; Android 11; CPH2239 Build/RP1A.200720.011; wv) AppleWebKit/537.36 (KHTML, like Gecko) Version/4.0 Chrome/123.0.6312.118 Mobile Safari/537.36"
117.97.187.249 - - [23/Apr/2024:14:23:33 +0000] "GET /assets/images/tripperHubpng%201.png HTTP/1.1" 200 18158 "https://hp.himachaltravelguide.in/?gclid=EAIaIQobChMI9bKi1sTYhQMVvJcAAB1WSwPEEAEYASAAEgK7UvD_BwE" "Mozilla/5.0 (Linux; Android 11; CPH2239 Build/RP1A.200720.011; wv) AppleWebKit/537.36 (KHTML, like Gecko) Version/4.0 Chrome/123.0.6312.118 Mobile Safari/537.36"
47.11.199.242 - - [23/Apr/2024:14:23:33 +0000] "GET /assets/css/style.css HTTP/1.1" 200 23571 "https://hp.himachaltravelguide.in/?gclid=CjwKCAjwuJ2xBhA3EiwAMVjkVK8FIQ1NXYcO-KJRAQ2i7rNXIWveiyizpDiF_DGT8c8474Pbd6OO8xoCttAQAvD_BwE" "Mozilla/5.0 (Linux; Android 10; K) AppleWebKit/537.36 (KHTML, like Gecko) Chrome/123.0.0.0 Mobile Safari/537.36"
47.11.199.242 - - [23/Apr/2024:14:23:33 +0000] "GET /assets/css/responsive.css HTTP/1.1" 200 3920 "https://hp.himachaltravelguide.in/?gclid=CjwKCAjwuJ2xBhA3EiwAMVjkVK8FIQ1NXYcO-KJRAQ2i7rNXIWveiyizpDiF_DGT8c8474Pbd6OO8xoCttAQAvD_BwE" "Mozilla/5.0 (Linux; Android 10; K) AppleWebKit/537.36 (KHTML, like Gecko) Chrome/123.0.0.0 Mobile Safari/537.36"
47.11.199.242 - - [23/Apr/2024:14:23:33 +0000] "GET /assets/images/icons/menu-icon.svg HTTP/1.1" 200 305 "https://hp.himachaltravelguide.in/?gclid=CjwKCAjwuJ2xBhA3EiwAMVjkVK8FIQ1NXYcO-KJRAQ2i7rNXIWveiyizpDiF_DGT8c8474Pbd6OO8xoCttAQAvD_BwE" "Mozilla/5.0 (Linux; Android 10; K) AppleWebKit/537.36 (KHTML, like Gecko) Chrome/123.0.0.0 Mobile Safari/537.36"
47.11.199.242 - - [23/Apr/2024:14:23:33 +0000] "GET /assets/images/tripperHubpng%201.png HTTP/1.1" 200 18158 "https://hp.himachaltravelguide.in/?gclid=CjwKCAjwuJ2xBhA3EiwAMVjkVK8FIQ1NXYcO-KJRAQ2i7rNXIWveiyizpDiF_DGT8c8474Pbd6OO8xoCttAQAvD_BwE" "Mozilla/5.0 (Linux; Android 10; K) AppleWebKit/537.36 (KHTML, like Gecko) Chrome/123.0.0.0 Mobile Safari/537.36"
117.97.187.249 - - [23/Apr/2024:14:23:33 +0000] "GET /assets/css/sections/fonts.css HTTP/1.1" 200 319 "https://hp.himachaltravelguide.in/assets/css/style.css" "Mozilla/5.0 (Linux; Android 11; CPH2239 Build/RP1A.200720.011; wv) AppleWebKit/537.36 (KHTML, like Gecko) Version/4.0 Chrome/123.0.6312.118 Mobile Safari/537.36"
117.97.187.249 - - [23/Apr/2024:14:23:33 +0000] "GET /assets/css/sections/global-settings.css HTTP/1.1" 200 1333 "https://hp.himachaltravelguide.in/assets/css/style.css" "Mozilla/5.0 (Linux; Android 11; CPH2239 Build/RP1A.200720.011; wv) AppleWebKit/537.36 (KHTML, like Gecko) Version/4.0 Chrome/123.0.6312.118 Mobile Safari/537.36"
117.97.187.249 - - [23/Apr/2024:14:23:33 +0000] "GET /assets/css/sections/variables.css HTTP/1.1" 200 474 "https://hp.himachaltravelguide.in/assets/css/style.css" "Mozilla/5.0 (Linux; Android 11; CPH2239 Build/RP1A.200720.011; wv) AppleWebKit/537.36 (KHTML, like Gecko) Version/4.0 Chrome/123.0.6312.118 Mobile Safari/537.36"
223.233.20.41 - - [23/Apr/2024:14:23:33 +0000] "GET /?gclid=CjwKCAjwuJ2xBhA3EiwAMVjkVBBNNqTbfHj_qRK7MfXTA49OVjTTzMwKJNOWmn4Ks51NSX_DxfJ7KxoCSNwQAvD_BwE HTTP/1.1" 200 11239 "-" "Mozilla/5.0 (Linux; Android 10; K) AppleWebKit/537.36 (KHTML, like Gecko) Chrome/123.0.0.0 Mobile Safari/537.36"
47.11.199.242 - - [23/Apr/2024:14:23:33 +0000] "GET /assets/css/sections/variables.css HTTP/1.1" 200 474 "https://hp.himachaltravelguide.in/assets/css/style.css" "Mozilla/5.0 (Linux; Android 10; K) AppleWebKit/537.36 (KHTML, like Gecko) Chrome/123.0.0.0 Mobile Safari/537.36"
47.11.199.242 - - [23/Apr/2024:14:23:33 +0000] "GET /assets/css/sections/fonts.css HTTP/1.1" 200 319 "https://hp.himachaltravelguide.in/assets/css/style.css" "Mozilla/5.0 (Linux; Android 10; K) AppleWebKit/537.36 (KHTML, like Gecko) Chrome/123.0.0.0 Mobile Safari/537.36"
47.11.199.242 - - [23/Apr/2024:14:23:33 +0000] "GET /assets/css/sections/global-settings.css HTTP/1.1" 200 1333 "https://hp.himachaltravelguide.in/assets/css/style.css" "Mozilla/5.0 (Linux; Android 10; K) AppleWebKit/537.36 (KHTML, like Gecko) Chrome/123.0.0.0 Mobile Safari/537.36"
223.233.20.41 - - [23/Apr/2024:14:23:33 +0000] "GET /assets/css/lib/bootstrap/bootstrap.min.css HTTP/1.1" 200 31138 "https://hp.himachaltravelguide.in/?gclid=CjwKCAjwuJ2xBhA3EiwAMVjkVBBNNqTbfHj_qRK7MfXTA49OVjTTzMwKJNOWmn4Ks51NSX_DxfJ7KxoCSNwQAvD_BwE" "Mozilla/5.0 (Linux; Android 10; K) AppleWebKit/537.36 (KHTML, like Gecko) Chrome/123.0.0.0 Mobile Safari/537.36"
223.233.20.41 - - [23/Apr/2024:14:23:34 +0000] "GET /assets/css/lib/fontawesome/css/brands.css HTTP/1.1" 200 4928 "https://hp.himachaltravelguide.in/?gclid=CjwKCAjwuJ2xBhA3EiwAMVjkVBBNNqTbfHj_qRK7MfXTA49OVjTTzMwKJNOWmn4Ks51NSX_DxfJ7KxoCSNwQAvD_BwE" "Mozilla/5.0 (Linux; Android 10; K) AppleWebKit/537.36 (KHTML, like Gecko) Chrome/123.0.0.0 Mobile Safari/537.36"
223.233.20.41 - - [23/Apr/2024:14:23:34 +0000] "GET /assets/css/lib/fontawesome/css/fontawesome.min.css HTTP/1.1" 200 17422 "https://hp.himachaltravelguide.in/?gclid=CjwKCAjwuJ2xBhA3EiwAMVjkVBBNNqTbfHj_qRK7MfXTA49OVjTTzMwKJNOWmn4Ks51NSX_DxfJ7KxoCSNwQAvD_BwE" "Mozilla/5.0 (Linux; Android 10; K) AppleWebKit/537.36 (KHTML, like Gecko) Chrome/123.0.0.0 Mobile Safari/537.36"
223.233.20.41 - - [23/Apr/2024:14:23:34 +0000] "GET /assets/css/lib/fontawesome/css/solid.css HTTP/1.1" 200 353 "https://hp.himachaltravelguide.in/?gclid=CjwKCAjwuJ2xBhA3EiwAMVjkVBBNNqTbfHj_qRK7MfXTA49OVjTTzMwKJNOWmn4Ks51NSX_DxfJ7KxoCSNwQAvD_BwE" "Mozilla/5.0 (Linux; Android 10; K) AppleWebKit/537.36 (KHTML, like Gecko) Chrome/123.0.0.0 Mobile Safari/537.36"
223.233.20.41 - - [23/Apr/2024:14:23:34 +0000] "GET /assets/css/lib/simple-line-icons/css/simple-line-icons.min.css HTTP/1.1" 200 2436 "https://hp.himachaltravelguide.in/?gclid=CjwKCAjwuJ2xBhA3EiwAMVjkVBBNNqTbfHj_qRK7MfXTA49OVjTTzMwKJNOWmn4Ks51NSX_DxfJ7KxoCSNwQAvD_BwE" "Mozilla/5.0 (Linux; Android 10; K) AppleWebKit/537.36 (KHTML, like Gecko) Chrome/123.0.0.0 Mobile Safari/537.36"
223.233.20.41 - - [23/Apr/2024:14:23:34 +0000] "GET /assets/css/lib/animate.min.css HTTP/1.1" 200 4148 "https://hp.himachaltravelguide.in/?gclid=CjwKCAjwuJ2xBhA3EiwAMVjkVBBNNqTbfHj_qRK7MfXTA49OVjTTzMwKJNOWmn4Ks51NSX_DxfJ7KxoCSNwQAvD_BwE" "Mozilla/5.0 (Linux; Android 10; K) AppleWebKit/537.36 (KHTML, like Gecko) Chrome/123.0.0.0 Mobile Safari/537.36"
223.233.20.41 - - [23/Apr/2024:14:23:34 +0000] "GET /assets/css/lib/slick.min.css HTTP/1.1" 200 516 "https://hp.himachaltravelguide.in/?gclid=CjwKCAjwuJ2xBhA3EiwAMVjkVBBNNqTbfHj_qRK7MfXTA49OVjTTzMwKJNOWmn4Ks51NSX_DxfJ7KxoCSNwQAvD_BwE" "Mozilla/5.0 (Linux; Android 10; K) AppleWebKit/537.36 (KHTML, like Gecko) Chrome/123.0.0.0 Mobile Safari/537.36"
223.233.20.41 - - [23/Apr/2024:14:23:34 +0000] "GET /assets/css/lib/swiper.min.css HTTP/1.1" 200 4593 "https://hp.himachaltravelguide.in/?gclid=CjwKCAjwuJ2xBhA3EiwAMVjkVBBNNqTbfHj_qRK7MfXTA49OVjTTzMwKJNOWmn4Ks51NSX_DxfJ7KxoCSNwQAvD_BwE" "Mozilla/5.0 (Linux; Android 10; K) AppleWebKit/537.36 (KHTML, like Gecko) Chrome/123.0.0.0 Mobile Safari/537.36"
223.233.20.41 - - [23/Apr/2024:14:23:34 +0000] "GET /assets/css/lib/jquery-ui.min.css HTTP/1.1" 200 7629 "https://hp.himachaltravelguide.in/?gclid=CjwKCAjwuJ2xBhA3EiwAMVjkVBBNNqTbfHj_qRK7MfXTA49OVjTTzMwKJNOWmn4Ks51NSX_DxfJ7KxoCSNwQAvD_BwE" "Mozilla/5.0 (Linux; Android 10; K) AppleWebKit/537.36 (KHTML, like Gecko) Chrome/123.0.0.0 Mobile Safari/537.36"
223.233.20.41 - - [23/Apr/2024:14:23:34 +0000] "GET /assets/css/lib/jquery.fancybox.min.css HTTP/1.1" 200 3167 "https://hp.himachaltravelguide.in/?gclid=CjwKCAjwuJ2xBhA3EiwAMVjkVBBNNqTbfHj_qRK7MfXTA49OVjTTzMwKJNOWmn4Ks51NSX_DxfJ7KxoCSNwQAvD_BwE" "Mozilla/5.0 (Linux; Android 10; K) AppleWebKit/537.36 (KHTML, like Gecko) Chrome/123.0.0.0 Mobile Safari/537.36"
223.233.20.41 - - [23/Apr/2024:14:23:34 +0000] "GET /assets/css/custom-animate.css HTTP/1.1" 200 1880 "https://hp.himachaltravelguide.in/?gclid=CjwKCAjwuJ2xBhA3EiwAMVjkVBBNNqTbfHj_qRK7MfXTA49OVjTTzMwKJNOWmn4Ks51NSX_DxfJ7KxoCSNwQAvD_BwE" "Mozilla/5.0 (Linux; Android 10; K) AppleWebKit/537.36 (KHTML, like Gecko) Chrome/123.0.0.0 Mobile Safari/537.36"
223.233.20.41 - - [23/Apr/2024:14:23:34 +0000] "GET /assets/css/style.css HTTP/1.1" 200 23571 "https://hp.himachaltravelguide.in/?gclid=CjwKCAjwuJ2xBhA3EiwAMVjkVBBNNqTbfHj_qRK7MfXTA49OVjTTzMwKJNOWmn4Ks51NSX_DxfJ7KxoCSNwQAvD_BwE" "Mozilla/5.0 (Linux; Android 10; K) AppleWebKit/537.36 (KHTML, like Gecko) Chrome/123.0.0.0 Mobile Safari/537.36"
223.233.20.41 - - [23/Apr/2024:14:23:34 +0000] "GET /assets/css/responsive.css HTTP/1.1" 200 3920 "https://hp.himachaltravelguide.in/?gclid=CjwKCAjwuJ2xBhA3EiwAMVjkVBBNNqTbfHj_qRK7MfXTA49OVjTTzMwKJNOWmn4Ks51NSX_DxfJ7KxoCSNwQAvD_BwE" "Mozilla/5.0 (Linux; Android 10; K) AppleWebKit/537.36 (KHTML, like Gecko) Chrome/123.0.0.0 Mobile Safari/537.36"
223.233.20.41 - - [23/Apr/2024:14:23:34 +0000] "GET /assets/images/tripperHubpng%201.png HTTP/1.1" 200 18158 "https://hp.himachaltravelguide.in/?gclid=CjwKCAjwuJ2xBhA3EiwAMVjkVBBNNqTbfHj_qRK7MfXTA49OVjTTzMwKJNOWmn4Ks51NSX_DxfJ7KxoCSNwQAvD_BwE" "Mozilla/5.0 (Linux; Android 10; K) AppleWebKit/537.36 (KHTML, like Gecko) Chrome/123.0.0.0 Mobile Safari/537.36"
223.233.20.41 - - [23/Apr/2024:14:23:34 +0000] "GET /assets/images/icons/menu-icon.svg HTTP/1.1" 200 305 "https://hp.himachaltravelguide.in/?gclid=CjwKCAjwuJ2xBhA3EiwAMVjkVBBNNqTbfHj_qRK7MfXTA49OVjTTzMwKJNOWmn4Ks51NSX_DxfJ7KxoCSNwQAvD_BwE" "Mozilla/5.0 (Linux; Android 10; K) AppleWebKit/537.36 (KHTML, like Gecko) Chrome/123.0.0.0 Mobile Safari/537.36"
223.233.20.41 - - [23/Apr/2024:14:23:34 +0000] "GET /assets/css/sections/variables.css HTTP/1.1" 200 474 "https://hp.himachaltravelguide.in/assets/css/style.css" "Mozilla/5.0 (Linux; Android 10; K) AppleWebKit/537.36 (KHTML, like Gecko) Chrome/123.0.0.0 Mobile Safari/537.36"
223.233.20.41 - - [23/Apr/2024:14:23:34 +0000] "GET /assets/css/sections/fonts.css HTTP/1.1" 200 319 "https://hp.himachaltravelguide.in/assets/css/style.css" "Mozilla/5.0 (Linux; Android 10; K) AppleWebKit/537.36 (KHTML, like Gecko) Chrome/123.0.0.0 Mobile Safari/537.36"
223.233.20.41 - - [23/Apr/2024:14:23:34 +0000] "GET /assets/css/sections/global-settings.css HTTP/1.1" 200 1333 "https://hp.himachaltravelguide.in/assets/css/style.css" "Mozilla/5.0 (Linux; Android 10; K) AppleWebKit/537.36 (KHTML, like Gecko) Chrome/123.0.0.0 Mobile Safari/537.36"
117.97.187.249 - - [23/Apr/2024:14:23:34 +0000] "GET /assets/js/lib/popper.min.js HTTP/1.1" 200 7519 "https://hp.himachaltravelguide.in/?gclid=EAIaIQobChMI9bKi1sTYhQMVvJcAAB1WSwPEEAEYASAAEgK7UvD_BwE" "Mozilla/5.0 (Linux; Android 11; CPH2239 Build/RP1A.200720.011; wv) AppleWebKit/537.36 (KHTML, like Gecko) Version/4.0 Chrome/123.0.6312.118 Mobile Safari/537.36"
117.97.187.249 - - [23/Apr/2024:14:23:34 +0000] "GET /assets/js/lib/jquery.min.js HTTP/1.1" 200 33815 "https://hp.himachaltravelguide.in/?gclid=EAIaIQobChMI9bKi1sTYhQMVvJcAAB1WSwPEEAEYASAAEgK7UvD_BwE" "Mozilla/5.0 (Linux; Android 11; CPH2239 Build/RP1A.200720.011; wv) AppleWebKit/537.36 (KHTML, like Gecko) Version/4.0 Chrome/123.0.6312.118 Mobile Safari/537.36"
117.97.187.249 - - [23/Apr/2024:14:23:34 +0000] "GET /assets/js/lib/bootstrap/bootstrap.min.js HTTP/1.1" 200 16560 "https://hp.himachaltravelguide.in/?gclid=EAIaIQobChMI9bKi1sTYhQMVvJcAAB1WSwPEEAEYASAAEgK7UvD_BwE" "Mozilla/5.0 (Linux; Android 11; CPH2239 Build/RP1A.200720.011; wv) AppleWebKit/537.36 (KHTML, like Gecko) Version/4.0 Chrome/123.0.6312.118 Mobile Safari/537.36"
117.97.187.249 - - [23/Apr/2024:14:23:34 +0000] "GET /assets/js/lib/isotope.min.js HTTP/1.1" 200 10201 "https://hp.himachaltravelguide.in/?gclid=EAIaIQobChMI9bKi1sTYhQMVvJcAAB1WSwPEEAEYASAAEgK7UvD_BwE" "Mozilla/5.0 (Linux; Android 11; CPH2239 Build/RP1A.200720.011; wv) AppleWebKit/537.36 (KHTML, like Gecko) Version/4.0 Chrome/123.0.6312.118 Mobile Safari/537.36"
117.97.187.249 - - [23/Apr/2024:14:23:34 +0000] "GET /assets/js/lib/jquery-ui.min.js HTTP/1.1" 200 67864 "https://hp.himachaltravelguide.in/?gclid=EAIaIQobChMI9bKi1sTYhQMVvJcAAB1WSwPEEAEYASAAEgK7UvD_BwE" "Mozilla/5.0 (Linux; Android 11; CPH2239 Build/RP1A.200720.011; wv) AppleWebKit/537.36 (KHTML, like Gecko) Version/4.0 Chrome/123.0.6312.118 Mobile Safari/537.36"
117.97.187.249 - - [23/Apr/2024:14:23:34 +0000] "GET /assets/js/lib/jquery.fancybox.min.js HTTP/1.1" 200 19503 "https://hp.himachaltravelguide.in/?gclid=EAIaIQobChMI9bKi1sTYhQMVvJcAAB1WSwPEEAEYASAAEgK7UvD_BwE" "Mozilla/5.0 (Linux; Android 11; CPH2239 Build/RP1A.200720.011; wv) AppleWebKit/537.36 (KHTML, like Gecko) Version/4.0 Chrome/123.0.6312.118 Mobile Safari/537.36"
47.11.199.242 - - [23/Apr/2024:14:23:34 +0000] "GET /assets/js/lib/jquery.min.js HTTP/1.1" 200 33815 "https://hp.himachaltravelguide.in/?gclid=CjwKCAjwuJ2xBhA3EiwAMVjkVK8FIQ1NXYcO-KJRAQ2i7rNXIWveiyizpDiF_DGT8c8474Pbd6OO8xoCttAQAvD_BwE" "Mozilla/5.0 (Linux; Android 10; K) AppleWebKit/537.36 (KHTML, like Gecko) Chrome/123.0.0.0 Mobile Safari/537.36"
223.233.20.41 - - [23/Apr/2024:14:23:34 +0000] "GET /assets/js/lib/popper.min.js HTTP/1.1" 200 7519 "https://hp.himachaltravelguide.in/?gclid=CjwKCAjwuJ2xBhA3EiwAMVjkVBBNNqTbfHj_qRK7MfXTA49OVjTTzMwKJNOWmn4Ks51NSX_DxfJ7KxoCSNwQAvD_BwE" "Mozilla/5.0 (Linux; Android 10; K) AppleWebKit/537.36 (KHTML, like Gecko) Chrome/123.0.0.0 Mobile Safari/537.36"
223.233.20.41 - - [23/Apr/2024:14:23:34 +0000] "GET /assets/js/lib/jquery.min.js HTTP/1.1" 200 33815 "https://hp.himachaltravelguide.in/?gclid=CjwKCAjwuJ2xBhA3EiwAMVjkVBBNNqTbfHj_qRK7MfXTA49OVjTTzMwKJNOWmn4Ks51NSX_DxfJ7KxoCSNwQAvD_BwE" "Mozilla/5.0 (Linux; Android 10; K) AppleWebKit/537.36 (KHTML, like Gecko) Chrome/123.0.0.0 Mobile Safari/537.36"
223.233.20.41 - - [23/Apr/2024:14:23:34 +0000] "GET /assets/js/lib/bootstrap/bootstrap.min.js HTTP/1.1" 200 16560 "https://hp.himachaltravelguide.in/?gclid=CjwKCAjwuJ2xBhA3EiwAMVjkVBBNNqTbfHj_qRK7MfXTA49OVjTTzMwKJNOWmn4Ks51NSX_DxfJ7KxoCSNwQAvD_BwE" "Mozilla/5.0 (Linux; Android 10; K) AppleWebKit/537.36 (KHTML, like Gecko) Chrome/123.0.0.0 Mobile Safari/537.36"
223.233.20.41 - - [23/Apr/2024:14:23:34 +0000] "GET /assets/js/lib/jquery.fancybox.min.js HTTP/1.1" 200 19503 "https://hp.himachaltravelguide.in/?gclid=CjwKCAjwuJ2xBhA3EiwAMVjkVBBNNqTbfHj_qRK7MfXTA49OVjTTzMwKJNOWmn4Ks51NSX_DxfJ7KxoCSNwQAvD_BwE" "Mozilla/5.0 (Linux; Android 10; K) AppleWebKit/537.36 (KHTML, like Gecko) Chrome/123.0.0.0 Mobile Safari/537.36"
223.233.20.41 - - [23/Apr/2024:14:23:34 +0000] "GET /assets/js/lib/isotope.min.js HTTP/1.1" 200 10201 "https://hp.himachaltravelguide.in/?gclid=CjwKCAjwuJ2xBhA3EiwAMVjkVBBNNqTbfHj_qRK7MfXTA49OVjTTzMwKJNOWmn4Ks51NSX_DxfJ7KxoCSNwQAvD_BwE" "Mozilla/5.0 (Linux; Android 10; K) AppleWebKit/537.36 (KHTML, like Gecko) Chrome/123.0.0.0 Mobile Safari/537.36"
223.233.20.41 - - [23/Apr/2024:14:23:34 +0000] "GET /assets/fonts/Gilroy/Gilroy-Bold.woff HTTP/1.1" 200 64096 "https://hp.himachaltravelguide.in/assets/css/sections/fonts.css" "Mozilla/5.0 (Linux; Android 10; K) AppleWebKit/537.36 (KHTML, like Gecko) Chrome/123.0.0.0 Mobile Safari/537.36"
223.233.20.41 - - [23/Apr/2024:14:23:34 +0000] "GET /assets/js/lib/jquery-ui.min.js HTTP/1.1" 200 67864 "https://hp.himachaltravelguide.in/?gclid=CjwKCAjwuJ2xBhA3EiwAMVjkVBBNNqTbfHj_qRK7MfXTA49OVjTTzMwKJNOWmn4Ks51NSX_DxfJ7KxoCSNwQAvD_BwE" "Mozilla/5.0 (Linux; Android 10; K) AppleWebKit/537.36 (KHTML, like Gecko) Chrome/123.0.0.0 Mobile Safari/537.36"
47.11.199.242 - - [23/Apr/2024:14:23:34 +0000] "GET /assets/js/lib/popper.min.js HTTP/1.1" 200 7519 "https://hp.himachaltravelguide.in/?gclid=CjwKCAjwuJ2xBhA3EiwAMVjkVK8FIQ1NXYcO-KJRAQ2i7rNXIWveiyizpDiF_DGT8c8474Pbd6OO8xoCttAQAvD_BwE" "Mozilla/5.0 (Linux; Android 10; K) AppleWebKit/537.36 (KHTML, like Gecko) Chrome/123.0.0.0 Mobile Safari/537.36"
47.11.199.242 - - [23/Apr/2024:14:23:34 +0000] "GET /assets/js/lib/bootstrap/bootstrap.min.js HTTP/1.1" 200 16560 "https://hp.himachaltravelguide.in/?gclid=CjwKCAjwuJ2xBhA3EiwAMVjkVK8FIQ1NXYcO-KJRAQ2i7rNXIWveiyizpDiF_DGT8c8474Pbd6OO8xoCttAQAvD_BwE" "Mozilla/5.0 (Linux; Android 10; K) AppleWebKit/537.36 (KHTML, like Gecko) Chrome/123.0.0.0 Mobile Safari/537.36"
223.233.20.41 - - [23/Apr/2024:14:23:34 +0000] "GET /assets/js/lib/slick.min.js HTTP/1.1" 200 10680 "https://hp.himachaltravelguide.in/?gclid=CjwKCAjwuJ2xBhA3EiwAMVjkVBBNNqTbfHj_qRK7MfXTA49OVjTTzMwKJNOWmn4Ks51NSX_DxfJ7KxoCSNwQAvD_BwE" "Mozilla/5.0 (Linux; Android 10; K) AppleWebKit/537.36 (KHTML, like Gecko) Chrome/123.0.0.0 Mobile Safari/537.36"
223.233.20.41 - - [23/Apr/2024:14:23:34 +0000] "GET /assets/js/lib/appear.min.js HTTP/1.1" 200 784 "https://hp.himachaltravelguide.in/?gclid=CjwKCAjwuJ2xBhA3EiwAMVjkVBBNNqTbfHj_qRK7MfXTA49OVjTTzMwKJNOWmn4Ks51NSX_DxfJ7KxoCSNwQAvD_BwE" "Mozilla/5.0 (Linux; Android 10; K) AppleWebKit/537.36 (KHTML, like Gecko) Chrome/123.0.0.0 Mobile Safari/537.36"
223.233.20.41 - - [23/Apr/2024:14:23:34 +0000] "GET /assets/js/lib/wow.min.js HTTP/1.1" 200 2826 "https://hp.himachaltravelguide.in/?gclid=CjwKCAjwuJ2xBhA3EiwAMVjkVBBNNqTbfHj_qRK7MfXTA49OVjTTzMwKJNOWmn4Ks51NSX_DxfJ7KxoCSNwQAvD_BwE" "Mozilla/5.0 (Linux; Android 10; K) AppleWebKit/537.36 (KHTML, like Gecko) Chrome/123.0.0.0 Mobile Safari/537.36"
223.233.20.41 - - [23/Apr/2024:14:23:34 +0000] "GET /assets/js/lib/swiper.min.js HTTP/1.1" 200 39733 "https://hp.himachaltravelguide.in/?gclid=CjwKCAjwuJ2xBhA3EiwAMVjkVBBNNqTbfHj_qRK7MfXTA49OVjTTzMwKJNOWmn4Ks51NSX_DxfJ7KxoCSNwQAvD_BwE" "Mozilla/5.0 (Linux; Android 10; K) AppleWebKit/537.36 (KHTML, like Gecko) Chrome/123.0.0.0 Mobile Safari/537.36"
223.233.20.41 - - [23/Apr/2024:14:23:34 +0000] "GET /assets/fonts/Reey/Reey-Regular.woff HTTP/1.1" 200 79212 "https://hp.himachaltravelguide.in/assets/css/sections/fonts.css" "Mozilla/5.0 (Linux; Android 10; K) AppleWebKit/537.36 (KHTML, like Gecko) Chrome/123.0.0.0 Mobile Safari/537.36"
223.233.20.41 - - [23/Apr/2024:14:23:34 +0000] "GET /assets/js/custom-script.js HTTP/1.1" 200 3489 "https://hp.himachaltravelguide.in/?gclid=CjwKCAjwuJ2xBhA3EiwAMVjkVBBNNqTbfHj_qRK7MfXTA49OVjTTzMwKJNOWmn4Ks51NSX_DxfJ7KxoCSNwQAvD_BwE" "Mozilla/5.0 (Linux; Android 10; K) AppleWebKit/537.36 (KHTML, like Gecko) Chrome/123.0.0.0 Mobile Safari/537.36"
223.233.20.41 - - [23/Apr/2024:14:23:35 +0000] "GET /assets/images/elements/white-1.png HTTP/1.1" 200 427 "https://hp.himachaltravelguide.in/?gclid=CjwKCAjwuJ2xBhA3EiwAMVjkVBBNNqTbfHj_qRK7MfXTA49OVjTTzMwKJNOWmn4Ks51NSX_DxfJ7KxoCSNwQAvD_BwE" "Mozilla/5.0 (Linux; Android 10; K) AppleWebKit/537.36 (KHTML, like Gecko) Chrome/123.0.0.0 Mobile Safari/537.36"
223.233.20.41 - - [23/Apr/2024:14:23:35 +0000] "GET /assets/images/icons/intro-1.png HTTP/1.1" 200 3503 "https://hp.himachaltravelguide.in/?gclid=CjwKCAjwuJ2xBhA3EiwAMVjkVBBNNqTbfHj_qRK7MfXTA49OVjTTzMwKJNOWmn4Ks51NSX_DxfJ7KxoCSNwQAvD_BwE" "Mozilla/5.0 (Linux; Android 10; K) AppleWebKit/537.36 (KHTML, like Gecko) Chrome/123.0.0.0 Mobile Safari/537.36"
223.233.20.41 - - [23/Apr/2024:14:23:35 +0000] "GET /assets/images/icons/intro-2.png HTTP/1.1" 200 2577 "https://hp.himachaltravelguide.in/?gclid=CjwKCAjwuJ2xBhA3EiwAMVjkVBBNNqTbfHj_qRK7MfXTA49OVjTTzMwKJNOWmn4Ks51NSX_DxfJ7KxoCSNwQAvD_BwE" "Mozilla/5.0 (Linux; Android 10; K) AppleWebKit/537.36 (KHTML, like Gecko) Chrome/123.0.0.0 Mobile Safari/537.36"
47.11.199.242 - - [23/Apr/2024:14:23:35 +0000] "GET /assets/js/lib/jquery-ui.min.js HTTP/1.1" 200 67864 "https://hp.himachaltravelguide.in/?gclid=CjwKCAjwuJ2xBhA3EiwAMVjkVK8FIQ1NXYcO-KJRAQ2i7rNXIWveiyizpDiF_DGT8c8474Pbd6OO8xoCttAQAvD_BwE" "Mozilla/5.0 (Linux; Android 10; K) AppleWebKit/537.36 (KHTML, like Gecko) Chrome/123.0.0.0 Mobile Safari/537.36"
223.233.20.41 - - [23/Apr/2024:14:23:35 +0000] "GET /assets/images/icons/intro-3.png HTTP/1.1" 200 2689 "https://hp.himachaltravelguide.in/?gclid=CjwKCAjwuJ2xBhA3EiwAMVjkVBBNNqTbfHj_qRK7MfXTA49OVjTTzMwKJNOWmn4Ks51NSX_DxfJ7KxoCSNwQAvD_BwE" "Mozilla/5.0 (Linux; Android 10; K) AppleWebKit/537.36 (KHTML, like Gecko) Chrome/123.0.0.0 Mobile Safari/537.36"
47.11.199.242 - - [23/Apr/2024:14:23:35 +0000] "GET /assets/js/lib/jquery.fancybox.min.js HTTP/1.1" 200 19503 "https://hp.himachaltravelguide.in/?gclid=CjwKCAjwuJ2xBhA3EiwAMVjkVK8FIQ1NXYcO-KJRAQ2i7rNXIWveiyizpDiF_DGT8c8474Pbd6OO8xoCttAQAvD_BwE" "Mozilla/5.0 (Linux; Android 10; K) AppleWebKit/537.36 (KHTML, like Gecko) Chrome/123.0.0.0 Mobile Safari/537.36"
223.233.20.41 - - [23/Apr/2024:14:23:35 +0000] "GET /assets/images/background/bg-gradient-15.png HTTP/1.1" 200 35167 "https://hp.himachaltravelguide.in/?gclid=CjwKCAjwuJ2xBhA3EiwAMVjkVBBNNqTbfHj_qRK7MfXTA49OVjTTzMwKJNOWmn4Ks51NSX_DxfJ7KxoCSNwQAvD_BwE" "Mozilla/5.0 (Linux; Android 10; K) AppleWebKit/537.36 (KHTML, like Gecko) Chrome/123.0.0.0 Mobile Safari/537.36"
223.233.20.41 - - [23/Apr/2024:14:23:35 +0000] "GET /assets/images/background/bg-gradient-16.png HTTP/1.1" 200 16672 "https://hp.himachaltravelguide.in/?gclid=CjwKCAjwuJ2xBhA3EiwAMVjkVBBNNqTbfHj_qRK7MfXTA49OVjTTzMwKJNOWmn4Ks51NSX_DxfJ7KxoCSNwQAvD_BwE" "Mozilla/5.0 (Linux; Android 10; K) AppleWebKit/537.36 (KHTML, like Gecko) Chrome/123.0.0.0 Mobile Safari/537.36"
223.233.20.41 - - [23/Apr/2024:14:23:35 +0000] "GET /assets/images/elements/purple-2.png HTTP/1.1" 200 602 "https://hp.himachaltravelguide.in/?gclid=CjwKCAjwuJ2xBhA3EiwAMVjkVBBNNqTbfHj_qRK7MfXTA49OVjTTzMwKJNOWmn4Ks51NSX_DxfJ7KxoCSNwQAvD_BwE" "Mozilla/5.0 (Linux; Android 10; K) AppleWebKit/537.36 (KHTML, like Gecko) Chrome/123.0.0.0 Mobile Safari/537.36"
47.11.199.242 - - [23/Apr/2024:14:23:35 +0000] "GET /assets/js/lib/isotope.min.js HTTP/1.1" 200 10201 "https://hp.himachaltravelguide.in/?gclid=CjwKCAjwuJ2xBhA3EiwAMVjkVK8FIQ1NXYcO-KJRAQ2i7rNXIWveiyizpDiF_DGT8c8474Pbd6OO8xoCttAQAvD_BwE" "Mozilla/5.0 (Linux; Android 10; K) AppleWebKit/537.36 (KHTML, like Gecko) Chrome/123.0.0.0 Mobile Safari/537.36"
223.233.20.41 - - [23/Apr/2024:14:23:35 +0000] "GET /assets/images/background/bg-gradient-19.png HTTP/1.1" 200 16111 "https://hp.himachaltravelguide.in/?gclid=CjwKCAjwuJ2xBhA3EiwAMVjkVBBNNqTbfHj_qRK7MfXTA49OVjTTzMwKJNOWmn4Ks51NSX_DxfJ7KxoCSNwQAvD_BwE" "Mozilla/5.0 (Linux; Android 10; K) AppleWebKit/537.36 (KHTML, like Gecko) Chrome/123.0.0.0 Mobile Safari/537.36"
223.233.20.41 - - [23/Apr/2024:14:23:35 +0000] "GET /assets/images/background/bg-gradient-20.png HTTP/1.1" 200 26296 "https://hp.himachaltravelguide.in/?gclid=CjwKCAjwuJ2xBhA3EiwAMVjkVBBNNqTbfHj_qRK7MfXTA49OVjTTzMwKJNOWmn4Ks51NSX_DxfJ7KxoCSNwQAvD_BwE" "Mozilla/5.0 (Linux; Android 10; K) AppleWebKit/537.36 (KHTML, like Gecko) Chrome/123.0.0.0 Mobile Safari/537.36"
223.233.20.41 - - [23/Apr/2024:14:23:35 +0000] "GET /assets/images/elements/purple-3.png HTTP/1.1" 200 652 "https://hp.himachaltravelguide.in/?gclid=CjwKCAjwuJ2xBhA3EiwAMVjkVBBNNqTbfHj_qRK7MfXTA49OVjTTzMwKJNOWmn4Ks51NSX_DxfJ7KxoCSNwQAvD_BwE" "Mozilla/5.0 (Linux; Android 10; K) AppleWebKit/537.36 (KHTML, like Gecko) Chrome/123.0.0.0 Mobile Safari/537.36"
47.11.199.242 - - [23/Apr/2024:14:23:35 +0000] "GET /assets/js/lib/slick.min.js HTTP/1.1" 200 10680 "https://hp.himachaltravelguide.in/?gclid=CjwKCAjwuJ2xBhA3EiwAMVjkVK8FIQ1NXYcO-KJRAQ2i7rNXIWveiyizpDiF_DGT8c8474Pbd6OO8xoCttAQAvD_BwE" "Mozilla/5.0 (Linux; Android 10; K) AppleWebKit/537.36 (KHTML, like Gecko) Chrome/123.0.0.0 Mobile Safari/537.36"
47.11.199.242 - - [23/Apr/2024:14:23:35 +0000] "GET /assets/js/lib/appear.min.js HTTP/1.1" 200 784 "https://hp.himachaltravelguide.in/?gclid=CjwKCAjwuJ2xBhA3EiwAMVjkVK8FIQ1NXYcO-KJRAQ2i7rNXIWveiyizpDiF_DGT8c8474Pbd6OO8xoCttAQAvD_BwE" "Mozilla/5.0 (Linux; Android 10; K) AppleWebKit/537.36 (KHTML, like Gecko) Chrome/123.0.0.0 Mobile Safari/537.36"
223.233.20.41 - - [23/Apr/2024:14:23:35 +0000] "GET /assets/images/icons/f-icon-7.png HTTP/1.1" 200 3114 "https://hp.himachaltravelguide.in/?gclid=CjwKCAjwuJ2xBhA3EiwAMVjkVBBNNqTbfHj_qRK7MfXTA49OVjTTzMwKJNOWmn4Ks51NSX_DxfJ7KxoCSNwQAvD_BwE" "Mozilla/5.0 (Linux; Android 10; K) AppleWebKit/537.36 (KHTML, like Gecko) Chrome/123.0.0.0 Mobile Safari/537.36"
223.233.20.41 - - [23/Apr/2024:14:23:35 +0000] "GET /assets/css/lib/simple-line-icons/fonts/Simple-Line-Iconsb26c.woff2?v=2.4.0 HTTP/1.1" 200 30064 "https://hp.himachaltravelguide.in/assets/css/lib/simple-line-icons/css/simple-line-icons.min.css" "Mozilla/5.0 (Linux; Android 10; K) AppleWebKit/537.36 (KHTML, like Gecko) Chrome/123.0.0.0 Mobile Safari/537.36"
223.233.20.41 - - [23/Apr/2024:14:23:35 +0000] "GET /assets/images/icons/f-icon-8.png HTTP/1.1" 200 3297 "https://hp.himachaltravelguide.in/?gclid=CjwKCAjwuJ2xBhA3EiwAMVjkVBBNNqTbfHj_qRK7MfXTA49OVjTTzMwKJNOWmn4Ks51NSX_DxfJ7KxoCSNwQAvD_BwE" "Mozilla/5.0 (Linux; Android 10; K) AppleWebKit/537.36 (KHTML, like Gecko) Chrome/123.0.0.0 Mobile Safari/537.36"
223.233.20.41 - - [23/Apr/2024:14:23:35 +0000] "GET /assets/images/icons/f-icon-9.png HTTP/1.1" 200 3121 "https://hp.himachaltravelguide.in/?gclid=CjwKCAjwuJ2xBhA3EiwAMVjkVBBNNqTbfHj_qRK7MfXTA49OVjTTzMwKJNOWmn4Ks51NSX_DxfJ7KxoCSNwQAvD_BwE" "Mozilla/5.0 (Linux; Android 10; K) AppleWebKit/537.36 (KHTML, like Gecko) Chrome/123.0.0.0 Mobile Safari/537.36"
223.233.20.41 - - [23/Apr/2024:14:23:35 +0000] "GET /assets/images/elements/yellow-4.png HTTP/1.1" 200 646 "https://hp.himachaltravelguide.in/?gclid=CjwKCAjwuJ2xBhA3EiwAMVjkVBBNNqTbfHj_qRK7MfXTA49OVjTTzMwKJNOWmn4Ks51NSX_DxfJ7KxoCSNwQAvD_BwE" "Mozilla/5.0 (Linux; Android 10; K) AppleWebKit/537.36 (KHTML, like Gecko) Chrome/123.0.0.0 Mobile Safari/537.36"
223.233.20.41 - - [23/Apr/2024:14:23:35 +0000] "GET /assets/images/resources/thumbnails/testi-1.jpg HTTP/1.1" 200 8918 "https://hp.himachaltravelguide.in/?gclid=CjwKCAjwuJ2xBhA3EiwAMVjkVBBNNqTbfHj_qRK7MfXTA49OVjTTzMwKJNOWmn4Ks51NSX_DxfJ7KxoCSNwQAvD_BwE" "Mozilla/5.0 (Linux; Android 10; K) AppleWebKit/537.36 (KHTML, like Gecko) Chrome/123.0.0.0 Mobile Safari/537.36"
223.233.20.41 - - [23/Apr/2024:14:23:35 +0000] "GET /assets/images/resources/thumbnails/testi-2.jpg HTTP/1.1" 200 8319 "https://hp.himachaltravelguide.in/?gclid=CjwKCAjwuJ2xBhA3EiwAMVjkVBBNNqTbfHj_qRK7MfXTA49OVjTTzMwKJNOWmn4Ks51NSX_DxfJ7KxoCSNwQAvD_BwE" "Mozilla/5.0 (Linux; Android 10; K) AppleWebKit/537.36 (KHTML, like Gecko) Chrome/123.0.0.0 Mobile Safari/537.36"
47.11.199.242 - - [23/Apr/2024:14:23:35 +0000] "GET /assets/js/custom-script.js HTTP/1.1" 200 3489 "https://hp.himachaltravelguide.in/?gclid=CjwKCAjwuJ2xBhA3EiwAMVjkVK8FIQ1NXYcO-KJRAQ2i7rNXIWveiyizpDiF_DGT8c8474Pbd6OO8xoCttAQAvD_BwE" "Mozilla/5.0 (Linux; Android 10; K) AppleWebKit/537.36 (KHTML, like Gecko) Chrome/123.0.0.0 Mobile Safari/537.36"
47.11.199.242 - - [23/Apr/2024:14:23:35 +0000] "GET /assets/js/lib/wow.min.js HTTP/1.1" 200 2826 "https://hp.himachaltravelguide.in/?gclid=CjwKCAjwuJ2xBhA3EiwAMVjkVK8FIQ1NXYcO-KJRAQ2i7rNXIWveiyizpDiF_DGT8c8474Pbd6OO8xoCttAQAvD_BwE" "Mozilla/5.0 (Linux; Android 10; K) AppleWebKit/537.36 (KHTML, like Gecko) Chrome/123.0.0.0 Mobile Safari/537.36"
47.11.199.242 - - [23/Apr/2024:14:23:35 +0000] "GET /assets/js/lib/swiper.min.js HTTP/1.1" 200 39733 "https://hp.himachaltravelguide.in/?gclid=CjwKCAjwuJ2xBhA3EiwAMVjkVK8FIQ1NXYcO-KJRAQ2i7rNXIWveiyizpDiF_DGT8c8474Pbd6OO8xoCttAQAvD_BwE" "Mozilla/5.0 (Linux; Android 10; K) AppleWebKit/537.36 (KHTML, like Gecko) Chrome/123.0.0.0 Mobile Safari/537.36"
