106.222.202.9 - - [23/Apr/2024:14:24:15 +0000] "GET /assets/css/lib/fontawesome/css/solid.css HTTP/1.1" 200 353 "https://hp.himachaltravelguide.in/?gclid=CjwKCAjwuJ2xBhA3EiwAMVjkVPL0dD54jAOgYMmIs2SQSuNDgMmhs2wELcHlSYAgXFOkln1CCiPprhoC_N8QAvD_BwE" "Mozilla/5.0 (Linux; Android 14; SAMSUNG SM-A546E) AppleWebKit/537.36 (KHTML, like Gecko) SamsungBrowser/23.0 Chrome/115.0.0.0 Mobile Safari/537.36"
106.222.202.9 - - [23/Apr/2024:14:24:15 +0000] "GET /assets/css/lib/animate.min.css HTTP/1.1" 200 4148 "https://hp.himachaltravelguide.in/?gclid=CjwKCAjwuJ2xBhA3EiwAMVjkVPL0dD54jAOgYMmIs2SQSuNDgMmhs2wELcHlSYAgXFOkln1CCiPprhoC_N8QAvD_BwE" "Mozilla/5.0 (Linux; Android 14; SAMSUNG SM-A546E) AppleWebKit/537.36 (KHTML, like Gecko) SamsungBrowser/23.0 Chrome/115.0.0.0 Mobile Safari/537.36"
106.222.202.9 - - [23/Apr/2024:14:24:15 +0000] "GET /assets/css/lib/simple-line-icons/css/simple-line-icons.min.css HTTP/1.1" 200 2436 "https://hp.himachaltravelguide.in/?gclid=CjwKCAjwuJ2xBhA3EiwAMVjkVPL0dD54jAOgYMmIs2SQSuNDgMmhs2wELcHlSYAgXFOkln1CCiPprhoC_N8QAvD_BwE" "Mozilla/5.0 (Linux; Android 14; SAMSUNG SM-A546E) AppleWebKit/537.36 (KHTML, like Gecko) SamsungBrowser/23.0 Chrome/115.0.0.0 Mobile Safari/537.36"
106.222.202.9 - - [23/Apr/2024:14:24:15 +0000] "GET /assets/css/lib/slick.min.css HTTP/1.1" 200 516 "https://hp.himachaltravelguide.in/?gclid=CjwKCAjwuJ2xBhA3EiwAMVjkVPL0dD54jAOgYMmIs2SQSuNDgMmhs2wELcHlSYAgXFOkln1CCiPprhoC_N8QAvD_BwE" "Mozilla/5.0 (Linux; Android 14; SAMSUNG SM-A546E) AppleWebKit/537.36 (KHTML, like Gecko) SamsungBrowser/23.0 Chrome/115.0.0.0 Mobile Safari/537.36"
106.222.202.9 - - [23/Apr/2024:14:24:15 +0000] "GET /assets/css/lib/swiper.min.css HTTP/1.1" 200 4593 "https://hp.himachaltravelguide.in/?gclid=CjwKCAjwuJ2xBhA3EiwAMVjkVPL0dD54jAOgYMmIs2SQSuNDgMmhs2wELcHlSYAgXFOkln1CCiPprhoC_N8QAvD_BwE" "Mozilla/5.0 (Linux; Android 14; SAMSUNG SM-A546E) AppleWebKit/537.36 (KHTML, like Gecko) SamsungBrowser/23.0 Chrome/115.0.0.0 Mobile Safari/537.36"
106.222.202.9 - - [23/Apr/2024:14:24:15 +0000] "GET /assets/css/lib/jquery-ui.min.css HTTP/1.1" 200 7629 "https://hp.himachaltravelguide.in/?gclid=CjwKCAjwuJ2xBhA3EiwAMVjkVPL0dD54jAOgYMmIs2SQSuNDgMmhs2wELcHlSYAgXFOkln1CCiPprhoC_N8QAvD_BwE" "Mozilla/5.0 (Linux; Android 14; SAMSUNG SM-A546E) AppleWebKit/537.36 (KHTML, like Gecko) SamsungBrowser/23.0 Chrome/115.0.0.0 Mobile Safari/537.36"
49.42.33.44 - - [23/Apr/2024:14:24:15 +0000] "GET /assets/images/tripperHubpng%201.png HTTP/1.1" 200 18158 "https://hp.himachaltravelguide.in/?gclid=EAIaIQobChMI_ZKt2cTYhQMVF6ymBB2RRA2UEAEYASAAEgKbI_D_BwE" "Mozilla/5.0 (Linux; Android 10; K) AppleWebKit/537.36 (KHTML, like Gecko) Chrome/123.0.0.0 Mobile Safari/537.36"
49.42.33.44 - - [23/Apr/2024:14:24:15 +0000] "GET /assets/images/icons/menu-icon.svg HTTP/1.1" 200 305 "https://hp.himachaltravelguide.in/?gclid=EAIaIQobChMI_ZKt2cTYhQMVF6ymBB2RRA2UEAEYASAAEgKbI_D_BwE" "Mozilla/5.0 (Linux; Android 10; K) AppleWebKit/537.36 (KHTML, like Gecko) Chrome/123.0.0.0 Mobile Safari/537.36"
106.222.202.9 - - [23/Apr/2024:14:24:15 +0000] "GET /assets/css/lib/jquery.fancybox.min.css HTTP/1.1" 200 3167 "https://hp.himachaltravelguide.in/?gclid=CjwKCAjwuJ2xBhA3EiwAMVjkVPL0dD54jAOgYMmIs2SQSuNDgMmhs2wELcHlSYAgXFOkln1CCiPprhoC_N8QAvD_BwE" "Mozilla/5.0 (Linux; Android 14; SAMSUNG SM-A546E) AppleWebKit/537.36 (KHTML, like Gecko) SamsungBrowser/23.0 Chrome/115.0.0.0 Mobile Safari/537.36"
106.222.202.9 - - [23/Apr/2024:14:24:15 +0000] "GET /assets/css/custom-animate.css HTTP/1.1" 200 1880 "https://hp.himachaltravelguide.in/?gclid=CjwKCAjwuJ2xBhA3EiwAMVjkVPL0dD54jAOgYMmIs2SQSuNDgMmhs2wELcHlSYAgXFOkln1CCiPprhoC_N8QAvD_BwE" "Mozilla/5.0 (Linux; Android 14; SAMSUNG SM-A546E) AppleWebKit/537.36 (KHTML, like Gecko) SamsungBrowser/23.0 Chrome/115.0.0.0 Mobile Safari/537.36"
157.32.226.22 - - [23/Apr/2024:14:24:15 +0000] "GET /?gclid=EAIaIQobChMImonV98TYhQMVL6nYBR2XpARoEAEYASAAEgLMMfD_BwE HTTP/1.1" 200 11215 "https://www.justdial.com/" "Mozilla/5.0 (Linux; Android 10; K) AppleWebKit/537.36 (KHTML, like Gecko) Chrome/123.0.0.0 Mobile Safari/537.36"
106.222.202.9 - - [23/Apr/2024:14:24:15 +0000] "GET /assets/css/style.css HTTP/1.1" 200 23571 "https://hp.himachaltravelguide.in/?gclid=CjwKCAjwuJ2xBhA3EiwAMVjkVPL0dD54jAOgYMmIs2SQSuNDgMmhs2wELcHlSYAgXFOkln1CCiPprhoC_N8QAvD_BwE" "Mozilla/5.0 (Linux; Android 14; SAMSUNG SM-A546E) AppleWebKit/537.36 (KHTML, like Gecko) SamsungBrowser/23.0 Chrome/115.0.0.0 Mobile Safari/537.36"
106.222.202.9 - - [23/Apr/2024:14:24:15 +0000] "GET /assets/css/responsive.css HTTP/1.1" 200 3920 "https://hp.himachaltravelguide.in/?gclid=CjwKCAjwuJ2xBhA3EiwAMVjkVPL0dD54jAOgYMmIs2SQSuNDgMmhs2wELcHlSYAgXFOkln1CCiPprhoC_N8QAvD_BwE" "Mozilla/5.0 (Linux; Android 14; SAMSUNG SM-A546E) AppleWebKit/537.36 (KHTML, like Gecko) SamsungBrowser/23.0 Chrome/115.0.0.0 Mobile Safari/537.36"
49.42.33.44 - - [23/Apr/2024:14:24:15 +0000] "GET /assets/css/sections/variables.css HTTP/1.1" 200 474 "https://hp.himachaltravelguide.in/assets/css/style.css" "Mozilla/5.0 (Linux; Android 10; K) AppleWebKit/537.36 (KHTML, like Gecko) Chrome/123.0.0.0 Mobile Safari/537.36"
49.42.33.44 - - [23/Apr/2024:14:24:15 +0000] "GET /assets/css/sections/fonts.css HTTP/1.1" 200 319 "https://hp.himachaltravelguide.in/assets/css/style.css" "Mozilla/5.0 (Linux; Android 10; K) AppleWebKit/537.36 (KHTML, like Gecko) Chrome/123.0.0.0 Mobile Safari/537.36"
49.42.33.44 - - [23/Apr/2024:14:24:15 +0000] "GET /assets/css/sections/global-settings.css HTTP/1.1" 200 1333 "https://hp.himachaltravelguide.in/assets/css/style.css" "Mozilla/5.0 (Linux; Android 10; K) AppleWebKit/537.36 (KHTML, like Gecko) Chrome/123.0.0.0 Mobile Safari/537.36"
157.32.226.22 - - [23/Apr/2024:14:24:15 +0000] "GET /assets/css/lib/bootstrap/bootstrap.min.css HTTP/1.1" 200 31138 "https://hp.himachaltravelguide.in/?gclid=EAIaIQobChMImonV98TYhQMVL6nYBR2XpARoEAEYASAAEgLMMfD_BwE" "Mozilla/5.0 (Linux; Android 10; K) AppleWebKit/537.36 (KHTML, like Gecko) Chrome/123.0.0.0 Mobile Safari/537.36"
106.222.202.9 - - [23/Apr/2024:14:24:15 +0000] "GET /assets/css/sections/variables.css HTTP/1.1" 200 474 "https://hp.himachaltravelguide.in/assets/css/style.css" "Mozilla/5.0 (Linux; Android 14; SAMSUNG SM-A546E) AppleWebKit/537.36 (KHTML, like Gecko) SamsungBrowser/23.0 Chrome/115.0.0.0 Mobile Safari/537.36"
106.222.202.9 - - [23/Apr/2024:14:24:15 +0000] "GET /assets/css/sections/fonts.css HTTP/1.1" 200 319 "https://hp.himachaltravelguide.in/assets/css/style.css" "Mozilla/5.0 (Linux; Android 14; SAMSUNG SM-A546E) AppleWebKit/537.36 (KHTML, like Gecko) SamsungBrowser/23.0 Chrome/115.0.0.0 Mobile Safari/537.36"
106.222.202.9 - - [23/Apr/2024:14:24:15 +0000] "GET /assets/css/sections/global-settings.css HTTP/1.1" 200 1333 "https://hp.himachaltravelguide.in/assets/css/style.css" "Mozilla/5.0 (Linux; Android 14; SAMSUNG SM-A546E) AppleWebKit/537.36 (KHTML, like Gecko) SamsungBrowser/23.0 Chrome/115.0.0.0 Mobile Safari/537.36"
157.32.226.22 - - [23/Apr/2024:14:24:15 +0000] "GET /assets/css/lib/fontawesome/css/fontawesome.min.css HTTP/1.1" 200 17422 "https://hp.himachaltravelguide.in/?gclid=EAIaIQobChMImonV98TYhQMVL6nYBR2XpARoEAEYASAAEgLMMfD_BwE" "Mozilla/5.0 (Linux; Android 10; K) AppleWebKit/537.36 (KHTML, like Gecko) Chrome/123.0.0.0 Mobile Safari/537.36"
157.32.226.22 - - [23/Apr/2024:14:24:15 +0000] "GET /assets/css/lib/fontawesome/css/solid.css HTTP/1.1" 200 353 "https://hp.himachaltravelguide.in/?gclid=EAIaIQobChMImonV98TYhQMVL6nYBR2XpARoEAEYASAAEgLMMfD_BwE" "Mozilla/5.0 (Linux; Android 10; K) AppleWebKit/537.36 (KHTML, like Gecko) Chrome/123.0.0.0 Mobile Safari/537.36"
157.32.226.22 - - [23/Apr/2024:14:24:15 +0000] "GET /assets/css/lib/simple-line-icons/css/simple-line-icons.min.css HTTP/1.1" 200 2436 "https://hp.himachaltravelguide.in/?gclid=EAIaIQobChMImonV98TYhQMVL6nYBR2XpARoEAEYASAAEgLMMfD_BwE" "Mozilla/5.0 (Linux; Android 10; K) AppleWebKit/537.36 (KHTML, like Gecko) Chrome/123.0.0.0 Mobile Safari/537.36"
157.32.226.22 - - [23/Apr/2024:14:24:15 +0000] "GET /assets/css/lib/fontawesome/css/brands.css HTTP/1.1" 200 4928 "https://hp.himachaltravelguide.in/?gclid=EAIaIQobChMImonV98TYhQMVL6nYBR2XpARoEAEYASAAEgLMMfD_BwE" "Mozilla/5.0 (Linux; Android 10; K) AppleWebKit/537.36 (KHTML, like Gecko) Chrome/123.0.0.0 Mobile Safari/537.36"
157.32.226.22 - - [23/Apr/2024:14:24:15 +0000] "GET /assets/css/lib/animate.min.css HTTP/1.1" 200 4148 "https://hp.himachaltravelguide.in/?gclid=EAIaIQobChMImonV98TYhQMVL6nYBR2XpARoEAEYASAAEgLMMfD_BwE" "Mozilla/5.0 (Linux; Android 10; K) AppleWebKit/537.36 (KHTML, like Gecko) Chrome/123.0.0.0 Mobile Safari/537.36"
47.29.60.235 - - [23/Apr/2024:14:24:15 +0000] "GET /assets/images/elements/white-1.png HTTP/1.1" 200 427 "https://hp.himachaltravelguide.in/?gclid=CjwKCAjwuJ2xBhA3EiwAMVjkVHd5qznfTrz8UW7MaIAkt1_gMllCU9fDM-Kiu47ineJ45OV8MpWHtRoCTu4QAvD_BwE" "Mozilla/5.0 (Linux; Android 10; K) AppleWebKit/537.36 (KHTML, like Gecko) Chrome/123.0.0.0 Mobile Safari/537.36"
47.29.60.235 - - [23/Apr/2024:14:24:15 +0000] "GET /assets/images/icons/intro-1.png HTTP/1.1" 200 3503 "https://hp.himachaltravelguide.in/?gclid=CjwKCAjwuJ2xBhA3EiwAMVjkVHd5qznfTrz8UW7MaIAkt1_gMllCU9fDM-Kiu47ineJ45OV8MpWHtRoCTu4QAvD_BwE" "Mozilla/5.0 (Linux; Android 10; K) AppleWebKit/537.36 (KHTML, like Gecko) Chrome/123.0.0.0 Mobile Safari/537.36"
47.29.60.235 - - [23/Apr/2024:14:24:15 +0000] "GET /assets/images/icons/intro-2.png HTTP/1.1" 200 2577 "https://hp.himachaltravelguide.in/?gclid=CjwKCAjwuJ2xBhA3EiwAMVjkVHd5qznfTrz8UW7MaIAkt1_gMllCU9fDM-Kiu47ineJ45OV8MpWHtRoCTu4QAvD_BwE" "Mozilla/5.0 (Linux; Android 10; K) AppleWebKit/537.36 (KHTML, like Gecko) Chrome/123.0.0.0 Mobile Safari/537.36"
47.29.60.235 - - [23/Apr/2024:14:24:15 +0000] "GET /assets/images/icons/intro-3.png HTTP/1.1" 200 2689 "https://hp.himachaltravelguide.in/?gclid=CjwKCAjwuJ2xBhA3EiwAMVjkVHd5qznfTrz8UW7MaIAkt1_gMllCU9fDM-Kiu47ineJ45OV8MpWHtRoCTu4QAvD_BwE" "Mozilla/5.0 (Linux; Android 10; K) AppleWebKit/537.36 (KHTML, like Gecko) Chrome/123.0.0.0 Mobile Safari/537.36"
152.58.128.83 - - [23/Apr/2024:14:24:15 +0000] "GET /?gclid=CjwKCAjwuJ2xBhA3EiwAMVjkVOWMKQxTvcwfkdQT5UIZzkpNhMEzTrPFYVlzrxZfMltg4dnmwwXYeBoCo3wQAvD_BwE HTTP/1.1" 200 11239 "-" "Mozilla/5.0 (Linux; Android 12; 22120RN86I) AppleWebKit/537.36 (KHTML, like Gecko) Chrome/103.0.0.0 Mobile Safari/537.36"
47.29.60.235 - - [23/Apr/2024:14:24:15 +0000] "GET /assets/images/background/bg-gradient-15.png HTTP/1.1" 200 35167 "https://hp.himachaltravelguide.in/?gclid=CjwKCAjwuJ2xBhA3EiwAMVjkVHd5qznfTrz8UW7MaIAkt1_gMllCU9fDM-Kiu47ineJ45OV8MpWHtRoCTu4QAvD_BwE" "Mozilla/5.0 (Linux; Android 10; K) AppleWebKit/537.36 (KHTML, like Gecko) Chrome/123.0.0.0 Mobile Safari/537.36"
157.32.226.22 - - [23/Apr/2024:14:24:15 +0000] "GET /assets/css/lib/slick.min.css HTTP/1.1" 200 516 "https://hp.himachaltravelguide.in/?gclid=EAIaIQobChMImonV98TYhQMVL6nYBR2XpARoEAEYASAAEgLMMfD_BwE" "Mozilla/5.0 (Linux; Android 10; K) AppleWebKit/537.36 (KHTML, like Gecko) Chrome/123.0.0.0 Mobile Safari/537.36"
157.32.226.22 - - [23/Apr/2024:14:24:15 +0000] "GET /assets/css/lib/swiper.min.css HTTP/1.1" 200 4593 "https://hp.himachaltravelguide.in/?gclid=EAIaIQobChMImonV98TYhQMVL6nYBR2XpARoEAEYASAAEgLMMfD_BwE" "Mozilla/5.0 (Linux; Android 10; K) AppleWebKit/537.36 (KHTML, like Gecko) Chrome/123.0.0.0 Mobile Safari/537.36"
157.32.226.22 - - [23/Apr/2024:14:24:15 +0000] "GET /assets/css/lib/jquery-ui.min.css HTTP/1.1" 200 7629 "https://hp.himachaltravelguide.in/?gclid=EAIaIQobChMImonV98TYhQMVL6nYBR2XpARoEAEYASAAEgLMMfD_BwE" "Mozilla/5.0 (Linux; Android 10; K) AppleWebKit/537.36 (KHTML, like Gecko) Chrome/123.0.0.0 Mobile Safari/537.36"
106.222.202.9 - - [23/Apr/2024:14:24:15 +0000] "GET /assets/js/lib/jquery.min.js HTTP/1.1" 200 33815 "https://hp.himachaltravelguide.in/?gclid=CjwKCAjwuJ2xBhA3EiwAMVjkVPL0dD54jAOgYMmIs2SQSuNDgMmhs2wELcHlSYAgXFOkln1CCiPprhoC_N8QAvD_BwE" "Mozilla/5.0 (Linux; Android 14; SAMSUNG SM-A546E) AppleWebKit/537.36 (KHTML, like Gecko) SamsungBrowser/23.0 Chrome/115.0.0.0 Mobile Safari/537.36"
157.32.226.22 - - [23/Apr/2024:14:24:15 +0000] "GET /assets/css/custom-animate.css HTTP/1.1" 200 1880 "https://hp.himachaltravelguide.in/?gclid=EAIaIQobChMImonV98TYhQMVL6nYBR2XpARoEAEYASAAEgLMMfD_BwE" "Mozilla/5.0 (Linux; Android 10; K) AppleWebKit/537.36 (KHTML, like Gecko) Chrome/123.0.0.0 Mobile Safari/537.36"
47.29.60.235 - - [23/Apr/2024:14:24:15 +0000] "GET /assets/images/background/bg-gradient-16.png HTTP/1.1" 200 16672 "https://hp.himachaltravelguide.in/?gclid=CjwKCAjwuJ2xBhA3EiwAMVjkVHd5qznfTrz8UW7MaIAkt1_gMllCU9fDM-Kiu47ineJ45OV8MpWHtRoCTu4QAvD_BwE" "Mozilla/5.0 (Linux; Android 10; K) AppleWebKit/537.36 (KHTML, like Gecko) Chrome/123.0.0.0 Mobile Safari/537.36"
157.32.226.22 - - [23/Apr/2024:14:24:15 +0000] "GET /assets/css/lib/jquery.fancybox.min.css HTTP/1.1" 200 3167 "https://hp.himachaltravelguide.in/?gclid=EAIaIQobChMImonV98TYhQMVL6nYBR2XpARoEAEYASAAEgLMMfD_BwE" "Mozilla/5.0 (Linux; Android 10; K) AppleWebKit/537.36 (KHTML, like Gecko) Chrome/123.0.0.0 Mobile Safari/537.36"
106.222.202.9 - - [23/Apr/2024:14:24:16 +0000] "GET /assets/js/lib/popper.min.js HTTP/1.1" 200 7519 "https://hp.himachaltravelguide.in/?gclid=CjwKCAjwuJ2xBhA3EiwAMVjkVPL0dD54jAOgYMmIs2SQSuNDgMmhs2wELcHlSYAgXFOkln1CCiPprhoC_N8QAvD_BwE" "Mozilla/5.0 (Linux; Android 14; SAMSUNG SM-A546E) AppleWebKit/537.36 (KHTML, like Gecko) SamsungBrowser/23.0 Chrome/115.0.0.0 Mobile Safari/537.36"
157.32.226.22 - - [23/Apr/2024:14:24:16 +0000] "GET /assets/css/responsive.css HTTP/1.1" 200 3920 "https://hp.himachaltravelguide.in/?gclid=EAIaIQobChMImonV98TYhQMVL6nYBR2XpARoEAEYASAAEgLMMfD_BwE" "Mozilla/5.0 (Linux; Android 10; K) AppleWebKit/537.36 (KHTML, like Gecko) Chrome/123.0.0.0 Mobile Safari/537.36"
157.32.226.22 - - [23/Apr/2024:14:24:16 +0000] "GET /assets/css/style.css HTTP/1.1" 200 23571 "https://hp.himachaltravelguide.in/?gclid=EAIaIQobChMImonV98TYhQMVL6nYBR2XpARoEAEYASAAEgLMMfD_BwE" "Mozilla/5.0 (Linux; Android 10; K) AppleWebKit/537.36 (KHTML, like Gecko) Chrome/123.0.0.0 Mobile Safari/537.36"
157.32.226.22 - - [23/Apr/2024:14:24:16 +0000] "GET /assets/images/tripperHubpng%201.png HTTP/1.1" 200 18158 "https://hp.himachaltravelguide.in/?gclid=EAIaIQobChMImonV98TYhQMVL6nYBR2XpARoEAEYASAAEgLMMfD_BwE" "Mozilla/5.0 (Linux; Android 10; K) AppleWebKit/537.36 (KHTML, like Gecko) Chrome/123.0.0.0 Mobile Safari/537.36"
157.32.226.22 - - [23/Apr/2024:14:24:16 +0000] "GET /assets/images/icons/menu-icon.svg HTTP/1.1" 200 305 "https://hp.himachaltravelguide.in/?gclid=EAIaIQobChMImonV98TYhQMVL6nYBR2XpARoEAEYASAAEgLMMfD_BwE" "Mozilla/5.0 (Linux; Android 10; K) AppleWebKit/537.36 (KHTML, like Gecko) Chrome/123.0.0.0 Mobile Safari/537.36"
106.222.202.9 - - [23/Apr/2024:14:24:16 +0000] "GET /assets/js/lib/bootstrap/bootstrap.min.js HTTP/1.1" 200 16560 "https://hp.himachaltravelguide.in/?gclid=CjwKCAjwuJ2xBhA3EiwAMVjkVPL0dD54jAOgYMmIs2SQSuNDgMmhs2wELcHlSYAgXFOkln1CCiPprhoC_N8QAvD_BwE" "Mozilla/5.0 (Linux; Android 14; SAMSUNG SM-A546E) AppleWebKit/537.36 (KHTML, like Gecko) SamsungBrowser/23.0 Chrome/115.0.0.0 Mobile Safari/537.36"
103.41.197.27 - - [23/Apr/2024:14:24:16 +0000] "GET /assets/images/tripperHub-white.png HTTP/1.1" 200 181946 "https://hp.himachaltravelguide.in/?gclid=CjwKCAjwuJ2xBhA3EiwAMVjkVI9SQtp7x42yfzDLi54yzleQodgZ3gakrzY_ie9Es-2h4SA9uarj4hoCT6kQAvD_BwE" "Mozilla/5.0 (Linux; Android 10; K) AppleWebKit/537.36 (KHTML, like Gecko) Chrome/123.0.0.0 Mobile Safari/537.36"
106.222.202.9 - - [23/Apr/2024:14:24:16 +0000] "GET /assets/js/lib/jquery-ui.min.js HTTP/1.1" 200 67864 "https://hp.himachaltravelguide.in/?gclid=CjwKCAjwuJ2xBhA3EiwAMVjkVPL0dD54jAOgYMmIs2SQSuNDgMmhs2wELcHlSYAgXFOkln1CCiPprhoC_N8QAvD_BwE" "Mozilla/5.0 (Linux; Android 14; SAMSUNG SM-A546E) AppleWebKit/537.36 (KHTML, like Gecko) SamsungBrowser/23.0 Chrome/115.0.0.0 Mobile Safari/537.36"
106.222.202.9 - - [23/Apr/2024:14:24:16 +0000] "GET /assets/js/lib/jquery.fancybox.min.js HTTP/1.1" 200 19503 "https://hp.himachaltravelguide.in/?gclid=CjwKCAjwuJ2xBhA3EiwAMVjkVPL0dD54jAOgYMmIs2SQSuNDgMmhs2wELcHlSYAgXFOkln1CCiPprhoC_N8QAvD_BwE" "Mozilla/5.0 (Linux; Android 14; SAMSUNG SM-A546E) AppleWebKit/537.36 (KHTML, like Gecko) SamsungBrowser/23.0 Chrome/115.0.0.0 Mobile Safari/537.36"
106.222.202.9 - - [23/Apr/2024:14:24:16 +0000] "GET /assets/js/lib/wow.min.js HTTP/1.1" 200 2826 "https://hp.himachaltravelguide.in/?gclid=CjwKCAjwuJ2xBhA3EiwAMVjkVPL0dD54jAOgYMmIs2SQSuNDgMmhs2wELcHlSYAgXFOkln1CCiPprhoC_N8QAvD_BwE" "Mozilla/5.0 (Linux; Android 14; SAMSUNG SM-A546E) AppleWebKit/537.36 (KHTML, like Gecko) SamsungBrowser/23.0 Chrome/115.0.0.0 Mobile Safari/537.36"
106.222.202.9 - - [23/Apr/2024:14:24:16 +0000] "GET /assets/js/lib/slick.min.js HTTP/1.1" 200 10680 "https://hp.himachaltravelguide.in/?gclid=CjwKCAjwuJ2xBhA3EiwAMVjkVPL0dD54jAOgYMmIs2SQSuNDgMmhs2wELcHlSYAgXFOkln1CCiPprhoC_N8QAvD_BwE" "Mozilla/5.0 (Linux; Android 14; SAMSUNG SM-A546E) AppleWebKit/537.36 (KHTML, like Gecko) SamsungBrowser/23.0 Chrome/115.0.0.0 Mobile Safari/537.36"
106.222.202.9 - - [23/Apr/2024:14:24:16 +0000] "GET /assets/js/lib/isotope.min.js HTTP/1.1" 200 10201 "https://hp.himachaltravelguide.in/?gclid=CjwKCAjwuJ2xBhA3EiwAMVjkVPL0dD54jAOgYMmIs2SQSuNDgMmhs2wELcHlSYAgXFOkln1CCiPprhoC_N8QAvD_BwE" "Mozilla/5.0 (Linux; Android 14; SAMSUNG SM-A546E) AppleWebKit/537.36 (KHTML, like Gecko) SamsungBrowser/23.0 Chrome/115.0.0.0 Mobile Safari/537.36"
106.222.202.9 - - [23/Apr/2024:14:24:16 +0000] "GET /assets/js/lib/appear.min.js HTTP/1.1" 200 784 "https://hp.himachaltravelguide.in/?gclid=CjwKCAjwuJ2xBhA3EiwAMVjkVPL0dD54jAOgYMmIs2SQSuNDgMmhs2wELcHlSYAgXFOkln1CCiPprhoC_N8QAvD_BwE" "Mozilla/5.0 (Linux; Android 14; SAMSUNG SM-A546E) AppleWebKit/537.36 (KHTML, like Gecko) SamsungBrowser/23.0 Chrome/115.0.0.0 Mobile Safari/537.36"
106.222.202.9 - - [23/Apr/2024:14:24:16 +0000] "GET /assets/js/lib/swiper.min.js HTTP/1.1" 200 39733 "https://hp.himachaltravelguide.in/?gclid=CjwKCAjwuJ2xBhA3EiwAMVjkVPL0dD54jAOgYMmIs2SQSuNDgMmhs2wELcHlSYAgXFOkln1CCiPprhoC_N8QAvD_BwE" "Mozilla/5.0 (Linux; Android 14; SAMSUNG SM-A546E) AppleWebKit/537.36 (KHTML, like Gecko) SamsungBrowser/23.0 Chrome/115.0.0.0 Mobile Safari/537.36"
152.59.103.182 - - [23/Apr/2024:14:24:16 +0000] "GET /?gclid=CjwKCAjwuJ2xBhA3EiwAMVjkVES6TwFrkrbOZo5q7Aa9-eIJ-lmEiSRu8ho7EWgxjJ9GT0ain31awBoCjmoQAvD_BwE HTTP/1.1" 200 11239 "-" "Mozilla/5.0 (Linux; Android 10; K) AppleWebKit/537.36 (KHTML, like Gecko) Chrome/123.0.0.0 Mobile Safari/537.36"
106.222.202.9 - - [23/Apr/2024:14:24:16 +0000] "GET /assets/js/custom-script.js HTTP/1.1" 200 3489 "https://hp.himachaltravelguide.in/?gclid=CjwKCAjwuJ2xBhA3EiwAMVjkVPL0dD54jAOgYMmIs2SQSuNDgMmhs2wELcHlSYAgXFOkln1CCiPprhoC_N8QAvD_BwE" "Mozilla/5.0 (Linux; Android 14; SAMSUNG SM-A546E) AppleWebKit/537.36 (KHTML, like Gecko) SamsungBrowser/23.0 Chrome/115.0.0.0 Mobile Safari/537.36"
106.222.202.9 - - [23/Apr/2024:14:24:16 +0000] "GET /assets/images/tripperHubpng%201.png HTTP/1.1" 200 18158 "https://hp.himachaltravelguide.in/?gclid=CjwKCAjwuJ2xBhA3EiwAMVjkVPL0dD54jAOgYMmIs2SQSuNDgMmhs2wELcHlSYAgXFOkln1CCiPprhoC_N8QAvD_BwE" "Mozilla/5.0 (Linux; Android 14; SAMSUNG SM-A546E) AppleWebKit/537.36 (KHTML, like Gecko) SamsungBrowser/23.0 Chrome/115.0.0.0 Mobile Safari/537.36"
106.222.202.9 - - [23/Apr/2024:14:24:16 +0000] "GET /assets/images/icons/menu-icon.svg HTTP/1.1" 200 305 "https://hp.himachaltravelguide.in/?gclid=CjwKCAjwuJ2xBhA3EiwAMVjkVPL0dD54jAOgYMmIs2SQSuNDgMmhs2wELcHlSYAgXFOkln1CCiPprhoC_N8QAvD_BwE" "Mozilla/5.0 (Linux; Android 14; SAMSUNG SM-A546E) AppleWebKit/537.36 (KHTML, like Gecko) SamsungBrowser/23.0 Chrome/115.0.0.0 Mobile Safari/537.36"
106.222.202.9 - - [23/Apr/2024:14:24:16 +0000] "GET /assets/images/elements/white-1.png HTTP/1.1" 200 427 "https://hp.himachaltravelguide.in/?gclid=CjwKCAjwuJ2xBhA3EiwAMVjkVPL0dD54jAOgYMmIs2SQSuNDgMmhs2wELcHlSYAgXFOkln1CCiPprhoC_N8QAvD_BwE" "Mozilla/5.0 (Linux; Android 14; SAMSUNG SM-A546E) AppleWebKit/537.36 (KHTML, like Gecko) SamsungBrowser/23.0 Chrome/115.0.0.0 Mobile Safari/537.36"
106.222.202.9 - - [23/Apr/2024:14:24:16 +0000] "GET /assets/images/icons/intro-1.png HTTP/1.1" 200 3503 "https://hp.himachaltravelguide.in/?gclid=CjwKCAjwuJ2xBhA3EiwAMVjkVPL0dD54jAOgYMmIs2SQSuNDgMmhs2wELcHlSYAgXFOkln1CCiPprhoC_N8QAvD_BwE" "Mozilla/5.0 (Linux; Android 14; SAMSUNG SM-A546E) AppleWebKit/537.36 (KHTML, like Gecko) SamsungBrowser/23.0 Chrome/115.0.0.0 Mobile Safari/537.36"
106.222.202.9 - - [23/Apr/2024:14:24:16 +0000] "GET /assets/images/icons/intro-2.png HTTP/1.1" 200 2577 "https://hp.himachaltravelguide.in/?gclid=CjwKCAjwuJ2xBhA3EiwAMVjkVPL0dD54jAOgYMmIs2SQSuNDgMmhs2wELcHlSYAgXFOkln1CCiPprhoC_N8QAvD_BwE" "Mozilla/5.0 (Linux; Android 14; SAMSUNG SM-A546E) AppleWebKit/537.36 (KHTML, like Gecko) SamsungBrowser/23.0 Chrome/115.0.0.0 Mobile Safari/537.36"
106.222.202.9 - - [23/Apr/2024:14:24:16 +0000] "GET /assets/images/icons/intro-3.png HTTP/1.1" 200 2689 "https://hp.himachaltravelguide.in/?gclid=CjwKCAjwuJ2xBhA3EiwAMVjkVPL0dD54jAOgYMmIs2SQSuNDgMmhs2wELcHlSYAgXFOkln1CCiPprhoC_N8QAvD_BwE" "Mozilla/5.0 (Linux; Android 14; SAMSUNG SM-A546E) AppleWebKit/537.36 (KHTML, like Gecko) SamsungBrowser/23.0 Chrome/115.0.0.0 Mobile Safari/537.36"
106.222.202.9 - - [23/Apr/2024:14:24:16 +0000] "GET /assets/images/background/bg-gradient-15.png HTTP/1.1" 200 35167 "https://hp.himachaltravelguide.in/?gclid=CjwKCAjwuJ2xBhA3EiwAMVjkVPL0dD54jAOgYMmIs2SQSuNDgMmhs2wELcHlSYAgXFOkln1CCiPprhoC_N8QAvD_BwE" "Mozilla/5.0 (Linux; Android 14; SAMSUNG SM-A546E) AppleWebKit/537.36 (KHTML, like Gecko) SamsungBrowser/23.0 Chrome/115.0.0.0 Mobile Safari/537.36"
106.222.202.9 - - [23/Apr/2024:14:24:16 +0000] "GET /assets/images/background/bg-gradient-16.png HTTP/1.1" 200 16672 "https://hp.himachaltravelguide.in/?gclid=CjwKCAjwuJ2xBhA3EiwAMVjkVPL0dD54jAOgYMmIs2SQSuNDgMmhs2wELcHlSYAgXFOkln1CCiPprhoC_N8QAvD_BwE" "Mozilla/5.0 (Linux; Android 14; SAMSUNG SM-A546E) AppleWebKit/537.36 (KHTML, like Gecko) SamsungBrowser/23.0 Chrome/115.0.0.0 Mobile Safari/537.36"
106.222.202.9 - - [23/Apr/2024:14:24:16 +0000] "GET /assets/images/elements/purple-2.png HTTP/1.1" 200 602 "https://hp.himachaltravelguide.in/?gclid=CjwKCAjwuJ2xBhA3EiwAMVjkVPL0dD54jAOgYMmIs2SQSuNDgMmhs2wELcHlSYAgXFOkln1CCiPprhoC_N8QAvD_BwE" "Mozilla/5.0 (Linux; Android 14; SAMSUNG SM-A546E) AppleWebKit/537.36 (KHTML, like Gecko) SamsungBrowser/23.0 Chrome/115.0.0.0 Mobile Safari/537.36"
106.222.202.9 - - [23/Apr/2024:14:24:16 +0000] "GET /assets/images/background/bg-gradient-19.png HTTP/1.1" 200 16111 "https://hp.himachaltravelguide.in/?gclid=CjwKCAjwuJ2xBhA3EiwAMVjkVPL0dD54jAOgYMmIs2SQSuNDgMmhs2wELcHlSYAgXFOkln1CCiPprhoC_N8QAvD_BwE" "Mozilla/5.0 (Linux; Android 14; SAMSUNG SM-A546E) AppleWebKit/537.36 (KHTML, like Gecko) SamsungBrowser/23.0 Chrome/115.0.0.0 Mobile Safari/537.36"
106.222.202.9 - - [23/Apr/2024:14:24:16 +0000] "GET /assets/images/background/bg-gradient-20.png HTTP/1.1" 200 26296 "https://hp.himachaltravelguide.in/?gclid=CjwKCAjwuJ2xBhA3EiwAMVjkVPL0dD54jAOgYMmIs2SQSuNDgMmhs2wELcHlSYAgXFOkln1CCiPprhoC_N8QAvD_BwE" "Mozilla/5.0 (Linux; Android 14; SAMSUNG SM-A546E) AppleWebKit/537.36 (KHTML, like Gecko) SamsungBrowser/23.0 Chrome/115.0.0.0 Mobile Safari/537.36"
106.222.202.9 - - [23/Apr/2024:14:24:16 +0000] "GET /assets/images/elements/purple-3.png HTTP/1.1" 200 652 "https://hp.himachaltravelguide.in/?gclid=CjwKCAjwuJ2xBhA3EiwAMVjkVPL0dD54jAOgYMmIs2SQSuNDgMmhs2wELcHlSYAgXFOkln1CCiPprhoC_N8QAvD_BwE" "Mozilla/5.0 (Linux; Android 14; SAMSUNG SM-A546E) AppleWebKit/537.36 (KHTML, like Gecko) SamsungBrowser/23.0 Chrome/115.0.0.0 Mobile Safari/537.36"
106.222.202.9 - - [23/Apr/2024:14:24:16 +0000] "GET /assets/images/icons/f-icon-7.png HTTP/1.1" 200 3114 "https://hp.himachaltravelguide.in/?gclid=CjwKCAjwuJ2xBhA3EiwAMVjkVPL0dD54jAOgYMmIs2SQSuNDgMmhs2wELcHlSYAgXFOkln1CCiPprhoC_N8QAvD_BwE" "Mozilla/5.0 (Linux; Android 14; SAMSUNG SM-A546E) AppleWebKit/537.36 (KHTML, like Gecko) SamsungBrowser/23.0 Chrome/115.0.0.0 Mobile Safari/537.36"
106.222.202.9 - - [23/Apr/2024:14:24:16 +0000] "GET /assets/images/icons/f-icon-9.png HTTP/1.1" 200 3121 "https://hp.himachaltravelguide.in/?gclid=CjwKCAjwuJ2xBhA3EiwAMVjkVPL0dD54jAOgYMmIs2SQSuNDgMmhs2wELcHlSYAgXFOkln1CCiPprhoC_N8QAvD_BwE" "Mozilla/5.0 (Linux; Android 14; SAMSUNG SM-A546E) AppleWebKit/537.36 (KHTML, like Gecko) SamsungBrowser/23.0 Chrome/115.0.0.0 Mobile Safari/537.36"
106.222.202.9 - - [23/Apr/2024:14:24:16 +0000] "GET /assets/images/icons/f-icon-8.png HTTP/1.1" 200 3297 "https://hp.himachaltravelguide.in/?gclid=CjwKCAjwuJ2xBhA3EiwAMVjkVPL0dD54jAOgYMmIs2SQSuNDgMmhs2wELcHlSYAgXFOkln1CCiPprhoC_N8QAvD_BwE" "Mozilla/5.0 (Linux; Android 14; SAMSUNG SM-A546E) AppleWebKit/537.36 (KHTML, like Gecko) SamsungBrowser/23.0 Chrome/115.0.0.0 Mobile Safari/537.36"
106.222.202.9 - - [23/Apr/2024:14:24:16 +0000] "GET /assets/images/elements/yellow-4.png HTTP/1.1" 200 646 "https://hp.himachaltravelguide.in/?gclid=CjwKCAjwuJ2xBhA3EiwAMVjkVPL0dD54jAOgYMmIs2SQSuNDgMmhs2wELcHlSYAgXFOkln1CCiPprhoC_N8QAvD_BwE" "Mozilla/5.0 (Linux; Android 14; SAMSUNG SM-A546E) AppleWebKit/537.36 (KHTML, like Gecko) SamsungBrowser/23.0 Chrome/115.0.0.0 Mobile Safari/537.36"
106.222.202.9 - - [23/Apr/2024:14:24:16 +0000] "GET /assets/images/resources/thumbnails/testi-1.jpg HTTP/1.1" 200 8918 "https://hp.himachaltravelguide.in/?gclid=CjwKCAjwuJ2xBhA3EiwAMVjkVPL0dD54jAOgYMmIs2SQSuNDgMmhs2wELcHlSYAgXFOkln1CCiPprhoC_N8QAvD_BwE" "Mozilla/5.0 (Linux; Android 14; SAMSUNG SM-A546E) AppleWebKit/537.36 (KHTML, like Gecko) SamsungBrowser/23.0 Chrome/115.0.0.0 Mobile Safari/537.36"
106.222.202.9 - - [23/Apr/2024:14:24:16 +0000] "GET /assets/images/resources/thumbnails/testi-2.jpg HTTP/1.1" 200 8319 "https://hp.himachaltravelguide.in/?gclid=CjwKCAjwuJ2xBhA3EiwAMVjkVPL0dD54jAOgYMmIs2SQSuNDgMmhs2wELcHlSYAgXFOkln1CCiPprhoC_N8QAvD_BwE" "Mozilla/5.0 (Linux; Android 14; SAMSUNG SM-A546E) AppleWebKit/537.36 (KHTML, like Gecko) SamsungBrowser/23.0 Chrome/115.0.0.0 Mobile Safari/537.36"
106.222.202.9 - - [23/Apr/2024:14:24:16 +0000] "GET /assets/images/resources/thumbnails/testi-3.jpg HTTP/1.1" 200 9438 "https://hp.himachaltravelguide.in/?gclid=CjwKCAjwuJ2xBhA3EiwAMVjkVPL0dD54jAOgYMmIs2SQSuNDgMmhs2wELcHlSYAgXFOkln1CCiPprhoC_N8QAvD_BwE" "Mozilla/5.0 (Linux; Android 14; SAMSUNG SM-A546E) AppleWebKit/537.36 (KHTML, like Gecko) SamsungBrowser/23.0 Chrome/115.0.0.0 Mobile Safari/537.36"
157.49.237.61 - - [23/Apr/2024:14:24:16 +0000] "GET /index.html HTTP/1.1" 200 11174 "https://hp.himachaltravelguide.in/contact.html" "Mozilla/5.0 (Linux; Android 9; vivo 1904 Build/PPR1.180610.011; wv) AppleWebKit/537.36 (KHTML, like Gecko) Version/4.0 Chrome/123.0.6312.40 Mobile Safari/537.36"
106.222.202.9 - - [23/Apr/2024:14:24:16 +0000] "GET /assets/images/resources/misc/man-orange-bag.png HTTP/1.1" 200 114524 "https://hp.himachaltravelguide.in/?gclid=CjwKCAjwuJ2xBhA3EiwAMVjkVPL0dD54jAOgYMmIs2SQSuNDgMmhs2wELcHlSYAgXFOkln1CCiPprhoC_N8QAvD_BwE" "Mozilla/5.0 (Linux; Android 14; SAMSUNG SM-A546E) AppleWebKit/537.36 (KHTML, like Gecko) SamsungBrowser/23.0 Chrome/115.0.0.0 Mobile Safari/537.36"
157.32.255.220 - - [23/Apr/2024:14:24:16 +0000] "GET /assets/images/icons/intro-1.png HTTP/1.1" 200 3503 "https://hp.himachaltravelguide.in/?gclid=CjwKCAjwuJ2xBhA3EiwAMVjkVA4Esras122XBoIw_oQ38b3lzgQnkoNbkglT3PLSOgl1rfArWLucjhoCgkIQAvD_BwE" "Mozilla/5.0 (Linux; Android 10; K) AppleWebKit/537.36 (KHTML, like Gecko) Chrome/117.0.0.0 Mobile Safari/537.36"
106.222.202.9 - - [23/Apr/2024:14:24:16 +0000] "GET /assets/images/tripperHub-white.png HTTP/1.1" 200 181946 "https://hp.himachaltravelguide.in/?gclid=CjwKCAjwuJ2xBhA3EiwAMVjkVPL0dD54jAOgYMmIs2SQSuNDgMmhs2wELcHlSYAgXFOkln1CCiPprhoC_N8QAvD_BwE" "Mozilla/5.0 (Linux; Android 14; SAMSUNG SM-A546E) AppleWebKit/537.36 (KHTML, like Gecko) SamsungBrowser/23.0 Chrome/115.0.0.0 Mobile Safari/537.36"
152.58.95.120 - - [23/Apr/2024:14:24:16 +0000] "GET /assets/images/elements/white-1.png HTTP/1.1" 200 427 "https://hp.himachaltravelguide.in/?gclid=CjwKCAjwuJ2xBhA3EiwAMVjkVCVovs4_fRzkLaQ3eLXZoKdWyJLeyI_bMu7QNLrI1-WqjPThw1DcyhoCjG8QAvD_BwE" "Mozilla/5.0 (Linux; Android 10; K) AppleWebKit/537.36 (KHTML, like Gecko) Chrome/123.0.0.0 Mobile Safari/537.36"
49.32.237.235 - - [23/Apr/2024:14:24:16 +0000] "GET /?gclid=CjwKCAjwuJ2xBhA3EiwAMVjkVO0eB-tlAP26vku34OF-qDlpVigSVBSFIORofvdgs77zVmOTyaGpJRoCCL8QAvD_BwE HTTP/1.1" 200 11239 "-" "Mozilla/5.0 (Linux; Android 10; K) AppleWebKit/537.36 (KHTML, like Gecko) Chrome/123.0.0.0 Mobile Safari/537.36"
110.226.231.192 - - [23/Apr/2024:14:24:16 +0000] "GET /?gclid=EAIaIQobChMIgZ-E68TYhQMVcoKmBB1MqwkbEAEYASAAEgLjJvD_BwE HTTP/1.1" 200 11239 "-" "Mozilla/5.0 (Linux; Android 10; K) AppleWebKit/537.36 (KHTML, like Gecko) Chrome/111.0.0.0 Mobile Safari/537.36"
47.31.236.188 - - [23/Apr/2024:14:24:16 +0000] "GET /assets/js/lib/jquery.min.js HTTP/1.1" 200 33815 "https://hp.himachaltravelguide.in/?gclid=CjwKCAjwuJ2xBhA3EiwAMVjkVPLq6cukn2tmUdqPOSz5X_GuPqKNzMpdF8Bcx_DOOXKIqE8NsuEO0BoCozkQAvD_BwE" "Mozilla/5.0 (Linux; Android 10; K) AppleWebKit/537.36 (KHTML, like Gecko) Chrome/123.0.0.0 Mobile Safari/537.36"
106.222.202.9 - - [23/Apr/2024:14:24:16 +0000] "GET /assets/images/background/pattern-3.jpg HTTP/1.1" 200 15213 "https://hp.himachaltravelguide.in/?gclid=CjwKCAjwuJ2xBhA3EiwAMVjkVPL0dD54jAOgYMmIs2SQSuNDgMmhs2wELcHlSYAgXFOkln1CCiPprhoC_N8QAvD_BwE" "Mozilla/5.0 (Linux; Android 14; SAMSUNG SM-A546E) AppleWebKit/537.36 (KHTML, like Gecko) SamsungBrowser/23.0 Chrome/115.0.0.0 Mobile Safari/537.36"
49.32.237.235 - - [23/Apr/2024:14:24:16 +0000] "GET /assets/css/lib/bootstrap/bootstrap.min.css HTTP/1.1" 200 31138 "https://hp.himachaltravelguide.in/?gclid=CjwKCAjwuJ2xBhA3EiwAMVjkVO0eB-tlAP26vku34OF-qDlpVigSVBSFIORofvdgs77zVmOTyaGpJRoCCL8QAvD_BwE" "Mozilla/5.0 (Linux; Android 10; K) AppleWebKit/537.36 (KHTML, like Gecko) Chrome/123.0.0.0 Mobile Safari/537.36"
49.32.237.235 - - [23/Apr/2024:14:24:17 +0000] "GET /assets/css/lib/fontawesome/css/fontawesome.min.css HTTP/1.1" 200 17422 "https://hp.himachaltravelguide.in/?gclid=CjwKCAjwuJ2xBhA3EiwAMVjkVO0eB-tlAP26vku34OF-qDlpVigSVBSFIORofvdgs77zVmOTyaGpJRoCCL8QAvD_BwE" "Mozilla/5.0 (Linux; Android 10; K) AppleWebKit/537.36 (KHTML, like Gecko) Chrome/123.0.0.0 Mobile Safari/537.36"
49.32.237.235 - - [23/Apr/2024:14:24:17 +0000] "GET /assets/css/lib/fontawesome/css/brands.css HTTP/1.1" 200 4928 "https://hp.himachaltravelguide.in/?gclid=CjwKCAjwuJ2xBhA3EiwAMVjkVO0eB-tlAP26vku34OF-qDlpVigSVBSFIORofvdgs77zVmOTyaGpJRoCCL8QAvD_BwE" "Mozilla/5.0 (Linux; Android 10; K) AppleWebKit/537.36 (KHTML, like Gecko) Chrome/123.0.0.0 Mobile Safari/537.36"
49.32.237.235 - - [23/Apr/2024:14:24:17 +0000] "GET /assets/css/lib/fontawesome/css/solid.css HTTP/1.1" 200 353 "https://hp.himachaltravelguide.in/?gclid=CjwKCAjwuJ2xBhA3EiwAMVjkVO0eB-tlAP26vku34OF-qDlpVigSVBSFIORofvdgs77zVmOTyaGpJRoCCL8QAvD_BwE" "Mozilla/5.0 (Linux; Android 10; K) AppleWebKit/537.36 (KHTML, like Gecko) Chrome/123.0.0.0 Mobile Safari/537.36"
49.32.237.235 - - [23/Apr/2024:14:24:17 +0000] "GET /assets/css/lib/simple-line-icons/css/simple-line-icons.min.css HTTP/1.1" 200 2436 "https://hp.himachaltravelguide.in/?gclid=CjwKCAjwuJ2xBhA3EiwAMVjkVO0eB-tlAP26vku34OF-qDlpVigSVBSFIORofvdgs77zVmOTyaGpJRoCCL8QAvD_BwE" "Mozilla/5.0 (Linux; Android 10; K) AppleWebKit/537.36 (KHTML, like Gecko) Chrome/123.0.0.0 Mobile Safari/537.36"
49.32.237.235 - - [23/Apr/2024:14:24:17 +0000] "GET /assets/css/lib/animate.min.css HTTP/1.1" 200 4148 "https://hp.himachaltravelguide.in/?gclid=CjwKCAjwuJ2xBhA3EiwAMVjkVO0eB-tlAP26vku34OF-qDlpVigSVBSFIORofvdgs77zVmOTyaGpJRoCCL8QAvD_BwE" "Mozilla/5.0 (Linux; Android 10; K) AppleWebKit/537.36 (KHTML, like Gecko) Chrome/123.0.0.0 Mobile Safari/537.36"
47.29.60.235 - - [23/Apr/2024:14:24:17 +0000] "GET /assets/images/elements/purple-2.png HTTP/1.1" 200 602 "https://hp.himachaltravelguide.in/?gclid=CjwKCAjwuJ2xBhA3EiwAMVjkVHd5qznfTrz8UW7MaIAkt1_gMllCU9fDM-Kiu47ineJ45OV8MpWHtRoCTu4QAvD_BwE" "Mozilla/5.0 (Linux; Android 10; K) AppleWebKit/537.36 (KHTML, like Gecko) Chrome/123.0.0.0 Mobile Safari/537.36"
110.226.231.192 - - [23/Apr/2024:14:24:17 +0000] "GET /assets/css/lib/bootstrap/bootstrap.min.css HTTP/1.1" 200 31138 "https://hp.himachaltravelguide.in/?gclid=EAIaIQobChMIgZ-E68TYhQMVcoKmBB1MqwkbEAEYASAAEgLjJvD_BwE" "Mozilla/5.0 (Linux; Android 10; K) AppleWebKit/537.36 (KHTML, like Gecko) Chrome/111.0.0.0 Mobile Safari/537.36"
110.226.231.192 - - [23/Apr/2024:14:24:17 +0000] "GET /assets/css/lib/fontawesome/css/fontawesome.min.css HTTP/1.1" 200 17422 "https://hp.himachaltravelguide.in/?gclid=EAIaIQobChMIgZ-E68TYhQMVcoKmBB1MqwkbEAEYASAAEgLjJvD_BwE" "Mozilla/5.0 (Linux; Android 10; K) AppleWebKit/537.36 (KHTML, like Gecko) Chrome/111.0.0.0 Mobile Safari/537.36"
49.32.237.235 - - [23/Apr/2024:14:24:17 +0000] "GET /assets/css/lib/slick.min.css HTTP/1.1" 200 516 "https://hp.himachaltravelguide.in/?gclid=CjwKCAjwuJ2xBhA3EiwAMVjkVO0eB-tlAP26vku34OF-qDlpVigSVBSFIORofvdgs77zVmOTyaGpJRoCCL8QAvD_BwE" "Mozilla/5.0 (Linux; Android 10; K) AppleWebKit/537.36 (KHTML, like Gecko) Chrome/123.0.0.0 Mobile Safari/537.36"
47.29.166.65 - - [23/Apr/2024:14:24:17 +0000] "GET /?gclid=EAIaIQobChMIpa2y7sTYhQMVpzT5AB31gwFFEAEYASAAEgKryPD_BwE HTTP/1.1" 200 11239 "-" "Mozilla/5.0 (Linux; Android 10; K) AppleWebKit/537.36 (KHTML, like Gecko) Chrome/123.0.0.0 Mobile Safari/537.36"
157.32.255.220 - - [23/Apr/2024:14:24:17 +0000] "GET /assets/images/icons/intro-2.png HTTP/1.1" 200 2577 "https://hp.himachaltravelguide.in/?gclid=CjwKCAjwuJ2xBhA3EiwAMVjkVA4Esras122XBoIw_oQ38b3lzgQnkoNbkglT3PLSOgl1rfArWLucjhoCgkIQAvD_BwE" "Mozilla/5.0 (Linux; Android 10; K) AppleWebKit/537.36 (KHTML, like Gecko) Chrome/117.0.0.0 Mobile Safari/537.36"
47.29.60.235 - - [23/Apr/2024:14:24:17 +0000] "GET /assets/images/background/bg-gradient-19.png HTTP/1.1" 200 16111 "https://hp.himachaltravelguide.in/?gclid=CjwKCAjwuJ2xBhA3EiwAMVjkVHd5qznfTrz8UW7MaIAkt1_gMllCU9fDM-Kiu47ineJ45OV8MpWHtRoCTu4QAvD_BwE" "Mozilla/5.0 (Linux; Android 10; K) AppleWebKit/537.36 (KHTML, like Gecko) Chrome/123.0.0.0 Mobile Safari/537.36"
47.29.60.235 - - [23/Apr/2024:14:24:17 +0000] "GET /assets/images/background/bg-gradient-20.png HTTP/1.1" 200 26296 "https://hp.himachaltravelguide.in/?gclid=CjwKCAjwuJ2xBhA3EiwAMVjkVHd5qznfTrz8UW7MaIAkt1_gMllCU9fDM-Kiu47ineJ45OV8MpWHtRoCTu4QAvD_BwE" "Mozilla/5.0 (Linux; Android 10; K) AppleWebKit/537.36 (KHTML, like Gecko) Chrome/123.0.0.0 Mobile Safari/537.36"
106.222.202.9 - - [23/Apr/2024:14:24:17 +0000] "GET /assets/fonts/Reey/Reey-Regular.woff HTTP/1.1" 200 79212 "https://hp.himachaltravelguide.in/assets/css/sections/fonts.css" "Mozilla/5.0 (Linux; Android 14; SAMSUNG SM-A546E) AppleWebKit/537.36 (KHTML, like Gecko) SamsungBrowser/23.0 Chrome/115.0.0.0 Mobile Safari/537.36"
106.222.202.9 - - [23/Apr/2024:14:24:17 +0000] "GET /assets/fonts/Gilroy/Gilroy-Bold.woff HTTP/1.1" 200 64096 "https://hp.himachaltravelguide.in/assets/css/sections/fonts.css" "Mozilla/5.0 (Linux; Android 14; SAMSUNG SM-A546E) AppleWebKit/537.36 (KHTML, like Gecko) SamsungBrowser/23.0 Chrome/115.0.0.0 Mobile Safari/537.36"
49.42.33.44 - - [23/Apr/2024:14:24:17 +0000] "GET /assets/js/lib/jquery.min.js HTTP/1.1" 200 33815 "https://hp.himachaltravelguide.in/?gclid=EAIaIQobChMI_ZKt2cTYhQMVF6ymBB2RRA2UEAEYASAAEgKbI_D_BwE" "Mozilla/5.0 (Linux; Android 10; K) AppleWebKit/537.36 (KHTML, like Gecko) Chrome/123.0.0.0 Mobile Safari/537.36"
49.42.33.44 - - [23/Apr/2024:14:24:17 +0000] "GET /assets/js/lib/popper.min.js HTTP/1.1" 200 7519 "https://hp.himachaltravelguide.in/?gclid=EAIaIQobChMI_ZKt2cTYhQMVF6ymBB2RRA2UEAEYASAAEgKbI_D_BwE" "Mozilla/5.0 (Linux; Android 10; K) AppleWebKit/537.36 (KHTML, like Gecko) Chrome/123.0.0.0 Mobile Safari/537.36"
49.42.33.44 - - [23/Apr/2024:14:24:17 +0000] "GET /assets/js/lib/bootstrap/bootstrap.min.js HTTP/1.1" 200 16560 "https://hp.himachaltravelguide.in/?gclid=EAIaIQobChMI_ZKt2cTYhQMVF6ymBB2RRA2UEAEYASAAEgKbI_D_BwE" "Mozilla/5.0 (Linux; Android 10; K) AppleWebKit/537.36 (KHTML, like Gecko) Chrome/123.0.0.0 Mobile Safari/537.36"
49.32.237.235 - - [23/Apr/2024:14:24:17 +0000] "GET /assets/css/lib/swiper.min.css HTTP/1.1" 200 4593 "https://hp.himachaltravelguide.in/?gclid=CjwKCAjwuJ2xBhA3EiwAMVjkVO0eB-tlAP26vku34OF-qDlpVigSVBSFIORofvdgs77zVmOTyaGpJRoCCL8QAvD_BwE" "Mozilla/5.0 (Linux; Android 10; K) AppleWebKit/537.36 (KHTML, like Gecko) Chrome/123.0.0.0 Mobile Safari/537.36"
49.32.237.235 - - [23/Apr/2024:14:24:17 +0000] "GET /assets/css/lib/jquery-ui.min.css HTTP/1.1" 200 7629 "https://hp.himachaltravelguide.in/?gclid=CjwKCAjwuJ2xBhA3EiwAMVjkVO0eB-tlAP26vku34OF-qDlpVigSVBSFIORofvdgs77zVmOTyaGpJRoCCL8QAvD_BwE" "Mozilla/5.0 (Linux; Android 10; K) AppleWebKit/537.36 (KHTML, like Gecko) Chrome/123.0.0.0 Mobile Safari/537.36"
49.42.33.44 - - [23/Apr/2024:14:24:17 +0000] "GET /assets/js/lib/jquery.fancybox.min.js HTTP/1.1" 200 19503 "https://hp.himachaltravelguide.in/?gclid=EAIaIQobChMI_ZKt2cTYhQMVF6ymBB2RRA2UEAEYASAAEgKbI_D_BwE" "Mozilla/5.0 (Linux; Android 10; K) AppleWebKit/537.36 (KHTML, like Gecko) Chrome/123.0.0.0 Mobile Safari/537.36"
49.32.237.235 - - [23/Apr/2024:14:24:17 +0000] "GET /assets/css/custom-animate.css HTTP/1.1" 200 1880 "https://hp.himachaltravelguide.in/?gclid=CjwKCAjwuJ2xBhA3EiwAMVjkVO0eB-tlAP26vku34OF-qDlpVigSVBSFIORofvdgs77zVmOTyaGpJRoCCL8QAvD_BwE" "Mozilla/5.0 (Linux; Android 10; K) AppleWebKit/537.36 (KHTML, like Gecko) Chrome/123.0.0.0 Mobile Safari/537.36"
49.32.237.235 - - [23/Apr/2024:14:24:17 +0000] "GET /assets/css/lib/jquery.fancybox.min.css HTTP/1.1" 200 3167 "https://hp.himachaltravelguide.in/?gclid=CjwKCAjwuJ2xBhA3EiwAMVjkVO0eB-tlAP26vku34OF-qDlpVigSVBSFIORofvdgs77zVmOTyaGpJRoCCL8QAvD_BwE" "Mozilla/5.0 (Linux; Android 10; K) AppleWebKit/537.36 (KHTML, like Gecko) Chrome/123.0.0.0 Mobile Safari/537.36"
49.32.237.235 - - [23/Apr/2024:14:24:17 +0000] "GET /assets/css/style.css HTTP/1.1" 200 23571 "https://hp.himachaltravelguide.in/?gclid=CjwKCAjwuJ2xBhA3EiwAMVjkVO0eB-tlAP26vku34OF-qDlpVigSVBSFIORofvdgs77zVmOTyaGpJRoCCL8QAvD_BwE" "Mozilla/5.0 (Linux; Android 10; K) AppleWebKit/537.36 (KHTML, like Gecko) Chrome/123.0.0.0 Mobile Safari/537.36"
110.226.231.192 - - [23/Apr/2024:14:24:17 +0000] "GET /assets/css/lib/fontawesome/css/brands.css HTTP/1.1" 200 4928 "https://hp.himachaltravelguide.in/?gclid=EAIaIQobChMIgZ-E68TYhQMVcoKmBB1MqwkbEAEYASAAEgLjJvD_BwE" "Mozilla/5.0 (Linux; Android 10; K) AppleWebKit/537.36 (KHTML, like Gecko) Chrome/111.0.0.0 Mobile Safari/537.36"
110.226.231.192 - - [23/Apr/2024:14:24:17 +0000] "GET /assets/css/lib/fontawesome/css/solid.css HTTP/1.1" 200 353 "https://hp.himachaltravelguide.in/?gclid=EAIaIQobChMIgZ-E68TYhQMVcoKmBB1MqwkbEAEYASAAEgLjJvD_BwE" "Mozilla/5.0 (Linux; Android 10; K) AppleWebKit/537.36 (KHTML, like Gecko) Chrome/111.0.0.0 Mobile Safari/537.36"
49.32.237.235 - - [23/Apr/2024:14:24:17 +0000] "GET /assets/css/responsive.css HTTP/1.1" 200 3920 "https://hp.himachaltravelguide.in/?gclid=CjwKCAjwuJ2xBhA3EiwAMVjkVO0eB-tlAP26vku34OF-qDlpVigSVBSFIORofvdgs77zVmOTyaGpJRoCCL8QAvD_BwE" "Mozilla/5.0 (Linux; Android 10; K) AppleWebKit/537.36 (KHTML, like Gecko) Chrome/123.0.0.0 Mobile Safari/537.36"
47.29.60.235 - - [23/Apr/2024:14:24:17 +0000] "GET /assets/images/elements/purple-3.png HTTP/1.1" 200 652 "https://hp.himachaltravelguide.in/?gclid=CjwKCAjwuJ2xBhA3EiwAMVjkVHd5qznfTrz8UW7MaIAkt1_gMllCU9fDM-Kiu47ineJ45OV8MpWHtRoCTu4QAvD_BwE" "Mozilla/5.0 (Linux; Android 10; K) AppleWebKit/537.36 (KHTML, like Gecko) Chrome/123.0.0.0 Mobile Safari/537.36"
157.32.255.220 - - [23/Apr/2024:14:24:17 +0000] "GET /assets/images/icons/intro-3.png HTTP/1.1" 200 2689 "https://hp.himachaltravelguide.in/?gclid=CjwKCAjwuJ2xBhA3EiwAMVjkVA4Esras122XBoIw_oQ38b3lzgQnkoNbkglT3PLSOgl1rfArWLucjhoCgkIQAvD_BwE" "Mozilla/5.0 (Linux; Android 10; K) AppleWebKit/537.36 (KHTML, like Gecko) Chrome/117.0.0.0 Mobile Safari/537.36"
49.42.33.44 - - [23/Apr/2024:14:24:17 +0000] "GET /assets/js/lib/isotope.min.js HTTP/1.1" 200 10201 "https://hp.himachaltravelguide.in/?gclid=EAIaIQobChMI_ZKt2cTYhQMVF6ymBB2RRA2UEAEYASAAEgKbI_D_BwE" "Mozilla/5.0 (Linux; Android 10; K) AppleWebKit/537.36 (KHTML, like Gecko) Chrome/123.0.0.0 Mobile Safari/537.36"
110.226.231.192 - - [23/Apr/2024:14:24:17 +0000] "GET /assets/css/lib/simple-line-icons/css/simple-line-icons.min.css HTTP/1.1" 200 2436 "https://hp.himachaltravelguide.in/?gclid=EAIaIQobChMIgZ-E68TYhQMVcoKmBB1MqwkbEAEYASAAEgLjJvD_BwE" "Mozilla/5.0 (Linux; Android 10; K) AppleWebKit/537.36 (KHTML, like Gecko) Chrome/111.0.0.0 Mobile Safari/537.36"
157.32.255.220 - - [23/Apr/2024:14:24:17 +0000] "GET /assets/images/background/bg-gradient-15.png HTTP/1.1" 200 35167 "https://hp.himachaltravelguide.in/?gclid=CjwKCAjwuJ2xBhA3EiwAMVjkVA4Esras122XBoIw_oQ38b3lzgQnkoNbkglT3PLSOgl1rfArWLucjhoCgkIQAvD_BwE" "Mozilla/5.0 (Linux; Android 10; K) AppleWebKit/537.36 (KHTML, like Gecko) Chrome/117.0.0.0 Mobile Safari/537.36"
157.32.255.220 - - [23/Apr/2024:14:24:17 +0000] "GET /assets/images/background/bg-gradient-16.png HTTP/1.1" 200 16672 "https://hp.himachaltravelguide.in/?gclid=CjwKCAjwuJ2xBhA3EiwAMVjkVA4Esras122XBoIw_oQ38b3lzgQnkoNbkglT3PLSOgl1rfArWLucjhoCgkIQAvD_BwE" "Mozilla/5.0 (Linux; Android 10; K) AppleWebKit/537.36 (KHTML, like Gecko) Chrome/117.0.0.0 Mobile Safari/537.36"
157.32.255.220 - - [23/Apr/2024:14:24:17 +0000] "GET /assets/images/elements/purple-2.png HTTP/1.1" 200 602 "https://hp.himachaltravelguide.in/?gclid=CjwKCAjwuJ2xBhA3EiwAMVjkVA4Esras122XBoIw_oQ38b3lzgQnkoNbkglT3PLSOgl1rfArWLucjhoCgkIQAvD_BwE" "Mozilla/5.0 (Linux; Android 10; K) AppleWebKit/537.36 (KHTML, like Gecko) Chrome/117.0.0.0 Mobile Safari/537.36"
110.226.231.192 - - [23/Apr/2024:14:24:17 +0000] "GET /assets/css/lib/animate.min.css HTTP/1.1" 200 4148 "https://hp.himachaltravelguide.in/?gclid=EAIaIQobChMIgZ-E68TYhQMVcoKmBB1MqwkbEAEYASAAEgLjJvD_BwE" "Mozilla/5.0 (Linux; Android 10; K) AppleWebKit/537.36 (KHTML, like Gecko) Chrome/111.0.0.0 Mobile Safari/537.36"
106.222.202.9 - - [23/Apr/2024:14:24:17 +0000] "GET /assets/css/lib/simple-line-icons/fonts/Simple-Line-Iconsb26c.woff2?v=2.4.0 HTTP/1.1" 200 30064 "https://hp.himachaltravelguide.in/assets/css/lib/simple-line-icons/css/simple-line-icons.min.css" "Mozilla/5.0 (Linux; Android 14; SAMSUNG SM-A546E) AppleWebKit/537.36 (KHTML, like Gecko) SamsungBrowser/23.0 Chrome/115.0.0.0 Mobile Safari/537.36"
49.32.237.235 - - [23/Apr/2024:14:24:17 +0000] "GET /assets/images/tripperHubpng%201.png HTTP/1.1" 200 18158 "https://hp.himachaltravelguide.in/?gclid=CjwKCAjwuJ2xBhA3EiwAMVjkVO0eB-tlAP26vku34OF-qDlpVigSVBSFIORofvdgs77zVmOTyaGpJRoCCL8QAvD_BwE" "Mozilla/5.0 (Linux; Android 10; K) AppleWebKit/537.36 (KHTML, like Gecko) Chrome/123.0.0.0 Mobile Safari/537.36"
49.32.237.235 - - [23/Apr/2024:14:24:17 +0000] "GET /assets/images/icons/menu-icon.svg HTTP/1.1" 200 305 "https://hp.himachaltravelguide.in/?gclid=CjwKCAjwuJ2xBhA3EiwAMVjkVO0eB-tlAP26vku34OF-qDlpVigSVBSFIORofvdgs77zVmOTyaGpJRoCCL8QAvD_BwE" "Mozilla/5.0 (Linux; Android 10; K) AppleWebKit/537.36 (KHTML, like Gecko) Chrome/123.0.0.0 Mobile Safari/537.36"
110.226.231.192 - - [23/Apr/2024:14:24:17 +0000] "GET /assets/css/lib/slick.min.css HTTP/1.1" 200 516 "https://hp.himachaltravelguide.in/?gclid=EAIaIQobChMIgZ-E68TYhQMVcoKmBB1MqwkbEAEYASAAEgLjJvD_BwE" "Mozilla/5.0 (Linux; Android 10; K) AppleWebKit/537.36 (KHTML, like Gecko) Chrome/111.0.0.0 Mobile Safari/537.36"
110.226.231.192 - - [23/Apr/2024:14:24:17 +0000] "GET /assets/css/lib/swiper.min.css HTTP/1.1" 200 4593 "https://hp.himachaltravelguide.in/?gclid=EAIaIQobChMIgZ-E68TYhQMVcoKmBB1MqwkbEAEYASAAEgLjJvD_BwE" "Mozilla/5.0 (Linux; Android 10; K) AppleWebKit/537.36 (KHTML, like Gecko) Chrome/111.0.0.0 Mobile Safari/537.36"
49.32.237.235 - - [23/Apr/2024:14:24:17 +0000] "GET /assets/css/sections/fonts.css HTTP/1.1" 200 319 "https://hp.himachaltravelguide.in/assets/css/style.css" "Mozilla/5.0 (Linux; Android 10; K) AppleWebKit/537.36 (KHTML, like Gecko) Chrome/123.0.0.0 Mobile Safari/537.36"
49.32.237.235 - - [23/Apr/2024:14:24:17 +0000] "GET /assets/css/sections/variables.css HTTP/1.1" 200 474 "https://hp.himachaltravelguide.in/assets/css/style.css" "Mozilla/5.0 (Linux; Android 10; K) AppleWebKit/537.36 (KHTML, like Gecko) Chrome/123.0.0.0 Mobile Safari/537.36"
49.32.237.235 - - [23/Apr/2024:14:24:17 +0000] "GET /assets/css/sections/global-settings.css HTTP/1.1" 200 1333 "https://hp.himachaltravelguide.in/assets/css/style.css" "Mozilla/5.0 (Linux; Android 10; K) AppleWebKit/537.36 (KHTML, like Gecko) Chrome/123.0.0.0 Mobile Safari/537.36"
110.226.231.192 - - [23/Apr/2024:14:24:17 +0000] "GET /assets/css/lib/jquery-ui.min.css HTTP/1.1" 200 7629 "https://hp.himachaltravelguide.in/?gclid=EAIaIQobChMIgZ-E68TYhQMVcoKmBB1MqwkbEAEYASAAEgLjJvD_BwE" "Mozilla/5.0 (Linux; Android 10; K) AppleWebKit/537.36 (KHTML, like Gecko) Chrome/111.0.0.0 Mobile Safari/537.36"
223.182.34.126 - - [23/Apr/2024:14:24:17 +0000] "GET /?gclid=EAIaIQobChMI0cL338TYhQMV9WEIBB3AbghnEAEYASAAEgJrKvD_BwE HTTP/1.1" 200 11239 "-" "Mozilla/5.0 (Linux; Android 10; K) AppleWebKit/537.36 (KHTML, like Gecko) Chrome/123.0.0.0 Mobile Safari/537.36"
110.226.231.192 - - [23/Apr/2024:14:24:17 +0000] "GET /assets/css/lib/jquery.fancybox.min.css HTTP/1.1" 200 3167 "https://hp.himachaltravelguide.in/?gclid=EAIaIQobChMIgZ-E68TYhQMVcoKmBB1MqwkbEAEYASAAEgLjJvD_BwE" "Mozilla/5.0 (Linux; Android 10; K) AppleWebKit/537.36 (KHTML, like Gecko) Chrome/111.0.0.0 Mobile Safari/537.36"
110.226.231.192 - - [23/Apr/2024:14:24:17 +0000] "GET /assets/css/custom-animate.css HTTP/1.1" 200 1880 "https://hp.himachaltravelguide.in/?gclid=EAIaIQobChMIgZ-E68TYhQMVcoKmBB1MqwkbEAEYASAAEgLjJvD_BwE" "Mozilla/5.0 (Linux; Android 10; K) AppleWebKit/537.36 (KHTML, like Gecko) Chrome/111.0.0.0 Mobile Safari/537.36"
110.226.231.192 - - [23/Apr/2024:14:24:17 +0000] "GET /assets/css/style.css HTTP/1.1" 200 23571 "https://hp.himachaltravelguide.in/?gclid=EAIaIQobChMIgZ-E68TYhQMVcoKmBB1MqwkbEAEYASAAEgLjJvD_BwE" "Mozilla/5.0 (Linux; Android 10; K) AppleWebKit/537.36 (KHTML, like Gecko) Chrome/111.0.0.0 Mobile Safari/537.36"
110.226.231.192 - - [23/Apr/2024:14:24:17 +0000] "GET /assets/css/responsive.css HTTP/1.1" 200 3920 "https://hp.himachaltravelguide.in/?gclid=EAIaIQobChMIgZ-E68TYhQMVcoKmBB1MqwkbEAEYASAAEgLjJvD_BwE" "Mozilla/5.0 (Linux; Android 10; K) AppleWebKit/537.36 (KHTML, like Gecko) Chrome/111.0.0.0 Mobile Safari/537.36"
110.226.231.192 - - [23/Apr/2024:14:24:17 +0000] "GET /assets/js/lib/jquery.min.js HTTP/1.1" 200 33815 "https://hp.himachaltravelguide.in/?gclid=EAIaIQobChMIgZ-E68TYhQMVcoKmBB1MqwkbEAEYASAAEgLjJvD_BwE" "Mozilla/5.0 (Linux; Android 10; K) AppleWebKit/537.36 (KHTML, like Gecko) Chrome/111.0.0.0 Mobile Safari/537.36"
223.182.34.126 - - [23/Apr/2024:14:24:17 +0000] "GET /assets/css/lib/bootstrap/bootstrap.min.css HTTP/1.1" 200 31138 "https://hp.himachaltravelguide.in/?gclid=EAIaIQobChMI0cL338TYhQMV9WEIBB3AbghnEAEYASAAEgJrKvD_BwE" "Mozilla/5.0 (Linux; Android 10; K) AppleWebKit/537.36 (KHTML, like Gecko) Chrome/123.0.0.0 Mobile Safari/537.36"
49.32.237.235 - - [23/Apr/2024:14:24:17 +0000] "GET /assets/js/lib/jquery.min.js HTTP/1.1" 200 33815 "https://hp.himachaltravelguide.in/?gclid=CjwKCAjwuJ2xBhA3EiwAMVjkVO0eB-tlAP26vku34OF-qDlpVigSVBSFIORofvdgs77zVmOTyaGpJRoCCL8QAvD_BwE" "Mozilla/5.0 (Linux; Android 10; K) AppleWebKit/537.36 (KHTML, like Gecko) Chrome/123.0.0.0 Mobile Safari/537.36"
49.32.237.235 - - [23/Apr/2024:14:24:17 +0000] "GET /assets/js/lib/popper.min.js HTTP/1.1" 200 7519 "https://hp.himachaltravelguide.in/?gclid=CjwKCAjwuJ2xBhA3EiwAMVjkVO0eB-tlAP26vku34OF-qDlpVigSVBSFIORofvdgs77zVmOTyaGpJRoCCL8QAvD_BwE" "Mozilla/5.0 (Linux; Android 10; K) AppleWebKit/537.36 (KHTML, like Gecko) Chrome/123.0.0.0 Mobile Safari/537.36"
49.32.237.235 - - [23/Apr/2024:14:24:17 +0000] "GET /assets/js/lib/bootstrap/bootstrap.min.js HTTP/1.1" 200 16560 "https://hp.himachaltravelguide.in/?gclid=CjwKCAjwuJ2xBhA3EiwAMVjkVO0eB-tlAP26vku34OF-qDlpVigSVBSFIORofvdgs77zVmOTyaGpJRoCCL8QAvD_BwE" "Mozilla/5.0 (Linux; Android 10; K) AppleWebKit/537.36 (KHTML, like Gecko) Chrome/123.0.0.0 Mobile Safari/537.36"
49.32.237.235 - - [23/Apr/2024:14:24:17 +0000] "GET /assets/js/lib/jquery-ui.min.js HTTP/1.1" 200 67864 "https://hp.himachaltravelguide.in/?gclid=CjwKCAjwuJ2xBhA3EiwAMVjkVO0eB-tlAP26vku34OF-qDlpVigSVBSFIORofvdgs77zVmOTyaGpJRoCCL8QAvD_BwE" "Mozilla/5.0 (Linux; Android 10; K) AppleWebKit/537.36 (KHTML, like Gecko) Chrome/123.0.0.0 Mobile Safari/537.36"
111.92.31.17 - - [23/Apr/2024:14:24:17 +0000] "GET /assets/images/tripperHubicon.png HTTP/1.1" 200 61417 "https://hp.himachaltravelguide.in/?gclid=EAIaIQobChMIn6uY78TYhQMVMN0YAh3ktgewEAEYASAAEgJemfD_BwE" "Mozilla/5.0 (Linux; Android 10; K) AppleWebKit/537.36 (KHTML, like Gecko) Chrome/123.0.0.0 Mobile Safari/537.36"
110.226.231.192 - - [23/Apr/2024:14:24:17 +0000] "GET /assets/js/lib/popper.min.js HTTP/1.1" 200 7519 "https://hp.himachaltravelguide.in/?gclid=EAIaIQobChMIgZ-E68TYhQMVcoKmBB1MqwkbEAEYASAAEgLjJvD_BwE" "Mozilla/5.0 (Linux; Android 10; K) AppleWebKit/537.36 (KHTML, like Gecko) Chrome/111.0.0.0 Mobile Safari/537.36"
110.226.231.192 - - [23/Apr/2024:14:24:17 +0000] "GET /assets/css/sections/variables.css HTTP/1.1" 200 474 "https://hp.himachaltravelguide.in/assets/css/style.css" "Mozilla/5.0 (Linux; Android 10; K) AppleWebKit/537.36 (KHTML, like Gecko) Chrome/111.0.0.0 Mobile Safari/537.36"
110.226.231.192 - - [23/Apr/2024:14:24:17 +0000] "GET /assets/css/sections/fonts.css HTTP/1.1" 200 319 "https://hp.himachaltravelguide.in/assets/css/style.css" "Mozilla/5.0 (Linux; Android 10; K) AppleWebKit/537.36 (KHTML, like Gecko) Chrome/111.0.0.0 Mobile Safari/537.36"
110.226.231.192 - - [23/Apr/2024:14:24:17 +0000] "GET /assets/css/sections/global-settings.css HTTP/1.1" 200 1333 "https://hp.himachaltravelguide.in/assets/css/style.css" "Mozilla/5.0 (Linux; Android 10; K) AppleWebKit/537.36 (KHTML, like Gecko) Chrome/111.0.0.0 Mobile Safari/537.36"
47.31.236.188 - - [23/Apr/2024:14:24:18 +0000] "GET /assets/js/lib/popper.min.js HTTP/1.1" 200 7519 "https://hp.himachaltravelguide.in/?gclid=CjwKCAjwuJ2xBhA3EiwAMVjkVPLq6cukn2tmUdqPOSz5X_GuPqKNzMpdF8Bcx_DOOXKIqE8NsuEO0BoCozkQAvD_BwE" "Mozilla/5.0 (Linux; Android 10; K) AppleWebKit/537.36 (KHTML, like Gecko) Chrome/123.0.0.0 Mobile Safari/537.36"
