104.211.181.215 - - [01/May/2024:04:51:09 +0000] "GET /assets/img/room/3.jpg HTTP/1.1" 200 61648 "http://htc.triohotels.in/" "Mozilla/5.0 (Windows NT 10.0; Win64; x64) AppleWebKit/537.36 (KHTML, like Gecko) Chrome/101.0.4951.67 Safari/537.36"
104.211.181.215 - - [01/May/2024:04:51:10 +0000] "GET /assets/img/testimonials/user-1.jpg HTTP/1.1" 200 83743 "http://htc.triohotels.in/" "Mozilla/5.0 (Windows NT 10.0; Win64; x64) AppleWebKit/537.36 (KHTML, like Gecko) Chrome/101.0.4951.67 Safari/537.36"
104.211.181.215 - - [01/May/2024:04:51:10 +0000] "GET /assets/img/testimonials/user-2.jpg HTTP/1.1" 200 99210 "http://htc.triohotels.in/" "Mozilla/5.0 (Windows NT 10.0; Win64; x64) AppleWebKit/537.36 (KHTML, like Gecko) Chrome/101.0.4951.67 Safari/537.36"
104.211.181.215 - - [01/May/2024:04:51:10 +0000] "GET /assets/img/gallery/main-1.jpg HTTP/1.1" 200 62173 "http://htc.triohotels.in/" "Mozilla/5.0 (Windows NT 10.0; Win64; x64) AppleWebKit/537.36 (KHTML, like Gecko) Chrome/101.0.4951.67 Safari/537.36"
104.211.181.215 - - [01/May/2024:04:51:10 +0000] "GET /assets/img/testimonials/user-3.jpg HTTP/1.1" 200 1121 "http://htc.triohotels.in/" "Mozilla/5.0 (Windows NT 10.0; Win64; x64) AppleWebKit/537.36 (KHTML, like Gecko) Chrome/101.0.4951.67 Safari/537.36"
104.211.181.215 - - [01/May/2024:04:51:11 +0000] "GET /assets/img/gallery/main-4.jpg HTTP/1.1" 200 52426 "http://htc.triohotels.in/" "Mozilla/5.0 (Windows NT 10.0; Win64; x64) AppleWebKit/537.36 (KHTML, like Gecko) Chrome/101.0.4951.67 Safari/537.36"
104.211.181.215 - - [01/May/2024:04:51:11 +0000] "GET /assets/img/gallery/main-2.jpg HTTP/1.1" 200 26483 "http://htc.triohotels.in/" "Mozilla/5.0 (Windows NT 10.0; Win64; x64) AppleWebKit/537.36 (KHTML, like Gecko) Chrome/101.0.4951.67 Safari/537.36"
104.211.181.215 - - [01/May/2024:04:51:12 +0000] "GET /assets/img/gallery/main-5.jpg HTTP/1.1" 200 28004 "http://htc.triohotels.in/" "Mozilla/5.0 (Windows NT 10.0; Win64; x64) AppleWebKit/537.36 (KHTML, like Gecko) Chrome/101.0.4951.67 Safari/537.36"
104.211.181.215 - - [01/May/2024:04:51:12 +0000] "GET /assets/img/gallery/main-6.jpg HTTP/1.1" 200 24823 "http://htc.triohotels.in/" "Mozilla/5.0 (Windows NT 10.0; Win64; x64) AppleWebKit/537.36 (KHTML, like Gecko) Chrome/101.0.4951.67 Safari/537.36"
40.94.96.88 - - [01/May/2024:04:51:12 +0000] "GET / HTTP/1.1" 200 7475 "-" "Mozilla/5.0 (Windows NT 10.0; Win64; x64) AppleWebKit/537.36 (KHTML, like Gecko) Chrome/101.0.4951.54 Safari/537.36"
40.94.96.88 - - [01/May/2024:04:51:12 +0000] "GET / HTTP/1.1" 200 7475 "-" "Mozilla/5.0 (Windows NT 10.0; Win64; x64) AppleWebKit/537.36 (KHTML, like Gecko) Chrome/101.0.4951.54 Safari/537.36"
40.94.96.88 - - [01/May/2024:04:51:13 +0000] "GET /assets/css/bootstrap.css HTTP/1.1" 200 23912 "http://htc.triohotels.in/" "Mozilla/5.0 (Windows NT 10.0; Win64; x64) AppleWebKit/537.36 (KHTML, like Gecko) Chrome/101.0.4951.54 Safari/537.36"
104.211.181.215 - - [01/May/2024:04:51:13 +0000] "GET /assets/fonts/fa-light-300.woff2 HTTP/1.1" 200 392136 "http://htc.triohotels.in/assets/css/font-awesome-pro.css" "Mozilla/5.0 (Windows NT 10.0; Win64; x64) AppleWebKit/537.36 (KHTML, like Gecko) Chrome/101.0.4951.67 Safari/537.36"
40.94.96.96 - - [01/May/2024:04:51:13 +0000] "GET /assets/css/meanmenu.css HTTP/1.1" 200 922 "http://htc.triohotels.in/" "Mozilla/5.0 (Windows NT 10.0; Win64; x64) AppleWebKit/537.36 (KHTML, like Gecko) Chrome/101.0.4951.54 Safari/537.36"
40.94.96.56 - - [01/May/2024:04:51:13 +0000] "GET /assets/css/swiper-bundle.css HTTP/1.1" 200 4417 "http://htc.triohotels.in/" "Mozilla/5.0 (Windows NT 10.0; Win64; x64) AppleWebKit/537.36 (KHTML, like Gecko) Chrome/101.0.4951.54 Safari/537.36"
40.94.96.98 - - [01/May/2024:04:51:13 +0000] "GET /assets/css/animate.min.css HTTP/1.1" 200 5008 "http://htc.triohotels.in/" "Mozilla/5.0 (Windows NT 10.0; Win64; x64) AppleWebKit/537.36 (KHTML, like Gecko) Chrome/101.0.4951.54 Safari/537.36"
40.94.96.10 - - [01/May/2024:04:51:13 +0000] "GET /assets/css/slick.css HTTP/1.1" 200 581 "http://htc.triohotels.in/" "Mozilla/5.0 (Windows NT 10.0; Win64; x64) AppleWebKit/537.36 (KHTML, like Gecko) Chrome/101.0.4951.54 Safari/537.36"
40.94.96.87 - - [01/May/2024:04:51:13 +0000] "GET /assets/css/nouislider.css HTTP/1.1" 200 1598 "http://htc.triohotels.in/" "Mozilla/5.0 (Windows NT 10.0; Win64; x64) AppleWebKit/537.36 (KHTML, like Gecko) Chrome/101.0.4951.54 Safari/537.36"
40.94.96.88 - - [01/May/2024:04:51:13 +0000] "GET /assets/css/jquery-ui.min.css HTTP/1.1" 200 7619 "http://htc.triohotels.in/" "Mozilla/5.0 (Windows NT 10.0; Win64; x64) AppleWebKit/537.36 (KHTML, like Gecko) Chrome/101.0.4951.54 Safari/537.36"
40.94.96.96 - - [01/May/2024:04:51:13 +0000] "GET /assets/css/magnific-popup.css HTTP/1.1" 200 1828 "http://htc.triohotels.in/" "Mozilla/5.0 (Windows NT 10.0; Win64; x64) AppleWebKit/537.36 (KHTML, like Gecko) Chrome/101.0.4951.54 Safari/537.36"
40.94.96.56 - - [01/May/2024:04:51:13 +0000] "GET /assets/css/backtotop.css HTTP/1.1" 200 504 "http://htc.triohotels.in/" "Mozilla/5.0 (Windows NT 10.0; Win64; x64) AppleWebKit/537.36 (KHTML, like Gecko) Chrome/101.0.4951.54 Safari/537.36"
40.94.96.98 - - [01/May/2024:04:51:13 +0000] "GET /assets/css/flaticon_royel.css HTTP/1.1" 200 565 "http://htc.triohotels.in/" "Mozilla/5.0 (Windows NT 10.0; Win64; x64) AppleWebKit/537.36 (KHTML, like Gecko) Chrome/101.0.4951.54 Safari/537.36"
40.94.96.10 - - [01/May/2024:04:51:13 +0000] "GET /assets/css/nice-select.css HTTP/1.1" 200 964 "http://htc.triohotels.in/" "Mozilla/5.0 (Windows NT 10.0; Win64; x64) AppleWebKit/537.36 (KHTML, like Gecko) Chrome/101.0.4951.54 Safari/537.36"
40.94.96.87 - - [01/May/2024:04:51:13 +0000] "GET /assets/css/font-awesome-pro.css HTTP/1.1" 200 77984 "http://htc.triohotels.in/" "Mozilla/5.0 (Windows NT 10.0; Win64; x64) AppleWebKit/537.36 (KHTML, like Gecko) Chrome/101.0.4951.54 Safari/537.36"
104.211.181.215 - - [01/May/2024:04:51:13 +0000] "GET /assets/fonts/fa-brands-400.woff2 HTTP/1.1" 200 104740 "http://htc.triohotels.in/assets/css/font-awesome-pro.css" "Mozilla/5.0 (Windows NT 10.0; Win64; x64) AppleWebKit/537.36 (KHTML, like Gecko) Chrome/101.0.4951.67 Safari/537.36"
104.211.181.215 - - [01/May/2024:04:51:13 +0000] "GET /assets/img/gallery/main-9.jpg HTTP/1.1" 200 61265 "http://htc.triohotels.in/" "Mozilla/5.0 (Windows NT 10.0; Win64; x64) AppleWebKit/537.36 (KHTML, like Gecko) Chrome/101.0.4951.67 Safari/537.36"
104.211.181.215 - - [01/May/2024:04:51:13 +0000] "GET /assets/fonts/fa-solid-900.woff2 HTTP/1.1" 200 303544 "http://htc.triohotels.in/assets/css/font-awesome-pro.css" "Mozilla/5.0 (Windows NT 10.0; Win64; x64) AppleWebKit/537.36 (KHTML, like Gecko) Chrome/101.0.4951.67 Safari/537.36"
104.211.181.215 - - [01/May/2024:04:51:13 +0000] "GET /assets/fonts/flaticon_royel.ttf?6a84a3bb1e04c1e7f840bd4df1115600 HTTP/1.1" 200 10412 "http://htc.triohotels.in/assets/css/flaticon_royel.css" "Mozilla/5.0 (Windows NT 10.0; Win64; x64) AppleWebKit/537.36 (KHTML, like Gecko) Chrome/101.0.4951.67 Safari/537.36"
40.94.96.56 - - [01/May/2024:04:51:13 +0000] "GET /assets/css/spacing.css HTTP/1.1" 200 2142 "http://htc.triohotels.in/" "Mozilla/5.0 (Windows NT 10.0; Win64; x64) AppleWebKit/537.36 (KHTML, like Gecko) Chrome/101.0.4951.54 Safari/537.36"
40.94.96.96 - - [01/May/2024:04:51:13 +0000] "GET /assets/img/logo/logo.png HTTP/1.1" 200 5232 "http://htc.triohotels.in/" "Mozilla/5.0 (Windows NT 10.0; Win64; x64) AppleWebKit/537.36 (KHTML, like Gecko) Chrome/101.0.4951.54 Safari/537.36"
40.94.96.88 - - [01/May/2024:04:51:13 +0000] "GET /assets/css/main.css HTTP/1.1" 200 28223 "http://htc.triohotels.in/" "Mozilla/5.0 (Windows NT 10.0; Win64; x64) AppleWebKit/537.36 (KHTML, like Gecko) Chrome/101.0.4951.54 Safari/537.36"
40.94.96.98 - - [01/May/2024:04:51:13 +0000] "GET /assets/img/logo/preloader.png HTTP/1.1" 200 5035 "http://htc.triohotels.in/" "Mozilla/5.0 (Windows NT 10.0; Win64; x64) AppleWebKit/537.36 (KHTML, like Gecko) Chrome/101.0.4951.54 Safari/537.36"
104.211.181.215 - - [01/May/2024:04:51:13 +0000] "GET /assets/img/gallery/main-10.jpg HTTP/1.1" 200 55669 "http://htc.triohotels.in/" "Mozilla/5.0 (Windows NT 10.0; Win64; x64) AppleWebKit/537.36 (KHTML, like Gecko) Chrome/101.0.4951.67 Safari/537.36"
104.211.181.215 - - [01/May/2024:04:51:13 +0000] "GET /assets/img/gallery/main-19.jpg HTTP/1.1" 200 24939 "http://htc.triohotels.in/" "Mozilla/5.0 (Windows NT 10.0; Win64; x64) AppleWebKit/537.36 (KHTML, like Gecko) Chrome/101.0.4951.67 Safari/537.36"
104.211.181.215 - - [01/May/2024:04:51:13 +0000] "GET /assets/img/service/1.jpg HTTP/1.1" 200 33558 "http://htc.triohotels.in/" "Mozilla/5.0 (Windows NT 10.0; Win64; x64) AppleWebKit/537.36 (KHTML, like Gecko) Chrome/101.0.4951.67 Safari/537.36"
104.211.181.215 - - [01/May/2024:04:51:13 +0000] "GET /assets/img/gallery/main-15.jpg HTTP/1.1" 404 196 "http://htc.triohotels.in/" "Mozilla/5.0 (Windows NT 10.0; Win64; x64) AppleWebKit/537.36 (KHTML, like Gecko) Chrome/101.0.4951.67 Safari/537.36"
104.211.181.215 - - [01/May/2024:04:51:13 +0000] "GET /assets/img/bg/bd-room.jpg HTTP/1.1" 200 502774 "http://htc.triohotels.in/" "Mozilla/5.0 (Windows NT 10.0; Win64; x64) AppleWebKit/537.36 (KHTML, like Gecko) Chrome/101.0.4951.67 Safari/537.36"
104.211.181.215 - - [01/May/2024:04:51:14 +0000] "GET /assets/img/service/2.jpg HTTP/1.1" 200 28651 "http://htc.triohotels.in/" "Mozilla/5.0 (Windows NT 10.0; Win64; x64) AppleWebKit/537.36 (KHTML, like Gecko) Chrome/101.0.4951.67 Safari/537.36"
40.94.96.98 - - [01/May/2024:04:51:15 +0000] "GET /assets/img/bg/welcome-bg-2.jpg HTTP/1.1" 200 178579 "http://htc.triohotels.in/" "Mozilla/5.0 (Windows NT 10.0; Win64; x64) AppleWebKit/537.36 (KHTML, like Gecko) Chrome/101.0.4951.54 Safari/537.36"
40.94.96.98 - - [01/May/2024:04:51:15 +0000] "GET /assets/img/bg/welcome-bg-3.jpg HTTP/1.1" 200 168597 "http://htc.triohotels.in/" "Mozilla/5.0 (Windows NT 10.0; Win64; x64) AppleWebKit/537.36 (KHTML, like Gecko) Chrome/101.0.4951.54 Safari/537.36"
40.94.96.88 - - [01/May/2024:04:51:15 +0000] "GET /assets/img/bg/room-view.jpg HTTP/1.1" 200 1975874 "http://htc.triohotels.in/" "Mozilla/5.0 (Windows NT 10.0; Win64; x64) AppleWebKit/537.36 (KHTML, like Gecko) Chrome/101.0.4951.54 Safari/537.36"
40.94.96.96 - - [01/May/2024:04:51:15 +0000] "GET /assets/js/bootstrap-bundle.js HTTP/1.1" 200 23028 "http://htc.triohotels.in/" "Mozilla/5.0 (Windows NT 10.0; Win64; x64) AppleWebKit/537.36 (KHTML, like Gecko) Chrome/101.0.4951.54 Safari/537.36"
40.94.96.56 - - [01/May/2024:04:51:15 +0000] "GET /assets/js/meanmenu.js HTTP/1.1" 200 3455 "http://htc.triohotels.in/" "Mozilla/5.0 (Windows NT 10.0; Win64; x64) AppleWebKit/537.36 (KHTML, like Gecko) Chrome/101.0.4951.54 Safari/537.36"
40.94.96.98 - - [01/May/2024:04:51:15 +0000] "GET /assets/js/vendor/jquery.js HTTP/1.1" 200 30960 "http://htc.triohotels.in/" "Mozilla/5.0 (Windows NT 10.0; Win64; x64) AppleWebKit/537.36 (KHTML, like Gecko) Chrome/101.0.4951.54 Safari/537.36"
40.94.96.87 - - [01/May/2024:04:51:15 +0000] "GET /assets/js/swiper-bundle.js HTTP/1.1" 200 37648 "http://htc.triohotels.in/" "Mozilla/5.0 (Windows NT 10.0; Win64; x64) AppleWebKit/537.36 (KHTML, like Gecko) Chrome/101.0.4951.54 Safari/537.36"
104.211.181.215 - - [01/May/2024:04:51:15 +0000] "GET /assets/img/gallery/main-15.jpg HTTP/1.1" 404 196 "http://htc.triohotels.in/" "Mozilla/5.0 (Windows NT 10.0; Win64; x64) AppleWebKit/537.36 (KHTML, like Gecko) Chrome/101.0.4951.67 Safari/537.36"
40.94.96.10 - - [01/May/2024:04:51:16 +0000] "GET /assets/js/slick.js HTTP/1.1" 200 11319 "http://htc.triohotels.in/" "Mozilla/5.0 (Windows NT 10.0; Win64; x64) AppleWebKit/537.36 (KHTML, like Gecko) Chrome/101.0.4951.54 Safari/537.36"
104.211.181.215 - - [01/May/2024:04:51:16 +0000] "GET /assets/img/service/3.jpg HTTP/1.1" 200 31907 "http://htc.triohotels.in/" "Mozilla/5.0 (Windows NT 10.0; Win64; x64) AppleWebKit/537.36 (KHTML, like Gecko) Chrome/101.0.4951.67 Safari/537.36"
104.211.181.215 - - [01/May/2024:04:51:16 +0000] "GET /assets/img/service/4.jpg HTTP/1.1" 200 13530 "http://htc.triohotels.in/" "Mozilla/5.0 (Windows NT 10.0; Win64; x64) AppleWebKit/537.36 (KHTML, like Gecko) Chrome/101.0.4951.67 Safari/537.36"
104.211.181.215 - - [01/May/2024:04:51:16 +0000] "GET /assets/img/service/5.jpg HTTP/1.1" 200 20035 "http://htc.triohotels.in/" "Mozilla/5.0 (Windows NT 10.0; Win64; x64) AppleWebKit/537.36 (KHTML, like Gecko) Chrome/101.0.4951.67 Safari/537.36"
104.211.181.215 - - [01/May/2024:04:51:16 +0000] "GET /assets/img/bg/award.jpg HTTP/1.1" 200 50087 "http://htc.triohotels.in/" "Mozilla/5.0 (Windows NT 10.0; Win64; x64) AppleWebKit/537.36 (KHTML, like Gecko) Chrome/101.0.4951.67 Safari/537.36"
40.94.96.87 - - [01/May/2024:04:51:17 +0000] "GET /assets/js/magnific-popup.js HTTP/1.1" 200 7359 "http://htc.triohotels.in/" "Mozilla/5.0 (Windows NT 10.0; Win64; x64) AppleWebKit/537.36 (KHTML, like Gecko) Chrome/101.0.4951.54 Safari/537.36"
40.94.96.10 - - [01/May/2024:04:51:17 +0000] "GET /assets/js/backtotop.js HTTP/1.1" 200 459 "http://htc.triohotels.in/" "Mozilla/5.0 (Windows NT 10.0; Win64; x64) AppleWebKit/537.36 (KHTML, like Gecko) Chrome/101.0.4951.54 Safari/537.36"
40.94.96.98 - - [01/May/2024:04:51:17 +0000] "GET /assets/js/nice-select.js HTTP/1.1" 200 1048 "http://htc.triohotels.in/" "Mozilla/5.0 (Windows NT 10.0; Win64; x64) AppleWebKit/537.36 (KHTML, like Gecko) Chrome/101.0.4951.54 Safari/537.36"
40.94.96.96 - - [01/May/2024:04:51:17 +0000] "GET /assets/js/sidebar.js HTTP/1.1" 200 507 "http://htc.triohotels.in/" "Mozilla/5.0 (Windows NT 10.0; Win64; x64) AppleWebKit/537.36 (KHTML, like Gecko) Chrome/101.0.4951.54 Safari/537.36"
40.94.96.88 - - [01/May/2024:04:51:17 +0000] "GET /assets/js/isotope-pkgd.js HTTP/1.1" 200 9876 "http://htc.triohotels.in/" "Mozilla/5.0 (Windows NT 10.0; Win64; x64) AppleWebKit/537.36 (KHTML, like Gecko) Chrome/101.0.4951.54 Safari/537.36"
40.94.96.87 - - [01/May/2024:04:51:17 +0000] "GET /assets/js/imagesloaded-pkgd.js HTTP/1.1" 200 1822 "http://htc.triohotels.in/" "Mozilla/5.0 (Windows NT 10.0; Win64; x64) AppleWebKit/537.36 (KHTML, like Gecko) Chrome/101.0.4951.54 Safari/537.36"
40.94.96.88 - - [01/May/2024:04:51:18 +0000] "GET /assets/js/ajax-form.js HTTP/1.1" 200 516 "http://htc.triohotels.in/" "Mozilla/5.0 (Windows NT 10.0; Win64; x64) AppleWebKit/537.36 (KHTML, like Gecko) Chrome/101.0.4951.54 Safari/537.36"
40.94.96.98 - - [01/May/2024:04:51:18 +0000] "GET /assets/js/settings.js HTTP/1.1" 200 2225 "http://htc.triohotels.in/" "Mozilla/5.0 (Windows NT 10.0; Win64; x64) AppleWebKit/537.36 (KHTML, like Gecko) Chrome/101.0.4951.54 Safari/537.36"
40.94.96.10 - - [01/May/2024:04:51:18 +0000] "GET /assets/js/wow.min.js HTTP/1.1" 200 2837 "http://htc.triohotels.in/" "Mozilla/5.0 (Windows NT 10.0; Win64; x64) AppleWebKit/537.36 (KHTML, like Gecko) Chrome/101.0.4951.54 Safari/537.36"
40.94.96.96 - - [01/May/2024:04:51:18 +0000] "GET /assets/js/jquery-ui.min.js HTTP/1.1" 200 67610 "http://htc.triohotels.in/" "Mozilla/5.0 (Windows NT 10.0; Win64; x64) AppleWebKit/537.36 (KHTML, like Gecko) Chrome/101.0.4951.54 Safari/537.36"
40.94.96.94 - - [01/May/2024:04:51:18 +0000] "GET /assets/js/main.js HTTP/1.1" 200 4360 "http://htc.triohotels.in/" "Mozilla/5.0 (Windows NT 10.0; Win64; x64) AppleWebKit/537.36 (KHTML, like Gecko) Chrome/101.0.4951.54 Safari/537.36"
40.94.96.87 - - [01/May/2024:04:51:19 +0000] "GET /assets/fonts/fa-regular-400.woff2 HTTP/1.1" 200 357732 "http://htc.triohotels.in/assets/css/font-awesome-pro.css" "Mozilla/5.0 (Windows NT 10.0; Win64; x64) AppleWebKit/537.36 (KHTML, like Gecko) Chrome/101.0.4951.54 Safari/537.36"
40.94.96.88 - - [01/May/2024:04:51:19 +0000] "GET /assets/fonts/fa-thin-100.woff2 HTTP/1.1" 200 426420 "http://htc.triohotels.in/assets/css/font-awesome-pro.css" "Mozilla/5.0 (Windows NT 10.0; Win64; x64) AppleWebKit/537.36 (KHTML, like Gecko) Chrome/101.0.4951.54 Safari/537.36"
40.94.96.98 - - [01/May/2024:04:51:19 +0000] "GET /assets/fonts/fa-light-300.woff2 HTTP/1.1" 200 392136 "http://htc.triohotels.in/assets/css/font-awesome-pro.css" "Mozilla/5.0 (Windows NT 10.0; Win64; x64) AppleWebKit/537.36 (KHTML, like Gecko) Chrome/101.0.4951.54 Safari/537.36"
40.94.96.96 - - [01/May/2024:04:51:20 +0000] "GET /assets/fonts/fa-brands-400.woff2 HTTP/1.1" 200 104740 "http://htc.triohotels.in/assets/css/font-awesome-pro.css" "Mozilla/5.0 (Windows NT 10.0; Win64; x64) AppleWebKit/537.36 (KHTML, like Gecko) Chrome/101.0.4951.54 Safari/537.36"
40.94.96.87 - - [01/May/2024:04:51:20 +0000] "GET /assets/fonts/fa-solid-900.woff2 HTTP/1.1" 200 303544 "http://htc.triohotels.in/assets/css/font-awesome-pro.css" "Mozilla/5.0 (Windows NT 10.0; Win64; x64) AppleWebKit/537.36 (KHTML, like Gecko) Chrome/101.0.4951.54 Safari/537.36"
40.94.96.88 - - [01/May/2024:04:51:20 +0000] "GET /assets/fonts/flaticon_royel.ttf?6a84a3bb1e04c1e7f840bd4df1115600 HTTP/1.1" 200 10412 "http://htc.triohotels.in/assets/css/flaticon_royel.css" "Mozilla/5.0 (Windows NT 10.0; Win64; x64) AppleWebKit/537.36 (KHTML, like Gecko) Chrome/101.0.4951.54 Safari/537.36"
40.94.96.94 - - [01/May/2024:04:51:20 +0000] "GET /assets/img/gallery/parking.jpg HTTP/1.1" 200 604310 "http://htc.triohotels.in/" "Mozilla/5.0 (Windows NT 10.0; Win64; x64) AppleWebKit/537.36 (KHTML, like Gecko) Chrome/101.0.4951.54 Safari/537.36"
40.94.96.10 - - [01/May/2024:04:51:20 +0000] "GET /assets/img/gallery/pool.jpg HTTP/1.1" 200 319047 "http://htc.triohotels.in/" "Mozilla/5.0 (Windows NT 10.0; Win64; x64) AppleWebKit/537.36 (KHTML, like Gecko) Chrome/101.0.4951.54 Safari/537.36"
40.94.96.98 - - [01/May/2024:04:51:21 +0000] "GET /assets/img/gallery/help-desk.jpg HTTP/1.1" 200 386084 "http://htc.triohotels.in/" "Mozilla/5.0 (Windows NT 10.0; Win64; x64) AppleWebKit/537.36 (KHTML, like Gecko) Chrome/101.0.4951.54 Safari/537.36"
40.94.96.96 - - [01/May/2024:04:51:21 +0000] "GET /assets/img/room/1.jpg HTTP/1.1" 200 232239 "http://htc.triohotels.in/" "Mozilla/5.0 (Windows NT 10.0; Win64; x64) AppleWebKit/537.36 (KHTML, like Gecko) Chrome/101.0.4951.54 Safari/537.36"
40.94.96.88 - - [01/May/2024:04:51:21 +0000] "GET /assets/img/gallery/business-center.jpg HTTP/1.1" 200 812959 "http://htc.triohotels.in/" "Mozilla/5.0 (Windows NT 10.0; Win64; x64) AppleWebKit/537.36 (KHTML, like Gecko) Chrome/101.0.4951.54 Safari/537.36"
40.94.96.87 - - [01/May/2024:04:51:21 +0000] "GET /assets/img/gallery/fitness.jpg HTTP/1.1" 200 357710 "http://htc.triohotels.in/" "Mozilla/5.0 (Windows NT 10.0; Win64; x64) AppleWebKit/537.36 (KHTML, like Gecko) Chrome/101.0.4951.54 Safari/537.36"
40.94.96.10 - - [01/May/2024:04:51:21 +0000] "GET /assets/img/gallery/laundry.jpg HTTP/1.1" 200 183829 "http://htc.triohotels.in/" "Mozilla/5.0 (Windows NT 10.0; Win64; x64) AppleWebKit/537.36 (KHTML, like Gecko) Chrome/101.0.4951.54 Safari/537.36"
40.94.96.94 - - [01/May/2024:04:51:22 +0000] "GET /assets/img/room/2.jpg HTTP/1.1" 200 72014 "http://htc.triohotels.in/" "Mozilla/5.0 (Windows NT 10.0; Win64; x64) AppleWebKit/537.36 (KHTML, like Gecko) Chrome/101.0.4951.54 Safari/537.36"
40.94.96.88 - - [01/May/2024:04:51:22 +0000] "GET /assets/img/room/3.jpg HTTP/1.1" 200 61648 "http://htc.triohotels.in/" "Mozilla/5.0 (Windows NT 10.0; Win64; x64) AppleWebKit/537.36 (KHTML, like Gecko) Chrome/101.0.4951.54 Safari/537.36"
40.94.96.98 - - [01/May/2024:04:51:22 +0000] "GET /assets/img/testimonials/user-1.jpg HTTP/1.1" 200 83743 "http://htc.triohotels.in/" "Mozilla/5.0 (Windows NT 10.0; Win64; x64) AppleWebKit/537.36 (KHTML, like Gecko) Chrome/101.0.4951.54 Safari/537.36"
40.94.96.96 - - [01/May/2024:04:51:22 +0000] "GET /assets/img/testimonials/user-3.jpg HTTP/1.1" 200 1121 "http://htc.triohotels.in/" "Mozilla/5.0 (Windows NT 10.0; Win64; x64) AppleWebKit/537.36 (KHTML, like Gecko) Chrome/101.0.4951.54 Safari/537.36"
40.94.96.87 - - [01/May/2024:04:51:22 +0000] "GET /assets/img/testimonials/user-2.jpg HTTP/1.1" 200 99210 "http://htc.triohotels.in/" "Mozilla/5.0 (Windows NT 10.0; Win64; x64) AppleWebKit/537.36 (KHTML, like Gecko) Chrome/101.0.4951.54 Safari/537.36"
40.94.96.10 - - [01/May/2024:04:51:22 +0000] "GET /assets/img/gallery/main-1.jpg HTTP/1.1" 200 62173 "http://htc.triohotels.in/" "Mozilla/5.0 (Windows NT 10.0; Win64; x64) AppleWebKit/537.36 (KHTML, like Gecko) Chrome/101.0.4951.54 Safari/537.36"
40.94.96.94 - - [01/May/2024:04:51:24 +0000] "GET /assets/img/gallery/main-2.jpg HTTP/1.1" 200 26483 "http://htc.triohotels.in/" "Mozilla/5.0 (Windows NT 10.0; Win64; x64) AppleWebKit/537.36 (KHTML, like Gecko) Chrome/101.0.4951.54 Safari/537.36"
40.94.96.98 - - [01/May/2024:04:51:24 +0000] "GET /assets/img/gallery/main-4.jpg HTTP/1.1" 200 52426 "http://htc.triohotels.in/" "Mozilla/5.0 (Windows NT 10.0; Win64; x64) AppleWebKit/537.36 (KHTML, like Gecko) Chrome/101.0.4951.54 Safari/537.36"
40.94.96.96 - - [01/May/2024:04:51:24 +0000] "GET /assets/img/gallery/main-10.jpg HTTP/1.1" 200 55669 "http://htc.triohotels.in/" "Mozilla/5.0 (Windows NT 10.0; Win64; x64) AppleWebKit/537.36 (KHTML, like Gecko) Chrome/101.0.4951.54 Safari/537.36"
40.94.96.88 - - [01/May/2024:04:51:24 +0000] "GET /assets/img/gallery/main-6.jpg HTTP/1.1" 200 24823 "http://htc.triohotels.in/" "Mozilla/5.0 (Windows NT 10.0; Win64; x64) AppleWebKit/537.36 (KHTML, like Gecko) Chrome/101.0.4951.54 Safari/537.36"
40.94.96.10 - - [01/May/2024:04:51:24 +0000] "GET /assets/img/gallery/main-9.jpg HTTP/1.1" 200 61265 "http://htc.triohotels.in/" "Mozilla/5.0 (Windows NT 10.0; Win64; x64) AppleWebKit/537.36 (KHTML, like Gecko) Chrome/101.0.4951.54 Safari/537.36"
40.94.96.87 - - [01/May/2024:04:51:24 +0000] "GET /assets/img/gallery/main-5.jpg HTTP/1.1" 200 28004 "http://htc.triohotels.in/" "Mozilla/5.0 (Windows NT 10.0; Win64; x64) AppleWebKit/537.36 (KHTML, like Gecko) Chrome/101.0.4951.54 Safari/537.36"
40.94.96.94 - - [01/May/2024:04:51:25 +0000] "GET /assets/img/gallery/main-19.jpg HTTP/1.1" 200 24939 "http://htc.triohotels.in/" "Mozilla/5.0 (Windows NT 10.0; Win64; x64) AppleWebKit/537.36 (KHTML, like Gecko) Chrome/101.0.4951.54 Safari/537.36"
40.94.96.96 - - [01/May/2024:04:51:25 +0000] "GET /assets/img/gallery/main-15.jpg HTTP/1.1" 404 196 "http://htc.triohotels.in/" "Mozilla/5.0 (Windows NT 10.0; Win64; x64) AppleWebKit/537.36 (KHTML, like Gecko) Chrome/101.0.4951.54 Safari/537.36"
40.94.96.98 - - [01/May/2024:04:51:26 +0000] "GET /assets/img/gallery/main-15.jpg HTTP/1.1" 404 196 "http://htc.triohotels.in/" "Mozilla/5.0 (Windows NT 10.0; Win64; x64) AppleWebKit/537.36 (KHTML, like Gecko) Chrome/101.0.4951.54 Safari/537.36"
40.94.96.96 - - [01/May/2024:04:51:26 +0000] "GET /assets/img/service/2.jpg HTTP/1.1" 200 28651 "http://htc.triohotels.in/" "Mozilla/5.0 (Windows NT 10.0; Win64; x64) AppleWebKit/537.36 (KHTML, like Gecko) Chrome/101.0.4951.54 Safari/537.36"
40.94.96.94 - - [01/May/2024:04:51:26 +0000] "GET /assets/img/service/1.jpg HTTP/1.1" 200 33558 "http://htc.triohotels.in/" "Mozilla/5.0 (Windows NT 10.0; Win64; x64) AppleWebKit/537.36 (KHTML, like Gecko) Chrome/101.0.4951.54 Safari/537.36"
40.94.96.98 - - [01/May/2024:04:51:26 +0000] "GET /assets/img/bg/bd-room.jpg HTTP/1.1" 200 502774 "http://htc.triohotels.in/" "Mozilla/5.0 (Windows NT 10.0; Win64; x64) AppleWebKit/537.36 (KHTML, like Gecko) Chrome/101.0.4951.54 Safari/537.36"
40.94.96.88 - - [01/May/2024:04:51:26 +0000] "GET /assets/img/service/4.jpg HTTP/1.1" 200 13530 "http://htc.triohotels.in/" "Mozilla/5.0 (Windows NT 10.0; Win64; x64) AppleWebKit/537.36 (KHTML, like Gecko) Chrome/101.0.4951.54 Safari/537.36"
40.94.96.10 - - [01/May/2024:04:51:26 +0000] "GET /assets/img/service/5.jpg HTTP/1.1" 200 20035 "http://htc.triohotels.in/" "Mozilla/5.0 (Windows NT 10.0; Win64; x64) AppleWebKit/537.36 (KHTML, like Gecko) Chrome/101.0.4951.54 Safari/537.36"
40.94.96.87 - - [01/May/2024:04:51:26 +0000] "GET /assets/img/service/3.jpg HTTP/1.1" 200 31907 "http://htc.triohotels.in/" "Mozilla/5.0 (Windows NT 10.0; Win64; x64) AppleWebKit/537.36 (KHTML, like Gecko) Chrome/101.0.4951.54 Safari/537.36"
40.94.96.88 - - [01/May/2024:04:51:26 +0000] "GET /assets/img/bg/award.jpg HTTP/1.1" 200 50087 "http://htc.triohotels.in/" "Mozilla/5.0 (Windows NT 10.0; Win64; x64) AppleWebKit/537.36 (KHTML, like Gecko) Chrome/101.0.4951.54 Safari/537.36"
104.211.181.215 - - [01/May/2024:04:51:33 +0000] "GET /assets/img/logo/favicon.png HTTP/1.1" 200 2011 "http://htc.triohotels.in/" "Mozilla/5.0 (Windows NT 10.0; Win64; x64) AppleWebKit/537.36 (KHTML, like Gecko) Chrome/101.0.4951.67 Safari/537.36"
40.94.96.62 - - [01/May/2024:04:51:37 +0000] "GET /assets/img/logo/favicon.png HTTP/1.1" 200 2011 "http://htc.triohotels.in/" "Mozilla/5.0 (Windows NT 10.0; Win64; x64) AppleWebKit/537.36 (KHTML, like Gecko) Chrome/101.0.4951.54 Safari/537.36"
40.94.96.68 - - [01/May/2024:04:53:05 +0000] "GET /index.php HTTP/1.1" 200 7475 "http://htc.triohotels.in/" "Mozilla/5.0 (Windows NT 10.0; Win64; x64) AppleWebKit/537.36 (KHTML, like Gecko) Chrome/103.0.5060.134 Safari/537.36"
40.94.96.88 - - [01/May/2024:04:53:05 +0000] "GET /booking-form.php HTTP/1.1" 200 4936 "http://htc.triohotels.in/" "Mozilla/5.0 (Windows NT 10.0; Win64; x64) AppleWebKit/537.36 (KHTML, like Gecko) Chrome/103.0.5060.134 Safari/537.36"
40.94.96.68 - - [01/May/2024:04:53:06 +0000] "GET /assets/css/meanmenu.css HTTP/1.1" 200 922 "http://htc.triohotels.in/index.php" "Mozilla/5.0 (Windows NT 10.0; Win64; x64) AppleWebKit/537.36 (KHTML, like Gecko) Chrome/103.0.5060.134 Safari/537.36"
40.94.96.88 - - [01/May/2024:04:53:06 +0000] "GET /assets/css/bootstrap.css HTTP/1.1" 200 23912 "http://htc.triohotels.in/index.php" "Mozilla/5.0 (Windows NT 10.0; Win64; x64) AppleWebKit/537.36 (KHTML, like Gecko) Chrome/103.0.5060.134 Safari/537.36"
40.94.96.39 - - [01/May/2024:04:53:06 +0000] "GET /assets/css/animate.min.css HTTP/1.1" 200 5008 "http://htc.triohotels.in/index.php" "Mozilla/5.0 (Windows NT 10.0; Win64; x64) AppleWebKit/537.36 (KHTML, like Gecko) Chrome/103.0.5060.134 Safari/537.36"
40.94.96.91 - - [01/May/2024:04:53:06 +0000] "GET /assets/css/swiper-bundle.css HTTP/1.1" 200 4417 "http://htc.triohotels.in/index.php" "Mozilla/5.0 (Windows NT 10.0; Win64; x64) AppleWebKit/537.36 (KHTML, like Gecko) Chrome/103.0.5060.134 Safari/537.36"
40.94.96.68 - - [01/May/2024:04:53:06 +0000] "GET /assets/css/slick.css HTTP/1.1" 200 581 "http://htc.triohotels.in/index.php" "Mozilla/5.0 (Windows NT 10.0; Win64; x64) AppleWebKit/537.36 (KHTML, like Gecko) Chrome/103.0.5060.134 Safari/537.36"
40.94.96.65 - - [01/May/2024:04:53:06 +0000] "GET /assets/css/nouislider.css HTTP/1.1" 200 1598 "http://htc.triohotels.in/index.php" "Mozilla/5.0 (Windows NT 10.0; Win64; x64) AppleWebKit/537.36 (KHTML, like Gecko) Chrome/103.0.5060.134 Safari/537.36"
40.94.96.47 - - [01/May/2024:04:53:06 +0000] "GET /assets/css/jquery-ui.min.css HTTP/1.1" 200 7619 "http://htc.triohotels.in/index.php" "Mozilla/5.0 (Windows NT 10.0; Win64; x64) AppleWebKit/537.36 (KHTML, like Gecko) Chrome/103.0.5060.134 Safari/537.36"
40.94.96.88 - - [01/May/2024:04:53:07 +0000] "GET /assets/css/backtotop.css HTTP/1.1" 200 504 "http://htc.triohotels.in/index.php" "Mozilla/5.0 (Windows NT 10.0; Win64; x64) AppleWebKit/537.36 (KHTML, like Gecko) Chrome/103.0.5060.134 Safari/537.36"
40.94.96.65 - - [01/May/2024:04:53:07 +0000] "GET /assets/css/magnific-popup.css HTTP/1.1" 200 1828 "http://htc.triohotels.in/index.php" "Mozilla/5.0 (Windows NT 10.0; Win64; x64) AppleWebKit/537.36 (KHTML, like Gecko) Chrome/103.0.5060.134 Safari/537.36"
40.94.96.68 - - [01/May/2024:04:53:07 +0000] "GET /assets/css/nice-select.css HTTP/1.1" 200 964 "http://htc.triohotels.in/index.php" "Mozilla/5.0 (Windows NT 10.0; Win64; x64) AppleWebKit/537.36 (KHTML, like Gecko) Chrome/103.0.5060.134 Safari/537.36"
40.94.96.47 - - [01/May/2024:04:53:07 +0000] "GET /assets/css/flaticon_royel.css HTTP/1.1" 200 565 "http://htc.triohotels.in/index.php" "Mozilla/5.0 (Windows NT 10.0; Win64; x64) AppleWebKit/537.36 (KHTML, like Gecko) Chrome/103.0.5060.134 Safari/537.36"
40.94.96.39 - - [01/May/2024:04:53:07 +0000] "GET /assets/css/spacing.css HTTP/1.1" 200 2142 "http://htc.triohotels.in/index.php" "Mozilla/5.0 (Windows NT 10.0; Win64; x64) AppleWebKit/537.36 (KHTML, like Gecko) Chrome/103.0.5060.134 Safari/537.36"
40.94.96.91 - - [01/May/2024:04:53:07 +0000] "GET /assets/css/font-awesome-pro.css HTTP/1.1" 200 77984 "http://htc.triohotels.in/index.php" "Mozilla/5.0 (Windows NT 10.0; Win64; x64) AppleWebKit/537.36 (KHTML, like Gecko) Chrome/103.0.5060.134 Safari/537.36"
40.94.96.39 - - [01/May/2024:04:53:08 +0000] "GET /assets/css/main.css HTTP/1.1" 200 28223 "http://htc.triohotels.in/index.php" "Mozilla/5.0 (Windows NT 10.0; Win64; x64) AppleWebKit/537.36 (KHTML, like Gecko) Chrome/103.0.5060.134 Safari/537.36"
40.94.96.65 - - [01/May/2024:04:53:08 +0000] "GET /assets/img/logo/logo.png HTTP/1.1" 200 5232 "http://htc.triohotels.in/index.php" "Mozilla/5.0 (Windows NT 10.0; Win64; x64) AppleWebKit/537.36 (KHTML, like Gecko) Chrome/103.0.5060.134 Safari/537.36"
40.94.96.88 - - [01/May/2024:04:53:08 +0000] "GET /assets/img/logo/preloader.png HTTP/1.1" 200 5035 "http://htc.triohotels.in/index.php" "Mozilla/5.0 (Windows NT 10.0; Win64; x64) AppleWebKit/537.36 (KHTML, like Gecko) Chrome/103.0.5060.134 Safari/537.36"
40.94.96.68 - - [01/May/2024:04:53:08 +0000] "GET /assets/img/breadcrumb/breadcrumb-bg.png HTTP/1.1" 200 30442 "http://htc.triohotels.in/booking-form.php" "Mozilla/5.0 (Windows NT 10.0; Win64; x64) AppleWebKit/537.36 (KHTML, like Gecko) Chrome/103.0.5060.134 Safari/537.36"
40.94.96.65 - - [01/May/2024:04:53:08 +0000] "GET /assets/js/vendor/jquery.js HTTP/1.1" 200 30960 "http://htc.triohotels.in/booking-form.php" "Mozilla/5.0 (Windows NT 10.0; Win64; x64) AppleWebKit/537.36 (KHTML, like Gecko) Chrome/103.0.5060.134 Safari/537.36"
40.94.96.91 - - [01/May/2024:04:53:08 +0000] "GET /assets/js/bootstrap-bundle.js HTTP/1.1" 200 23028 "http://htc.triohotels.in/booking-form.php" "Mozilla/5.0 (Windows NT 10.0; Win64; x64) AppleWebKit/537.36 (KHTML, like Gecko) Chrome/103.0.5060.134 Safari/537.36"
40.94.96.47 - - [01/May/2024:04:53:08 +0000] "GET /assets/img/bg/welcome-bg-2.jpg HTTP/1.1" 200 178579 "http://htc.triohotels.in/index.php" "Mozilla/5.0 (Windows NT 10.0; Win64; x64) AppleWebKit/537.36 (KHTML, like Gecko) Chrome/103.0.5060.134 Safari/537.36"
40.94.96.47 - - [01/May/2024:04:53:09 +0000] "GET /assets/js/meanmenu.js HTTP/1.1" 200 3455 "http://htc.triohotels.in/booking-form.php" "Mozilla/5.0 (Windows NT 10.0; Win64; x64) AppleWebKit/537.36 (KHTML, like Gecko) Chrome/103.0.5060.134 Safari/537.36"
40.94.96.88 - - [01/May/2024:04:53:09 +0000] "GET /assets/img/bg/room-view.jpg HTTP/1.1" 200 1975874 "http://htc.triohotels.in/index.php" "Mozilla/5.0 (Windows NT 10.0; Win64; x64) AppleWebKit/537.36 (KHTML, like Gecko) Chrome/103.0.5060.134 Safari/537.36"
40.94.96.47 - - [01/May/2024:04:53:09 +0000] "GET /assets/js/swiper-bundle.js HTTP/1.1" 200 37648 "http://htc.triohotels.in/booking-form.php" "Mozilla/5.0 (Windows NT 10.0; Win64; x64) AppleWebKit/537.36 (KHTML, like Gecko) Chrome/103.0.5060.134 Safari/537.36"
40.94.96.39 - - [01/May/2024:04:53:09 +0000] "GET /assets/js/nice-select.js HTTP/1.1" 200 1048 "http://htc.triohotels.in/booking-form.php" "Mozilla/5.0 (Windows NT 10.0; Win64; x64) AppleWebKit/537.36 (KHTML, like Gecko) Chrome/103.0.5060.134 Safari/537.36"
40.94.96.65 - - [01/May/2024:04:53:09 +0000] "GET /assets/js/magnific-popup.js HTTP/1.1" 200 7359 "http://htc.triohotels.in/booking-form.php" "Mozilla/5.0 (Windows NT 10.0; Win64; x64) AppleWebKit/537.36 (KHTML, like Gecko) Chrome/103.0.5060.134 Safari/537.36"
40.94.96.91 - - [01/May/2024:04:53:09 +0000] "GET /assets/js/slick.js HTTP/1.1" 200 11319 "http://htc.triohotels.in/booking-form.php" "Mozilla/5.0 (Windows NT 10.0; Win64; x64) AppleWebKit/537.36 (KHTML, like Gecko) Chrome/103.0.5060.134 Safari/537.36"
40.94.96.68 - - [01/May/2024:04:53:09 +0000] "GET /assets/js/backtotop.js HTTP/1.1" 200 459 "http://htc.triohotels.in/booking-form.php" "Mozilla/5.0 (Windows NT 10.0; Win64; x64) AppleWebKit/537.36 (KHTML, like Gecko) Chrome/103.0.5060.134 Safari/537.36"
40.94.96.88 - - [01/May/2024:04:53:10 +0000] "GET /assets/js/sidebar.js HTTP/1.1" 200 507 "http://htc.triohotels.in/booking-form.php" "Mozilla/5.0 (Windows NT 10.0; Win64; x64) AppleWebKit/537.36 (KHTML, like Gecko) Chrome/103.0.5060.134 Safari/537.36"
40.94.96.39 - - [01/May/2024:04:53:11 +0000] "GET /assets/js/vendor/jquery.js HTTP/1.1" 200 30960 "http://htc.triohotels.in/index.php" "Mozilla/5.0 (Windows NT 10.0; Win64; x64) AppleWebKit/537.36 (KHTML, like Gecko) Chrome/103.0.5060.134 Safari/537.36"
40.94.96.91 - - [01/May/2024:04:53:11 +0000] "GET /assets/js/bootstrap-bundle.js HTTP/1.1" 200 23028 "http://htc.triohotels.in/index.php" "Mozilla/5.0 (Windows NT 10.0; Win64; x64) AppleWebKit/537.36 (KHTML, like Gecko) Chrome/103.0.5060.134 Safari/537.36"
40.94.96.47 - - [01/May/2024:04:53:11 +0000] "GET /assets/js/imagesloaded-pkgd.js HTTP/1.1" 200 1822 "http://htc.triohotels.in/booking-form.php" "Mozilla/5.0 (Windows NT 10.0; Win64; x64) AppleWebKit/537.36 (KHTML, like Gecko) Chrome/103.0.5060.134 Safari/537.36"
40.94.96.88 - - [01/May/2024:04:53:11 +0000] "GET /assets/js/isotope-pkgd.js HTTP/1.1" 200 9876 "http://htc.triohotels.in/booking-form.php" "Mozilla/5.0 (Windows NT 10.0; Win64; x64) AppleWebKit/537.36 (KHTML, like Gecko) Chrome/103.0.5060.134 Safari/537.36"
40.94.96.68 - - [01/May/2024:04:53:11 +0000] "GET /assets/img/bg/welcome-bg-3.jpg HTTP/1.1" 200 168597 "http://htc.triohotels.in/index.php" "Mozilla/5.0 (Windows NT 10.0; Win64; x64) AppleWebKit/537.36 (KHTML, like Gecko) Chrome/103.0.5060.134 Safari/537.36"
40.94.96.65 - - [01/May/2024:04:53:11 +0000] "GET /assets/js/ajax-form.js HTTP/1.1" 200 516 "http://htc.triohotels.in/booking-form.php" "Mozilla/5.0 (Windows NT 10.0; Win64; x64) AppleWebKit/537.36 (KHTML, like Gecko) Chrome/103.0.5060.134 Safari/537.36"
40.94.96.88 - - [01/May/2024:04:53:11 +0000] "GET /assets/js/jquery-ui.min.js HTTP/1.1" 200 67610 "http://htc.triohotels.in/booking-form.php" "Mozilla/5.0 (Windows NT 10.0; Win64; x64) AppleWebKit/537.36 (KHTML, like Gecko) Chrome/103.0.5060.134 Safari/537.36"
40.94.96.47 - - [01/May/2024:04:53:11 +0000] "GET /assets/js/settings.js HTTP/1.1" 200 2225 "http://htc.triohotels.in/booking-form.php" "Mozilla/5.0 (Windows NT 10.0; Win64; x64) AppleWebKit/537.36 (KHTML, like Gecko) Chrome/103.0.5060.134 Safari/537.36"
40.94.96.91 - - [01/May/2024:04:53:11 +0000] "GET /assets/js/wow.min.js HTTP/1.1" 200 2837 "http://htc.triohotels.in/booking-form.php" "Mozilla/5.0 (Windows NT 10.0; Win64; x64) AppleWebKit/537.36 (KHTML, like Gecko) Chrome/103.0.5060.134 Safari/537.36"
40.94.96.68 - - [01/May/2024:04:53:11 +0000] "GET /assets/fonts/fa-thin-100.woff2 HTTP/1.1" 200 426420 "http://htc.triohotels.in/assets/css/font-awesome-pro.css" "Mozilla/5.0 (Windows NT 10.0; Win64; x64) AppleWebKit/537.36 (KHTML, like Gecko) Chrome/103.0.5060.134 Safari/537.36"
40.94.96.39 - - [01/May/2024:04:53:11 +0000] "GET /assets/js/main.js HTTP/1.1" 200 4360 "http://htc.triohotels.in/booking-form.php" "Mozilla/5.0 (Windows NT 10.0; Win64; x64) AppleWebKit/537.36 (KHTML, like Gecko) Chrome/103.0.5060.134 Safari/537.36"
40.94.96.47 - - [01/May/2024:04:53:12 +0000] "GET /assets/fonts/fa-light-300.woff2 HTTP/1.1" 200 392136 "http://htc.triohotels.in/assets/css/font-awesome-pro.css" "Mozilla/5.0 (Windows NT 10.0; Win64; x64) AppleWebKit/537.36 (KHTML, like Gecko) Chrome/103.0.5060.134 Safari/537.36"
40.94.96.65 - - [01/May/2024:04:53:12 +0000] "GET /assets/fonts/fa-brands-400.woff2 HTTP/1.1" 200 104740 "http://htc.triohotels.in/assets/css/font-awesome-pro.css" "Mozilla/5.0 (Windows NT 10.0; Win64; x64) AppleWebKit/537.36 (KHTML, like Gecko) Chrome/103.0.5060.134 Safari/537.36"
40.94.96.88 - - [01/May/2024:04:53:12 +0000] "GET /assets/fonts/flaticon_royel.ttf?6a84a3bb1e04c1e7f840bd4df1115600 HTTP/1.1" 200 10412 "http://htc.triohotels.in/assets/css/flaticon_royel.css" "Mozilla/5.0 (Windows NT 10.0; Win64; x64) AppleWebKit/537.36 (KHTML, like Gecko) Chrome/103.0.5060.134 Safari/537.36"
40.94.96.39 - - [01/May/2024:04:53:13 +0000] "GET /assets/fonts/fa-solid-900.woff2 HTTP/1.1" 200 303544 "http://htc.triohotels.in/assets/css/font-awesome-pro.css" "Mozilla/5.0 (Windows NT 10.0; Win64; x64) AppleWebKit/537.36 (KHTML, like Gecko) Chrome/103.0.5060.134 Safari/537.36"
40.94.96.91 - - [01/May/2024:04:53:13 +0000] "GET /assets/fonts/fa-regular-400.woff2 HTTP/1.1" 200 357732 "http://htc.triohotels.in/assets/css/font-awesome-pro.css" "Mozilla/5.0 (Windows NT 10.0; Win64; x64) AppleWebKit/537.36 (KHTML, like Gecko) Chrome/103.0.5060.134 Safari/537.36"
40.94.96.39 - - [01/May/2024:04:53:14 +0000] "GET /assets/img/gallery/help-desk.jpg HTTP/1.1" 200 386084 "http://htc.triohotels.in/index.php" "Mozilla/5.0 (Windows NT 10.0; Win64; x64) AppleWebKit/537.36 (KHTML, like Gecko) Chrome/103.0.5060.134 Safari/537.36"
40.94.96.91 - - [01/May/2024:04:53:14 +0000] "GET /assets/img/gallery/pool.jpg HTTP/1.1" 200 319047 "http://htc.triohotels.in/index.php" "Mozilla/5.0 (Windows NT 10.0; Win64; x64) AppleWebKit/537.36 (KHTML, like Gecko) Chrome/103.0.5060.134 Safari/537.36"
40.94.96.47 - - [01/May/2024:04:53:14 +0000] "GET /assets/img/gallery/parking.jpg HTTP/1.1" 200 604310 "http://htc.triohotels.in/index.php" "Mozilla/5.0 (Windows NT 10.0; Win64; x64) AppleWebKit/537.36 (KHTML, like Gecko) Chrome/103.0.5060.134 Safari/537.36"
40.94.96.68 - - [01/May/2024:04:53:14 +0000] "GET /assets/img/gallery/laundry.jpg HTTP/1.1" 200 183829 "http://htc.triohotels.in/index.php" "Mozilla/5.0 (Windows NT 10.0; Win64; x64) AppleWebKit/537.36 (KHTML, like Gecko) Chrome/103.0.5060.134 Safari/537.36"
40.94.96.88 - - [01/May/2024:04:53:14 +0000] "GET /assets/img/gallery/fitness.jpg HTTP/1.1" 200 357710 "http://htc.triohotels.in/index.php" "Mozilla/5.0 (Windows NT 10.0; Win64; x64) AppleWebKit/537.36 (KHTML, like Gecko) Chrome/103.0.5060.134 Safari/537.36"
40.94.96.91 - - [01/May/2024:04:53:15 +0000] "GET /assets/img/room/1.jpg HTTP/1.1" 200 232239 "http://htc.triohotels.in/index.php" "Mozilla/5.0 (Windows NT 10.0; Win64; x64) AppleWebKit/537.36 (KHTML, like Gecko) Chrome/103.0.5060.134 Safari/537.36"
40.94.96.65 - - [01/May/2024:04:53:15 +0000] "GET /assets/img/gallery/business-center.jpg HTTP/1.1" 200 812950 "http://htc.triohotels.in/index.php" "Mozilla/5.0 (Windows NT 10.0; Win64; x64) AppleWebKit/537.36 (KHTML, like Gecko) Chrome/103.0.5060.134 Safari/537.36"
104.211.181.215 - - [01/May/2024:04:53:16 +0000] "GET /index.php HTTP/1.1" 200 7475 "http://htc.triohotels.in/" "Mozilla/5.0 (Windows NT 10.0; Win64; x64) AppleWebKit/537.36 (KHTML, like Gecko) Chrome/101.0.4951.67 Safari/537.36"
104.211.181.215 - - [01/May/2024:04:53:16 +0000] "GET /booking-form.php HTTP/1.1" 200 4918 "http://htc.triohotels.in/" "Mozilla/5.0 (Windows NT 10.0; Win64; x64) AppleWebKit/537.36 (KHTML, like Gecko) Chrome/101.0.4951.67 Safari/537.36"
40.94.96.65 - - [01/May/2024:04:53:16 +0000] "GET /assets/img/room/2.jpg HTTP/1.1" 200 72014 "http://htc.triohotels.in/index.php" "Mozilla/5.0 (Windows NT 10.0; Win64; x64) AppleWebKit/537.36 (KHTML, like Gecko) Chrome/103.0.5060.134 Safari/537.36"
40.94.96.47 - - [01/May/2024:04:53:16 +0000] "GET /assets/img/testimonials/user-1.jpg HTTP/1.1" 200 83743 "http://htc.triohotels.in/index.php" "Mozilla/5.0 (Windows NT 10.0; Win64; x64) AppleWebKit/537.36 (KHTML, like Gecko) Chrome/103.0.5060.134 Safari/537.36"
40.94.96.88 - - [01/May/2024:04:53:16 +0000] "GET /assets/img/room/3.jpg HTTP/1.1" 200 61648 "http://htc.triohotels.in/index.php" "Mozilla/5.0 (Windows NT 10.0; Win64; x64) AppleWebKit/537.36 (KHTML, like Gecko) Chrome/103.0.5060.134 Safari/537.36"
40.94.96.91 - - [01/May/2024:04:53:16 +0000] "GET /assets/img/testimonials/user-2.jpg HTTP/1.1" 200 99210 "http://htc.triohotels.in/index.php" "Mozilla/5.0 (Windows NT 10.0; Win64; x64) AppleWebKit/537.36 (KHTML, like Gecko) Chrome/103.0.5060.134 Safari/537.36"
40.94.96.68 - - [01/May/2024:04:53:16 +0000] "GET /assets/img/testimonials/user-3.jpg HTTP/1.1" 200 1121 "http://htc.triohotels.in/index.php" "Mozilla/5.0 (Windows NT 10.0; Win64; x64) AppleWebKit/537.36 (KHTML, like Gecko) Chrome/103.0.5060.134 Safari/537.36"
40.94.96.39 - - [01/May/2024:04:53:16 +0000] "GET /assets/img/gallery/main-1.jpg HTTP/1.1" 200 62173 "http://htc.triohotels.in/index.php" "Mozilla/5.0 (Windows NT 10.0; Win64; x64) AppleWebKit/537.36 (KHTML, like Gecko) Chrome/103.0.5060.134 Safari/537.36"
40.94.96.91 - - [01/May/2024:04:53:16 +0000] "GET /assets/img/gallery/main-2.jpg HTTP/1.1" 200 26483 "http://htc.triohotels.in/index.php" "Mozilla/5.0 (Windows NT 10.0; Win64; x64) AppleWebKit/537.36 (KHTML, like Gecko) Chrome/103.0.5060.134 Safari/537.36"
40.94.96.65 - - [01/May/2024:04:53:16 +0000] "GET /assets/img/bg/hero-bg.jpg HTTP/1.1" 200 594902 "http://htc.triohotels.in/booking-form.php" "Mozilla/5.0 (Windows NT 10.0; Win64; x64) AppleWebKit/537.36 (KHTML, like Gecko) Chrome/103.0.5060.134 Safari/537.36"
40.94.96.47 - - [01/May/2024:04:53:16 +0000] "GET /assets/img/gallery/main-4.jpg HTTP/1.1" 200 52426 "http://htc.triohotels.in/index.php" "Mozilla/5.0 (Windows NT 10.0; Win64; x64) AppleWebKit/537.36 (KHTML, like Gecko) Chrome/103.0.5060.134 Safari/537.36"
40.94.96.39 - - [01/May/2024:04:53:16 +0000] "GET /assets/img/gallery/main-5.jpg HTTP/1.1" 200 28004 "http://htc.triohotels.in/index.php" "Mozilla/5.0 (Windows NT 10.0; Win64; x64) AppleWebKit/537.36 (KHTML, like Gecko) Chrome/103.0.5060.134 Safari/537.36"
40.94.96.68 - - [01/May/2024:04:53:16 +0000] "GET /assets/img/gallery/main-6.jpg HTTP/1.1" 200 24823 "http://htc.triohotels.in/index.php" "Mozilla/5.0 (Windows NT 10.0; Win64; x64) AppleWebKit/537.36 (KHTML, like Gecko) Chrome/103.0.5060.134 Safari/537.36"
40.94.96.88 - - [01/May/2024:04:53:16 +0000] "GET /assets/img/gallery/main-9.jpg HTTP/1.1" 200 61265 "http://htc.triohotels.in/index.php" "Mozilla/5.0 (Windows NT 10.0; Win64; x64) AppleWebKit/537.36 (KHTML, like Gecko) Chrome/103.0.5060.134 Safari/537.36"
40.94.96.68 - - [01/May/2024:04:53:17 +0000] "GET /assets/img/gallery/main-10.jpg HTTP/1.1" 200 55669 "http://htc.triohotels.in/index.php" "Mozilla/5.0 (Windows NT 10.0; Win64; x64) AppleWebKit/537.36 (KHTML, like Gecko) Chrome/103.0.5060.134 Safari/537.36"
40.94.96.39 - - [01/May/2024:04:53:17 +0000] "GET /assets/img/bg/bd-room.jpg HTTP/1.1" 200 502774 "http://htc.triohotels.in/index.php" "Mozilla/5.0 (Windows NT 10.0; Win64; x64) AppleWebKit/537.36 (KHTML, like Gecko) Chrome/103.0.5060.134 Safari/537.36"
40.94.96.47 - - [01/May/2024:04:53:17 +0000] "GET /assets/img/gallery/main-19.jpg HTTP/1.1" 200 24939 "http://htc.triohotels.in/index.php" "Mozilla/5.0 (Windows NT 10.0; Win64; x64) AppleWebKit/537.36 (KHTML, like Gecko) Chrome/103.0.5060.134 Safari/537.36"
40.94.96.88 - - [01/May/2024:04:53:17 +0000] "GET /assets/img/service/1.jpg HTTP/1.1" 200 33558 "http://htc.triohotels.in/index.php" "Mozilla/5.0 (Windows NT 10.0; Win64; x64) AppleWebKit/537.36 (KHTML, like Gecko) Chrome/103.0.5060.134 Safari/537.36"
40.94.96.91 - - [01/May/2024:04:53:17 +0000] "GET /assets/img/gallery/main-15.jpg HTTP/1.1" 404 196 "http://htc.triohotels.in/index.php" "Mozilla/5.0 (Windows NT 10.0; Win64; x64) AppleWebKit/537.36 (KHTML, like Gecko) Chrome/103.0.5060.134 Safari/537.36"
40.94.96.65 - - [01/May/2024:04:53:17 +0000] "GET /assets/img/service/2.jpg HTTP/1.1" 200 28651 "http://htc.triohotels.in/index.php" "Mozilla/5.0 (Windows NT 10.0; Win64; x64) AppleWebKit/537.36 (KHTML, like Gecko) Chrome/103.0.5060.134 Safari/537.36"
40.94.96.91 - - [01/May/2024:04:53:17 +0000] "GET /assets/img/service/3.jpg HTTP/1.1" 200 31907 "http://htc.triohotels.in/index.php" "Mozilla/5.0 (Windows NT 10.0; Win64; x64) AppleWebKit/537.36 (KHTML, like Gecko) Chrome/103.0.5060.134 Safari/537.36"
40.94.96.47 - - [01/May/2024:04:53:17 +0000] "GET /assets/img/service/4.jpg HTTP/1.1" 200 13530 "http://htc.triohotels.in/index.php" "Mozilla/5.0 (Windows NT 10.0; Win64; x64) AppleWebKit/537.36 (KHTML, like Gecko) Chrome/103.0.5060.134 Safari/537.36"
40.94.96.88 - - [01/May/2024:04:53:17 +0000] "GET /assets/img/service/5.jpg HTTP/1.1" 200 20035 "http://htc.triohotels.in/index.php" "Mozilla/5.0 (Windows NT 10.0; Win64; x64) AppleWebKit/537.36 (KHTML, like Gecko) Chrome/103.0.5060.134 Safari/537.36"
104.211.181.215 - - [01/May/2024:04:53:18 +0000] "GET /assets/css/meanmenu.css HTTP/1.1" 200 922 "http://htc.triohotels.in/index.php" "Mozilla/5.0 (Windows NT 10.0; Win64; x64) AppleWebKit/537.36 (KHTML, like Gecko) Chrome/101.0.4951.67 Safari/537.36"
104.211.181.215 - - [01/May/2024:04:53:18 +0000] "GET /assets/css/bootstrap.css HTTP/1.1" 200 23912 "http://htc.triohotels.in/index.php" "Mozilla/5.0 (Windows NT 10.0; Win64; x64) AppleWebKit/537.36 (KHTML, like Gecko) Chrome/101.0.4951.67 Safari/537.36"
104.211.181.215 - - [01/May/2024:04:53:18 +0000] "GET /assets/css/animate.min.css HTTP/1.1" 200 5008 "http://htc.triohotels.in/index.php" "Mozilla/5.0 (Windows NT 10.0; Win64; x64) AppleWebKit/537.36 (KHTML, like Gecko) Chrome/101.0.4951.67 Safari/537.36"
104.211.181.215 - - [01/May/2024:04:53:18 +0000] "GET /assets/css/swiper-bundle.css HTTP/1.1" 200 4417 "http://htc.triohotels.in/index.php" "Mozilla/5.0 (Windows NT 10.0; Win64; x64) AppleWebKit/537.36 (KHTML, like Gecko) Chrome/101.0.4951.67 Safari/537.36"
104.211.181.215 - - [01/May/2024:04:53:18 +0000] "GET /assets/css/slick.css HTTP/1.1" 200 581 "http://htc.triohotels.in/index.php" "Mozilla/5.0 (Windows NT 10.0; Win64; x64) AppleWebKit/537.36 (KHTML, like Gecko) Chrome/101.0.4951.67 Safari/537.36"
104.211.181.215 - - [01/May/2024:04:53:18 +0000] "GET /assets/css/nouislider.css HTTP/1.1" 200 1598 "http://htc.triohotels.in/index.php" "Mozilla/5.0 (Windows NT 10.0; Win64; x64) AppleWebKit/537.36 (KHTML, like Gecko) Chrome/101.0.4951.67 Safari/537.36"
40.94.96.65 - - [01/May/2024:04:53:18 +0000] "GET /assets/img/bg/award.jpg HTTP/1.1" 200 50087 "http://htc.triohotels.in/index.php" "Mozilla/5.0 (Windows NT 10.0; Win64; x64) AppleWebKit/537.36 (KHTML, like Gecko) Chrome/103.0.5060.134 Safari/537.36"
104.211.181.215 - - [01/May/2024:04:53:18 +0000] "GET /assets/css/jquery-ui.min.css HTTP/1.1" 200 7619 "http://htc.triohotels.in/index.php" "Mozilla/5.0 (Windows NT 10.0; Win64; x64) AppleWebKit/537.36 (KHTML, like Gecko) Chrome/101.0.4951.67 Safari/537.36"
104.211.181.215 - - [01/May/2024:04:53:18 +0000] "GET /assets/css/backtotop.css HTTP/1.1" 200 504 "http://htc.triohotels.in/index.php" "Mozilla/5.0 (Windows NT 10.0; Win64; x64) AppleWebKit/537.36 (KHTML, like Gecko) Chrome/101.0.4951.67 Safari/537.36"
104.211.181.215 - - [01/May/2024:04:53:18 +0000] "GET /assets/css/magnific-popup.css HTTP/1.1" 200 1828 "http://htc.triohotels.in/index.php" "Mozilla/5.0 (Windows NT 10.0; Win64; x64) AppleWebKit/537.36 (KHTML, like Gecko) Chrome/101.0.4951.67 Safari/537.36"
104.211.181.215 - - [01/May/2024:04:53:18 +0000] "GET /assets/css/nice-select.css HTTP/1.1" 200 964 "http://htc.triohotels.in/index.php" "Mozilla/5.0 (Windows NT 10.0; Win64; x64) AppleWebKit/537.36 (KHTML, like Gecko) Chrome/101.0.4951.67 Safari/537.36"
104.211.181.215 - - [01/May/2024:04:53:18 +0000] "GET /assets/css/flaticon_royel.css HTTP/1.1" 200 565 "http://htc.triohotels.in/index.php" "Mozilla/5.0 (Windows NT 10.0; Win64; x64) AppleWebKit/537.36 (KHTML, like Gecko) Chrome/101.0.4951.67 Safari/537.36"
104.211.181.215 - - [01/May/2024:04:53:18 +0000] "GET /assets/css/font-awesome-pro.css HTTP/1.1" 200 77984 "http://htc.triohotels.in/index.php" "Mozilla/5.0 (Windows NT 10.0; Win64; x64) AppleWebKit/537.36 (KHTML, like Gecko) Chrome/101.0.4951.67 Safari/537.36"
104.211.181.215 - - [01/May/2024:04:53:18 +0000] "GET /assets/css/spacing.css HTTP/1.1" 200 2142 "http://htc.triohotels.in/index.php" "Mozilla/5.0 (Windows NT 10.0; Win64; x64) AppleWebKit/537.36 (KHTML, like Gecko) Chrome/101.0.4951.67 Safari/537.36"
104.211.181.215 - - [01/May/2024:04:53:18 +0000] "GET /assets/css/main.css HTTP/1.1" 200 28223 "http://htc.triohotels.in/index.php" "Mozilla/5.0 (Windows NT 10.0; Win64; x64) AppleWebKit/537.36 (KHTML, like Gecko) Chrome/101.0.4951.67 Safari/537.36"
104.211.181.215 - - [01/May/2024:04:53:18 +0000] "GET /assets/img/logo/logo.png HTTP/1.1" 200 5232 "http://htc.triohotels.in/index.php" "Mozilla/5.0 (Windows NT 10.0; Win64; x64) AppleWebKit/537.36 (KHTML, like Gecko) Chrome/101.0.4951.67 Safari/537.36"
104.211.181.215 - - [01/May/2024:04:53:18 +0000] "GET /assets/img/logo/preloader.png HTTP/1.1" 200 5035 "http://htc.triohotels.in/index.php" "Mozilla/5.0 (Windows NT 10.0; Win64; x64) AppleWebKit/537.36 (KHTML, like Gecko) Chrome/101.0.4951.67 Safari/537.36"
104.211.181.215 - - [01/May/2024:04:53:18 +0000] "GET /assets/img/breadcrumb/breadcrumb-bg.png HTTP/1.1" 200 30442 "http://htc.triohotels.in/booking-form.php" "Mozilla/5.0 (Windows NT 10.0; Win64; x64) AppleWebKit/537.36 (KHTML, like Gecko) Chrome/101.0.4951.67 Safari/537.36"
104.211.181.215 - - [01/May/2024:04:53:19 +0000] "GET /assets/img/bg/welcome-bg-2.jpg HTTP/1.1" 200 178579 "http://htc.triohotels.in/index.php" "Mozilla/5.0 (Windows NT 10.0; Win64; x64) AppleWebKit/537.36 (KHTML, like Gecko) Chrome/101.0.4951.67 Safari/537.36"
104.211.181.215 - - [01/May/2024:04:53:20 +0000] "GET /assets/img/bg/room-view.jpg HTTP/1.1" 200 1975874 "http://htc.triohotels.in/index.php" "Mozilla/5.0 (Windows NT 10.0; Win64; x64) AppleWebKit/537.36 (KHTML, like Gecko) Chrome/101.0.4951.67 Safari/537.36"
104.211.181.215 - - [01/May/2024:04:53:20 +0000] "GET /assets/js/vendor/jquery.js HTTP/1.1" 200 30960 "http://htc.triohotels.in/booking-form.php" "Mozilla/5.0 (Windows NT 10.0; Win64; x64) AppleWebKit/537.36 (KHTML, like Gecko) Chrome/101.0.4951.67 Safari/537.36"
104.211.181.215 - - [01/May/2024:04:53:21 +0000] "GET /assets/js/meanmenu.js HTTP/1.1" 200 3455 "http://htc.triohotels.in/index.php" "Mozilla/5.0 (Windows NT 10.0; Win64; x64) AppleWebKit/537.36 (KHTML, like Gecko) Chrome/101.0.4951.67 Safari/537.36"
