122.162.150.38 - - [17/Aug/2024:09:18:46 +0000] "GET /assets/fonts/fa-solid-900.woff2 HTTP/1.1" 200 303544 "http://htc.triohotels.in/assets/css/font-awesome-pro.css" "Mozilla/5.0 (Windows NT 10.0; Win64; x64) AppleWebKit/537.36 (KHTML, like Gecko) Chrome/127.0.0.0 Safari/537.36"
122.162.150.38 - - [17/Aug/2024:09:18:46 +0000] "GET /assets/img/gallery/parking.jpg HTTP/1.1" 200 604310 "http://htc.triohotels.in/" "Mozilla/5.0 (Windows NT 10.0; Win64; x64) AppleWebKit/537.36 (KHTML, like Gecko) Chrome/127.0.0.0 Safari/537.36"
122.162.150.38 - - [17/Aug/2024:09:18:46 +0000] "GET /assets/fonts/flaticon_royel.ttf?6a84a3bb1e04c1e7f840bd4df1115600 HTTP/1.1" 200 10412 "http://htc.triohotels.in/assets/css/flaticon_royel.css" "Mozilla/5.0 (Windows NT 10.0; Win64; x64) AppleWebKit/537.36 (KHTML, like Gecko) Chrome/127.0.0.0 Safari/537.36"
122.162.150.38 - - [17/Aug/2024:09:18:46 +0000] "GET /assets/img/gallery/fitness.jpg HTTP/1.1" 200 357710 "http://htc.triohotels.in/" "Mozilla/5.0 (Windows NT 10.0; Win64; x64) AppleWebKit/537.36 (KHTML, like Gecko) Chrome/127.0.0.0 Safari/537.36"
122.162.150.38 - - [17/Aug/2024:09:18:46 +0000] "GET /assets/fonts/fa-brands-400.woff2 HTTP/1.1" 200 104740 "http://htc.triohotels.in/assets/css/font-awesome-pro.css" "Mozilla/5.0 (Windows NT 10.0; Win64; x64) AppleWebKit/537.36 (KHTML, like Gecko) Chrome/127.0.0.0 Safari/537.36"
122.162.150.38 - - [17/Aug/2024:09:18:46 +0000] "GET /assets/img/gallery/business-center.jpg HTTP/1.1" 200 812950 "http://htc.triohotels.in/" "Mozilla/5.0 (Windows NT 10.0; Win64; x64) AppleWebKit/537.36 (KHTML, like Gecko) Chrome/127.0.0.0 Safari/537.36"
122.162.150.38 - - [17/Aug/2024:09:18:46 +0000] "GET /assets/fonts/fa-regular-400.woff2 HTTP/1.1" 200 357732 "http://htc.triohotels.in/assets/css/font-awesome-pro.css" "Mozilla/5.0 (Windows NT 10.0; Win64; x64) AppleWebKit/537.36 (KHTML, like Gecko) Chrome/127.0.0.0 Safari/537.36"
122.162.150.38 - - [17/Aug/2024:09:18:46 +0000] "GET /assets/img/gallery/laundry.jpg HTTP/1.1" 200 183829 "http://htc.triohotels.in/" "Mozilla/5.0 (Windows NT 10.0; Win64; x64) AppleWebKit/537.36 (KHTML, like Gecko) Chrome/127.0.0.0 Safari/537.36"
122.162.150.38 - - [17/Aug/2024:09:18:46 +0000] "GET /assets/img/room/2.jpg HTTP/1.1" 200 72014 "http://htc.triohotels.in/" "Mozilla/5.0 (Windows NT 10.0; Win64; x64) AppleWebKit/537.36 (KHTML, like Gecko) Chrome/127.0.0.0 Safari/537.36"
122.162.150.38 - - [17/Aug/2024:09:18:46 +0000] "GET /assets/fonts/fa-light-300.woff2 HTTP/1.1" 200 392136 "http://htc.triohotels.in/assets/css/font-awesome-pro.css" "Mozilla/5.0 (Windows NT 10.0; Win64; x64) AppleWebKit/537.36 (KHTML, like Gecko) Chrome/127.0.0.0 Safari/537.36"
122.162.150.38 - - [17/Aug/2024:09:18:46 +0000] "GET /assets/img/testimonials/user-1.jpg HTTP/1.1" 200 83743 "http://htc.triohotels.in/" "Mozilla/5.0 (Windows NT 10.0; Win64; x64) AppleWebKit/537.36 (KHTML, like Gecko) Chrome/127.0.0.0 Safari/537.36"
122.162.150.38 - - [17/Aug/2024:09:18:46 +0000] "GET /assets/img/room/3.jpg HTTP/1.1" 200 61648 "http://htc.triohotels.in/" "Mozilla/5.0 (Windows NT 10.0; Win64; x64) AppleWebKit/537.36 (KHTML, like Gecko) Chrome/127.0.0.0 Safari/537.36"
122.162.150.38 - - [17/Aug/2024:09:18:46 +0000] "GET /assets/fonts/fa-thin-100.woff2 HTTP/1.1" 200 426420 "http://htc.triohotels.in/assets/css/font-awesome-pro.css" "Mozilla/5.0 (Windows NT 10.0; Win64; x64) AppleWebKit/537.36 (KHTML, like Gecko) Chrome/127.0.0.0 Safari/537.36"
122.162.150.38 - - [17/Aug/2024:09:18:46 +0000] "GET /assets/img/testimonials/user-2.jpg HTTP/1.1" 200 99210 "http://htc.triohotels.in/" "Mozilla/5.0 (Windows NT 10.0; Win64; x64) AppleWebKit/537.36 (KHTML, like Gecko) Chrome/127.0.0.0 Safari/537.36"
122.162.150.38 - - [17/Aug/2024:09:18:46 +0000] "GET /assets/img/room/1.jpg HTTP/1.1" 200 232239 "http://htc.triohotels.in/" "Mozilla/5.0 (Windows NT 10.0; Win64; x64) AppleWebKit/537.36 (KHTML, like Gecko) Chrome/127.0.0.0 Safari/537.36"
122.162.150.38 - - [17/Aug/2024:09:18:46 +0000] "GET /assets/img/testimonials/user-3.jpg HTTP/1.1" 200 1121 "http://htc.triohotels.in/" "Mozilla/5.0 (Windows NT 10.0; Win64; x64) AppleWebKit/537.36 (KHTML, like Gecko) Chrome/127.0.0.0 Safari/537.36"
122.162.150.38 - - [17/Aug/2024:09:18:46 +0000] "GET /assets/img/gallery/main-1.jpg HTTP/1.1" 200 62173 "http://htc.triohotels.in/" "Mozilla/5.0 (Windows NT 10.0; Win64; x64) AppleWebKit/537.36 (KHTML, like Gecko) Chrome/127.0.0.0 Safari/537.36"
122.162.150.38 - - [17/Aug/2024:09:18:46 +0000] "GET /assets/img/gallery/main-4.jpg HTTP/1.1" 200 52426 "http://htc.triohotels.in/" "Mozilla/5.0 (Windows NT 10.0; Win64; x64) AppleWebKit/537.36 (KHTML, like Gecko) Chrome/127.0.0.0 Safari/537.36"
122.162.150.38 - - [17/Aug/2024:09:18:46 +0000] "GET /assets/img/gallery/main-2.jpg HTTP/1.1" 200 26483 "http://htc.triohotels.in/" "Mozilla/5.0 (Windows NT 10.0; Win64; x64) AppleWebKit/537.36 (KHTML, like Gecko) Chrome/127.0.0.0 Safari/537.36"
122.162.150.38 - - [17/Aug/2024:09:18:46 +0000] "GET /assets/img/gallery/main-6.jpg HTTP/1.1" 200 24823 "http://htc.triohotels.in/" "Mozilla/5.0 (Windows NT 10.0; Win64; x64) AppleWebKit/537.36 (KHTML, like Gecko) Chrome/127.0.0.0 Safari/537.36"
122.162.150.38 - - [17/Aug/2024:09:18:46 +0000] "GET /assets/img/gallery/main-5.jpg HTTP/1.1" 200 28004 "http://htc.triohotels.in/" "Mozilla/5.0 (Windows NT 10.0; Win64; x64) AppleWebKit/537.36 (KHTML, like Gecko) Chrome/127.0.0.0 Safari/537.36"
122.162.150.38 - - [17/Aug/2024:09:18:46 +0000] "GET /assets/img/gallery/main-9.jpg HTTP/1.1" 200 61265 "http://htc.triohotels.in/" "Mozilla/5.0 (Windows NT 10.0; Win64; x64) AppleWebKit/537.36 (KHTML, like Gecko) Chrome/127.0.0.0 Safari/537.36"
122.162.150.38 - - [17/Aug/2024:09:18:46 +0000] "GET /assets/img/gallery/main-15.jpg HTTP/1.1" 404 196 "http://htc.triohotels.in/" "Mozilla/5.0 (Windows NT 10.0; Win64; x64) AppleWebKit/537.36 (KHTML, like Gecko) Chrome/127.0.0.0 Safari/537.36"
122.162.150.38 - - [17/Aug/2024:09:18:46 +0000] "GET /assets/img/gallery/main-19.jpg HTTP/1.1" 200 24939 "http://htc.triohotels.in/" "Mozilla/5.0 (Windows NT 10.0; Win64; x64) AppleWebKit/537.36 (KHTML, like Gecko) Chrome/127.0.0.0 Safari/537.36"
122.162.150.38 - - [17/Aug/2024:09:18:46 +0000] "GET /assets/img/gallery/main-10.jpg HTTP/1.1" 200 55669 "http://htc.triohotels.in/" "Mozilla/5.0 (Windows NT 10.0; Win64; x64) AppleWebKit/537.36 (KHTML, like Gecko) Chrome/127.0.0.0 Safari/537.36"
122.162.150.38 - - [17/Aug/2024:09:18:46 +0000] "GET /assets/img/service/1.jpg HTTP/1.1" 200 33558 "http://htc.triohotels.in/" "Mozilla/5.0 (Windows NT 10.0; Win64; x64) AppleWebKit/537.36 (KHTML, like Gecko) Chrome/127.0.0.0 Safari/537.36"
122.162.150.38 - - [17/Aug/2024:09:18:46 +0000] "GET /assets/img/service/3.jpg HTTP/1.1" 200 31907 "http://htc.triohotels.in/" "Mozilla/5.0 (Windows NT 10.0; Win64; x64) AppleWebKit/537.36 (KHTML, like Gecko) Chrome/127.0.0.0 Safari/537.36"
122.162.150.38 - - [17/Aug/2024:09:18:46 +0000] "GET /assets/img/service/5.jpg HTTP/1.1" 200 20035 "http://htc.triohotels.in/" "Mozilla/5.0 (Windows NT 10.0; Win64; x64) AppleWebKit/537.36 (KHTML, like Gecko) Chrome/127.0.0.0 Safari/537.36"
122.162.150.38 - - [17/Aug/2024:09:18:46 +0000] "GET /assets/img/service/2.jpg HTTP/1.1" 200 28651 "http://htc.triohotels.in/" "Mozilla/5.0 (Windows NT 10.0; Win64; x64) AppleWebKit/537.36 (KHTML, like Gecko) Chrome/127.0.0.0 Safari/537.36"
122.162.150.38 - - [17/Aug/2024:09:18:46 +0000] "GET /assets/img/service/4.jpg HTTP/1.1" 200 13530 "http://htc.triohotels.in/" "Mozilla/5.0 (Windows NT 10.0; Win64; x64) AppleWebKit/537.36 (KHTML, like Gecko) Chrome/127.0.0.0 Safari/537.36"
122.162.150.38 - - [17/Aug/2024:09:18:46 +0000] "GET /assets/img/bg/award.jpg HTTP/1.1" 200 50087 "http://htc.triohotels.in/" "Mozilla/5.0 (Windows NT 10.0; Win64; x64) AppleWebKit/537.36 (KHTML, like Gecko) Chrome/127.0.0.0 Safari/537.36"
122.162.150.38 - - [17/Aug/2024:09:18:46 +0000] "GET /assets/img/bg/bd-room.jpg HTTP/1.1" 200 502774 "http://htc.triohotels.in/" "Mozilla/5.0 (Windows NT 10.0; Win64; x64) AppleWebKit/537.36 (KHTML, like Gecko) Chrome/127.0.0.0 Safari/537.36"
122.162.150.38 - - [17/Aug/2024:09:18:46 +0000] "GET /assets/img/logo/favicon.png HTTP/1.1" 200 2011 "http://htc.triohotels.in/" "Mozilla/5.0 (Windows NT 10.0; Win64; x64) AppleWebKit/537.36 (KHTML, like Gecko) Chrome/127.0.0.0 Safari/537.36"
158.69.227.165 - - [17/Aug/2024:09:21:34 +0000] "GET /.well-known/acme-challenge/2b3972e58836d0114f021989b2e1f935key HTTP/1.0" 200 33 "-" "-"
158.69.227.165 - - [17/Aug/2024:09:21:40 +0000] "GET /.well-known/acme-challenge/a0e9e4935f7b8f8c2560a4b2f1abf614key HTTP/1.0" 200 33 "-" "-"
23.178.112.216 - - [17/Aug/2024:09:21:48 +0000] "GET /.well-known/acme-challenge/11IkAtO4GKgfTUGk_O5JRj4NZDUvKTiXYC_GP8tZ3xw HTTP/1.1" 200 87 "-" "Mozilla/5.0 (compatible; Let's Encrypt validation server; +https://www.letsencrypt.org)"
13.215.156.83 - - [17/Aug/2024:09:21:48 +0000] "GET /.well-known/acme-challenge/11IkAtO4GKgfTUGk_O5JRj4NZDUvKTiXYC_GP8tZ3xw HTTP/1.1" 200 87 "-" "Mozilla/5.0 (compatible; Let's Encrypt validation server; +https://www.letsencrypt.org)"
13.50.13.61 - - [17/Aug/2024:09:21:48 +0000] "GET /.well-known/acme-challenge/11IkAtO4GKgfTUGk_O5JRj4NZDUvKTiXYC_GP8tZ3xw HTTP/1.1" 200 87 "-" "Mozilla/5.0 (compatible; Let's Encrypt validation server; +https://www.letsencrypt.org)"
3.14.135.225 - - [17/Aug/2024:09:21:48 +0000] "GET /.well-known/acme-challenge/11IkAtO4GKgfTUGk_O5JRj4NZDUvKTiXYC_GP8tZ3xw HTTP/1.1" 200 87 "-" "Mozilla/5.0 (compatible; Let's Encrypt validation server; +https://www.letsencrypt.org)"
35.161.20.188 - - [17/Aug/2024:09:21:49 +0000] "GET /.well-known/acme-challenge/11IkAtO4GKgfTUGk_O5JRj4NZDUvKTiXYC_GP8tZ3xw HTTP/1.1" 200 87 "-" "Mozilla/5.0 (compatible; Let's Encrypt validation server; +https://www.letsencrypt.org)"
152.58.93.133 - - [17/Aug/2024:09:22:03 +0000] "GET / HTTP/1.1" 200 7475 "-" "Mozilla/5.0 (Windows NT 10.0; Win64; x64) AppleWebKit/537.36 (KHTML, like Gecko) Chrome/127.0.0.0 Safari/537.36"
152.58.93.133 - - [17/Aug/2024:09:22:03 +0000] "GET /assets/img/gallery/main-15.jpg HTTP/1.1" 404 196 "http://htc.triohotels.in/" "Mozilla/5.0 (Windows NT 10.0; Win64; x64) AppleWebKit/537.36 (KHTML, like Gecko) Chrome/127.0.0.0 Safari/537.36"
152.58.93.133 - - [17/Aug/2024:09:22:05 +0000] "GET / HTTP/1.1" 200 7475 "-" "Mozilla/5.0 (Windows NT 10.0; Win64; x64) AppleWebKit/537.36 (KHTML, like Gecko) Chrome/127.0.0.0 Safari/537.36"
152.58.93.133 - - [17/Aug/2024:09:22:05 +0000] "GET /assets/css/bootstrap.css HTTP/1.1" 200 23912 "https://htc.triohotels.in/" "Mozilla/5.0 (Windows NT 10.0; Win64; x64) AppleWebKit/537.36 (KHTML, like Gecko) Chrome/127.0.0.0 Safari/537.36"
152.58.93.133 - - [17/Aug/2024:09:22:05 +0000] "GET /assets/css/meanmenu.css HTTP/1.1" 200 922 "https://htc.triohotels.in/" "Mozilla/5.0 (Windows NT 10.0; Win64; x64) AppleWebKit/537.36 (KHTML, like Gecko) Chrome/127.0.0.0 Safari/537.36"
152.58.93.133 - - [17/Aug/2024:09:22:05 +0000] "GET /assets/css/animate.min.css HTTP/1.1" 200 5008 "https://htc.triohotels.in/" "Mozilla/5.0 (Windows NT 10.0; Win64; x64) AppleWebKit/537.36 (KHTML, like Gecko) Chrome/127.0.0.0 Safari/537.36"
152.58.93.133 - - [17/Aug/2024:09:22:05 +0000] "GET /assets/css/nouislider.css HTTP/1.1" 200 1598 "https://htc.triohotels.in/" "Mozilla/5.0 (Windows NT 10.0; Win64; x64) AppleWebKit/537.36 (KHTML, like Gecko) Chrome/127.0.0.0 Safari/537.36"
152.58.93.133 - - [17/Aug/2024:09:22:05 +0000] "GET /assets/css/swiper-bundle.css HTTP/1.1" 200 4417 "https://htc.triohotels.in/" "Mozilla/5.0 (Windows NT 10.0; Win64; x64) AppleWebKit/537.36 (KHTML, like Gecko) Chrome/127.0.0.0 Safari/537.36"
152.58.93.133 - - [17/Aug/2024:09:22:05 +0000] "GET /assets/css/slick.css HTTP/1.1" 200 581 "https://htc.triohotels.in/" "Mozilla/5.0 (Windows NT 10.0; Win64; x64) AppleWebKit/537.36 (KHTML, like Gecko) Chrome/127.0.0.0 Safari/537.36"
152.58.93.133 - - [17/Aug/2024:09:22:05 +0000] "GET /assets/css/jquery-ui.min.css HTTP/1.1" 200 7619 "https://htc.triohotels.in/" "Mozilla/5.0 (Windows NT 10.0; Win64; x64) AppleWebKit/537.36 (KHTML, like Gecko) Chrome/127.0.0.0 Safari/537.36"
152.58.93.133 - - [17/Aug/2024:09:22:05 +0000] "GET /assets/css/backtotop.css HTTP/1.1" 200 504 "https://htc.triohotels.in/" "Mozilla/5.0 (Windows NT 10.0; Win64; x64) AppleWebKit/537.36 (KHTML, like Gecko) Chrome/127.0.0.0 Safari/537.36"
152.58.93.133 - - [17/Aug/2024:09:22:05 +0000] "GET /assets/css/magnific-popup.css HTTP/1.1" 200 1828 "https://htc.triohotels.in/" "Mozilla/5.0 (Windows NT 10.0; Win64; x64) AppleWebKit/537.36 (KHTML, like Gecko) Chrome/127.0.0.0 Safari/537.36"
152.58.93.133 - - [17/Aug/2024:09:22:05 +0000] "GET /assets/css/nice-select.css HTTP/1.1" 200 964 "https://htc.triohotels.in/" "Mozilla/5.0 (Windows NT 10.0; Win64; x64) AppleWebKit/537.36 (KHTML, like Gecko) Chrome/127.0.0.0 Safari/537.36"
152.58.93.133 - - [17/Aug/2024:09:22:05 +0000] "GET /assets/css/flaticon_royel.css HTTP/1.1" 200 565 "https://htc.triohotels.in/" "Mozilla/5.0 (Windows NT 10.0; Win64; x64) AppleWebKit/537.36 (KHTML, like Gecko) Chrome/127.0.0.0 Safari/537.36"
152.58.93.133 - - [17/Aug/2024:09:22:05 +0000] "GET /assets/css/spacing.css HTTP/1.1" 200 2142 "https://htc.triohotels.in/" "Mozilla/5.0 (Windows NT 10.0; Win64; x64) AppleWebKit/537.36 (KHTML, like Gecko) Chrome/127.0.0.0 Safari/537.36"
152.58.93.133 - - [17/Aug/2024:09:22:05 +0000] "GET /assets/css/main.css HTTP/1.1" 200 28223 "https://htc.triohotels.in/" "Mozilla/5.0 (Windows NT 10.0; Win64; x64) AppleWebKit/537.36 (KHTML, like Gecko) Chrome/127.0.0.0 Safari/537.36"
152.58.93.133 - - [17/Aug/2024:09:22:05 +0000] "GET /assets/img/logo/preloader.png HTTP/1.1" 200 5035 "https://htc.triohotels.in/" "Mozilla/5.0 (Windows NT 10.0; Win64; x64) AppleWebKit/537.36 (KHTML, like Gecko) Chrome/127.0.0.0 Safari/537.36"
152.58.93.133 - - [17/Aug/2024:09:22:05 +0000] "GET /assets/img/logo/logo.png HTTP/1.1" 200 5232 "https://htc.triohotels.in/" "Mozilla/5.0 (Windows NT 10.0; Win64; x64) AppleWebKit/537.36 (KHTML, like Gecko) Chrome/127.0.0.0 Safari/537.36"
173.236.217.113 - - [17/Aug/2024:09:22:05 +0000] "HEAD / HTTP/1.1" 200 0 "-" "-"
152.58.93.133 - - [17/Aug/2024:09:22:05 +0000] "GET /assets/css/font-awesome-pro.css HTTP/1.1" 200 77984 "https://htc.triohotels.in/" "Mozilla/5.0 (Windows NT 10.0; Win64; x64) AppleWebKit/537.36 (KHTML, like Gecko) Chrome/127.0.0.0 Safari/537.36"
152.58.93.133 - - [17/Aug/2024:09:22:06 +0000] "GET /assets/img/bg/welcome-bg-2.jpg HTTP/1.1" 200 178579 "https://htc.triohotels.in/" "Mozilla/5.0 (Windows NT 10.0; Win64; x64) AppleWebKit/537.36 (KHTML, like Gecko) Chrome/127.0.0.0 Safari/537.36"
152.58.93.133 - - [17/Aug/2024:09:22:06 +0000] "GET /assets/js/meanmenu.js HTTP/1.1" 200 3455 "https://htc.triohotels.in/" "Mozilla/5.0 (Windows NT 10.0; Win64; x64) AppleWebKit/537.36 (KHTML, like Gecko) Chrome/127.0.0.0 Safari/537.36"
152.58.93.133 - - [17/Aug/2024:09:22:06 +0000] "GET /assets/js/vendor/jquery.js HTTP/1.1" 200 30960 "https://htc.triohotels.in/" "Mozilla/5.0 (Windows NT 10.0; Win64; x64) AppleWebKit/537.36 (KHTML, like Gecko) Chrome/127.0.0.0 Safari/537.36"
152.58.93.133 - - [17/Aug/2024:09:22:06 +0000] "GET /assets/js/bootstrap-bundle.js HTTP/1.1" 200 23028 "https://htc.triohotels.in/" "Mozilla/5.0 (Windows NT 10.0; Win64; x64) AppleWebKit/537.36 (KHTML, like Gecko) Chrome/127.0.0.0 Safari/537.36"
152.58.93.133 - - [17/Aug/2024:09:22:06 +0000] "GET /assets/js/swiper-bundle.js HTTP/1.1" 200 37648 "https://htc.triohotels.in/" "Mozilla/5.0 (Windows NT 10.0; Win64; x64) AppleWebKit/537.36 (KHTML, like Gecko) Chrome/127.0.0.0 Safari/537.36"
152.58.93.133 - - [17/Aug/2024:09:22:06 +0000] "GET /assets/img/bg/welcome-bg-3.jpg HTTP/1.1" 200 168597 "https://htc.triohotels.in/" "Mozilla/5.0 (Windows NT 10.0; Win64; x64) AppleWebKit/537.36 (KHTML, like Gecko) Chrome/127.0.0.0 Safari/537.36"
152.58.93.133 - - [17/Aug/2024:09:22:06 +0000] "GET /assets/fonts/flaticon_royel.ttf?6a84a3bb1e04c1e7f840bd4df1115600 HTTP/1.1" 200 10412 "https://htc.triohotels.in/assets/css/flaticon_royel.css" "Mozilla/5.0 (Windows NT 10.0; Win64; x64) AppleWebKit/537.36 (KHTML, like Gecko) Chrome/127.0.0.0 Safari/537.36"
152.58.93.133 - - [17/Aug/2024:09:22:06 +0000] "GET /assets/fonts/fa-solid-900.woff2 HTTP/1.1" 200 303544 "https://htc.triohotels.in/assets/css/font-awesome-pro.css" "Mozilla/5.0 (Windows NT 10.0; Win64; x64) AppleWebKit/537.36 (KHTML, like Gecko) Chrome/127.0.0.0 Safari/537.36"
152.58.93.133 - - [17/Aug/2024:09:22:06 +0000] "GET /assets/fonts/fa-brands-400.woff2 HTTP/1.1" 200 104740 "https://htc.triohotels.in/assets/css/font-awesome-pro.css" "Mozilla/5.0 (Windows NT 10.0; Win64; x64) AppleWebKit/537.36 (KHTML, like Gecko) Chrome/127.0.0.0 Safari/537.36"
152.58.93.133 - - [17/Aug/2024:09:22:06 +0000] "GET /assets/fonts/fa-light-300.woff2 HTTP/1.1" 200 392136 "https://htc.triohotels.in/assets/css/font-awesome-pro.css" "Mozilla/5.0 (Windows NT 10.0; Win64; x64) AppleWebKit/537.36 (KHTML, like Gecko) Chrome/127.0.0.0 Safari/537.36"
152.58.93.133 - - [17/Aug/2024:09:22:07 +0000] "GET /assets/js/slick.js HTTP/1.1" 200 11319 "https://htc.triohotels.in/" "Mozilla/5.0 (Windows NT 10.0; Win64; x64) AppleWebKit/537.36 (KHTML, like Gecko) Chrome/127.0.0.0 Safari/537.36"
152.58.93.133 - - [17/Aug/2024:09:22:07 +0000] "GET /assets/js/magnific-popup.js HTTP/1.1" 200 7359 "https://htc.triohotels.in/" "Mozilla/5.0 (Windows NT 10.0; Win64; x64) AppleWebKit/537.36 (KHTML, like Gecko) Chrome/127.0.0.0 Safari/537.36"
152.58.93.133 - - [17/Aug/2024:09:22:07 +0000] "GET /assets/js/nice-select.js HTTP/1.1" 200 1048 "https://htc.triohotels.in/" "Mozilla/5.0 (Windows NT 10.0; Win64; x64) AppleWebKit/537.36 (KHTML, like Gecko) Chrome/127.0.0.0 Safari/537.36"
152.58.93.133 - - [17/Aug/2024:09:22:07 +0000] "GET /assets/js/backtotop.js HTTP/1.1" 200 459 "https://htc.triohotels.in/" "Mozilla/5.0 (Windows NT 10.0; Win64; x64) AppleWebKit/537.36 (KHTML, like Gecko) Chrome/127.0.0.0 Safari/537.36"
152.58.93.133 - - [17/Aug/2024:09:22:07 +0000] "GET /assets/js/sidebar.js HTTP/1.1" 200 507 "https://htc.triohotels.in/" "Mozilla/5.0 (Windows NT 10.0; Win64; x64) AppleWebKit/537.36 (KHTML, like Gecko) Chrome/127.0.0.0 Safari/537.36"
152.58.93.133 - - [17/Aug/2024:09:22:07 +0000] "GET /assets/js/isotope-pkgd.js HTTP/1.1" 200 9876 "https://htc.triohotels.in/" "Mozilla/5.0 (Windows NT 10.0; Win64; x64) AppleWebKit/537.36 (KHTML, like Gecko) Chrome/127.0.0.0 Safari/537.36"
152.58.93.133 - - [17/Aug/2024:09:22:07 +0000] "GET /assets/js/imagesloaded-pkgd.js HTTP/1.1" 200 1822 "https://htc.triohotels.in/" "Mozilla/5.0 (Windows NT 10.0; Win64; x64) AppleWebKit/537.36 (KHTML, like Gecko) Chrome/127.0.0.0 Safari/537.36"
152.58.93.133 - - [17/Aug/2024:09:22:07 +0000] "GET /assets/js/ajax-form.js HTTP/1.1" 200 516 "https://htc.triohotels.in/" "Mozilla/5.0 (Windows NT 10.0; Win64; x64) AppleWebKit/537.36 (KHTML, like Gecko) Chrome/127.0.0.0 Safari/537.36"
152.58.93.133 - - [17/Aug/2024:09:22:07 +0000] "GET /assets/fonts/fa-thin-100.woff2 HTTP/1.1" 200 426420 "https://htc.triohotels.in/assets/css/font-awesome-pro.css" "Mozilla/5.0 (Windows NT 10.0; Win64; x64) AppleWebKit/537.36 (KHTML, like Gecko) Chrome/127.0.0.0 Safari/537.36"
152.58.93.133 - - [17/Aug/2024:09:22:07 +0000] "GET /assets/js/jquery-ui.min.js HTTP/1.1" 200 67610 "https://htc.triohotels.in/" "Mozilla/5.0 (Windows NT 10.0; Win64; x64) AppleWebKit/537.36 (KHTML, like Gecko) Chrome/127.0.0.0 Safari/537.36"
152.58.93.133 - - [17/Aug/2024:09:22:07 +0000] "GET /assets/js/settings.js HTTP/1.1" 200 2225 "https://htc.triohotels.in/" "Mozilla/5.0 (Windows NT 10.0; Win64; x64) AppleWebKit/537.36 (KHTML, like Gecko) Chrome/127.0.0.0 Safari/537.36"
152.58.93.133 - - [17/Aug/2024:09:22:07 +0000] "GET /assets/js/wow.min.js HTTP/1.1" 200 2837 "https://htc.triohotels.in/" "Mozilla/5.0 (Windows NT 10.0; Win64; x64) AppleWebKit/537.36 (KHTML, like Gecko) Chrome/127.0.0.0 Safari/537.36"
152.58.93.133 - - [17/Aug/2024:09:22:07 +0000] "GET /assets/js/main.js HTTP/1.1" 200 4360 "https://htc.triohotels.in/" "Mozilla/5.0 (Windows NT 10.0; Win64; x64) AppleWebKit/537.36 (KHTML, like Gecko) Chrome/127.0.0.0 Safari/537.36"
152.58.93.133 - - [17/Aug/2024:09:22:07 +0000] "GET /assets/img/gallery/pool.jpg HTTP/1.1" 200 319047 "https://htc.triohotels.in/" "Mozilla/5.0 (Windows NT 10.0; Win64; x64) AppleWebKit/537.36 (KHTML, like Gecko) Chrome/127.0.0.0 Safari/537.36"
152.58.93.133 - - [17/Aug/2024:09:22:07 +0000] "GET /assets/img/bg/room-view.jpg HTTP/1.1" 200 1975883 "https://htc.triohotels.in/" "Mozilla/5.0 (Windows NT 10.0; Win64; x64) AppleWebKit/537.36 (KHTML, like Gecko) Chrome/127.0.0.0 Safari/537.36"
152.58.93.133 - - [17/Aug/2024:09:22:07 +0000] "GET /assets/img/gallery/help-desk.jpg HTTP/1.1" 200 386084 "https://htc.triohotels.in/" "Mozilla/5.0 (Windows NT 10.0; Win64; x64) AppleWebKit/537.36 (KHTML, like Gecko) Chrome/127.0.0.0 Safari/537.36"
152.58.93.133 - - [17/Aug/2024:09:22:07 +0000] "GET /assets/img/gallery/fitness.jpg HTTP/1.1" 200 357710 "https://htc.triohotels.in/" "Mozilla/5.0 (Windows NT 10.0; Win64; x64) AppleWebKit/537.36 (KHTML, like Gecko) Chrome/127.0.0.0 Safari/537.36"
152.58.93.133 - - [17/Aug/2024:09:22:08 +0000] "GET /assets/img/gallery/laundry.jpg HTTP/1.1" 200 183829 "https://htc.triohotels.in/" "Mozilla/5.0 (Windows NT 10.0; Win64; x64) AppleWebKit/537.36 (KHTML, like Gecko) Chrome/127.0.0.0 Safari/537.36"
152.58.93.133 - - [17/Aug/2024:09:22:08 +0000] "GET /assets/img/gallery/business-center.jpg HTTP/1.1" 200 812967 "https://htc.triohotels.in/" "Mozilla/5.0 (Windows NT 10.0; Win64; x64) AppleWebKit/537.36 (KHTML, like Gecko) Chrome/127.0.0.0 Safari/537.36"
152.58.93.133 - - [17/Aug/2024:09:22:08 +0000] "GET /assets/img/room/1.jpg HTTP/1.1" 200 232239 "https://htc.triohotels.in/" "Mozilla/5.0 (Windows NT 10.0; Win64; x64) AppleWebKit/537.36 (KHTML, like Gecko) Chrome/127.0.0.0 Safari/537.36"
152.58.93.133 - - [17/Aug/2024:09:22:08 +0000] "GET /assets/img/room/2.jpg HTTP/1.1" 200 72014 "https://htc.triohotels.in/" "Mozilla/5.0 (Windows NT 10.0; Win64; x64) AppleWebKit/537.36 (KHTML, like Gecko) Chrome/127.0.0.0 Safari/537.36"
152.58.93.133 - - [17/Aug/2024:09:22:08 +0000] "GET /assets/img/room/3.jpg HTTP/1.1" 200 61648 "https://htc.triohotels.in/" "Mozilla/5.0 (Windows NT 10.0; Win64; x64) AppleWebKit/537.36 (KHTML, like Gecko) Chrome/127.0.0.0 Safari/537.36"
152.58.93.133 - - [17/Aug/2024:09:22:08 +0000] "GET /assets/img/testimonials/user-1.jpg HTTP/1.1" 200 83743 "https://htc.triohotels.in/" "Mozilla/5.0 (Windows NT 10.0; Win64; x64) AppleWebKit/537.36 (KHTML, like Gecko) Chrome/127.0.0.0 Safari/537.36"
152.58.93.133 - - [17/Aug/2024:09:22:08 +0000] "GET /assets/img/testimonials/user-2.jpg HTTP/1.1" 200 99210 "https://htc.triohotels.in/" "Mozilla/5.0 (Windows NT 10.0; Win64; x64) AppleWebKit/537.36 (KHTML, like Gecko) Chrome/127.0.0.0 Safari/537.36"
152.58.93.133 - - [17/Aug/2024:09:22:08 +0000] "GET /assets/img/gallery/parking.jpg HTTP/1.1" 200 604310 "https://htc.triohotels.in/" "Mozilla/5.0 (Windows NT 10.0; Win64; x64) AppleWebKit/537.36 (KHTML, like Gecko) Chrome/127.0.0.0 Safari/537.36"
152.58.93.133 - - [17/Aug/2024:09:22:08 +0000] "GET /assets/fonts/fa-regular-400.woff2 HTTP/1.1" 200 357732 "https://htc.triohotels.in/assets/css/font-awesome-pro.css" "Mozilla/5.0 (Windows NT 10.0; Win64; x64) AppleWebKit/537.36 (KHTML, like Gecko) Chrome/127.0.0.0 Safari/537.36"
152.58.93.133 - - [17/Aug/2024:09:22:08 +0000] "GET /assets/img/testimonials/user-3.jpg HTTP/1.1" 200 1121 "https://htc.triohotels.in/" "Mozilla/5.0 (Windows NT 10.0; Win64; x64) AppleWebKit/537.36 (KHTML, like Gecko) Chrome/127.0.0.0 Safari/537.36"
152.58.93.133 - - [17/Aug/2024:09:22:08 +0000] "GET /assets/img/gallery/main-1.jpg HTTP/1.1" 200 62173 "https://htc.triohotels.in/" "Mozilla/5.0 (Windows NT 10.0; Win64; x64) AppleWebKit/537.36 (KHTML, like Gecko) Chrome/127.0.0.0 Safari/537.36"
152.58.93.133 - - [17/Aug/2024:09:22:08 +0000] "GET /assets/img/gallery/main-2.jpg HTTP/1.1" 200 26483 "https://htc.triohotels.in/" "Mozilla/5.0 (Windows NT 10.0; Win64; x64) AppleWebKit/537.36 (KHTML, like Gecko) Chrome/127.0.0.0 Safari/537.36"
152.58.93.133 - - [17/Aug/2024:09:22:08 +0000] "GET /assets/img/gallery/main-4.jpg HTTP/1.1" 200 52426 "https://htc.triohotels.in/" "Mozilla/5.0 (Windows NT 10.0; Win64; x64) AppleWebKit/537.36 (KHTML, like Gecko) Chrome/127.0.0.0 Safari/537.36"
152.58.93.133 - - [17/Aug/2024:09:22:08 +0000] "GET /assets/img/gallery/main-5.jpg HTTP/1.1" 200 28004 "https://htc.triohotels.in/" "Mozilla/5.0 (Windows NT 10.0; Win64; x64) AppleWebKit/537.36 (KHTML, like Gecko) Chrome/127.0.0.0 Safari/537.36"
152.58.93.133 - - [17/Aug/2024:09:22:08 +0000] "GET /assets/img/gallery/main-6.jpg HTTP/1.1" 200 24823 "https://htc.triohotels.in/" "Mozilla/5.0 (Windows NT 10.0; Win64; x64) AppleWebKit/537.36 (KHTML, like Gecko) Chrome/127.0.0.0 Safari/537.36"
152.58.93.133 - - [17/Aug/2024:09:22:08 +0000] "GET /assets/img/gallery/main-9.jpg HTTP/1.1" 200 61265 "https://htc.triohotels.in/" "Mozilla/5.0 (Windows NT 10.0; Win64; x64) AppleWebKit/537.36 (KHTML, like Gecko) Chrome/127.0.0.0 Safari/537.36"
152.58.93.133 - - [17/Aug/2024:09:22:08 +0000] "GET /assets/img/gallery/main-10.jpg HTTP/1.1" 200 55669 "https://htc.triohotels.in/" "Mozilla/5.0 (Windows NT 10.0; Win64; x64) AppleWebKit/537.36 (KHTML, like Gecko) Chrome/127.0.0.0 Safari/537.36"
152.58.93.133 - - [17/Aug/2024:09:22:08 +0000] "GET /assets/img/gallery/main-15.jpg HTTP/1.1" 404 196 "https://htc.triohotels.in/" "Mozilla/5.0 (Windows NT 10.0; Win64; x64) AppleWebKit/537.36 (KHTML, like Gecko) Chrome/127.0.0.0 Safari/537.36"
152.58.93.133 - - [17/Aug/2024:09:22:08 +0000] "GET /assets/img/gallery/main-19.jpg HTTP/1.1" 200 24939 "https://htc.triohotels.in/" "Mozilla/5.0 (Windows NT 10.0; Win64; x64) AppleWebKit/537.36 (KHTML, like Gecko) Chrome/127.0.0.0 Safari/537.36"
152.58.93.133 - - [17/Aug/2024:09:22:08 +0000] "GET /assets/img/service/1.jpg HTTP/1.1" 200 33558 "https://htc.triohotels.in/" "Mozilla/5.0 (Windows NT 10.0; Win64; x64) AppleWebKit/537.36 (KHTML, like Gecko) Chrome/127.0.0.0 Safari/537.36"
152.58.93.133 - - [17/Aug/2024:09:22:08 +0000] "GET /assets/img/service/3.jpg HTTP/1.1" 200 31907 "https://htc.triohotels.in/" "Mozilla/5.0 (Windows NT 10.0; Win64; x64) AppleWebKit/537.36 (KHTML, like Gecko) Chrome/127.0.0.0 Safari/537.36"
152.58.93.133 - - [17/Aug/2024:09:22:08 +0000] "GET /assets/img/service/2.jpg HTTP/1.1" 200 28651 "https://htc.triohotels.in/" "Mozilla/5.0 (Windows NT 10.0; Win64; x64) AppleWebKit/537.36 (KHTML, like Gecko) Chrome/127.0.0.0 Safari/537.36"
152.58.93.133 - - [17/Aug/2024:09:22:08 +0000] "GET /assets/img/service/4.jpg HTTP/1.1" 200 13530 "https://htc.triohotels.in/" "Mozilla/5.0 (Windows NT 10.0; Win64; x64) AppleWebKit/537.36 (KHTML, like Gecko) Chrome/127.0.0.0 Safari/537.36"
152.58.93.133 - - [17/Aug/2024:09:22:08 +0000] "GET /assets/img/bg/bd-room.jpg HTTP/1.1" 200 502774 "https://htc.triohotels.in/" "Mozilla/5.0 (Windows NT 10.0; Win64; x64) AppleWebKit/537.36 (KHTML, like Gecko) Chrome/127.0.0.0 Safari/537.36"
152.58.93.133 - - [17/Aug/2024:09:22:08 +0000] "GET /assets/img/service/5.jpg HTTP/1.1" 200 20035 "https://htc.triohotels.in/" "Mozilla/5.0 (Windows NT 10.0; Win64; x64) AppleWebKit/537.36 (KHTML, like Gecko) Chrome/127.0.0.0 Safari/537.36"
152.58.93.133 - - [17/Aug/2024:09:22:08 +0000] "GET /assets/img/bg/award.jpg HTTP/1.1" 200 50087 "https://htc.triohotels.in/" "Mozilla/5.0 (Windows NT 10.0; Win64; x64) AppleWebKit/537.36 (KHTML, like Gecko) Chrome/127.0.0.0 Safari/537.36"
152.58.93.133 - - [17/Aug/2024:09:22:09 +0000] "GET /assets/img/logo/favicon.png HTTP/1.1" 200 2011 "https://htc.triohotels.in/" "Mozilla/5.0 (Windows NT 10.0; Win64; x64) AppleWebKit/537.36 (KHTML, like Gecko) Chrome/127.0.0.0 Safari/537.36"
152.58.93.133 - - [17/Aug/2024:09:22:11 +0000] "GET / HTTP/1.1" 200 7475 "-" "Mozilla/5.0 (Windows NT 10.0; Win64; x64) AppleWebKit/537.36 (KHTML, like Gecko) Chrome/127.0.0.0 Safari/537.36"
152.58.93.133 - - [17/Aug/2024:09:22:11 +0000] "GET /assets/img/gallery/main-15.jpg HTTP/1.1" 404 196 "https://htc.triohotels.in/" "Mozilla/5.0 (Windows NT 10.0; Win64; x64) AppleWebKit/537.36 (KHTML, like Gecko) Chrome/127.0.0.0 Safari/537.36"
152.58.93.133 - - [17/Aug/2024:09:22:33 +0000] "GET /contact-us.php HTTP/1.1" 200 5414 "https://htc.triohotels.in/" "Mozilla/5.0 (Windows NT 10.0; Win64; x64) AppleWebKit/537.36 (KHTML, like Gecko) Chrome/127.0.0.0 Safari/537.36"
152.58.93.133 - - [17/Aug/2024:09:22:33 +0000] "GET /assets/img/breadcrumb/breadcrumb-bg.png HTTP/1.1" 200 30442 "https://htc.triohotels.in/contact-us.php" "Mozilla/5.0 (Windows NT 10.0; Win64; x64) AppleWebKit/537.36 (KHTML, like Gecko) Chrome/127.0.0.0 Safari/537.36"
152.58.93.133 - - [17/Aug/2024:09:22:34 +0000] "GET /assets/img/testimonials/user-4.jpg HTTP/1.1" 200 1121 "https://htc.triohotels.in/contact-us.php" "Mozilla/5.0 (Windows NT 10.0; Win64; x64) AppleWebKit/537.36 (KHTML, like Gecko) Chrome/127.0.0.0 Safari/537.36"
152.58.93.133 - - [17/Aug/2024:09:22:34 +0000] "GET /assets/img/icon/quote.svg HTTP/1.1" 200 536 "https://htc.triohotels.in/contact-us.php" "Mozilla/5.0 (Windows NT 10.0; Win64; x64) AppleWebKit/537.36 (KHTML, like Gecko) Chrome/127.0.0.0 Safari/537.36"
152.58.93.133 - - [17/Aug/2024:09:22:34 +0000] "GET /assets/img/bg/testimonial-bg.jpg HTTP/1.1" 200 232642 "https://htc.triohotels.in/contact-us.php" "Mozilla/5.0 (Windows NT 10.0; Win64; x64) AppleWebKit/537.36 (KHTML, like Gecko) Chrome/127.0.0.0 Safari/537.36"
152.58.93.133 - - [17/Aug/2024:09:22:34 +0000] "GET /assets/img/bg/hero-bg.jpg HTTP/1.1" 200 594910 "https://htc.triohotels.in/contact-us.php" "Mozilla/5.0 (Windows NT 10.0; Win64; x64) AppleWebKit/537.36 (KHTML, like Gecko) Chrome/127.0.0.0 Safari/537.36"
104.164.173.116 - - [17/Aug/2024:09:23:00 +0000] "GET / HTTP/1.1" 200 7475 "-" "Mozilla/5.0 (X11; Linux x86_64) AppleWebKit/537.36 (KHTML, like Gecko) Chrome/117.0.0.0 Safari/537.36"
34.123.170.104 - - [17/Aug/2024:09:23:05 +0000] "GET / HTTP/1.1" 200 7475 "-" "Mozilla/5.0 (X11; Linux x86_64) AppleWebKit/537.36 (KHTML, like Gecko) HeadlessChrome/92.0.4515.159 Safari/537.36"
104.164.173.116 - - [17/Aug/2024:09:23:05 +0000] "GET / HTTP/1.1" 200 7475 "-" "Mozilla/5.0 (Macintosh; Intel Mac OS X 10_15_7) AppleWebKit/537.36 (KHTML, like Gecko) Chrome/117.0.0.0 Safari/537.36"
104.164.173.116 - - [17/Aug/2024:09:23:06 +0000] "GET /index.php HTTP/1.1" 200 7475 "-" "Mozilla/5.0 (Macintosh; Intel Mac OS X 10_15_7) AppleWebKit/537.36 (KHTML, like Gecko) Chrome/117.0.0.0 Safari/537.36"
159.89.174.87 - - [17/Aug/2024:09:23:06 +0000] "GET / HTTP/1.1" 200 58196 "-" "-"
159.89.174.87 - - [17/Aug/2024:09:23:06 +0000] "GET / HTTP/1.1" 200 58201 "-" "Mozilla/5.0 (Linux; Android 6.0; HTC One M9 Build/MRA497214) AppleWebKit/537.36 (KHTML, like Gecko) Chrome/52.0.2783.98 Mobile Safari/537.3"
159.89.174.87 - - [17/Aug/2024:09:23:06 +0000] "GET /server HTTP/1.1" 404 196 "-" "Go-http-client/1.1"
159.89.174.87 - - [17/Aug/2024:09:23:06 +0000] "GET /.vscode/sftp.json HTTP/1.1" 404 196 "-" "Go-http-client/1.1"
159.89.174.87 - - [17/Aug/2024:09:23:06 +0000] "GET /about HTTP/1.1" 404 196 "-" "Go-http-client/1.1"
159.89.174.87 - - [17/Aug/2024:09:23:06 +0000] "GET /debug/default/view?panel=config HTTP/1.1" 404 196 "-" "Go-http-client/1.1"
159.89.174.87 - - [17/Aug/2024:09:23:06 +0000] "GET /v2/_catalog HTTP/1.1" 404 196 "-" "Go-http-client/1.1"
159.89.174.87 - - [17/Aug/2024:09:23:06 +0000] "GET /ecp/Current/exporttool/microsoft.exchange.ediscovery.exporttool.application HTTP/1.1" 404 196 "-" "Go-http-client/1.1"
154.28.229.193 - - [17/Aug/2024:09:23:06 +0000] "GET / HTTP/1.1" 200 7475 "-" "Mozilla/5.0 (Windows NT 10.0; Win64; x64) AppleWebKit/537.36 (KHTML, like Gecko) Chrome/116.0.0.0 Safari/537.36"
206.81.24.74 - - [17/Aug/2024:09:23:07 +0000] "GET / HTTP/1.1" 200 58201 "-" "-"
159.89.174.87 - - [17/Aug/2024:09:23:07 +0000] "GET /server-status HTTP/1.1" 403 199 "-" "Go-http-client/1.1"
159.89.174.87 - - [17/Aug/2024:09:23:07 +0000] "GET /login.action HTTP/1.1" 404 196 "-" "Go-http-client/1.1"
159.89.174.87 - - [17/Aug/2024:09:23:07 +0000] "GET /_all_dbs HTTP/1.1" 404 196 "-" "Mozilla/5.0 (l9scan/2.0.834313e2039313e2233323e2536313; +https://leakix.net)"
159.89.174.87 - - [17/Aug/2024:09:23:07 +0000] "GET /.DS_Store HTTP/1.1" 404 196 "-" "Go-http-client/1.1"
159.89.174.87 - - [17/Aug/2024:09:23:07 +0000] "GET /.env HTTP/1.1" 404 196 "-" "Go-http-client/1.1"
159.89.174.87 - - [17/Aug/2024:09:23:07 +0000] "GET /.git/config HTTP/1.1" 403 153 "-" "Go-http-client/1.1"
159.89.174.87 - - [17/Aug/2024:09:23:07 +0000] "GET /s/834313e2039313e2233323e2536313/_/;/META-INF/maven/com.atlassian.jira/jira-webapp-dist/pom.properties HTTP/1.1" 404 196 "-" "Go-http-client/1.1"
159.89.174.87 - - [17/Aug/2024:09:23:07 +0000] "GET /config.json HTTP/1.1" 404 196 "-" "Go-http-client/1.1"
159.89.174.87 - - [17/Aug/2024:09:23:07 +0000] "GET /telescope/requests HTTP/1.1" 404 196 "-" "Go-http-client/1.1"
159.89.174.87 - - [17/Aug/2024:09:23:07 +0000] "GET /?rest_route=/wp/v2/users/ HTTP/1.1" 200 7455 "-" "Go-http-client/1.1"
154.28.229.193 - - [17/Aug/2024:09:23:07 +0000] "GET /index.php HTTP/1.1" 200 7475 "-" "Mozilla/5.0 (Windows NT 10.0; Win64; x64) AppleWebKit/537.36 (KHTML, like Gecko) Chrome/116.0.0.0 Safari/537.36"
34.123.170.104 - - [17/Aug/2024:09:23:08 +0000] "GET /assets/css/bootstrap.css HTTP/1.1" 200 23912 "http://htc.triohotels.in/" "Mozilla/5.0 (X11; Linux x86_64) AppleWebKit/537.36 (KHTML, like Gecko) HeadlessChrome/92.0.4515.159 Safari/537.36"
34.72.176.129 - - [17/Aug/2024:09:23:08 +0000] "GET /assets/css/meanmenu.css HTTP/1.1" 200 922 "http://htc.triohotels.in/" "Mozilla/5.0 (X11; Linux x86_64) AppleWebKit/537.36 (KHTML, like Gecko) HeadlessChrome/92.0.4515.159 Safari/537.36"
34.122.147.229 - - [17/Aug/2024:09:23:08 +0000] "GET /assets/css/swiper-bundle.css HTTP/1.1" 200 4417 "http://htc.triohotels.in/" "Mozilla/5.0 (X11; Linux x86_64) AppleWebKit/537.36 (KHTML, like Gecko) HeadlessChrome/92.0.4515.159 Safari/537.36"
104.197.69.115 - - [17/Aug/2024:09:23:08 +0000] "GET /assets/css/animate.min.css HTTP/1.1" 200 5008 "http://htc.triohotels.in/" "Mozilla/5.0 (X11; Linux x86_64) AppleWebKit/537.36 (KHTML, like Gecko) HeadlessChrome/92.0.4515.159 Safari/537.36"
34.122.147.229 - - [17/Aug/2024:09:23:08 +0000] "GET /assets/css/nouislider.css HTTP/1.1" 200 1598 "http://htc.triohotels.in/" "Mozilla/5.0 (X11; Linux x86_64) AppleWebKit/537.36 (KHTML, like Gecko) HeadlessChrome/92.0.4515.159 Safari/537.36"
34.122.147.229 - - [17/Aug/2024:09:23:08 +0000] "GET /assets/css/slick.css HTTP/1.1" 200 581 "http://htc.triohotels.in/" "Mozilla/5.0 (X11; Linux x86_64) AppleWebKit/537.36 (KHTML, like Gecko) HeadlessChrome/92.0.4515.159 Safari/537.36"
34.123.170.104 - - [17/Aug/2024:09:23:08 +0000] "GET /assets/css/jquery-ui.min.css HTTP/1.1" 200 7619 "http://htc.triohotels.in/" "Mozilla/5.0 (X11; Linux x86_64) AppleWebKit/537.36 (KHTML, like Gecko) HeadlessChrome/92.0.4515.159 Safari/537.36"
34.123.170.104 - - [17/Aug/2024:09:23:09 +0000] "GET /assets/css/backtotop.css HTTP/1.1" 200 504 "http://htc.triohotels.in/" "Mozilla/5.0 (X11; Linux x86_64) AppleWebKit/537.36 (KHTML, like Gecko) HeadlessChrome/92.0.4515.159 Safari/537.36"
34.72.176.129 - - [17/Aug/2024:09:23:09 +0000] "GET /assets/css/magnific-popup.css HTTP/1.1" 200 1828 "http://htc.triohotels.in/" "Mozilla/5.0 (X11; Linux x86_64) AppleWebKit/537.36 (KHTML, like Gecko) HeadlessChrome/92.0.4515.159 Safari/537.36"
34.122.147.229 - - [17/Aug/2024:09:23:09 +0000] "GET /assets/css/nice-select.css HTTP/1.1" 200 964 "http://htc.triohotels.in/" "Mozilla/5.0 (X11; Linux x86_64) AppleWebKit/537.36 (KHTML, like Gecko) HeadlessChrome/92.0.4515.159 Safari/537.36"
34.122.147.229 - - [17/Aug/2024:09:23:09 +0000] "GET /assets/css/flaticon_royel.css HTTP/1.1" 200 565 "http://htc.triohotels.in/" "Mozilla/5.0 (X11; Linux x86_64) AppleWebKit/537.36 (KHTML, like Gecko) HeadlessChrome/92.0.4515.159 Safari/537.36"
34.72.176.129 - - [17/Aug/2024:09:23:09 +0000] "GET /assets/css/spacing.css HTTP/1.1" 200 2142 "http://htc.triohotels.in/" "Mozilla/5.0 (X11; Linux x86_64) AppleWebKit/537.36 (KHTML, like Gecko) HeadlessChrome/92.0.4515.159 Safari/537.36"
34.122.147.229 - - [17/Aug/2024:09:23:09 +0000] "GET /assets/css/main.css HTTP/1.1" 200 28223 "http://htc.triohotels.in/" "Mozilla/5.0 (X11; Linux x86_64) AppleWebKit/537.36 (KHTML, like Gecko) HeadlessChrome/92.0.4515.159 Safari/537.36"
34.123.170.104 - - [17/Aug/2024:09:23:10 +0000] "GET /assets/css/font-awesome-pro.css HTTP/1.1" 200 77984 "http://htc.triohotels.in/" "Mozilla/5.0 (X11; Linux x86_64) AppleWebKit/537.36 (KHTML, like Gecko) HeadlessChrome/92.0.4515.159 Safari/537.36"
206.81.24.74 - - [17/Aug/2024:09:23:10 +0000] "GET / HTTP/1.1" 200 58201 "-" "Mozilla/5.0 (Linux; Android 6.0; HTC One M9 Build/MRA497214) AppleWebKit/537.36 (KHTML, like Gecko) Chrome/52.0.2783.98 Mobile Safari/537.3"
104.197.69.115 - - [17/Aug/2024:09:23:10 +0000] "GET /assets/js/vendor/jquery.js HTTP/1.1" 200 30960 "http://htc.triohotels.in/" "Mozilla/5.0 (X11; Linux x86_64) AppleWebKit/537.36 (KHTML, like Gecko) HeadlessChrome/92.0.4515.159 Safari/537.36"
34.123.170.104 - - [17/Aug/2024:09:23:10 +0000] "GET /assets/js/bootstrap-bundle.js HTTP/1.1" 200 23028 "http://htc.triohotels.in/" "Mozilla/5.0 (X11; Linux x86_64) AppleWebKit/537.36 (KHTML, like Gecko) HeadlessChrome/92.0.4515.159 Safari/537.36"
34.122.147.229 - - [17/Aug/2024:09:23:10 +0000] "GET /assets/js/magnific-popup.js HTTP/1.1" 200 7359 "http://htc.triohotels.in/" "Mozilla/5.0 (X11; Linux x86_64) AppleWebKit/537.36 (KHTML, like Gecko) HeadlessChrome/92.0.4515.159 Safari/537.36"
34.122.147.229 - - [17/Aug/2024:09:23:10 +0000] "GET /assets/js/slick.js HTTP/1.1" 200 11319 "http://htc.triohotels.in/" "Mozilla/5.0 (X11; Linux x86_64) AppleWebKit/537.36 (KHTML, like Gecko) HeadlessChrome/92.0.4515.159 Safari/537.36"
34.72.176.129 - - [17/Aug/2024:09:23:10 +0000] "GET /assets/js/swiper-bundle.js HTTP/1.1" 200 37648 "http://htc.triohotels.in/" "Mozilla/5.0 (X11; Linux x86_64) AppleWebKit/537.36 (KHTML, like Gecko) HeadlessChrome/92.0.4515.159 Safari/537.36"
34.122.147.229 - - [17/Aug/2024:09:23:10 +0000] "GET /assets/js/meanmenu.js HTTP/1.1" 200 3455 "http://htc.triohotels.in/" "Mozilla/5.0 (X11; Linux x86_64) AppleWebKit/537.36 (KHTML, like Gecko) HeadlessChrome/92.0.4515.159 Safari/537.36"
34.123.170.104 - - [17/Aug/2024:09:23:11 +0000] "GET /assets/fonts/flaticon_royel.ttf?6a84a3bb1e04c1e7f840bd4df1115600 HTTP/1.1" 200 10412 "http://htc.triohotels.in/assets/css/flaticon_royel.css" "Mozilla/5.0 (X11; Linux x86_64) AppleWebKit/537.36 (KHTML, like Gecko) HeadlessChrome/92.0.4515.159 Safari/537.36"
154.28.229.193 - - [17/Aug/2024:09:23:11 +0000] "GET /assets/js/vendor/jquery.js HTTP/1.1" 200 30960 "-" "Mozilla/5.0 (Windows NT 10.0; Win64; x64) AppleWebKit/537.36 (KHTML, like Gecko) Chrome/116.0.0.0 Safari/537.36"
154.28.229.193 - - [17/Aug/2024:09:23:11 +0000] "GET /assets/js/main.js HTTP/1.1" 200 4360 "-" "Mozilla/5.0 (Windows NT 10.0; Win64; x64) AppleWebKit/537.36 (KHTML, like Gecko) Chrome/116.0.0.0 Safari/537.36"
206.81.24.74 - - [17/Aug/2024:09:23:11 +0000] "GET /server HTTP/1.1" 404 196 "-" "Go-http-client/1.1"
154.28.229.193 - - [17/Aug/2024:09:23:11 +0000] "GET /assets/js/meanmenu.js HTTP/1.1" 200 3455 "-" "Mozilla/5.0 (Windows NT 10.0; Win64; x64) AppleWebKit/537.36 (KHTML, like Gecko) Chrome/116.0.0.0 Safari/537.36"
154.28.229.193 - - [17/Aug/2024:09:23:11 +0000] "GET /assets/js/sidebar.js HTTP/1.1" 200 507 "-" "Mozilla/5.0 (Windows NT 10.0; Win64; x64) AppleWebKit/537.36 (KHTML, like Gecko) Chrome/116.0.0.0 Safari/537.36"
154.28.229.193 - - [17/Aug/2024:09:23:11 +0000] "GET /booking-form.php HTTP/1.1" 200 4918 "-" "Mozilla/5.0 (Windows NT 10.0; Win64; x64) AppleWebKit/537.36 (KHTML, like Gecko) Chrome/116.0.0.0 Safari/537.36"
154.28.229.193 - - [17/Aug/2024:09:23:11 +0000] "GET /assets/js/magnific-popup.js HTTP/1.1" 200 7359 "-" "Mozilla/5.0 (Windows NT 10.0; Win64; x64) AppleWebKit/537.36 (KHTML, like Gecko) Chrome/116.0.0.0 Safari/537.36"
154.28.229.193 - - [17/Aug/2024:09:23:11 +0000] "GET /assets/js/jquery-ui.min.js HTTP/1.1" 200 67610 "-" "Mozilla/5.0 (Windows NT 10.0; Win64; x64) AppleWebKit/537.36 (KHTML, like Gecko) Chrome/116.0.0.0 Safari/537.36"
154.28.229.193 - - [17/Aug/2024:09:23:11 +0000] "GET /assets/js/isotope-pkgd.js HTTP/1.1" 200 9876 "-" "Mozilla/5.0 (Windows NT 10.0; Win64; x64) AppleWebKit/537.36 (KHTML, like Gecko) Chrome/116.0.0.0 Safari/537.36"
154.28.229.193 - - [17/Aug/2024:09:23:11 +0000] "GET /assets/js/settings.js HTTP/1.1" 200 2225 "-" "Mozilla/5.0 (Windows NT 10.0; Win64; x64) AppleWebKit/537.36 (KHTML, like Gecko) Chrome/116.0.0.0 Safari/537.36"
154.28.229.193 - - [17/Aug/2024:09:23:11 +0000] "GET /contents.php HTTP/1.1" 200 4261 "-" "Mozilla/5.0 (Windows NT 10.0; Win64; x64) AppleWebKit/537.36 (KHTML, like Gecko) Chrome/116.0.0.0 Safari/537.36"
154.28.229.193 - - [17/Aug/2024:09:23:11 +0000] "GET /amenities.php HTTP/1.1" 200 4800 "-" "Mozilla/5.0 (Windows NT 10.0; Win64; x64) AppleWebKit/537.36 (KHTML, like Gecko) Chrome/116.0.0.0 Safari/537.36"
154.28.229.193 - - [17/Aug/2024:09:23:11 +0000] "GET /services.php HTTP/1.1" 200 4517 "-" "Mozilla/5.0 (Windows NT 10.0; Win64; x64) AppleWebKit/537.36 (KHTML, like Gecko) Chrome/116.0.0.0 Safari/537.36"
154.28.229.193 - - [17/Aug/2024:09:23:11 +0000] "GET /gallery.php HTTP/1.1" 200 4250 "-" "Mozilla/5.0 (Windows NT 10.0; Win64; x64) AppleWebKit/537.36 (KHTML, like Gecko) Chrome/116.0.0.0 Safari/537.36"
154.28.229.193 - - [17/Aug/2024:09:23:11 +0000] "GET /room-details.php HTTP/1.1" 200 6817 "-" "Mozilla/5.0 (Windows NT 10.0; Win64; x64) AppleWebKit/537.36 (KHTML, like Gecko) Chrome/116.0.0.0 Safari/537.36"
154.28.229.193 - - [17/Aug/2024:09:23:11 +0000] "GET /assets/js/backtotop.js HTTP/1.1" 200 459 "-" "Mozilla/5.0 (Windows NT 10.0; Win64; x64) AppleWebKit/537.36 (KHTML, like Gecko) Chrome/116.0.0.0 Safari/537.36"
154.28.229.193 - - [17/Aug/2024:09:23:11 +0000] "GET /assets/js/ajax-form.js HTTP/1.1" 200 516 "-" "Mozilla/5.0 (Windows NT 10.0; Win64; x64) AppleWebKit/537.36 (KHTML, like Gecko) Chrome/116.0.0.0 Safari/537.36"
154.28.229.193 - - [17/Aug/2024:09:23:11 +0000] "GET /about-us.php HTTP/1.1" 200 5716 "-" "Mozilla/5.0 (Windows NT 10.0; Win64; x64) AppleWebKit/537.36 (KHTML, like Gecko) Chrome/116.0.0.0 Safari/537.36"
34.72.176.129 - - [17/Aug/2024:09:23:11 +0000] "GET /assets/img/logo/logo.png HTTP/1.1" 200 5232 "http://htc.triohotels.in/" "Mozilla/5.0 (X11; Linux x86_64) AppleWebKit/537.36 (KHTML, like Gecko) HeadlessChrome/92.0.4515.159 Safari/537.36"
206.81.24.74 - - [17/Aug/2024:09:23:11 +0000] "GET /.vscode/sftp.json HTTP/1.1" 404 196 "-" "Go-http-client/1.1"
154.28.229.193 - - [17/Aug/2024:09:23:12 +0000] "GET /assets/js/imagesloaded-pkgd.js HTTP/1.1" 200 1822 "-" "Mozilla/5.0 (Windows NT 10.0; Win64; x64) AppleWebKit/537.36 (KHTML, like Gecko) Chrome/116.0.0.0 Safari/537.36"
34.72.176.129 - - [17/Aug/2024:09:23:12 +0000] "GET /assets/img/logo/preloader.png HTTP/1.1" 200 5035 "http://htc.triohotels.in/" "Mozilla/5.0 (X11; Linux x86_64) AppleWebKit/537.36 (KHTML, like Gecko) HeadlessChrome/92.0.4515.159 Safari/537.36"
154.28.229.193 - - [17/Aug/2024:09:23:12 +0000] "GET /assets/js/nice-select.js HTTP/1.1" 200 1048 "-" "Mozilla/5.0 (Windows NT 10.0; Win64; x64) AppleWebKit/537.36 (KHTML, like Gecko) Chrome/116.0.0.0 Safari/537.36"
206.81.24.74 - - [17/Aug/2024:09:23:12 +0000] "GET /about HTTP/1.1" 404 196 "-" "Go-http-client/1.1"
104.197.69.115 - - [17/Aug/2024:09:23:12 +0000] "GET /assets/fonts/fa-brands-400.woff2 HTTP/1.1" 200 104740 "http://htc.triohotels.in/assets/css/font-awesome-pro.css" "Mozilla/5.0 (X11; Linux x86_64) AppleWebKit/537.36 (KHTML, like Gecko) HeadlessChrome/92.0.4515.159 Safari/537.36"
34.72.176.129 - - [17/Aug/2024:09:23:12 +0000] "GET /assets/js/backtotop.js HTTP/1.1" 200 459 "http://htc.triohotels.in/" "Mozilla/5.0 (X11; Linux x86_64) AppleWebKit/537.36 (KHTML, like Gecko) HeadlessChrome/92.0.4515.159 Safari/537.36"
154.28.229.193 - - [17/Aug/2024:09:23:12 +0000] "GET /contact-us.php HTTP/1.1" 200 5414 "-" "Mozilla/5.0 (Windows NT 10.0; Win64; x64) AppleWebKit/537.36 (KHTML, like Gecko) Chrome/116.0.0.0 Safari/537.36"
34.72.176.129 - - [17/Aug/2024:09:23:12 +0000] "GET /assets/js/nice-select.js HTTP/1.1" 200 1048 "http://htc.triohotels.in/" "Mozilla/5.0 (X11; Linux x86_64) AppleWebKit/537.36 (KHTML, like Gecko) HeadlessChrome/92.0.4515.159 Safari/537.36"
154.28.229.193 - - [17/Aug/2024:09:23:12 +0000] "GET /assets/js/swiper-bundle.js HTTP/1.1" 200 37648 "-" "Mozilla/5.0 (Windows NT 10.0; Win64; x64) AppleWebKit/537.36 (KHTML, like Gecko) Chrome/116.0.0.0 Safari/537.36"
206.81.24.74 - - [17/Aug/2024:09:23:12 +0000] "GET /debug/default/view?panel=config HTTP/1.1" 404 196 "-" "Go-http-client/1.1"
34.72.176.129 - - [17/Aug/2024:09:23:12 +0000] "GET /assets/js/sidebar.js HTTP/1.1" 200 507 "http://htc.triohotels.in/" "Mozilla/5.0 (X11; Linux x86_64) AppleWebKit/537.36 (KHTML, like Gecko) HeadlessChrome/92.0.4515.159 Safari/537.36"
154.28.229.193 - - [17/Aug/2024:09:23:12 +0000] "GET /assets/js/slick.js HTTP/1.1" 200 11319 "-" "Mozilla/5.0 (Windows NT 10.0; Win64; x64) AppleWebKit/537.36 (KHTML, like Gecko) Chrome/116.0.0.0 Safari/537.36"
154.28.229.193 - - [17/Aug/2024:09:23:12 +0000] "GET /dining.php HTTP/1.1" 200 4317 "-" "Mozilla/5.0 (Windows NT 10.0; Win64; x64) AppleWebKit/537.36 (KHTML, like Gecko) Chrome/116.0.0.0 Safari/537.36"
154.28.229.193 - - [17/Aug/2024:09:23:12 +0000] "GET /rooms.php HTTP/1.1" 200 4960 "-" "Mozilla/5.0 (Windows NT 10.0; Win64; x64) AppleWebKit/537.36 (KHTML, like Gecko) Chrome/116.0.0.0 Safari/537.36"
34.72.176.129 - - [17/Aug/2024:09:23:13 +0000] "GET /assets/js/isotope-pkgd.js HTTP/1.1" 200 9876 "http://htc.triohotels.in/" "Mozilla/5.0 (X11; Linux x86_64) AppleWebKit/537.36 (KHTML, like Gecko) HeadlessChrome/92.0.4515.159 Safari/537.36"
206.81.24.74 - - [17/Aug/2024:09:23:13 +0000] "GET /v2/_catalog HTTP/1.1" 404 196 "-" "Go-http-client/1.1"
34.72.176.129 - - [17/Aug/2024:09:23:13 +0000] "GET /assets/js/imagesloaded-pkgd.js HTTP/1.1" 200 1822 "http://htc.triohotels.in/" "Mozilla/5.0 (X11; Linux x86_64) AppleWebKit/537.36 (KHTML, like Gecko) HeadlessChrome/92.0.4515.159 Safari/537.36"
104.197.69.115 - - [17/Aug/2024:09:23:13 +0000] "GET /assets/js/ajax-form.js HTTP/1.1" 200 516 "http://htc.triohotels.in/" "Mozilla/5.0 (X11; Linux x86_64) AppleWebKit/537.36 (KHTML, like Gecko) HeadlessChrome/92.0.4515.159 Safari/537.36"
34.72.176.129 - - [17/Aug/2024:09:23:13 +0000] "GET /assets/js/jquery-ui.min.js HTTP/1.1" 200 67610 "http://htc.triohotels.in/" "Mozilla/5.0 (X11; Linux x86_64) AppleWebKit/537.36 (KHTML, like Gecko) HeadlessChrome/92.0.4515.159 Safari/537.36"
206.81.24.74 - - [17/Aug/2024:09:23:13 +0000] "GET /ecp/Current/exporttool/microsoft.exchange.ediscovery.exporttool.application HTTP/1.1" 404 196 "-" "Go-http-client/1.1"
104.197.69.115 - - [17/Aug/2024:09:23:13 +0000] "GET /assets/js/settings.js HTTP/1.1" 200 2225 "http://htc.triohotels.in/" "Mozilla/5.0 (X11; Linux x86_64) AppleWebKit/537.36 (KHTML, like Gecko) HeadlessChrome/92.0.4515.159 Safari/537.36"
104.197.69.115 - - [17/Aug/2024:09:23:14 +0000] "GET /assets/js/wow.min.js HTTP/1.1" 200 2837 "http://htc.triohotels.in/" "Mozilla/5.0 (X11; Linux x86_64) AppleWebKit/537.36 (KHTML, like Gecko) HeadlessChrome/92.0.4515.159 Safari/537.36"
104.197.69.115 - - [17/Aug/2024:09:23:14 +0000] "GET /assets/js/main.js HTTP/1.1" 200 4360 "http://htc.triohotels.in/" "Mozilla/5.0 (X11; Linux x86_64) AppleWebKit/537.36 (KHTML, like Gecko) HeadlessChrome/92.0.4515.159 Safari/537.36"
206.81.24.74 - - [17/Aug/2024:09:23:14 +0000] "GET /server-status HTTP/1.1" 403 199 "-" "Go-http-client/1.1"
206.81.24.74 - - [17/Aug/2024:09:23:14 +0000] "GET /login.action HTTP/1.1" 404 196 "-" "Go-http-client/1.1"
34.122.147.229 - - [17/Aug/2024:09:23:15 +0000] "GET /assets/fonts/fa-solid-900.woff2 HTTP/1.1" 200 303544 "http://htc.triohotels.in/assets/css/font-awesome-pro.css" "Mozilla/5.0 (X11; Linux x86_64) AppleWebKit/537.36 (KHTML, like Gecko) HeadlessChrome/92.0.4515.159 Safari/537.36"
206.81.24.74 - - [17/Aug/2024:09:23:15 +0000] "GET /_all_dbs HTTP/1.1" 404 196 "-" "Mozilla/5.0 (l9scan/2.0.834313e2039313e2233323e2536313; +https://leakix.net)"
34.72.176.129 - - [17/Aug/2024:09:23:15 +0000] "GET / HTTP/1.1" 200 7475 "-" "Mozilla/5.0 (Windows NT 10.0; Win64; x64) AppleWebKit/537.36 (KHTML, like Gecko) Chrome/117.0.5938.132 Safari/537.36"
34.122.147.229 - - [17/Aug/2024:09:23:15 +0000] "GET /assets/fonts/fa-regular-400.woff2 HTTP/1.1" 200 357732 "http://htc.triohotels.in/assets/css/font-awesome-pro.css" "Mozilla/5.0 (X11; Linux x86_64) AppleWebKit/537.36 (KHTML, like Gecko) HeadlessChrome/92.0.4515.159 Safari/537.36"
154.28.229.193 - - [17/Aug/2024:09:23:15 +0000] "GET /booking-form.html HTTP/1.1" 404 196 "-" "Mozilla/5.0 (Windows NT 10.0; Win64; x64) AppleWebKit/537.36 (KHTML, like Gecko) Chrome/116.0.0.0 Safari/537.36"
34.72.176.129 - - [17/Aug/2024:09:23:15 +0000] "GET /assets/css/bootstrap.css HTTP/1.1" 200 23912 "http://htc.triohotels.in/" "Mozilla/5.0 (Windows NT 10.0; Win64; x64) AppleWebKit/537.36 (KHTML, like Gecko) Chrome/117.0.5938.132 Safari/537.36"
206.81.24.74 - - [17/Aug/2024:09:23:15 +0000] "GET /.DS_Store HTTP/1.1" 404 196 "-" "Go-http-client/1.1"
154.28.229.193 - - [17/Aug/2024:09:23:15 +0000] "GET /assets/js/bootstrap-bundle.js HTTP/1.1" 200 23028 "-" "Mozilla/5.0 (Windows NT 10.0; Win64; x64) AppleWebKit/537.36 (KHTML, like Gecko) Chrome/116.0.0.0 Safari/537.36"
154.28.229.193 - - [17/Aug/2024:09:23:15 +0000] "GET /assets/js/wow.min.js HTTP/1.1" 200 2837 "-" "Mozilla/5.0 (Windows NT 10.0; Win64; x64) AppleWebKit/537.36 (KHTML, like Gecko) Chrome/116.0.0.0 Safari/537.36"
154.28.229.193 - - [17/Aug/2024:09:23:16 +0000] "GET /faq.php HTTP/1.1" 200 5843 "-" "Mozilla/5.0 (Windows NT 10.0; Win64; x64) AppleWebKit/537.36 (KHTML, like Gecko) Chrome/116.0.0.0 Safari/537.36"
