104.197.69.115 - - [17/Aug/2024:09:23:16 +0000] "GET /assets/css/meanmenu.css HTTP/1.1" 200 922 "http://htc.triohotels.in/" "Mozilla/5.0 (Windows NT 10.0; Win64; x64) AppleWebKit/537.36 (KHTML, like Gecko) Chrome/117.0.5938.132 Safari/537.36"
34.72.176.129 - - [17/Aug/2024:09:23:16 +0000] "GET /assets/css/animate.min.css HTTP/1.1" 200 5008 "http://htc.triohotels.in/" "Mozilla/5.0 (Windows NT 10.0; Win64; x64) AppleWebKit/537.36 (KHTML, like Gecko) Chrome/117.0.5938.132 Safari/537.36"
34.72.176.129 - - [17/Aug/2024:09:23:16 +0000] "GET /assets/css/swiper-bundle.css HTTP/1.1" 200 4417 "http://htc.triohotels.in/" "Mozilla/5.0 (Windows NT 10.0; Win64; x64) AppleWebKit/537.36 (KHTML, like Gecko) Chrome/117.0.5938.132 Safari/537.36"
34.72.176.129 - - [17/Aug/2024:09:23:16 +0000] "GET /assets/css/slick.css HTTP/1.1" 200 581 "http://htc.triohotels.in/" "Mozilla/5.0 (Windows NT 10.0; Win64; x64) AppleWebKit/537.36 (KHTML, like Gecko) Chrome/117.0.5938.132 Safari/537.36"
34.122.147.229 - - [17/Aug/2024:09:23:16 +0000] "GET /assets/css/nouislider.css HTTP/1.1" 200 1598 "http://htc.triohotels.in/" "Mozilla/5.0 (Windows NT 10.0; Win64; x64) AppleWebKit/537.36 (KHTML, like Gecko) Chrome/117.0.5938.132 Safari/537.36"
34.123.170.104 - - [17/Aug/2024:09:23:16 +0000] "GET /assets/fonts/fa-thin-100.woff2 HTTP/1.1" 200 426420 "http://htc.triohotels.in/assets/css/font-awesome-pro.css" "Mozilla/5.0 (X11; Linux x86_64) AppleWebKit/537.36 (KHTML, like Gecko) HeadlessChrome/92.0.4515.159 Safari/537.36"
206.81.24.74 - - [17/Aug/2024:09:23:16 +0000] "GET /.env HTTP/1.1" 404 196 "-" "Go-http-client/1.1"
104.197.69.115 - - [17/Aug/2024:09:23:16 +0000] "GET /assets/css/jquery-ui.min.css HTTP/1.1" 200 7619 "http://htc.triohotels.in/" "Mozilla/5.0 (Windows NT 10.0; Win64; x64) AppleWebKit/537.36 (KHTML, like Gecko) Chrome/117.0.5938.132 Safari/537.36"
34.72.176.129 - - [17/Aug/2024:09:23:16 +0000] "GET /assets/css/backtotop.css HTTP/1.1" 200 504 "http://htc.triohotels.in/" "Mozilla/5.0 (Windows NT 10.0; Win64; x64) AppleWebKit/537.36 (KHTML, like Gecko) Chrome/117.0.5938.132 Safari/537.36"
34.72.176.129 - - [17/Aug/2024:09:23:16 +0000] "GET /assets/css/nice-select.css HTTP/1.1" 200 964 "http://htc.triohotels.in/" "Mozilla/5.0 (Windows NT 10.0; Win64; x64) AppleWebKit/537.36 (KHTML, like Gecko) Chrome/117.0.5938.132 Safari/537.36"
34.72.176.129 - - [17/Aug/2024:09:23:16 +0000] "GET /assets/css/magnific-popup.css HTTP/1.1" 200 1828 "http://htc.triohotels.in/" "Mozilla/5.0 (Windows NT 10.0; Win64; x64) AppleWebKit/537.36 (KHTML, like Gecko) Chrome/117.0.5938.132 Safari/537.36"
34.72.176.129 - - [17/Aug/2024:09:23:16 +0000] "GET /assets/css/flaticon_royel.css HTTP/1.1" 200 565 "http://htc.triohotels.in/" "Mozilla/5.0 (Windows NT 10.0; Win64; x64) AppleWebKit/537.36 (KHTML, like Gecko) Chrome/117.0.5938.132 Safari/537.36"
34.72.176.129 - - [17/Aug/2024:09:23:16 +0000] "GET /assets/img/bg/welcome-bg-2.jpg HTTP/1.1" 200 178579 "http://htc.triohotels.in/" "Mozilla/5.0 (X11; Linux x86_64) AppleWebKit/537.36 (KHTML, like Gecko) HeadlessChrome/92.0.4515.159 Safari/537.36"
104.197.69.115 - - [17/Aug/2024:09:23:16 +0000] "GET /assets/css/spacing.css HTTP/1.1" 200 2142 "http://htc.triohotels.in/" "Mozilla/5.0 (Windows NT 10.0; Win64; x64) AppleWebKit/537.36 (KHTML, like Gecko) Chrome/117.0.5938.132 Safari/537.36"
34.72.176.129 - - [17/Aug/2024:09:23:16 +0000] "GET /assets/css/main.css HTTP/1.1" 200 28223 "http://htc.triohotels.in/" "Mozilla/5.0 (Windows NT 10.0; Win64; x64) AppleWebKit/537.36 (KHTML, like Gecko) Chrome/117.0.5938.132 Safari/537.36"
206.81.24.74 - - [17/Aug/2024:09:23:16 +0000] "GET /.git/config HTTP/1.1" 403 153 "-" "Go-http-client/1.1"
34.122.147.229 - - [17/Aug/2024:09:23:16 +0000] "GET /assets/fonts/fa-light-300.woff2 HTTP/1.1" 200 392136 "http://htc.triohotels.in/assets/css/font-awesome-pro.css" "Mozilla/5.0 (X11; Linux x86_64) AppleWebKit/537.36 (KHTML, like Gecko) HeadlessChrome/92.0.4515.159 Safari/537.36"
34.72.176.129 - - [17/Aug/2024:09:23:16 +0000] "GET /assets/js/vendor/jquery.js HTTP/1.1" 200 30960 "http://htc.triohotels.in/" "Mozilla/5.0 (Windows NT 10.0; Win64; x64) AppleWebKit/537.36 (KHTML, like Gecko) Chrome/117.0.5938.132 Safari/537.36"
34.122.147.229 - - [17/Aug/2024:09:23:16 +0000] "GET /assets/css/font-awesome-pro.css HTTP/1.1" 200 77984 "http://htc.triohotels.in/" "Mozilla/5.0 (Windows NT 10.0; Win64; x64) AppleWebKit/537.36 (KHTML, like Gecko) Chrome/117.0.5938.132 Safari/537.36"
205.169.39.116 - - [17/Aug/2024:09:23:17 +0000] "GET / HTTP/1.1" 200 7475 "-" "Mozilla/5.0 (Windows NT 6.1; Win64; x64) AppleWebKit/537.36 (KHTML, like Gecko) Chrome/83.0.4103.61 Safari/537.36"
34.122.147.229 - - [17/Aug/2024:09:23:17 +0000] "GET /assets/img/bg/welcome-bg-3.jpg HTTP/1.1" 200 168597 "http://htc.triohotels.in/" "Mozilla/5.0 (X11; Linux x86_64) AppleWebKit/537.36 (KHTML, like Gecko) HeadlessChrome/92.0.4515.159 Safari/537.36"
34.122.147.229 - - [17/Aug/2024:09:23:17 +0000] "GET /assets/js/bootstrap-bundle.js HTTP/1.1" 200 23028 "http://htc.triohotels.in/" "Mozilla/5.0 (Windows NT 10.0; Win64; x64) AppleWebKit/537.36 (KHTML, like Gecko) Chrome/117.0.5938.132 Safari/537.36"
34.72.176.129 - - [17/Aug/2024:09:23:17 +0000] "GET /assets/js/meanmenu.js HTTP/1.1" 200 3455 "http://htc.triohotels.in/" "Mozilla/5.0 (Windows NT 10.0; Win64; x64) AppleWebKit/537.36 (KHTML, like Gecko) Chrome/117.0.5938.132 Safari/537.36"
34.72.176.129 - - [17/Aug/2024:09:23:17 +0000] "GET /assets/js/magnific-popup.js HTTP/1.1" 200 7359 "http://htc.triohotels.in/" "Mozilla/5.0 (Windows NT 10.0; Win64; x64) AppleWebKit/537.36 (KHTML, like Gecko) Chrome/117.0.5938.132 Safari/537.36"
104.197.69.115 - - [17/Aug/2024:09:23:17 +0000] "GET /assets/js/swiper-bundle.js HTTP/1.1" 200 37648 "http://htc.triohotels.in/" "Mozilla/5.0 (Windows NT 10.0; Win64; x64) AppleWebKit/537.36 (KHTML, like Gecko) Chrome/117.0.5938.132 Safari/537.36"
34.72.176.129 - - [17/Aug/2024:09:23:17 +0000] "GET /assets/js/backtotop.js HTTP/1.1" 200 459 "http://htc.triohotels.in/" "Mozilla/5.0 (Windows NT 10.0; Win64; x64) AppleWebKit/537.36 (KHTML, like Gecko) Chrome/117.0.5938.132 Safari/537.36"
34.72.176.129 - - [17/Aug/2024:09:23:17 +0000] "GET /assets/js/slick.js HTTP/1.1" 200 11319 "http://htc.triohotels.in/" "Mozilla/5.0 (Windows NT 10.0; Win64; x64) AppleWebKit/537.36 (KHTML, like Gecko) Chrome/117.0.5938.132 Safari/537.36"
206.81.24.74 - - [17/Aug/2024:09:23:17 +0000] "GET /s/834313e2039313e2233323e2536313/_/;/META-INF/maven/com.atlassian.jira/jira-webapp-dist/pom.properties HTTP/1.1" 404 196 "-" "Go-http-client/1.1"
34.72.176.129 - - [17/Aug/2024:09:23:17 +0000] "GET /assets/fonts/flaticon_royel.ttf?6a84a3bb1e04c1e7f840bd4df1115600 HTTP/1.1" 200 10412 "http://htc.triohotels.in/assets/css/flaticon_royel.css" "Mozilla/5.0 (Windows NT 10.0; Win64; x64) AppleWebKit/537.36 (KHTML, like Gecko) Chrome/117.0.5938.132 Safari/537.36"
206.81.24.74 - - [17/Aug/2024:09:23:17 +0000] "GET /config.json HTTP/1.1" 404 196 "-" "Go-http-client/1.1"
34.72.176.129 - - [17/Aug/2024:09:23:17 +0000] "GET /assets/img/logo/preloader.png HTTP/1.1" 200 5035 "http://htc.triohotels.in/" "Mozilla/5.0 (Windows NT 10.0; Win64; x64) AppleWebKit/537.36 (KHTML, like Gecko) Chrome/117.0.5938.132 Safari/537.36"
34.72.176.129 - - [17/Aug/2024:09:23:17 +0000] "GET /assets/fonts/fa-light-300.woff2 HTTP/1.1" 200 392136 "http://htc.triohotels.in/assets/css/font-awesome-pro.css" "Mozilla/5.0 (Windows NT 10.0; Win64; x64) AppleWebKit/537.36 (KHTML, like Gecko) Chrome/117.0.5938.132 Safari/537.36"
34.122.147.229 - - [17/Aug/2024:09:23:17 +0000] "GET /assets/fonts/fa-solid-900.woff2 HTTP/1.1" 200 303544 "http://htc.triohotels.in/assets/css/font-awesome-pro.css" "Mozilla/5.0 (Windows NT 10.0; Win64; x64) AppleWebKit/537.36 (KHTML, like Gecko) Chrome/117.0.5938.132 Safari/537.36"
34.72.176.129 - - [17/Aug/2024:09:23:17 +0000] "GET /assets/fonts/fa-brands-400.woff2 HTTP/1.1" 200 104740 "http://htc.triohotels.in/assets/css/font-awesome-pro.css" "Mozilla/5.0 (Windows NT 10.0; Win64; x64) AppleWebKit/537.36 (KHTML, like Gecko) Chrome/117.0.5938.132 Safari/537.36"
34.72.176.129 - - [17/Aug/2024:09:23:18 +0000] "GET /assets/img/logo/logo.png HTTP/1.1" 200 5232 "http://htc.triohotels.in/" "Mozilla/5.0 (Windows NT 10.0; Win64; x64) AppleWebKit/537.36 (KHTML, like Gecko) Chrome/117.0.5938.132 Safari/537.36"
206.81.24.74 - - [17/Aug/2024:09:23:18 +0000] "GET /telescope/requests HTTP/1.1" 404 196 "-" "Go-http-client/1.1"
104.197.69.115 - - [17/Aug/2024:09:23:18 +0000] "GET /assets/fonts/fa-thin-100.woff2 HTTP/1.1" 200 426420 "http://htc.triohotels.in/assets/css/font-awesome-pro.css" "Mozilla/5.0 (Windows NT 10.0; Win64; x64) AppleWebKit/537.36 (KHTML, like Gecko) Chrome/117.0.5938.132 Safari/537.36"
34.72.176.129 - - [17/Aug/2024:09:23:18 +0000] "GET /assets/fonts/fa-regular-400.woff2 HTTP/1.1" 200 357732 "http://htc.triohotels.in/assets/css/font-awesome-pro.css" "Mozilla/5.0 (Windows NT 10.0; Win64; x64) AppleWebKit/537.36 (KHTML, like Gecko) Chrome/117.0.5938.132 Safari/537.36"
34.72.176.129 - - [17/Aug/2024:09:23:18 +0000] "GET /assets/js/sidebar.js HTTP/1.1" 200 507 "http://htc.triohotels.in/" "Mozilla/5.0 (Windows NT 10.0; Win64; x64) AppleWebKit/537.36 (KHTML, like Gecko) Chrome/117.0.5938.132 Safari/537.36"
34.72.176.129 - - [17/Aug/2024:09:23:18 +0000] "GET /assets/js/nice-select.js HTTP/1.1" 200 1048 "http://htc.triohotels.in/" "Mozilla/5.0 (Windows NT 10.0; Win64; x64) AppleWebKit/537.36 (KHTML, like Gecko) Chrome/117.0.5938.132 Safari/537.36"
34.72.176.129 - - [17/Aug/2024:09:23:18 +0000] "GET /assets/js/isotope-pkgd.js HTTP/1.1" 200 9876 "http://htc.triohotels.in/" "Mozilla/5.0 (Windows NT 10.0; Win64; x64) AppleWebKit/537.36 (KHTML, like Gecko) Chrome/117.0.5938.132 Safari/537.36"
34.122.147.229 - - [17/Aug/2024:09:23:18 +0000] "GET /assets/js/imagesloaded-pkgd.js HTTP/1.1" 200 1822 "http://htc.triohotels.in/" "Mozilla/5.0 (Windows NT 10.0; Win64; x64) AppleWebKit/537.36 (KHTML, like Gecko) Chrome/117.0.5938.132 Safari/537.36"
34.72.176.129 - - [17/Aug/2024:09:23:18 +0000] "GET /assets/js/ajax-form.js HTTP/1.1" 200 516 "http://htc.triohotels.in/" "Mozilla/5.0 (Windows NT 10.0; Win64; x64) AppleWebKit/537.36 (KHTML, like Gecko) Chrome/117.0.5938.132 Safari/537.36"
34.72.176.129 - - [17/Aug/2024:09:23:18 +0000] "GET /assets/js/jquery-ui.min.js HTTP/1.1" 200 67610 "http://htc.triohotels.in/" "Mozilla/5.0 (Windows NT 10.0; Win64; x64) AppleWebKit/537.36 (KHTML, like Gecko) Chrome/117.0.5938.132 Safari/537.36"
34.122.147.229 - - [17/Aug/2024:09:23:18 +0000] "GET /assets/js/settings.js HTTP/1.1" 200 2225 "http://htc.triohotels.in/" "Mozilla/5.0 (Windows NT 10.0; Win64; x64) AppleWebKit/537.36 (KHTML, like Gecko) Chrome/117.0.5938.132 Safari/537.36"
34.72.176.129 - - [17/Aug/2024:09:23:18 +0000] "GET /assets/js/wow.min.js HTTP/1.1" 200 2837 "http://htc.triohotels.in/" "Mozilla/5.0 (Windows NT 10.0; Win64; x64) AppleWebKit/537.36 (KHTML, like Gecko) Chrome/117.0.5938.132 Safari/537.36"
206.81.24.74 - - [17/Aug/2024:09:23:18 +0000] "GET /?rest_route=/wp/v2/users/ HTTP/1.1" 200 7475 "-" "Go-http-client/1.1"
104.197.69.115 - - [17/Aug/2024:09:23:18 +0000] "GET /assets/js/main.js HTTP/1.1" 200 4360 "http://htc.triohotels.in/" "Mozilla/5.0 (Windows NT 10.0; Win64; x64) AppleWebKit/537.36 (KHTML, like Gecko) Chrome/117.0.5938.132 Safari/537.36"
34.72.176.129 - - [17/Aug/2024:09:23:18 +0000] "GET /assets/img/bg/welcome-bg-3.jpg HTTP/1.1" 200 168597 "http://htc.triohotels.in/" "Mozilla/5.0 (Windows NT 10.0; Win64; x64) AppleWebKit/537.36 (KHTML, like Gecko) Chrome/117.0.5938.132 Safari/537.36"
34.122.147.229 - - [17/Aug/2024:09:23:18 +0000] "GET /assets/img/gallery/pool.jpg HTTP/1.1" 200 319047 "http://htc.triohotels.in/" "Mozilla/5.0 (Windows NT 10.0; Win64; x64) AppleWebKit/537.36 (KHTML, like Gecko) Chrome/117.0.5938.132 Safari/537.36"
34.122.147.229 - - [17/Aug/2024:09:23:18 +0000] "GET /assets/img/gallery/pool.jpg HTTP/1.1" 200 319047 "http://htc.triohotels.in/" "Mozilla/5.0 (X11; Linux x86_64) AppleWebKit/537.36 (KHTML, like Gecko) HeadlessChrome/92.0.4515.159 Safari/537.36"
104.197.69.115 - - [17/Aug/2024:09:23:18 +0000] "GET /assets/img/gallery/help-desk.jpg HTTP/1.1" 200 386084 "http://htc.triohotels.in/" "Mozilla/5.0 (Windows NT 10.0; Win64; x64) AppleWebKit/537.36 (KHTML, like Gecko) Chrome/117.0.5938.132 Safari/537.36"
34.122.147.229 - - [17/Aug/2024:09:23:19 +0000] "GET /assets/img/gallery/fitness.jpg HTTP/1.1" 200 357710 "http://htc.triohotels.in/" "Mozilla/5.0 (Windows NT 10.0; Win64; x64) AppleWebKit/537.36 (KHTML, like Gecko) Chrome/117.0.5938.132 Safari/537.36"
104.197.69.115 - - [17/Aug/2024:09:23:19 +0000] "GET /assets/img/gallery/laundry.jpg HTTP/1.1" 200 183829 "http://htc.triohotels.in/" "Mozilla/5.0 (Windows NT 10.0; Win64; x64) AppleWebKit/537.36 (KHTML, like Gecko) Chrome/117.0.5938.132 Safari/537.36"
34.72.176.129 - - [17/Aug/2024:09:23:19 +0000] "GET /assets/img/bg/welcome-bg-2.jpg HTTP/1.1" 200 178579 "http://htc.triohotels.in/" "Mozilla/5.0 (Windows NT 10.0; Win64; x64) AppleWebKit/537.36 (KHTML, like Gecko) Chrome/117.0.5938.132 Safari/537.36"
34.72.176.129 - - [17/Aug/2024:09:23:19 +0000] "GET /assets/img/bg/room-view.jpg HTTP/1.1" 200 1975892 "http://htc.triohotels.in/" "Mozilla/5.0 (Windows NT 10.0; Win64; x64) AppleWebKit/537.36 (KHTML, like Gecko) Chrome/117.0.5938.132 Safari/537.36"
34.72.176.129 - - [17/Aug/2024:09:23:19 +0000] "GET /assets/img/gallery/business-center.jpg HTTP/1.1" 200 812959 "http://htc.triohotels.in/" "Mozilla/5.0 (Windows NT 10.0; Win64; x64) AppleWebKit/537.36 (KHTML, like Gecko) Chrome/117.0.5938.132 Safari/537.36"
34.72.176.129 - - [17/Aug/2024:09:23:19 +0000] "GET /assets/img/gallery/parking.jpg HTTP/1.1" 200 604310 "http://htc.triohotels.in/" "Mozilla/5.0 (Windows NT 10.0; Win64; x64) AppleWebKit/537.36 (KHTML, like Gecko) Chrome/117.0.5938.132 Safari/537.36"
34.122.147.229 - - [17/Aug/2024:09:23:19 +0000] "GET /assets/img/room/1.jpg HTTP/1.1" 200 232239 "http://htc.triohotels.in/" "Mozilla/5.0 (Windows NT 10.0; Win64; x64) AppleWebKit/537.36 (KHTML, like Gecko) Chrome/117.0.5938.132 Safari/537.36"
104.197.69.115 - - [17/Aug/2024:09:23:19 +0000] "GET /assets/img/room/2.jpg HTTP/1.1" 200 72014 "http://htc.triohotels.in/" "Mozilla/5.0 (Windows NT 10.0; Win64; x64) AppleWebKit/537.36 (KHTML, like Gecko) Chrome/117.0.5938.132 Safari/537.36"
34.72.176.129 - - [17/Aug/2024:09:23:19 +0000] "GET /assets/img/room/3.jpg HTTP/1.1" 200 61648 "http://htc.triohotels.in/" "Mozilla/5.0 (Windows NT 10.0; Win64; x64) AppleWebKit/537.36 (KHTML, like Gecko) Chrome/117.0.5938.132 Safari/537.36"
34.72.176.129 - - [17/Aug/2024:09:23:19 +0000] "GET /assets/img/testimonials/user-1.jpg HTTP/1.1" 200 83743 "http://htc.triohotels.in/" "Mozilla/5.0 (Windows NT 10.0; Win64; x64) AppleWebKit/537.36 (KHTML, like Gecko) Chrome/117.0.5938.132 Safari/537.36"
34.72.176.129 - - [17/Aug/2024:09:23:19 +0000] "GET /assets/img/testimonials/user-2.jpg HTTP/1.1" 200 99210 "http://htc.triohotels.in/" "Mozilla/5.0 (Windows NT 10.0; Win64; x64) AppleWebKit/537.36 (KHTML, like Gecko) Chrome/117.0.5938.132 Safari/537.36"
34.122.147.229 - - [17/Aug/2024:09:23:19 +0000] "GET /assets/img/gallery/laundry.jpg HTTP/1.1" 200 183829 "http://htc.triohotels.in/" "Mozilla/5.0 (X11; Linux x86_64) AppleWebKit/537.36 (KHTML, like Gecko) HeadlessChrome/92.0.4515.159 Safari/537.36"
34.72.176.129 - - [17/Aug/2024:09:23:19 +0000] "GET /assets/img/testimonials/user-3.jpg HTTP/1.1" 200 1121 "http://htc.triohotels.in/" "Mozilla/5.0 (Windows NT 10.0; Win64; x64) AppleWebKit/537.36 (KHTML, like Gecko) Chrome/117.0.5938.132 Safari/537.36"
34.122.147.229 - - [17/Aug/2024:09:23:19 +0000] "GET /assets/img/gallery/fitness.jpg HTTP/1.1" 200 357710 "http://htc.triohotels.in/" "Mozilla/5.0 (X11; Linux x86_64) AppleWebKit/537.36 (KHTML, like Gecko) HeadlessChrome/92.0.4515.159 Safari/537.36"
104.197.69.115 - - [17/Aug/2024:09:23:19 +0000] "GET /assets/img/gallery/main-2.jpg HTTP/1.1" 200 26483 "http://htc.triohotels.in/" "Mozilla/5.0 (Windows NT 10.0; Win64; x64) AppleWebKit/537.36 (KHTML, like Gecko) Chrome/117.0.5938.132 Safari/537.36"
34.72.176.129 - - [17/Aug/2024:09:23:19 +0000] "GET /assets/img/gallery/main-4.jpg HTTP/1.1" 200 52426 "http://htc.triohotels.in/" "Mozilla/5.0 (Windows NT 10.0; Win64; x64) AppleWebKit/537.36 (KHTML, like Gecko) Chrome/117.0.5938.132 Safari/537.36"
34.72.176.129 - - [17/Aug/2024:09:23:19 +0000] "GET /assets/img/gallery/main-5.jpg HTTP/1.1" 200 28004 "http://htc.triohotels.in/" "Mozilla/5.0 (Windows NT 10.0; Win64; x64) AppleWebKit/537.36 (KHTML, like Gecko) Chrome/117.0.5938.132 Safari/537.36"
34.122.147.229 - - [17/Aug/2024:09:23:19 +0000] "GET /assets/img/gallery/main-1.jpg HTTP/1.1" 200 62173 "http://htc.triohotels.in/" "Mozilla/5.0 (Windows NT 10.0; Win64; x64) AppleWebKit/537.36 (KHTML, like Gecko) Chrome/117.0.5938.132 Safari/537.36"
34.123.170.104 - - [17/Aug/2024:09:23:19 +0000] "GET /assets/img/gallery/parking.jpg HTTP/1.1" 200 604318 "http://htc.triohotels.in/" "Mozilla/5.0 (X11; Linux x86_64) AppleWebKit/537.36 (KHTML, like Gecko) HeadlessChrome/92.0.4515.159 Safari/537.36"
34.72.176.129 - - [17/Aug/2024:09:23:19 +0000] "GET /assets/img/gallery/main-6.jpg HTTP/1.1" 200 24823 "http://htc.triohotels.in/" "Mozilla/5.0 (Windows NT 10.0; Win64; x64) AppleWebKit/537.36 (KHTML, like Gecko) Chrome/117.0.5938.132 Safari/537.36"
34.72.176.129 - - [17/Aug/2024:09:23:20 +0000] "GET /assets/img/gallery/main-9.jpg HTTP/1.1" 200 61265 "http://htc.triohotels.in/" "Mozilla/5.0 (Windows NT 10.0; Win64; x64) AppleWebKit/537.36 (KHTML, like Gecko) Chrome/117.0.5938.132 Safari/537.36"
104.197.69.115 - - [17/Aug/2024:09:23:20 +0000] "GET /assets/img/gallery/main-10.jpg HTTP/1.1" 200 55669 "http://htc.triohotels.in/" "Mozilla/5.0 (Windows NT 10.0; Win64; x64) AppleWebKit/537.36 (KHTML, like Gecko) Chrome/117.0.5938.132 Safari/537.36"
34.72.176.129 - - [17/Aug/2024:09:23:20 +0000] "GET /assets/img/gallery/main-15.jpg HTTP/1.1" 404 196 "http://htc.triohotels.in/" "Mozilla/5.0 (Windows NT 10.0; Win64; x64) AppleWebKit/537.36 (KHTML, like Gecko) Chrome/117.0.5938.132 Safari/537.36"
34.72.176.129 - - [17/Aug/2024:09:23:20 +0000] "GET /assets/img/gallery/main-19.jpg HTTP/1.1" 200 24939 "http://htc.triohotels.in/" "Mozilla/5.0 (Windows NT 10.0; Win64; x64) AppleWebKit/537.36 (KHTML, like Gecko) Chrome/117.0.5938.132 Safari/537.36"
34.72.176.129 - - [17/Aug/2024:09:23:20 +0000] "GET /assets/img/service/1.jpg HTTP/1.1" 200 33558 "http://htc.triohotels.in/" "Mozilla/5.0 (Windows NT 10.0; Win64; x64) AppleWebKit/537.36 (KHTML, like Gecko) Chrome/117.0.5938.132 Safari/537.36"
34.72.176.129 - - [17/Aug/2024:09:23:20 +0000] "GET /assets/img/service/2.jpg HTTP/1.1" 200 28651 "http://htc.triohotels.in/" "Mozilla/5.0 (Windows NT 10.0; Win64; x64) AppleWebKit/537.36 (KHTML, like Gecko) Chrome/117.0.5938.132 Safari/537.36"
104.197.69.115 - - [17/Aug/2024:09:23:20 +0000] "GET /assets/img/service/3.jpg HTTP/1.1" 200 31907 "http://htc.triohotels.in/" "Mozilla/5.0 (Windows NT 10.0; Win64; x64) AppleWebKit/537.36 (KHTML, like Gecko) Chrome/117.0.5938.132 Safari/537.36"
34.72.176.129 - - [17/Aug/2024:09:23:20 +0000] "GET /assets/img/service/4.jpg HTTP/1.1" 200 13530 "http://htc.triohotels.in/" "Mozilla/5.0 (Windows NT 10.0; Win64; x64) AppleWebKit/537.36 (KHTML, like Gecko) Chrome/117.0.5938.132 Safari/537.36"
34.72.176.129 - - [17/Aug/2024:09:23:20 +0000] "GET /assets/img/service/5.jpg HTTP/1.1" 200 20035 "http://htc.triohotels.in/" "Mozilla/5.0 (Windows NT 10.0; Win64; x64) AppleWebKit/537.36 (KHTML, like Gecko) Chrome/117.0.5938.132 Safari/537.36"
34.122.147.229 - - [17/Aug/2024:09:23:20 +0000] "GET /assets/img/bg/bd-room.jpg HTTP/1.1" 200 502774 "http://htc.triohotels.in/" "Mozilla/5.0 (Windows NT 10.0; Win64; x64) AppleWebKit/537.36 (KHTML, like Gecko) Chrome/117.0.5938.132 Safari/537.36"
34.122.147.229 - - [17/Aug/2024:09:23:20 +0000] "GET /assets/img/room/2.jpg HTTP/1.1" 200 72014 "http://htc.triohotels.in/" "Mozilla/5.0 (X11; Linux x86_64) AppleWebKit/537.36 (KHTML, like Gecko) HeadlessChrome/92.0.4515.159 Safari/537.36"
34.72.176.129 - - [17/Aug/2024:09:23:20 +0000] "GET /assets/img/bg/award.jpg HTTP/1.1" 200 50087 "http://htc.triohotels.in/" "Mozilla/5.0 (Windows NT 10.0; Win64; x64) AppleWebKit/537.36 (KHTML, like Gecko) Chrome/117.0.5938.132 Safari/537.36"
34.123.170.104 - - [17/Aug/2024:09:23:20 +0000] "GET /assets/img/room/3.jpg HTTP/1.1" 200 61648 "http://htc.triohotels.in/" "Mozilla/5.0 (X11; Linux x86_64) AppleWebKit/537.36 (KHTML, like Gecko) HeadlessChrome/92.0.4515.159 Safari/537.36"
34.122.147.229 - - [17/Aug/2024:09:23:20 +0000] "GET /assets/img/room/1.jpg HTTP/1.1" 200 232239 "http://htc.triohotels.in/" "Mozilla/5.0 (X11; Linux x86_64) AppleWebKit/537.36 (KHTML, like Gecko) HeadlessChrome/92.0.4515.159 Safari/537.36"
34.122.147.229 - - [17/Aug/2024:09:23:20 +0000] "GET /assets/img/testimonials/user-1.jpg HTTP/1.1" 200 83743 "http://htc.triohotels.in/" "Mozilla/5.0 (X11; Linux x86_64) AppleWebKit/537.36 (KHTML, like Gecko) HeadlessChrome/92.0.4515.159 Safari/537.36"
34.72.176.129 - - [17/Aug/2024:09:23:21 +0000] "GET /assets/img/gallery/help-desk.jpg HTTP/1.1" 200 386084 "http://htc.triohotels.in/" "Mozilla/5.0 (X11; Linux x86_64) AppleWebKit/537.36 (KHTML, like Gecko) HeadlessChrome/92.0.4515.159 Safari/537.36"
34.123.170.104 - - [17/Aug/2024:09:23:21 +0000] "GET /assets/img/testimonials/user-2.jpg HTTP/1.1" 200 99210 "http://htc.triohotels.in/" "Mozilla/5.0 (X11; Linux x86_64) AppleWebKit/537.36 (KHTML, like Gecko) HeadlessChrome/92.0.4515.159 Safari/537.36"
205.169.39.116 - - [17/Aug/2024:09:23:21 +0000] "GET /assets/js/vendor/jquery.js HTTP/1.1" 200 30960 "http://htc.triohotels.in/" "Mozilla/5.0 (Windows NT 6.1; Win64; x64) AppleWebKit/537.36 (KHTML, like Gecko) Chrome/83.0.4103.61 Safari/537.36"
34.122.147.229 - - [17/Aug/2024:09:23:21 +0000] "GET /assets/img/testimonials/user-3.jpg HTTP/1.1" 200 1121 "http://htc.triohotels.in/" "Mozilla/5.0 (X11; Linux x86_64) AppleWebKit/537.36 (KHTML, like Gecko) HeadlessChrome/92.0.4515.159 Safari/537.36"
34.122.147.229 - - [17/Aug/2024:09:23:21 +0000] "GET /assets/img/gallery/main-1.jpg HTTP/1.1" 200 62173 "http://htc.triohotels.in/" "Mozilla/5.0 (X11; Linux x86_64) AppleWebKit/537.36 (KHTML, like Gecko) HeadlessChrome/92.0.4515.159 Safari/537.36"
34.72.176.129 - - [17/Aug/2024:09:23:21 +0000] "GET /assets/img/gallery/main-2.jpg HTTP/1.1" 200 26483 "http://htc.triohotels.in/" "Mozilla/5.0 (X11; Linux x86_64) AppleWebKit/537.36 (KHTML, like Gecko) HeadlessChrome/92.0.4515.159 Safari/537.36"
34.122.147.229 - - [17/Aug/2024:09:23:21 +0000] "GET /assets/img/gallery/main-4.jpg HTTP/1.1" 200 52426 "http://htc.triohotels.in/" "Mozilla/5.0 (X11; Linux x86_64) AppleWebKit/537.36 (KHTML, like Gecko) HeadlessChrome/92.0.4515.159 Safari/537.36"
34.123.170.104 - - [17/Aug/2024:09:23:21 +0000] "GET /assets/img/gallery/main-5.jpg HTTP/1.1" 200 28004 "http://htc.triohotels.in/" "Mozilla/5.0 (X11; Linux x86_64) AppleWebKit/537.36 (KHTML, like Gecko) HeadlessChrome/92.0.4515.159 Safari/537.36"
34.122.147.229 - - [17/Aug/2024:09:23:21 +0000] "GET /assets/img/gallery/business-center.jpg HTTP/1.1" 200 812967 "http://htc.triohotels.in/" "Mozilla/5.0 (X11; Linux x86_64) AppleWebKit/537.36 (KHTML, like Gecko) HeadlessChrome/92.0.4515.159 Safari/537.36"
34.72.176.129 - - [17/Aug/2024:09:23:21 +0000] "GET /assets/img/gallery/main-6.jpg HTTP/1.1" 200 24823 "http://htc.triohotels.in/" "Mozilla/5.0 (X11; Linux x86_64) AppleWebKit/537.36 (KHTML, like Gecko) HeadlessChrome/92.0.4515.159 Safari/537.36"
34.122.147.229 - - [17/Aug/2024:09:23:21 +0000] "GET /assets/img/gallery/main-9.jpg HTTP/1.1" 200 61265 "http://htc.triohotels.in/" "Mozilla/5.0 (X11; Linux x86_64) AppleWebKit/537.36 (KHTML, like Gecko) HeadlessChrome/92.0.4515.159 Safari/537.36"
34.123.170.104 - - [17/Aug/2024:09:23:21 +0000] "GET /assets/img/gallery/main-10.jpg HTTP/1.1" 200 55669 "http://htc.triohotels.in/" "Mozilla/5.0 (X11; Linux x86_64) AppleWebKit/537.36 (KHTML, like Gecko) HeadlessChrome/92.0.4515.159 Safari/537.36"
34.122.147.229 - - [17/Aug/2024:09:23:21 +0000] "GET /assets/img/gallery/main-15.jpg HTTP/1.1" 404 196 "http://htc.triohotels.in/" "Mozilla/5.0 (X11; Linux x86_64) AppleWebKit/537.36 (KHTML, like Gecko) HeadlessChrome/92.0.4515.159 Safari/537.36"
34.72.176.129 - - [17/Aug/2024:09:23:21 +0000] "GET /assets/img/gallery/main-19.jpg HTTP/1.1" 200 24939 "http://htc.triohotels.in/" "Mozilla/5.0 (X11; Linux x86_64) AppleWebKit/537.36 (KHTML, like Gecko) HeadlessChrome/92.0.4515.159 Safari/537.36"
34.123.170.104 - - [17/Aug/2024:09:23:22 +0000] "GET /assets/img/service/1.jpg HTTP/1.1" 200 33558 "http://htc.triohotels.in/" "Mozilla/5.0 (X11; Linux x86_64) AppleWebKit/537.36 (KHTML, like Gecko) HeadlessChrome/92.0.4515.159 Safari/537.36"
34.122.147.229 - - [17/Aug/2024:09:23:22 +0000] "GET /assets/img/service/2.jpg HTTP/1.1" 200 28651 "http://htc.triohotels.in/" "Mozilla/5.0 (X11; Linux x86_64) AppleWebKit/537.36 (KHTML, like Gecko) HeadlessChrome/92.0.4515.159 Safari/537.36"
34.72.176.129 - - [17/Aug/2024:09:23:22 +0000] "GET /assets/img/service/3.jpg HTTP/1.1" 200 31907 "http://htc.triohotels.in/" "Mozilla/5.0 (X11; Linux x86_64) AppleWebKit/537.36 (KHTML, like Gecko) HeadlessChrome/92.0.4515.159 Safari/537.36"
34.123.170.104 - - [17/Aug/2024:09:23:22 +0000] "GET /assets/img/service/4.jpg HTTP/1.1" 200 13530 "http://htc.triohotels.in/" "Mozilla/5.0 (X11; Linux x86_64) AppleWebKit/537.36 (KHTML, like Gecko) HeadlessChrome/92.0.4515.159 Safari/537.36"
34.122.147.229 - - [17/Aug/2024:09:23:22 +0000] "GET /assets/img/service/5.jpg HTTP/1.1" 200 20035 "http://htc.triohotels.in/" "Mozilla/5.0 (X11; Linux x86_64) AppleWebKit/537.36 (KHTML, like Gecko) HeadlessChrome/92.0.4515.159 Safari/537.36"
34.122.147.229 - - [17/Aug/2024:09:23:22 +0000] "GET /assets/img/bg/award.jpg HTTP/1.1" 200 50087 "http://htc.triohotels.in/" "Mozilla/5.0 (X11; Linux x86_64) AppleWebKit/537.36 (KHTML, like Gecko) HeadlessChrome/92.0.4515.159 Safari/537.36"
205.169.39.116 - - [17/Aug/2024:09:23:22 +0000] "GET /assets/js/bootstrap-bundle.js HTTP/1.1" 200 23028 "http://htc.triohotels.in/" "Mozilla/5.0 (Windows NT 6.1; Win64; x64) AppleWebKit/537.36 (KHTML, like Gecko) Chrome/83.0.4103.61 Safari/537.36"
205.169.39.116 - - [17/Aug/2024:09:23:23 +0000] "GET /assets/js/meanmenu.js HTTP/1.1" 200 3455 "http://htc.triohotels.in/" "Mozilla/5.0 (Windows NT 6.1; Win64; x64) AppleWebKit/537.36 (KHTML, like Gecko) Chrome/83.0.4103.61 Safari/537.36"
34.122.147.229 - - [17/Aug/2024:09:23:23 +0000] "GET /assets/img/bg/bd-room.jpg HTTP/1.1" 200 502774 "http://htc.triohotels.in/" "Mozilla/5.0 (X11; Linux x86_64) AppleWebKit/537.36 (KHTML, like Gecko) HeadlessChrome/92.0.4515.159 Safari/537.36"
205.169.39.116 - - [17/Aug/2024:09:23:23 +0000] "GET /assets/js/swiper-bundle.js HTTP/1.1" 200 37648 "http://htc.triohotels.in/" "Mozilla/5.0 (Windows NT 6.1; Win64; x64) AppleWebKit/537.36 (KHTML, like Gecko) Chrome/83.0.4103.61 Safari/537.36"
205.169.39.116 - - [17/Aug/2024:09:23:24 +0000] "GET /assets/js/slick.js HTTP/1.1" 200 11319 "http://htc.triohotels.in/" "Mozilla/5.0 (Windows NT 6.1; Win64; x64) AppleWebKit/537.36 (KHTML, like Gecko) Chrome/83.0.4103.61 Safari/537.36"
205.169.39.116 - - [17/Aug/2024:09:23:25 +0000] "GET /assets/js/magnific-popup.js HTTP/1.1" 200 7359 "http://htc.triohotels.in/" "Mozilla/5.0 (Windows NT 6.1; Win64; x64) AppleWebKit/537.36 (KHTML, like Gecko) Chrome/83.0.4103.61 Safari/537.36"
104.197.69.115 - - [17/Aug/2024:09:23:25 +0000] "GET /assets/img/bg/room-view.jpg HTTP/1.1" 200 1975919 "http://htc.triohotels.in/" "Mozilla/5.0 (X11; Linux x86_64) AppleWebKit/537.36 (KHTML, like Gecko) HeadlessChrome/92.0.4515.159 Safari/537.36"
205.169.39.116 - - [17/Aug/2024:09:23:25 +0000] "GET /assets/js/backtotop.js HTTP/1.1" 200 459 "http://htc.triohotels.in/" "Mozilla/5.0 (Windows NT 6.1; Win64; x64) AppleWebKit/537.36 (KHTML, like Gecko) Chrome/83.0.4103.61 Safari/537.36"
205.169.39.116 - - [17/Aug/2024:09:23:26 +0000] "GET /assets/js/nice-select.js HTTP/1.1" 200 1048 "http://htc.triohotels.in/" "Mozilla/5.0 (Windows NT 6.1; Win64; x64) AppleWebKit/537.36 (KHTML, like Gecko) Chrome/83.0.4103.61 Safari/537.36"
205.169.39.116 - - [17/Aug/2024:09:23:26 +0000] "GET /assets/js/sidebar.js HTTP/1.1" 200 507 "http://htc.triohotels.in/" "Mozilla/5.0 (Windows NT 6.1; Win64; x64) AppleWebKit/537.36 (KHTML, like Gecko) Chrome/83.0.4103.61 Safari/537.36"
205.169.39.116 - - [17/Aug/2024:09:23:26 +0000] "GET /assets/js/isotope-pkgd.js HTTP/1.1" 200 9876 "http://htc.triohotels.in/" "Mozilla/5.0 (Windows NT 6.1; Win64; x64) AppleWebKit/537.36 (KHTML, like Gecko) Chrome/83.0.4103.61 Safari/537.36"
205.169.39.116 - - [17/Aug/2024:09:23:27 +0000] "GET /assets/js/imagesloaded-pkgd.js HTTP/1.1" 200 1822 "http://htc.triohotels.in/" "Mozilla/5.0 (Windows NT 6.1; Win64; x64) AppleWebKit/537.36 (KHTML, like Gecko) Chrome/83.0.4103.61 Safari/537.36"
205.169.39.116 - - [17/Aug/2024:09:23:27 +0000] "GET /assets/js/ajax-form.js HTTP/1.1" 200 516 "http://htc.triohotels.in/" "Mozilla/5.0 (Windows NT 6.1; Win64; x64) AppleWebKit/537.36 (KHTML, like Gecko) Chrome/83.0.4103.61 Safari/537.36"
205.169.39.116 - - [17/Aug/2024:09:23:30 +0000] "GET /assets/js/jquery-ui.min.js HTTP/1.1" 200 67610 "http://htc.triohotels.in/" "Mozilla/5.0 (Windows NT 6.1; Win64; x64) AppleWebKit/537.36 (KHTML, like Gecko) Chrome/83.0.4103.61 Safari/537.36"
205.169.39.116 - - [17/Aug/2024:09:23:31 +0000] "GET /assets/js/settings.js HTTP/1.1" 200 2225 "http://htc.triohotels.in/" "Mozilla/5.0 (Windows NT 6.1; Win64; x64) AppleWebKit/537.36 (KHTML, like Gecko) Chrome/83.0.4103.61 Safari/537.36"
205.169.39.116 - - [17/Aug/2024:09:23:32 +0000] "GET /assets/js/wow.min.js HTTP/1.1" 200 2837 "http://htc.triohotels.in/" "Mozilla/5.0 (Windows NT 6.1; Win64; x64) AppleWebKit/537.36 (KHTML, like Gecko) Chrome/83.0.4103.61 Safari/537.36"
205.169.39.116 - - [17/Aug/2024:09:23:32 +0000] "GET /assets/js/main.js HTTP/1.1" 200 4360 "http://htc.triohotels.in/" "Mozilla/5.0 (Windows NT 6.1; Win64; x64) AppleWebKit/537.36 (KHTML, like Gecko) Chrome/83.0.4103.61 Safari/537.36"
205.169.39.116 - - [17/Aug/2024:09:23:37 +0000] "GET / HTTP/1.1" 200 7475 "-" "Mozilla/5.0 (Windows NT 10.0; Win64; x64) AppleWebKit/537.36 (KHTML, like Gecko) Chrome/79.0.3945.79 Safari/537.36"
205.169.39.116 - - [17/Aug/2024:09:23:37 +0000] "GET /assets/css/bootstrap.css HTTP/1.1" 200 23912 "http://htc.triohotels.in/" "Mozilla/5.0 (Windows NT 10.0; Win64; x64) AppleWebKit/537.36 (KHTML, like Gecko) Chrome/79.0.3945.79 Safari/537.36"
205.169.39.116 - - [17/Aug/2024:09:23:37 +0000] "GET /assets/css/meanmenu.css HTTP/1.1" 200 922 "http://htc.triohotels.in/" "Mozilla/5.0 (Windows NT 10.0; Win64; x64) AppleWebKit/537.36 (KHTML, like Gecko) Chrome/79.0.3945.79 Safari/537.36"
205.169.39.116 - - [17/Aug/2024:09:23:37 +0000] "GET /assets/css/slick.css HTTP/1.1" 200 581 "http://htc.triohotels.in/" "Mozilla/5.0 (Windows NT 10.0; Win64; x64) AppleWebKit/537.36 (KHTML, like Gecko) Chrome/79.0.3945.79 Safari/537.36"
205.169.39.116 - - [17/Aug/2024:09:23:37 +0000] "GET /assets/css/animate.min.css HTTP/1.1" 200 5008 "http://htc.triohotels.in/" "Mozilla/5.0 (Windows NT 10.0; Win64; x64) AppleWebKit/537.36 (KHTML, like Gecko) Chrome/79.0.3945.79 Safari/537.36"
205.169.39.116 - - [17/Aug/2024:09:23:37 +0000] "GET /assets/css/swiper-bundle.css HTTP/1.1" 200 4417 "http://htc.triohotels.in/" "Mozilla/5.0 (Windows NT 10.0; Win64; x64) AppleWebKit/537.36 (KHTML, like Gecko) Chrome/79.0.3945.79 Safari/537.36"
205.169.39.116 - - [17/Aug/2024:09:23:37 +0000] "GET /assets/css/jquery-ui.min.css HTTP/1.1" 200 7619 "http://htc.triohotels.in/" "Mozilla/5.0 (Windows NT 10.0; Win64; x64) AppleWebKit/537.36 (KHTML, like Gecko) Chrome/79.0.3945.79 Safari/537.36"
205.169.39.116 - - [17/Aug/2024:09:23:37 +0000] "GET /assets/css/nouislider.css HTTP/1.1" 200 1598 "http://htc.triohotels.in/" "Mozilla/5.0 (Windows NT 10.0; Win64; x64) AppleWebKit/537.36 (KHTML, like Gecko) Chrome/79.0.3945.79 Safari/537.36"
195.211.77.140 - - [17/Aug/2024:09:23:37 +0000] "HEAD / HTTP/1.1" 200 0 "-" "Mozilla/5.0 (Windows NT 10.0; Win64; x64) AppleWebKit/537.36 (KHTML, like Gecko) Chrome/108.0.0.0 Safari/537.36"
205.169.39.116 - - [17/Aug/2024:09:23:38 +0000] "GET /assets/css/magnific-popup.css HTTP/1.1" 200 1828 "http://htc.triohotels.in/" "Mozilla/5.0 (Windows NT 10.0; Win64; x64) AppleWebKit/537.36 (KHTML, like Gecko) Chrome/79.0.3945.79 Safari/537.36"
205.169.39.116 - - [17/Aug/2024:09:23:38 +0000] "GET /assets/css/backtotop.css HTTP/1.1" 200 504 "http://htc.triohotels.in/" "Mozilla/5.0 (Windows NT 10.0; Win64; x64) AppleWebKit/537.36 (KHTML, like Gecko) Chrome/79.0.3945.79 Safari/537.36"
205.169.39.116 - - [17/Aug/2024:09:23:38 +0000] "GET /assets/css/nice-select.css HTTP/1.1" 200 964 "http://htc.triohotels.in/" "Mozilla/5.0 (Windows NT 10.0; Win64; x64) AppleWebKit/537.36 (KHTML, like Gecko) Chrome/79.0.3945.79 Safari/537.36"
205.169.39.116 - - [17/Aug/2024:09:23:38 +0000] "GET /assets/css/flaticon_royel.css HTTP/1.1" 200 565 "http://htc.triohotels.in/" "Mozilla/5.0 (Windows NT 10.0; Win64; x64) AppleWebKit/537.36 (KHTML, like Gecko) Chrome/79.0.3945.79 Safari/537.36"
205.169.39.116 - - [17/Aug/2024:09:23:38 +0000] "GET /assets/css/spacing.css HTTP/1.1" 200 2142 "http://htc.triohotels.in/" "Mozilla/5.0 (Windows NT 10.0; Win64; x64) AppleWebKit/537.36 (KHTML, like Gecko) Chrome/79.0.3945.79 Safari/537.36"
205.169.39.116 - - [17/Aug/2024:09:23:38 +0000] "GET /assets/css/main.css HTTP/1.1" 200 28223 "http://htc.triohotels.in/" "Mozilla/5.0 (Windows NT 10.0; Win64; x64) AppleWebKit/537.36 (KHTML, like Gecko) Chrome/79.0.3945.79 Safari/537.36"
205.169.39.116 - - [17/Aug/2024:09:23:39 +0000] "GET /assets/css/font-awesome-pro.css HTTP/1.1" 200 77984 "http://htc.triohotels.in/" "Mozilla/5.0 (Windows NT 10.0; Win64; x64) AppleWebKit/537.36 (KHTML, like Gecko) Chrome/79.0.3945.79 Safari/537.36"
205.169.39.116 - - [17/Aug/2024:09:23:40 +0000] "GET /assets/js/vendor/jquery.js HTTP/1.1" 200 30960 "http://htc.triohotels.in/" "Mozilla/5.0 (Windows NT 10.0; Win64; x64) AppleWebKit/537.36 (KHTML, like Gecko) Chrome/79.0.3945.79 Safari/537.36"
205.169.39.116 - - [17/Aug/2024:09:23:40 +0000] "GET /assets/js/bootstrap-bundle.js HTTP/1.1" 200 23028 "http://htc.triohotels.in/" "Mozilla/5.0 (Windows NT 10.0; Win64; x64) AppleWebKit/537.36 (KHTML, like Gecko) Chrome/79.0.3945.79 Safari/537.36"
205.169.39.116 - - [17/Aug/2024:09:23:40 +0000] "GET /assets/js/slick.js HTTP/1.1" 200 11319 "http://htc.triohotels.in/" "Mozilla/5.0 (Windows NT 10.0; Win64; x64) AppleWebKit/537.36 (KHTML, like Gecko) Chrome/79.0.3945.79 Safari/537.36"
205.169.39.116 - - [17/Aug/2024:09:23:40 +0000] "GET /assets/js/meanmenu.js HTTP/1.1" 200 3455 "http://htc.triohotels.in/" "Mozilla/5.0 (Windows NT 10.0; Win64; x64) AppleWebKit/537.36 (KHTML, like Gecko) Chrome/79.0.3945.79 Safari/537.36"
205.169.39.116 - - [17/Aug/2024:09:23:40 +0000] "GET /assets/js/magnific-popup.js HTTP/1.1" 200 7359 "http://htc.triohotels.in/" "Mozilla/5.0 (Windows NT 10.0; Win64; x64) AppleWebKit/537.36 (KHTML, like Gecko) Chrome/79.0.3945.79 Safari/537.36"
205.169.39.116 - - [17/Aug/2024:09:23:40 +0000] "GET /assets/js/swiper-bundle.js HTTP/1.1" 200 37648 "http://htc.triohotels.in/" "Mozilla/5.0 (Windows NT 10.0; Win64; x64) AppleWebKit/537.36 (KHTML, like Gecko) Chrome/79.0.3945.79 Safari/537.36"
205.169.39.116 - - [17/Aug/2024:09:23:40 +0000] "GET /assets/js/sidebar.js HTTP/1.1" 200 507 "http://htc.triohotels.in/" "Mozilla/5.0 (Windows NT 10.0; Win64; x64) AppleWebKit/537.36 (KHTML, like Gecko) Chrome/79.0.3945.79 Safari/537.36"
205.169.39.116 - - [17/Aug/2024:09:23:40 +0000] "GET /assets/js/backtotop.js HTTP/1.1" 200 459 "http://htc.triohotels.in/" "Mozilla/5.0 (Windows NT 10.0; Win64; x64) AppleWebKit/537.36 (KHTML, like Gecko) Chrome/79.0.3945.79 Safari/537.36"
205.169.39.116 - - [17/Aug/2024:09:23:40 +0000] "GET /assets/js/nice-select.js HTTP/1.1" 200 1048 "http://htc.triohotels.in/" "Mozilla/5.0 (Windows NT 10.0; Win64; x64) AppleWebKit/537.36 (KHTML, like Gecko) Chrome/79.0.3945.79 Safari/537.36"
205.169.39.116 - - [17/Aug/2024:09:23:41 +0000] "GET /assets/fonts/flaticon_royel.ttf?6a84a3bb1e04c1e7f840bd4df1115600 HTTP/1.1" 200 10412 "http://htc.triohotels.in/assets/css/flaticon_royel.css" "Mozilla/5.0 (Windows NT 10.0; Win64; x64) AppleWebKit/537.36 (KHTML, like Gecko) Chrome/79.0.3945.79 Safari/537.36"
205.169.39.116 - - [17/Aug/2024:09:23:42 +0000] "GET /assets/fonts/fa-brands-400.woff2 HTTP/1.1" 200 104740 "http://htc.triohotels.in/assets/css/font-awesome-pro.css" "Mozilla/5.0 (Windows NT 10.0; Win64; x64) AppleWebKit/537.36 (KHTML, like Gecko) Chrome/79.0.3945.79 Safari/537.36"
193.32.127.213 - - [17/Aug/2024:09:23:42 +0000] "GET / HTTP/1.1" 200 7475 "-" "Mozilla/5.0 (Windows NT 10.0; Win64; x64) AppleWebKit/537.36 (KHTML, like Gecko) Chrome/110.0.0.0 Safari/537.36"
193.32.127.213 - - [17/Aug/2024:09:23:43 +0000] "GET /favicon.ico HTTP/1.1" 404 196 "-" "Mozilla/5.0 (Windows NT 10.0; Win64; x64) AppleWebKit/537.36 (KHTML, like Gecko) Chrome/110.0.0.0 Safari/537.36"
205.169.39.116 - - [17/Aug/2024:09:23:43 +0000] "GET /assets/img/logo/preloader.png HTTP/1.1" 200 5035 "http://htc.triohotels.in/" "Mozilla/5.0 (Windows NT 10.0; Win64; x64) AppleWebKit/537.36 (KHTML, like Gecko) Chrome/79.0.3945.79 Safari/537.36"
205.169.39.116 - - [17/Aug/2024:09:23:43 +0000] "GET /assets/img/logo/logo.png HTTP/1.1" 200 5232 "http://htc.triohotels.in/" "Mozilla/5.0 (Windows NT 10.0; Win64; x64) AppleWebKit/537.36 (KHTML, like Gecko) Chrome/79.0.3945.79 Safari/537.36"
205.169.39.116 - - [17/Aug/2024:09:23:44 +0000] "GET /assets/js/isotope-pkgd.js HTTP/1.1" 200 9876 "http://htc.triohotels.in/" "Mozilla/5.0 (Windows NT 10.0; Win64; x64) AppleWebKit/537.36 (KHTML, like Gecko) Chrome/79.0.3945.79 Safari/537.36"
205.169.39.116 - - [17/Aug/2024:09:23:44 +0000] "GET /assets/js/imagesloaded-pkgd.js HTTP/1.1" 200 1822 "http://htc.triohotels.in/" "Mozilla/5.0 (Windows NT 10.0; Win64; x64) AppleWebKit/537.36 (KHTML, like Gecko) Chrome/79.0.3945.79 Safari/537.36"
205.169.39.116 - - [17/Aug/2024:09:23:44 +0000] "GET /assets/fonts/fa-regular-400.woff2 HTTP/1.1" 200 357732 "http://htc.triohotels.in/assets/css/font-awesome-pro.css" "Mozilla/5.0 (Windows NT 10.0; Win64; x64) AppleWebKit/537.36 (KHTML, like Gecko) Chrome/79.0.3945.79 Safari/537.36"
205.169.39.116 - - [17/Aug/2024:09:23:45 +0000] "GET /assets/js/ajax-form.js HTTP/1.1" 200 516 "http://htc.triohotels.in/" "Mozilla/5.0 (Windows NT 10.0; Win64; x64) AppleWebKit/537.36 (KHTML, like Gecko) Chrome/79.0.3945.79 Safari/537.36"
205.169.39.116 - - [17/Aug/2024:09:23:45 +0000] "GET /assets/js/jquery-ui.min.js HTTP/1.1" 200 67610 "http://htc.triohotels.in/" "Mozilla/5.0 (Windows NT 10.0; Win64; x64) AppleWebKit/537.36 (KHTML, like Gecko) Chrome/79.0.3945.79 Safari/537.36"
205.169.39.116 - - [17/Aug/2024:09:23:45 +0000] "GET /assets/fonts/fa-light-300.woff2 HTTP/1.1" 200 392136 "http://htc.triohotels.in/assets/css/font-awesome-pro.css" "Mozilla/5.0 (Windows NT 10.0; Win64; x64) AppleWebKit/537.36 (KHTML, like Gecko) Chrome/79.0.3945.79 Safari/537.36"
205.169.39.116 - - [17/Aug/2024:09:23:46 +0000] "GET /assets/js/settings.js HTTP/1.1" 200 2225 "http://htc.triohotels.in/" "Mozilla/5.0 (Windows NT 10.0; Win64; x64) AppleWebKit/537.36 (KHTML, like Gecko) Chrome/79.0.3945.79 Safari/537.36"
205.169.39.116 - - [17/Aug/2024:09:23:46 +0000] "GET /assets/fonts/fa-solid-900.woff2 HTTP/1.1" 200 303544 "http://htc.triohotels.in/assets/css/font-awesome-pro.css" "Mozilla/5.0 (Windows NT 10.0; Win64; x64) AppleWebKit/537.36 (KHTML, like Gecko) Chrome/79.0.3945.79 Safari/537.36"
205.169.39.116 - - [17/Aug/2024:09:23:46 +0000] "GET /assets/js/wow.min.js HTTP/1.1" 200 2837 "http://htc.triohotels.in/" "Mozilla/5.0 (Windows NT 10.0; Win64; x64) AppleWebKit/537.36 (KHTML, like Gecko) Chrome/79.0.3945.79 Safari/537.36"
205.169.39.116 - - [17/Aug/2024:09:23:47 +0000] "GET /assets/js/main.js HTTP/1.1" 200 4360 "http://htc.triohotels.in/" "Mozilla/5.0 (Windows NT 10.0; Win64; x64) AppleWebKit/537.36 (KHTML, like Gecko) Chrome/79.0.3945.79 Safari/537.36"
45.87.9.156 - - [17/Aug/2024:09:23:49 +0000] "GET / HTTP/1.1" 200 7475 "-" "Mozilla/5.0 (iPad; CPU OS 11_4 like Mac OS X) AppleWebKit/605.1.15 (KHTML, like Gecko) Version/11.0 Mobile/15E148 Safari/604.1"
205.169.39.116 - - [17/Aug/2024:09:23:49 +0000] "GET /assets/img/bg/welcome-bg-2.jpg HTTP/1.1" 200 178579 "http://htc.triohotels.in/" "Mozilla/5.0 (Windows NT 10.0; Win64; x64) AppleWebKit/537.36 (KHTML, like Gecko) Chrome/79.0.3945.79 Safari/537.36"
205.169.39.116 - - [17/Aug/2024:09:23:49 +0000] "GET /assets/fonts/fa-thin-100.woff2 HTTP/1.1" 200 426420 "http://htc.triohotels.in/assets/css/font-awesome-pro.css" "Mozilla/5.0 (Windows NT 10.0; Win64; x64) AppleWebKit/537.36 (KHTML, like Gecko) Chrome/79.0.3945.79 Safari/537.36"
205.169.39.116 - - [17/Aug/2024:09:23:50 +0000] "GET /assets/img/bg/welcome-bg-3.jpg HTTP/1.1" 200 168597 "http://htc.triohotels.in/" "Mozilla/5.0 (Windows NT 10.0; Win64; x64) AppleWebKit/537.36 (KHTML, like Gecko) Chrome/79.0.3945.79 Safari/537.36"
205.169.39.116 - - [17/Aug/2024:09:23:51 +0000] "GET /assets/img/gallery/pool.jpg HTTP/1.1" 200 319047 "http://htc.triohotels.in/" "Mozilla/5.0 (Windows NT 10.0; Win64; x64) AppleWebKit/537.36 (KHTML, like Gecko) Chrome/79.0.3945.79 Safari/537.36"
205.169.39.116 - - [17/Aug/2024:09:23:52 +0000] "GET /assets/img/gallery/help-desk.jpg HTTP/1.1" 200 386084 "http://htc.triohotels.in/" "Mozilla/5.0 (Windows NT 10.0; Win64; x64) AppleWebKit/537.36 (KHTML, like Gecko) Chrome/79.0.3945.79 Safari/537.36"
205.169.39.116 - - [17/Aug/2024:09:23:53 +0000] "GET /assets/img/gallery/laundry.jpg HTTP/1.1" 200 183829 "http://htc.triohotels.in/" "Mozilla/5.0 (Windows NT 10.0; Win64; x64) AppleWebKit/537.36 (KHTML, like Gecko) Chrome/79.0.3945.79 Safari/537.36"
205.169.39.116 - - [17/Aug/2024:09:23:53 +0000] "GET /assets/img/gallery/business-center.jpg HTTP/1.1" 200 812950 "http://htc.triohotels.in/" "Mozilla/5.0 (Windows NT 10.0; Win64; x64) AppleWebKit/537.36 (KHTML, like Gecko) Chrome/79.0.3945.79 Safari/537.36"
205.169.39.116 - - [17/Aug/2024:09:23:54 +0000] "GET /assets/img/room/2.jpg HTTP/1.1" 200 72014 "http://htc.triohotels.in/" "Mozilla/5.0 (Windows NT 10.0; Win64; x64) AppleWebKit/537.36 (KHTML, like Gecko) Chrome/79.0.3945.79 Safari/537.36"
205.169.39.116 - - [17/Aug/2024:09:23:54 +0000] "GET /assets/img/gallery/parking.jpg HTTP/1.1" 200 604310 "http://htc.triohotels.in/" "Mozilla/5.0 (Windows NT 10.0; Win64; x64) AppleWebKit/537.36 (KHTML, like Gecko) Chrome/79.0.3945.79 Safari/537.36"
205.169.39.116 - - [17/Aug/2024:09:23:54 +0000] "GET /assets/img/room/1.jpg HTTP/1.1" 200 232239 "http://htc.triohotels.in/" "Mozilla/5.0 (Windows NT 10.0; Win64; x64) AppleWebKit/537.36 (KHTML, like Gecko) Chrome/79.0.3945.79 Safari/537.36"
205.169.39.116 - - [17/Aug/2024:09:23:55 +0000] "GET /assets/img/room/3.jpg HTTP/1.1" 200 61648 "http://htc.triohotels.in/" "Mozilla/5.0 (Windows NT 10.0; Win64; x64) AppleWebKit/537.36 (KHTML, like Gecko) Chrome/79.0.3945.79 Safari/537.36"
205.169.39.116 - - [17/Aug/2024:09:23:55 +0000] "GET /assets/img/testimonials/user-1.jpg HTTP/1.1" 200 83743 "http://htc.triohotels.in/" "Mozilla/5.0 (Windows NT 10.0; Win64; x64) AppleWebKit/537.36 (KHTML, like Gecko) Chrome/79.0.3945.79 Safari/537.36"
205.169.39.116 - - [17/Aug/2024:09:23:55 +0000] "GET /assets/img/testimonials/user-2.jpg HTTP/1.1" 200 99210 "http://htc.triohotels.in/" "Mozilla/5.0 (Windows NT 10.0; Win64; x64) AppleWebKit/537.36 (KHTML, like Gecko) Chrome/79.0.3945.79 Safari/537.36"
205.169.39.116 - - [17/Aug/2024:09:23:55 +0000] "GET /assets/img/testimonials/user-3.jpg HTTP/1.1" 200 1121 "http://htc.triohotels.in/" "Mozilla/5.0 (Windows NT 10.0; Win64; x64) AppleWebKit/537.36 (KHTML, like Gecko) Chrome/79.0.3945.79 Safari/537.36"
205.169.39.116 - - [17/Aug/2024:09:23:55 +0000] "GET /assets/img/gallery/main-1.jpg HTTP/1.1" 200 62173 "http://htc.triohotels.in/" "Mozilla/5.0 (Windows NT 10.0; Win64; x64) AppleWebKit/537.36 (KHTML, like Gecko) Chrome/79.0.3945.79 Safari/537.36"
205.169.39.116 - - [17/Aug/2024:09:23:56 +0000] "GET /assets/img/gallery/main-2.jpg HTTP/1.1" 200 26483 "http://htc.triohotels.in/" "Mozilla/5.0 (Windows NT 10.0; Win64; x64) AppleWebKit/537.36 (KHTML, like Gecko) Chrome/79.0.3945.79 Safari/537.36"
205.169.39.116 - - [17/Aug/2024:09:23:56 +0000] "GET /assets/img/gallery/main-4.jpg HTTP/1.1" 200 52426 "http://htc.triohotels.in/" "Mozilla/5.0 (Windows NT 10.0; Win64; x64) AppleWebKit/537.36 (KHTML, like Gecko) Chrome/79.0.3945.79 Safari/537.36"
205.169.39.116 - - [17/Aug/2024:09:23:56 +0000] "GET /assets/img/gallery/main-5.jpg HTTP/1.1" 200 28004 "http://htc.triohotels.in/" "Mozilla/5.0 (Windows NT 10.0; Win64; x64) AppleWebKit/537.36 (KHTML, like Gecko) Chrome/79.0.3945.79 Safari/537.36"
205.169.39.116 - - [17/Aug/2024:09:23:56 +0000] "GET /assets/img/gallery/main-6.jpg HTTP/1.1" 200 24823 "http://htc.triohotels.in/" "Mozilla/5.0 (Windows NT 10.0; Win64; x64) AppleWebKit/537.36 (KHTML, like Gecko) Chrome/79.0.3945.79 Safari/537.36"
205.169.39.116 - - [17/Aug/2024:09:23:56 +0000] "GET /assets/img/gallery/fitness.jpg HTTP/1.1" 200 357710 "http://htc.triohotels.in/" "Mozilla/5.0 (Windows NT 10.0; Win64; x64) AppleWebKit/537.36 (KHTML, like Gecko) Chrome/79.0.3945.79 Safari/537.36"
205.169.39.116 - - [17/Aug/2024:09:23:56 +0000] "GET /assets/img/gallery/main-9.jpg HTTP/1.1" 200 61265 "http://htc.triohotels.in/" "Mozilla/5.0 (Windows NT 10.0; Win64; x64) AppleWebKit/537.36 (KHTML, like Gecko) Chrome/79.0.3945.79 Safari/537.36"
205.169.39.116 - - [17/Aug/2024:09:23:56 +0000] "GET /assets/img/gallery/main-10.jpg HTTP/1.1" 200 55669 "http://htc.triohotels.in/" "Mozilla/5.0 (Windows NT 10.0; Win64; x64) AppleWebKit/537.36 (KHTML, like Gecko) Chrome/79.0.3945.79 Safari/537.36"
205.169.39.116 - - [17/Aug/2024:09:23:56 +0000] "GET /assets/img/gallery/main-15.jpg HTTP/1.1" 404 196 "http://htc.triohotels.in/" "Mozilla/5.0 (Windows NT 10.0; Win64; x64) AppleWebKit/537.36 (KHTML, like Gecko) Chrome/79.0.3945.79 Safari/537.36"
205.169.39.116 - - [17/Aug/2024:09:23:56 +0000] "GET /assets/img/gallery/main-19.jpg HTTP/1.1" 200 24939 "http://htc.triohotels.in/" "Mozilla/5.0 (Windows NT 10.0; Win64; x64) AppleWebKit/537.36 (KHTML, like Gecko) Chrome/79.0.3945.79 Safari/537.36"
205.169.39.116 - - [17/Aug/2024:09:23:57 +0000] "GET /assets/img/service/1.jpg HTTP/1.1" 200 33558 "http://htc.triohotels.in/" "Mozilla/5.0 (Windows NT 10.0; Win64; x64) AppleWebKit/537.36 (KHTML, like Gecko) Chrome/79.0.3945.79 Safari/537.36"
205.169.39.116 - - [17/Aug/2024:09:23:57 +0000] "GET /assets/img/service/2.jpg HTTP/1.1" 200 28651 "http://htc.triohotels.in/" "Mozilla/5.0 (Windows NT 10.0; Win64; x64) AppleWebKit/537.36 (KHTML, like Gecko) Chrome/79.0.3945.79 Safari/537.36"
205.169.39.116 - - [17/Aug/2024:09:23:57 +0000] "GET /assets/img/service/3.jpg HTTP/1.1" 200 31907 "http://htc.triohotels.in/" "Mozilla/5.0 (Windows NT 10.0; Win64; x64) AppleWebKit/537.36 (KHTML, like Gecko) Chrome/79.0.3945.79 Safari/537.36"
205.169.39.116 - - [17/Aug/2024:09:23:57 +0000] "GET /assets/img/service/4.jpg HTTP/1.1" 200 13530 "http://htc.triohotels.in/" "Mozilla/5.0 (Windows NT 10.0; Win64; x64) AppleWebKit/537.36 (KHTML, like Gecko) Chrome/79.0.3945.79 Safari/537.36"
205.169.39.116 - - [17/Aug/2024:09:23:57 +0000] "GET /assets/img/service/5.jpg HTTP/1.1" 200 20035 "http://htc.triohotels.in/" "Mozilla/5.0 (Windows NT 10.0; Win64; x64) AppleWebKit/537.36 (KHTML, like Gecko) Chrome/79.0.3945.79 Safari/537.36"
205.169.39.116 - - [17/Aug/2024:09:23:57 +0000] "GET /assets/img/bg/award.jpg HTTP/1.1" 200 50087 "http://htc.triohotels.in/" "Mozilla/5.0 (Windows NT 10.0; Win64; x64) AppleWebKit/537.36 (KHTML, like Gecko) Chrome/79.0.3945.79 Safari/537.36"
195.211.77.142 - - [17/Aug/2024:09:23:58 +0000] "GET / HTTP/1.1" 200 7475 "-" "Mozilla/5.0 (Windows NT 10.0; Win64; x64) AppleWebKit/537.36 (KHTML, like Gecko) Chrome/108.0.0.0 Safari/537.36"
205.169.39.116 - - [17/Aug/2024:09:23:59 +0000] "GET /assets/img/bg/bd-room.jpg HTTP/1.1" 200 502774 "http://htc.triohotels.in/" "Mozilla/5.0 (Windows NT 10.0; Win64; x64) AppleWebKit/537.36 (KHTML, like Gecko) Chrome/79.0.3945.79 Safari/537.36"
205.169.39.116 - - [17/Aug/2024:09:24:05 +0000] "GET /assets/img/bg/room-view.jpg HTTP/1.1" 200 1310857 "http://htc.triohotels.in/" "Mozilla/5.0 (Windows NT 10.0; Win64; x64) AppleWebKit/537.36 (KHTML, like Gecko) Chrome/79.0.3945.79 Safari/537.36"
34.31.30.41 - - [17/Aug/2024:09:24:57 +0000] "GET / HTTP/1.1" 200 7475 "-" "Mozilla/5.0 (Windows NT 6.1) AppleWebKit/537.36 (KHTML, like Gecko) Chrome/41.0.2228.0 Safari/537.36"
3.89.39.134 - - [17/Aug/2024:09:27:15 +0000] "GET / HTTP/1.1" 200 7475 "-" "Mozilla/5.0 (Windows NT 10.0; Win64; x64) AppleWebKit/537.36 (KHTML, like Gecko) Chrome/103.0.5060.66 Safari/537.36 Edg/103.0.1264.44"
3.89.39.134 - - [17/Aug/2024:09:27:15 +0000] "GET /assets/css/bootstrap.css HTTP/1.1" 200 23912 "http://htc.triohotels.in/" "Mozilla/5.0 (Windows NT 10.0; Win64; x64) AppleWebKit/537.36 (KHTML, like Gecko) Chrome/103.0.5060.66 Safari/537.36 Edg/103.0.1264.44"
3.89.39.134 - - [17/Aug/2024:09:27:15 +0000] "GET /assets/css/swiper-bundle.css HTTP/1.1" 200 4417 "http://htc.triohotels.in/" "Mozilla/5.0 (Windows NT 10.0; Win64; x64) AppleWebKit/537.36 (KHTML, like Gecko) Chrome/103.0.5060.66 Safari/537.36 Edg/103.0.1264.44"
3.89.39.134 - - [17/Aug/2024:09:27:15 +0000] "GET /assets/css/meanmenu.css HTTP/1.1" 200 922 "http://htc.triohotels.in/" "Mozilla/5.0 (Windows NT 10.0; Win64; x64) AppleWebKit/537.36 (KHTML, like Gecko) Chrome/103.0.5060.66 Safari/537.36 Edg/103.0.1264.44"
3.89.39.134 - - [17/Aug/2024:09:27:15 +0000] "GET /assets/css/animate.min.css HTTP/1.1" 200 5008 "http://htc.triohotels.in/" "Mozilla/5.0 (Windows NT 10.0; Win64; x64) AppleWebKit/537.36 (KHTML, like Gecko) Chrome/103.0.5060.66 Safari/537.36 Edg/103.0.1264.44"
