170.39.218.138 - - [24/Mar/2025:19:54:17 +0000] "GET /?uri=http://169.254.169.254/latest/meta-data/iam/security-credentials/ HTTP/1.1" 200 11750 "-" "Mozilla/5.0 (Windows NT 10.0; Win64; x64) AppleWebKit/537.36 (KHTML, like Gecko) Chrome/91.0.4472.124 Safari/537.36"
170.39.218.138 - - [24/Mar/2025:19:54:34 +0000] "GET /?uri=http://169.254.169.254/latest/meta-data/iam/security-credentials/admin-role HTTP/1.1" 200 11649 "-" "Mozilla/5.0 (Windows NT 10.0; Win64; x64) AppleWebKit/537.36 (KHTML, like Gecko) Chrome/91.0.4472.124 Safari/537.36"
170.39.218.138 - - [24/Mar/2025:19:54:35 +0000] "GET /?uri=http://169.254.169.254/latest/user-data HTTP/1.1" 200 11652 "-" "Mozilla/5.0 (Windows NT 10.0; Win64; x64) AppleWebKit/537.36 (KHTML, like Gecko) Chrome/91.0.4472.124 Safari/537.36"
170.39.218.138 - - [24/Mar/2025:19:54:37 +0000] "GET /?uri=file:///var/www/html/.env HTTP/1.1" 200 11654 "-" "Mozilla/5.0 (Windows NT 10.0; Win64; x64) AppleWebKit/537.36 (KHTML, like Gecko) Chrome/91.0.4472.124 Safari/537.36"
170.39.218.138 - - [24/Mar/2025:19:54:38 +0000] "GET /?uri=file:///var/www/html/config.json HTTP/1.1" 200 11640 "-" "Mozilla/5.0 (Windows NT 10.0; Win64; x64) AppleWebKit/537.36 (KHTML, like Gecko) Chrome/91.0.4472.124 Safari/537.36"
170.39.218.138 - - [24/Mar/2025:19:54:40 +0000] "GET /?uri=file:///var/www/html/settings.json HTTP/1.1" 200 11630 "-" "Mozilla/5.0 (Windows NT 10.0; Win64; x64) AppleWebKit/537.36 (KHTML, like Gecko) Chrome/91.0.4472.124 Safari/537.36"
170.39.218.138 - - [24/Mar/2025:19:54:48 +0000] "GET /?uri=file:///var/www/html/wp-config.php HTTP/1.1" 200 11653 "-" "Mozilla/5.0 (Windows NT 10.0; Win64; x64) AppleWebKit/537.36 (KHTML, like Gecko) Chrome/91.0.4472.124 Safari/537.36"
170.39.218.138 - - [24/Mar/2025:19:54:50 +0000] "GET /?uri=file:///var/www/html/.htaccess HTTP/1.1" 200 11627 "-" "Mozilla/5.0 (Windows NT 10.0; Win64; x64) AppleWebKit/537.36 (KHTML, like Gecko) Chrome/91.0.4472.124 Safari/537.36"
170.39.218.138 - - [24/Mar/2025:19:55:13 +0000] "GET /?file=/etc/environment HTTP/1.1" 200 11558 "-" "Mozilla/5.0 (Windows NT 10.0; Win64; x64) AppleWebKit/537.36 (KHTML, like Gecko) Chrome/91.0.4472.124 Safari/537.36"
170.39.218.138 - - [24/Mar/2025:19:55:17 +0000] "GET /?file=/var/www/html/.env HTTP/1.1" 200 11621 "-" "Mozilla/5.0 (Windows NT 10.0; Win64; x64) AppleWebKit/537.36 (KHTML, like Gecko) Chrome/91.0.4472.124 Safari/537.36"
170.39.218.138 - - [24/Mar/2025:19:55:20 +0000] "GET /?file=/var/www/.env HTTP/1.1" 200 11618 "-" "Mozilla/5.0 (Windows NT 10.0; Win64; x64) AppleWebKit/537.36 (KHTML, like Gecko) Chrome/91.0.4472.124 Safari/537.36"
170.39.218.138 - - [24/Mar/2025:19:55:25 +0000] "GET /?file=/www/.env HTTP/1.1" 200 11486 "-" "Mozilla/5.0 (Windows NT 10.0; Win64; x64) AppleWebKit/537.36 (KHTML, like Gecko) Chrome/91.0.4472.124 Safari/537.36"
170.39.218.138 - - [24/Mar/2025:19:55:28 +0000] "GET /?file=/app/.env HTTP/1.1" 200 11616 "-" "Mozilla/5.0 (Windows NT 10.0; Win64; x64) AppleWebKit/537.36 (KHTML, like Gecko) Chrome/91.0.4472.124 Safari/537.36"
170.39.218.138 - - [24/Mar/2025:19:55:32 +0000] "GET /?file=/config/.env HTTP/1.1" 200 11605 "-" "Mozilla/5.0 (Windows NT 10.0; Win64; x64) AppleWebKit/537.36 (KHTML, like Gecko) Chrome/91.0.4472.124 Safari/537.36"
170.39.218.138 - - [24/Mar/2025:19:55:36 +0000] "GET /?file=/home/user/.env HTTP/1.1" 200 11643 "-" "Mozilla/5.0 (Windows NT 10.0; Win64; x64) AppleWebKit/537.36 (KHTML, like Gecko) Chrome/91.0.4472.124 Safari/537.36"
170.39.218.138 - - [24/Mar/2025:19:55:58 +0000] "GET /?file=/var/www/html/config.json HTTP/1.1" 200 11624 "-" "Mozilla/5.0 (Windows NT 10.0; Win64; x64) AppleWebKit/537.36 (KHTML, like Gecko) Chrome/91.0.4472.124 Safari/537.36"
170.39.218.138 - - [24/Mar/2025:19:56:00 +0000] "GET /?file=/var/www/config.json HTTP/1.1" 200 11621 "-" "Mozilla/5.0 (Windows NT 10.0; Win64; x64) AppleWebKit/537.36 (KHTML, like Gecko) Chrome/91.0.4472.124 Safari/537.36"
170.39.218.138 - - [24/Mar/2025:19:56:01 +0000] "GET /?file=/var/www/html/config.yaml HTTP/1.1" 200 11503 "-" "Mozilla/5.0 (Windows NT 10.0; Win64; x64) AppleWebKit/537.36 (KHTML, like Gecko) Chrome/91.0.4472.124 Safari/537.36"
170.39.218.138 - - [24/Mar/2025:19:56:03 +0000] "GET /?file=/var/www/html/config.yml HTTP/1.1" 200 11613 "-" "Mozilla/5.0 (Windows NT 10.0; Win64; x64) AppleWebKit/537.36 (KHTML, like Gecko) Chrome/91.0.4472.124 Safari/537.36"
170.39.218.138 - - [24/Mar/2025:19:56:04 +0000] "GET /?file=/var/www/html/config.php HTTP/1.1" 200 11661 "-" "Mozilla/5.0 (Windows NT 10.0; Win64; x64) AppleWebKit/537.36 (KHTML, like Gecko) Chrome/91.0.4472.124 Safari/537.36"
170.39.218.138 - - [24/Mar/2025:19:56:44 +0000] "GET /?file=/var/www/html/settings.json HTTP/1.1" 200 11592 "-" "Mozilla/5.0 (Windows NT 10.0; Win64; x64) AppleWebKit/537.36 (KHTML, like Gecko) Chrome/91.0.4472.124 Safari/537.36"
170.39.218.138 - - [24/Mar/2025:19:56:45 +0000] "GET /?file=/var/www/html/settings.php HTTP/1.1" 200 11482 "-" "Mozilla/5.0 (Windows NT 10.0; Win64; x64) AppleWebKit/537.36 (KHTML, like Gecko) Chrome/91.0.4472.124 Safari/537.36"
170.39.218.138 - - [24/Mar/2025:19:56:47 +0000] "GET /?file=/var/www/html/config.js HTTP/1.1" 200 11647 "-" "Mozilla/5.0 (Windows NT 10.0; Win64; x64) AppleWebKit/537.36 (KHTML, like Gecko) Chrome/91.0.4472.124 Safari/537.36"
170.39.218.138 - - [24/Mar/2025:19:57:01 +0000] "GET /?file=/var/www/html/settings.py HTTP/1.1" 200 11626 "-" "Mozilla/5.0 (Windows NT 10.0; Win64; x64) AppleWebKit/537.36 (KHTML, like Gecko) Chrome/91.0.4472.124 Safari/537.36"
170.39.218.138 - - [24/Mar/2025:19:57:03 +0000] "GET /?file=/config/database.yml HTTP/1.1" 200 11700 "-" "Mozilla/5.0 (Windows NT 10.0; Win64; x64) AppleWebKit/537.36 (KHTML, like Gecko) Chrome/91.0.4472.124 Safari/537.36"
170.39.218.138 - - [24/Mar/2025:19:57:06 +0000] "GET /?file=/var/www/html/wp-config.php HTTP/1.1" 200 11614 "-" "Mozilla/5.0 (Windows NT 10.0; Win64; x64) AppleWebKit/537.36 (KHTML, like Gecko) Chrome/91.0.4472.124 Safari/537.36"
170.39.218.138 - - [24/Mar/2025:19:57:09 +0000] "GET /?file=/var/www/html/config.php HTTP/1.1" 200 11623 "-" "Mozilla/5.0 (Windows NT 10.0; Win64; x64) AppleWebKit/537.36 (KHTML, like Gecko) Chrome/91.0.4472.124 Safari/537.36"
170.39.218.138 - - [24/Mar/2025:19:57:12 +0000] "GET /?file=/var/www/html/.htaccess HTTP/1.1" 200 11624 "-" "Mozilla/5.0 (Windows NT 10.0; Win64; x64) AppleWebKit/537.36 (KHTML, like Gecko) Chrome/91.0.4472.124 Safari/537.36"
170.39.218.138 - - [24/Mar/2025:19:57:15 +0000] "GET /?file=http://169.254.169.254/latest/meta-data/ HTTP/1.1" 200 11713 "-" "Mozilla/5.0 (Windows NT 10.0; Win64; x64) AppleWebKit/537.36 (KHTML, like Gecko) Chrome/91.0.4472.124 Safari/537.36"
170.39.218.138 - - [24/Mar/2025:19:57:18 +0000] "GET /?file=http://169.254.169.254/latest/meta-data/iam/security-credentials/ HTTP/1.1" 200 11654 "-" "Mozilla/5.0 (Windows NT 10.0; Win64; x64) AppleWebKit/537.36 (KHTML, like Gecko) Chrome/91.0.4472.124 Safari/537.36"
170.39.218.138 - - [24/Mar/2025:19:57:28 +0000] "GET /?file=http://169.254.169.254/latest/meta-data/iam/security-credentials/admin-role HTTP/1.1" 200 11756 "-" "Mozilla/5.0 (Windows NT 10.0; Win64; x64) AppleWebKit/537.36 (KHTML, like Gecko) Chrome/91.0.4472.124 Safari/537.36"
54.36.148.244 - - [24/Mar/2025:19:57:30 +0000] "GET /SingaporeTripwithCruise.htm HTTP/1.1" 200 8806 "-" "Mozilla/5.0 (compatible; AhrefsBot/7.0; +http://ahrefs.com/robot/)"
170.39.218.138 - - [24/Mar/2025:19:57:38 +0000] "GET /?file=http://169.254.169.254/latest/user-data HTTP/1.1" 200 11673 "-" "Mozilla/5.0 (Windows NT 10.0; Win64; x64) AppleWebKit/537.36 (KHTML, like Gecko) Chrome/91.0.4472.124 Safari/537.36"
185.191.171.17 - - [24/Mar/2025:19:57:51 +0000] "GET /robots.txt HTTP/1.1" 404 196 "-" "Mozilla/5.0 (compatible; SemrushBot/7~bl; +http://www.semrush.com/bot.html)"
85.208.96.208 - - [24/Mar/2025:19:57:53 +0000] "GET /CHARDHAMHELICOPTERPACKAGE1NIGHT%E2%80%932DAYS.htm HTTP/1.1" 200 7701 "-" "Mozilla/5.0 (compatible; SemrushBot/7~bl; +http://www.semrush.com/bot.html)"
170.39.218.138 - - [24/Mar/2025:19:58:01 +0000] "GET /?file=file:///var/www/html/.env HTTP/1.1" 200 11625 "-" "Mozilla/5.0 (Windows NT 10.0; Win64; x64) AppleWebKit/537.36 (KHTML, like Gecko) Chrome/91.0.4472.124 Safari/537.36"
170.39.218.138 - - [24/Mar/2025:19:58:02 +0000] "GET /?file=file:///var/www/html/config.json HTTP/1.1" 200 11648 "-" "Mozilla/5.0 (Windows NT 10.0; Win64; x64) AppleWebKit/537.36 (KHTML, like Gecko) Chrome/91.0.4472.124 Safari/537.36"
170.39.218.138 - - [24/Mar/2025:19:58:04 +0000] "GET /?file=file:///var/www/html/settings.json HTTP/1.1" 200 11630 "-" "Mozilla/5.0 (Windows NT 10.0; Win64; x64) AppleWebKit/537.36 (KHTML, like Gecko) Chrome/91.0.4472.124 Safari/537.36"
170.39.218.138 - - [24/Mar/2025:19:58:28 +0000] "GET /?file=file:///var/www/html/wp-config.php HTTP/1.1" 200 11667 "-" "Mozilla/5.0 (Windows NT 10.0; Win64; x64) AppleWebKit/537.36 (KHTML, like Gecko) Chrome/91.0.4472.124 Safari/537.36"
170.39.218.138 - - [24/Mar/2025:19:58:32 +0000] "GET /?file=file:///var/www/html/.htaccess HTTP/1.1" 200 11649 "-" "Mozilla/5.0 (Windows NT 10.0; Win64; x64) AppleWebKit/537.36 (KHTML, like Gecko) Chrome/91.0.4472.124 Safari/537.36"
170.39.218.138 - - [24/Mar/2025:19:58:34 +0000] "GET /?target=/etc/environment HTTP/1.1" 200 11638 "-" "Mozilla/5.0 (Windows NT 10.0; Win64; x64) AppleWebKit/537.36 (KHTML, like Gecko) Chrome/91.0.4472.124 Safari/537.36"
170.39.218.138 - - [24/Mar/2025:19:58:35 +0000] "GET /?target=/var/www/html/.env HTTP/1.1" 200 11527 "-" "Mozilla/5.0 (Windows NT 10.0; Win64; x64) AppleWebKit/537.36 (KHTML, like Gecko) Chrome/91.0.4472.124 Safari/537.36"
170.39.218.138 - - [24/Mar/2025:19:58:38 +0000] "GET /?target=/var/www/.env HTTP/1.1" 200 11524 "-" "Mozilla/5.0 (Windows NT 10.0; Win64; x64) AppleWebKit/537.36 (KHTML, like Gecko) Chrome/91.0.4472.124 Safari/537.36"
170.39.218.138 - - [24/Mar/2025:19:58:39 +0000] "GET /?target=/www/.env HTTP/1.1" 200 11611 "-" "Mozilla/5.0 (Windows NT 10.0; Win64; x64) AppleWebKit/537.36 (KHTML, like Gecko) Chrome/91.0.4472.124 Safari/537.36"
170.39.218.138 - - [24/Mar/2025:19:58:41 +0000] "GET /?target=/app/.env HTTP/1.1" 200 11613 "-" "Mozilla/5.0 (Windows NT 10.0; Win64; x64) AppleWebKit/537.36 (KHTML, like Gecko) Chrome/91.0.4472.124 Safari/537.36"
170.39.218.138 - - [24/Mar/2025:19:58:45 +0000] "GET /?target=/config/.env HTTP/1.1" 200 11615 "-" "Mozilla/5.0 (Windows NT 10.0; Win64; x64) AppleWebKit/537.36 (KHTML, like Gecko) Chrome/91.0.4472.124 Safari/537.36"
170.39.218.138 - - [24/Mar/2025:19:58:46 +0000] "GET /?target=/home/user/.env HTTP/1.1" 200 11657 "-" "Mozilla/5.0 (Windows NT 10.0; Win64; x64) AppleWebKit/537.36 (KHTML, like Gecko) Chrome/91.0.4472.124 Safari/537.36"
170.39.218.138 - - [24/Mar/2025:19:58:48 +0000] "GET /?target=/var/www/html/config.json HTTP/1.1" 200 11646 "-" "Mozilla/5.0 (Windows NT 10.0; Win64; x64) AppleWebKit/537.36 (KHTML, like Gecko) Chrome/91.0.4472.124 Safari/537.36"
170.39.218.138 - - [24/Mar/2025:19:58:50 +0000] "GET /?target=/var/www/config.json HTTP/1.1" 200 11656 "-" "Mozilla/5.0 (Windows NT 10.0; Win64; x64) AppleWebKit/537.36 (KHTML, like Gecko) Chrome/91.0.4472.124 Safari/537.36"
170.39.218.138 - - [24/Mar/2025:19:58:54 +0000] "GET /?target=/var/www/html/config.yaml HTTP/1.1" 200 11698 "-" "Mozilla/5.0 (Windows NT 10.0; Win64; x64) AppleWebKit/537.36 (KHTML, like Gecko) Chrome/91.0.4472.124 Safari/537.36"
170.39.218.138 - - [24/Mar/2025:19:58:57 +0000] "GET /?target=/var/www/html/config.yml HTTP/1.1" 200 11620 "-" "Mozilla/5.0 (Windows NT 10.0; Win64; x64) AppleWebKit/537.36 (KHTML, like Gecko) Chrome/91.0.4472.124 Safari/537.36"
170.39.218.138 - - [24/Mar/2025:19:59:00 +0000] "GET /?target=/var/www/html/config.php HTTP/1.1" 200 11619 "-" "Mozilla/5.0 (Windows NT 10.0; Win64; x64) AppleWebKit/537.36 (KHTML, like Gecko) Chrome/91.0.4472.124 Safari/537.36"
170.39.218.138 - - [24/Mar/2025:19:59:08 +0000] "GET /?target=/var/www/html/settings.json HTTP/1.1" 200 11622 "-" "Mozilla/5.0 (Windows NT 10.0; Win64; x64) AppleWebKit/537.36 (KHTML, like Gecko) Chrome/91.0.4472.124 Safari/537.36"
170.39.218.138 - - [24/Mar/2025:19:59:09 +0000] "GET /?target=/var/www/html/settings.php HTTP/1.1" 200 11479 "-" "Mozilla/5.0 (Windows NT 10.0; Win64; x64) AppleWebKit/537.36 (KHTML, like Gecko) Chrome/91.0.4472.124 Safari/537.36"
170.39.218.138 - - [24/Mar/2025:19:59:12 +0000] "GET /?target=/var/www/html/config.js HTTP/1.1" 200 11644 "-" "Mozilla/5.0 (Windows NT 10.0; Win64; x64) AppleWebKit/537.36 (KHTML, like Gecko) Chrome/91.0.4472.124 Safari/537.36"
170.39.218.138 - - [24/Mar/2025:19:59:18 +0000] "GET /?target=/var/www/html/settings.py HTTP/1.1" 200 11612 "-" "Mozilla/5.0 (Windows NT 10.0; Win64; x64) AppleWebKit/537.36 (KHTML, like Gecko) Chrome/91.0.4472.124 Safari/537.36"
170.39.218.138 - - [24/Mar/2025:19:59:19 +0000] "GET /?target=/config/database.yml HTTP/1.1" 200 11618 "-" "Mozilla/5.0 (Windows NT 10.0; Win64; x64) AppleWebKit/537.36 (KHTML, like Gecko) Chrome/91.0.4472.124 Safari/537.36"
170.39.218.138 - - [24/Mar/2025:19:59:23 +0000] "GET /?target=/var/www/html/wp-config.php HTTP/1.1" 200 11621 "-" "Mozilla/5.0 (Windows NT 10.0; Win64; x64) AppleWebKit/537.36 (KHTML, like Gecko) Chrome/91.0.4472.124 Safari/537.36"
170.39.218.138 - - [24/Mar/2025:19:59:25 +0000] "GET /?target=/var/www/html/config.php HTTP/1.1" 200 11619 "-" "Mozilla/5.0 (Windows NT 10.0; Win64; x64) AppleWebKit/537.36 (KHTML, like Gecko) Chrome/91.0.4472.124 Safari/537.36"
170.39.218.138 - - [24/Mar/2025:19:59:31 +0000] "GET /?target=/var/www/html/.htaccess HTTP/1.1" 200 11575 "-" "Mozilla/5.0 (Windows NT 10.0; Win64; x64) AppleWebKit/537.36 (KHTML, like Gecko) Chrome/91.0.4472.124 Safari/537.36"
170.39.218.138 - - [24/Mar/2025:19:59:36 +0000] "GET /?target=http://169.254.169.254/latest/meta-data/ HTTP/1.1" 200 11670 "-" "Mozilla/5.0 (Windows NT 10.0; Win64; x64) AppleWebKit/537.36 (KHTML, like Gecko) Chrome/91.0.4472.124 Safari/537.36"
170.39.218.138 - - [24/Mar/2025:19:59:39 +0000] "GET /?target=http://169.254.169.254/latest/meta-data/iam/security-credentials/ HTTP/1.1" 200 11667 "-" "Mozilla/5.0 (Windows NT 10.0; Win64; x64) AppleWebKit/537.36 (KHTML, like Gecko) Chrome/91.0.4472.124 Safari/537.36"
170.39.218.138 - - [24/Mar/2025:19:59:42 +0000] "GET /?target=http://169.254.169.254/latest/meta-data/iam/security-credentials/admin-role HTTP/1.1" 200 11752 "-" "Mozilla/5.0 (Windows NT 10.0; Win64; x64) AppleWebKit/537.36 (KHTML, like Gecko) Chrome/91.0.4472.124 Safari/537.36"
170.39.218.138 - - [24/Mar/2025:19:59:46 +0000] "GET /?target=http://169.254.169.254/latest/user-data HTTP/1.1" 200 11622 "-" "Mozilla/5.0 (Windows NT 10.0; Win64; x64) AppleWebKit/537.36 (KHTML, like Gecko) Chrome/91.0.4472.124 Safari/537.36"
170.39.218.138 - - [24/Mar/2025:19:59:48 +0000] "GET /?target=file:///var/www/html/.env HTTP/1.1" 200 11725 "-" "Mozilla/5.0 (Windows NT 10.0; Win64; x64) AppleWebKit/537.36 (KHTML, like Gecko) Chrome/91.0.4472.124 Safari/537.36"
170.39.218.138 - - [24/Mar/2025:19:59:52 +0000] "GET /?target=file:///var/www/html/config.json HTTP/1.1" 200 11626 "-" "Mozilla/5.0 (Windows NT 10.0; Win64; x64) AppleWebKit/537.36 (KHTML, like Gecko) Chrome/91.0.4472.124 Safari/537.36"
170.39.218.138 - - [24/Mar/2025:19:59:55 +0000] "GET /?target=file:///var/www/html/settings.json HTTP/1.1" 200 11532 "-" "Mozilla/5.0 (Windows NT 10.0; Win64; x64) AppleWebKit/537.36 (KHTML, like Gecko) Chrome/91.0.4472.124 Safari/537.36"
170.39.218.138 - - [24/Mar/2025:19:59:57 +0000] "GET /?target=file:///var/www/html/wp-config.php HTTP/1.1" 200 11626 "-" "Mozilla/5.0 (Windows NT 10.0; Win64; x64) AppleWebKit/537.36 (KHTML, like Gecko) Chrome/91.0.4472.124 Safari/537.36"
170.39.218.138 - - [24/Mar/2025:20:00:00 +0000] "GET /?target=file:///var/www/html/.htaccess HTTP/1.1" 200 11624 "-" "Mozilla/5.0 (Windows NT 10.0; Win64; x64) AppleWebKit/537.36 (KHTML, like Gecko) Chrome/91.0.4472.124 Safari/537.36"
170.39.218.138 - - [24/Mar/2025:20:00:20 +0000] "GET /?dest=/etc/environment HTTP/1.1" 200 11527 "-" "Mozilla/5.0 (Windows NT 10.0; Win64; x64) AppleWebKit/537.36 (KHTML, like Gecko) Chrome/91.0.4472.124 Safari/537.36"
216.244.66.233 - - [24/Mar/2025:20:00:30 +0000] "GET /robots.txt HTTP/1.1" 301 248 "-" "Mozilla/5.0 (compatible; DotBot/1.2; +https://opensiteexplorer.org/dotbot; help@moz.com)"
216.244.66.233 - - [24/Mar/2025:20:00:30 +0000] "GET /robots.txt HTTP/1.1" 404 196 "-" "Mozilla/5.0 (compatible; DotBot/1.2; +https://opensiteexplorer.org/dotbot; help@moz.com)"
216.244.66.233 - - [24/Mar/2025:20:00:31 +0000] "GET /robots.txt HTTP/1.1" 404 196 "-" "Mozilla/5.0 (compatible; DotBot/1.2; +https://opensiteexplorer.org/dotbot; help@moz.com)"
170.39.218.138 - - [24/Mar/2025:20:00:38 +0000] "GET /?dest=/var/www/html/.env HTTP/1.1" 200 11621 "-" "Mozilla/5.0 (Windows NT 10.0; Win64; x64) AppleWebKit/537.36 (KHTML, like Gecko) Chrome/91.0.4472.124 Safari/537.36"
170.39.218.138 - - [24/Mar/2025:20:00:40 +0000] "GET /?dest=/var/www/.env HTTP/1.1" 200 11640 "-" "Mozilla/5.0 (Windows NT 10.0; Win64; x64) AppleWebKit/537.36 (KHTML, like Gecko) Chrome/91.0.4472.124 Safari/537.36"
170.39.218.138 - - [24/Mar/2025:20:00:45 +0000] "GET /?dest=/www/.env HTTP/1.1" 200 11608 "-" "Mozilla/5.0 (Windows NT 10.0; Win64; x64) AppleWebKit/537.36 (KHTML, like Gecko) Chrome/91.0.4472.124 Safari/537.36"
170.39.218.138 - - [24/Mar/2025:20:00:48 +0000] "GET /?dest=/app/.env HTTP/1.1" 200 11639 "-" "Mozilla/5.0 (Windows NT 10.0; Win64; x64) AppleWebKit/537.36 (KHTML, like Gecko) Chrome/91.0.4472.124 Safari/537.36"
170.39.218.138 - - [24/Mar/2025:20:00:50 +0000] "GET /?dest=/config/.env HTTP/1.1" 200 11616 "-" "Mozilla/5.0 (Windows NT 10.0; Win64; x64) AppleWebKit/537.36 (KHTML, like Gecko) Chrome/91.0.4472.124 Safari/537.36"
170.39.218.138 - - [24/Mar/2025:20:00:53 +0000] "GET /?dest=/home/user/.env HTTP/1.1" 200 11610 "-" "Mozilla/5.0 (Windows NT 10.0; Win64; x64) AppleWebKit/537.36 (KHTML, like Gecko) Chrome/91.0.4472.124 Safari/537.36"
170.39.218.138 - - [24/Mar/2025:20:00:56 +0000] "GET /?dest=/var/www/html/config.json HTTP/1.1" 200 11661 "-" "Mozilla/5.0 (Windows NT 10.0; Win64; x64) AppleWebKit/537.36 (KHTML, like Gecko) Chrome/91.0.4472.124 Safari/537.36"
170.39.218.138 - - [24/Mar/2025:20:00:58 +0000] "GET /?dest=/var/www/config.json HTTP/1.1" 200 11620 "-" "Mozilla/5.0 (Windows NT 10.0; Win64; x64) AppleWebKit/537.36 (KHTML, like Gecko) Chrome/91.0.4472.124 Safari/537.36"
170.39.218.138 - - [24/Mar/2025:20:01:07 +0000] "GET /?dest=/var/www/html/config.yaml HTTP/1.1" 200 11643 "-" "Mozilla/5.0 (Windows NT 10.0; Win64; x64) AppleWebKit/537.36 (KHTML, like Gecko) Chrome/91.0.4472.124 Safari/537.36"
170.39.218.138 - - [24/Mar/2025:20:01:10 +0000] "GET /?dest=/var/www/html/config.yml HTTP/1.1" 200 11615 "-" "Mozilla/5.0 (Windows NT 10.0; Win64; x64) AppleWebKit/537.36 (KHTML, like Gecko) Chrome/91.0.4472.124 Safari/537.36"
170.39.218.138 - - [24/Mar/2025:20:01:14 +0000] "GET /?dest=/var/www/html/config.php HTTP/1.1" 200 11438 "-" "Mozilla/5.0 (Windows NT 10.0; Win64; x64) AppleWebKit/537.36 (KHTML, like Gecko) Chrome/91.0.4472.124 Safari/537.36"
170.39.218.138 - - [24/Mar/2025:20:01:16 +0000] "GET /?dest=/var/www/html/settings.json HTTP/1.1" 200 11503 "-" "Mozilla/5.0 (Windows NT 10.0; Win64; x64) AppleWebKit/537.36 (KHTML, like Gecko) Chrome/91.0.4472.124 Safari/537.36"
170.39.218.138 - - [24/Mar/2025:20:01:19 +0000] "GET /?dest=/var/www/html/settings.php HTTP/1.1" 200 11614 "-" "Mozilla/5.0 (Windows NT 10.0; Win64; x64) AppleWebKit/537.36 (KHTML, like Gecko) Chrome/91.0.4472.124 Safari/537.36"
170.39.218.138 - - [24/Mar/2025:20:01:23 +0000] "GET /?dest=/var/www/html/config.js HTTP/1.1" 200 11622 "-" "Mozilla/5.0 (Windows NT 10.0; Win64; x64) AppleWebKit/537.36 (KHTML, like Gecko) Chrome/91.0.4472.124 Safari/537.36"
170.39.218.138 - - [24/Mar/2025:20:01:29 +0000] "GET /?dest=/var/www/html/settings.py HTTP/1.1" 200 11533 "-" "Mozilla/5.0 (Windows NT 10.0; Win64; x64) AppleWebKit/537.36 (KHTML, like Gecko) Chrome/91.0.4472.124 Safari/537.36"
170.39.218.138 - - [24/Mar/2025:20:01:33 +0000] "GET /?dest=/config/database.yml HTTP/1.1" 200 11659 "-" "Mozilla/5.0 (Windows NT 10.0; Win64; x64) AppleWebKit/537.36 (KHTML, like Gecko) Chrome/91.0.4472.124 Safari/537.36"
170.39.218.138 - - [24/Mar/2025:20:01:34 +0000] "GET /?dest=/var/www/html/wp-config.php HTTP/1.1" 200 11616 "-" "Mozilla/5.0 (Windows NT 10.0; Win64; x64) AppleWebKit/537.36 (KHTML, like Gecko) Chrome/91.0.4472.124 Safari/537.36"
170.39.218.138 - - [24/Mar/2025:20:01:37 +0000] "GET /?dest=/var/www/html/config.php HTTP/1.1" 200 11647 "-" "Mozilla/5.0 (Windows NT 10.0; Win64; x64) AppleWebKit/537.36 (KHTML, like Gecko) Chrome/91.0.4472.124 Safari/537.36"
134.199.238.78 - - [24/Mar/2025:20:01:37 +0000] "GET / HTTP/1.1" 301 238 "-" "Mozilla/5.0 (compatible)"
134.199.238.78 - - [24/Mar/2025:20:01:38 +0000] "GET / HTTP/1.1" 301 238 "-" "Mozilla/5.0 (compatible)"
170.39.218.138 - - [24/Mar/2025:20:01:38 +0000] "GET /?dest=/var/www/html/.htaccess HTTP/1.1" 200 11463 "-" "Mozilla/5.0 (Windows NT 10.0; Win64; x64) AppleWebKit/537.36 (KHTML, like Gecko) Chrome/91.0.4472.124 Safari/537.36"
170.39.218.138 - - [24/Mar/2025:20:01:40 +0000] "GET /?dest=http://169.254.169.254/latest/meta-data/ HTTP/1.1" 200 11635 "-" "Mozilla/5.0 (Windows NT 10.0; Win64; x64) AppleWebKit/537.36 (KHTML, like Gecko) Chrome/91.0.4472.124 Safari/537.36"
170.39.218.138 - - [24/Mar/2025:20:01:41 +0000] "GET /?dest=http://169.254.169.254/latest/meta-data/iam/security-credentials/ HTTP/1.1" 200 11729 "-" "Mozilla/5.0 (Windows NT 10.0; Win64; x64) AppleWebKit/537.36 (KHTML, like Gecko) Chrome/91.0.4472.124 Safari/537.36"
170.39.218.138 - - [24/Mar/2025:20:01:44 +0000] "GET /?dest=http://169.254.169.254/latest/meta-data/iam/security-credentials/admin-role HTTP/1.1" 200 11684 "-" "Mozilla/5.0 (Windows NT 10.0; Win64; x64) AppleWebKit/537.36 (KHTML, like Gecko) Chrome/91.0.4472.124 Safari/537.36"
170.39.218.138 - - [24/Mar/2025:20:01:47 +0000] "GET /?dest=http://169.254.169.254/latest/user-data HTTP/1.1" 200 11634 "-" "Mozilla/5.0 (Windows NT 10.0; Win64; x64) AppleWebKit/537.36 (KHTML, like Gecko) Chrome/91.0.4472.124 Safari/537.36"
170.39.218.138 - - [24/Mar/2025:20:01:58 +0000] "GET /?dest=file:///var/www/html/.env HTTP/1.1" 200 11692 "-" "Mozilla/5.0 (Windows NT 10.0; Win64; x64) AppleWebKit/537.36 (KHTML, like Gecko) Chrome/91.0.4472.124 Safari/537.36"
170.39.218.138 - - [24/Mar/2025:20:02:03 +0000] "GET /?dest=file:///var/www/html/config.json HTTP/1.1" 200 11685 "-" "Mozilla/5.0 (Windows NT 10.0; Win64; x64) AppleWebKit/537.36 (KHTML, like Gecko) Chrome/91.0.4472.124 Safari/537.36"
170.39.218.138 - - [24/Mar/2025:20:02:05 +0000] "GET /?dest=file:///var/www/html/settings.json HTTP/1.1" 200 11557 "-" "Mozilla/5.0 (Windows NT 10.0; Win64; x64) AppleWebKit/537.36 (KHTML, like Gecko) Chrome/91.0.4472.124 Safari/537.36"
170.39.218.138 - - [24/Mar/2025:20:02:09 +0000] "GET /?dest=file:///var/www/html/wp-config.php HTTP/1.1" 200 11654 "-" "Mozilla/5.0 (Windows NT 10.0; Win64; x64) AppleWebKit/537.36 (KHTML, like Gecko) Chrome/91.0.4472.124 Safari/537.36"
170.39.218.138 - - [24/Mar/2025:20:02:32 +0000] "GET /?dest=file:///var/www/html/.htaccess HTTP/1.1" 200 11627 "-" "Mozilla/5.0 (Windows NT 10.0; Win64; x64) AppleWebKit/537.36 (KHTML, like Gecko) Chrome/91.0.4472.124 Safari/537.36"
170.39.218.138 - - [24/Mar/2025:20:02:34 +0000] "GET /?redirect=/etc/environment HTTP/1.1" 200 11622 "-" "Mozilla/5.0 (Windows NT 10.0; Win64; x64) AppleWebKit/537.36 (KHTML, like Gecko) Chrome/91.0.4472.124 Safari/537.36"
66.249.73.10 - - [24/Mar/2025:20:02:48 +0000] "GET /GoldenTriangleTourPackage.html HTTP/1.1" 200 8293 "-" "Mozilla/5.0 (Linux; Android 6.0.1; Nexus 5X Build/MMB29P) AppleWebKit/537.36 (KHTML, like Gecko) Chrome/134.0.6998.165 Mobile Safari/537.36 (compatible; Googlebot/2.1; +http://www.google.com/bot.html)"
170.39.218.138 - - [24/Mar/2025:20:03:53 +0000] "GET /?redirect=/var/www/.env HTTP/1.1" 200 11500 "-" "Mozilla/5.0 (Windows NT 10.0; Win64; x64) AppleWebKit/537.36 (KHTML, like Gecko) Chrome/91.0.4472.124 Safari/537.36"
54.36.149.73 - - [24/Mar/2025:20:03:55 +0000] "GET /DESTINATIONDWARKA-SOMNATH4NIGHT5DAYS.htm HTTP/1.1" 200 9202 "-" "Mozilla/5.0 (compatible; AhrefsBot/7.0; +http://ahrefs.com/robot/)"
170.39.218.138 - - [24/Mar/2025:20:03:56 +0000] "GET /?redirect=/www/.env HTTP/1.1" 200 11683 "-" "Mozilla/5.0 (Windows NT 10.0; Win64; x64) AppleWebKit/537.36 (KHTML, like Gecko) Chrome/91.0.4472.124 Safari/537.36"
170.39.218.138 - - [24/Mar/2025:20:04:23 +0000] "GET /?redirect=/app/.env HTTP/1.1" 200 11619 "-" "Mozilla/5.0 (Windows NT 10.0; Win64; x64) AppleWebKit/537.36 (KHTML, like Gecko) Chrome/91.0.4472.124 Safari/537.36"
170.39.218.138 - - [24/Mar/2025:20:04:25 +0000] "GET /?redirect=/config/.env HTTP/1.1" 200 11656 "-" "Mozilla/5.0 (Windows NT 10.0; Win64; x64) AppleWebKit/537.36 (KHTML, like Gecko) Chrome/91.0.4472.124 Safari/537.36"
170.39.218.138 - - [24/Mar/2025:20:04:27 +0000] "GET /?redirect=/home/user/.env HTTP/1.1" 200 11644 "-" "Mozilla/5.0 (Windows NT 10.0; Win64; x64) AppleWebKit/537.36 (KHTML, like Gecko) Chrome/91.0.4472.124 Safari/537.36"
170.39.218.138 - - [24/Mar/2025:20:04:58 +0000] "GET /?redirect=/var/www/html/config.json HTTP/1.1" 200 11627 "-" "Mozilla/5.0 (Windows NT 10.0; Win64; x64) AppleWebKit/537.36 (KHTML, like Gecko) Chrome/91.0.4472.124 Safari/537.36"
170.39.218.138 - - [24/Mar/2025:20:05:00 +0000] "GET /?redirect=/var/www/config.json HTTP/1.1" 200 11661 "-" "Mozilla/5.0 (Windows NT 10.0; Win64; x64) AppleWebKit/537.36 (KHTML, like Gecko) Chrome/91.0.4472.124 Safari/537.36"
170.39.218.138 - - [24/Mar/2025:20:05:13 +0000] "GET /?redirect=/var/www/html/config.yaml HTTP/1.1" 200 11649 "-" "Mozilla/5.0 (Windows NT 10.0; Win64; x64) AppleWebKit/537.36 (KHTML, like Gecko) Chrome/91.0.4472.124 Safari/537.36"
170.39.218.138 - - [24/Mar/2025:20:05:16 +0000] "GET /?redirect=/var/www/html/config.yml HTTP/1.1" 200 11626 "-" "Mozilla/5.0 (Windows NT 10.0; Win64; x64) AppleWebKit/537.36 (KHTML, like Gecko) Chrome/91.0.4472.124 Safari/537.36"
170.39.218.138 - - [24/Mar/2025:20:05:20 +0000] "GET /?redirect=/var/www/html/config.php HTTP/1.1" 200 11741 "-" "Mozilla/5.0 (Windows NT 10.0; Win64; x64) AppleWebKit/537.36 (KHTML, like Gecko) Chrome/91.0.4472.124 Safari/537.36"
170.39.218.138 - - [24/Mar/2025:20:05:23 +0000] "GET /?redirect=/var/www/html/settings.json HTTP/1.1" 200 11628 "-" "Mozilla/5.0 (Windows NT 10.0; Win64; x64) AppleWebKit/537.36 (KHTML, like Gecko) Chrome/91.0.4472.124 Safari/537.36"
170.39.218.138 - - [24/Mar/2025:20:05:27 +0000] "GET /?redirect=/var/www/html/settings.php HTTP/1.1" 200 11662 "-" "Mozilla/5.0 (Windows NT 10.0; Win64; x64) AppleWebKit/537.36 (KHTML, like Gecko) Chrome/91.0.4472.124 Safari/537.36"
170.39.218.138 - - [24/Mar/2025:20:05:32 +0000] "GET /?redirect=/var/www/html/config.js HTTP/1.1" 200 11650 "-" "Mozilla/5.0 (Windows NT 10.0; Win64; x64) AppleWebKit/537.36 (KHTML, like Gecko) Chrome/91.0.4472.124 Safari/537.36"
170.39.218.138 - - [24/Mar/2025:20:05:33 +0000] "GET /?redirect=/var/www/html/settings.py HTTP/1.1" 200 11650 "-" "Mozilla/5.0 (Windows NT 10.0; Win64; x64) AppleWebKit/537.36 (KHTML, like Gecko) Chrome/91.0.4472.124 Safari/537.36"
170.39.218.138 - - [24/Mar/2025:20:05:34 +0000] "GET /?redirect=/config/database.yml HTTP/1.1" 200 11661 "-" "Mozilla/5.0 (Windows NT 10.0; Win64; x64) AppleWebKit/537.36 (KHTML, like Gecko) Chrome/91.0.4472.124 Safari/537.36"
170.39.218.138 - - [24/Mar/2025:20:05:35 +0000] "GET /?redirect=/var/www/html/wp-config.php HTTP/1.1" 200 11643 "-" "Mozilla/5.0 (Windows NT 10.0; Win64; x64) AppleWebKit/537.36 (KHTML, like Gecko) Chrome/91.0.4472.124 Safari/537.36"
170.39.218.138 - - [24/Mar/2025:20:05:36 +0000] "GET /?redirect=/var/www/html/config.php HTTP/1.1" 200 11701 "-" "Mozilla/5.0 (Windows NT 10.0; Win64; x64) AppleWebKit/537.36 (KHTML, like Gecko) Chrome/91.0.4472.124 Safari/537.36"
170.39.218.138 - - [24/Mar/2025:20:05:37 +0000] "GET /?redirect=/var/www/html/.htaccess HTTP/1.1" 200 11626 "-" "Mozilla/5.0 (Windows NT 10.0; Win64; x64) AppleWebKit/537.36 (KHTML, like Gecko) Chrome/91.0.4472.124 Safari/537.36"
170.39.218.138 - - [24/Mar/2025:20:05:40 +0000] "GET /?redirect=http://169.254.169.254/latest/meta-data/ HTTP/1.1" 200 11661 "-" "Mozilla/5.0 (Windows NT 10.0; Win64; x64) AppleWebKit/537.36 (KHTML, like Gecko) Chrome/91.0.4472.124 Safari/537.36"
170.39.218.138 - - [24/Mar/2025:20:05:43 +0000] "GET /?redirect=http://169.254.169.254/latest/meta-data/iam/security-credentials/ HTTP/1.1" 200 11646 "-" "Mozilla/5.0 (Windows NT 10.0; Win64; x64) AppleWebKit/537.36 (KHTML, like Gecko) Chrome/91.0.4472.124 Safari/537.36"
170.39.218.138 - - [24/Mar/2025:20:05:48 +0000] "GET /?redirect=http://169.254.169.254/latest/meta-data/iam/security-credentials/admin-role HTTP/1.1" 200 11652 "-" "Mozilla/5.0 (Windows NT 10.0; Win64; x64) AppleWebKit/537.36 (KHTML, like Gecko) Chrome/91.0.4472.124 Safari/537.36"
170.39.218.138 - - [24/Mar/2025:20:05:52 +0000] "GET /?redirect=http://169.254.169.254/latest/user-data HTTP/1.1" 200 11624 "-" "Mozilla/5.0 (Windows NT 10.0; Win64; x64) AppleWebKit/537.36 (KHTML, like Gecko) Chrome/91.0.4472.124 Safari/537.36"
66.249.73.11 - - [24/Mar/2025:20:05:59 +0000] "GET /india-destinations.php HTTP/1.1" 200 9221 "-" "Mozilla/5.0 (Linux; Android 6.0.1; Nexus 5X Build/MMB29P) AppleWebKit/537.36 (KHTML, like Gecko) Chrome/134.0.6998.165 Mobile Safari/537.36 (compatible; Googlebot/2.1; +http://www.google.com/bot.html)"
170.39.218.138 - - [24/Mar/2025:20:06:03 +0000] "GET /?redirect=file:///var/www/html/.env HTTP/1.1" 200 11499 "-" "Mozilla/5.0 (Windows NT 10.0; Win64; x64) AppleWebKit/537.36 (KHTML, like Gecko) Chrome/91.0.4472.124 Safari/537.36"
170.39.218.138 - - [24/Mar/2025:20:06:13 +0000] "GET /?redirect=file:///var/www/html/config.json HTTP/1.1" 200 11669 "-" "Mozilla/5.0 (Windows NT 10.0; Win64; x64) AppleWebKit/537.36 (KHTML, like Gecko) Chrome/91.0.4472.124 Safari/537.36"
170.39.218.138 - - [24/Mar/2025:20:06:15 +0000] "GET /?redirect=file:///var/www/html/settings.json HTTP/1.1" 200 11633 "-" "Mozilla/5.0 (Windows NT 10.0; Win64; x64) AppleWebKit/537.36 (KHTML, like Gecko) Chrome/91.0.4472.124 Safari/537.36"
170.39.218.138 - - [24/Mar/2025:20:06:17 +0000] "GET /?redirect=file:///var/www/html/wp-config.php HTTP/1.1" 200 11708 "-" "Mozilla/5.0 (Windows NT 10.0; Win64; x64) AppleWebKit/537.36 (KHTML, like Gecko) Chrome/91.0.4472.124 Safari/537.36"
170.39.218.138 - - [24/Mar/2025:20:06:21 +0000] "GET /?redirect=file:///var/www/html/.htaccess HTTP/1.1" 200 11652 "-" "Mozilla/5.0 (Windows NT 10.0; Win64; x64) AppleWebKit/537.36 (KHTML, like Gecko) Chrome/91.0.4472.124 Safari/537.36"
170.39.218.138 - - [24/Mar/2025:20:06:43 +0000] "GET /google-captcha/component/jquery/jquery-3.2.1.min.js HTTP/1.1" 200 30191 "-" "Mozilla/5.0 (Windows NT 10.0; Win64; x64) AppleWebKit/537.36 (KHTML, like Gecko) Chrome/91.0.4472.124 Safari/537.36"
170.39.218.138 - - [24/Mar/2025:20:07:12 +0000] "GET /js/jquery.2.1.1.min.js HTTP/1.1" 200 29551 "-" "Mozilla/5.0 (Windows NT 10.0; Win64; x64) AppleWebKit/537.36 (KHTML, like Gecko) Chrome/91.0.4472.124 Safari/537.36"
170.39.218.138 - - [24/Mar/2025:20:07:15 +0000] "GET /bootstrap/js/bootstrap.min.js HTTP/1.1" 200 9756 "-" "Mozilla/5.0 (Windows NT 10.0; Win64; x64) AppleWebKit/537.36 (KHTML, like Gecko) Chrome/91.0.4472.124 Safari/537.36"
170.39.218.138 - - [24/Mar/2025:20:07:18 +0000] "GET /js/check.js HTTP/1.1" 200 98 "-" "Mozilla/5.0 (Windows NT 10.0; Win64; x64) AppleWebKit/537.36 (KHTML, like Gecko) Chrome/91.0.4472.124 Safari/537.36"
66.249.73.12 - - [24/Mar/2025:20:07:19 +0000] "GET /PRIDESUNVILLAGERESORT.htm HTTP/1.1" 200 9025 "-" "Mozilla/5.0 (Linux; Android 6.0.1; Nexus 5X Build/MMB29P) AppleWebKit/537.36 (KHTML, like Gecko) Chrome/134.0.6998.165 Mobile Safari/537.36 (compatible; Googlebot/2.1; +http://www.google.com/bot.html)"
170.39.218.138 - - [24/Mar/2025:20:07:21 +0000] "GET /js/preetycheble/prettyCheckable.min.js HTTP/1.1" 200 1440 "-" "Mozilla/5.0 (Windows NT 10.0; Win64; x64) AppleWebKit/537.36 (KHTML, like Gecko) Chrome/91.0.4472.124 Safari/537.36"
170.39.218.138 - - [24/Mar/2025:20:07:24 +0000] "GET /js/dist/js/bootstrap-select.js HTTP/1.1" 200 13385 "-" "Mozilla/5.0 (Windows NT 10.0; Win64; x64) AppleWebKit/537.36 (KHTML, like Gecko) Chrome/91.0.4472.124 Safari/537.36"
170.39.218.138 - - [24/Mar/2025:20:07:28 +0000] "GET /js/owl-carousel/owl.carousel.min.js HTTP/1.1" 200 6465 "-" "Mozilla/5.0 (Windows NT 10.0; Win64; x64) AppleWebKit/537.36 (KHTML, like Gecko) Chrome/91.0.4472.124 Safari/537.36"
170.39.218.138 - - [24/Mar/2025:20:07:32 +0000] "GET /js/internal.js HTTP/1.1" 200 1097 "-" "Mozilla/5.0 (Windows NT 10.0; Win64; x64) AppleWebKit/537.36 (KHTML, like Gecko) Chrome/91.0.4472.124 Safari/537.36"
170.39.218.138 - - [24/Mar/2025:20:07:45 +0000] "GET /js/datetimepicker/moment.js HTTP/1.1" 200 21507 "-" "Mozilla/5.0 (Windows NT 10.0; Win64; x64) AppleWebKit/537.36 (KHTML, like Gecko) Chrome/91.0.4472.124 Safari/537.36"
170.39.218.138 - - [24/Mar/2025:20:07:53 +0000] "GET /js/datetimepicker/bootstrap-datetimepicker.min.js HTTP/1.1" 200 6422 "-" "Mozilla/5.0 (Windows NT 10.0; Win64; x64) AppleWebKit/537.36 (KHTML, like Gecko) Chrome/91.0.4472.124 Safari/537.36"
170.39.218.138 - - [24/Mar/2025:20:07:54 +0000] "GET /index.php HTTP/1.1" 301 238 "-" "Mozilla/5.0 (Windows NT 10.0; Win64; x64) AppleWebKit/537.36 (KHTML, like Gecko) Chrome/91.0.4472.124 Safari/537.36"
170.39.218.138 - - [24/Mar/2025:20:07:56 +0000] "GET / HTTP/1.1" 200 11604 "-" "Mozilla/5.0 (Windows NT 10.0; Win64; x64) AppleWebKit/537.36 (KHTML, like Gecko) Chrome/91.0.4472.124 Safari/537.36"
170.39.218.138 - - [24/Mar/2025:20:08:00 +0000] "GET /india-destinations.php HTTP/1.1" 200 9176 "-" "Mozilla/5.0 (Windows NT 10.0; Win64; x64) AppleWebKit/537.36 (KHTML, like Gecko) Chrome/91.0.4472.124 Safari/537.36"
170.39.218.138 - - [24/Mar/2025:20:08:03 +0000] "GET /destinations.php HTTP/1.1" 200 8856 "-" "Mozilla/5.0 (Windows NT 10.0; Win64; x64) AppleWebKit/537.36 (KHTML, like Gecko) Chrome/91.0.4472.124 Safari/537.36"
170.39.218.138 - - [24/Mar/2025:20:08:05 +0000] "GET /international-destinations.php HTTP/1.1" 200 7258 "-" "Mozilla/5.0 (Windows NT 10.0; Win64; x64) AppleWebKit/537.36 (KHTML, like Gecko) Chrome/91.0.4472.124 Safari/537.36"
170.39.218.138 - - [24/Mar/2025:20:08:09 +0000] "GET /hotels.php HTTP/1.1" 200 9446 "-" "Mozilla/5.0 (Windows NT 10.0; Win64; x64) AppleWebKit/537.36 (KHTML, like Gecko) Chrome/91.0.4472.124 Safari/537.36"
170.39.218.138 - - [24/Mar/2025:20:08:14 +0000] "GET /cars.php HTTP/1.1" 200 8298 "-" "Mozilla/5.0 (Windows NT 10.0; Win64; x64) AppleWebKit/537.36 (KHTML, like Gecko) Chrome/91.0.4472.124 Safari/537.36"
170.39.218.138 - - [24/Mar/2025:20:08:16 +0000] "GET /contact-us.php HTTP/1.1" 200 7685 "-" "Mozilla/5.0 (Windows NT 10.0; Win64; x64) AppleWebKit/537.36 (KHTML, like Gecko) Chrome/91.0.4472.124 Safari/537.36"
54.36.149.78 - - [24/Mar/2025:20:09:58 +0000] "GET /KAVARATTIANDBANGARAMPACKAGE05NIGHTS06DAYS.htm HTTP/1.1" 200 11012 "-" "Mozilla/5.0 (compatible; AhrefsBot/7.0; +http://ahrefs.com/robot/)"
156.59.198.135 - - [24/Mar/2025:20:11:02 +0000] "GET /galleryimg/87797653-1.jpg HTTP/1.1" 200 1424944 "-" "Mozilla/5.0 (Linux; Android 5.0) AppleWebKit/537.36 (KHTML, like Gecko) Mobile Safari/537.36 (compatible; Bytespider; spider-feedback@bytedance.com)"
66.249.73.10 - - [24/Mar/2025:20:11:18 +0000] "GET /BestBaliTour.htm HTTP/1.1" 200 9074 "-" "Mozilla/5.0 (Linux; Android 6.0.1; Nexus 5X Build/MMB29P) AppleWebKit/537.36 (KHTML, like Gecko) Chrome/134.0.6998.165 Mobile Safari/537.36 (compatible; Googlebot/2.1; +http://www.google.com/bot.html)"
54.36.148.3 - - [24/Mar/2025:20:15:53 +0000] "GET /DELHITOVARANASITOURPACKAGE.htm HTTP/1.1" 200 9511 "-" "Mozilla/5.0 (compatible; AhrefsBot/7.0; +http://ahrefs.com/robot/)"
157.55.39.202 - - [24/Mar/2025:20:18:02 +0000] "GET /2939424b4039853-8-vending-salted/international-destinations.php HTTP/1.1" 404 196 "-" "Mozilla/5.0 AppleWebKit/537.36 (KHTML, like Gecko; compatible; bingbot/2.0; +http://www.bing.com/bingbot.htm) Chrome/116.0.1938.76 Safari/537.36"
114.119.156.185 - - [24/Mar/2025:20:20:46 +0000] "GET /WONDERFULDUBAITOURPACKAGE.htm HTTP/1.1" 200 7678 "-" "Mozilla/5.0 (Linux; Android 7.0;) AppleWebKit/537.36 (KHTML, like Gecko) Mobile Safari/537.36 (compatible; PetalBot;+https://webmaster.petalsearch.com/site/petalbot)"
114.119.156.185 - - [24/Mar/2025:20:21:04 +0000] "GET /WONDERFULDUBAITOURPACKAGE.htm HTTP/1.1" 200 7695 "https://www.iumdestination.com/WONDERFULDUBAITOURPACKAGE.htm" "Mozilla/5.0 (Linux; Android 7.0;) AppleWebKit/537.36 (KHTML, like Gecko) Mobile Safari/537.36 (compatible; PetalBot;+https://webmaster.petalsearch.com/site/petalbot)"
52.167.144.16 - - [24/Mar/2025:20:21:51 +0000] "GET /147e12e366be352-8-vending-raincoats/index.php HTTP/1.1" 301 275 "-" "Mozilla/5.0 AppleWebKit/537.36 (KHTML, like Gecko; compatible; bingbot/2.0; +http://www.bing.com/bingbot.htm) Chrome/116.0.1938.76 Safari/537.36"
114.119.141.217 - - [24/Mar/2025:20:22:18 +0000] "GET /ALORGRANDEHOLIDAYRESORTS03NIGHT.htm HTTP/1.1" 200 9084 "-" "Mozilla/5.0 (Linux; Android 7.0;) AppleWebKit/537.36 (KHTML, like Gecko) Mobile Safari/537.36 (compatible; PetalBot;+https://webmaster.petalsearch.com/site/petalbot)"
54.36.149.41 - - [24/Mar/2025:20:22:22 +0000] "GET /DESTINATIONUTTARAKHANDTOURS.htm HTTP/1.1" 200 10010 "-" "Mozilla/5.0 (compatible; AhrefsBot/7.0; +http://ahrefs.com/robot/)"
51.75.206.94 - - [24/Mar/2025:20:25:35 +0000] "GET / HTTP/1.1" 200 11596 "-" "Mozilla/5.0 AppleWebKit/537.36 (KHTML, like Gecko) LookoutBot/1.0; Chrome/133.0.0.0 Safari/537.36"
51.75.206.94 - - [24/Mar/2025:20:25:36 +0000] "GET / HTTP/1.1" 200 11604 "-" "Mozilla/5.0 AppleWebKit/537.36 (KHTML, like Gecko) LookoutBot/1.0; Chrome/133.0.0.0 Safari/537.36"
178.170.197.176 - - [24/Mar/2025:20:26:00 +0000] "GET /galleryimg/859035613-1.jpg HTTP/1.1" 200 479599 "-" "Mozilla/5.0 (Windows NT 10.0; Win64; x64) AppleWebKit/537.36 (KHTML, like Gecko) Chrome/131.0.0.0 Safari/537.36"
74.80.208.176 - - [24/Mar/2025:20:27:23 +0000] "GET /DubaiTourPackage.html HTTP/1.1" 200 8360 "-" "Mozilla/5.0 (compatible; ImagesiftBot; +imagesift.com)"
54.36.148.242 - - [24/Mar/2025:20:28:52 +0000] "GET /Singapore.htm HTTP/1.1" 200 8856 "-" "Mozilla/5.0 (compatible; AhrefsBot/7.0; +http://ahrefs.com/robot/)"
74.80.208.176 - - [24/Mar/2025:20:30:01 +0000] "GET /DestinationJammuandKashmirTourPackages.html HTTP/1.1" 200 8985 "-" "Mozilla/5.0 (compatible; ImagesiftBot; +imagesift.com)"
74.80.208.176 - - [24/Mar/2025:20:32:41 +0000] "GET /SingaporeTourPackage.html HTTP/1.1" 200 8725 "-" "Mozilla/5.0 (compatible; ImagesiftBot; +imagesift.com)"
216.244.66.233 - - [24/Mar/2025:20:32:54 +0000] "GET /holiday-detail.php?url=Ahmedabad1N%7CBhavnagar1N%7CDiu1N%7CGir2N%7CSomnath1N%7CDwarka2N%7CRajkot1N HTTP/1.1" 301 336 "-" "Mozilla/5.0 (compatible; DotBot/1.2; +https://opensiteexplorer.org/dotbot; help@moz.com)"
66.249.73.10 - - [24/Mar/2025:20:33:06 +0000] "GET /robots.txt HTTP/1.1" 404 196 "-" "Mozilla/5.0 (compatible; Googlebot/2.1; +http://www.google.com/bot.html)"
66.249.73.10 - - [24/Mar/2025:20:34:19 +0000] "GET /robots.txt HTTP/1.1" 404 196 "-" "Mozilla/5.0 (compatible; Googlebot/2.1; +http://www.google.com/bot.html)"
66.249.73.11 - - [24/Mar/2025:20:34:19 +0000] "GET /destinations.php HTTP/1.1" 200 8930 "-" "Mozilla/5.0 (Linux; Android 6.0.1; Nexus 5X Build/MMB29P) AppleWebKit/537.36 (KHTML, like Gecko) Chrome/134.0.6998.165 Mobile Safari/537.36 (compatible; Googlebot/2.1; +http://www.google.com/bot.html)"
54.36.148.3 - - [24/Mar/2025:20:35:00 +0000] "GET /DESTINATIONHARIDWARORMUSSOORIEANDNAINITALWITHRANIKHETTRIP.htm HTTP/1.1" 200 9707 "-" "Mozilla/5.0 (compatible; AhrefsBot/7.0; +http://ahrefs.com/robot/)"
74.80.208.176 - - [24/Mar/2025:20:35:44 +0000] "GET /GANGTOKWITHTSOMGOANDDARJEELINGTOUR.htm HTTP/1.1" 200 12824 "-" "Mozilla/5.0 (compatible; ImagesiftBot; +imagesift.com)"
47.82.24.22 - - [24/Mar/2025:20:36:25 +0000] "GET /galleryimg/3801136jain_temple-pavagiri.jpg HTTP/1.1" 200 306724 "-" "Mozilla/5.0 (Macintosh; Intel Mac OS X 10_15_7) AppleWebKit/537.36 (KHTML, like Gecko) Chrome/131.0.0.0 Safari/537.36"
66.249.73.12 - - [24/Mar/2025:20:36:49 +0000] "GET /robots.txt HTTP/1.1" 404 196 "-" "Mozilla/5.0 (compatible; Googlebot/2.1; +http://www.google.com/bot.html)"
66.249.73.10 - - [24/Mar/2025:20:36:49 +0000] "GET /AndamanTourPackages.html HTTP/1.1" 200 9651 "-" "Mozilla/5.0 (Linux; Android 6.0.1; Nexus 5X Build/MMB29P) AppleWebKit/537.36 (KHTML, like Gecko) Chrome/134.0.6998.165 Mobile Safari/537.36 (compatible; Googlebot/2.1; +http://www.google.com/bot.html)"
147.32.87.114 - - [24/Mar/2025:20:36:49 +0000] "GET /galleryimg/4373430best-western-indraprastha.jpg HTTP/1.1" 200 27811 "-" "Mozilla/5.0 (X11; Ubuntu; Linux x86_64; rv:72.0) Gecko/20100101 Firefox/72.0"
216.244.66.233 - - [24/Mar/2025:20:37:14 +0000] "GET /AMAZINGKASHMIR.htm HTTP/1.1" 200 42332 "-" "Mozilla/5.0 (compatible; DotBot/1.2; +https://opensiteexplorer.org/dotbot; help@moz.com)"
216.244.66.233 - - [24/Mar/2025:20:37:21 +0000] "GET /MEDHUFUSHIISLAND.htm HTTP/1.1" 200 42310 "-" "Mozilla/5.0 (compatible; DotBot/1.2; +https://opensiteexplorer.org/dotbot; help@moz.com)"
40.77.167.156 - - [24/Mar/2025:20:38:02 +0000] "GET /North-EastIndiaHoneymoonTourPackage.htm HTTP/1.1" 200 11973 "-" "Mozilla/5.0 AppleWebKit/537.36 (KHTML, like Gecko; compatible; bingbot/2.0; +http://www.bing.com/bingbot.htm) Chrome/116.0.1938.76 Safari/537.36"
74.80.208.176 - - [24/Mar/2025:20:39:34 +0000] "GET /HIDDENPARADISEASHVEM.htm HTTP/1.1" 200 8971 "-" "Mozilla/5.0 (compatible; ImagesiftBot; +imagesift.com)"
54.36.148.154 - - [24/Mar/2025:20:41:22 +0000] "GET /trip_glimpses_bhutan.htm HTTP/1.1" 200 9938 "-" "Mozilla/5.0 (compatible; AhrefsBot/7.0; +http://ahrefs.com/robot/)"
34.125.241.79 - - [24/Mar/2025:20:42:35 +0000] "GET /galleryimg/f7568a16b4307fbc18bfd7ce0f7ddaea.jpg HTTP/1.1" 200 11197 "-" "Mozilla/5.0 (X11; Ubuntu; Linux x86_64; rv:72.0) Gecko/20100101 Firefox/72.0"
66.249.73.10 - - [24/Mar/2025:20:42:48 +0000] "GET /tour_munnar_alleppey_kumarakom.htm HTTP/1.1" 200 9941 "-" "Mozilla/5.0 (Linux; Android 6.0.1; Nexus 5X Build/MMB29P) AppleWebKit/537.36 (KHTML, like Gecko) Chrome/134.0.6998.165 Mobile Safari/537.36 (compatible; Googlebot/2.1; +http://www.google.com/bot.html)"
74.80.208.176 - - [24/Mar/2025:20:44:14 +0000] "GET /trip_best_bhutan.htm HTTP/1.1" 200 10082 "-" "Mozilla/5.0 (compatible; ImagesiftBot; +imagesift.com)"
194.38.23.16 - - [24/Mar/2025:20:45:06 +0000] "GET /admin/assets/global/plugins/filemanager/php/connector.minimal.php HTTP/1.1" 301 303 "-" "ALittle Client"
194.38.23.16 - - [24/Mar/2025:20:45:10 +0000] "GET /admin/assets/filemanager/php/connector.minimal.php HTTP/1.1" 301 288 "-" "ALittle Client"
194.38.23.16 - - [24/Mar/2025:20:45:24 +0000] "GET /admin/assets/global/plugins/filemanager/php/connector.minimal.php HTTP/1.1" 404 196 "-" "ALittle Client"
194.38.23.16 - - [24/Mar/2025:20:45:27 +0000] "GET /admin/assets/filemanager/php/connector.minimal.php HTTP/1.1" 404 196 "-" "ALittle Client"
185.191.171.13 - - [24/Mar/2025:20:46:45 +0000] "GET /CHARDHAMTOURDELHITODELHI2021.htm HTTP/1.1" 200 7685 "-" "Mozilla/5.0 (compatible; SemrushBot/7~bl; +http://www.semrush.com/bot.html)"
54.36.148.99 - - [24/Mar/2025:20:47:40 +0000] "GET /DESTINATIONBESTNAINITALORCORBETTPARKWITHALMORA.htm HTTP/1.1" 200 9793 "-" "Mozilla/5.0 (compatible; AhrefsBot/7.0; +http://ahrefs.com/robot/)"
216.244.66.233 - - [24/Mar/2025:20:48:02 +0000] "GET /robots.txt HTTP/1.1" 301 248 "-" "Mozilla/5.0 (compatible; DotBot/1.2; +https://opensiteexplorer.org/dotbot; help@moz.com)"
216.244.66.233 - - [24/Mar/2025:20:48:02 +0000] "GET /robots.txt HTTP/1.1" 404 196 "-" "Mozilla/5.0 (compatible; DotBot/1.2; +https://opensiteexplorer.org/dotbot; help@moz.com)"
216.244.66.233 - - [24/Mar/2025:20:48:02 +0000] "GET /robots.txt HTTP/1.1" 404 196 "-" "Mozilla/5.0 (compatible; DotBot/1.2; +https://opensiteexplorer.org/dotbot; help@moz.com)"
117.50.192.19 - - [24/Mar/2025:20:48:20 +0000] "GET /galleryimg/72925811005325_566033276776781_1028900321_n.jpg HTTP/1.1" 200 100652 "-" "Mozilla/5.0 (X11; Ubuntu; Linux x86_64; rv:72.0) Gecko/20100101 Firefox/72.0"
157.55.39.60 - - [24/Mar/2025:20:48:25 +0000] "GET /187c8065d67e742-8-vending-agrocybe/enman-balun-beater-13b070827c3102.htm HTTP/1.1" 200 7595 "-" "Mozilla/5.0 AppleWebKit/537.36 (KHTML, like Gecko; compatible; bingbot/2.0; +http://www.bing.com/bingbot.htm) Chrome/116.0.1938.76 Safari/537.36"
157.55.39.60 - - [24/Mar/2025:20:48:34 +0000] "GET /20db492c0e9e55-8-vending-packets/index.php HTTP/1.1" 301 272 "-" "Mozilla/5.0 AppleWebKit/537.36 (KHTML, like Gecko; compatible; bingbot/2.0; +http://www.bing.com/bingbot.htm) Chrome/116.0.1938.76 Safari/537.36"
40.77.167.9 - - [24/Mar/2025:20:50:05 +0000] "GET /569819d2c86b51-8-vending-salted/hotels.php HTTP/1.1" 404 196 "-" "Mozilla/5.0 AppleWebKit/537.36 (KHTML, like Gecko; compatible; bingbot/2.0; +http://www.bing.com/bingbot.htm) Chrome/116.0.1938.76 Safari/537.36"
66.249.73.10 - - [24/Mar/2025:20:51:25 +0000] "GET /PenangOrientKualaLumpur.htm HTTP/1.1" 200 8560 "-" "Mozilla/5.0 (Linux; Android 6.0.1; Nexus 5X Build/MMB29P) AppleWebKit/537.36 (KHTML, like Gecko) Chrome/134.0.6998.165 Mobile Safari/537.36 (compatible; Googlebot/2.1; +http://www.google.com/bot.html)"
74.80.208.176 - - [24/Mar/2025:20:52:08 +0000] "GET /destinations.php HTTP/1.1" 200 8920 "-" "Mozilla/5.0 (compatible; ImagesiftBot; +imagesift.com)"
54.36.148.27 - - [24/Mar/2025:20:53:56 +0000] "GET /CHARDHAMYATRAHELICOPTER-20255NIGHT6Days.htm HTTP/1.1" 200 14060 "-" "Mozilla/5.0 (compatible; AhrefsBot/7.0; +http://ahrefs.com/robot/)"
40.77.167.9 - - [24/Mar/2025:20:54:24 +0000] "GET /184193acb1ab369-8-vending-agrocybe/india-destinations.php HTTP/1.1" 404 196 "-" "Mozilla/5.0 AppleWebKit/537.36 (KHTML, like Gecko; compatible; bingbot/2.0; +http://www.bing.com/bingbot.htm) Chrome/116.0.1938.76 Safari/537.36"
40.77.167.9 - - [24/Mar/2025:20:55:54 +0000] "GET /30b5f53bf14d32-8-vending-packets/tour-booking.php HTTP/1.1" 404 196 "-" "Mozilla/5.0 AppleWebKit/537.36 (KHTML, like Gecko; compatible; bingbot/2.0; +http://www.bing.com/bingbot.htm) Chrome/116.0.1938.76 Safari/537.36"
185.191.171.9 - - [24/Mar/2025:20:55:59 +0000] "GET /kerala_package_tour.htm HTTP/1.1" 200 9917 "-" "Mozilla/5.0 (compatible; SemrushBot/7~bl; +http://www.semrush.com/bot.html)"
131.175.44.8 - - [24/Mar/2025:20:57:41 +0000] "GET /galleryimg/1b3ca8f9ea0d2beec410e2b3653edcbf.jpg HTTP/1.1" 200 48948 "-" "Mozilla/5.0 (X11; Ubuntu; Linux x86_64; rv:72.0) Gecko/20100101 Firefox/72.0"
54.36.148.32 - - [24/Mar/2025:20:59:13 +0000] "GET /NAINITALTOURPACKAGE.htm HTTP/1.1" 200 10564 "-" "Mozilla/5.0 (compatible; AhrefsBot/7.0; +http://ahrefs.com/robot/)"
85.208.96.202 - - [24/Mar/2025:21:00:52 +0000] "GET /robots.txt HTTP/1.1" 404 196 "-" "Mozilla/5.0 (compatible; SemrushBot/7~bl; +http://www.semrush.com/bot.html)"
85.208.96.208 - - [24/Mar/2025:21:00:53 +0000] "GET /MEDHUFUSHIISLAND.htm HTTP/1.1" 200 7680 "-" "Mozilla/5.0 (compatible; SemrushBot/7~bl; +http://www.semrush.com/bot.html)"
66.249.73.12 - - [24/Mar/2025:21:04:11 +0000] "GET /cars.php HTTP/1.1" 200 8197 "-" "Mozilla/5.0 (Linux; Android 6.0.1; Nexus 5X Build/MMB29P) AppleWebKit/537.36 (KHTML, like Gecko) Chrome/134.0.6998.165 Mobile Safari/537.36 (compatible; Googlebot/2.1; +http://www.google.com/bot.html)"
185.191.171.14 - - [24/Mar/2025:21:04:36 +0000] "GET /TRIPShaktipeeth.htm HTTP/1.1" 200 7676 "-" "Mozilla/5.0 (compatible; SemrushBot/7~bl; +http://www.semrush.com/bot.html)"
54.36.148.10 - - [24/Mar/2025:21:04:39 +0000] "GET /ANDAMANADVENTUREPACKAGE.htm HTTP/1.1" 200 13645 "-" "Mozilla/5.0 (compatible; AhrefsBot/7.0; +http://ahrefs.com/robot/)"
47.82.37.62 - - [24/Mar/2025:21:05:56 +0000] "GET / HTTP/1.1" 200 11512 "https://www.google.com/" "Mozilla/5.0 (Linux; Android 10; K) AppleWebKit/537.36 (KHTML, like Gecko) Chrome/132.0.0.0 Mobile Safari/537.36"
66.249.73.12 - - [24/Mar/2025:21:06:10 +0000] "GET /SingaporeTourPackage.html HTTP/1.1" 200 8769 "-" "Mozilla/5.0 (Linux; Android 6.0.1; Nexus 5X Build/MMB29P) AppleWebKit/537.36 (KHTML, like Gecko) Chrome/134.0.6998.165 Mobile Safari/537.36 (compatible; Googlebot/2.1; +http://www.google.com/bot.html)"
66.249.73.10 - - [24/Mar/2025:21:06:23 +0000] "GET /SEEPARADISEKASHMIR.htm HTTP/1.1" 200 10045 "-" "Mozilla/5.0 (Linux; Android 6.0.1; Nexus 5X Build/MMB29P) AppleWebKit/537.36 (KHTML, like Gecko) Chrome/134.0.6998.165 Mobile Safari/537.36 (compatible; Googlebot/2.1; +http://www.google.com/bot.html)"
216.244.66.233 - - [24/Mar/2025:21:08:24 +0000] "GET /hotel-details.php?hotel=Country%20Inn%20&%20Suites%20by%20Carlson,%20Amritsar HTTP/1.1" 301 319 "-" "Mozilla/5.0 (compatible; DotBot/1.2; +https://opensiteexplorer.org/dotbot; help@moz.com)"
54.36.148.207 - - [24/Mar/2025:21:11:06 +0000] "GET /ZONECONNECT.htm HTTP/1.1" 200 8997 "-" "Mozilla/5.0 (compatible; AhrefsBot/7.0; +http://ahrefs.com/robot/)"
216.244.66.233 - - [24/Mar/2025:21:11:58 +0000] "GET /holidays-list.php?tour_category=Destination%20In%20Sri%20Lanka HTTP/1.1" 301 300 "-" "Mozilla/5.0 (compatible; DotBot/1.2; +https://opensiteexplorer.org/dotbot; help@moz.com)"
77.75.77.62 - - [24/Mar/2025:21:12:00 +0000] "GET /WONDERFULKASHMIR-OPTIONA.htm HTTP/1.1" 200 10054 "-" "Mozilla/5.0 (compatible; SeznamBot/4.0; +https://o-seznam.cz/napoveda/vyhledavani/en/seznambot-crawler/)"
216.244.66.233 - - [24/Mar/2025:21:13:46 +0000] "GET /holiday-detail.php?url=DestinationAhmedabadGirSomnathDwarkaRajkot HTTP/1.1" 301 303 "-" "Mozilla/5.0 (compatible; DotBot/1.2; +https://opensiteexplorer.org/dotbot; help@moz.com)"
54.36.148.41 - - [24/Mar/2025:21:16:44 +0000] "GET /DESTINATIONNAINITALANDCORBETTTOURS.htm HTTP/1.1" 200 9529 "-" "Mozilla/5.0 (compatible; AhrefsBot/7.0; +http://ahrefs.com/robot/)"
