38.60.255.181 - - [24/Mar/2025:09:40:02 +0000] "GET /images/icon1.png HTTP/1.1" 200 1653 "https://www.iumdestination.com/css/style.css" "Mozilla/5.0 (X11; Linux x86_64) AppleWebKit/537.36 (KHTML, like Gecko) Chrome/126.0.6478.1264 YaBrowser/24.7.3.1264 (beta) Yowser/2.5 Safari/537.36"
38.60.255.181 - - [24/Mar/2025:09:40:02 +0000] "GET /font-awesome/fonts/fontawesome-webfont914c.woff2?v=4.6.1 HTTP/1.1" 200 70728 "https://www.iumdestination.com/font-awesome/css/font-awesome.min.css" "Mozilla/5.0 (X11; Linux x86_64) AppleWebKit/537.36 (KHTML, like Gecko) Chrome/126.0.6478.1264 YaBrowser/24.7.3.1264 (beta) Yowser/2.5 Safari/537.36"
38.60.255.181 - - [24/Mar/2025:09:40:02 +0000] "GET /fonts/ElegantIcons.woff HTTP/1.1" 200 63664 "https://www.iumdestination.com/css/style.css" "Mozilla/5.0 (X11; Linux x86_64) AppleWebKit/537.36 (KHTML, like Gecko) Chrome/126.0.6478.1264 YaBrowser/24.7.3.1264 (beta) Yowser/2.5 Safari/537.36"
31.56.240.150 - - [24/Mar/2025:09:40:03 +0000] "GET /js/owl-carousel/owl.carousel.css HTTP/1.1" 200 893 "https://www.iumdestination.com/" "Mozilla/5.0 (Windows NT 10.0; Win64; x64) AppleWebKit/537.36 (KHTML, like Gecko) Chrome/132.0.0.0 YaBrowser/25.2.0.0 Safari/537.36"
38.60.255.181 - - [24/Mar/2025:09:40:03 +0000] "GET /galleryimg/e77396e43b9ca04fc468016cbda9d299.jpg HTTP/1.1" 200 51612 "https://www.iumdestination.com/" "Mozilla/5.0 (X11; Linux x86_64) AppleWebKit/537.36 (KHTML, like Gecko) Chrome/126.0.6478.1264 YaBrowser/24.7.3.1264 (beta) Yowser/2.5 Safari/537.36"
38.60.255.181 - - [24/Mar/2025:09:40:03 +0000] "GET /images/taj-mahal.jpg HTTP/1.1" 200 404484 "https://www.iumdestination.com/" "Mozilla/5.0 (X11; Linux x86_64) AppleWebKit/537.36 (KHTML, like Gecko) Chrome/126.0.6478.1264 YaBrowser/24.7.3.1264 (beta) Yowser/2.5 Safari/537.36"
38.60.255.181 - - [24/Mar/2025:09:40:03 +0000] "GET /images/flight.png HTTP/1.1" 200 1559 "https://www.iumdestination.com/css/style.css" "Mozilla/5.0 (X11; Linux x86_64) AppleWebKit/537.36 (KHTML, like Gecko) Chrome/126.0.6478.1264 YaBrowser/24.7.3.1264 (beta) Yowser/2.5 Safari/537.36"
38.60.255.181 - - [24/Mar/2025:09:40:03 +0000] "GET /images/international-tour-packages.jpg HTTP/1.1" 200 48720 "https://www.iumdestination.com/" "Mozilla/5.0 (X11; Linux x86_64) AppleWebKit/537.36 (KHTML, like Gecko) Chrome/126.0.6478.1264 YaBrowser/24.7.3.1264 (beta) Yowser/2.5 Safari/537.36"
38.60.255.181 - - [24/Mar/2025:09:40:03 +0000] "GET /images/hawa-mahal-jaipur.jpg HTTP/1.1" 200 478157 "https://www.iumdestination.com/" "Mozilla/5.0 (X11; Linux x86_64) AppleWebKit/537.36 (KHTML, like Gecko) Chrome/126.0.6478.1264 YaBrowser/24.7.3.1264 (beta) Yowser/2.5 Safari/537.36"
38.60.255.181 - - [24/Mar/2025:09:40:03 +0000] "GET /images/golden-temple.jpg HTTP/1.1" 200 527665 "https://www.iumdestination.com/" "Mozilla/5.0 (X11; Linux x86_64) AppleWebKit/537.36 (KHTML, like Gecko) Chrome/126.0.6478.1264 YaBrowser/24.7.3.1264 (beta) Yowser/2.5 Safari/537.36"
38.60.255.181 - - [24/Mar/2025:09:40:03 +0000] "GET /images/country-icons/c3_w.png HTTP/1.1" 200 831 "https://www.iumdestination.com/css/style.css" "Mozilla/5.0 (X11; Linux x86_64) AppleWebKit/537.36 (KHTML, like Gecko) Chrome/126.0.6478.1264 YaBrowser/24.7.3.1264 (beta) Yowser/2.5 Safari/537.36"
38.60.255.181 - - [24/Mar/2025:09:40:03 +0000] "GET /images/country-icons/c2.png HTTP/1.1" 200 872 "https://www.iumdestination.com/css/style.css" "Mozilla/5.0 (X11; Linux x86_64) AppleWebKit/537.36 (KHTML, like Gecko) Chrome/126.0.6478.1264 YaBrowser/24.7.3.1264 (beta) Yowser/2.5 Safari/537.36"
31.56.240.150 - - [24/Mar/2025:09:40:03 +0000] "GET /css/style.css HTTP/1.1" 200 19051 "https://www.iumdestination.com/" "Mozilla/5.0 (Windows NT 10.0; Win64; x64) AppleWebKit/537.36 (KHTML, like Gecko) Chrome/132.0.0.0 YaBrowser/25.2.0.0 Safari/537.36"
38.60.255.181 - - [24/Mar/2025:09:40:03 +0000] "GET /galleryimg/images%20(2).jpg HTTP/1.1" 200 13392 "https://www.iumdestination.com/" "Mozilla/5.0 (X11; Linux x86_64) AppleWebKit/537.36 (KHTML, like Gecko) Chrome/126.0.6478.1264 YaBrowser/24.7.3.1264 (beta) Yowser/2.5 Safari/537.36"
38.60.255.181 - - [24/Mar/2025:09:40:03 +0000] "GET /images/banner.jpg HTTP/1.1" 200 118709 "https://www.iumdestination.com/" "Mozilla/5.0 (X11; Linux x86_64) AppleWebKit/537.36 (KHTML, like Gecko) Chrome/126.0.6478.1264 YaBrowser/24.7.3.1264 (beta) Yowser/2.5 Safari/537.36"
38.60.255.181 - - [24/Mar/2025:09:40:03 +0000] "GET /galleryimg/ec282cca36ffe778ff13e504b94cbba4.jpg HTTP/1.1" 200 57312 "https://www.iumdestination.com/" "Mozilla/5.0 (X11; Linux x86_64) AppleWebKit/537.36 (KHTML, like Gecko) Chrome/126.0.6478.1264 YaBrowser/24.7.3.1264 (beta) Yowser/2.5 Safari/537.36"
38.60.255.181 - - [24/Mar/2025:09:40:04 +0000] "GET /galleryimg/download%20(2).jpg HTTP/1.1" 200 9487 "https://www.iumdestination.com/" "Mozilla/5.0 (X11; Linux x86_64) AppleWebKit/537.36 (KHTML, like Gecko) Chrome/126.0.6478.1264 YaBrowser/24.7.3.1264 (beta) Yowser/2.5 Safari/537.36"
31.56.240.150 - - [24/Mar/2025:09:40:04 +0000] "GET /js/dist/css/bootstrap-select.css HTTP/1.1" 200 1534 "https://www.iumdestination.com/" "Mozilla/5.0 (Windows NT 10.0; Win64; x64) AppleWebKit/537.36 (KHTML, like Gecko) Chrome/132.0.0.0 YaBrowser/25.2.0.0 Safari/537.36"
31.56.240.150 - - [24/Mar/2025:09:40:04 +0000] "GET /font-awesome/css/font-awesome.min.css HTTP/1.1" 200 6612 "https://www.iumdestination.com/" "Mozilla/5.0 (Windows NT 10.0; Win64; x64) AppleWebKit/537.36 (KHTML, like Gecko) Chrome/132.0.0.0 YaBrowser/25.2.0.0 Safari/537.36"
38.60.255.181 - - [24/Mar/2025:09:40:04 +0000] "GET /images/india-tour-packages.jpg HTTP/1.1" 200 51915 "https://www.iumdestination.com/" "Mozilla/5.0 (X11; Linux x86_64) AppleWebKit/537.36 (KHTML, like Gecko) Chrome/126.0.6478.1264 YaBrowser/24.7.3.1264 (beta) Yowser/2.5 Safari/537.36"
38.60.255.181 - - [24/Mar/2025:09:40:04 +0000] "GET /js/owl-carousel/owl.carousel.min.js HTTP/1.1" 200 6465 "https://www.iumdestination.com/" "Mozilla/5.0 (X11; Linux x86_64) AppleWebKit/537.36 (KHTML, like Gecko) Chrome/126.0.6478.1264 YaBrowser/24.7.3.1264 (beta) Yowser/2.5 Safari/537.36"
38.60.255.181 - - [24/Mar/2025:09:40:04 +0000] "GET /js/internal.js HTTP/1.1" 200 1097 "https://www.iumdestination.com/" "Mozilla/5.0 (X11; Linux x86_64) AppleWebKit/537.36 (KHTML, like Gecko) Chrome/126.0.6478.1264 YaBrowser/24.7.3.1264 (beta) Yowser/2.5 Safari/537.36"
38.60.255.181 - - [24/Mar/2025:09:40:04 +0000] "GET /js/datetimepicker/moment.js HTTP/1.1" 200 21507 "https://www.iumdestination.com/" "Mozilla/5.0 (X11; Linux x86_64) AppleWebKit/537.36 (KHTML, like Gecko) Chrome/126.0.6478.1264 YaBrowser/24.7.3.1264 (beta) Yowser/2.5 Safari/537.36"
31.56.240.150 - - [24/Mar/2025:09:40:04 +0000] "GET /css/responsive.css HTTP/1.1" 200 6457 "https://www.iumdestination.com/" "Mozilla/5.0 (Windows NT 10.0; Win64; x64) AppleWebKit/537.36 (KHTML, like Gecko) Chrome/132.0.0.0 YaBrowser/25.2.0.0 Safari/537.36"
38.60.255.181 - - [24/Mar/2025:09:40:04 +0000] "GET /js/datetimepicker/bootstrap-datetimepicker.min.js HTTP/1.1" 200 6422 "https://www.iumdestination.com/" "Mozilla/5.0 (X11; Linux x86_64) AppleWebKit/537.36 (KHTML, like Gecko) Chrome/126.0.6478.1264 YaBrowser/24.7.3.1264 (beta) Yowser/2.5 Safari/537.36"
38.60.255.181 - - [24/Mar/2025:09:40:04 +0000] "GET /images/rajasthan-packages.jpg HTTP/1.1" 200 187894 "https://www.iumdestination.com/" "Mozilla/5.0 (X11; Linux x86_64) AppleWebKit/537.36 (KHTML, like Gecko) Chrome/126.0.6478.1264 YaBrowser/24.7.3.1264 (beta) Yowser/2.5 Safari/537.36"
38.60.255.181 - - [24/Mar/2025:09:40:04 +0000] "GET /google-captcha/img/loader.gif HTTP/1.1" 200 1236 "https://www.iumdestination.com/" "Mozilla/5.0 (X11; Linux x86_64) AppleWebKit/537.36 (KHTML, like Gecko) Chrome/126.0.6478.1264 YaBrowser/24.7.3.1264 (beta) Yowser/2.5 Safari/537.36"
38.60.255.181 - - [24/Mar/2025:09:40:04 +0000] "GET /galleryimg/14ffa062032b3982ff6f3802ecba7fe0.jpg HTTP/1.1" 200 25875 "https://www.iumdestination.com/" "Mozilla/5.0 (X11; Linux x86_64) AppleWebKit/537.36 (KHTML, like Gecko) Chrome/126.0.6478.1264 YaBrowser/24.7.3.1264 (beta) Yowser/2.5 Safari/537.36"
38.60.255.181 - - [24/Mar/2025:09:40:04 +0000] "GET /images/flight-ticket-booking.jpg HTTP/1.1" 200 38160 "https://www.iumdestination.com/" "Mozilla/5.0 (X11; Linux x86_64) AppleWebKit/537.36 (KHTML, like Gecko) Chrome/126.0.6478.1264 YaBrowser/24.7.3.1264 (beta) Yowser/2.5 Safari/537.36"
38.60.255.181 - - [24/Mar/2025:09:40:04 +0000] "GET /galleryimg/46ef1fc632745ad4b3079edc83fb064d.jpg HTTP/1.1" 200 171016 "https://www.iumdestination.com/" "Mozilla/5.0 (X11; Linux x86_64) AppleWebKit/537.36 (KHTML, like Gecko) Chrome/126.0.6478.1264 YaBrowser/24.7.3.1264 (beta) Yowser/2.5 Safari/537.36"
31.56.240.150 - - [24/Mar/2025:09:40:04 +0000] "GET /images/logo-4.png HTTP/1.1" 200 22522 "https://www.iumdestination.com/" "Mozilla/5.0 (Windows NT 10.0; Win64; x64) AppleWebKit/537.36 (KHTML, like Gecko) Chrome/132.0.0.0 YaBrowser/25.2.0.0 Safari/537.36"
38.60.255.181 - - [24/Mar/2025:09:40:04 +0000] "GET /galleryimg/a59f4250223d614b44e758613faf9ed9.jpg HTTP/1.1" 200 76300 "https://www.iumdestination.com/" "Mozilla/5.0 (X11; Linux x86_64) AppleWebKit/537.36 (KHTML, like Gecko) Chrome/126.0.6478.1264 YaBrowser/24.7.3.1264 (beta) Yowser/2.5 Safari/537.36"
38.60.255.181 - - [24/Mar/2025:09:40:05 +0000] "GET /galleryimg/075cee0770760d2cbaec5e52f725c3c5.jpg HTTP/1.1" 200 13470 "https://www.iumdestination.com/" "Mozilla/5.0 (X11; Linux x86_64) AppleWebKit/537.36 (KHTML, like Gecko) Chrome/126.0.6478.1264 YaBrowser/24.7.3.1264 (beta) Yowser/2.5 Safari/537.36"
38.60.255.181 - - [24/Mar/2025:09:40:05 +0000] "GET /galleryimg/6a09a797c7f0f430ec3980e10d0ed7e1.jpg HTTP/1.1" 200 174487 "https://www.iumdestination.com/" "Mozilla/5.0 (X11; Linux x86_64) AppleWebKit/537.36 (KHTML, like Gecko) Chrome/126.0.6478.1264 YaBrowser/24.7.3.1264 (beta) Yowser/2.5 Safari/537.36"
38.60.255.181 - - [24/Mar/2025:09:40:05 +0000] "GET /images/leh-ladakh.jpg HTTP/1.1" 200 322426 "https://www.iumdestination.com/" "Mozilla/5.0 (X11; Linux x86_64) AppleWebKit/537.36 (KHTML, like Gecko) Chrome/126.0.6478.1264 YaBrowser/24.7.3.1264 (beta) Yowser/2.5 Safari/537.36"
38.60.255.181 - - [24/Mar/2025:09:40:05 +0000] "GET /galleryimg/486c5b7f0a4d3f3c1c27f474b66c09d4.jpg HTTP/1.1" 200 145656 "https://www.iumdestination.com/" "Mozilla/5.0 (X11; Linux x86_64) AppleWebKit/537.36 (KHTML, like Gecko) Chrome/126.0.6478.1264 YaBrowser/24.7.3.1264 (beta) Yowser/2.5 Safari/537.36"
31.56.240.150 - - [24/Mar/2025:09:40:05 +0000] "GET /google-captcha/component/jquery/jquery-3.2.1.min.js HTTP/1.1" 200 30191 "https://www.iumdestination.com/" "Mozilla/5.0 (Windows NT 10.0; Win64; x64) AppleWebKit/537.36 (KHTML, like Gecko) Chrome/132.0.0.0 YaBrowser/25.2.0.0 Safari/537.36"
31.56.240.150 - - [24/Mar/2025:09:40:05 +0000] "GET /images/logo-ministry.jpg HTTP/1.1" 200 13288 "https://www.iumdestination.com/" "Mozilla/5.0 (Windows NT 10.0; Win64; x64) AppleWebKit/537.36 (KHTML, like Gecko) Chrome/132.0.0.0 YaBrowser/25.2.0.0 Safari/537.36"
38.60.255.181 - - [24/Mar/2025:09:40:05 +0000] "GET /galleryimg/d5f75b2b4f278b8432294979a8b1df94.jpg HTTP/1.1" 200 115727 "https://www.iumdestination.com/" "Mozilla/5.0 (X11; Linux x86_64) AppleWebKit/537.36 (KHTML, like Gecko) Chrome/126.0.6478.1264 YaBrowser/24.7.3.1264 (beta) Yowser/2.5 Safari/537.36"
38.60.255.181 - - [24/Mar/2025:09:40:05 +0000] "GET /galleryimg/e68740ad5702f8c6dd0368023196bdef.jpg HTTP/1.1" 200 12059 "https://www.iumdestination.com/" "Mozilla/5.0 (X11; Linux x86_64) AppleWebKit/537.36 (KHTML, like Gecko) Chrome/126.0.6478.1264 YaBrowser/24.7.3.1264 (beta) Yowser/2.5 Safari/537.36"
38.60.255.181 - - [24/Mar/2025:09:40:05 +0000] "GET /galleryimg/header-image-tracking-sri-lanka-940x270.jpg HTTP/1.1" 200 143694 "https://www.iumdestination.com/" "Mozilla/5.0 (X11; Linux x86_64) AppleWebKit/537.36 (KHTML, like Gecko) Chrome/126.0.6478.1264 YaBrowser/24.7.3.1264 (beta) Yowser/2.5 Safari/537.36"
38.60.255.181 - - [24/Mar/2025:09:40:05 +0000] "GET /galleryimg/027b9b9119ba4c9fc1a273e876e04d62.jpg HTTP/1.1" 200 9069 "https://www.iumdestination.com/" "Mozilla/5.0 (X11; Linux x86_64) AppleWebKit/537.36 (KHTML, like Gecko) Chrome/126.0.6478.1264 YaBrowser/24.7.3.1264 (beta) Yowser/2.5 Safari/537.36"
38.60.255.181 - - [24/Mar/2025:09:40:06 +0000] "GET /galleryimg/3f9fd09c2132c0f67d8f4ff3c7c5af4c.jpg HTTP/1.1" 200 12888 "https://www.iumdestination.com/" "Mozilla/5.0 (X11; Linux x86_64) AppleWebKit/537.36 (KHTML, like Gecko) Chrome/126.0.6478.1264 YaBrowser/24.7.3.1264 (beta) Yowser/2.5 Safari/537.36"
38.60.255.181 - - [24/Mar/2025:09:40:06 +0000] "GET /galleryimg/eda3e9c2eb46cab280bf6290594255d8.jpg HTTP/1.1" 200 68575 "https://www.iumdestination.com/" "Mozilla/5.0 (X11; Linux x86_64) AppleWebKit/537.36 (KHTML, like Gecko) Chrome/126.0.6478.1264 YaBrowser/24.7.3.1264 (beta) Yowser/2.5 Safari/537.36"
38.60.255.181 - - [24/Mar/2025:09:40:06 +0000] "GET /images/pic1.png HTTP/1.1" 200 31705 "https://www.iumdestination.com/" "Mozilla/5.0 (X11; Linux x86_64) AppleWebKit/537.36 (KHTML, like Gecko) Chrome/126.0.6478.1264 YaBrowser/24.7.3.1264 (beta) Yowser/2.5 Safari/537.36"
38.60.255.181 - - [24/Mar/2025:09:40:06 +0000] "GET /images/pic2.png HTTP/1.1" 200 28719 "https://www.iumdestination.com/" "Mozilla/5.0 (X11; Linux x86_64) AppleWebKit/537.36 (KHTML, like Gecko) Chrome/126.0.6478.1264 YaBrowser/24.7.3.1264 (beta) Yowser/2.5 Safari/537.36"
38.60.255.181 - - [24/Mar/2025:09:40:06 +0000] "GET /images/Visa-Information.jpg HTTP/1.1" 200 26034 "https://www.iumdestination.com/" "Mozilla/5.0 (X11; Linux x86_64) AppleWebKit/537.36 (KHTML, like Gecko) Chrome/126.0.6478.1264 YaBrowser/24.7.3.1264 (beta) Yowser/2.5 Safari/537.36"
38.60.255.181 - - [24/Mar/2025:09:40:06 +0000] "GET /images/Travel-Insurance.jpg HTTP/1.1" 200 36107 "https://www.iumdestination.com/" "Mozilla/5.0 (X11; Linux x86_64) AppleWebKit/537.36 (KHTML, like Gecko) Chrome/126.0.6478.1264 YaBrowser/24.7.3.1264 (beta) Yowser/2.5 Safari/537.36"
31.162.19.86 - - [24/Mar/2025:09:40:06 +0000] "GET / HTTP/1.1" 200 11573 "-" "Mozilla/5.0 (Windows NT 10.0; Win64; x64) AppleWebKit/537.36 (KHTML, like Gecko) Chrome/131.0.0.0 Safari/537.36 OPR/116.0.0.0 (Edition Yx GX 03)"
38.60.255.181 - - [24/Mar/2025:09:40:06 +0000] "GET /images/Foreign-Exchange.jpg HTTP/1.1" 200 49859 "https://www.iumdestination.com/" "Mozilla/5.0 (X11; Linux x86_64) AppleWebKit/537.36 (KHTML, like Gecko) Chrome/126.0.6478.1264 YaBrowser/24.7.3.1264 (beta) Yowser/2.5 Safari/537.36"
38.60.255.181 - - [24/Mar/2025:09:40:06 +0000] "GET /images/foot-logo.png HTTP/1.1" 200 22544 "https://www.iumdestination.com/" "Mozilla/5.0 (X11; Linux x86_64) AppleWebKit/537.36 (KHTML, like Gecko) Chrome/126.0.6478.1264 YaBrowser/24.7.3.1264 (beta) Yowser/2.5 Safari/537.36"
31.56.240.150 - - [24/Mar/2025:09:40:06 +0000] "GET /js/datetimepicker/bootstrap-datetimepicker.min.css HTTP/1.1" 200 1086 "https://www.iumdestination.com/" "Mozilla/5.0 (Windows NT 10.0; Win64; x64) AppleWebKit/537.36 (KHTML, like Gecko) Chrome/132.0.0.0 YaBrowser/25.2.0.0 Safari/537.36"
31.162.19.86 - - [24/Mar/2025:09:40:06 +0000] "GET /bootstrap/css/bootstrap.css HTTP/1.1" 200 21539 "https://www.iumdestination.com/" "Mozilla/5.0 (Windows NT 10.0; Win64; x64) AppleWebKit/537.36 (KHTML, like Gecko) Chrome/131.0.0.0 Safari/537.36 OPR/116.0.0.0 (Edition Yx GX 03)"
31.162.19.86 - - [24/Mar/2025:09:40:06 +0000] "GET /css/ele-style.css HTTP/1.1" 200 4623 "https://www.iumdestination.com/" "Mozilla/5.0 (Windows NT 10.0; Win64; x64) AppleWebKit/537.36 (KHTML, like Gecko) Chrome/131.0.0.0 Safari/537.36 OPR/116.0.0.0 (Edition Yx GX 03)"
31.162.19.86 - - [24/Mar/2025:09:40:07 +0000] "GET /css/style.css HTTP/1.1" 200 19051 "https://www.iumdestination.com/" "Mozilla/5.0 (Windows NT 10.0; Win64; x64) AppleWebKit/537.36 (KHTML, like Gecko) Chrome/131.0.0.0 Safari/537.36 OPR/116.0.0.0 (Edition Yx GX 03)"
31.162.19.86 - - [24/Mar/2025:09:40:07 +0000] "GET /css/responsive.css HTTP/1.1" 200 6457 "https://www.iumdestination.com/" "Mozilla/5.0 (Windows NT 10.0; Win64; x64) AppleWebKit/537.36 (KHTML, like Gecko) Chrome/131.0.0.0 Safari/537.36 OPR/116.0.0.0 (Edition Yx GX 03)"
31.162.19.86 - - [24/Mar/2025:09:40:07 +0000] "GET /js/dist/css/bootstrap-select.css HTTP/1.1" 200 1534 "https://www.iumdestination.com/" "Mozilla/5.0 (Windows NT 10.0; Win64; x64) AppleWebKit/537.36 (KHTML, like Gecko) Chrome/131.0.0.0 Safari/537.36 OPR/116.0.0.0 (Edition Yx GX 03)"
31.162.19.86 - - [24/Mar/2025:09:40:07 +0000] "GET /js/datetimepicker/bootstrap-datetimepicker.min.css HTTP/1.1" 200 1086 "https://www.iumdestination.com/" "Mozilla/5.0 (Windows NT 10.0; Win64; x64) AppleWebKit/537.36 (KHTML, like Gecko) Chrome/131.0.0.0 Safari/537.36 OPR/116.0.0.0 (Edition Yx GX 03)"
31.162.19.86 - - [24/Mar/2025:09:40:07 +0000] "GET /images/logo-4.png HTTP/1.1" 200 22522 "https://www.iumdestination.com/" "Mozilla/5.0 (Windows NT 10.0; Win64; x64) AppleWebKit/537.36 (KHTML, like Gecko) Chrome/131.0.0.0 Safari/537.36 OPR/116.0.0.0 (Edition Yx GX 03)"
31.162.19.86 - - [24/Mar/2025:09:40:07 +0000] "GET /images/logo-ministry.jpg HTTP/1.1" 200 13288 "https://www.iumdestination.com/" "Mozilla/5.0 (Windows NT 10.0; Win64; x64) AppleWebKit/537.36 (KHTML, like Gecko) Chrome/131.0.0.0 Safari/537.36 OPR/116.0.0.0 (Edition Yx GX 03)"
31.162.19.86 - - [24/Mar/2025:09:40:07 +0000] "GET /js/owl-carousel/owl.carousel.css HTTP/1.1" 200 893 "https://www.iumdestination.com/" "Mozilla/5.0 (Windows NT 10.0; Win64; x64) AppleWebKit/537.36 (KHTML, like Gecko) Chrome/131.0.0.0 Safari/537.36 OPR/116.0.0.0 (Edition Yx GX 03)"
31.162.19.86 - - [24/Mar/2025:09:40:07 +0000] "GET /font-awesome/css/font-awesome.min.css HTTP/1.1" 200 6612 "https://www.iumdestination.com/" "Mozilla/5.0 (Windows NT 10.0; Win64; x64) AppleWebKit/537.36 (KHTML, like Gecko) Chrome/131.0.0.0 Safari/537.36 OPR/116.0.0.0 (Edition Yx GX 03)"
31.162.19.86 - - [24/Mar/2025:09:40:08 +0000] "GET /google-captcha/component/jquery/jquery-3.2.1.min.js HTTP/1.1" 200 30191 "https://www.iumdestination.com/" "Mozilla/5.0 (Windows NT 10.0; Win64; x64) AppleWebKit/537.36 (KHTML, like Gecko) Chrome/131.0.0.0 Safari/537.36 OPR/116.0.0.0 (Edition Yx GX 03)"
31.162.19.86 - - [24/Mar/2025:09:40:08 +0000] "GET /bootstrap/js/bootstrap.min.js HTTP/1.1" 200 9756 "https://www.iumdestination.com/" "Mozilla/5.0 (Windows NT 10.0; Win64; x64) AppleWebKit/537.36 (KHTML, like Gecko) Chrome/131.0.0.0 Safari/537.36 OPR/116.0.0.0 (Edition Yx GX 03)"
31.162.19.86 - - [24/Mar/2025:09:40:08 +0000] "GET /js/jquery.2.1.1.min.js HTTP/1.1" 200 29551 "https://www.iumdestination.com/" "Mozilla/5.0 (Windows NT 10.0; Win64; x64) AppleWebKit/537.36 (KHTML, like Gecko) Chrome/131.0.0.0 Safari/537.36 OPR/116.0.0.0 (Edition Yx GX 03)"
31.56.240.150 - - [24/Mar/2025:09:40:08 +0000] "GET /js/jquery.2.1.1.min.js HTTP/1.1" 200 29551 "https://www.iumdestination.com/" "Mozilla/5.0 (Windows NT 10.0; Win64; x64) AppleWebKit/537.36 (KHTML, like Gecko) Chrome/132.0.0.0 YaBrowser/25.2.0.0 Safari/537.36"
31.162.19.86 - - [24/Mar/2025:09:40:08 +0000] "GET /js/dist/js/bootstrap-select.js HTTP/1.1" 200 13385 "https://www.iumdestination.com/" "Mozilla/5.0 (Windows NT 10.0; Win64; x64) AppleWebKit/537.36 (KHTML, like Gecko) Chrome/131.0.0.0 Safari/537.36 OPR/116.0.0.0 (Edition Yx GX 03)"
31.56.240.150 - - [24/Mar/2025:09:40:08 +0000] "GET /css/ele-style.css HTTP/1.1" 200 4623 "https://www.iumdestination.com/" "Mozilla/5.0 (Windows NT 10.0; Win64; x64) AppleWebKit/537.36 (KHTML, like Gecko) Chrome/132.0.0.0 YaBrowser/25.2.0.0 Safari/537.36"
31.162.19.86 - - [24/Mar/2025:09:40:08 +0000] "GET /js/owl-carousel/owl.carousel.min.js HTTP/1.1" 200 6465 "https://www.iumdestination.com/" "Mozilla/5.0 (Windows NT 10.0; Win64; x64) AppleWebKit/537.36 (KHTML, like Gecko) Chrome/131.0.0.0 Safari/537.36 OPR/116.0.0.0 (Edition Yx GX 03)"
31.56.240.150 - - [24/Mar/2025:09:40:08 +0000] "GET /js/dist/js/bootstrap-select.js HTTP/1.1" 200 13385 "https://www.iumdestination.com/" "Mozilla/5.0 (Windows NT 10.0; Win64; x64) AppleWebKit/537.36 (KHTML, like Gecko) Chrome/132.0.0.0 YaBrowser/25.2.0.0 Safari/537.36"
31.162.19.86 - - [24/Mar/2025:09:40:09 +0000] "GET /images/taj-mahal.jpg HTTP/1.1" 200 404484 "https://www.iumdestination.com/" "Mozilla/5.0 (Windows NT 10.0; Win64; x64) AppleWebKit/537.36 (KHTML, like Gecko) Chrome/131.0.0.0 Safari/537.36 OPR/116.0.0.0 (Edition Yx GX 03)"
31.56.240.150 - - [24/Mar/2025:09:40:09 +0000] "GET /bootstrap/js/bootstrap.min.js HTTP/1.1" 200 9756 "https://www.iumdestination.com/" "Mozilla/5.0 (Windows NT 10.0; Win64; x64) AppleWebKit/537.36 (KHTML, like Gecko) Chrome/132.0.0.0 YaBrowser/25.2.0.0 Safari/537.36"
31.162.19.86 - - [24/Mar/2025:09:40:09 +0000] "GET /images/golden-temple.jpg HTTP/1.1" 200 527665 "https://www.iumdestination.com/" "Mozilla/5.0 (Windows NT 10.0; Win64; x64) AppleWebKit/537.36 (KHTML, like Gecko) Chrome/131.0.0.0 Safari/537.36 OPR/116.0.0.0 (Edition Yx GX 03)"
31.162.19.86 - - [24/Mar/2025:09:40:09 +0000] "GET /font-awesome/fonts/fontawesome-webfont914c.woff2?v=4.6.1 HTTP/1.1" 200 70728 "https://www.iumdestination.com/font-awesome/css/font-awesome.min.css" "Mozilla/5.0 (Windows NT 10.0; Win64; x64) AppleWebKit/537.36 (KHTML, like Gecko) Chrome/131.0.0.0 Safari/537.36 OPR/116.0.0.0 (Edition Yx GX 03)"
31.162.19.86 - - [24/Mar/2025:09:40:09 +0000] "GET /fonts/ElegantIcons.woff HTTP/1.1" 200 63664 "https://www.iumdestination.com/css/style.css" "Mozilla/5.0 (Windows NT 10.0; Win64; x64) AppleWebKit/537.36 (KHTML, like Gecko) Chrome/131.0.0.0 Safari/537.36 OPR/116.0.0.0 (Edition Yx GX 03)"
31.162.19.86 - - [24/Mar/2025:09:40:09 +0000] "GET /images/icon1.png HTTP/1.1" 200 1653 "https://www.iumdestination.com/css/style.css" "Mozilla/5.0 (Windows NT 10.0; Win64; x64) AppleWebKit/537.36 (KHTML, like Gecko) Chrome/131.0.0.0 Safari/537.36 OPR/116.0.0.0 (Edition Yx GX 03)"
31.162.19.86 - - [24/Mar/2025:09:40:09 +0000] "GET /images/international-tour-packages.jpg HTTP/1.1" 200 48720 "https://www.iumdestination.com/" "Mozilla/5.0 (Windows NT 10.0; Win64; x64) AppleWebKit/537.36 (KHTML, like Gecko) Chrome/131.0.0.0 Safari/537.36 OPR/116.0.0.0 (Edition Yx GX 03)"
31.162.19.86 - - [24/Mar/2025:09:40:09 +0000] "GET /images/country-icons/c3_w.png HTTP/1.1" 200 831 "https://www.iumdestination.com/css/style.css" "Mozilla/5.0 (Windows NT 10.0; Win64; x64) AppleWebKit/537.36 (KHTML, like Gecko) Chrome/131.0.0.0 Safari/537.36 OPR/116.0.0.0 (Edition Yx GX 03)"
31.162.19.86 - - [24/Mar/2025:09:40:09 +0000] "GET /images/flight.png HTTP/1.1" 200 1559 "https://www.iumdestination.com/css/style.css" "Mozilla/5.0 (Windows NT 10.0; Win64; x64) AppleWebKit/537.36 (KHTML, like Gecko) Chrome/131.0.0.0 Safari/537.36 OPR/116.0.0.0 (Edition Yx GX 03)"
31.162.19.86 - - [24/Mar/2025:09:40:09 +0000] "GET /images/country-icons/c2.png HTTP/1.1" 200 872 "https://www.iumdestination.com/css/style.css" "Mozilla/5.0 (Windows NT 10.0; Win64; x64) AppleWebKit/537.36 (KHTML, like Gecko) Chrome/131.0.0.0 Safari/537.36 OPR/116.0.0.0 (Edition Yx GX 03)"
31.162.19.86 - - [24/Mar/2025:09:40:09 +0000] "GET /galleryimg/images%20(2).jpg HTTP/1.1" 200 13392 "https://www.iumdestination.com/" "Mozilla/5.0 (Windows NT 10.0; Win64; x64) AppleWebKit/537.36 (KHTML, like Gecko) Chrome/131.0.0.0 Safari/537.36 OPR/116.0.0.0 (Edition Yx GX 03)"
31.162.19.86 - - [24/Mar/2025:09:40:09 +0000] "GET /galleryimg/e77396e43b9ca04fc468016cbda9d299.jpg HTTP/1.1" 200 51612 "https://www.iumdestination.com/" "Mozilla/5.0 (Windows NT 10.0; Win64; x64) AppleWebKit/537.36 (KHTML, like Gecko) Chrome/131.0.0.0 Safari/537.36 OPR/116.0.0.0 (Edition Yx GX 03)"
31.162.19.86 - - [24/Mar/2025:09:40:09 +0000] "GET /galleryimg/ec282cca36ffe778ff13e504b94cbba4.jpg HTTP/1.1" 200 57312 "https://www.iumdestination.com/" "Mozilla/5.0 (Windows NT 10.0; Win64; x64) AppleWebKit/537.36 (KHTML, like Gecko) Chrome/131.0.0.0 Safari/537.36 OPR/116.0.0.0 (Edition Yx GX 03)"
31.162.19.86 - - [24/Mar/2025:09:40:09 +0000] "GET /galleryimg/download%20(2).jpg HTTP/1.1" 200 9487 "https://www.iumdestination.com/" "Mozilla/5.0 (Windows NT 10.0; Win64; x64) AppleWebKit/537.36 (KHTML, like Gecko) Chrome/131.0.0.0 Safari/537.36 OPR/116.0.0.0 (Edition Yx GX 03)"
31.162.19.86 - - [24/Mar/2025:09:40:10 +0000] "GET /images/india-tour-packages.jpg HTTP/1.1" 200 51915 "https://www.iumdestination.com/" "Mozilla/5.0 (Windows NT 10.0; Win64; x64) AppleWebKit/537.36 (KHTML, like Gecko) Chrome/131.0.0.0 Safari/537.36 OPR/116.0.0.0 (Edition Yx GX 03)"
31.162.19.86 - - [24/Mar/2025:09:40:10 +0000] "GET /js/internal.js HTTP/1.1" 200 1097 "https://www.iumdestination.com/" "Mozilla/5.0 (Windows NT 10.0; Win64; x64) AppleWebKit/537.36 (KHTML, like Gecko) Chrome/131.0.0.0 Safari/537.36 OPR/116.0.0.0 (Edition Yx GX 03)"
31.162.19.86 - - [24/Mar/2025:09:40:10 +0000] "GET /js/datetimepicker/moment.js HTTP/1.1" 200 21507 "https://www.iumdestination.com/" "Mozilla/5.0 (Windows NT 10.0; Win64; x64) AppleWebKit/537.36 (KHTML, like Gecko) Chrome/131.0.0.0 Safari/537.36 OPR/116.0.0.0 (Edition Yx GX 03)"
31.162.19.86 - - [24/Mar/2025:09:40:10 +0000] "GET /js/datetimepicker/bootstrap-datetimepicker.min.js HTTP/1.1" 200 6422 "https://www.iumdestination.com/" "Mozilla/5.0 (Windows NT 10.0; Win64; x64) AppleWebKit/537.36 (KHTML, like Gecko) Chrome/131.0.0.0 Safari/537.36 OPR/116.0.0.0 (Edition Yx GX 03)"
31.162.19.86 - - [24/Mar/2025:09:40:10 +0000] "GET /images/leh-ladakh.jpg HTTP/1.1" 200 322426 "https://www.iumdestination.com/" "Mozilla/5.0 (Windows NT 10.0; Win64; x64) AppleWebKit/537.36 (KHTML, like Gecko) Chrome/131.0.0.0 Safari/537.36 OPR/116.0.0.0 (Edition Yx GX 03)"
31.162.19.86 - - [24/Mar/2025:09:40:10 +0000] "GET /google-captcha/img/loader.gif HTTP/1.1" 200 1236 "https://www.iumdestination.com/" "Mozilla/5.0 (Windows NT 10.0; Win64; x64) AppleWebKit/537.36 (KHTML, like Gecko) Chrome/131.0.0.0 Safari/537.36 OPR/116.0.0.0 (Edition Yx GX 03)"
31.162.19.86 - - [24/Mar/2025:09:40:10 +0000] "GET /images/rajasthan-packages.jpg HTTP/1.1" 200 187894 "https://www.iumdestination.com/" "Mozilla/5.0 (Windows NT 10.0; Win64; x64) AppleWebKit/537.36 (KHTML, like Gecko) Chrome/131.0.0.0 Safari/537.36 OPR/116.0.0.0 (Edition Yx GX 03)"
31.56.240.150 - - [24/Mar/2025:09:40:10 +0000] "GET /js/datetimepicker/moment.js HTTP/1.1" 200 21507 "https://www.iumdestination.com/" "Mozilla/5.0 (Windows NT 10.0; Win64; x64) AppleWebKit/537.36 (KHTML, like Gecko) Chrome/132.0.0.0 YaBrowser/25.2.0.0 Safari/537.36"
31.162.19.86 - - [24/Mar/2025:09:40:10 +0000] "GET /images/flight-ticket-booking.jpg HTTP/1.1" 200 38160 "https://www.iumdestination.com/" "Mozilla/5.0 (Windows NT 10.0; Win64; x64) AppleWebKit/537.36 (KHTML, like Gecko) Chrome/131.0.0.0 Safari/537.36 OPR/116.0.0.0 (Edition Yx GX 03)"
31.162.19.86 - - [24/Mar/2025:09:40:11 +0000] "GET /galleryimg/46ef1fc632745ad4b3079edc83fb064d.jpg HTTP/1.1" 200 171016 "https://www.iumdestination.com/" "Mozilla/5.0 (Windows NT 10.0; Win64; x64) AppleWebKit/537.36 (KHTML, like Gecko) Chrome/131.0.0.0 Safari/537.36 OPR/116.0.0.0 (Edition Yx GX 03)"
31.56.240.150 - - [24/Mar/2025:09:40:11 +0000] "GET /js/internal.js HTTP/1.1" 200 1097 "https://www.iumdestination.com/" "Mozilla/5.0 (Windows NT 10.0; Win64; x64) AppleWebKit/537.36 (KHTML, like Gecko) Chrome/132.0.0.0 YaBrowser/25.2.0.0 Safari/537.36"
31.162.19.86 - - [24/Mar/2025:09:40:11 +0000] "GET /galleryimg/14ffa062032b3982ff6f3802ecba7fe0.jpg HTTP/1.1" 200 25875 "https://www.iumdestination.com/" "Mozilla/5.0 (Windows NT 10.0; Win64; x64) AppleWebKit/537.36 (KHTML, like Gecko) Chrome/131.0.0.0 Safari/537.36 OPR/116.0.0.0 (Edition Yx GX 03)"
31.56.240.150 - - [24/Mar/2025:09:40:11 +0000] "GET /js/datetimepicker/bootstrap-datetimepicker.min.js HTTP/1.1" 200 6422 "https://www.iumdestination.com/" "Mozilla/5.0 (Windows NT 10.0; Win64; x64) AppleWebKit/537.36 (KHTML, like Gecko) Chrome/132.0.0.0 YaBrowser/25.2.0.0 Safari/537.36"
31.162.19.86 - - [24/Mar/2025:09:40:11 +0000] "GET /images/banner.jpg HTTP/1.1" 200 118709 "https://www.iumdestination.com/" "Mozilla/5.0 (Windows NT 10.0; Win64; x64) AppleWebKit/537.36 (KHTML, like Gecko) Chrome/131.0.0.0 Safari/537.36 OPR/116.0.0.0 (Edition Yx GX 03)"
31.162.19.86 - - [24/Mar/2025:09:40:11 +0000] "GET /galleryimg/a59f4250223d614b44e758613faf9ed9.jpg HTTP/1.1" 200 76300 "https://www.iumdestination.com/" "Mozilla/5.0 (Windows NT 10.0; Win64; x64) AppleWebKit/537.36 (KHTML, like Gecko) Chrome/131.0.0.0 Safari/537.36 OPR/116.0.0.0 (Edition Yx GX 03)"
31.162.19.86 - - [24/Mar/2025:09:40:11 +0000] "GET /galleryimg/075cee0770760d2cbaec5e52f725c3c5.jpg HTTP/1.1" 200 13470 "https://www.iumdestination.com/" "Mozilla/5.0 (Windows NT 10.0; Win64; x64) AppleWebKit/537.36 (KHTML, like Gecko) Chrome/131.0.0.0 Safari/537.36 OPR/116.0.0.0 (Edition Yx GX 03)"
31.56.240.150 - - [24/Mar/2025:09:40:11 +0000] "GET /js/owl-carousel/owl.carousel.min.js HTTP/1.1" 200 6465 "https://www.iumdestination.com/" "Mozilla/5.0 (Windows NT 10.0; Win64; x64) AppleWebKit/537.36 (KHTML, like Gecko) Chrome/132.0.0.0 YaBrowser/25.2.0.0 Safari/537.36"
31.162.19.86 - - [24/Mar/2025:09:40:11 +0000] "GET /galleryimg/6a09a797c7f0f430ec3980e10d0ed7e1.jpg HTTP/1.1" 200 174487 "https://www.iumdestination.com/" "Mozilla/5.0 (Windows NT 10.0; Win64; x64) AppleWebKit/537.36 (KHTML, like Gecko) Chrome/131.0.0.0 Safari/537.36 OPR/116.0.0.0 (Edition Yx GX 03)"
31.162.19.86 - - [24/Mar/2025:09:40:11 +0000] "GET /galleryimg/486c5b7f0a4d3f3c1c27f474b66c09d4.jpg HTTP/1.1" 200 145656 "https://www.iumdestination.com/" "Mozilla/5.0 (Windows NT 10.0; Win64; x64) AppleWebKit/537.36 (KHTML, like Gecko) Chrome/131.0.0.0 Safari/537.36 OPR/116.0.0.0 (Edition Yx GX 03)"
31.162.19.86 - - [24/Mar/2025:09:40:11 +0000] "GET /galleryimg/d5f75b2b4f278b8432294979a8b1df94.jpg HTTP/1.1" 200 115727 "https://www.iumdestination.com/" "Mozilla/5.0 (Windows NT 10.0; Win64; x64) AppleWebKit/537.36 (KHTML, like Gecko) Chrome/131.0.0.0 Safari/537.36 OPR/116.0.0.0 (Edition Yx GX 03)"
31.162.19.86 - - [24/Mar/2025:09:40:11 +0000] "GET /galleryimg/e68740ad5702f8c6dd0368023196bdef.jpg HTTP/1.1" 200 12059 "https://www.iumdestination.com/" "Mozilla/5.0 (Windows NT 10.0; Win64; x64) AppleWebKit/537.36 (KHTML, like Gecko) Chrome/131.0.0.0 Safari/537.36 OPR/116.0.0.0 (Edition Yx GX 03)"
31.162.19.86 - - [24/Mar/2025:09:40:12 +0000] "GET /galleryimg/header-image-tracking-sri-lanka-940x270.jpg HTTP/1.1" 200 143694 "https://www.iumdestination.com/" "Mozilla/5.0 (Windows NT 10.0; Win64; x64) AppleWebKit/537.36 (KHTML, like Gecko) Chrome/131.0.0.0 Safari/537.36 OPR/116.0.0.0 (Edition Yx GX 03)"
31.162.19.86 - - [24/Mar/2025:09:40:12 +0000] "GET /galleryimg/027b9b9119ba4c9fc1a273e876e04d62.jpg HTTP/1.1" 200 9069 "https://www.iumdestination.com/" "Mozilla/5.0 (Windows NT 10.0; Win64; x64) AppleWebKit/537.36 (KHTML, like Gecko) Chrome/131.0.0.0 Safari/537.36 OPR/116.0.0.0 (Edition Yx GX 03)"
31.162.19.86 - - [24/Mar/2025:09:40:12 +0000] "GET /galleryimg/3f9fd09c2132c0f67d8f4ff3c7c5af4c.jpg HTTP/1.1" 200 12888 "https://www.iumdestination.com/" "Mozilla/5.0 (Windows NT 10.0; Win64; x64) AppleWebKit/537.36 (KHTML, like Gecko) Chrome/131.0.0.0 Safari/537.36 OPR/116.0.0.0 (Edition Yx GX 03)"
31.162.19.86 - - [24/Mar/2025:09:40:12 +0000] "GET /galleryimg/eda3e9c2eb46cab280bf6290594255d8.jpg HTTP/1.1" 200 68575 "https://www.iumdestination.com/" "Mozilla/5.0 (Windows NT 10.0; Win64; x64) AppleWebKit/537.36 (KHTML, like Gecko) Chrome/131.0.0.0 Safari/537.36 OPR/116.0.0.0 (Edition Yx GX 03)"
31.162.19.86 - - [24/Mar/2025:09:40:12 +0000] "GET /images/pic2.png HTTP/1.1" 200 28719 "https://www.iumdestination.com/" "Mozilla/5.0 (Windows NT 10.0; Win64; x64) AppleWebKit/537.36 (KHTML, like Gecko) Chrome/131.0.0.0 Safari/537.36 OPR/116.0.0.0 (Edition Yx GX 03)"
31.162.19.86 - - [24/Mar/2025:09:40:12 +0000] "GET /images/Visa-Information.jpg HTTP/1.1" 200 26034 "https://www.iumdestination.com/" "Mozilla/5.0 (Windows NT 10.0; Win64; x64) AppleWebKit/537.36 (KHTML, like Gecko) Chrome/131.0.0.0 Safari/537.36 OPR/116.0.0.0 (Edition Yx GX 03)"
31.162.19.86 - - [24/Mar/2025:09:40:12 +0000] "GET /images/pic1.png HTTP/1.1" 200 31705 "https://www.iumdestination.com/" "Mozilla/5.0 (Windows NT 10.0; Win64; x64) AppleWebKit/537.36 (KHTML, like Gecko) Chrome/131.0.0.0 Safari/537.36 OPR/116.0.0.0 (Edition Yx GX 03)"
31.162.19.86 - - [24/Mar/2025:09:40:12 +0000] "GET /images/Travel-Insurance.jpg HTTP/1.1" 200 36107 "https://www.iumdestination.com/" "Mozilla/5.0 (Windows NT 10.0; Win64; x64) AppleWebKit/537.36 (KHTML, like Gecko) Chrome/131.0.0.0 Safari/537.36 OPR/116.0.0.0 (Edition Yx GX 03)"
31.162.19.86 - - [24/Mar/2025:09:40:12 +0000] "GET /images/Foreign-Exchange.jpg HTTP/1.1" 200 49859 "https://www.iumdestination.com/" "Mozilla/5.0 (Windows NT 10.0; Win64; x64) AppleWebKit/537.36 (KHTML, like Gecko) Chrome/131.0.0.0 Safari/537.36 OPR/116.0.0.0 (Edition Yx GX 03)"
31.162.19.86 - - [24/Mar/2025:09:40:12 +0000] "GET /images/foot-logo.png HTTP/1.1" 200 22544 "https://www.iumdestination.com/" "Mozilla/5.0 (Windows NT 10.0; Win64; x64) AppleWebKit/537.36 (KHTML, like Gecko) Chrome/131.0.0.0 Safari/537.36 OPR/116.0.0.0 (Edition Yx GX 03)"
31.162.19.86 - - [24/Mar/2025:09:40:12 +0000] "GET /images/hawa-mahal-jaipur.jpg HTTP/1.1" 200 478157 "https://www.iumdestination.com/" "Mozilla/5.0 (Windows NT 10.0; Win64; x64) AppleWebKit/537.36 (KHTML, like Gecko) Chrome/131.0.0.0 Safari/537.36 OPR/116.0.0.0 (Edition Yx GX 03)"
52.12.236.46 - - [24/Mar/2025:09:40:23 +0000] "GET / HTTP/1.1" 200 11604 "-" "Mozilla/5.0 (Windows NT 10.0; Win64; x64) AppleWebKit/537.36 (KHTML, like Gecko) Chrome/133.0.0.0 Safari/537.36 Edg/133.0.0.0"
52.12.236.46 - - [24/Mar/2025:09:40:23 +0000] "GET /bootstrap/css/bootstrap.css HTTP/1.1" 200 21539 "https://www.iumdestination.com/" "Mozilla/5.0 (Windows NT 10.0; Win64; x64) AppleWebKit/537.36 (KHTML, like Gecko) Chrome/133.0.0.0 Safari/537.36 Edg/133.0.0.0"
52.12.236.46 - - [24/Mar/2025:09:40:24 +0000] "GET /css/ele-style.css HTTP/1.1" 200 4623 "https://www.iumdestination.com/" "Mozilla/5.0 (Windows NT 10.0; Win64; x64) AppleWebKit/537.36 (KHTML, like Gecko) Chrome/133.0.0.0 Safari/537.36 Edg/133.0.0.0"
52.12.236.46 - - [24/Mar/2025:09:40:24 +0000] "GET /css/style.css HTTP/1.1" 200 19051 "https://www.iumdestination.com/" "Mozilla/5.0 (Windows NT 10.0; Win64; x64) AppleWebKit/537.36 (KHTML, like Gecko) Chrome/133.0.0.0 Safari/537.36 Edg/133.0.0.0"
52.12.236.46 - - [24/Mar/2025:09:40:24 +0000] "GET /css/responsive.css HTTP/1.1" 200 6457 "https://www.iumdestination.com/" "Mozilla/5.0 (Windows NT 10.0; Win64; x64) AppleWebKit/537.36 (KHTML, like Gecko) Chrome/133.0.0.0 Safari/537.36 Edg/133.0.0.0"
52.12.236.46 - - [24/Mar/2025:09:40:24 +0000] "GET /js/owl-carousel/owl.carousel.css HTTP/1.1" 200 893 "https://www.iumdestination.com/" "Mozilla/5.0 (Windows NT 10.0; Win64; x64) AppleWebKit/537.36 (KHTML, like Gecko) Chrome/133.0.0.0 Safari/537.36 Edg/133.0.0.0"
52.12.236.46 - - [24/Mar/2025:09:40:24 +0000] "GET /js/dist/css/bootstrap-select.css HTTP/1.1" 200 1534 "https://www.iumdestination.com/" "Mozilla/5.0 (Windows NT 10.0; Win64; x64) AppleWebKit/537.36 (KHTML, like Gecko) Chrome/133.0.0.0 Safari/537.36 Edg/133.0.0.0"
52.12.236.46 - - [24/Mar/2025:09:40:24 +0000] "GET /js/datetimepicker/bootstrap-datetimepicker.min.css HTTP/1.1" 200 1086 "https://www.iumdestination.com/" "Mozilla/5.0 (Windows NT 10.0; Win64; x64) AppleWebKit/537.36 (KHTML, like Gecko) Chrome/133.0.0.0 Safari/537.36 Edg/133.0.0.0"
52.12.236.46 - - [24/Mar/2025:09:40:24 +0000] "GET /font-awesome/css/font-awesome.min.css HTTP/1.1" 200 6612 "https://www.iumdestination.com/" "Mozilla/5.0 (Windows NT 10.0; Win64; x64) AppleWebKit/537.36 (KHTML, like Gecko) Chrome/133.0.0.0 Safari/537.36 Edg/133.0.0.0"
52.12.236.46 - - [24/Mar/2025:09:40:25 +0000] "GET /google-captcha/component/jquery/jquery-3.2.1.min.js HTTP/1.1" 200 30191 "https://www.iumdestination.com/" "Mozilla/5.0 (Windows NT 10.0; Win64; x64) AppleWebKit/537.36 (KHTML, like Gecko) Chrome/133.0.0.0 Safari/537.36 Edg/133.0.0.0"
52.12.236.46 - - [24/Mar/2025:09:40:25 +0000] "GET /images/logo-ministry.jpg HTTP/1.1" 200 13288 "https://www.iumdestination.com/" "Mozilla/5.0 (Windows NT 10.0; Win64; x64) AppleWebKit/537.36 (KHTML, like Gecko) Chrome/133.0.0.0 Safari/537.36 Edg/133.0.0.0"
52.12.236.46 - - [24/Mar/2025:09:40:25 +0000] "GET /images/logo-4.png HTTP/1.1" 200 22522 "https://www.iumdestination.com/" "Mozilla/5.0 (Windows NT 10.0; Win64; x64) AppleWebKit/537.36 (KHTML, like Gecko) Chrome/133.0.0.0 Safari/537.36 Edg/133.0.0.0"
52.12.236.46 - - [24/Mar/2025:09:40:25 +0000] "GET /js/jquery.2.1.1.min.js HTTP/1.1" 200 29551 "https://www.iumdestination.com/" "Mozilla/5.0 (Windows NT 10.0; Win64; x64) AppleWebKit/537.36 (KHTML, like Gecko) Chrome/133.0.0.0 Safari/537.36 Edg/133.0.0.0"
52.12.236.46 - - [24/Mar/2025:09:40:27 +0000] "GET /bootstrap/js/bootstrap.min.js HTTP/1.1" 200 9756 "https://www.iumdestination.com/" "Mozilla/5.0 (Windows NT 10.0; Win64; x64) AppleWebKit/537.36 (KHTML, like Gecko) Chrome/133.0.0.0 Safari/537.36 Edg/133.0.0.0"
52.12.236.46 - - [24/Mar/2025:09:40:27 +0000] "GET /js/dist/js/bootstrap-select.js HTTP/1.1" 200 13385 "https://www.iumdestination.com/" "Mozilla/5.0 (Windows NT 10.0; Win64; x64) AppleWebKit/537.36 (KHTML, like Gecko) Chrome/133.0.0.0 Safari/537.36 Edg/133.0.0.0"
52.12.236.46 - - [24/Mar/2025:09:40:27 +0000] "GET /images/hawa-mahal-jaipur.jpg HTTP/1.1" 200 478157 "https://www.iumdestination.com/" "Mozilla/5.0 (Windows NT 10.0; Win64; x64) AppleWebKit/537.36 (KHTML, like Gecko) Chrome/133.0.0.0 Safari/537.36 Edg/133.0.0.0"
52.12.236.46 - - [24/Mar/2025:09:40:27 +0000] "GET /images/taj-mahal.jpg HTTP/1.1" 200 404484 "https://www.iumdestination.com/" "Mozilla/5.0 (Windows NT 10.0; Win64; x64) AppleWebKit/537.36 (KHTML, like Gecko) Chrome/133.0.0.0 Safari/537.36 Edg/133.0.0.0"
52.12.236.46 - - [24/Mar/2025:09:40:27 +0000] "GET /images/golden-temple.jpg HTTP/1.1" 200 527665 "https://www.iumdestination.com/" "Mozilla/5.0 (Windows NT 10.0; Win64; x64) AppleWebKit/537.36 (KHTML, like Gecko) Chrome/133.0.0.0 Safari/537.36 Edg/133.0.0.0"
52.12.236.46 - - [24/Mar/2025:09:40:27 +0000] "GET /js/datetimepicker/moment.js HTTP/1.1" 200 21507 "https://www.iumdestination.com/" "Mozilla/5.0 (Windows NT 10.0; Win64; x64) AppleWebKit/537.36 (KHTML, like Gecko) Chrome/133.0.0.0 Safari/537.36 Edg/133.0.0.0"
52.12.236.46 - - [24/Mar/2025:09:40:27 +0000] "GET /js/owl-carousel/owl.carousel.min.js HTTP/1.1" 200 6465 "https://www.iumdestination.com/" "Mozilla/5.0 (Windows NT 10.0; Win64; x64) AppleWebKit/537.36 (KHTML, like Gecko) Chrome/133.0.0.0 Safari/537.36 Edg/133.0.0.0"
52.12.236.46 - - [24/Mar/2025:09:40:27 +0000] "GET /js/internal.js HTTP/1.1" 200 1097 "https://www.iumdestination.com/" "Mozilla/5.0 (Windows NT 10.0; Win64; x64) AppleWebKit/537.36 (KHTML, like Gecko) Chrome/133.0.0.0 Safari/537.36 Edg/133.0.0.0"
52.12.236.46 - - [24/Mar/2025:09:40:28 +0000] "GET /images/country-icons/c2.png HTTP/1.1" 200 872 "https://www.iumdestination.com/css/style.css" "Mozilla/5.0 (Windows NT 10.0; Win64; x64) AppleWebKit/537.36 (KHTML, like Gecko) Chrome/133.0.0.0 Safari/537.36 Edg/133.0.0.0"
52.12.236.46 - - [24/Mar/2025:09:40:28 +0000] "GET /images/banner.jpg HTTP/1.1" 200 118709 "https://www.iumdestination.com/" "Mozilla/5.0 (Windows NT 10.0; Win64; x64) AppleWebKit/537.36 (KHTML, like Gecko) Chrome/133.0.0.0 Safari/537.36 Edg/133.0.0.0"
52.12.236.46 - - [24/Mar/2025:09:40:28 +0000] "GET /galleryimg/download%20(2).jpg HTTP/1.1" 200 9487 "https://www.iumdestination.com/" "Mozilla/5.0 (Windows NT 10.0; Win64; x64) AppleWebKit/537.36 (KHTML, like Gecko) Chrome/133.0.0.0 Safari/537.36 Edg/133.0.0.0"
52.12.236.46 - - [24/Mar/2025:09:40:28 +0000] "GET /font-awesome/fonts/fontawesome-webfont914c.woff2?v=4.6.1 HTTP/1.1" 200 70728 "https://www.iumdestination.com/font-awesome/css/font-awesome.min.css" "Mozilla/5.0 (Windows NT 10.0; Win64; x64) AppleWebKit/537.36 (KHTML, like Gecko) Chrome/133.0.0.0 Safari/537.36 Edg/133.0.0.0"
52.12.236.46 - - [24/Mar/2025:09:40:28 +0000] "GET /fonts/ElegantIcons.woff HTTP/1.1" 200 63664 "https://www.iumdestination.com/css/style.css" "Mozilla/5.0 (Windows NT 10.0; Win64; x64) AppleWebKit/537.36 (KHTML, like Gecko) Chrome/133.0.0.0 Safari/537.36 Edg/133.0.0.0"
52.12.236.46 - - [24/Mar/2025:09:40:28 +0000] "GET /images/flight.png HTTP/1.1" 200 1559 "https://www.iumdestination.com/css/style.css" "Mozilla/5.0 (Windows NT 10.0; Win64; x64) AppleWebKit/537.36 (KHTML, like Gecko) Chrome/133.0.0.0 Safari/537.36 Edg/133.0.0.0"
52.12.236.46 - - [24/Mar/2025:09:40:28 +0000] "GET /images/icon1.png HTTP/1.1" 200 1653 "https://www.iumdestination.com/css/style.css" "Mozilla/5.0 (Windows NT 10.0; Win64; x64) AppleWebKit/537.36 (KHTML, like Gecko) Chrome/133.0.0.0 Safari/537.36 Edg/133.0.0.0"
52.12.236.46 - - [24/Mar/2025:09:40:28 +0000] "GET /images/country-icons/c3_w.png HTTP/1.1" 200 831 "https://www.iumdestination.com/css/style.css" "Mozilla/5.0 (Windows NT 10.0; Win64; x64) AppleWebKit/537.36 (KHTML, like Gecko) Chrome/133.0.0.0 Safari/537.36 Edg/133.0.0.0"
52.12.236.46 - - [24/Mar/2025:09:40:29 +0000] "GET /galleryimg/images%20(2).jpg HTTP/1.1" 200 13392 "https://www.iumdestination.com/" "Mozilla/5.0 (Windows NT 10.0; Win64; x64) AppleWebKit/537.36 (KHTML, like Gecko) Chrome/133.0.0.0 Safari/537.36 Edg/133.0.0.0"
52.12.236.46 - - [24/Mar/2025:09:40:29 +0000] "GET /images/india-tour-packages.jpg HTTP/1.1" 200 51915 "https://www.iumdestination.com/" "Mozilla/5.0 (Windows NT 10.0; Win64; x64) AppleWebKit/537.36 (KHTML, like Gecko) Chrome/133.0.0.0 Safari/537.36 Edg/133.0.0.0"
52.12.236.46 - - [24/Mar/2025:09:40:29 +0000] "GET /images/international-tour-packages.jpg HTTP/1.1" 200 48720 "https://www.iumdestination.com/" "Mozilla/5.0 (Windows NT 10.0; Win64; x64) AppleWebKit/537.36 (KHTML, like Gecko) Chrome/133.0.0.0 Safari/537.36 Edg/133.0.0.0"
52.12.236.46 - - [24/Mar/2025:09:40:29 +0000] "GET /galleryimg/ec282cca36ffe778ff13e504b94cbba4.jpg HTTP/1.1" 200 57312 "https://www.iumdestination.com/" "Mozilla/5.0 (Windows NT 10.0; Win64; x64) AppleWebKit/537.36 (KHTML, like Gecko) Chrome/133.0.0.0 Safari/537.36 Edg/133.0.0.0"
52.12.236.46 - - [24/Mar/2025:09:40:29 +0000] "GET /galleryimg/e77396e43b9ca04fc468016cbda9d299.jpg HTTP/1.1" 200 51612 "https://www.iumdestination.com/" "Mozilla/5.0 (Windows NT 10.0; Win64; x64) AppleWebKit/537.36 (KHTML, like Gecko) Chrome/133.0.0.0 Safari/537.36 Edg/133.0.0.0"
52.12.236.46 - - [24/Mar/2025:09:40:29 +0000] "GET /js/datetimepicker/bootstrap-datetimepicker.min.js HTTP/1.1" 200 6422 "https://www.iumdestination.com/" "Mozilla/5.0 (Windows NT 10.0; Win64; x64) AppleWebKit/537.36 (KHTML, like Gecko) Chrome/133.0.0.0 Safari/537.36 Edg/133.0.0.0"
52.12.236.46 - - [24/Mar/2025:09:40:29 +0000] "GET /images/rajasthan-packages.jpg HTTP/1.1" 200 187894 "https://www.iumdestination.com/" "Mozilla/5.0 (Windows NT 10.0; Win64; x64) AppleWebKit/537.36 (KHTML, like Gecko) Chrome/133.0.0.0 Safari/537.36 Edg/133.0.0.0"
52.12.236.46 - - [24/Mar/2025:09:40:29 +0000] "GET /images/leh-ladakh.jpg HTTP/1.1" 200 322426 "https://www.iumdestination.com/" "Mozilla/5.0 (Windows NT 10.0; Win64; x64) AppleWebKit/537.36 (KHTML, like Gecko) Chrome/133.0.0.0 Safari/537.36 Edg/133.0.0.0"
52.12.236.46 - - [24/Mar/2025:09:40:30 +0000] "GET /galleryimg/14ffa062032b3982ff6f3802ecba7fe0.jpg HTTP/1.1" 200 25875 "https://www.iumdestination.com/" "Mozilla/5.0 (Windows NT 10.0; Win64; x64) AppleWebKit/537.36 (KHTML, like Gecko) Chrome/133.0.0.0 Safari/537.36 Edg/133.0.0.0"
52.12.236.46 - - [24/Mar/2025:09:40:30 +0000] "GET /google-captcha/img/loader.gif HTTP/1.1" 200 1236 "https://www.iumdestination.com/" "Mozilla/5.0 (Windows NT 10.0; Win64; x64) AppleWebKit/537.36 (KHTML, like Gecko) Chrome/133.0.0.0 Safari/537.36 Edg/133.0.0.0"
52.12.236.46 - - [24/Mar/2025:09:40:30 +0000] "GET /images/flight-ticket-booking.jpg HTTP/1.1" 200 38160 "https://www.iumdestination.com/" "Mozilla/5.0 (Windows NT 10.0; Win64; x64) AppleWebKit/537.36 (KHTML, like Gecko) Chrome/133.0.0.0 Safari/537.36 Edg/133.0.0.0"
52.12.236.46 - - [24/Mar/2025:09:40:30 +0000] "GET /galleryimg/a59f4250223d614b44e758613faf9ed9.jpg HTTP/1.1" 200 76300 "https://www.iumdestination.com/" "Mozilla/5.0 (Windows NT 10.0; Win64; x64) AppleWebKit/537.36 (KHTML, like Gecko) Chrome/133.0.0.0 Safari/537.36 Edg/133.0.0.0"
52.12.236.46 - - [24/Mar/2025:09:40:30 +0000] "GET /galleryimg/075cee0770760d2cbaec5e52f725c3c5.jpg HTTP/1.1" 200 13470 "https://www.iumdestination.com/" "Mozilla/5.0 (Windows NT 10.0; Win64; x64) AppleWebKit/537.36 (KHTML, like Gecko) Chrome/133.0.0.0 Safari/537.36 Edg/133.0.0.0"
52.12.236.46 - - [24/Mar/2025:09:40:30 +0000] "GET /galleryimg/6a09a797c7f0f430ec3980e10d0ed7e1.jpg HTTP/1.1" 200 174487 "https://www.iumdestination.com/" "Mozilla/5.0 (Windows NT 10.0; Win64; x64) AppleWebKit/537.36 (KHTML, like Gecko) Chrome/133.0.0.0 Safari/537.36 Edg/133.0.0.0"
52.12.236.46 - - [24/Mar/2025:09:40:30 +0000] "GET /galleryimg/46ef1fc632745ad4b3079edc83fb064d.jpg HTTP/1.1" 200 171016 "https://www.iumdestination.com/" "Mozilla/5.0 (Windows NT 10.0; Win64; x64) AppleWebKit/537.36 (KHTML, like Gecko) Chrome/133.0.0.0 Safari/537.36 Edg/133.0.0.0"
52.12.236.46 - - [24/Mar/2025:09:40:30 +0000] "GET /galleryimg/d5f75b2b4f278b8432294979a8b1df94.jpg HTTP/1.1" 200 115727 "https://www.iumdestination.com/" "Mozilla/5.0 (Windows NT 10.0; Win64; x64) AppleWebKit/537.36 (KHTML, like Gecko) Chrome/133.0.0.0 Safari/537.36 Edg/133.0.0.0"
52.12.236.46 - - [24/Mar/2025:09:40:30 +0000] "GET /galleryimg/e68740ad5702f8c6dd0368023196bdef.jpg HTTP/1.1" 200 12059 "https://www.iumdestination.com/" "Mozilla/5.0 (Windows NT 10.0; Win64; x64) AppleWebKit/537.36 (KHTML, like Gecko) Chrome/133.0.0.0 Safari/537.36 Edg/133.0.0.0"
52.12.236.46 - - [24/Mar/2025:09:40:30 +0000] "GET /galleryimg/header-image-tracking-sri-lanka-940x270.jpg HTTP/1.1" 200 143694 "https://www.iumdestination.com/" "Mozilla/5.0 (Windows NT 10.0; Win64; x64) AppleWebKit/537.36 (KHTML, like Gecko) Chrome/133.0.0.0 Safari/537.36 Edg/133.0.0.0"
52.12.236.46 - - [24/Mar/2025:09:40:31 +0000] "GET /galleryimg/486c5b7f0a4d3f3c1c27f474b66c09d4.jpg HTTP/1.1" 200 145656 "https://www.iumdestination.com/" "Mozilla/5.0 (Windows NT 10.0; Win64; x64) AppleWebKit/537.36 (KHTML, like Gecko) Chrome/133.0.0.0 Safari/537.36 Edg/133.0.0.0"
52.12.236.46 - - [24/Mar/2025:09:40:31 +0000] "GET /galleryimg/3f9fd09c2132c0f67d8f4ff3c7c5af4c.jpg HTTP/1.1" 200 12888 "https://www.iumdestination.com/" "Mozilla/5.0 (Windows NT 10.0; Win64; x64) AppleWebKit/537.36 (KHTML, like Gecko) Chrome/133.0.0.0 Safari/537.36 Edg/133.0.0.0"
52.12.236.46 - - [24/Mar/2025:09:40:31 +0000] "GET /galleryimg/027b9b9119ba4c9fc1a273e876e04d62.jpg HTTP/1.1" 200 9069 "https://www.iumdestination.com/" "Mozilla/5.0 (Windows NT 10.0; Win64; x64) AppleWebKit/537.36 (KHTML, like Gecko) Chrome/133.0.0.0 Safari/537.36 Edg/133.0.0.0"
52.12.236.46 - - [24/Mar/2025:09:40:31 +0000] "GET /galleryimg/eda3e9c2eb46cab280bf6290594255d8.jpg HTTP/1.1" 200 68575 "https://www.iumdestination.com/" "Mozilla/5.0 (Windows NT 10.0; Win64; x64) AppleWebKit/537.36 (KHTML, like Gecko) Chrome/133.0.0.0 Safari/537.36 Edg/133.0.0.0"
52.12.236.46 - - [24/Mar/2025:09:40:31 +0000] "GET /images/pic1.png HTTP/1.1" 200 31705 "https://www.iumdestination.com/" "Mozilla/5.0 (Windows NT 10.0; Win64; x64) AppleWebKit/537.36 (KHTML, like Gecko) Chrome/133.0.0.0 Safari/537.36 Edg/133.0.0.0"
52.12.236.46 - - [24/Mar/2025:09:40:31 +0000] "GET /images/pic2.png HTTP/1.1" 200 28719 "https://www.iumdestination.com/" "Mozilla/5.0 (Windows NT 10.0; Win64; x64) AppleWebKit/537.36 (KHTML, like Gecko) Chrome/133.0.0.0 Safari/537.36 Edg/133.0.0.0"
52.12.236.46 - - [24/Mar/2025:09:40:31 +0000] "GET /images/Visa-Information.jpg HTTP/1.1" 200 26034 "https://www.iumdestination.com/" "Mozilla/5.0 (Windows NT 10.0; Win64; x64) AppleWebKit/537.36 (KHTML, like Gecko) Chrome/133.0.0.0 Safari/537.36 Edg/133.0.0.0"
52.12.236.46 - - [24/Mar/2025:09:40:31 +0000] "GET /images/Travel-Insurance.jpg HTTP/1.1" 200 36107 "https://www.iumdestination.com/" "Mozilla/5.0 (Windows NT 10.0; Win64; x64) AppleWebKit/537.36 (KHTML, like Gecko) Chrome/133.0.0.0 Safari/537.36 Edg/133.0.0.0"
52.12.236.46 - - [24/Mar/2025:09:40:31 +0000] "GET /images/Foreign-Exchange.jpg HTTP/1.1" 200 49859 "https://www.iumdestination.com/" "Mozilla/5.0 (Windows NT 10.0; Win64; x64) AppleWebKit/537.36 (KHTML, like Gecko) Chrome/133.0.0.0 Safari/537.36 Edg/133.0.0.0"
52.12.236.46 - - [24/Mar/2025:09:40:32 +0000] "GET /images/foot-logo.png HTTP/1.1" 200 22544 "https://www.iumdestination.com/" "Mozilla/5.0 (Windows NT 10.0; Win64; x64) AppleWebKit/537.36 (KHTML, like Gecko) Chrome/133.0.0.0 Safari/537.36 Edg/133.0.0.0"
31.56.240.150 - - [24/Mar/2025:09:40:54 +0000] "GET /font-awesome/fonts/fontawesome-webfont914c.woff2?v=4.6.1 HTTP/1.1" 200 70728 "https://www.iumdestination.com/font-awesome/css/font-awesome.min.css" "Mozilla/5.0 (Windows NT 10.0; Win64; x64) AppleWebKit/537.36 (KHTML, like Gecko) Chrome/132.0.0.0 YaBrowser/25.2.0.0 Safari/537.36"
31.56.240.150 - - [24/Mar/2025:09:40:57 +0000] "GET /fonts/ElegantIcons.woff HTTP/1.1" 200 63664 "https://www.iumdestination.com/css/style.css" "Mozilla/5.0 (Windows NT 10.0; Win64; x64) AppleWebKit/537.36 (KHTML, like Gecko) Chrome/132.0.0.0 YaBrowser/25.2.0.0 Safari/537.36"
31.56.240.150 - - [24/Mar/2025:09:40:59 +0000] "GET /galleryimg/ec282cca36ffe778ff13e504b94cbba4.jpg HTTP/1.1" 200 57312 "https://www.iumdestination.com/" "Mozilla/5.0 (Windows NT 10.0; Win64; x64) AppleWebKit/537.36 (KHTML, like Gecko) Chrome/132.0.0.0 YaBrowser/25.2.0.0 Safari/537.36"
31.56.240.150 - - [24/Mar/2025:09:41:14 +0000] "GET /images/banner.jpg HTTP/1.1" 200 118709 "https://www.iumdestination.com/" "Mozilla/5.0 (Windows NT 10.0; Win64; x64) AppleWebKit/537.36 (KHTML, like Gecko) Chrome/132.0.0.0 YaBrowser/25.2.0.0 Safari/537.36"
31.56.240.150 - - [24/Mar/2025:09:41:23 +0000] "GET /images/india-tour-packages.jpg HTTP/1.1" 200 51915 "https://www.iumdestination.com/" "Mozilla/5.0 (Windows NT 10.0; Win64; x64) AppleWebKit/537.36 (KHTML, like Gecko) Chrome/132.0.0.0 YaBrowser/25.2.0.0 Safari/537.36"
