217.113.194.104 - - [22/Mar/2025:17:49:12 +0000] "GET /destinations.php HTTP/1.1" 200 8930 "-" "Mozilla/5.0 (compatible; Barkrowler/0.9; +https://babbar.tech/crawler)"
217.113.194.107 - - [22/Mar/2025:17:49:23 +0000] "GET /destinations.php HTTP/1.1" 200 8973 "-" "Mozilla/5.0 (compatible; Barkrowler/0.9; +https://babbar.tech/crawler)"
217.113.194.103 - - [22/Mar/2025:17:49:28 +0000] "GET /Mauritius.htm HTTP/1.1" 200 9071 "-" "Mozilla/5.0 (compatible; Barkrowler/0.9; +https://babbar.tech/crawler)"
217.113.194.108 - - [22/Mar/2025:17:49:39 +0000] "GET /CancellationPolicy HTTP/1.1" 200 6911 "-" "Mozilla/5.0 (compatible; Barkrowler/0.9; +https://babbar.tech/crawler)"
217.113.194.107 - - [22/Mar/2025:17:49:44 +0000] "GET /Maldives.htm HTTP/1.1" 200 8586 "-" "Mozilla/5.0 (compatible; Barkrowler/0.9; +https://babbar.tech/crawler)"
217.113.194.103 - - [22/Mar/2025:17:49:54 +0000] "GET /car-detail.php?id=18 HTTP/1.1" 200 7265 "-" "Mozilla/5.0 (compatible; Barkrowler/0.9; +https://babbar.tech/crawler)"
217.113.194.247 - - [22/Mar/2025:17:50:00 +0000] "GET /Mauritiustour.htm HTTP/1.1" 200 8598 "-" "Mozilla/5.0 (compatible; Barkrowler/0.9; +https://babbar.tech/crawler)"
217.113.194.111 - - [22/Mar/2025:17:50:10 +0000] "GET /car-detail.php?id=12 HTTP/1.1" 200 7471 "-" "Mozilla/5.0 (compatible; Barkrowler/0.9; +https://babbar.tech/crawler)"
217.113.194.108 - - [22/Mar/2025:17:50:15 +0000] "GET /car-detail.php?id=17 HTTP/1.1" 200 7415 "-" "Mozilla/5.0 (compatible; Barkrowler/0.9; +https://babbar.tech/crawler)"
217.113.194.108 - - [22/Mar/2025:17:50:25 +0000] "GET /PivacyPolicy HTTP/1.1" 200 9937 "-" "Mozilla/5.0 (compatible; Barkrowler/0.9; +https://babbar.tech/crawler)"
217.113.194.103 - - [22/Mar/2025:17:50:31 +0000] "GET /DestinationDubai.htm HTTP/1.1" 200 8551 "-" "Mozilla/5.0 (compatible; Barkrowler/0.9; +https://babbar.tech/crawler)"
217.113.194.106 - - [22/Mar/2025:17:50:41 +0000] "GET /hotel-detail.php?id=2000 HTTP/1.1" 200 7795 "-" "Mozilla/5.0 (compatible; Barkrowler/0.9; +https://babbar.tech/crawler)"
217.113.194.104 - - [22/Mar/2025:17:50:47 +0000] "GET /hotel-detail.php?id=2000 HTTP/1.1" 200 7795 "-" "Mozilla/5.0 (compatible; Barkrowler/0.9; +https://babbar.tech/crawler)"
217.113.194.106 - - [22/Mar/2025:17:50:56 +0000] "GET /international-destinations.php HTTP/1.1" 200 7258 "-" "Mozilla/5.0 (compatible; Barkrowler/0.9; +https://babbar.tech/crawler)"
217.113.194.110 - - [22/Mar/2025:17:51:03 +0000] "GET /Singapore.htm HTTP/1.1" 200 8818 "-" "Mozilla/5.0 (compatible; Barkrowler/0.9; +https://babbar.tech/crawler)"
217.113.194.110 - - [22/Mar/2025:17:51:12 +0000] "GET /india-destinations.php HTTP/1.1" 200 9176 "-" "Mozilla/5.0 (compatible; Barkrowler/0.9; +https://babbar.tech/crawler)"
65.109.230.28 - - [22/Mar/2025:17:51:18 +0000] "GET /galleryimg/28209111-1.jpg HTTP/1.1" 200 143163 "-" "Mozilla/5.0 (X11; Ubuntu; Linux x86_64; rv:72.0) Gecko/20100101 Firefox/72.0"
217.113.194.104 - - [22/Mar/2025:17:51:19 +0000] "GET /THEPARK.htm HTTP/1.1" 200 9004 "-" "Mozilla/5.0 (compatible; Barkrowler/0.9; +https://babbar.tech/crawler)"
217.113.194.103 - - [22/Mar/2025:17:51:27 +0000] "GET /hotel-detail.php?id=1994 HTTP/1.1" 200 7959 "-" "Mozilla/5.0 (compatible; Barkrowler/0.9; +https://babbar.tech/crawler)"
217.113.194.106 - - [22/Mar/2025:17:51:34 +0000] "GET /international-destinations.php HTTP/1.1" 200 7258 "-" "Mozilla/5.0 (compatible; Barkrowler/0.9; +https://babbar.tech/crawler)"
217.113.194.103 - - [22/Mar/2025:17:51:43 +0000] "GET /hotel-detail.php?id=1996 HTTP/1.1" 200 7987 "-" "Mozilla/5.0 (compatible; Barkrowler/0.9; +https://babbar.tech/crawler)"
217.113.194.247 - - [22/Mar/2025:17:51:50 +0000] "GET /MauritiusSpecial.htm HTTP/1.1" 200 8767 "-" "Mozilla/5.0 (compatible; Barkrowler/0.9; +https://babbar.tech/crawler)"
217.113.194.110 - - [22/Mar/2025:17:51:58 +0000] "GET /hotel-detail.php?id=1998 HTTP/1.1" 200 7821 "-" "Mozilla/5.0 (compatible; Barkrowler/0.9; +https://babbar.tech/crawler)"
217.113.194.106 - - [22/Mar/2025:17:52:06 +0000] "GET /BestThailand.htm HTTP/1.1" 200 8806 "-" "Mozilla/5.0 (compatible; Barkrowler/0.9; +https://babbar.tech/crawler)"
217.113.194.103 - - [22/Mar/2025:17:52:14 +0000] "GET /hotel-detail.php?id=1999 HTTP/1.1" 200 7692 "-" "Mozilla/5.0 (compatible; Barkrowler/0.9; +https://babbar.tech/crawler)"
217.113.194.105 - - [22/Mar/2025:17:52:22 +0000] "GET /AmazingSingapore.htm HTTP/1.1" 200 9209 "-" "Mozilla/5.0 (compatible; Barkrowler/0.9; +https://babbar.tech/crawler)"
217.113.194.105 - - [22/Mar/2025:17:52:29 +0000] "GET /hotel-detail.php?id=2001 HTTP/1.1" 200 7913 "-" "Mozilla/5.0 (compatible; Barkrowler/0.9; +https://babbar.tech/crawler)"
217.113.194.108 - - [22/Mar/2025:17:52:38 +0000] "GET /MalaysiaTrip.htm HTTP/1.1" 200 8552 "-" "Mozilla/5.0 (compatible; Barkrowler/0.9; +https://babbar.tech/crawler)"
217.113.194.102 - - [22/Mar/2025:17:52:45 +0000] "GET /hotel-detail.php?id=2004 HTTP/1.1" 200 7786 "-" "Mozilla/5.0 (compatible; Barkrowler/0.9; +https://babbar.tech/crawler)"
217.113.194.109 - - [22/Mar/2025:17:52:54 +0000] "GET /india-destinations.php HTTP/1.1" 200 9162 "-" "Mozilla/5.0 (compatible; Barkrowler/0.9; +https://babbar.tech/crawler)"
217.113.194.110 - - [22/Mar/2025:17:53:00 +0000] "GET /hotel-detail.php?id=2002 HTTP/1.1" 200 7693 "-" "Mozilla/5.0 (compatible; Barkrowler/0.9; +https://babbar.tech/crawler)"
217.113.194.110 - - [22/Mar/2025:17:53:09 +0000] "GET /kerala_tour_package.htm HTTP/1.1" 200 10932 "-" "Mozilla/5.0 (compatible; Barkrowler/0.9; +https://babbar.tech/crawler)"
217.113.194.111 - - [22/Mar/2025:17:53:15 +0000] "GET /packages.php?url=GoaTourPackages HTTP/1.1" 200 8669 "-" "Mozilla/5.0 (compatible; Barkrowler/0.9; +https://babbar.tech/crawler)"
217.113.194.111 - - [22/Mar/2025:17:53:25 +0000] "GET /DubaiTrip.htm HTTP/1.1" 200 10265 "-" "Mozilla/5.0 (compatible; Barkrowler/0.9; +https://babbar.tech/crawler)"
217.113.194.106 - - [22/Mar/2025:17:53:31 +0000] "GET /packages.php?url=ThailandTourPackage HTTP/1.1" 200 8625 "-" "Mozilla/5.0 (compatible; Barkrowler/0.9; +https://babbar.tech/crawler)"
217.113.194.105 - - [22/Mar/2025:17:53:41 +0000] "GET /hotel-detail.php?id=1997 HTTP/1.1" 200 7725 "-" "Mozilla/5.0 (compatible; Barkrowler/0.9; +https://babbar.tech/crawler)"
154.54.249.203 - - [22/Mar/2025:17:53:46 +0000] "GET /packages.php?url=UttarakhandTourpackages HTTP/1.1" 200 9123 "-" "Mozilla/5.0 (compatible; Barkrowler/0.9; +https://babbar.tech/crawler)"
217.113.194.110 - - [22/Mar/2025:17:53:57 +0000] "GET /hotel-detail.php?id=1995 HTTP/1.1" 200 8057 "-" "Mozilla/5.0 (compatible; Barkrowler/0.9; +https://babbar.tech/crawler)"
217.113.194.102 - - [22/Mar/2025:17:54:02 +0000] "GET /packages.php?url=MaldivesTourPackage HTTP/1.1" 200 8158 "-" "Mozilla/5.0 (compatible; Barkrowler/0.9; +https://babbar.tech/crawler)"
217.113.194.107 - - [22/Mar/2025:17:54:13 +0000] "GET /hotel-detail.php?id=1998 HTTP/1.1" 200 7821 "-" "Mozilla/5.0 (compatible; Barkrowler/0.9; +https://babbar.tech/crawler)"
217.113.194.110 - - [22/Mar/2025:17:54:17 +0000] "GET /packages.php?url=LehLadakhPackage HTTP/1.1" 200 9537 "-" "Mozilla/5.0 (compatible; Barkrowler/0.9; +https://babbar.tech/crawler)"
217.113.194.107 - - [22/Mar/2025:17:54:28 +0000] "GET /hotel-detail.php?id=2004 HTTP/1.1" 200 7741 "-" "Mozilla/5.0 (compatible; Barkrowler/0.9; +https://babbar.tech/crawler)"
217.113.194.103 - - [22/Mar/2025:17:54:33 +0000] "GET /packages.php?url=MauritiusTourPackage HTTP/1.1" 200 8355 "-" "Mozilla/5.0 (compatible; Barkrowler/0.9; +https://babbar.tech/crawler)"
217.113.194.105 - - [22/Mar/2025:17:54:44 +0000] "GET /hotel-detail.php?id=2002 HTTP/1.1" 200 7769 "-" "Mozilla/5.0 (compatible; Barkrowler/0.9; +https://babbar.tech/crawler)"
217.113.194.102 - - [22/Mar/2025:17:54:49 +0000] "GET /packages.php?url=DarjeelingSikkimPackages HTTP/1.1" 200 8533 "-" "Mozilla/5.0 (compatible; Barkrowler/0.9; +https://babbar.tech/crawler)"
154.54.249.203 - - [22/Mar/2025:17:55:00 +0000] "GET /DreamFullMalaysia.htm HTTP/1.1" 200 8913 "-" "Mozilla/5.0 (compatible; Barkrowler/0.9; +https://babbar.tech/crawler)"
20.42.10.186 - - [22/Mar/2025:17:55:03 +0000] "GET /robots.txt HTTP/1.1" 404 196 "-" "Mozilla/5.0 (Macintosh; Intel Mac OS X 10_15_7) AppleWebKit/537.36 (KHTML, like Gecko) Chrome/131.0.0.0 Safari/537.36; compatible; OAI-SearchBot/1.0; +https://openai.com/searchbot"
20.42.10.185 - - [22/Mar/2025:17:55:04 +0000] "GET /robots.txt HTTP/1.1" 404 196 "-" "Mozilla/5.0 (Macintosh; Intel Mac OS X 10_15_7) AppleWebKit/537.36 (KHTML, like Gecko) Chrome/131.0.0.0 Safari/537.36; compatible; OAI-SearchBot/1.0; +https://openai.com/searchbot"
217.113.194.103 - - [22/Mar/2025:17:55:05 +0000] "GET /packages.php?url=KailashMansarovarYatra HTTP/1.1" 200 8223 "-" "Mozilla/5.0 (compatible; Barkrowler/0.9; +https://babbar.tech/crawler)"
217.113.194.104 - - [22/Mar/2025:17:55:16 +0000] "GET /trip_best_bhutan.htm HTTP/1.1" 200 10033 "-" "Mozilla/5.0 (compatible; Barkrowler/0.9; +https://babbar.tech/crawler)"
217.113.194.106 - - [22/Mar/2025:17:55:20 +0000] "GET /packages.php?url=ChardhamYatraTourbyHelicopter HTTP/1.1" 200 8816 "-" "Mozilla/5.0 (compatible; Barkrowler/0.9; +https://babbar.tech/crawler)"
217.113.194.103 - - [22/Mar/2025:17:55:32 +0000] "GET /FeelDesert.htm HTTP/1.1" 200 8437 "-" "Mozilla/5.0 (compatible; Barkrowler/0.9; +https://babbar.tech/crawler)"
217.113.194.247 - - [22/Mar/2025:17:55:36 +0000] "GET /packages.php?url=DestinationLakshadweepTourPackages HTTP/1.1" 200 8601 "-" "Mozilla/5.0 (compatible; Barkrowler/0.9; +https://babbar.tech/crawler)"
217.113.194.105 - - [22/Mar/2025:17:55:47 +0000] "GET /BestBaliTour.htm HTTP/1.1" 200 9055 "-" "Mozilla/5.0 (compatible; Barkrowler/0.9; +https://babbar.tech/crawler)"
217.113.194.109 - - [22/Mar/2025:17:55:52 +0000] "GET /packages.php?url=DESTINATIONOMKARESHWARUJJAIN HTTP/1.1" 200 8172 "-" "Mozilla/5.0 (compatible; Barkrowler/0.9; +https://babbar.tech/crawler)"
217.113.194.105 - - [22/Mar/2025:17:56:03 +0000] "GET /short_tip_package.htm HTTP/1.1" 200 9389 "-" "Mozilla/5.0 (compatible; Barkrowler/0.9; +https://babbar.tech/crawler)"
217.113.194.106 - - [22/Mar/2025:17:56:07 +0000] "GET /packages.php?url=DestinationVaranasiKhajurahoAyodhayaToursPackage HTTP/1.1" 200 8774 "-" "Mozilla/5.0 (compatible; Barkrowler/0.9; +https://babbar.tech/crawler)"
217.113.194.106 - - [22/Mar/2025:17:56:19 +0000] "GET /DestinationBhutan.htm HTTP/1.1" 200 9467 "-" "Mozilla/5.0 (compatible; Barkrowler/0.9; +https://babbar.tech/crawler)"
217.113.194.107 - - [22/Mar/2025:17:56:35 +0000] "GET /TheRoyalBhutan.htm HTTP/1.1" 200 9349 "-" "Mozilla/5.0 (compatible; Barkrowler/0.9; +https://babbar.tech/crawler)"
154.54.249.203 - - [22/Mar/2025:17:56:51 +0000] "GET /kerala_package_tour.htm HTTP/1.1" 200 9917 "-" "Mozilla/5.0 (compatible; Barkrowler/0.9; +https://babbar.tech/crawler)"
217.113.194.111 - - [22/Mar/2025:17:57:06 +0000] "GET /kerala_summer_package.htm HTTP/1.1" 200 10567 "-" "Mozilla/5.0 (compatible; Barkrowler/0.9; +https://babbar.tech/crawler)"
217.113.194.108 - - [22/Mar/2025:17:57:22 +0000] "GET /nepaltourPackages.html HTTP/1.1" 200 9219 "-" "Mozilla/5.0 (compatible; Barkrowler/0.9; +https://babbar.tech/crawler)"
217.113.194.247 - - [22/Mar/2025:17:57:38 +0000] "GET /SingaporeTrip.htm HTTP/1.1" 200 8681 "-" "Mozilla/5.0 (compatible; Barkrowler/0.9; +https://babbar.tech/crawler)"
8.28.34.99 - - [22/Mar/2025:17:57:45 +0000] "GET /galleryimg/8044587bambolim-beach-resort-goa-dlx-4-72389086584g.jpg HTTP/1.1" 200 69915 "-" "python-requests/2.31.0"
217.113.194.102 - - [22/Mar/2025:17:57:54 +0000] "GET /ThailandTour.htm HTTP/1.1" 200 8808 "-" "Mozilla/5.0 (compatible; Barkrowler/0.9; +https://babbar.tech/crawler)"
8.28.34.98 - - [22/Mar/2025:17:58:09 +0000] "GET /galleryimg/550324c73de6ea0304eaacb0a30c8249.jpg HTTP/1.1" 200 9400 "-" "python-requests/2.31.0"
217.113.194.103 - - [22/Mar/2025:17:58:09 +0000] "GET /trip_srianka.htm HTTP/1.1" 200 9275 "-" "Mozilla/5.0 (compatible; Barkrowler/0.9; +https://babbar.tech/crawler)"
217.113.194.108 - - [22/Mar/2025:17:58:25 +0000] "GET /GoaTourPackages.html HTTP/1.1" 200 8655 "-" "Mozilla/5.0 (compatible; Barkrowler/0.9; +https://babbar.tech/crawler)"
217.113.194.108 - - [22/Mar/2025:17:58:41 +0000] "GET /rajasthantourpackage.html HTTP/1.1" 200 8558 "-" "Mozilla/5.0 (compatible; Barkrowler/0.9; +https://babbar.tech/crawler)"
217.113.194.111 - - [22/Mar/2025:17:58:57 +0000] "GET /BestofMalaysia%09.htm HTTP/1.1" 200 8751 "-" "Mozilla/5.0 (compatible; Barkrowler/0.9; +https://babbar.tech/crawler)"
217.113.194.107 - - [22/Mar/2025:17:59:13 +0000] "GET /BaliTourPackage.html HTTP/1.1" 200 8160 "-" "Mozilla/5.0 (compatible; Barkrowler/0.9; +https://babbar.tech/crawler)"
217.113.194.247 - - [22/Mar/2025:17:59:28 +0000] "GET /kathmandu_trip.htm HTTP/1.1" 200 10418 "-" "Mozilla/5.0 (compatible; Barkrowler/0.9; +https://babbar.tech/crawler)"
217.113.194.110 - - [22/Mar/2025:17:59:44 +0000] "GET /DestinationMountainTour.htm HTTP/1.1" 200 9876 "-" "Mozilla/5.0 (compatible; Barkrowler/0.9; +https://babbar.tech/crawler)"
40.77.167.181 - - [22/Mar/2025:18:00:00 +0000] "GET /robots.txt HTTP/1.1" 301 248 "-" "Mozilla/5.0 AppleWebKit/537.36 (KHTML, like Gecko; compatible; bingbot/2.0; +http://www.bing.com/bingbot.htm) Chrome/116.0.1938.76 Safari/537.36"
217.113.194.103 - - [22/Mar/2025:18:00:00 +0000] "GET /DestinationBaliTour.htm HTTP/1.1" 200 9030 "-" "Mozilla/5.0 (compatible; Barkrowler/0.9; +https://babbar.tech/crawler)"
40.77.167.181 - - [22/Mar/2025:18:00:00 +0000] "GET /robots.txt HTTP/1.1" 404 196 "-" "Mozilla/5.0 AppleWebKit/537.36 (KHTML, like Gecko; compatible; bingbot/2.0; +http://www.bing.com/bingbot.htm) Chrome/116.0.1938.76 Safari/537.36"
207.46.13.87 - - [22/Mar/2025:18:00:11 +0000] "GET /hotels.php HTTP/1.1" 301 248 "-" "Mozilla/5.0 AppleWebKit/537.36 (KHTML, like Gecko; compatible; bingbot/2.0; +http://www.bing.com/bingbot.htm) Chrome/116.0.1938.76 Safari/537.36"
217.113.194.108 - - [22/Mar/2025:18:00:16 +0000] "GET /DestinationDubaiDubai.htm HTTP/1.1" 200 8888 "-" "Mozilla/5.0 (compatible; Barkrowler/0.9; +https://babbar.tech/crawler)"
157.55.39.7 - - [22/Mar/2025:18:00:21 +0000] "GET /hotels.php HTTP/1.1" 200 9446 "-" "Mozilla/5.0 AppleWebKit/537.36 (KHTML, like Gecko; compatible; bingbot/2.0; +http://www.bing.com/bingbot.htm) Chrome/116.0.1938.76 Safari/537.36"
217.113.194.106 - - [22/Mar/2025:18:00:32 +0000] "GET /NorthEastTourPackage.html HTTP/1.1" 200 9552 "-" "Mozilla/5.0 (compatible; Barkrowler/0.9; +https://babbar.tech/crawler)"
217.113.194.107 - - [22/Mar/2025:18:00:47 +0000] "GET /GujaratTourPackages.html HTTP/1.1" 200 8561 "-" "Mozilla/5.0 (compatible; Barkrowler/0.9; +https://babbar.tech/crawler)"
217.113.194.106 - - [22/Mar/2025:18:01:03 +0000] "GET /BAGARETREAT.htm HTTP/1.1" 200 9011 "-" "Mozilla/5.0 (compatible; Barkrowler/0.9; +https://babbar.tech/crawler)"
217.113.194.102 - - [22/Mar/2025:18:01:19 +0000] "GET /BhutantourPackages.html HTTP/1.1" 200 9784 "-" "Mozilla/5.0 (compatible; Barkrowler/0.9; +https://babbar.tech/crawler)"
217.113.194.110 - - [22/Mar/2025:18:01:35 +0000] "GET /MauritiusTourPackage.html HTTP/1.1" 200 8347 "-" "Mozilla/5.0 (compatible; Barkrowler/0.9; +https://babbar.tech/crawler)"
217.113.194.109 - - [22/Mar/2025:18:01:51 +0000] "GET /cultural_heritage_tour.htm HTTP/1.1" 200 8785 "-" "Mozilla/5.0 (compatible; Barkrowler/0.9; +https://babbar.tech/crawler)"
217.113.194.108 - - [22/Mar/2025:18:02:07 +0000] "GET /MaldivesTourPackage.html HTTP/1.1" 200 8185 "-" "Mozilla/5.0 (compatible; Barkrowler/0.9; +https://babbar.tech/crawler)"
217.113.194.109 - - [22/Mar/2025:18:02:22 +0000] "GET /DestinationParadiseonEarth.htm HTTP/1.1" 200 11083 "-" "Mozilla/5.0 (compatible; Barkrowler/0.9; +https://babbar.tech/crawler)"
217.113.194.110 - - [22/Mar/2025:18:02:38 +0000] "GET /MalaysiaTourPackage.html HTTP/1.1" 200 8372 "-" "Mozilla/5.0 (compatible; Barkrowler/0.9; +https://babbar.tech/crawler)"
217.113.194.102 - - [22/Mar/2025:18:02:54 +0000] "GET /TheParadiseOfHill.htm HTTP/1.1" 200 9706 "-" "Mozilla/5.0 (compatible; Barkrowler/0.9; +https://babbar.tech/crawler)"
154.54.249.203 - - [22/Mar/2025:18:03:10 +0000] "GET /DubaiTourPackage.html HTTP/1.1" 200 8328 "-" "Mozilla/5.0 (compatible; Barkrowler/0.9; +https://babbar.tech/crawler)"
154.54.249.203 - - [22/Mar/2025:18:03:26 +0000] "GET /destinationPlaceBhutan.htm HTTP/1.1" 200 12308 "-" "Mozilla/5.0 (compatible; Barkrowler/0.9; +https://babbar.tech/crawler)"
217.113.194.109 - - [22/Mar/2025:18:03:41 +0000] "GET /special_kerala_Tour.htm HTTP/1.1" 200 9788 "-" "Mozilla/5.0 (compatible; Barkrowler/0.9; +https://babbar.tech/crawler)"
217.113.194.102 - - [22/Mar/2025:18:03:57 +0000] "GET /SingaporeFunTours.htm HTTP/1.1" 200 9155 "-" "Mozilla/5.0 (compatible; Barkrowler/0.9; +https://babbar.tech/crawler)"
217.113.194.108 - - [22/Mar/2025:18:04:13 +0000] "GET /SingaporeWithCruise.htm HTTP/1.1" 200 9415 "-" "Mozilla/5.0 (compatible; Barkrowler/0.9; +https://babbar.tech/crawler)"
217.113.194.110 - - [22/Mar/2025:18:04:29 +0000] "GET /scenic_sri_lanka.htm HTTP/1.1" 200 10054 "-" "Mozilla/5.0 (compatible; Barkrowler/0.9; +https://babbar.tech/crawler)"
217.113.194.102 - - [22/Mar/2025:18:04:45 +0000] "GET /RomanticofBhutan.htm HTTP/1.1" 200 9277 "-" "Mozilla/5.0 (compatible; Barkrowler/0.9; +https://babbar.tech/crawler)"
217.113.194.247 - - [22/Mar/2025:18:05:01 +0000] "GET /ThailandTourPackage.html HTTP/1.1" 200 8575 "-" "Mozilla/5.0 (compatible; Barkrowler/0.9; +https://babbar.tech/crawler)"
217.113.194.105 - - [22/Mar/2025:18:05:16 +0000] "GET /KeralaTourPackages.html HTTP/1.1" 200 9092 "-" "Mozilla/5.0 (compatible; Barkrowler/0.9; +https://babbar.tech/crawler)"
217.113.194.102 - - [22/Mar/2025:18:05:32 +0000] "GET /AndamanTourPackages.html HTTP/1.1" 200 9651 "-" "Mozilla/5.0 (compatible; Barkrowler/0.9; +https://babbar.tech/crawler)"
217.113.194.108 - - [22/Mar/2025:18:05:48 +0000] "GET /DestinationOfBhutan.htm HTTP/1.1" 200 10310 "-" "Mozilla/5.0 (compatible; Barkrowler/0.9; +https://babbar.tech/crawler)"
217.113.194.106 - - [22/Mar/2025:18:06:04 +0000] "GET /north_india_temple_tour.htm HTTP/1.1" 200 9757 "-" "Mozilla/5.0 (compatible; Barkrowler/0.9; +https://babbar.tech/crawler)"
217.113.194.106 - - [22/Mar/2025:18:06:20 +0000] "GET /HimachalTourPackage.html HTTP/1.1" 200 9229 "-" "Mozilla/5.0 (compatible; Barkrowler/0.9; +https://babbar.tech/crawler)"
217.113.194.103 - - [22/Mar/2025:18:06:36 +0000] "GET /ZONECONNECT.htm HTTP/1.1" 200 8997 "-" "Mozilla/5.0 (compatible; Barkrowler/0.9; +https://babbar.tech/crawler)"
114.119.156.185 - - [22/Mar/2025:18:06:50 +0000] "GET /galleryimg/99028798-2.jpg HTTP/1.1" 200 193380 "https://www.iumdestination.com/LEHLADAKHTOURSBYROAD.htm" "Mozilla/5.0 (Linux; Android 7.0;) AppleWebKit/537.36 (KHTML, like Gecko) Mobile Safari/537.36 (compatible; PetalBot;+https://webmaster.petalsearch.com/site/petalbot)"
217.113.194.110 - - [22/Mar/2025:18:06:52 +0000] "GET /FULLLADAKH.htm HTTP/1.1" 200 10411 "-" "Mozilla/5.0 (compatible; Barkrowler/0.9; +https://babbar.tech/crawler)"
217.113.194.108 - - [22/Mar/2025:18:07:07 +0000] "GET /SingaporeMalaysiaPackage.htm HTTP/1.1" 200 9228 "-" "Mozilla/5.0 (compatible; Barkrowler/0.9; +https://babbar.tech/crawler)"
66.249.66.3 - - [22/Mar/2025:18:07:19 +0000] "GET /packages.php?url=MauritiusTourPackage HTTP/1.1" 200 8338 "-" "Mozilla/5.0 (Linux; Android 6.0.1; Nexus 5X Build/MMB29P) AppleWebKit/537.36 (KHTML, like Gecko) Chrome/134.0.6998.117 Mobile Safari/537.36 (compatible; Googlebot/2.1; +http://www.google.com/bot.html)"
217.113.194.103 - - [22/Mar/2025:18:07:23 +0000] "GET /SingaporeTourPackage.html HTTP/1.1" 200 8769 "-" "Mozilla/5.0 (compatible; Barkrowler/0.9; +https://babbar.tech/crawler)"
217.113.194.247 - - [22/Mar/2025:18:07:39 +0000] "GET /UttarakhandTourpackages.html HTTP/1.1" 200 8999 "-" "Mozilla/5.0 (compatible; Barkrowler/0.9; +https://babbar.tech/crawler)"
8.28.34.24 - - [22/Mar/2025:18:07:46 +0000] "GET /galleryimg/2776512amal.jpg HTTP/1.1" 200 24918 "-" "python-requests/2.31.0"
217.113.194.108 - - [22/Mar/2025:18:07:55 +0000] "GET /assam_meghalaya_trip.htm HTTP/1.1" 200 10542 "-" "Mozilla/5.0 (compatible; Barkrowler/0.9; +https://babbar.tech/crawler)"
47.79.62.191 - - [22/Mar/2025:18:08:04 +0000] "GET / HTTP/1.1" 200 11604 "https://www.google.com/" "Mozilla/5.0 (Windows NT 10.0; Win64; x64) AppleWebKit/537.36 (KHTML, like Gecko) Chrome/133.0.0.0 Safari/537.36"
217.113.194.247 - - [22/Mar/2025:18:08:10 +0000] "GET /ShortTripOfBhutan.htm HTTP/1.1" 200 9103 "-" "Mozilla/5.0 (compatible; Barkrowler/0.9; +https://babbar.tech/crawler)"
217.113.194.109 - - [22/Mar/2025:18:08:26 +0000] "GET /SingaporeTripwithCruise.htm HTTP/1.1" 200 8806 "-" "Mozilla/5.0 (compatible; Barkrowler/0.9; +https://babbar.tech/crawler)"
217.113.194.102 - - [22/Mar/2025:18:08:42 +0000] "GET /trip_glimpses_bhutan.htm HTTP/1.1" 200 9938 "-" "Mozilla/5.0 (compatible; Barkrowler/0.9; +https://babbar.tech/crawler)"
154.54.249.203 - - [22/Mar/2025:18:08:58 +0000] "GET /COLONIASANTAMARIA.htm HTTP/1.1" 200 9017 "-" "Mozilla/5.0 (compatible; Barkrowler/0.9; +https://babbar.tech/crawler)"
217.113.194.103 - - [22/Mar/2025:18:09:14 +0000] "GET /TripBhutanOfExotica.htm HTTP/1.1" 200 10057 "-" "Mozilla/5.0 (compatible; Barkrowler/0.9; +https://babbar.tech/crawler)"
188.166.254.63 - - [22/Mar/2025:18:09:23 +0000] "GET /galleryimg/3933049GettyImages-541351163_super.jpg HTTP/1.1" 200 383494 "-" "Mozilla/5.0 (Windows NT 10.0; Win64; x64) AppleWebKit/537.36 (KHTML, like Gecko) Chrome/121.0.0.0 Safari/537.36 Edg/121.0.0.0 GLS/100.10.9979.100"
217.113.194.107 - - [22/Mar/2025:18:09:29 +0000] "GET /DarshanVaishnoMata.htm HTTP/1.1" 200 8652 "-" "Mozilla/5.0 (compatible; Barkrowler/0.9; +https://babbar.tech/crawler)"
217.113.194.108 - - [22/Mar/2025:18:09:45 +0000] "GET /DestinationAmarnathYatra.html HTTP/1.1" 200 8280 "-" "Mozilla/5.0 (compatible; Barkrowler/0.9; +https://babbar.tech/crawler)"
8.28.34.60 - - [22/Mar/2025:18:09:47 +0000] "GET /galleryimg/87742491-2.jpg HTTP/1.1" 200 143879 "-" "python-requests/2.31.0"
34.46.52.87 - - [22/Mar/2025:18:09:53 +0000] "GET /galleryimg/79829654-2.jpg HTTP/1.1" 200 83133 "-" "Mozilla/5.0 (X11; Ubuntu; Linux x86_64; rv:72.0) Gecko/20100101 Firefox/72.0"
217.113.194.107 - - [22/Mar/2025:18:10:01 +0000] "GET /DestinationArabian(Dubai).htm HTTP/1.1" 200 8472 "-" "Mozilla/5.0 (compatible; Barkrowler/0.9; +https://babbar.tech/crawler)"
217.113.194.106 - - [22/Mar/2025:18:10:17 +0000] "GET /HoneymoonInMauritius.htm HTTP/1.1" 200 8929 "-" "Mozilla/5.0 (compatible; Barkrowler/0.9; +https://babbar.tech/crawler)"
95.54.40.191 - - [22/Mar/2025:18:10:29 +0000] "GET /HISTORICALANDAMAN.htm HTTP/1.0" 200 59492 "https://www.iumdestination.com/HISTORICALANDAMAN.htm" "Mozilla/5.0 (Windows NT 10.0; Win64; x64) AppleWebKit/537.36 (KHTML, like Gecko) Chrome/103.0.5060.66 Safari/537.36"
95.54.40.191 - - [22/Mar/2025:18:10:31 +0000] "GET /contact-us.php HTTP/1.0" 200 42292 "https://www.iumdestination.com/contact-us.php" "Mozilla/5.0 (Windows NT 10.0; Win64; x64) AppleWebKit/537.36 (KHTML, like Gecko) Chrome/103.0.5060.66 Safari/537.36"
217.113.194.247 - - [22/Mar/2025:18:10:33 +0000] "GET /SriLankaTourPackage.html HTTP/1.1" 200 8362 "-" "Mozilla/5.0 (compatible; Barkrowler/0.9; +https://babbar.tech/crawler)"
195.140.176.195 - - [22/Mar/2025:18:10:44 +0000] "GET /wp-login.php HTTP/1.1" 301 250 "-" "Mozilla/5.0 (Windows NT 10.0; Win64; x64) AppleWebKit/537.36 (KHTML, like Gecko) Chrome/115.0.0.0 Safari/537.36 Edg/115.0.1901.203"
104.153.81.54 - - [22/Mar/2025:18:10:47 +0000] "GET /wp-login.php HTTP/1.1" 404 196 "-" "Mozilla/5.0 (Windows NT 10.0; Win64; x64) AppleWebKit/537.36 (KHTML, like Gecko) Chrome/115.0.0.0 Safari/537.36 Edg/115.0.1901.203"
217.113.194.105 - - [22/Mar/2025:18:10:49 +0000] "GET /ANDAMANADVENTURE.htm HTTP/1.1" 200 12167 "-" "Mozilla/5.0 (compatible; Barkrowler/0.9; +https://babbar.tech/crawler)"
114.119.160.248 - - [22/Mar/2025:18:10:49 +0000] "GET /ThailandTour.htm HTTP/1.1" 200 8974 "-" "Mozilla/5.0 (Linux; Android 7.0;) AppleWebKit/537.36 (KHTML, like Gecko) Mobile Safari/537.36 (compatible; PetalBot;+https://webmaster.petalsearch.com/site/petalbot)"
217.113.194.109 - - [22/Mar/2025:18:11:04 +0000] "GET /SingaporeMalaysiaHolidayTours.htm HTTP/1.1" 200 8842 "-" "Mozilla/5.0 (compatible; Barkrowler/0.9; +https://babbar.tech/crawler)"
217.113.194.110 - - [22/Mar/2025:18:11:20 +0000] "GET /SingaporeWithMalaysiaPackage.htm HTTP/1.1" 200 9928 "-" "Mozilla/5.0 (compatible; Barkrowler/0.9; +https://babbar.tech/crawler)"
217.113.194.106 - - [22/Mar/2025:18:11:36 +0000] "GET /GoldenTriangleTourPackage.html HTTP/1.1" 200 8371 "-" "Mozilla/5.0 (compatible; Barkrowler/0.9; +https://babbar.tech/crawler)"
217.113.194.108 - - [22/Mar/2025:18:11:52 +0000] "GET /BYPHUKETTOURS.htm HTTP/1.1" 200 8697 "-" "Mozilla/5.0 (compatible; Barkrowler/0.9; +https://babbar.tech/crawler)"
217.113.194.111 - - [22/Mar/2025:18:12:08 +0000] "GET /TourForHillOfBhutan.htm HTTP/1.1" 200 9802 "-" "Mozilla/5.0 (compatible; Barkrowler/0.9; +https://babbar.tech/crawler)"
217.113.194.106 - - [22/Mar/2025:18:12:23 +0000] "GET /MauritiusAndUnlimitedRomance.htm HTTP/1.1" 200 8711 "-" "Mozilla/5.0 (compatible; Barkrowler/0.9; +https://babbar.tech/crawler)"
217.113.194.111 - - [22/Mar/2025:18:12:39 +0000] "GET /WonderfullKashmirTour.htm HTTP/1.1" 200 9768 "-" "Mozilla/5.0 (compatible; Barkrowler/0.9; +https://babbar.tech/crawler)"
66.249.66.4 - - [22/Mar/2025:18:12:48 +0000] "GET /packages.php?url=SingaporeTourPackage HTTP/1.1" 200 8777 "-" "Mozilla/5.0 (Linux; Android 6.0.1; Nexus 5X Build/MMB29P) AppleWebKit/537.36 (KHTML, like Gecko) Chrome/134.0.6998.117 Mobile Safari/537.36 (compatible; Googlebot/2.1; +http://www.google.com/bot.html)"
217.113.194.108 - - [22/Mar/2025:18:12:55 +0000] "GET /Glorious_Nepal_tour_package.htm HTTP/1.1" 200 10862 "-" "Mozilla/5.0 (compatible; Barkrowler/0.9; +https://babbar.tech/crawler)"
66.249.66.4 - - [22/Mar/2025:18:13:09 +0000] "GET /DESTINATIONEXOTICANDAMANPACKAGE.htm HTTP/1.1" 200 13244 "-" "Mozilla/5.0 (Linux; Android 6.0.1; Nexus 5X Build/MMB29P) AppleWebKit/537.36 (KHTML, like Gecko) Chrome/134.0.6998.117 Mobile Safari/537.36 (compatible; Googlebot/2.1; +http://www.google.com/bot.html)"
217.113.194.108 - - [22/Mar/2025:18:13:11 +0000] "GET /DestinationSampurnaNepal.htm HTTP/1.1" 200 11441 "-" "Mozilla/5.0 (compatible; Barkrowler/0.9; +https://babbar.tech/crawler)"
217.113.194.110 - - [22/Mar/2025:18:13:27 +0000] "GET /LehLadakhPackage.html HTTP/1.1" 200 9534 "-" "Mozilla/5.0 (compatible; Barkrowler/0.9; +https://babbar.tech/crawler)"
217.113.194.109 - - [22/Mar/2025:18:13:42 +0000] "GET /RoundTripwithAyurveda.htm HTTP/1.1" 200 9675 "-" "Mozilla/5.0 (compatible; Barkrowler/0.9; +https://babbar.tech/crawler)"
154.54.249.203 - - [22/Mar/2025:18:13:58 +0000] "GET /HISTORICALANDAMAN.htm HTTP/1.1" 200 11431 "-" "Mozilla/5.0 (compatible; Barkrowler/0.9; +https://babbar.tech/crawler)"
217.113.194.109 - - [22/Mar/2025:18:14:14 +0000] "GET /ShivkhorVaishnoDevi.htm HTTP/1.1" 200 8778 "-" "Mozilla/5.0 (compatible; Barkrowler/0.9; +https://babbar.tech/crawler)"
217.113.194.109 - - [22/Mar/2025:18:14:30 +0000] "GET /packages.php?url=GoaTourPackages HTTP/1.1" 200 8706 "-" "Mozilla/5.0 (compatible; Barkrowler/0.9; +https://babbar.tech/crawler)"
57.141.0.3 - - [22/Mar/2025:18:14:31 +0000] "GET /css/fonts/ElegantIcons-2.html HTTP/1.1" 200 509 "-" "meta-externalagent/1.1 (+https://developers.facebook.com/docs/sharing/webmasters/crawler)"
217.113.194.108 - - [22/Mar/2025:18:14:46 +0000] "GET /DELHITOAMRITSAR.htm HTTP/1.1" 200 10530 "-" "Mozilla/5.0 (compatible; Barkrowler/0.9; +https://babbar.tech/crawler)"
217.113.194.111 - - [22/Mar/2025:18:15:02 +0000] "GET /UJJAINTOURPACKAGE.htm HTTP/1.1" 200 9534 "-" "Mozilla/5.0 (compatible; Barkrowler/0.9; +https://babbar.tech/crawler)"
217.113.194.108 - - [22/Mar/2025:18:15:17 +0000] "GET /INDIAHERITAGETOUR.htm HTTP/1.1" 200 10408 "-" "Mozilla/5.0 (compatible; Barkrowler/0.9; +https://babbar.tech/crawler)"
140.112.194.114 - - [22/Mar/2025:18:15:29 +0000] "GET /galleryimg/73729623-1.jpg HTTP/1.1" 200 122793 "-" "python-requests/2.32.3"
217.113.194.107 - - [22/Mar/2025:18:15:33 +0000] "GET /DestinationKathmanduTourPackage.htm HTTP/1.1" 200 9877 "-" "Mozilla/5.0 (compatible; Barkrowler/0.9; +https://babbar.tech/crawler)"
154.54.249.203 - - [22/Mar/2025:18:15:49 +0000] "GET /destination_beautiful_thimphu.htm HTTP/1.1" 200 10129 "-" "Mozilla/5.0 (compatible; Barkrowler/0.9; +https://babbar.tech/crawler)"
217.113.194.111 - - [22/Mar/2025:18:16:05 +0000] "GET /ARENABEACHRESORT.htm HTTP/1.1" 200 8971 "-" "Mozilla/5.0 (compatible; Barkrowler/0.9; +https://babbar.tech/crawler)"
217.113.194.103 - - [22/Mar/2025:18:16:21 +0000] "GET /VARANASITOURPACKAGE.htm HTTP/1.1" 200 9821 "-" "Mozilla/5.0 (compatible; Barkrowler/0.9; +https://babbar.tech/crawler)"
154.54.249.203 - - [22/Mar/2025:18:16:36 +0000] "GET /BeautifulBhutanTourPackage.htm HTTP/1.1" 200 10562 "-" "Mozilla/5.0 (compatible; Barkrowler/0.9; +https://babbar.tech/crawler)"
217.113.194.111 - - [22/Mar/2025:18:16:52 +0000] "GET /PenangOrientKualaLumpur.htm HTTP/1.1" 200 8560 "-" "Mozilla/5.0 (compatible; Barkrowler/0.9; +https://babbar.tech/crawler)"
217.113.194.109 - - [22/Mar/2025:18:17:08 +0000] "GET /DESTINATIONSHOTTRIPLEH.htm HTTP/1.1" 200 9522 "-" "Mozilla/5.0 (compatible; Barkrowler/0.9; +https://babbar.tech/crawler)"
217.113.194.105 - - [22/Mar/2025:18:17:24 +0000] "GET /DESTINATIONNEPALTRIP.htm HTTP/1.1" 200 10111 "-" "Mozilla/5.0 (compatible; Barkrowler/0.9; +https://babbar.tech/crawler)"
217.113.194.105 - - [22/Mar/2025:18:17:40 +0000] "GET /DESTINATIONKATHMANDU.htm HTTP/1.1" 200 9699 "-" "Mozilla/5.0 (compatible; Barkrowler/0.9; +https://babbar.tech/crawler)"
66.249.66.3 - - [22/Mar/2025:18:17:48 +0000] "GET /packages.php?url=HimachalTourPackage HTTP/1.1" 200 9284 "-" "Mozilla/5.0 (Linux; Android 6.0.1; Nexus 5X Build/MMB29P) AppleWebKit/537.36 (KHTML, like Gecko) Chrome/134.0.6998.117 Mobile Safari/537.36 (compatible; Googlebot/2.1; +http://www.google.com/bot.html)"
154.54.249.203 - - [22/Mar/2025:18:17:56 +0000] "GET /DESTINATIONBESTOFLEH.htm HTTP/1.1" 200 10346 "-" "Mozilla/5.0 (compatible; Barkrowler/0.9; +https://babbar.tech/crawler)"
217.113.194.109 - - [22/Mar/2025:18:18:11 +0000] "GET /NEPAL_TOUR_PACKAGE.htm HTTP/1.1" 200 11860 "-" "Mozilla/5.0 (compatible; Barkrowler/0.9; +https://babbar.tech/crawler)"
217.113.194.109 - - [22/Mar/2025:18:18:27 +0000] "GET /KailashMansarovarYatra.html HTTP/1.1" 200 8213 "-" "Mozilla/5.0 (compatible; Barkrowler/0.9; +https://babbar.tech/crawler)"
217.113.194.106 - - [22/Mar/2025:18:18:43 +0000] "GET /DarjeelingSikkimPackages.html HTTP/1.1" 200 8559 "-" "Mozilla/5.0 (compatible; Barkrowler/0.9; +https://babbar.tech/crawler)"
34.46.52.87 - - [22/Mar/2025:18:18:51 +0000] "GET /galleryimg/3735799Srinagar_Manali-Bike-Ride_2.jpg HTTP/1.1" 200 437448 "-" "Mozilla/5.0 (X11; Ubuntu; Linux x86_64; rv:72.0) Gecko/20100101 Firefox/72.0"
217.113.194.102 - - [22/Mar/2025:18:18:59 +0000] "GET /DestinationSplendorOfNepal.htm HTTP/1.1" 200 11313 "-" "Mozilla/5.0 (compatible; Barkrowler/0.9; +https://babbar.tech/crawler)"
217.113.194.106 - - [22/Mar/2025:18:19:15 +0000] "GET /DestinationMajesticTheBhutan.htm HTTP/1.1" 200 10221 "-" "Mozilla/5.0 (compatible; Barkrowler/0.9; +https://babbar.tech/crawler)"
69.171.249.116 - - [22/Mar/2025:18:19:25 +0000] "GET / HTTP/1.1" 301 238 "-" "facebookexternalhit/1.1 (+http://www.facebook.com/externalhit_uatext.php)"
69.171.249.115 - - [22/Mar/2025:18:19:25 +0000] "GET /meta.json HTTP/1.1" 301 247 "-" "facebookexternalhit/1.1 (+http://www.facebook.com/externalhit_uatext.php)"
69.171.249.5 - - [22/Mar/2025:18:19:25 +0000] "GET / HTTP/1.1" 301 238 "-" "facebookexternalhit/1.1 (+http://www.facebook.com/externalhit_uatext.php)"
66.249.66.2 - - [22/Mar/2025:18:19:25 +0000] "GET /packages.php?url=MaldivesTourPackage HTTP/1.1" 200 8158 "-" "Mozilla/5.0 (Linux; Android 6.0.1; Nexus 5X Build/MMB29P) AppleWebKit/537.36 (KHTML, like Gecko) Chrome/134.0.6998.117 Mobile Safari/537.36 (compatible; Googlebot/2.1; +http://www.google.com/bot.html)"
69.171.249.6 - - [22/Mar/2025:18:19:26 +0000] "GET /meta.json HTTP/1.1" 404 196 "-" "facebookexternalhit/1.1 (+http://www.facebook.com/externalhit_uatext.php)"
69.171.249.6 - - [22/Mar/2025:18:19:26 +0000] "GET / HTTP/1.1" 200 71947 "-" "facebookexternalhit/1.1 (+http://www.facebook.com/externalhit_uatext.php)"
69.171.249.3 - - [22/Mar/2025:18:19:26 +0000] "GET / HTTP/1.1" 200 71947 "-" "facebookexternalhit/1.1 (+http://www.facebook.com/externalhit_uatext.php)"
217.113.194.108 - - [22/Mar/2025:18:19:31 +0000] "GET /HimalayanOfDochulapass.htm HTTP/1.1" 200 9747 "-" "Mozilla/5.0 (compatible; Barkrowler/0.9; +https://babbar.tech/crawler)"
114.119.156.185 - - [22/Mar/2025:18:19:34 +0000] "GET /GANGTOKLACHENLACHUNGTOURPACKAGE.htm HTTP/1.1" 200 11794 "-" "Mozilla/5.0 (Linux; Android 7.0;) AppleWebKit/537.36 (KHTML, like Gecko) Mobile Safari/537.36 (compatible; PetalBot;+https://webmaster.petalsearch.com/site/petalbot)"
154.54.249.203 - - [22/Mar/2025:18:19:47 +0000] "GET /PortBlairHavelockIslandTour.htm HTTP/1.1" 200 13167 "-" "Mozilla/5.0 (compatible; Barkrowler/0.9; +https://babbar.tech/crawler)"
217.113.194.106 - - [22/Mar/2025:18:20:03 +0000] "GET /NAINITALTOURPACKAGE.htm HTTP/1.1" 200 10599 "-" "Mozilla/5.0 (compatible; Barkrowler/0.9; +https://babbar.tech/crawler)"
217.113.194.106 - - [22/Mar/2025:18:20:19 +0000] "GET /MUSSOORIETOURPACKAGE.htm HTTP/1.1" 200 10497 "-" "Mozilla/5.0 (compatible; Barkrowler/0.9; +https://babbar.tech/crawler)"
217.113.194.102 - - [22/Mar/2025:18:20:34 +0000] "GET /guwahati_assam_India_trip.htm HTTP/1.1" 200 9317 "-" "Mozilla/5.0 (compatible; Barkrowler/0.9; +https://babbar.tech/crawler)"
217.113.194.108 - - [22/Mar/2025:18:20:50 +0000] "GET /CHALSTONBEACHRESORT.htm HTTP/1.1" 200 9027 "-" "Mozilla/5.0 (compatible; Barkrowler/0.9; +https://babbar.tech/crawler)"
66.249.66.3 - - [22/Mar/2025:18:20:59 +0000] "GET /DISCOVERANDAMANPACKAGE.htm HTTP/1.1" 200 13436 "-" "Mozilla/5.0 (Linux; Android 6.0.1; Nexus 5X Build/MMB29P) AppleWebKit/537.36 (KHTML, like Gecko) Chrome/134.0.6998.117 Mobile Safari/537.36 (compatible; Googlebot/2.1; +http://www.google.com/bot.html)"
154.54.249.203 - - [22/Mar/2025:18:21:06 +0000] "GET /packages.php?url=UttarakhandTourpackages HTTP/1.1" 200 9123 "-" "Mozilla/5.0 (compatible; Barkrowler/0.9; +https://babbar.tech/crawler)"
66.249.66.2 - - [22/Mar/2025:18:21:16 +0000] "GET /ANDAMANADVENTUREPACKAGE.htm HTTP/1.1" 200 13645 "-" "Mozilla/5.0 (Linux; Android 6.0.1; Nexus 5X Build/MMB29P) AppleWebKit/537.36 (KHTML, like Gecko) Chrome/134.0.6998.117 Mobile Safari/537.36 (compatible; Googlebot/2.1; +http://www.google.com/bot.html)"
154.54.249.203 - - [22/Mar/2025:18:21:22 +0000] "GET /packages.php?url=MaldivesTourPackage HTTP/1.1" 200 8158 "-" "Mozilla/5.0 (compatible; Barkrowler/0.9; +https://babbar.tech/crawler)"
52.167.144.197 - - [22/Mar/2025:18:21:22 +0000] "GET /32188f2755a61-8-vending-families/india-destinations.php HTTP/1.1" 301 293 "-" "Mozilla/5.0 AppleWebKit/537.36 (KHTML, like Gecko; compatible; bingbot/2.0; +http://www.bing.com/bingbot.htm) Chrome/116.0.1938.76 Safari/537.36"
66.249.66.2 - - [22/Mar/2025:18:21:27 +0000] "GET /MAGICALANDAMANHONEYMOONPACKAGE.htm HTTP/1.1" 200 12759 "-" "Mozilla/5.0 (Linux; Android 6.0.1; Nexus 5X Build/MMB29P) AppleWebKit/537.36 (KHTML, like Gecko) Chrome/134.0.6998.117 Mobile Safari/537.36 (compatible; Googlebot/2.1; +http://www.google.com/bot.html)"
217.113.194.111 - - [22/Mar/2025:18:21:38 +0000] "GET /VaishnoDeviHelicopterPackage.html HTTP/1.1" 200 8424 "-" "Mozilla/5.0 (compatible; Barkrowler/0.9; +https://babbar.tech/crawler)"
66.249.66.2 - - [22/Mar/2025:18:21:47 +0000] "GET /packages.php?url=BaliTourPackage HTTP/1.1" 200 8172 "-" "Mozilla/5.0 (Linux; Android 6.0.1; Nexus 5X Build/MMB29P) AppleWebKit/537.36 (KHTML, like Gecko) Chrome/134.0.6998.117 Mobile Safari/537.36 (compatible; Googlebot/2.1; +http://www.google.com/bot.html)"
217.113.194.105 - - [22/Mar/2025:18:21:53 +0000] "GET /DESTINATIONTRIPTONEPAL.htm HTTP/1.1" 200 9611 "-" "Mozilla/5.0 (compatible; Barkrowler/0.9; +https://babbar.tech/crawler)"
217.113.194.105 - - [22/Mar/2025:18:22:09 +0000] "GET /ChardhamYatraTourbyHelicopter.html HTTP/1.1" 200 8807 "-" "Mozilla/5.0 (compatible; Barkrowler/0.9; +https://babbar.tech/crawler)"
217.113.194.103 - - [22/Mar/2025:18:22:25 +0000] "GET /AGRASHIMLATOURPACKAGE.htm HTTP/1.1" 200 10899 "-" "Mozilla/5.0 (compatible; Barkrowler/0.9; +https://babbar.tech/crawler)"
217.113.194.110 - - [22/Mar/2025:18:22:41 +0000] "GET /ParoThimpuPunakhaParo.htm HTTP/1.1" 200 9904 "-" "Mozilla/5.0 (compatible; Barkrowler/0.9; +https://babbar.tech/crawler)"
217.113.194.110 - - [22/Mar/2025:18:22:57 +0000] "GET /SEEPARADISEKASHMIR.htm HTTP/1.1" 200 10110 "-" "Mozilla/5.0 (compatible; Barkrowler/0.9; +https://babbar.tech/crawler)"
217.113.194.109 - - [22/Mar/2025:18:23:13 +0000] "GET /MAGICALLEHLADAKH.htm HTTP/1.1" 200 10271 "-" "Mozilla/5.0 (compatible; Barkrowler/0.9; +https://babbar.tech/crawler)"
217.113.194.109 - - [22/Mar/2025:18:23:28 +0000] "GET /ANTARESBEACHRESORT.htm HTTP/1.1" 200 8984 "-" "Mozilla/5.0 (compatible; Barkrowler/0.9; +https://babbar.tech/crawler)"
217.113.194.103 - - [22/Mar/2025:18:23:44 +0000] "GET /DISCOVERANDAMANPACKAGE.htm HTTP/1.1" 200 13436 "-" "Mozilla/5.0 (compatible; Barkrowler/0.9; +https://babbar.tech/crawler)"
217.113.194.106 - - [22/Mar/2025:18:24:00 +0000] "GET /DARJEELINGTOURPACKAGE.htm HTTP/1.1" 200 10922 "-" "Mozilla/5.0 (compatible; Barkrowler/0.9; +https://babbar.tech/crawler)"
217.113.194.106 - - [22/Mar/2025:18:24:19 +0000] "GET /North-EastIndiaHoneymoonTourPackage.htm HTTP/1.1" 200 11973 "-" "Mozilla/5.0 (compatible; Barkrowler/0.9; +https://babbar.tech/crawler)"
98.158.95.111 - - [22/Mar/2025:18:24:24 +0000] "GET /galleryimg/5515892the-ultimate-bhutan-tour.jpg HTTP/1.1" 200 360755 "-" "Mozilla/5.0 (X11; Ubuntu; Linux x86_64; rv:72.0) Gecko/20100101 Firefox/72.0"
154.54.249.203 - - [22/Mar/2025:18:24:35 +0000] "GET /packages.php?url=LehLadakhPackage HTTP/1.1" 200 9580 "-" "Mozilla/5.0 (compatible; Barkrowler/0.9; +https://babbar.tech/crawler)"
217.113.194.104 - - [22/Mar/2025:18:24:51 +0000] "GET /packages.php?url=SriLankaTourPackage HTTP/1.1" 200 8375 "-" "Mozilla/5.0 (compatible; Barkrowler/0.9; +https://babbar.tech/crawler)"
8.28.34.102 - - [22/Mar/2025:18:25:02 +0000] "GET /galleryimg/6a09a797c7f0f430ec3980e10d0ed7e1.jpg HTTP/1.1" 200 174487 "-" "python-requests/2.31.0"
217.113.194.108 - - [22/Mar/2025:18:25:07 +0000] "GET /PRIDESUNVILLAGERESORT.htm HTTP/1.1" 200 9025 "-" "Mozilla/5.0 (compatible; Barkrowler/0.9; +https://babbar.tech/crawler)"
217.113.194.106 - - [22/Mar/2025:18:25:23 +0000] "GET /Guwahati_Manas_Tour_Package.htm HTTP/1.1" 200 9344 "-" "Mozilla/5.0 (compatible; Barkrowler/0.9; +https://babbar.tech/crawler)"
66.249.66.2 - - [22/Mar/2025:18:25:33 +0000] "GET /packages.php?url=NorthEastTourPackage HTTP/1.1" 200 9556 "-" "Mozilla/5.0 (Linux; Android 6.0.1; Nexus 5X Build/MMB29P) AppleWebKit/537.36 (KHTML, like Gecko) Chrome/134.0.6998.117 Mobile Safari/537.36 (compatible; Googlebot/2.1; +http://www.google.com/bot.html)"
217.113.194.110 - - [22/Mar/2025:18:25:39 +0000] "GET /EXPLORINGANDAMANPACKAGE.htm HTTP/1.1" 200 11565 "-" "Mozilla/5.0 (compatible; Barkrowler/0.9; +https://babbar.tech/crawler)"
217.113.194.108 - - [22/Mar/2025:18:25:55 +0000] "GET /TourPhuentsholingThimpuParo.htm HTTP/1.1" 200 10007 "-" "Mozilla/5.0 (compatible; Barkrowler/0.9; +https://babbar.tech/crawler)"
217.113.194.247 - - [22/Mar/2025:18:26:10 +0000] "GET /assam_guwahati_shillong_trip.htm HTTP/1.1" 200 12022 "-" "Mozilla/5.0 (compatible; Barkrowler/0.9; +https://babbar.tech/crawler)"
217.113.194.106 - - [22/Mar/2025:18:26:26 +0000] "GET /ANDAMANADVENTUREPACKAGE.htm HTTP/1.1" 200 13645 "-" "Mozilla/5.0 (compatible; Barkrowler/0.9; +https://babbar.tech/crawler)"
217.113.194.109 - - [22/Mar/2025:18:26:42 +0000] "GET /GLIMPSEOFANDAMANTRIP.htm HTTP/1.1" 200 13040 "-" "Mozilla/5.0 (compatible; Barkrowler/0.9; +https://babbar.tech/crawler)"
217.113.194.247 - - [22/Mar/2025:18:26:58 +0000] "GET /packages.php?url=DestinationAmarnathYatra HTTP/1.1" 200 8293 "-" "Mozilla/5.0 (compatible; Barkrowler/0.9; +https://babbar.tech/crawler)"
52.167.144.238 - - [22/Mar/2025:18:27:03 +0000] "GET /179905bbc6e2575-8-vending-salted/index.php HTTP/1.1" 301 272 "-" "Mozilla/5.0 AppleWebKit/537.36 (KHTML, like Gecko; compatible; bingbot/2.0; +http://www.bing.com/bingbot.htm) Chrome/116.0.1938.76 Safari/537.36"
217.113.194.103 - - [22/Mar/2025:18:27:14 +0000] "GET /DESTINATIONSTATUEOFUNITY.htm HTTP/1.1" 200 8736 "-" "Mozilla/5.0 (compatible; Barkrowler/0.9; +https://babbar.tech/crawler)"
217.113.194.105 - - [22/Mar/2025:18:27:30 +0000] "GET /JULYLEHLADAKHTRIP.htm HTTP/1.1" 200 11491 "-" "Mozilla/5.0 (compatible; Barkrowler/0.9; +https://babbar.tech/crawler)"
217.113.194.108 - - [22/Mar/2025:18:27:45 +0000] "GET /HIDDENPARADISEASHVEM.htm HTTP/1.1" 200 9042 "-" "Mozilla/5.0 (compatible; Barkrowler/0.9; +https://babbar.tech/crawler)"
217.113.194.108 - - [22/Mar/2025:18:28:01 +0000] "GET /LEHLADAKHTOURPACKAGE.htm HTTP/1.1" 200 10737 "-" "Mozilla/5.0 (compatible; Barkrowler/0.9; +https://babbar.tech/crawler)"
217.113.194.102 - - [22/Mar/2025:18:28:17 +0000] "GET /KathmanduNagarkotTourPackage.htm HTTP/1.1" 200 10567 "-" "Mozilla/5.0 (compatible; Barkrowler/0.9; +https://babbar.tech/crawler)"
217.113.194.110 - - [22/Mar/2025:18:28:33 +0000] "GET /TripAhmedabadGirRajkotBhuj.htm HTTP/1.1" 200 9257 "-" "Mozilla/5.0 (compatible; Barkrowler/0.9; +https://babbar.tech/crawler)"
217.113.194.247 - - [22/Mar/2025:18:28:49 +0000] "GET /MANALILEHMANALIBIKETOUR.htm HTTP/1.1" 200 16148 "-" "Mozilla/5.0 (compatible; Barkrowler/0.9; +https://babbar.tech/crawler)"
217.113.194.106 - - [22/Mar/2025:18:30:22 +0000] "GET /ThimpuPunakhaParoTourPackage.htm HTTP/1.1" 200 10249 "-" "Mozilla/5.0 (compatible; Barkrowler/0.9; +https://babbar.tech/crawler)"
217.113.194.108 - - [22/Mar/2025:18:31:10 +0000] "GET /tour_munnar_alleppey_kumarakom.htm HTTP/1.1" 200 9941 "-" "Mozilla/5.0 (compatible; Barkrowler/0.9; +https://babbar.tech/crawler)"
217.113.194.108 - - [22/Mar/2025:18:31:27 +0000] "GET /Thailand02Phuket02Bangkok.htm HTTP/1.1" 200 8778 "-" "Mozilla/5.0 (compatible; Barkrowler/0.9; +https://babbar.tech/crawler)"
217.113.194.108 - - [22/Mar/2025:18:31:43 +0000] "GET /Thailand02Pattaya02Bangkok.htm HTTP/1.1" 200 8912 "-" "Mozilla/5.0 (compatible; Barkrowler/0.9; +https://babbar.tech/crawler)"
154.54.249.203 - - [22/Mar/2025:18:31:59 +0000] "GET /ISLANDSCOMBOHONEYMOON.htm HTTP/1.1" 200 13295 "-" "Mozilla/5.0 (compatible; Barkrowler/0.9; +https://babbar.tech/crawler)"
217.113.194.111 - - [22/Mar/2025:18:32:15 +0000] "GET /TripJammuKashmirwithAmritsar.htm HTTP/1.1" 200 10223 "-" "Mozilla/5.0 (compatible; Barkrowler/0.9; +https://babbar.tech/crawler)"
154.54.249.203 - - [22/Mar/2025:18:32:31 +0000] "GET /PhuentsholingThimpuParoTour.htm HTTP/1.1" 200 10610 "-" "Mozilla/5.0 (compatible; Barkrowler/0.9; +https://babbar.tech/crawler)"
52.167.144.214 - - [22/Mar/2025:18:32:32 +0000] "GET /17149a797a9be46-8-vending-families/international-destinations.php HTTP/1.1" 301 303 "-" "Mozilla/5.0 AppleWebKit/537.36 (KHTML, like Gecko; compatible; bingbot/2.0; +http://www.bing.com/bingbot.htm) Chrome/116.0.1938.76 Safari/537.36"
217.113.194.247 - - [22/Mar/2025:18:32:46 +0000] "GET /DestinationJammuandKashmirTourPackages.html HTTP/1.1" 200 9003 "-" "Mozilla/5.0 (compatible; Barkrowler/0.9; +https://babbar.tech/crawler)"
217.113.194.102 - - [22/Mar/2025:18:33:02 +0000] "GET /kerala_tour_munnar_alleppey_kovalam.htm HTTP/1.1" 200 10425 "-" "Mozilla/5.0 (compatible; Barkrowler/0.9; +https://babbar.tech/crawler)"
40.77.167.144 - - [22/Mar/2025:18:33:02 +0000] "GET /1443f7452db8d31-8-vending-teaches/cars.php HTTP/1.1" 301 280 "-" "Mozilla/5.0 AppleWebKit/537.36 (KHTML, like Gecko; compatible; bingbot/2.0; +http://www.bing.com/bingbot.htm) Chrome/116.0.1938.76 Safari/537.36"
217.113.194.107 - - [22/Mar/2025:18:33:18 +0000] "GET /MAAVAISHNODEVIAMRITSAR.htm HTTP/1.1" 200 8748 "-" "Mozilla/5.0 (compatible; Barkrowler/0.9; +https://babbar.tech/crawler)"
217.113.194.111 - - [22/Mar/2025:18:33:34 +0000] "GET /LADAKHWITHKASHMIR.htm HTTP/1.1" 200 12358 "-" "Mozilla/5.0 (compatible; Barkrowler/0.9; +https://babbar.tech/crawler)"
217.113.194.111 - - [22/Mar/2025:18:33:50 +0000] "GET /TEMPLEWITHTIGERSAFARI.htm HTTP/1.1" 200 9894 "-" "Mozilla/5.0 (compatible; Barkrowler/0.9; +https://babbar.tech/crawler)"
217.113.194.104 - - [22/Mar/2025:18:34:06 +0000] "GET /AMAZINGKASHMIR-OPTIONA.htm HTTP/1.1" 200 10130 "-" "Mozilla/5.0 (compatible; Barkrowler/0.9; +https://babbar.tech/crawler)"
8.28.34.98 - - [22/Mar/2025:18:34:18 +0000] "GET /galleryimg/8482983-2.jpg HTTP/1.1" 200 73134 "-" "python-requests/2.31.0"
217.113.194.102 - - [22/Mar/2025:18:34:21 +0000] "GET /RIVABEACHRESORTMANDREM.htm HTTP/1.1" 200 9008 "-" "Mozilla/5.0 (compatible; Barkrowler/0.9; +https://babbar.tech/crawler)"
217.113.194.102 - - [22/Mar/2025:18:34:37 +0000] "GET /NainitalKausaniCorbettTourPackage.htm HTTP/1.1" 200 11198 "-" "Mozilla/5.0 (compatible; Barkrowler/0.9; +https://babbar.tech/crawler)"
217.113.194.107 - - [22/Mar/2025:18:34:53 +0000] "GET /3N4D-PatnitopVaishnoDevi.htm HTTP/1.1" 200 8730 "-" "Mozilla/5.0 (compatible; Barkrowler/0.9; +https://babbar.tech/crawler)"
34.46.52.87 - - [22/Mar/2025:18:35:04 +0000] "GET /galleryimg/6106883282848_566032283443547_1344830515_n.jpg HTTP/1.1" 200 73035 "-" "Mozilla/5.0 (X11; Ubuntu; Linux x86_64; rv:72.0) Gecko/20100101 Firefox/72.0"
217.113.194.105 - - [22/Mar/2025:18:35:09 +0000] "GET /DestinationKualaLumpurCameroonHighlands.htm HTTP/1.1" 200 9123 "-" "Mozilla/5.0 (compatible; Barkrowler/0.9; +https://babbar.tech/crawler)"
217.113.194.111 - - [22/Mar/2025:18:35:25 +0000] "GET /kerala_tour_package_munnar_alleppey_cochin.htm HTTP/1.1" 200 10212 "-" "Mozilla/5.0 (compatible; Barkrowler/0.9; +https://babbar.tech/crawler)"
217.113.194.110 - - [22/Mar/2025:18:35:41 +0000] "GET /AMAZINGKASHMIR-OPTIONB.htm HTTP/1.1" 200 10147 "-" "Mozilla/5.0 (compatible; Barkrowler/0.9; +https://babbar.tech/crawler)"
217.113.194.105 - - [22/Mar/2025:18:35:56 +0000] "GET /ANDAMANHOLIDAYPACKAGEBEST.htm HTTP/1.1" 200 12900 "-" "Mozilla/5.0 (compatible; Barkrowler/0.9; +https://babbar.tech/crawler)"
217.113.194.111 - - [22/Mar/2025:18:36:12 +0000] "GET /SMALLPARADISEKASHMIR.htm HTTP/1.1" 200 10392 "-" "Mozilla/5.0 (compatible; Barkrowler/0.9; +https://babbar.tech/crawler)"
217.113.194.102 - - [22/Mar/2025:18:36:28 +0000] "GET /packages.php?url=VaishnoDeviHelicopterPackage HTTP/1.1" 200 8517 "-" "Mozilla/5.0 (compatible; Barkrowler/0.9; +https://babbar.tech/crawler)"
154.54.249.203 - - [22/Mar/2025:18:36:44 +0000] "GET /MARVELLOUSKASHMIR-OPTIONA.htm HTTP/1.1" 200 10064 "-" "Mozilla/5.0 (compatible; Barkrowler/0.9; +https://babbar.tech/crawler)"
217.113.194.105 - - [22/Mar/2025:18:37:00 +0000] "GET /DESTINATIONGOLDENTRIANGLETOUR.htm HTTP/1.1" 200 9743 "-" "Mozilla/5.0 (compatible; Barkrowler/0.9; +https://babbar.tech/crawler)"
217.113.194.108 - - [22/Mar/2025:18:37:16 +0000] "GET /DELHIAGRAMANALITRIPPACKAGE.htm HTTP/1.1" 200 11102 "-" "Mozilla/5.0 (compatible; Barkrowler/0.9; +https://babbar.tech/crawler)"
217.113.194.102 - - [22/Mar/2025:18:37:33 +0000] "GET /TIGERTOUROFKHAJURAHO.htm HTTP/1.1" 200 9635 "-" "Mozilla/5.0 (compatible; Barkrowler/0.9; +https://babbar.tech/crawler)"
217.113.194.105 - - [22/Mar/2025:18:37:49 +0000] "GET /madurai_kodaikanal_rameshwaram_trip.htm HTTP/1.1" 200 9211 "-" "Mozilla/5.0 (compatible; Barkrowler/0.9; +https://babbar.tech/crawler)"
217.113.194.105 - - [22/Mar/2025:18:38:05 +0000] "GET /KailashMansarovarYatrabyhelicopter.htm HTTP/1.1" 200 12202 "-" "Mozilla/5.0 (compatible; Barkrowler/0.9; +https://babbar.tech/crawler)"
217.113.194.103 - - [22/Mar/2025:18:38:23 +0000] "GET /munnar_thekkady_alleppey_cochin_package.htm HTTP/1.1" 200 10780 "-" "Mozilla/5.0 (compatible; Barkrowler/0.9; +https://babbar.tech/crawler)"
217.113.194.108 - - [22/Mar/2025:18:38:38 +0000] "GET /DestinationPhuentsholingThimpuPunakha.htm HTTP/1.1" 200 10870 "-" "Mozilla/5.0 (compatible; Barkrowler/0.9; +https://babbar.tech/crawler)"
137.184.220.169 - - [22/Mar/2025:18:38:40 +0000] "GET / HTTP/1.1" 301 238 "-" "Mozilla/5.0 (compatible)"
137.184.220.169 - - [22/Mar/2025:18:38:41 +0000] "GET / HTTP/1.1" 301 238 "-" "Mozilla/5.0 (compatible)"
217.113.194.106 - - [22/Mar/2025:18:38:54 +0000] "GET /GREATESCAPEHONEYMOONPACKAGE.htm HTTP/1.1" 200 13168 "-" "Mozilla/5.0 (compatible; Barkrowler/0.9; +https://babbar.tech/crawler)"
217.113.194.110 - - [22/Mar/2025:18:39:10 +0000] "GET /packages.php?url=ChardhamYatraTourbyHelicopter HTTP/1.1" 200 8816 "-" "Mozilla/5.0 (compatible; Barkrowler/0.9; +https://babbar.tech/crawler)"
217.113.194.247 - - [22/Mar/2025:18:39:26 +0000] "GET /MARVELLOUSKASHMIR-OPTIONB.htm HTTP/1.1" 200 10223 "-" "Mozilla/5.0 (compatible; Barkrowler/0.9; +https://babbar.tech/crawler)"
217.113.194.103 - - [22/Mar/2025:18:39:42 +0000] "GET /DESTINATIONGOLDENLEHLADAKH.htm HTTP/1.1" 200 10901 "-" "Mozilla/5.0 (compatible; Barkrowler/0.9; +https://babbar.tech/crawler)"
217.113.194.103 - - [22/Mar/2025:18:39:58 +0000] "GET /DELIGHTFULKASHMIR-OPTIONA.htm HTTP/1.1" 200 10049 "-" "Mozilla/5.0 (compatible; Barkrowler/0.9; +https://babbar.tech/crawler)"
217.113.194.247 - - [22/Mar/2025:18:40:13 +0000] "GET /WONDERFULKASHMIR-OPTIONC.htm HTTP/1.1" 200 10176 "-" "Mozilla/5.0 (compatible; Barkrowler/0.9; +https://babbar.tech/crawler)"
14.215.163.132 - - [22/Mar/2025:18:40:19 +0000] "GET / HTTP/1.1" 301 238 "-" "Mozilla/5.0 (iPhone; CPU iPhone OS 13_2_3 like Mac OS X) AppleWebKit/605.1.15 (KHTML, like Gecko) Version/13.0.3 Mobile/15E148 Safari/604.1"
217.113.194.103 - - [22/Mar/2025:18:40:29 +0000] "GET /WONDERFULKASHMIR-OPTIONB.htm HTTP/1.1" 200 10060 "-" "Mozilla/5.0 (compatible; Barkrowler/0.9; +https://babbar.tech/crawler)"
