66.249.73.10 - - [24/Mar/2025:18:26:22 +0000] "GET /ThailandHolidayPackage.htm HTTP/1.1" 200 8446 "-" "Mozilla/5.0 (Linux; Android 6.0.1; Nexus 5X Build/MMB29P) AppleWebKit/537.36 (KHTML, like Gecko) Chrome/134.0.6998.165 Mobile Safari/537.36 (compatible; Googlebot/2.1; +http://www.google.com/bot.html)"
216.244.66.233 - - [24/Mar/2025:18:27:09 +0000] "GET /robots.txt HTTP/1.1" 301 248 "-" "Mozilla/5.0 (compatible; DotBot/1.2; +https://opensiteexplorer.org/dotbot; help@moz.com)"
216.244.66.233 - - [24/Mar/2025:18:27:09 +0000] "GET /robots.txt HTTP/1.1" 404 196 "-" "Mozilla/5.0 (compatible; DotBot/1.2; +https://opensiteexplorer.org/dotbot; help@moz.com)"
216.244.66.233 - - [24/Mar/2025:18:27:10 +0000] "GET /robots.txt HTTP/1.1" 404 196 "-" "Mozilla/5.0 (compatible; DotBot/1.2; +https://opensiteexplorer.org/dotbot; help@moz.com)"
54.36.149.78 - - [24/Mar/2025:18:29:00 +0000] "GET /nepaltourPackages.html HTTP/1.1" 200 9219 "-" "Mozilla/5.0 (compatible; AhrefsBot/7.0; +http://ahrefs.com/robot/)"
40.77.167.21 - - [24/Mar/2025:18:30:23 +0000] "GET /1990f26bcccd885-8-vending-harmony/hotels.php HTTP/1.1" 404 196 "-" "Mozilla/5.0 AppleWebKit/537.36 (KHTML, like Gecko; compatible; bingbot/2.0; +http://www.bing.com/bingbot.htm) Chrome/116.0.1938.76 Safari/537.36"
40.77.167.21 - - [24/Mar/2025:18:33:01 +0000] "GET /235c8f838826587-8-vending-buddhas/hotels.php HTTP/1.1" 404 196 "-" "Mozilla/5.0 AppleWebKit/537.36 (KHTML, like Gecko; compatible; bingbot/2.0; +http://www.bing.com/bingbot.htm) Chrome/116.0.1938.76 Safari/537.36"
54.36.148.126 - - [24/Mar/2025:18:34:49 +0000] "GET /DESTINATIONNAINITALWITHCORBETTPARKTRIP.htm HTTP/1.1" 200 9620 "-" "Mozilla/5.0 (compatible; AhrefsBot/7.0; +http://ahrefs.com/robot/)"
66.249.73.12 - - [24/Mar/2025:18:35:01 +0000] "GET /DestinationKualaLumpurCameroonHighlands.htm HTTP/1.1" 200 9090 "-" "Mozilla/5.0 (Linux; Android 6.0.1; Nexus 5X Build/MMB29P) AppleWebKit/537.36 (KHTML, like Gecko) Chrome/134.0.6998.165 Mobile Safari/537.36 (compatible; Googlebot/2.1; +http://www.google.com/bot.html)"
54.36.148.156 - - [24/Mar/2025:18:39:49 +0000] "GET /MalaysiaTourPackage.html HTTP/1.1" 200 8355 "-" "Mozilla/5.0 (compatible; AhrefsBot/7.0; +http://ahrefs.com/robot/)"
216.244.66.233 - - [24/Mar/2025:18:39:57 +0000] "GET /holiday-detail.php?url=TOURSPECIALKERALA HTTP/1.1" 301 278 "-" "Mozilla/5.0 (compatible; DotBot/1.2; +https://opensiteexplorer.org/dotbot; help@moz.com)"
216.244.66.233 - - [24/Mar/2025:18:40:02 +0000] "GET /holiday-detail.php?url=TourPackageAndaman HTTP/1.1" 301 279 "-" "Mozilla/5.0 (compatible; DotBot/1.2; +https://opensiteexplorer.org/dotbot; help@moz.com)"
216.244.66.233 - - [24/Mar/2025:18:41:54 +0000] "GET /DELHIFROMROUNDTRIPRAJASTHAN.htm HTTP/1.1" 200 42360 "-" "Mozilla/5.0 (compatible; DotBot/1.2; +https://opensiteexplorer.org/dotbot; help@moz.com)"
85.208.96.209 - - [24/Mar/2025:18:42:16 +0000] "GET /robots.txt HTTP/1.1" 404 196 "-" "Mozilla/5.0 (compatible; SemrushBot/7~bl; +http://www.semrush.com/bot.html)"
185.191.171.9 - - [24/Mar/2025:18:42:17 +0000] "GET /BEAUTYOFLADAKH.htm HTTP/1.1" 200 7676 "-" "Mozilla/5.0 (compatible; SemrushBot/7~bl; +http://www.semrush.com/bot.html)"
54.36.148.219 - - [24/Mar/2025:18:45:21 +0000] "GET /DEATINATIONGOLDENTRIANGLETOURWITHMATHURAVRINDAVAN.htm HTTP/1.1" 200 9801 "-" "Mozilla/5.0 (compatible; AhrefsBot/7.0; +http://ahrefs.com/robot/)"
34.46.52.87 - - [24/Mar/2025:18:48:35 +0000] "GET /galleryimg/3016899koteshwar.jpg HTTP/1.1" 200 8145 "-" "Mozilla/5.0 (X11; Ubuntu; Linux x86_64; rv:72.0) Gecko/20100101 Firefox/72.0"
66.249.73.11 - - [24/Mar/2025:18:49:25 +0000] "GET /kerala_summer_package.htm HTTP/1.1" 200 10532 "-" "Mozilla/5.0 (Linux; Android 6.0.1; Nexus 5X Build/MMB29P) AppleWebKit/537.36 (KHTML, like Gecko) Chrome/134.0.6998.165 Mobile Safari/537.36 (compatible; Googlebot/2.1; +http://www.google.com/bot.html)"
54.36.148.159 - - [24/Mar/2025:18:50:40 +0000] "GET /DESTINATIONMUSSORIEORRISHIKESHTRIP.htm HTTP/1.1" 200 9293 "-" "Mozilla/5.0 (compatible; AhrefsBot/7.0; +http://ahrefs.com/robot/)"
40.77.167.10 - - [24/Mar/2025:18:51:22 +0000] "GET /116094b4ce6e348-8-vending-raincoats/hotels.php HTTP/1.1" 404 196 "-" "Mozilla/5.0 AppleWebKit/537.36 (KHTML, like Gecko; compatible; bingbot/2.0; +http://www.bing.com/bingbot.htm) Chrome/116.0.1938.76 Safari/537.36"
40.77.167.10 - - [24/Mar/2025:18:51:23 +0000] "GET /273a5adb3f1a333-8-vending-salted/international-destinations.php HTTP/1.1" 404 196 "-" "Mozilla/5.0 AppleWebKit/537.36 (KHTML, like Gecko; compatible; bingbot/2.0; +http://www.bing.com/bingbot.htm) Chrome/116.0.1938.76 Safari/537.36"
54.36.149.76 - - [24/Mar/2025:18:56:14 +0000] "GET /india-destinations.php HTTP/1.1" 200 9221 "-" "Mozilla/5.0 (compatible; AhrefsBot/7.0; +http://ahrefs.com/robot/)"
207.46.13.156 - - [24/Mar/2025:18:57:04 +0000] "GET /2565a85e8c4d155-8-vending-families/tour-booking.php HTTP/1.1" 404 196 "-" "Mozilla/5.0 AppleWebKit/537.36 (KHTML, like Gecko; compatible; bingbot/2.0; +http://www.bing.com/bingbot.htm) Chrome/116.0.1938.76 Safari/537.36"
156.59.198.136 - - [24/Mar/2025:19:01:02 +0000] "GET /galleryimg/370924mv.jpg HTTP/1.1" 200 1053336 "-" "Mozilla/5.0 (Linux; Android 5.0) AppleWebKit/537.36 (KHTML, like Gecko) Mobile Safari/537.36 (compatible; Bytespider; spider-feedback@bytedance.com)"
54.36.148.217 - - [24/Mar/2025:19:01:43 +0000] "GET /DESTINATIONDELIGHTFULTOUR.htm HTTP/1.1" 200 11151 "-" "Mozilla/5.0 (compatible; AhrefsBot/7.0; +http://ahrefs.com/robot/)"
66.249.73.12 - - [24/Mar/2025:19:03:27 +0000] "GET /LehLadakhPackage.html HTTP/1.1" 200 9401 "-" "Mozilla/5.0 (Linux; Android 6.0.1; Nexus 5X Build/MMB29P) AppleWebKit/537.36 (KHTML, like Gecko) Chrome/134.0.6998.165 Mobile Safari/537.36 (compatible; Googlebot/2.1; +http://www.google.com/bot.html)"
66.249.73.11 - - [24/Mar/2025:19:04:27 +0000] "GET /short_tip_package.htm HTTP/1.1" 200 9399 "-" "Mozilla/5.0 (Linux; Android 6.0.1; Nexus 5X Build/MMB29P) AppleWebKit/537.36 (KHTML, like Gecko) Chrome/134.0.6998.165 Mobile Safari/537.36 (compatible; Googlebot/2.1; +http://www.google.com/bot.html)"
66.249.73.12 - - [24/Mar/2025:19:05:33 +0000] "GET /NAINITALTOURPACKAGE.htm HTTP/1.1" 200 10564 "-" "Mozilla/5.0 (Linux; Android 6.0.1; Nexus 5X Build/MMB29P) AppleWebKit/537.36 (KHTML, like Gecko) Chrome/134.0.6998.165 Mobile Safari/537.36 (compatible; Googlebot/2.1; +http://www.google.com/bot.html)"
66.249.73.10 - - [24/Mar/2025:19:06:28 +0000] "GET /UttarakhandTourpackages.html HTTP/1.1" 200 9087 "-" "Mozilla/5.0 (Linux; Android 6.0.1; Nexus 5X Build/MMB29P) AppleWebKit/537.36 (KHTML, like Gecko) Chrome/134.0.6998.165 Mobile Safari/537.36 (compatible; Googlebot/2.1; +http://www.google.com/bot.html)"
54.36.149.1 - - [24/Mar/2025:19:07:08 +0000] "GET /BeautifulBhutanTourPackage.htm HTTP/1.1" 200 10613 "-" "Mozilla/5.0 (compatible; AhrefsBot/7.0; +http://ahrefs.com/robot/)"
49.51.39.209 - - [24/Mar/2025:19:08:30 +0000] "GET / HTTP/1.1" 200 11627 "-" "Mozilla/5.0 (iPhone; CPU iPhone OS 13_2_3 like Mac OS X) AppleWebKit/605.1.15 (KHTML, like Gecko) Version/13.0.3 Mobile/15E148 Safari/604.1"
66.249.73.11 - - [24/Mar/2025:19:09:01 +0000] "GET /DESTINATIONBHAKTAPURPATANTRIP.htm HTTP/1.1" 200 9833 "-" "Mozilla/5.0 (Linux; Android 6.0.1; Nexus 5X Build/MMB29P) AppleWebKit/537.36 (KHTML, like Gecko) Chrome/134.0.6998.165 Mobile Safari/537.36 (compatible; Googlebot/2.1; +http://www.google.com/bot.html)"
66.249.73.11 - - [24/Mar/2025:19:11:25 +0000] "GET /special_kerala_Tour.htm HTTP/1.1" 200 9754 "-" "Mozilla/5.0 (Linux; Android 6.0.1; Nexus 5X Build/MMB29P) AppleWebKit/537.36 (KHTML, like Gecko) Chrome/134.0.6998.165 Mobile Safari/537.36 (compatible; Googlebot/2.1; +http://www.google.com/bot.html)"
54.36.148.186 - - [24/Mar/2025:19:12:02 +0000] "GET /SingaporeTrip.htm HTTP/1.1" 200 8725 "-" "Mozilla/5.0 (compatible; AhrefsBot/7.0; +http://ahrefs.com/robot/)"
66.249.73.10 - - [24/Mar/2025:19:12:24 +0000] "GET /AMAZINGANDAMANHONEYMOONPACKAGE.htm HTTP/1.1" 200 12490 "-" "Mozilla/5.0 (Linux; Android 6.0.1; Nexus 5X Build/MMB29P) AppleWebKit/537.36 (KHTML, like Gecko) Chrome/134.0.6998.165 Mobile Safari/537.36 (compatible; Googlebot/2.1; +http://www.google.com/bot.html)"
66.249.73.12 - - [24/Mar/2025:19:12:27 +0000] "GET /RIVABEACHRESORTMANDREM.htm HTTP/1.1" 200 9008 "-" "Mozilla/5.0 (Linux; Android 6.0.1; Nexus 5X Build/MMB29P) AppleWebKit/537.36 (KHTML, like Gecko) Chrome/134.0.6998.165 Mobile Safari/537.36 (compatible; Googlebot/2.1; +http://www.google.com/bot.html)"
66.249.73.11 - - [24/Mar/2025:19:12:49 +0000] "GET /VARANASIAYODHYATOURPACKAGE3NIGHTS4DAYS.htm HTTP/1.1" 200 9445 "-" "Mozilla/5.0 (Linux; Android 6.0.1; Nexus 5X Build/MMB29P) AppleWebKit/537.36 (KHTML, like Gecko) Chrome/134.0.6998.165 Mobile Safari/537.36 (compatible; Googlebot/2.1; +http://www.google.com/bot.html)"
66.249.73.11 - - [24/Mar/2025:19:13:11 +0000] "GET /GANGTOKHEIGHTGANGTOKWITHTSOMGOLAKETOUR.htm HTTP/1.1" 200 13179 "-" "Mozilla/5.0 (Linux; Android 6.0.1; Nexus 5X Build/MMB29P) AppleWebKit/537.36 (KHTML, like Gecko) Chrome/134.0.6998.165 Mobile Safari/537.36 (compatible; Googlebot/2.1; +http://www.google.com/bot.html)"
185.191.171.15 - - [24/Mar/2025:19:13:26 +0000] "GET /WONDERFULKASHMIR-OPTIONC.htm HTTP/1.1" 200 10207 "-" "Mozilla/5.0 (compatible; SemrushBot/7~bl; +http://www.semrush.com/bot.html)"
52.167.144.139 - - [24/Mar/2025:19:13:27 +0000] "GET /258644de8d63649-8-vending-raincoats/index.php HTTP/1.1" 301 275 "-" "Mozilla/5.0 AppleWebKit/537.36 (KHTML, like Gecko; compatible; bingbot/2.0; +http://www.bing.com/bingbot.htm) Chrome/116.0.1938.76 Safari/537.36"
66.249.73.10 - - [24/Mar/2025:19:13:48 +0000] "GET /ThailandTour.htm HTTP/1.1" 200 8818 "-" "Mozilla/5.0 (Linux; Android 6.0.1; Nexus 5X Build/MMB29P) AppleWebKit/537.36 (KHTML, like Gecko) Chrome/134.0.6998.165 Mobile Safari/537.36 (compatible; Googlebot/2.1; +http://www.google.com/bot.html)"
216.244.66.233 - - [24/Mar/2025:19:13:50 +0000] "GET /robots.txt HTTP/1.1" 301 248 "-" "Mozilla/5.0 (compatible; DotBot/1.2; +https://opensiteexplorer.org/dotbot; help@moz.com)"
216.244.66.233 - - [24/Mar/2025:19:13:50 +0000] "GET /robots.txt HTTP/1.1" 404 196 "-" "Mozilla/5.0 (compatible; DotBot/1.2; +https://opensiteexplorer.org/dotbot; help@moz.com)"
66.249.73.12 - - [24/Mar/2025:19:14:10 +0000] "GET /3N4D-PatnitopVaishnoDevi.htm HTTP/1.1" 200 8730 "-" "Mozilla/5.0 (Linux; Android 6.0.1; Nexus 5X Build/MMB29P) AppleWebKit/537.36 (KHTML, like Gecko) Chrome/134.0.6998.165 Mobile Safari/537.36 (compatible; Googlebot/2.1; +http://www.google.com/bot.html)"
54.36.148.239 - - [24/Mar/2025:19:17:27 +0000] "GET /DESTINATIONNAINITALCORBETTANDKAUSANITRIP.htm HTTP/1.1" 200 9717 "-" "Mozilla/5.0 (compatible; AhrefsBot/7.0; +http://ahrefs.com/robot/)"
66.249.73.12 - - [24/Mar/2025:19:22:32 +0000] "GET /BYPHUKETTOURS.htm HTTP/1.1" 200 8465 "-" "Mozilla/5.0 (Linux; Android 6.0.1; Nexus 5X Build/MMB29P) AppleWebKit/537.36 (KHTML, like Gecko) Chrome/134.0.6998.165 Mobile Safari/537.36 (compatible; Googlebot/2.1; +http://www.google.com/bot.html)"
77.75.77.62 - - [24/Mar/2025:19:23:45 +0000] "GET /robots.txt HTTP/1.1" 404 196 "-" "Mozilla/5.0 (compatible; SeznamBot/4.0; +https://o-seznam.cz/napoveda/vyhledavani/en/seznambot-crawler/)"
77.75.77.62 - - [24/Mar/2025:19:23:45 +0000] "GET /galleryimg/4432747shimla-e1510493790571.jpg HTTP/1.1" 200 153100 "-" "Mozilla/5.0 (compatible; SeznamBot/4.0; +https://o-seznam.cz/napoveda/vyhledavani/en/seznambot-crawler/)"
157.55.39.9 - - [24/Mar/2025:19:26:09 +0000] "GET /240f0050e32bb06-8-vending-salted/contact-us.php HTTP/1.1" 301 285 "-" "Mozilla/5.0 AppleWebKit/537.36 (KHTML, like Gecko; compatible; bingbot/2.0; +http://www.bing.com/bingbot.htm) Chrome/116.0.1938.76 Safari/537.36"
54.36.149.9 - - [24/Mar/2025:19:27:04 +0000] "GET /DubaiTourPackage.html HTTP/1.1" 200 8328 "-" "Mozilla/5.0 (compatible; AhrefsBot/7.0; +http://ahrefs.com/robot/)"
150.109.53.202 - - [24/Mar/2025:19:28:25 +0000] "GET /galleryimg/3351961download.jpg HTTP/1.1" 200 9587 "-" "Mozilla/5.0 (X11; Ubuntu; Linux x86_64; rv:72.0) Gecko/20100101 Firefox/72.0"
157.55.39.195 - - [24/Mar/2025:19:29:18 +0000] "GET /1197e4da5b36774-8-vending-clipping/index.php HTTP/1.1" 301 274 "-" "Mozilla/5.0 AppleWebKit/537.36 (KHTML, like Gecko; compatible; bingbot/2.0; +http://www.bing.com/bingbot.htm) Chrome/116.0.1938.76 Safari/537.36"
203.205.219.188 - - [24/Mar/2025:19:31:31 +0000] "GET /galleryimg/62933421012430_566032986776810_684782970_n.jpg HTTP/1.1" 200 50546 "-" "Mozilla/5.0 (X11; Ubuntu; Linux x86_64; rv:72.0) Gecko/20100101 Firefox/72.0"
54.36.149.2 - - [24/Mar/2025:19:32:53 +0000] "GET /Thailand02Pattaya02Bangkok.htm HTTP/1.1" 200 8877 "-" "Mozilla/5.0 (compatible; AhrefsBot/7.0; +http://ahrefs.com/robot/)"
66.249.73.11 - - [24/Mar/2025:19:33:22 +0000] "GET /DESTINATIONGOLDENTRIANGLETOURWITHORCHHAKHAJURAHO.htm HTTP/1.1" 200 9923 "-" "Mozilla/5.0 (Linux; Android 6.0.1; Nexus 5X Build/MMB29P) AppleWebKit/537.36 (KHTML, like Gecko) Chrome/134.0.6998.165 Mobile Safari/537.36 (compatible; Googlebot/2.1; +http://www.google.com/bot.html)"
52.167.144.171 - - [24/Mar/2025:19:33:26 +0000] "GET /289ebcb93d39c52-8-vending-salted/hotels.php HTTP/1.1" 404 196 "-" "Mozilla/5.0 AppleWebKit/537.36 (KHTML, like Gecko; compatible; bingbot/2.0; +http://www.bing.com/bingbot.htm) Chrome/116.0.1938.76 Safari/537.36"
66.249.73.12 - - [24/Mar/2025:19:34:27 +0000] "GET /trip_best_bhutan.htm HTTP/1.1" 200 10033 "-" "Mozilla/5.0 (Linux; Android 6.0.1; Nexus 5X Build/MMB29P) AppleWebKit/537.36 (KHTML, like Gecko) Chrome/134.0.6998.165 Mobile Safari/537.36 (compatible; Googlebot/2.1; +http://www.google.com/bot.html)"
66.249.73.11 - - [24/Mar/2025:19:34:28 +0000] "GET /Singapore.htm HTTP/1.1" 200 8818 "-" "Mozilla/5.0 (Linux; Android 6.0.1; Nexus 5X Build/MMB29P) AppleWebKit/537.36 (KHTML, like Gecko) Chrome/134.0.6998.165 Mobile Safari/537.36 (compatible; Googlebot/2.1; +http://www.google.com/bot.html)"
216.244.66.233 - - [24/Mar/2025:19:34:50 +0000] "GET /holiday-detail.php?url=BestofSriLanka6Nights%7C7Days HTTP/1.1" 301 290 "-" "Mozilla/5.0 (compatible; DotBot/1.2; +https://opensiteexplorer.org/dotbot; help@moz.com)"
52.167.144.199 - - [24/Mar/2025:19:35:29 +0000] "GET /DESTINATIONLEHLADAKHADVENTURESTRIP05NIGHT.htm HTTP/1.1" 200 10856 "-" "Mozilla/5.0 AppleWebKit/537.36 (KHTML, like Gecko; compatible; bingbot/2.0; +http://www.bing.com/bingbot.htm) Chrome/116.0.1938.76 Safari/537.36"
66.249.73.11 - - [24/Mar/2025:19:36:27 +0000] "GET /ThailandTourPackage.html HTTP/1.1" 200 8575 "-" "Mozilla/5.0 (Linux; Android 6.0.1; Nexus 5X Build/MMB29P) AppleWebKit/537.36 (KHTML, like Gecko) Chrome/134.0.6998.165 Mobile Safari/537.36 (compatible; Googlebot/2.1; +http://www.google.com/bot.html)"
66.249.73.11 - - [24/Mar/2025:19:37:12 +0000] "GET /contact-us.php HTTP/1.1" 200 7779 "-" "Mozilla/5.0 (Linux; Android 6.0.1; Nexus 5X Build/MMB29P) AppleWebKit/537.36 (KHTML, like Gecko) Chrome/134.0.6998.165 Mobile Safari/537.36 (compatible; Googlebot/2.1; +http://www.google.com/bot.html)"
178.170.197.176 - - [24/Mar/2025:19:38:08 +0000] "GET /galleryimg/89971672-2.jpg HTTP/1.1" 200 225062 "-" "Mozilla/5.0 (Windows NT 10.0; Win64; x64) AppleWebKit/537.36 (KHTML, like Gecko) Chrome/131.0.0.0 Safari/537.36"
66.249.73.11 - - [24/Mar/2025:19:38:48 +0000] "GET /SriLankaTourPackage.html HTTP/1.1" 200 8362 "-" "Mozilla/5.0 (Linux; Android 6.0.1; Nexus 5X Build/MMB29P) AppleWebKit/537.36 (KHTML, like Gecko) Chrome/134.0.6998.165 Mobile Safari/537.36 (compatible; Googlebot/2.1; +http://www.google.com/bot.html)"
54.36.148.162 - - [24/Mar/2025:19:39:07 +0000] "GET /BYPHUKETTOURS.htm HTTP/1.1" 200 8690 "-" "Mozilla/5.0 (compatible; AhrefsBot/7.0; +http://ahrefs.com/robot/)"
170.39.218.138 - - [24/Mar/2025:19:43:08 +0000] "GET /.git/HEAD HTTP/1.1" 403 153 "-" "-"
170.39.218.138 - - [24/Mar/2025:19:43:23 +0000] "GET /vendor/.env HTTP/1.1" 404 196 "-" "Mozilla/5.0 (Windows NT 10.0; Win64; x64) AppleWebKit/537.36 (KHTML, like Gecko) Chrome/91.0.4472.124 Safari/537.36"
170.39.218.138 - - [24/Mar/2025:19:43:25 +0000] "GET /lib/.env HTTP/1.1" 404 196 "-" "Mozilla/5.0 (Windows NT 10.0; Win64; x64) AppleWebKit/537.36 (KHTML, like Gecko) Chrome/91.0.4472.124 Safari/537.36"
170.39.218.138 - - [24/Mar/2025:19:43:27 +0000] "GET /lab/.env HTTP/1.1" 404 196 "-" "Mozilla/5.0 (Windows NT 10.0; Win64; x64) AppleWebKit/537.36 (KHTML, like Gecko) Chrome/91.0.4472.124 Safari/537.36"
170.39.218.138 - - [24/Mar/2025:19:43:29 +0000] "GET /cronlab/.env HTTP/1.1" 404 196 "-" "Mozilla/5.0 (Windows NT 10.0; Win64; x64) AppleWebKit/537.36 (KHTML, like Gecko) Chrome/91.0.4472.124 Safari/537.36"
170.39.218.138 - - [24/Mar/2025:19:43:47 +0000] "GET /cron/.env HTTP/1.1" 404 196 "-" "Mozilla/5.0 (Windows NT 10.0; Win64; x64) AppleWebKit/537.36 (KHTML, like Gecko) Chrome/91.0.4472.124 Safari/537.36"
170.39.218.138 - - [24/Mar/2025:19:43:50 +0000] "GET /core/.env HTTP/1.1" 404 196 "-" "Mozilla/5.0 (Windows NT 10.0; Win64; x64) AppleWebKit/537.36 (KHTML, like Gecko) Chrome/91.0.4472.124 Safari/537.36"
170.39.218.138 - - [24/Mar/2025:19:44:09 +0000] "GET /core/app/.env HTTP/1.1" 404 196 "-" "Mozilla/5.0 (Windows NT 10.0; Win64; x64) AppleWebKit/537.36 (KHTML, like Gecko) Chrome/91.0.4472.124 Safari/537.36"
170.39.218.138 - - [24/Mar/2025:19:44:10 +0000] "GET /core/Datavase/.env HTTP/1.1" 404 196 "-" "Mozilla/5.0 (Windows NT 10.0; Win64; x64) AppleWebKit/537.36 (KHTML, like Gecko) Chrome/91.0.4472.124 Safari/537.36"
170.39.218.138 - - [24/Mar/2025:19:44:12 +0000] "GET /database/.env HTTP/1.1" 404 196 "-" "Mozilla/5.0 (Windows NT 10.0; Win64; x64) AppleWebKit/537.36 (KHTML, like Gecko) Chrome/91.0.4472.124 Safari/537.36"
170.39.218.138 - - [24/Mar/2025:19:44:14 +0000] "GET /config/.env HTTP/1.1" 404 196 "-" "Mozilla/5.0 (Windows NT 10.0; Win64; x64) AppleWebKit/537.36 (KHTML, like Gecko) Chrome/91.0.4472.124 Safari/537.36"
170.39.218.138 - - [24/Mar/2025:19:44:32 +0000] "GET /assets/.env HTTP/1.1" 404 196 "-" "Mozilla/5.0 (Windows NT 10.0; Win64; x64) AppleWebKit/537.36 (KHTML, like Gecko) Chrome/91.0.4472.124 Safari/537.36"
170.39.218.138 - - [24/Mar/2025:19:44:33 +0000] "GET /app/.env HTTP/1.1" 404 196 "-" "Mozilla/5.0 (Windows NT 10.0; Win64; x64) AppleWebKit/537.36 (KHTML, like Gecko) Chrome/91.0.4472.124 Safari/537.36"
170.39.218.138 - - [24/Mar/2025:19:44:34 +0000] "GET /apps/.env HTTP/1.1" 404 196 "-" "Mozilla/5.0 (Windows NT 10.0; Win64; x64) AppleWebKit/537.36 (KHTML, like Gecko) Chrome/91.0.4472.124 Safari/537.36"
170.39.218.138 - - [24/Mar/2025:19:44:35 +0000] "GET /uploads/.env HTTP/1.1" 404 196 "-" "Mozilla/5.0 (Windows NT 10.0; Win64; x64) AppleWebKit/537.36 (KHTML, like Gecko) Chrome/91.0.4472.124 Safari/537.36"
170.39.218.138 - - [24/Mar/2025:19:44:37 +0000] "GET /sitemaps/.env HTTP/1.1" 404 196 "-" "Mozilla/5.0 (Windows NT 10.0; Win64; x64) AppleWebKit/537.36 (KHTML, like Gecko) Chrome/91.0.4472.124 Safari/537.36"
170.39.218.138 - - [24/Mar/2025:19:44:38 +0000] "GET /saas/.env HTTP/1.1" 404 196 "-" "Mozilla/5.0 (Windows NT 10.0; Win64; x64) AppleWebKit/537.36 (KHTML, like Gecko) Chrome/91.0.4472.124 Safari/537.36"
147.32.87.114 - - [24/Mar/2025:19:44:39 +0000] "GET /galleryimg/3649491Bhutan_archery.jpg HTTP/1.1" 200 166832 "-" "Mozilla/5.0 (X11; Ubuntu; Linux x86_64; rv:72.0) Gecko/20100101 Firefox/72.0"
170.39.218.138 - - [24/Mar/2025:19:44:40 +0000] "GET /api/.env HTTP/1.1" 404 196 "-" "Mozilla/5.0 (Windows NT 10.0; Win64; x64) AppleWebKit/537.36 (KHTML, like Gecko) Chrome/91.0.4472.124 Safari/537.36"
170.39.218.138 - - [24/Mar/2025:19:45:03 +0000] "GET /psnlink/.env HTTP/1.1" 404 196 "-" "Mozilla/5.0 (Windows NT 10.0; Win64; x64) AppleWebKit/537.36 (KHTML, like Gecko) Chrome/91.0.4472.124 Safari/537.36"
170.39.218.138 - - [24/Mar/2025:19:45:06 +0000] "GET /exapi/.env HTTP/1.1" 404 196 "-" "Mozilla/5.0 (Windows NT 10.0; Win64; x64) AppleWebKit/537.36 (KHTML, like Gecko) Chrome/91.0.4472.124 Safari/537.36"
170.39.218.138 - - [24/Mar/2025:19:45:08 +0000] "GET /site/.env HTTP/1.1" 404 196 "-" "Mozilla/5.0 (Windows NT 10.0; Win64; x64) AppleWebKit/537.36 (KHTML, like Gecko) Chrome/91.0.4472.124 Safari/537.36"
170.39.218.138 - - [24/Mar/2025:19:45:11 +0000] "GET /admin/.env HTTP/1.1" 404 196 "-" "Mozilla/5.0 (Windows NT 10.0; Win64; x64) AppleWebKit/537.36 (KHTML, like Gecko) Chrome/91.0.4472.124 Safari/537.36"
170.39.218.138 - - [24/Mar/2025:19:45:21 +0000] "GET /web/.env HTTP/1.1" 404 196 "-" "Mozilla/5.0 (Windows NT 10.0; Win64; x64) AppleWebKit/537.36 (KHTML, like Gecko) Chrome/91.0.4472.124 Safari/537.36"
170.39.218.138 - - [24/Mar/2025:19:45:24 +0000] "GET /public/.env HTTP/1.1" 404 196 "-" "Mozilla/5.0 (Windows NT 10.0; Win64; x64) AppleWebKit/537.36 (KHTML, like Gecko) Chrome/91.0.4472.124 Safari/537.36"
170.39.218.138 - - [24/Mar/2025:19:45:27 +0000] "GET /en/.env HTTP/1.1" 404 196 "-" "Mozilla/5.0 (Windows NT 10.0; Win64; x64) AppleWebKit/537.36 (KHTML, like Gecko) Chrome/91.0.4472.124 Safari/537.36"
170.39.218.138 - - [24/Mar/2025:19:45:29 +0000] "GET /tools/.env HTTP/1.1" 404 196 "-" "Mozilla/5.0 (Windows NT 10.0; Win64; x64) AppleWebKit/537.36 (KHTML, like Gecko) Chrome/91.0.4472.124 Safari/537.36"
54.36.148.125 - - [24/Mar/2025:19:45:31 +0000] "GET /BANGARAMTOURPACKAGE4NIGHTS5DAYS.htm HTTP/1.1" 200 10596 "-" "Mozilla/5.0 (compatible; AhrefsBot/7.0; +http://ahrefs.com/robot/)"
170.39.218.138 - - [24/Mar/2025:19:45:31 +0000] "GET /v1/.env HTTP/1.1" 404 196 "-" "Mozilla/5.0 (Windows NT 10.0; Win64; x64) AppleWebKit/537.36 (KHTML, like Gecko) Chrome/91.0.4472.124 Safari/537.36"
170.39.218.138 - - [24/Mar/2025:19:45:34 +0000] "GET /v2/.env HTTP/1.1" 404 196 "-" "Mozilla/5.0 (Windows NT 10.0; Win64; x64) AppleWebKit/537.36 (KHTML, like Gecko) Chrome/91.0.4472.124 Safari/537.36"
170.39.218.138 - - [24/Mar/2025:19:45:36 +0000] "GET /administrator/.env HTTP/1.1" 404 196 "-" "Mozilla/5.0 (Windows NT 10.0; Win64; x64) AppleWebKit/537.36 (KHTML, like Gecko) Chrome/91.0.4472.124 Safari/537.36"
170.39.218.138 - - [24/Mar/2025:19:45:38 +0000] "GET /laravel/.env HTTP/1.1" 404 196 "-" "Mozilla/5.0 (Windows NT 10.0; Win64; x64) AppleWebKit/537.36 (KHTML, like Gecko) Chrome/91.0.4472.124 Safari/537.36"
170.39.218.138 - - [24/Mar/2025:19:45:41 +0000] "GET /.env HTTP/1.1" 404 196 "-" "Mozilla/5.0 (Windows NT 10.0; Win64; x64) AppleWebKit/537.36 (KHTML, like Gecko) Chrome/91.0.4472.124 Safari/537.36"
170.39.218.138 - - [24/Mar/2025:19:45:43 +0000] "GET /sendgrid.env HTTP/1.1" 404 196 "-" "Mozilla/5.0 (Windows NT 10.0; Win64; x64) AppleWebKit/537.36 (KHTML, like Gecko) Chrome/91.0.4472.124 Safari/537.36"
170.39.218.138 - - [24/Mar/2025:19:45:46 +0000] "GET /storage/.env HTTP/1.1" 404 196 "-" "Mozilla/5.0 (Windows NT 10.0; Win64; x64) AppleWebKit/537.36 (KHTML, like Gecko) Chrome/91.0.4472.124 Safari/537.36"
170.39.218.138 - - [24/Mar/2025:19:45:49 +0000] "GET /__tests__/test-become/.env HTTP/1.1" 404 196 "-" "Mozilla/5.0 (Windows NT 10.0; Win64; x64) AppleWebKit/537.36 (KHTML, like Gecko) Chrome/91.0.4472.124 Safari/537.36"
170.39.218.138 - - [24/Mar/2025:19:45:51 +0000] "GET /redmine/.env HTTP/1.1" 404 196 "-" "Mozilla/5.0 (Windows NT 10.0; Win64; x64) AppleWebKit/537.36 (KHTML, like Gecko) Chrome/91.0.4472.124 Safari/537.36"
170.39.218.138 - - [24/Mar/2025:19:45:52 +0000] "GET /api/.env HTTP/1.1" 404 196 "-" "Mozilla/5.0 (Windows NT 10.0; Win64; x64) AppleWebKit/537.36 (KHTML, like Gecko) Chrome/91.0.4472.124 Safari/537.36"
170.39.218.138 - - [24/Mar/2025:19:45:53 +0000] "GET /gists/cache HTTP/1.1" 404 196 "-" "Mozilla/5.0 (Windows NT 10.0; Win64; x64) AppleWebKit/537.36 (KHTML, like Gecko) Chrome/91.0.4472.124 Safari/537.36"
170.39.218.138 - - [24/Mar/2025:19:45:55 +0000] "GET /uploads/.env HTTP/1.1" 404 196 "-" "Mozilla/5.0 (Windows NT 10.0; Win64; x64) AppleWebKit/537.36 (KHTML, like Gecko) Chrome/91.0.4472.124 Safari/537.36"
170.39.218.138 - - [24/Mar/2025:19:45:56 +0000] "GET /backend/.env HTTP/1.1" 404 196 "-" "Mozilla/5.0 (Windows NT 10.0; Win64; x64) AppleWebKit/537.36 (KHTML, like Gecko) Chrome/91.0.4472.124 Safari/537.36"
170.39.218.138 - - [24/Mar/2025:19:45:57 +0000] "GET /lib/.env HTTP/1.1" 404 196 "-" "Mozilla/5.0 (Windows NT 10.0; Win64; x64) AppleWebKit/537.36 (KHTML, like Gecko) Chrome/91.0.4472.124 Safari/537.36"
170.39.218.138 - - [24/Mar/2025:19:45:58 +0000] "GET /.env.example HTTP/1.1" 404 196 "-" "Mozilla/5.0 (Windows NT 10.0; Win64; x64) AppleWebKit/537.36 (KHTML, like Gecko) Chrome/91.0.4472.124 Safari/537.36"
170.39.218.138 - - [24/Mar/2025:19:45:59 +0000] "GET /database/.env HTTP/1.1" 404 196 "-" "Mozilla/5.0 (Windows NT 10.0; Win64; x64) AppleWebKit/537.36 (KHTML, like Gecko) Chrome/91.0.4472.124 Safari/537.36"
170.39.218.138 - - [24/Mar/2025:19:46:01 +0000] "GET /main/.env HTTP/1.1" 404 196 "-" "Mozilla/5.0 (Windows NT 10.0; Win64; x64) AppleWebKit/537.36 (KHTML, like Gecko) Chrome/91.0.4472.124 Safari/537.36"
170.39.218.138 - - [24/Mar/2025:19:46:02 +0000] "GET /docs/.env HTTP/1.1" 404 196 "-" "Mozilla/5.0 (Windows NT 10.0; Win64; x64) AppleWebKit/537.36 (KHTML, like Gecko) Chrome/91.0.4472.124 Safari/537.36"
170.39.218.138 - - [24/Mar/2025:19:46:03 +0000] "GET /client/.env HTTP/1.1" 404 196 "-" "Mozilla/5.0 (Windows NT 10.0; Win64; x64) AppleWebKit/537.36 (KHTML, like Gecko) Chrome/91.0.4472.124 Safari/537.36"
170.39.218.138 - - [24/Mar/2025:19:46:04 +0000] "GET /blog/.env HTTP/1.1" 404 196 "-" "Mozilla/5.0 (Windows NT 10.0; Win64; x64) AppleWebKit/537.36 (KHTML, like Gecko) Chrome/91.0.4472.124 Safari/537.36"
170.39.218.138 - - [24/Mar/2025:19:46:05 +0000] "GET /.env.dev HTTP/1.1" 404 196 "-" "Mozilla/5.0 (Windows NT 10.0; Win64; x64) AppleWebKit/537.36 (KHTML, like Gecko) Chrome/91.0.4472.124 Safari/537.36"
170.39.218.138 - - [24/Mar/2025:19:46:07 +0000] "GET /blogs/.env HTTP/1.1" 404 196 "-" "Mozilla/5.0 (Windows NT 10.0; Win64; x64) AppleWebKit/537.36 (KHTML, like Gecko) Chrome/91.0.4472.124 Safari/537.36"
170.39.218.138 - - [24/Mar/2025:19:46:09 +0000] "GET /shared/.env HTTP/1.1" 404 196 "-" "Mozilla/5.0 (Windows NT 10.0; Win64; x64) AppleWebKit/537.36 (KHTML, like Gecko) Chrome/91.0.4472.124 Safari/537.36"
170.39.218.138 - - [24/Mar/2025:19:46:10 +0000] "GET /download/.env HTTP/1.1" 404 196 "-" "Mozilla/5.0 (Windows NT 10.0; Win64; x64) AppleWebKit/537.36 (KHTML, like Gecko) Chrome/91.0.4472.124 Safari/537.36"
170.39.218.138 - - [24/Mar/2025:19:46:13 +0000] "GET /.env.php HTTP/1.1" 404 196 "-" "Mozilla/5.0 (Windows NT 10.0; Win64; x64) AppleWebKit/537.36 (KHTML, like Gecko) Chrome/91.0.4472.124 Safari/537.36"
170.39.218.138 - - [24/Mar/2025:19:46:16 +0000] "GET /.env HTTP/1.1" 404 196 "-" "Mozilla/5.0 (Windows NT 10.0; Win64; x64) AppleWebKit/537.36 (KHTML, like Gecko) Chrome/91.0.4472.124 Safari/537.36"
170.39.218.138 - - [24/Mar/2025:19:46:19 +0000] "GET /site/.env HTTP/1.1" 404 196 "-" "Mozilla/5.0 (Windows NT 10.0; Win64; x64) AppleWebKit/537.36 (KHTML, like Gecko) Chrome/91.0.4472.124 Safari/537.36"
170.39.218.138 - - [24/Mar/2025:19:46:33 +0000] "GET /sites/.env HTTP/1.1" 404 196 "-" "Mozilla/5.0 (Windows NT 10.0; Win64; x64) AppleWebKit/537.36 (KHTML, like Gecko) Chrome/91.0.4472.124 Safari/537.36"
170.39.218.138 - - [24/Mar/2025:19:46:35 +0000] "GET /web/.env HTTP/1.1" 404 196 "-" "Mozilla/5.0 (Windows NT 10.0; Win64; x64) AppleWebKit/537.36 (KHTML, like Gecko) Chrome/91.0.4472.124 Safari/537.36"
170.39.218.138 - - [24/Mar/2025:19:46:38 +0000] "GET /_profiler/phpinfo HTTP/1.1" 404 196 "-" "Mozilla/5.0 (Windows NT 10.0; Win64; x64) AppleWebKit/537.36 (KHTML, like Gecko) Chrome/91.0.4472.124 Safari/537.36"
34.46.52.87 - - [24/Mar/2025:19:46:38 +0000] "GET /galleryimg/555137614-2.jpg HTTP/1.1" 200 134433 "-" "Mozilla/5.0 (X11; Ubuntu; Linux x86_64; rv:72.0) Gecko/20100101 Firefox/72.0"
170.39.218.138 - - [24/Mar/2025:19:46:40 +0000] "GET /tool/view/phpinfo.view.php HTTP/1.1" 404 196 "-" "Mozilla/5.0 (Windows NT 10.0; Win64; x64) AppleWebKit/537.36 (KHTML, like Gecko) Chrome/91.0.4472.124 Safari/537.36"
170.39.218.138 - - [24/Mar/2025:19:46:42 +0000] "GET /wp-config.php-backup HTTP/1.1" 404 196 "-" "Mozilla/5.0 (Windows NT 10.0; Win64; x64) AppleWebKit/537.36 (KHTML, like Gecko) Chrome/91.0.4472.124 Safari/537.36"
170.39.218.138 - - [24/Mar/2025:19:46:44 +0000] "GET /debug/default/view.html HTTP/1.1" 200 7694 "-" "Mozilla/5.0 (Windows NT 10.0; Win64; x64) AppleWebKit/537.36 (KHTML, like Gecko) Chrome/91.0.4472.124 Safari/537.36"
170.39.218.138 - - [24/Mar/2025:19:46:46 +0000] "GET /debug/default/view HTTP/1.1" 404 196 "-" "Mozilla/5.0 (Windows NT 10.0; Win64; x64) AppleWebKit/537.36 (KHTML, like Gecko) Chrome/91.0.4472.124 Safari/537.36"
170.39.218.138 - - [24/Mar/2025:19:46:47 +0000] "GET /frontend/web/debug/default/view HTTP/1.1" 404 196 "-" "Mozilla/5.0 (Windows NT 10.0; Win64; x64) AppleWebKit/537.36 (KHTML, like Gecko) Chrome/91.0.4472.124 Safari/537.36"
170.39.218.138 - - [24/Mar/2025:19:46:49 +0000] "GET /web/debug/default/view HTTP/1.1" 404 196 "-" "Mozilla/5.0 (Windows NT 10.0; Win64; x64) AppleWebKit/537.36 (KHTML, like Gecko) Chrome/91.0.4472.124 Safari/537.36"
170.39.218.138 - - [24/Mar/2025:19:46:51 +0000] "GET /sapi/debug/default/view HTTP/1.1" 404 196 "-" "Mozilla/5.0 (Windows NT 10.0; Win64; x64) AppleWebKit/537.36 (KHTML, like Gecko) Chrome/91.0.4472.124 Safari/537.36"
170.39.218.138 - - [24/Mar/2025:19:46:52 +0000] "GET /debug/default/view?panel=config HTTP/1.1" 404 196 "-" "Mozilla/5.0 (Windows NT 10.0; Win64; x64) AppleWebKit/537.36 (KHTML, like Gecko) Chrome/91.0.4472.124 Safari/537.36"
170.39.218.138 - - [24/Mar/2025:19:46:54 +0000] "GET /phpinfo.php HTTP/1.1" 404 196 "-" "Mozilla/5.0 (Windows NT 10.0; Win64; x64) AppleWebKit/537.36 (KHTML, like Gecko) Chrome/91.0.4472.124 Safari/537.36"
170.39.218.138 - - [24/Mar/2025:19:46:55 +0000] "GET /phpinfo HTTP/1.1" 200 6593 "-" "Mozilla/5.0 (Windows NT 10.0; Win64; x64) AppleWebKit/537.36 (KHTML, like Gecko) Chrome/91.0.4472.124 Safari/537.36"
170.39.218.138 - - [24/Mar/2025:19:46:56 +0000] "GET /aws.yml HTTP/1.1" 404 196 "-" "Mozilla/5.0 (Windows NT 10.0; Win64; x64) AppleWebKit/537.36 (KHTML, like Gecko) Chrome/91.0.4472.124 Safari/537.36"
170.39.218.138 - - [24/Mar/2025:19:46:58 +0000] "GET /.env.bak HTTP/1.1" 404 196 "-" "Mozilla/5.0 (Windows NT 10.0; Win64; x64) AppleWebKit/537.36 (KHTML, like Gecko) Chrome/91.0.4472.124 Safari/537.36"
170.39.218.138 - - [24/Mar/2025:19:46:59 +0000] "GET /info.php HTTP/1.1" 404 196 "-" "Mozilla/5.0 (Windows NT 10.0; Win64; x64) AppleWebKit/537.36 (KHTML, like Gecko) Chrome/91.0.4472.124 Safari/537.36"
170.39.218.138 - - [24/Mar/2025:19:47:01 +0000] "GET /.aws/credentials HTTP/1.1" 404 196 "-" "Mozilla/5.0 (Windows NT 10.0; Win64; x64) AppleWebKit/537.36 (KHTML, like Gecko) Chrome/91.0.4472.124 Safari/537.36"
170.39.218.138 - - [24/Mar/2025:19:47:02 +0000] "GET /config/aws.yml HTTP/1.1" 404 196 "-" "Mozilla/5.0 (Windows NT 10.0; Win64; x64) AppleWebKit/537.36 (KHTML, like Gecko) Chrome/91.0.4472.124 Safari/537.36"
170.39.218.138 - - [24/Mar/2025:19:47:04 +0000] "GET /config.js HTTP/1.1" 404 196 "-" "Mozilla/5.0 (Windows NT 10.0; Win64; x64) AppleWebKit/537.36 (KHTML, like Gecko) Chrome/91.0.4472.124 Safari/537.36"
170.39.218.138 - - [24/Mar/2025:19:47:05 +0000] "GET /symfony/public/_profiler/phpinfo HTTP/1.1" 404 196 "-" "Mozilla/5.0 (Windows NT 10.0; Win64; x64) AppleWebKit/537.36 (KHTML, like Gecko) Chrome/91.0.4472.124 Safari/537.36"
170.39.218.138 - - [24/Mar/2025:19:47:07 +0000] "GET /symfony/public/_profiler/phpinfo HTTP/1.1" 404 196 "-" "Mozilla/5.0 (Windows NT 10.0; Win64; x64) AppleWebKit/537.36 (KHTML, like Gecko) Chrome/91.0.4472.124 Safari/537.36"
170.39.218.138 - - [24/Mar/2025:19:47:09 +0000] "GET /debug/default/view?panel=config HTTP/1.1" 404 196 "-" "Mozilla/5.0 (Windows NT 10.0; Win64; x64) AppleWebKit/537.36 (KHTML, like Gecko) Chrome/91.0.4472.124 Safari/537.36"
170.39.218.138 - - [24/Mar/2025:19:47:11 +0000] "GET /symfony/public HTTP/1.1" 404 196 "-" "Mozilla/5.0 (Windows NT 10.0; Win64; x64) AppleWebKit/537.36 (KHTML, like Gecko) Chrome/91.0.4472.124 Safari/537.36"
170.39.218.138 - - [24/Mar/2025:19:47:13 +0000] "GET /debug/default/view?panel=config HTTP/1.1" 404 196 "-" "Mozilla/5.0 (Windows NT 10.0; Win64; x64) AppleWebKit/537.36 (KHTML, like Gecko) Chrome/91.0.4472.124 Safari/537.36"
170.39.218.138 - - [24/Mar/2025:19:47:15 +0000] "GET /frontend_dev.php HTTP/1.1" 404 196 "-" "Mozilla/5.0 (Windows NT 10.0; Win64; x64) AppleWebKit/537.36 (KHTML, like Gecko) Chrome/91.0.4472.124 Safari/537.36"
170.39.218.138 - - [24/Mar/2025:19:47:17 +0000] "GET /debug/default/view?panel=config HTTP/1.1" 404 196 "-" "Mozilla/5.0 (Windows NT 10.0; Win64; x64) AppleWebKit/537.36 (KHTML, like Gecko) Chrome/91.0.4472.124 Safari/537.36"
170.39.218.138 - - [24/Mar/2025:19:47:20 +0000] "GET /tool/view/phpinfo.view.php HTTP/1.1" 404 196 "-" "Mozilla/5.0 (Windows NT 10.0; Win64; x64) AppleWebKit/537.36 (KHTML, like Gecko) Chrome/91.0.4472.124 Safari/537.36"
170.39.218.138 - - [24/Mar/2025:19:47:22 +0000] "GET /wp-config.php-backup HTTP/1.1" 404 196 "-" "Mozilla/5.0 (Windows NT 10.0; Win64; x64) AppleWebKit/537.36 (KHTML, like Gecko) Chrome/91.0.4472.124 Safari/537.36"
170.39.218.138 - - [24/Mar/2025:19:47:24 +0000] "GET /debug/default/view HTTP/1.1" 404 196 "-" "Mozilla/5.0 (Windows NT 10.0; Win64; x64) AppleWebKit/537.36 (KHTML, like Gecko) Chrome/91.0.4472.124 Safari/537.36"
170.39.218.138 - - [24/Mar/2025:19:47:27 +0000] "GET /frontend/web/debug/default/view HTTP/1.1" 404 196 "-" "Mozilla/5.0 (Windows NT 10.0; Win64; x64) AppleWebKit/537.36 (KHTML, like Gecko) Chrome/91.0.4472.124 Safari/537.36"
170.39.218.138 - - [24/Mar/2025:19:47:30 +0000] "GET /web/debug/default/view HTTP/1.1" 404 196 "-" "Mozilla/5.0 (Windows NT 10.0; Win64; x64) AppleWebKit/537.36 (KHTML, like Gecko) Chrome/91.0.4472.124 Safari/537.36"
170.39.218.138 - - [24/Mar/2025:19:47:33 +0000] "GET /sapi/debug/default/view HTTP/1.1" 404 196 "-" "Mozilla/5.0 (Windows NT 10.0; Win64; x64) AppleWebKit/537.36 (KHTML, like Gecko) Chrome/91.0.4472.124 Safari/537.36"
170.39.218.138 - - [24/Mar/2025:19:47:36 +0000] "GET /debug/default/view?panel=config HTTP/1.1" 404 196 "-" "Mozilla/5.0 (Windows NT 10.0; Win64; x64) AppleWebKit/537.36 (KHTML, like Gecko) Chrome/91.0.4472.124 Safari/537.36"
170.39.218.138 - - [24/Mar/2025:19:47:41 +0000] "GET /.aws HTTP/1.1" 404 196 "-" "Mozilla/5.0 (Windows NT 10.0; Win64; x64) AppleWebKit/537.36 (KHTML, like Gecko) Chrome/91.0.4472.124 Safari/537.36"
170.39.218.138 - - [24/Mar/2025:19:47:51 +0000] "GET /info HTTP/1.1" 200 6593 "-" "Mozilla/5.0 (Windows NT 10.0; Win64; x64) AppleWebKit/537.36 (KHTML, like Gecko) Chrome/91.0.4472.124 Safari/537.36"
170.39.218.138 - - [24/Mar/2025:19:47:54 +0000] "GET /.git/config HTTP/1.1" 403 183 "-" "Mozilla/5.0 (Windows NT 10.0; Win64; x64) AppleWebKit/537.36 (KHTML, like Gecko) Chrome/91.0.4472.124 Safari/537.36"
170.39.218.138 - - [24/Mar/2025:19:47:55 +0000] "GET /index.js HTTP/1.1" 404 196 "-" "Mozilla/5.0 (Windows NT 10.0; Win64; x64) AppleWebKit/537.36 (KHTML, like Gecko) Chrome/91.0.4472.124 Safari/537.36"
170.39.218.138 - - [24/Mar/2025:19:47:56 +0000] "GET /config.js HTTP/1.1" 404 196 "-" "Mozilla/5.0 (Windows NT 10.0; Win64; x64) AppleWebKit/537.36 (KHTML, like Gecko) Chrome/91.0.4472.124 Safari/537.36"
170.39.218.138 - - [24/Mar/2025:19:47:58 +0000] "GET /info.json HTTP/1.1" 404 196 "-" "Mozilla/5.0 (Windows NT 10.0; Win64; x64) AppleWebKit/537.36 (KHTML, like Gecko) Chrome/91.0.4472.124 Safari/537.36"
170.39.218.138 - - [24/Mar/2025:19:47:59 +0000] "GET /.cordova/config.json HTTP/1.1" 404 196 "-" "Mozilla/5.0 (Windows NT 10.0; Win64; x64) AppleWebKit/537.36 (KHTML, like Gecko) Chrome/91.0.4472.124 Safari/537.36"
66.249.73.12 - - [24/Mar/2025:19:48:00 +0000] "GET /trip_srianka.htm HTTP/1.1" 200 9132 "-" "Mozilla/5.0 (Linux; Android 6.0.1; Nexus 5X Build/MMB29P) AppleWebKit/537.36 (KHTML, like Gecko) Chrome/134.0.6998.165 Mobile Safari/537.36 (compatible; Googlebot/2.1; +http://www.google.com/bot.html)"
125.75.66.97 - - [24/Mar/2025:19:48:02 +0000] "GET / HTTP/1.1" 301 238 "-" "Mozilla/5.0 (iPhone; CPU iPhone OS 13_2_3 like Mac OS X) AppleWebKit/605.1.15 (KHTML, like Gecko) Version/13.0.3 Mobile/15E148 Safari/604.1"
125.75.66.97 - - [24/Mar/2025:19:48:03 +0000] "GET / HTTP/1.1" 200 11604 "http://iumdestination.com" "Mozilla/5.0 (iPhone; CPU iPhone OS 13_2_3 like Mac OS X) AppleWebKit/605.1.15 (KHTML, like Gecko) Version/13.0.3 Mobile/15E148 Safari/604.1"
170.39.218.138 - - [24/Mar/2025:19:48:27 +0000] "GET /.deployment-config.json HTTP/1.1" 404 196 "-" "Mozilla/5.0 (Windows NT 10.0; Win64; x64) AppleWebKit/537.36 (KHTML, like Gecko) Chrome/91.0.4472.124 Safari/537.36"
170.39.218.138 - - [24/Mar/2025:19:48:55 +0000] "GET /.docker/config.json HTTP/1.1" 404 196 "-" "Mozilla/5.0 (Windows NT 10.0; Win64; x64) AppleWebKit/537.36 (KHTML, like Gecko) Chrome/91.0.4472.124 Safari/537.36"
170.39.218.138 - - [24/Mar/2025:19:49:06 +0000] "GET /.docker/daemon.json HTTP/1.1" 404 196 "-" "Mozilla/5.0 (Windows NT 10.0; Win64; x64) AppleWebKit/537.36 (KHTML, like Gecko) Chrome/91.0.4472.124 Safari/537.36"
170.39.218.138 - - [24/Mar/2025:19:49:10 +0000] "GET /?url=/etc/environment HTTP/1.1" 200 11498 "-" "Mozilla/5.0 (Windows NT 10.0; Win64; x64) AppleWebKit/537.36 (KHTML, like Gecko) Chrome/91.0.4472.124 Safari/537.36"
170.39.218.138 - - [24/Mar/2025:19:49:17 +0000] "GET /?url=/var/www/html/.env HTTP/1.1" 200 11615 "-" "Mozilla/5.0 (Windows NT 10.0; Win64; x64) AppleWebKit/537.36 (KHTML, like Gecko) Chrome/91.0.4472.124 Safari/537.36"
170.39.218.138 - - [24/Mar/2025:19:49:20 +0000] "GET /?url=/var/www/.env HTTP/1.1" 200 11607 "-" "Mozilla/5.0 (Windows NT 10.0; Win64; x64) AppleWebKit/537.36 (KHTML, like Gecko) Chrome/91.0.4472.124 Safari/537.36"
170.39.218.138 - - [24/Mar/2025:19:49:36 +0000] "GET /?url=/www/.env HTTP/1.1" 200 11615 "-" "Mozilla/5.0 (Windows NT 10.0; Win64; x64) AppleWebKit/537.36 (KHTML, like Gecko) Chrome/91.0.4472.124 Safari/537.36"
170.39.218.138 - - [24/Mar/2025:19:49:39 +0000] "GET /?url=/app/.env HTTP/1.1" 200 11654 "-" "Mozilla/5.0 (Windows NT 10.0; Win64; x64) AppleWebKit/537.36 (KHTML, like Gecko) Chrome/91.0.4472.124 Safari/537.36"
170.39.218.138 - - [24/Mar/2025:19:49:44 +0000] "GET /?url=/config/.env HTTP/1.1" 200 11655 "-" "Mozilla/5.0 (Windows NT 10.0; Win64; x64) AppleWebKit/537.36 (KHTML, like Gecko) Chrome/91.0.4472.124 Safari/537.36"
170.39.218.138 - - [24/Mar/2025:19:49:46 +0000] "GET /?url=/home/user/.env HTTP/1.1" 200 11553 "-" "Mozilla/5.0 (Windows NT 10.0; Win64; x64) AppleWebKit/537.36 (KHTML, like Gecko) Chrome/91.0.4472.124 Safari/537.36"
170.39.218.138 - - [24/Mar/2025:19:49:48 +0000] "GET /?url=/var/www/html/config.json HTTP/1.1" 200 11651 "-" "Mozilla/5.0 (Windows NT 10.0; Win64; x64) AppleWebKit/537.36 (KHTML, like Gecko) Chrome/91.0.4472.124 Safari/537.36"
170.39.218.138 - - [24/Mar/2025:19:49:51 +0000] "GET /?url=/var/www/config.json HTTP/1.1" 200 11698 "-" "Mozilla/5.0 (Windows NT 10.0; Win64; x64) AppleWebKit/537.36 (KHTML, like Gecko) Chrome/91.0.4472.124 Safari/537.36"
66.249.73.11 - - [24/Mar/2025:19:49:54 +0000] "GET /js/owl-carousel/owl.carousel.min.js HTTP/1.1" 200 6465 "https://www.iumdestination.com/WonderfullKashmirTour.htm" "Mozilla/5.0 (Linux; Android 6.0.1; Nexus 5X Build/MMB29P) AppleWebKit/537.36 (KHTML, like Gecko) Chrome/133.0.6943.141 Mobile Safari/537.36 (compatible; Googlebot/2.1; +http://www.google.com/bot.html)"
66.249.73.11 - - [24/Mar/2025:19:49:54 +0000] "GET /js/preetycheble/prettyCheckable.css HTTP/1.1" 200 525 "https://www.iumdestination.com/WonderfullKashmirTour.htm" "Mozilla/5.0 (Linux; Android 6.0.1; Nexus 5X Build/MMB29P) AppleWebKit/537.36 (KHTML, like Gecko) Chrome/133.0.6943.141 Mobile Safari/537.36 (compatible; Googlebot/2.1; +http://www.google.com/bot.html)"
66.249.73.11 - - [24/Mar/2025:19:49:55 +0000] "GET /js/dist/js/bootstrap-select.js HTTP/1.1" 200 13385 "https://www.iumdestination.com/WonderfullKashmirTour.htm" "Mozilla/5.0 (Linux; Android 6.0.1; Nexus 5X Build/MMB29P) AppleWebKit/537.36 (KHTML, like Gecko) Chrome/133.0.6943.141 Mobile Safari/537.36 (compatible; Googlebot/2.1; +http://www.google.com/bot.html)"
170.39.218.138 - - [24/Mar/2025:19:49:57 +0000] "GET /?url=/var/www/html/config.yaml HTTP/1.1" 200 11532 "-" "Mozilla/5.0 (Windows NT 10.0; Win64; x64) AppleWebKit/537.36 (KHTML, like Gecko) Chrome/91.0.4472.124 Safari/537.36"
170.39.218.138 - - [24/Mar/2025:19:50:00 +0000] "GET /?url=/var/www/html/config.yml HTTP/1.1" 200 11509 "-" "Mozilla/5.0 (Windows NT 10.0; Win64; x64) AppleWebKit/537.36 (KHTML, like Gecko) Chrome/91.0.4472.124 Safari/537.36"
170.39.218.138 - - [24/Mar/2025:19:50:05 +0000] "GET /?url=/var/www/html/config.php HTTP/1.1" 200 11582 "-" "Mozilla/5.0 (Windows NT 10.0; Win64; x64) AppleWebKit/537.36 (KHTML, like Gecko) Chrome/91.0.4472.124 Safari/537.36"
170.39.218.138 - - [24/Mar/2025:19:50:08 +0000] "GET /?url=/var/www/html/settings.json HTTP/1.1" 200 11484 "-" "Mozilla/5.0 (Windows NT 10.0; Win64; x64) AppleWebKit/537.36 (KHTML, like Gecko) Chrome/91.0.4472.124 Safari/537.36"
170.39.218.138 - - [24/Mar/2025:19:50:11 +0000] "GET /?url=/var/www/html/settings.php HTTP/1.1" 200 11648 "-" "Mozilla/5.0 (Windows NT 10.0; Win64; x64) AppleWebKit/537.36 (KHTML, like Gecko) Chrome/91.0.4472.124 Safari/537.36"
170.39.218.138 - - [24/Mar/2025:19:50:21 +0000] "GET /?url=/var/www/html/config.js HTTP/1.1" 200 11622 "-" "Mozilla/5.0 (Windows NT 10.0; Win64; x64) AppleWebKit/537.36 (KHTML, like Gecko) Chrome/91.0.4472.124 Safari/537.36"
170.39.218.138 - - [24/Mar/2025:19:50:57 +0000] "GET /?url=/var/www/html/settings.py HTTP/1.1" 200 11624 "-" "Mozilla/5.0 (Windows NT 10.0; Win64; x64) AppleWebKit/537.36 (KHTML, like Gecko) Chrome/91.0.4472.124 Safari/537.36"
170.39.218.138 - - [24/Mar/2025:19:51:04 +0000] "GET /?url=/config/database.yml HTTP/1.1" 200 11612 "-" "Mozilla/5.0 (Windows NT 10.0; Win64; x64) AppleWebKit/537.36 (KHTML, like Gecko) Chrome/91.0.4472.124 Safari/537.36"
54.36.148.41 - - [24/Mar/2025:19:51:25 +0000] "GET /DESTINATIONBANGARAMTOURPACKAGE.htm HTTP/1.1" 200 10566 "-" "Mozilla/5.0 (compatible; AhrefsBot/7.0; +http://ahrefs.com/robot/)"
170.39.218.138 - - [24/Mar/2025:19:51:29 +0000] "GET /?url=/var/www/html/wp-config.php HTTP/1.1" 200 11625 "-" "Mozilla/5.0 (Windows NT 10.0; Win64; x64) AppleWebKit/537.36 (KHTML, like Gecko) Chrome/91.0.4472.124 Safari/537.36"
170.39.218.138 - - [24/Mar/2025:19:51:30 +0000] "GET /?url=/var/www/html/config.php HTTP/1.1" 200 11648 "-" "Mozilla/5.0 (Windows NT 10.0; Win64; x64) AppleWebKit/537.36 (KHTML, like Gecko) Chrome/91.0.4472.124 Safari/537.36"
170.39.218.138 - - [24/Mar/2025:19:51:47 +0000] "GET /?url=/var/www/html/.htaccess HTTP/1.1" 200 11423 "-" "Mozilla/5.0 (Windows NT 10.0; Win64; x64) AppleWebKit/537.36 (KHTML, like Gecko) Chrome/91.0.4472.124 Safari/537.36"
170.39.218.138 - - [24/Mar/2025:19:51:50 +0000] "GET /?url=http://169.254.169.254/latest/meta-data/ HTTP/1.1" 200 11660 "-" "Mozilla/5.0 (Windows NT 10.0; Win64; x64) AppleWebKit/537.36 (KHTML, like Gecko) Chrome/91.0.4472.124 Safari/537.36"
170.39.218.138 - - [24/Mar/2025:19:51:53 +0000] "GET /?url=http://169.254.169.254/latest/meta-data/iam/security-credentials/ HTTP/1.1" 200 11678 "-" "Mozilla/5.0 (Windows NT 10.0; Win64; x64) AppleWebKit/537.36 (KHTML, like Gecko) Chrome/91.0.4472.124 Safari/537.36"
170.39.218.138 - - [24/Mar/2025:19:51:56 +0000] "GET /?url=http://169.254.169.254/latest/meta-data/iam/security-credentials/admin-role HTTP/1.1" 200 11649 "-" "Mozilla/5.0 (Windows NT 10.0; Win64; x64) AppleWebKit/537.36 (KHTML, like Gecko) Chrome/91.0.4472.124 Safari/537.36"
170.39.218.138 - - [24/Mar/2025:19:52:16 +0000] "GET /?url=http://169.254.169.254/latest/user-data HTTP/1.1" 200 11659 "-" "Mozilla/5.0 (Windows NT 10.0; Win64; x64) AppleWebKit/537.36 (KHTML, like Gecko) Chrome/91.0.4472.124 Safari/537.36"
170.39.218.138 - - [24/Mar/2025:19:52:19 +0000] "GET /?url=file:///var/www/html/.env HTTP/1.1" 200 11649 "-" "Mozilla/5.0 (Windows NT 10.0; Win64; x64) AppleWebKit/537.36 (KHTML, like Gecko) Chrome/91.0.4472.124 Safari/537.36"
170.39.218.138 - - [24/Mar/2025:19:52:26 +0000] "GET /?url=file:///var/www/html/config.json HTTP/1.1" 200 11622 "-" "Mozilla/5.0 (Windows NT 10.0; Win64; x64) AppleWebKit/537.36 (KHTML, like Gecko) Chrome/91.0.4472.124 Safari/537.36"
170.39.218.138 - - [24/Mar/2025:19:52:31 +0000] "GET /?url=file:///var/www/html/settings.json HTTP/1.1" 200 11418 "-" "Mozilla/5.0 (Windows NT 10.0; Win64; x64) AppleWebKit/537.36 (KHTML, like Gecko) Chrome/91.0.4472.124 Safari/537.36"
170.39.218.138 - - [24/Mar/2025:19:52:32 +0000] "GET /?url=file:///var/www/html/wp-config.php HTTP/1.1" 200 11619 "-" "Mozilla/5.0 (Windows NT 10.0; Win64; x64) AppleWebKit/537.36 (KHTML, like Gecko) Chrome/91.0.4472.124 Safari/537.36"
170.39.218.138 - - [24/Mar/2025:19:52:34 +0000] "GET /?url=file:///var/www/html/.htaccess HTTP/1.1" 200 11627 "-" "Mozilla/5.0 (Windows NT 10.0; Win64; x64) AppleWebKit/537.36 (KHTML, like Gecko) Chrome/91.0.4472.124 Safari/537.36"
170.39.218.138 - - [24/Mar/2025:19:52:36 +0000] "GET /?uri=/etc/environment HTTP/1.1" 200 11657 "-" "Mozilla/5.0 (Windows NT 10.0; Win64; x64) AppleWebKit/537.36 (KHTML, like Gecko) Chrome/91.0.4472.124 Safari/537.36"
170.39.218.138 - - [24/Mar/2025:19:52:38 +0000] "GET /?uri=/var/www/html/.env HTTP/1.1" 200 11644 "-" "Mozilla/5.0 (Windows NT 10.0; Win64; x64) AppleWebKit/537.36 (KHTML, like Gecko) Chrome/91.0.4472.124 Safari/537.36"
170.39.218.138 - - [24/Mar/2025:19:53:01 +0000] "GET /?uri=/var/www/.env HTTP/1.1" 200 11579 "-" "Mozilla/5.0 (Windows NT 10.0; Win64; x64) AppleWebKit/537.36 (KHTML, like Gecko) Chrome/91.0.4472.124 Safari/537.36"
170.39.218.138 - - [24/Mar/2025:19:53:18 +0000] "GET /?uri=/www/.env HTTP/1.1" 200 11614 "-" "Mozilla/5.0 (Windows NT 10.0; Win64; x64) AppleWebKit/537.36 (KHTML, like Gecko) Chrome/91.0.4472.124 Safari/537.36"
157.55.39.13 - - [24/Mar/2025:19:53:20 +0000] "GET /22264cbda19b954-8-vending-agrocybe/international-destinations.php HTTP/1.1" 301 303 "-" "Mozilla/5.0 AppleWebKit/537.36 (KHTML, like Gecko; compatible; bingbot/2.0; +http://www.bing.com/bingbot.htm) Chrome/116.0.1938.76 Safari/537.36"
170.39.218.138 - - [24/Mar/2025:19:53:21 +0000] "GET /?uri=/app/.env HTTP/1.1" 200 11606 "-" "Mozilla/5.0 (Windows NT 10.0; Win64; x64) AppleWebKit/537.36 (KHTML, like Gecko) Chrome/91.0.4472.124 Safari/537.36"
170.39.218.138 - - [24/Mar/2025:19:53:23 +0000] "GET /?uri=/config/.env HTTP/1.1" 200 11617 "-" "Mozilla/5.0 (Windows NT 10.0; Win64; x64) AppleWebKit/537.36 (KHTML, like Gecko) Chrome/91.0.4472.124 Safari/537.36"
170.39.218.138 - - [24/Mar/2025:19:53:27 +0000] "GET /?uri=/home/user/.env HTTP/1.1" 200 11622 "-" "Mozilla/5.0 (Windows NT 10.0; Win64; x64) AppleWebKit/537.36 (KHTML, like Gecko) Chrome/91.0.4472.124 Safari/537.36"
170.39.218.138 - - [24/Mar/2025:19:53:28 +0000] "GET /?uri=/var/www/html/config.json HTTP/1.1" 200 11425 "-" "Mozilla/5.0 (Windows NT 10.0; Win64; x64) AppleWebKit/537.36 (KHTML, like Gecko) Chrome/91.0.4472.124 Safari/537.36"
170.39.218.138 - - [24/Mar/2025:19:53:30 +0000] "GET /?uri=/var/www/config.json HTTP/1.1" 200 11698 "-" "Mozilla/5.0 (Windows NT 10.0; Win64; x64) AppleWebKit/537.36 (KHTML, like Gecko) Chrome/91.0.4472.124 Safari/537.36"
170.39.218.138 - - [24/Mar/2025:19:53:32 +0000] "GET /?uri=/var/www/html/config.yaml HTTP/1.1" 200 11624 "-" "Mozilla/5.0 (Windows NT 10.0; Win64; x64) AppleWebKit/537.36 (KHTML, like Gecko) Chrome/91.0.4472.124 Safari/537.36"
170.39.218.138 - - [24/Mar/2025:19:53:33 +0000] "GET /?uri=/var/www/html/config.yml HTTP/1.1" 200 11661 "-" "Mozilla/5.0 (Windows NT 10.0; Win64; x64) AppleWebKit/537.36 (KHTML, like Gecko) Chrome/91.0.4472.124 Safari/537.36"
170.39.218.138 - - [24/Mar/2025:19:53:35 +0000] "GET /?uri=/var/www/html/config.php HTTP/1.1" 200 11648 "-" "Mozilla/5.0 (Windows NT 10.0; Win64; x64) AppleWebKit/537.36 (KHTML, like Gecko) Chrome/91.0.4472.124 Safari/537.36"
170.39.218.138 - - [24/Mar/2025:19:53:37 +0000] "GET /?uri=/var/www/html/settings.json HTTP/1.1" 200 11534 "-" "Mozilla/5.0 (Windows NT 10.0; Win64; x64) AppleWebKit/537.36 (KHTML, like Gecko) Chrome/91.0.4472.124 Safari/537.36"
170.39.218.138 - - [24/Mar/2025:19:53:54 +0000] "GET /?uri=/var/www/html/settings.php HTTP/1.1" 200 11569 "-" "Mozilla/5.0 (Windows NT 10.0; Win64; x64) AppleWebKit/537.36 (KHTML, like Gecko) Chrome/91.0.4472.124 Safari/537.36"
170.39.218.138 - - [24/Mar/2025:19:53:56 +0000] "GET /?uri=/var/www/html/config.js HTTP/1.1" 200 11531 "-" "Mozilla/5.0 (Windows NT 10.0; Win64; x64) AppleWebKit/537.36 (KHTML, like Gecko) Chrome/91.0.4472.124 Safari/537.36"
170.39.218.138 - - [24/Mar/2025:19:54:00 +0000] "GET /?uri=/var/www/html/settings.py HTTP/1.1" 200 11533 "-" "Mozilla/5.0 (Windows NT 10.0; Win64; x64) AppleWebKit/537.36 (KHTML, like Gecko) Chrome/91.0.4472.124 Safari/537.36"
170.39.218.138 - - [24/Mar/2025:19:54:02 +0000] "GET /?uri=/config/database.yml HTTP/1.1" 200 11645 "-" "Mozilla/5.0 (Windows NT 10.0; Win64; x64) AppleWebKit/537.36 (KHTML, like Gecko) Chrome/91.0.4472.124 Safari/537.36"
170.39.218.138 - - [24/Mar/2025:19:54:05 +0000] "GET /?uri=/var/www/html/wp-config.php HTTP/1.1" 200 11663 "-" "Mozilla/5.0 (Windows NT 10.0; Win64; x64) AppleWebKit/537.36 (KHTML, like Gecko) Chrome/91.0.4472.124 Safari/537.36"
170.39.218.138 - - [24/Mar/2025:19:54:08 +0000] "GET /?uri=/var/www/html/config.php HTTP/1.1" 200 11659 "-" "Mozilla/5.0 (Windows NT 10.0; Win64; x64) AppleWebKit/537.36 (KHTML, like Gecko) Chrome/91.0.4472.124 Safari/537.36"
170.39.218.138 - - [24/Mar/2025:19:54:11 +0000] "GET /?uri=/var/www/html/.htaccess HTTP/1.1" 200 11659 "-" "Mozilla/5.0 (Windows NT 10.0; Win64; x64) AppleWebKit/537.36 (KHTML, like Gecko) Chrome/91.0.4472.124 Safari/537.36"
170.39.218.138 - - [24/Mar/2025:19:54:14 +0000] "GET /?uri=http://169.254.169.254/latest/meta-data/ HTTP/1.1" 200 11660 "-" "Mozilla/5.0 (Windows NT 10.0; Win64; x64) AppleWebKit/537.36 (KHTML, like Gecko) Chrome/91.0.4472.124 Safari/537.36"
