92.205.14.241 - - [10/Apr/2024:22:02:20 +0000] "GET /?author=20 HTTP/1.1" 500 97 "-" "Mozilla/5.0 (Windows NT 10.0; WOW64; rv:54.0) Gecko/20100101 Firefox/54.0"
144.34.172.83 - - [10/Apr/2024:22:02:20 +0000] "GET /?author=33 HTTP/1.1" 500 97 "-" "Mozilla/5.0 (Windows NT 10.0; Win64; x64) AppleWebKit/537.36 (KHTML, like Gecko) Chrome/86.0.4240.198 Safari/537.36"
144.34.172.83 - - [10/Apr/2024:22:02:21 +0000] "GET /?author=34 HTTP/1.1" 500 97 "-" "Mozilla/5.0 (Windows NT 10.0; Win64; x64) AppleWebKit/537.36 (KHTML, like Gecko) Chrome/86.0.4240.198 Safari/537.36"
144.34.172.83 - - [10/Apr/2024:22:02:21 +0000] "GET /?author=35 HTTP/1.1" 500 97 "-" "Mozilla/5.0 (Windows NT 10.0; Win64; x64) AppleWebKit/537.36 (KHTML, like Gecko) Chrome/86.0.4240.198 Safari/537.36"
144.34.172.83 - - [10/Apr/2024:22:02:22 +0000] "GET /?author=36 HTTP/1.1" 500 97 "-" "Mozilla/5.0 (Windows NT 10.0; Win64; x64) AppleWebKit/537.36 (KHTML, like Gecko) Chrome/86.0.4240.198 Safari/537.36"
144.34.172.83 - - [10/Apr/2024:22:02:22 +0000] "GET /?author=37 HTTP/1.1" 500 97 "-" "Mozilla/5.0 (Windows NT 10.0; Win64; x64) AppleWebKit/537.36 (KHTML, like Gecko) Chrome/86.0.4240.198 Safari/537.36"
144.34.172.83 - - [10/Apr/2024:22:02:23 +0000] "GET /?author=38 HTTP/1.1" 500 97 "-" "Mozilla/5.0 (Windows NT 10.0; Win64; x64) AppleWebKit/537.36 (KHTML, like Gecko) Chrome/86.0.4240.198 Safari/537.36"
144.34.172.83 - - [10/Apr/2024:22:02:23 +0000] "GET /?author=39 HTTP/1.1" 500 97 "-" "Mozilla/5.0 (Windows NT 10.0; Win64; x64) AppleWebKit/537.36 (KHTML, like Gecko) Chrome/86.0.4240.198 Safari/537.36"
144.34.172.83 - - [10/Apr/2024:22:02:24 +0000] "GET /?author=40 HTTP/1.1" 500 97 "-" "Mozilla/5.0 (Windows NT 10.0; Win64; x64) AppleWebKit/537.36 (KHTML, like Gecko) Chrome/86.0.4240.198 Safari/537.36"
202.66.174.67 - - [10/Apr/2024:22:02:24 +0000] "GET /?author=1 HTTP/1.1" 500 97 "-" "Mozilla/5.0 (Windows NT 5.1; rv:30.0) Gecko/20100101 Firefox/30.0"
202.66.174.67 - - [10/Apr/2024:22:02:25 +0000] "GET /?author=1 HTTP/1.1" 500 97 "-" "Mozilla/5.0 (Windows NT 5.1; rv:30.0) Gecko/20100101 Firefox/30.0"
202.66.174.67 - - [10/Apr/2024:22:02:25 +0000] "GET /?author=2 HTTP/1.1" 500 97 "-" "Mozilla/5.0 (Windows NT 5.1; rv:30.0) Gecko/20100101 Firefox/30.0"
202.66.174.67 - - [10/Apr/2024:22:02:25 +0000] "GET /?author=3 HTTP/1.1" 500 97 "-" "Mozilla/5.0 (Windows NT 5.1; rv:30.0) Gecko/20100101 Firefox/30.0"
202.66.174.67 - - [10/Apr/2024:22:02:25 +0000] "GET /?author=4 HTTP/1.1" 500 97 "-" "Mozilla/5.0 (Windows NT 5.1; rv:30.0) Gecko/20100101 Firefox/30.0"
202.66.174.67 - - [10/Apr/2024:22:02:25 +0000] "GET /?author=5 HTTP/1.1" 500 97 "-" "Mozilla/5.0 (Windows NT 5.1; rv:30.0) Gecko/20100101 Firefox/30.0"
202.66.174.67 - - [10/Apr/2024:22:02:25 +0000] "GET /?author=6 HTTP/1.1" 500 86 "-" "Mozilla/5.0 (Windows NT 5.1; rv:30.0) Gecko/20100101 Firefox/30.0"
202.66.174.67 - - [10/Apr/2024:22:02:25 +0000] "GET /?author=51 HTTP/1.1" 500 97 "-" "Mozilla/5.0 (Windows NT 10.0; Win64; x64) AppleWebKit/537.36 (KHTML, like Gecko) Chrome/67.0.3396.99 Safari/537.36"
202.66.174.67 - - [10/Apr/2024:22:02:26 +0000] "GET /?author=7 HTTP/1.1" 500 97 "-" "Mozilla/5.0 (Windows NT 5.1; rv:30.0) Gecko/20100101 Firefox/30.0"
202.66.174.67 - - [10/Apr/2024:22:02:26 +0000] "GET /?author=8 HTTP/1.1" 500 97 "-" "Mozilla/5.0 (Windows NT 5.1; rv:30.0) Gecko/20100101 Firefox/30.0"
202.66.174.67 - - [10/Apr/2024:22:02:26 +0000] "GET /?author=9 HTTP/1.1" 500 86 "-" "Mozilla/5.0 (Windows NT 5.1; rv:30.0) Gecko/20100101 Firefox/30.0"
202.66.174.67 - - [10/Apr/2024:22:02:26 +0000] "GET /?author=51 HTTP/1.1" 500 97 "-" "Mozilla/5.0 (Windows NT 10.0; Win64; x64) AppleWebKit/537.36 (KHTML, like Gecko) Chrome/67.0.3396.99 Safari/537.36"
202.66.174.67 - - [10/Apr/2024:22:02:26 +0000] "GET /?author=52 HTTP/1.1" 500 97 "-" "Mozilla/5.0 (Windows NT 10.0; Win64; x64) AppleWebKit/537.36 (KHTML, like Gecko) Chrome/67.0.3396.99 Safari/537.36"
202.66.174.67 - - [10/Apr/2024:22:02:26 +0000] "GET /?author=10 HTTP/1.1" 500 86 "-" "Mozilla/5.0 (Windows NT 5.1; rv:30.0) Gecko/20100101 Firefox/30.0"
202.66.174.67 - - [10/Apr/2024:22:02:26 +0000] "GET /?author=53 HTTP/1.1" 500 97 "-" "Mozilla/5.0 (Windows NT 10.0; Win64; x64) AppleWebKit/537.36 (KHTML, like Gecko) Chrome/67.0.3396.99 Safari/537.36"
202.66.174.67 - - [10/Apr/2024:22:02:26 +0000] "GET /?author=54 HTTP/1.1" 500 97 "-" "Mozilla/5.0 (Windows NT 10.0; Win64; x64) AppleWebKit/537.36 (KHTML, like Gecko) Chrome/67.0.3396.99 Safari/537.36"
202.66.174.67 - - [10/Apr/2024:22:02:27 +0000] "GET /?author=55 HTTP/1.1" 500 97 "-" "Mozilla/5.0 (Windows NT 10.0; Win64; x64) AppleWebKit/537.36 (KHTML, like Gecko) Chrome/67.0.3396.99 Safari/537.36"
202.66.174.67 - - [10/Apr/2024:22:02:27 +0000] "GET /?author=56 HTTP/1.1" 500 97 "-" "Mozilla/5.0 (Windows NT 10.0; Win64; x64) AppleWebKit/537.36 (KHTML, like Gecko) Chrome/67.0.3396.99 Safari/537.36"
91.212.213.24 - - [10/Apr/2024:22:02:27 +0000] "GET /?author=71 HTTP/1.1" 500 97 "-" "Mozilla/5.0 (Windows NT 10.0; Win64; x64; rv:59.0) Gecko/20100101 Firefox/59.0"
202.66.174.67 - - [10/Apr/2024:22:02:27 +0000] "GET /?author=57 HTTP/1.1" 500 97 "-" "Mozilla/5.0 (Windows NT 10.0; Win64; x64) AppleWebKit/537.36 (KHTML, like Gecko) Chrome/67.0.3396.99 Safari/537.36"
202.66.174.67 - - [10/Apr/2024:22:02:27 +0000] "GET /?author=58 HTTP/1.1" 500 97 "-" "Mozilla/5.0 (Windows NT 10.0; Win64; x64) AppleWebKit/537.36 (KHTML, like Gecko) Chrome/67.0.3396.99 Safari/537.36"
202.66.174.67 - - [10/Apr/2024:22:02:27 +0000] "GET /?author=59 HTTP/1.1" 500 97 "-" "Mozilla/5.0 (Windows NT 10.0; Win64; x64) AppleWebKit/537.36 (KHTML, like Gecko) Chrome/67.0.3396.99 Safari/537.36"
202.66.174.67 - - [10/Apr/2024:22:02:27 +0000] "GET /?author=60 HTTP/1.1" 500 97 "-" "Mozilla/5.0 (Windows NT 10.0; Win64; x64) AppleWebKit/537.36 (KHTML, like Gecko) Chrome/67.0.3396.99 Safari/537.36"
91.212.213.24 - - [10/Apr/2024:22:02:28 +0000] "GET /?author=71 HTTP/1.1" 500 97 "-" "Mozilla/5.0 (Windows NT 10.0; Win64; x64; rv:59.0) Gecko/20100101 Firefox/59.0"
91.212.213.24 - - [10/Apr/2024:22:02:28 +0000] "GET /?author=72 HTTP/1.1" 500 97 "-" "Mozilla/5.0 (Windows NT 10.0; Win64; x64; rv:59.0) Gecko/20100101 Firefox/59.0"
91.212.213.24 - - [10/Apr/2024:22:02:29 +0000] "GET /?author=73 HTTP/1.1" 500 97 "-" "Mozilla/5.0 (Windows NT 10.0; Win64; x64; rv:59.0) Gecko/20100101 Firefox/59.0"
91.212.213.24 - - [10/Apr/2024:22:02:29 +0000] "GET /?author=74 HTTP/1.1" 500 97 "-" "Mozilla/5.0 (Windows NT 10.0; Win64; x64; rv:59.0) Gecko/20100101 Firefox/59.0"
91.212.213.24 - - [10/Apr/2024:22:02:30 +0000] "GET /?author=75 HTTP/1.1" 500 97 "-" "Mozilla/5.0 (Windows NT 10.0; Win64; x64; rv:59.0) Gecko/20100101 Firefox/59.0"
91.212.213.24 - - [10/Apr/2024:22:02:31 +0000] "GET /?author=76 HTTP/1.1" 500 97 "-" "Mozilla/5.0 (Windows NT 10.0; Win64; x64; rv:59.0) Gecko/20100101 Firefox/59.0"
91.212.213.24 - - [10/Apr/2024:22:02:31 +0000] "GET /?author=77 HTTP/1.1" 500 97 "-" "Mozilla/5.0 (Windows NT 10.0; Win64; x64; rv:59.0) Gecko/20100101 Firefox/59.0"
91.212.213.24 - - [10/Apr/2024:22:02:32 +0000] "GET /?author=78 HTTP/1.1" 500 97 "-" "Mozilla/5.0 (Windows NT 10.0; Win64; x64; rv:59.0) Gecko/20100101 Firefox/59.0"
91.212.213.24 - - [10/Apr/2024:22:02:32 +0000] "GET /?author=79 HTTP/1.1" 500 97 "-" "Mozilla/5.0 (Windows NT 10.0; Win64; x64; rv:59.0) Gecko/20100101 Firefox/59.0"
91.212.213.24 - - [10/Apr/2024:22:02:33 +0000] "GET /?author=80 HTTP/1.1" 500 97 "-" "Mozilla/5.0 (Windows NT 10.0; Win64; x64; rv:59.0) Gecko/20100101 Firefox/59.0"
119.28.194.121 - - [10/Apr/2024:22:02:41 +0000] "GET /?author=71 HTTP/1.1" 500 97 "-" "Mozilla/5.0 (Windows NT 6.1; Win64; x64) AppleWebKit/537.36 (KHTML, like Gecko) Chrome/63.0.3239.132 Safari/537.36"
119.28.194.121 - - [10/Apr/2024:22:02:41 +0000] "GET /?author=71 HTTP/1.1" 500 97 "-" "Mozilla/5.0 (Windows NT 6.1; Win64; x64) AppleWebKit/537.36 (KHTML, like Gecko) Chrome/63.0.3239.132 Safari/537.36"
119.28.194.121 - - [10/Apr/2024:22:02:42 +0000] "GET /?author=72 HTTP/1.1" 500 97 "-" "Mozilla/5.0 (Windows NT 6.1; Win64; x64) AppleWebKit/537.36 (KHTML, like Gecko) Chrome/63.0.3239.132 Safari/537.36"
119.28.194.121 - - [10/Apr/2024:22:02:42 +0000] "GET /?author=73 HTTP/1.1" 500 97 "-" "Mozilla/5.0 (Windows NT 6.1; Win64; x64) AppleWebKit/537.36 (KHTML, like Gecko) Chrome/63.0.3239.132 Safari/537.36"
119.28.194.121 - - [10/Apr/2024:22:02:42 +0000] "GET /?author=74 HTTP/1.1" 500 97 "-" "Mozilla/5.0 (Windows NT 6.1; Win64; x64) AppleWebKit/537.36 (KHTML, like Gecko) Chrome/63.0.3239.132 Safari/537.36"
119.28.194.121 - - [10/Apr/2024:22:02:42 +0000] "GET /?author=75 HTTP/1.1" 500 97 "-" "Mozilla/5.0 (Windows NT 6.1; Win64; x64) AppleWebKit/537.36 (KHTML, like Gecko) Chrome/63.0.3239.132 Safari/537.36"
119.28.194.121 - - [10/Apr/2024:22:02:43 +0000] "GET /?author=76 HTTP/1.1" 500 97 "-" "Mozilla/5.0 (Windows NT 6.1; Win64; x64) AppleWebKit/537.36 (KHTML, like Gecko) Chrome/63.0.3239.132 Safari/537.36"
119.28.194.121 - - [10/Apr/2024:22:02:43 +0000] "GET /?author=77 HTTP/1.1" 500 97 "-" "Mozilla/5.0 (Windows NT 6.1; Win64; x64) AppleWebKit/537.36 (KHTML, like Gecko) Chrome/63.0.3239.132 Safari/537.36"
119.28.194.121 - - [10/Apr/2024:22:02:43 +0000] "GET /?author=78 HTTP/1.1" 500 97 "-" "Mozilla/5.0 (Windows NT 6.1; Win64; x64) AppleWebKit/537.36 (KHTML, like Gecko) Chrome/63.0.3239.132 Safari/537.36"
119.28.194.121 - - [10/Apr/2024:22:02:44 +0000] "GET /?author=79 HTTP/1.1" 500 97 "-" "Mozilla/5.0 (Windows NT 6.1; Win64; x64) AppleWebKit/537.36 (KHTML, like Gecko) Chrome/63.0.3239.132 Safari/537.36"
119.28.194.121 - - [10/Apr/2024:22:02:44 +0000] "GET /?author=80 HTTP/1.1" 500 97 "-" "Mozilla/5.0 (Windows NT 6.1; Win64; x64) AppleWebKit/537.36 (KHTML, like Gecko) Chrome/63.0.3239.132 Safari/537.36"
188.40.94.109 - - [10/Apr/2024:22:02:44 +0000] "GET /?author=81 HTTP/1.1" 500 97 "-" "Mozilla/5.0 (Windows NT 10.0; Win64; x64) AppleWebKit/537.36 (KHTML, like Gecko) Chrome/64.0.3282.186 Safari/537.36"
188.40.94.109 - - [10/Apr/2024:22:02:44 +0000] "GET /?author=81 HTTP/1.1" 500 97 "-" "Mozilla/5.0 (Windows NT 10.0; Win64; x64) AppleWebKit/537.36 (KHTML, like Gecko) Chrome/64.0.3282.186 Safari/537.36"
188.40.94.109 - - [10/Apr/2024:22:02:45 +0000] "GET /?author=82 HTTP/1.1" 500 97 "-" "Mozilla/5.0 (Windows NT 10.0; Win64; x64) AppleWebKit/537.36 (KHTML, like Gecko) Chrome/64.0.3282.186 Safari/537.36"
188.40.94.109 - - [10/Apr/2024:22:02:45 +0000] "GET /?author=83 HTTP/1.1" 500 97 "-" "Mozilla/5.0 (Windows NT 10.0; Win64; x64) AppleWebKit/537.36 (KHTML, like Gecko) Chrome/64.0.3282.186 Safari/537.36"
188.40.94.109 - - [10/Apr/2024:22:02:45 +0000] "GET /?author=84 HTTP/1.1" 500 97 "-" "Mozilla/5.0 (Windows NT 10.0; Win64; x64) AppleWebKit/537.36 (KHTML, like Gecko) Chrome/64.0.3282.186 Safari/537.36"
188.40.94.109 - - [10/Apr/2024:22:02:46 +0000] "GET /?author=85 HTTP/1.1" 500 97 "-" "Mozilla/5.0 (Windows NT 10.0; Win64; x64) AppleWebKit/537.36 (KHTML, like Gecko) Chrome/64.0.3282.186 Safari/537.36"
188.40.94.109 - - [10/Apr/2024:22:02:46 +0000] "GET /?author=86 HTTP/1.1" 500 97 "-" "Mozilla/5.0 (Windows NT 10.0; Win64; x64) AppleWebKit/537.36 (KHTML, like Gecko) Chrome/64.0.3282.186 Safari/537.36"
188.40.94.109 - - [10/Apr/2024:22:02:46 +0000] "GET /?author=87 HTTP/1.1" 500 97 "-" "Mozilla/5.0 (Windows NT 10.0; Win64; x64) AppleWebKit/537.36 (KHTML, like Gecko) Chrome/64.0.3282.186 Safari/537.36"
188.40.94.109 - - [10/Apr/2024:22:02:47 +0000] "GET /?author=88 HTTP/1.1" 500 97 "-" "Mozilla/5.0 (Windows NT 10.0; Win64; x64) AppleWebKit/537.36 (KHTML, like Gecko) Chrome/64.0.3282.186 Safari/537.36"
72.167.210.93 - - [10/Apr/2024:22:02:47 +0000] "GET /?author=21 HTTP/1.1" 500 97 "-" "Mozilla/5.0 (Windows NT 10.0; Win64; x64) AppleWebKit/537.36 (KHTML, like Gecko) Chrome/87.0.4280.88 Safari/537.36"
188.40.94.109 - - [10/Apr/2024:22:02:47 +0000] "GET /?author=89 HTTP/1.1" 500 97 "-" "Mozilla/5.0 (Windows NT 10.0; Win64; x64) AppleWebKit/537.36 (KHTML, like Gecko) Chrome/64.0.3282.186 Safari/537.36"
72.167.210.93 - - [10/Apr/2024:22:02:47 +0000] "GET /?author=21 HTTP/1.1" 500 97 "-" "Mozilla/5.0 (Windows NT 10.0; Win64; x64) AppleWebKit/537.36 (KHTML, like Gecko) Chrome/87.0.4280.88 Safari/537.36"
188.40.94.109 - - [10/Apr/2024:22:02:47 +0000] "GET /?author=90 HTTP/1.1" 500 97 "-" "Mozilla/5.0 (Windows NT 10.0; Win64; x64) AppleWebKit/537.36 (KHTML, like Gecko) Chrome/64.0.3282.186 Safari/537.36"
72.167.210.93 - - [10/Apr/2024:22:02:48 +0000] "GET /?author=22 HTTP/1.1" 500 97 "-" "Mozilla/5.0 (Windows NT 10.0; Win64; x64) AppleWebKit/537.36 (KHTML, like Gecko) Chrome/87.0.4280.88 Safari/537.36"
72.167.210.93 - - [10/Apr/2024:22:02:48 +0000] "GET /?author=23 HTTP/1.1" 500 97 "-" "Mozilla/5.0 (Windows NT 10.0; Win64; x64) AppleWebKit/537.36 (KHTML, like Gecko) Chrome/87.0.4280.88 Safari/537.36"
72.167.210.93 - - [10/Apr/2024:22:02:49 +0000] "GET /?author=24 HTTP/1.1" 500 97 "-" "Mozilla/5.0 (Windows NT 10.0; Win64; x64) AppleWebKit/537.36 (KHTML, like Gecko) Chrome/87.0.4280.88 Safari/537.36"
72.167.210.93 - - [10/Apr/2024:22:02:50 +0000] "GET /?author=25 HTTP/1.1" 500 97 "-" "Mozilla/5.0 (Windows NT 10.0; Win64; x64) AppleWebKit/537.36 (KHTML, like Gecko) Chrome/87.0.4280.88 Safari/537.36"
72.167.210.93 - - [10/Apr/2024:22:02:50 +0000] "GET /?author=26 HTTP/1.1" 500 97 "-" "Mozilla/5.0 (Windows NT 10.0; Win64; x64) AppleWebKit/537.36 (KHTML, like Gecko) Chrome/87.0.4280.88 Safari/537.36"
72.167.210.93 - - [10/Apr/2024:22:02:51 +0000] "GET /?author=27 HTTP/1.1" 500 86 "-" "Mozilla/5.0 (Windows NT 10.0; Win64; x64) AppleWebKit/537.36 (KHTML, like Gecko) Chrome/87.0.4280.88 Safari/537.36"
72.167.210.93 - - [10/Apr/2024:22:02:51 +0000] "GET /?author=28 HTTP/1.1" 500 97 "-" "Mozilla/5.0 (Windows NT 10.0; Win64; x64) AppleWebKit/537.36 (KHTML, like Gecko) Chrome/87.0.4280.88 Safari/537.36"
198.12.238.123 - - [10/Apr/2024:22:02:52 +0000] "GET /?author=91 HTTP/1.1" 500 97 "-" "Mozilla/5.0 (Windows NT 10.0; Win64; x64; rv:57.0) Gecko/20100101 Firefox/57.0"
72.167.210.93 - - [10/Apr/2024:22:02:52 +0000] "GET /?author=29 HTTP/1.1" 500 97 "-" "Mozilla/5.0 (Windows NT 10.0; Win64; x64) AppleWebKit/537.36 (KHTML, like Gecko) Chrome/87.0.4280.88 Safari/537.36"
198.12.238.123 - - [10/Apr/2024:22:02:52 +0000] "GET /?author=91 HTTP/1.1" 500 97 "-" "Mozilla/5.0 (Windows NT 10.0; Win64; x64; rv:57.0) Gecko/20100101 Firefox/57.0"
72.167.210.93 - - [10/Apr/2024:22:02:52 +0000] "GET /?author=30 HTTP/1.1" 500 97 "-" "Mozilla/5.0 (Windows NT 10.0; Win64; x64) AppleWebKit/537.36 (KHTML, like Gecko) Chrome/87.0.4280.88 Safari/537.36"
198.12.238.123 - - [10/Apr/2024:22:02:53 +0000] "GET /?author=92 HTTP/1.1" 500 97 "-" "Mozilla/5.0 (Windows NT 10.0; Win64; x64; rv:57.0) Gecko/20100101 Firefox/57.0"
198.12.238.123 - - [10/Apr/2024:22:02:53 +0000] "GET /?author=93 HTTP/1.1" 500 97 "-" "Mozilla/5.0 (Windows NT 10.0; Win64; x64; rv:57.0) Gecko/20100101 Firefox/57.0"
181.215.134.209 - - [10/Apr/2024:22:02:53 +0000] "GET /?author=91 HTTP/1.1" 500 97 "-" "Mozilla/5.0 (Windows NT 5.1; rv:52.0) Gecko/20100101 Firefox/52.0"
198.12.238.123 - - [10/Apr/2024:22:02:54 +0000] "GET /?author=94 HTTP/1.1" 500 97 "-" "Mozilla/5.0 (Windows NT 10.0; Win64; x64; rv:57.0) Gecko/20100101 Firefox/57.0"
181.215.134.209 - - [10/Apr/2024:22:02:54 +0000] "GET /?author=91 HTTP/1.1" 500 97 "-" "Mozilla/5.0 (Windows NT 5.1; rv:52.0) Gecko/20100101 Firefox/52.0"
198.12.238.123 - - [10/Apr/2024:22:02:54 +0000] "GET /?author=95 HTTP/1.1" 500 97 "-" "Mozilla/5.0 (Windows NT 10.0; Win64; x64; rv:57.0) Gecko/20100101 Firefox/57.0"
198.12.238.123 - - [10/Apr/2024:22:02:55 +0000] "GET /?author=96 HTTP/1.1" 500 97 "-" "Mozilla/5.0 (Windows NT 10.0; Win64; x64; rv:57.0) Gecko/20100101 Firefox/57.0"
181.215.134.209 - - [10/Apr/2024:22:02:55 +0000] "GET /?author=92 HTTP/1.1" 500 97 "-" "Mozilla/5.0 (Windows NT 5.1; rv:52.0) Gecko/20100101 Firefox/52.0"
217.174.153.24 - - [10/Apr/2024:22:02:55 +0000] "GET /?author=61 HTTP/1.1" 500 97 "-" "Mozilla/5.0 (Windows NT 10.0; WOW64) AppleWebKit/537.36 (KHTML, like Gecko) Chrome/72.0.3626.121 Safari/537.36"
198.12.238.123 - - [10/Apr/2024:22:02:55 +0000] "GET /?author=97 HTTP/1.1" 500 97 "-" "Mozilla/5.0 (Windows NT 10.0; Win64; x64; rv:57.0) Gecko/20100101 Firefox/57.0"
217.174.153.24 - - [10/Apr/2024:22:02:56 +0000] "GET /?author=61 HTTP/1.1" 500 97 "-" "Mozilla/5.0 (Windows NT 10.0; WOW64) AppleWebKit/537.36 (KHTML, like Gecko) Chrome/72.0.3626.121 Safari/537.36"
198.12.238.123 - - [10/Apr/2024:22:02:56 +0000] "GET /?author=98 HTTP/1.1" 500 97 "-" "Mozilla/5.0 (Windows NT 10.0; Win64; x64; rv:57.0) Gecko/20100101 Firefox/57.0"
217.174.153.24 - - [10/Apr/2024:22:02:56 +0000] "GET /?author=62 HTTP/1.1" 500 97 "-" "Mozilla/5.0 (Windows NT 10.0; WOW64) AppleWebKit/537.36 (KHTML, like Gecko) Chrome/72.0.3626.121 Safari/537.36"
181.215.134.209 - - [10/Apr/2024:22:02:56 +0000] "GET /?author=93 HTTP/1.1" 500 97 "-" "Mozilla/5.0 (Windows NT 5.1; rv:52.0) Gecko/20100101 Firefox/52.0"
217.174.153.24 - - [10/Apr/2024:22:02:56 +0000] "GET /?author=63 HTTP/1.1" 500 97 "-" "Mozilla/5.0 (Windows NT 10.0; WOW64) AppleWebKit/537.36 (KHTML, like Gecko) Chrome/72.0.3626.121 Safari/537.36"
198.12.238.123 - - [10/Apr/2024:22:02:56 +0000] "GET /?author=99 HTTP/1.1" 500 97 "-" "Mozilla/5.0 (Windows NT 10.0; Win64; x64; rv:57.0) Gecko/20100101 Firefox/57.0"
217.174.153.24 - - [10/Apr/2024:22:02:57 +0000] "GET /?author=64 HTTP/1.1" 500 97 "-" "Mozilla/5.0 (Windows NT 10.0; WOW64) AppleWebKit/537.36 (KHTML, like Gecko) Chrome/72.0.3626.121 Safari/537.36"
198.12.238.123 - - [10/Apr/2024:22:02:57 +0000] "GET /?author=100 HTTP/1.1" 500 97 "-" "Mozilla/5.0 (Windows NT 10.0; Win64; x64; rv:57.0) Gecko/20100101 Firefox/57.0"
181.215.134.209 - - [10/Apr/2024:22:02:57 +0000] "GET /?author=94 HTTP/1.1" 500 97 "-" "Mozilla/5.0 (Windows NT 5.1; rv:52.0) Gecko/20100101 Firefox/52.0"
217.174.153.24 - - [10/Apr/2024:22:02:57 +0000] "GET /?author=65 HTTP/1.1" 500 97 "-" "Mozilla/5.0 (Windows NT 10.0; WOW64) AppleWebKit/537.36 (KHTML, like Gecko) Chrome/72.0.3626.121 Safari/537.36"
217.174.153.24 - - [10/Apr/2024:22:02:58 +0000] "GET /?author=66 HTTP/1.1" 500 97 "-" "Mozilla/5.0 (Windows NT 10.0; WOW64) AppleWebKit/537.36 (KHTML, like Gecko) Chrome/72.0.3626.121 Safari/537.36"
217.174.153.24 - - [10/Apr/2024:22:02:58 +0000] "GET /?author=67 HTTP/1.1" 500 86 "-" "Mozilla/5.0 (Windows NT 10.0; WOW64) AppleWebKit/537.36 (KHTML, like Gecko) Chrome/72.0.3626.121 Safari/537.36"
181.215.134.209 - - [10/Apr/2024:22:02:58 +0000] "GET /?author=95 HTTP/1.1" 500 97 "-" "Mozilla/5.0 (Windows NT 5.1; rv:52.0) Gecko/20100101 Firefox/52.0"
217.174.153.24 - - [10/Apr/2024:22:02:58 +0000] "GET /?author=68 HTTP/1.1" 500 97 "-" "Mozilla/5.0 (Windows NT 10.0; WOW64) AppleWebKit/537.36 (KHTML, like Gecko) Chrome/72.0.3626.121 Safari/537.36"
217.174.153.24 - - [10/Apr/2024:22:02:59 +0000] "GET /?author=69 HTTP/1.1" 500 97 "-" "Mozilla/5.0 (Windows NT 10.0; WOW64) AppleWebKit/537.36 (KHTML, like Gecko) Chrome/72.0.3626.121 Safari/537.36"
217.174.153.24 - - [10/Apr/2024:22:02:59 +0000] "GET /?author=70 HTTP/1.1" 500 86 "-" "Mozilla/5.0 (Windows NT 10.0; WOW64) AppleWebKit/537.36 (KHTML, like Gecko) Chrome/72.0.3626.121 Safari/537.36"
181.215.134.209 - - [10/Apr/2024:22:02:59 +0000] "GET /?author=96 HTTP/1.1" 500 97 "-" "Mozilla/5.0 (Windows NT 5.1; rv:52.0) Gecko/20100101 Firefox/52.0"
181.215.134.209 - - [10/Apr/2024:22:03:00 +0000] "GET /?author=97 HTTP/1.1" 500 97 "-" "Mozilla/5.0 (Windows NT 5.1; rv:52.0) Gecko/20100101 Firefox/52.0"
181.215.134.209 - - [10/Apr/2024:22:03:01 +0000] "GET /?author=98 HTTP/1.1" 500 97 "-" "Mozilla/5.0 (Windows NT 5.1; rv:52.0) Gecko/20100101 Firefox/52.0"
181.215.134.209 - - [10/Apr/2024:22:03:02 +0000] "GET /?author=99 HTTP/1.1" 500 97 "-" "Mozilla/5.0 (Windows NT 5.1; rv:52.0) Gecko/20100101 Firefox/52.0"
181.215.134.209 - - [10/Apr/2024:22:03:03 +0000] "GET /?author=100 HTTP/1.1" 500 97 "-" "Mozilla/5.0 (Windows NT 5.1; rv:52.0) Gecko/20100101 Firefox/52.0"
160.20.109.244 - - [10/Apr/2024:22:03:10 +0000] "GET /?author=41 HTTP/1.1" 500 97 "-" "Mozilla/5.0 (Windows NT 5.1; rv:52.0) Gecko/20100101 Firefox/52.0"
160.20.109.244 - - [10/Apr/2024:22:03:11 +0000] "GET /?author=41 HTTP/1.1" 500 97 "-" "Mozilla/5.0 (Windows NT 5.1; rv:52.0) Gecko/20100101 Firefox/52.0"
160.20.109.244 - - [10/Apr/2024:22:03:11 +0000] "GET /?author=42 HTTP/1.1" 500 97 "-" "Mozilla/5.0 (Windows NT 5.1; rv:52.0) Gecko/20100101 Firefox/52.0"
160.20.109.244 - - [10/Apr/2024:22:03:12 +0000] "GET /?author=43 HTTP/1.1" 500 97 "-" "Mozilla/5.0 (Windows NT 5.1; rv:52.0) Gecko/20100101 Firefox/52.0"
160.20.109.244 - - [10/Apr/2024:22:03:13 +0000] "GET /?author=44 HTTP/1.1" 500 97 "-" "Mozilla/5.0 (Windows NT 5.1; rv:52.0) Gecko/20100101 Firefox/52.0"
160.20.109.244 - - [10/Apr/2024:22:03:14 +0000] "GET /?author=45 HTTP/1.1" 500 97 "-" "Mozilla/5.0 (Windows NT 5.1; rv:52.0) Gecko/20100101 Firefox/52.0"
160.20.109.244 - - [10/Apr/2024:22:03:15 +0000] "GET /?author=46 HTTP/1.1" 500 97 "-" "Mozilla/5.0 (Windows NT 5.1; rv:52.0) Gecko/20100101 Firefox/52.0"
160.20.109.244 - - [10/Apr/2024:22:03:16 +0000] "GET /?author=47 HTTP/1.1" 500 97 "-" "Mozilla/5.0 (Windows NT 5.1; rv:52.0) Gecko/20100101 Firefox/52.0"
160.20.109.244 - - [10/Apr/2024:22:03:17 +0000] "GET /?author=48 HTTP/1.1" 500 97 "-" "Mozilla/5.0 (Windows NT 5.1; rv:52.0) Gecko/20100101 Firefox/52.0"
160.20.109.244 - - [10/Apr/2024:22:03:18 +0000] "GET /?author=49 HTTP/1.1" 500 97 "-" "Mozilla/5.0 (Windows NT 5.1; rv:52.0) Gecko/20100101 Firefox/52.0"
160.20.109.244 - - [10/Apr/2024:22:03:18 +0000] "GET /?author=50 HTTP/1.1" 500 97 "-" "Mozilla/5.0 (Windows NT 5.1; rv:52.0) Gecko/20100101 Firefox/52.0"
39.105.120.190 - - [10/Apr/2024:23:01:12 +0000] "GET /wp-login.php HTTP/1.1" 500 97 "-" "Mozilla/5.0 (X11; Fedora; Linux x86_64; rv:94.0) Gecko/20100101 Firefox/95.0"
52.156.164.226 - - [10/Apr/2024:23:11:11 +0000] "GET / HTTP/1.1" 500 97 "-" "Go-http-client/1.1"
52.156.164.226 - - [10/Apr/2024:23:11:12 +0000] "GET //wp-content/uploads/ HTTP/1.1" 403 199 "-" "Go-http-client/1.1"
52.156.164.226 - - [10/Apr/2024:23:11:12 +0000] "GET //wp-content/plugins/ HTTP/1.1" 200 0 "-" "Go-http-client/1.1"
52.156.164.226 - - [10/Apr/2024:23:11:12 +0000] "GET //wp-admin/admin-ajax.php HTTP/1.1" 500 97 "-" "Go-http-client/1.1"
52.156.164.226 - - [10/Apr/2024:23:11:12 +0000] "GET //wp-content/themes/twenty/twenty.php HTTP/1.1" 500 97 "-" "Go-http-client/1.1"
52.156.164.226 - - [10/Apr/2024:23:11:12 +0000] "GET //wp-content/patior/ HTTP/1.1" 500 97 "-" "Go-http-client/1.1"
52.156.164.226 - - [10/Apr/2024:23:11:12 +0000] "GET //wp-includes/js/tinymce/plugins/compat3x/css/index.php HTTP/1.1" 500 97 "-" "Go-http-client/1.1"
52.156.164.226 - - [10/Apr/2024:23:11:13 +0000] "GET //dropdown.php HTTP/1.1" 500 97 "-" "Go-http-client/1.1"
52.156.164.226 - - [10/Apr/2024:23:11:13 +0000] "GET //wp-includes/Text/about.php HTTP/1.1" 500 97 "-" "Go-http-client/1.1"
52.156.164.226 - - [10/Apr/2024:23:11:13 +0000] "GET //wp-includes/rest-api/about.php HTTP/1.1" 500 97 "-" "Go-http-client/1.1"
52.156.164.226 - - [10/Apr/2024:23:11:13 +0000] "GET //ee.php HTTP/1.1" 500 86 "-" "Go-http-client/1.1"
52.156.164.226 - - [10/Apr/2024:23:11:13 +0000] "GET //wp-admin/install.php HTTP/1.1" 500 97 "-" "Go-http-client/1.1"
52.156.164.226 - - [10/Apr/2024:23:11:13 +0000] "GET //wp-content/plugins/install.php HTTP/1.1" 500 97 "-" "Go-http-client/1.1"
52.156.164.226 - - [10/Apr/2024:23:11:14 +0000] "GET //wp-content/install.php HTTP/1.1" 500 97 "-" "Go-http-client/1.1"
52.156.164.226 - - [10/Apr/2024:23:11:14 +0000] "GET //install.php HTTP/1.1" 500 97 "-" "Go-http-client/1.1"
52.156.164.226 - - [10/Apr/2024:23:11:14 +0000] "GET //wp-includes/install.php HTTP/1.1" 500 97 "-" "Go-http-client/1.1"
52.156.164.226 - - [10/Apr/2024:23:11:14 +0000] "GET //wp-admin/images/install.php HTTP/1.1" 500 97 "-" "Go-http-client/1.1"
52.156.164.226 - - [10/Apr/2024:23:11:14 +0000] "GET //cgi-bin/install.php HTTP/1.1" 500 97 "-" "Go-http-client/1.1"
52.156.164.226 - - [10/Apr/2024:23:11:14 +0000] "GET //.well-known/acme-challenge/install.php HTTP/1.1" 404 196 "-" "Go-http-client/1.1"
52.156.164.226 - - [10/Apr/2024:23:11:15 +0000] "GET //css/install.php HTTP/1.1" 500 97 "-" "Go-http-client/1.1"
52.156.164.226 - - [10/Apr/2024:23:11:15 +0000] "GET //wp-admin/js/about.php7 HTTP/1.1" 500 97 "-" "Go-http-client/1.1"
52.156.164.226 - - [10/Apr/2024:23:11:15 +0000] "GET //wp-admin/js/about.php HTTP/1.1" 500 97 "-" "Go-http-client/1.1"
52.156.164.226 - - [10/Apr/2024:23:11:15 +0000] "GET //wp-admin/maint/moon.php HTTP/1.1" 500 97 "-" "Go-http-client/1.1"
52.156.164.226 - - [10/Apr/2024:23:11:15 +0000] "GET //cgi-bin/cgi-bin/about.php HTTP/1.1" 500 97 "-" "Go-http-client/1.1"
52.156.164.226 - - [10/Apr/2024:23:11:15 +0000] "GET //cgi-bin/cgi-bin/about.php7 HTTP/1.1" 500 97 "-" "Go-http-client/1.1"
52.156.164.226 - - [10/Apr/2024:23:11:16 +0000] "GET //wp-admin/dropdown.php HTTP/1.1" 500 97 "-" "Go-http-client/1.1"
52.156.164.226 - - [10/Apr/2024:23:11:16 +0000] "GET //wp-content/plugins/Cache/dropdown.php HTTP/1.1" 500 97 "-" "Go-http-client/1.1"
52.156.164.226 - - [10/Apr/2024:23:11:16 +0000] "GET //wp-content/dropdown.php HTTP/1.1" 500 97 "-" "Go-http-client/1.1"
52.156.164.226 - - [10/Apr/2024:23:13:22 +0000] "GET / HTTP/1.1" 500 97 "-" "Go-http-client/1.1"
52.156.164.226 - - [10/Apr/2024:23:13:22 +0000] "GET //wp-content/uploads/ HTTP/1.1" 403 199 "-" "Go-http-client/1.1"
52.156.164.226 - - [10/Apr/2024:23:13:22 +0000] "GET //wp-content/plugins/ HTTP/1.1" 200 0 "-" "Go-http-client/1.1"
52.156.164.226 - - [10/Apr/2024:23:13:22 +0000] "GET //wp-admin/admin-ajax.php HTTP/1.1" 500 97 "-" "Go-http-client/1.1"
52.156.164.226 - - [10/Apr/2024:23:13:23 +0000] "GET //wp-content/themes/twenty/twenty.php HTTP/1.1" 500 97 "-" "Go-http-client/1.1"
52.156.164.226 - - [10/Apr/2024:23:13:23 +0000] "GET //wp-content/patior/ HTTP/1.1" 500 97 "-" "Go-http-client/1.1"
52.156.164.226 - - [10/Apr/2024:23:13:23 +0000] "GET //wp-includes/js/tinymce/plugins/compat3x/css/index.php HTTP/1.1" 500 97 "-" "Go-http-client/1.1"
52.156.164.226 - - [10/Apr/2024:23:13:23 +0000] "GET //dropdown.php HTTP/1.1" 500 97 "-" "Go-http-client/1.1"
52.156.164.226 - - [10/Apr/2024:23:13:23 +0000] "GET //wp-includes/Text/about.php HTTP/1.1" 500 97 "-" "Go-http-client/1.1"
52.156.164.226 - - [10/Apr/2024:23:13:23 +0000] "GET //wp-includes/rest-api/about.php HTTP/1.1" 500 97 "-" "Go-http-client/1.1"
52.156.164.226 - - [10/Apr/2024:23:13:24 +0000] "GET //ee.php HTTP/1.1" 500 97 "-" "Go-http-client/1.1"
52.156.164.226 - - [10/Apr/2024:23:13:24 +0000] "GET //wp-admin/install.php HTTP/1.1" 500 97 "-" "Go-http-client/1.1"
52.156.164.226 - - [10/Apr/2024:23:13:24 +0000] "GET //wp-content/plugins/install.php HTTP/1.1" 500 97 "-" "Go-http-client/1.1"
52.156.164.226 - - [10/Apr/2024:23:13:24 +0000] "GET //wp-content/install.php HTTP/1.1" 500 97 "-" "Go-http-client/1.1"
52.156.164.226 - - [10/Apr/2024:23:13:24 +0000] "GET //install.php HTTP/1.1" 500 97 "-" "Go-http-client/1.1"
52.156.164.226 - - [10/Apr/2024:23:13:24 +0000] "GET //wp-includes/install.php HTTP/1.1" 500 97 "-" "Go-http-client/1.1"
52.156.164.226 - - [10/Apr/2024:23:13:25 +0000] "GET //wp-admin/images/install.php HTTP/1.1" 500 97 "-" "Go-http-client/1.1"
52.156.164.226 - - [10/Apr/2024:23:13:25 +0000] "GET //cgi-bin/install.php HTTP/1.1" 500 97 "-" "Go-http-client/1.1"
52.156.164.226 - - [10/Apr/2024:23:13:25 +0000] "GET //.well-known/acme-challenge/install.php HTTP/1.1" 404 196 "-" "Go-http-client/1.1"
52.156.164.226 - - [10/Apr/2024:23:13:25 +0000] "GET //css/install.php HTTP/1.1" 500 97 "-" "Go-http-client/1.1"
52.156.164.226 - - [10/Apr/2024:23:13:25 +0000] "GET //wp-admin/js/about.php7 HTTP/1.1" 500 97 "-" "Go-http-client/1.1"
52.156.164.226 - - [10/Apr/2024:23:13:25 +0000] "GET //wp-admin/js/about.php HTTP/1.1" 500 97 "-" "Go-http-client/1.1"
52.156.164.226 - - [10/Apr/2024:23:13:26 +0000] "GET //wp-admin/maint/moon.php HTTP/1.1" 500 97 "-" "Go-http-client/1.1"
52.156.164.226 - - [10/Apr/2024:23:13:26 +0000] "GET //cgi-bin/cgi-bin/about.php HTTP/1.1" 500 97 "-" "Go-http-client/1.1"
52.156.164.226 - - [10/Apr/2024:23:13:26 +0000] "GET //cgi-bin/cgi-bin/about.php7 HTTP/1.1" 500 97 "-" "Go-http-client/1.1"
52.156.164.226 - - [10/Apr/2024:23:13:26 +0000] "GET //wp-admin/dropdown.php HTTP/1.1" 500 97 "-" "Go-http-client/1.1"
52.156.164.226 - - [10/Apr/2024:23:13:26 +0000] "GET //wp-content/plugins/Cache/dropdown.php HTTP/1.1" 500 97 "-" "Go-http-client/1.1"
52.156.164.226 - - [10/Apr/2024:23:13:26 +0000] "GET //wp-content/dropdown.php HTTP/1.1" 500 97 "-" "Go-http-client/1.1"
150.138.73.112 - - [11/Apr/2024:00:29:31 +0000] "GET / HTTP/1.1" 500 97 "-" "python-requests/2.24.0"
199.45.155.38 - - [11/Apr/2024:00:42:18 +0000] "GET / HTTP/1.1" 500 97 "-" "Mozilla/5.0 (compatible; CensysInspect/1.1; +https://about.censys.io/)"
45.80.158.42 - - [11/Apr/2024:00:44:04 +0000] "GET /wp-login.php HTTP/1.1" 500 97 "-" "Mozilla/5.0"
172.187.252.42 - - [11/Apr/2024:01:01:58 +0000] "GET /.git/config HTTP/1.1" 403 555 "-" "Mozilla/5.0 (Windows NT 10.0; Win64; x64) AppleWebKit/537.36 (KHTML, like Gecko) Chrome/93.0.4577.63 Safari/537.36"
34.139.152.95 - - [11/Apr/2024:01:24:27 +0000] "GET /robots.txt HTTP/1.0" 500 86 "-" "ZoominfoBot (zoominfobot at zoominfo dot com)"
34.139.152.95 - - [11/Apr/2024:01:24:28 +0000] "GET / HTTP/1.0" 500 86 "-" "ZoominfoBot (zoominfobot at zoominfo dot com)"
192.36.109.129 - - [11/Apr/2024:01:57:10 +0000] "GET /robots.txt HTTP/1.1" 500 97 "-" "Mozilla/5.0 (Macintosh; Intel Mac OS X 10_15_7) AppleWebKit/605.1.15 (KHTML, like Gecko) Version/17.3.1 Safari/605.1.1"
192.36.109.129 - - [11/Apr/2024:01:57:10 +0000] "GET /humans.txt HTTP/1.1" 500 97 "-" "Mozilla/5.0 (Macintosh; Intel Mac OS X 10_15_7) AppleWebKit/605.1.15 (KHTML, like Gecko) Version/17.3.1 Safari/605.1.1"
192.36.109.102 - - [11/Apr/2024:01:57:11 +0000] "GET /ads.txt HTTP/1.1" 500 97 "-" "Mozilla/5.0 (Macintosh; Intel Mac OS X 10_15_7) AppleWebKit/605.1.15 (KHTML, like Gecko) Version/17.3.1 Safari/605.1.1"
192.36.109.75 - - [11/Apr/2024:01:57:12 +0000] "GET / HTTP/1.1" 500 97 "-" "Mozilla/5.0 (Macintosh; Intel Mac OS X 10_15_7) AppleWebKit/605.1.15 (KHTML, like Gecko) Version/17.3.1 Safari/605.1.1"
84.239.45.11 - - [11/Apr/2024:02:42:36 +0000] "GET /robots.txt HTTP/1.1" 500 97 "-" "panscient.com"
84.239.45.11 - - [11/Apr/2024:02:42:37 +0000] "GET / HTTP/1.1" 500 97 "-" "panscient.com"
84.239.45.11 - - [11/Apr/2024:02:42:37 +0000] "GET /robots.txt HTTP/1.1" 500 97 "-" "panscient.com"
84.239.45.11 - - [11/Apr/2024:02:42:38 +0000] "GET / HTTP/1.1" 500 97 "-" "panscient.com"
84.239.45.11 - - [11/Apr/2024:02:42:40 +0000] "GET / HTTP/1.1" 500 97 "-" "panscient.com"
84.239.45.11 - - [11/Apr/2024:02:42:40 +0000] "GET / HTTP/1.1" 500 97 "-" "panscient.com"
84.239.45.11 - - [11/Apr/2024:02:42:42 +0000] "GET / HTTP/1.1" 500 97 "-" "panscient.com"
84.239.45.11 - - [11/Apr/2024:02:42:44 +0000] "GET / HTTP/1.1" 500 97 "-" "panscient.com"
84.239.45.11 - - [11/Apr/2024:02:42:44 +0000] "GET / HTTP/1.1" 500 97 "-" "panscient.com"
23.225.104.146 - - [11/Apr/2024:02:46:35 +0000] "GET /elfinder/php/connector.php HTTP/1.1" 500 97 "-" "ALittle Client"
23.225.104.146 - - [11/Apr/2024:02:46:50 +0000] "GET /js/elfinder/php/connector.php HTTP/1.1" 500 97 "-" "ALittle Client"
114.119.143.210 - - [11/Apr/2024:03:11:47 +0000] "GET /robots.txt HTTP/1.1" 500 97 "-" "Mozilla/5.0 (compatible;PetalBot;+https://webmaster.petalsearch.com/site/petalbot)"
47.128.110.7 - - [11/Apr/2024:03:18:12 +0000] "GET /robots.txt HTTP/1.1" 500 97 "-" "Mozilla/5.0 (Linux; Android 5.0) AppleWebKit/537.36 (KHTML, like Gecko) Mobile Safari/537.36 (compatible; Bytespider; spider-feedback@bytedance.com)"
34.139.231.210 - - [11/Apr/2024:03:21:27 +0000] "GET /robots.txt HTTP/1.0" 500 86 "-" "ZoominfoBot (zoominfobot at zoominfo dot com)"
34.139.231.210 - - [11/Apr/2024:03:21:27 +0000] "GET / HTTP/1.0" 500 86 "-" "ZoominfoBot (zoominfobot at zoominfo dot com)"
47.128.25.222 - - [11/Apr/2024:03:22:07 +0000] "GET / HTTP/1.1" 500 97 "-" "Mozilla/5.0 (Linux; Android 5.0) AppleWebKit/537.36 (KHTML, like Gecko) Mobile Safari/537.36 (compatible; Bytespider; spider-feedback@bytedance.com)"
223.207.246.202 - - [11/Apr/2024:03:26:14 +0000] "GET /robots.txt HTTP/1.1" 500 97 "-" "Mozilla/5.0 (Linux; Android 5.0; SM-G900P Build/LRX21T) AppleWebKit/537.36 (KHTML, like Gecko) Chrome/59.0.9608.1890 Mobile Safari/537.36"
45.80.158.96 - - [11/Apr/2024:03:40:18 +0000] "GET / HTTP/1.1" 500 97 "www.google.com" "Mozlila/5.0 (Linux; Android 7.0; SM-G892A Bulid/NRD90M; wv) AppleWebKit/537.36 (KHTML, like Gecko) Version/4.0 Chrome/60.0.3112.107 Moblie Safari/537.36"
199.45.154.52 - - [11/Apr/2024:03:41:06 +0000] "GET / HTTP/1.1" 500 97 "-" "Mozilla/5.0 (compatible; CensysInspect/1.1; +https://about.censys.io/)"
43.130.39.101 - - [11/Apr/2024:03:53:30 +0000] "GET / HTTP/1.1" 500 97 "-" "Mozilla/5.0 (iPhone; CPU iPhone OS 13_2_3 like Mac OS X) AppleWebKit/605.1.15 (KHTML, like Gecko) Version/13.0.3 Mobile/15E148 Safari/604.1"
34.139.231.210 - - [11/Apr/2024:03:59:54 +0000] "GET /robots.txt HTTP/1.0" 500 86 "-" "ZoominfoBot (zoominfobot at zoominfo dot com)"
34.139.231.210 - - [11/Apr/2024:03:59:54 +0000] "GET / HTTP/1.0" 500 86 "-" "ZoominfoBot (zoominfobot at zoominfo dot com)"
87.236.176.253 - - [11/Apr/2024:04:42:23 +0000] "GET / HTTP/1.1" 500 97 "-" "Mozilla/5.0 (compatible; InternetMeasurement/1.0; +https://internet-measurement.com/)"
147.78.103.90 - - [11/Apr/2024:04:58:01 +0000] "GET / HTTP/1.1" 500 97 "-" "Mozilla/5.0 (Windows NT 10.0; Win64; x64) AppleWebKit/537.36 (KHTML, like Gecko) Chrome/121.0.0.0 Safari/537.36"
203.189.153.187 - - [11/Apr/2024:05:12:38 +0000] "GET / HTTP/1.1" 500 97 "-" "Mozilla/5.0 (Windows NT 10.0; Win64; x64) AppleWebKit/537.36 (KHTML, like Gecko) Chrome/120.0.0.0 Safari/537.36"
66.249.79.5 - - [11/Apr/2024:06:15:22 +0000] "GET /robots.txt HTTP/1.1" 500 97 "-" "Mozilla/5.0 (compatible; Googlebot/2.1; +http://www.google.com/bot.html)"
66.249.79.7 - - [11/Apr/2024:06:15:25 +0000] "GET /robots.txt HTTP/1.1" 500 97 "-" "Mozilla/5.0 (compatible; Googlebot/2.1; +http://www.google.com/bot.html)"
149.129.128.60 - - [11/Apr/2024:06:33:19 +0000] "GET / HTTP/1.1" 500 97 "-" "Mozilla/5.0 (Windows NT 10.0; Win64; x64) AppleWebKit/537.36 (KHTML, like Gecko) Chrome/120.0.0.0 Safari/537.36"
52.40.159.78 - - [11/Apr/2024:06:45:50 +0000] "GET / HTTP/1.1" 500 97 "-" "Mozilla/5.0 (Macintosh; Intel Mac OS X 10_15_7) AppleWebKit/537.36 (KHTML, like Gecko) Chrome/122.0.0.0 Safari/537.36"
114.119.158.128 - - [11/Apr/2024:06:50:53 +0000] "GET /robots.txt HTTP/1.1" 500 97 "-" "Mozilla/5.0 (compatible;PetalBot;+https://webmaster.petalsearch.com/site/petalbot)"
4.242.233.226 - - [11/Apr/2024:06:53:36 +0000] "GET /wp-admin/css/ HTTP/1.1" 403 199 "binance.com" "Mozilla/5.0 (Windows NT 10.0; Win64; x64) AppleWebKit/537.36 (KHTML, like Gecko) Chrome/90.0.4430.85 Safari/537.36"
64.227.181.3 - - [11/Apr/2024:07:24:08 +0000] "GET / HTTP/1.1" 500 97 "-" "Mozilla/5.0 (Windows NT 10.0; Win64; x64) AppleWebKit/537.36 (KHTML, like Gecko) Chrome/80.0.3987.149 Safari/537.36"
64.227.181.3 - - [11/Apr/2024:07:24:08 +0000] "GET /wp-includes/wlwmanifest.xml HTTP/1.1" 200 1045 "-" "Mozilla/5.0 (Windows NT 10.0; Win64; x64) AppleWebKit/537.36 (KHTML, like Gecko) Chrome/80.0.3987.149 Safari/537.36"
64.227.181.3 - - [11/Apr/2024:07:24:08 +0000] "GET /?author=1 HTTP/1.1" 500 97 "-" "Mozilla/5.0 (Windows NT 10.0; Win64; x64) AppleWebKit/537.36 (KHTML, like Gecko) Chrome/80.0.3987.149 Safari/537.36"
64.227.181.3 - - [11/Apr/2024:07:24:08 +0000] "GET /?author=2 HTTP/1.1" 500 97 "-" "Mozilla/5.0 (Windows NT 10.0; Win64; x64) AppleWebKit/537.36 (KHTML, like Gecko) Chrome/80.0.3987.149 Safari/537.36"
64.227.181.3 - - [11/Apr/2024:07:24:09 +0000] "GET /wp-json/wp/v2/users/ HTTP/1.1" 500 97 "-" "Mozilla/5.0 (Windows NT 10.0; Win64; x64) AppleWebKit/537.36 (KHTML, like Gecko) Chrome/80.0.3987.149 Safari/537.36"
64.227.181.3 - - [11/Apr/2024:07:24:09 +0000] "GET /wp-json/oembed/1.0/embed?url=http://mswebtech.com HTTP/1.1" 500 97 "-" "Mozilla/5.0 (Windows NT 10.0; Win64; x64) AppleWebKit/537.36 (KHTML, like Gecko) Chrome/80.0.3987.149 Safari/537.36"
64.227.181.3 - - [11/Apr/2024:07:24:09 +0000] "POST /xmlrpc.php HTTP/1.1" 500 97 "-" "Mozilla/5.0 (Windows NT 10.0; Win64; x64) AppleWebKit/537.36 (KHTML, like Gecko) Chrome/80.0.3987.149 Safari/537.36"
176.9.18.134 - - [11/Apr/2024:07:39:24 +0000] "GET / HTTP/1.1" 500 97 "-" "Mozilla/5.0 (iPhone; CPU iPhone OS 17_2_1 like Mac OS X) AppleWebKit/605.1.15 (KHTML, like Gecko) FxiOS/122 Mobile/15E148 Version/15.0"
176.9.18.134 - - [11/Apr/2024:07:39:26 +0000] "GET / HTTP/1.1" 500 97 "-" "Mozilla/5.0 (iPhone; CPU iPhone OS 17_2_1 like Mac OS X) AppleWebKit/605.1.15 (KHTML, like Gecko) FxiOS/122 Mobile/15E148 Version/15.0"
176.9.18.134 - - [11/Apr/2024:07:39:27 +0000] "GET / HTTP/1.1" 500 97 "-" "Mozilla/5.0 (iPhone; CPU iPhone OS 17_2_1 like Mac OS X) AppleWebKit/605.1.15 (KHTML, like Gecko) FxiOS/122 Mobile/15E148 Version/15.0"
138.246.253.24 - - [11/Apr/2024:07:47:30 +0000] "GET /robots.txt HTTP/1.1" 500 97 "-" "Mozilla/5.0 (Windows NT 10.0; Win64; x64) AppleWebKit/537.36 (KHTML, like Gecko) Chrome/103.0.5060.134 Safari/537.36"
176.123.1.195 - - [11/Apr/2024:10:10:33 +0000] "GET / HTTP/1.1" 500 97 "" "Mozilla/5.0 (X11; Linux x86_64) AppleWebKit/537.36 (KHTML, like Gecko) Chrome/116.0.0.0 Safari/537.36"
168.0.193.241 - - [11/Apr/2024:10:55:47 +0000] "GET / HTTP/1.1" 500 97 "-" "Mozilla/5.0 (Windows NT 10.0; Win64; x64) AppleWebKit/537.36 (KHTML, like Gecko) Chrome/120.0.0.0 Safari/537.36"
103.65.137.124 - - [11/Apr/2024:11:20:16 +0000] "GET / HTTP/1.1" 500 97 "-" "Mozilla/5.0 (Windows NT 10.0; Win64; x64) AppleWebKit/537.36 (KHTML, like Gecko) Chrome/120.0.0.0 Safari/537.36"
137.226.113.44 - - [11/Apr/2024:11:29:13 +0000] "GET / HTTP/1.1" 500 97 "-" "Mozilla/5.0 researchscan.comsys.rwth-aachen.de"
158.69.23.79 - - [11/Apr/2024:11:55:06 +0000] "GET /wp-cron.php?ac=3 HTTP/1.1" 500 97 "-" "Linux Mozilla"
158.69.23.79 - - [11/Apr/2024:11:55:10 +0000] "GET /wp-content/wp-cron.php?ac=3 HTTP/1.1" 500 97 "-" "Linux Mozilla"
158.69.23.79 - - [11/Apr/2024:11:55:15 +0000] "GET /wp-admin/wp-cron.php?ac=3 HTTP/1.1" 500 97 "-" "Linux Mozilla"
158.69.23.79 - - [11/Apr/2024:11:55:18 +0000] "GET /wp-includes/wp-cron.php?ac=3 HTTP/1.1" 500 97 "-" "Linux Mozilla"
35.196.21.185 - - [11/Apr/2024:12:20:22 +0000] "GET /robots.txt HTTP/1.0" 500 86 "-" "ZoominfoBot (zoominfobot at zoominfo dot com)"
35.196.21.185 - - [11/Apr/2024:12:20:23 +0000] "GET / HTTP/1.0" 500 86 "-" "ZoominfoBot (zoominfobot at zoominfo dot com)"
170.106.171.77 - - [11/Apr/2024:12:57:46 +0000] "GET / HTTP/1.1" 500 97 "-" "Mozilla/5.0 (iPhone; CPU iPhone OS 13_2_3 like Mac OS X) AppleWebKit/605.1.15 (KHTML, like Gecko) Version/13.0.3 Mobile/15E148 Safari/604.1"
134.122.215.162 - - [11/Apr/2024:13:15:06 +0000] "GET / HTTP/1.1" 500 97 "-" "Mozilla/5.0 (Windows NT 10.0; Win64; x64) AppleWebKit/537.36 (KHTML, like Gecko) Chrome/120.0.0.0 Safari/537.36"
104.237.128.194 - - [11/Apr/2024:14:04:16 +0000] "GET /FSjY HTTP/1.1" 500 97 "-" "Mozilla/5.0 (compatible; Nmap Scripting Engine; https://nmap.org/book/nse.html)"
104.237.128.194 - - [11/Apr/2024:14:04:17 +0000] "GET /YAmV HTTP/1.1" 500 97 "-" "Mozilla/5.0 (compatible; Nmap Scripting Engine; https://nmap.org/book/nse.html)"
50.116.48.10 - - [11/Apr/2024:14:04:21 +0000] "GET /dg0a HTTP/1.1" 500 97 "-" "Mozilla/5.0 (compatible; Nmap Scripting Engine; https://nmap.org/book/nse.html)"
50.116.48.10 - - [11/Apr/2024:14:04:22 +0000] "GET /lAkE HTTP/1.1" 500 97 "-" "Mozilla/5.0 (compatible; Nmap Scripting Engine; https://nmap.org/book/nse.html)"
72.167.57.16 - - [11/Apr/2024:14:09:14 +0000] "GET /wp-json/wp/v2/users HTTP/1.1" 500 97 "-" "Mozilla/5.0 (Windows NT 10.0; WOW64; rv:52.0) Gecko/20100101 Firefox/52.0"
72.167.57.16 - - [11/Apr/2024:14:09:14 +0000] "GET /wp-json/wp/v2/users HTTP/1.1" 500 97 "-" "Mozilla/5.0 (Windows NT 10.0; WOW64; rv:52.0) Gecko/20100101 Firefox/52.0"
120.24.109.199 - - [11/Apr/2024:15:00:35 +0000] "GET /wp-login.php HTTP/1.1" 500 97 "-" "Mozilla/5.0 (X11; Fedora; Linux x86_64; rv:94.0) Gecko/20100101 Firefox/95.0"
47.128.46.237 - - [11/Apr/2024:15:11:54 +0000] "GET /demo-reel/ HTTP/1.1" 500 97 "-" "Mozilla/5.0 (Linux; Android 5.0) AppleWebKit/537.36 (KHTML, like Gecko) Mobile Safari/537.36 (compatible; Bytespider; spider-feedback@bytedance.com)"
34.148.173.71 - - [11/Apr/2024:15:13:05 +0000] "GET /robots.txt HTTP/1.0" 500 86 "-" "ZoominfoBot (zoominfobot at zoominfo dot com)"
34.148.173.71 - - [11/Apr/2024:15:13:06 +0000] "GET / HTTP/1.0" 500 86 "-" "ZoominfoBot (zoominfobot at zoominfo dot com)"
138.246.253.24 - - [11/Apr/2024:16:03:28 +0000] "GET /robots.txt HTTP/1.1" 500 97 "-" "Mozilla/5.0 (Windows NT 10.0; Win64; x64) AppleWebKit/537.36 (KHTML, like Gecko) Chrome/103.0.5060.134 Safari/537.36"
34.148.173.71 - - [11/Apr/2024:16:39:23 +0000] "GET /robots.txt HTTP/1.0" 500 86 "-" "ZoominfoBot (zoominfobot at zoominfo dot com)"
34.148.173.71 - - [11/Apr/2024:16:39:23 +0000] "GET / HTTP/1.0" 500 86 "-" "ZoominfoBot (zoominfobot at zoominfo dot com)"
66.249.79.5 - - [11/Apr/2024:16:59:27 +0000] "GET /robots.txt HTTP/1.1" 500 97 "-" "Mozilla/5.0 (compatible; Googlebot/2.1; +http://www.google.com/bot.html)"
114.119.139.247 - - [11/Apr/2024:21:09:15 +0000] "GET /robots.txt HTTP/1.1" 500 97 "-" "Mozilla/5.0 (compatible;PetalBot;+https://webmaster.petalsearch.com/site/petalbot)"
54.174.58.248 - - [11/Apr/2024:21:42:40 +0000] "GET / HTTP/1.1" 500 97 "-" "Mozilla/5.0 (X11; Linux x86_64) AppleWebKit/537.36 (KHTML, like Gecko) HeadlessChrome/123.0.0.0 Safari/537.36"
54.174.58.248 - - [11/Apr/2024:21:42:40 +0000] "GET /favicon.ico HTTP/1.1" 499 0 "https://mswebtech.com/" "Mozilla/5.0 (X11; Linux x86_64) AppleWebKit/537.36 (KHTML, like Gecko) HeadlessChrome/123.0.0.0 Safari/537.36"
43.159.128.149 - - [11/Apr/2024:22:46:18 +0000] "GET / HTTP/1.1" 500 97 "-" "Mozilla/5.0 (iPhone; CPU iPhone OS 13_2_3 like Mac OS X) AppleWebKit/605.1.15 (KHTML, like Gecko) Version/13.0.3 Mobile/15E148 Safari/604.1"
207.180.248.15 - - [12/Apr/2024:00:24:05 +0000] "GET /wp-content/plugins/backup-backup/modules/gdrivebanner/assets/css/styles.css HTTP/1.1" 500 97 "-" "Mozilla/5.0 (Windows NT 10.0; Win64; x64) AppleWebKit/537.36 (KHTML, like Gecko) Chrome/92.0.4515.107 Safari/537.36"
45.80.158.42 - - [12/Apr/2024:01:04:32 +0000] "GET /wp-login.php HTTP/1.1" 500 97 "-" "Mozilla/5.0"
34.74.91.164 - - [12/Apr/2024:02:18:19 +0000] "GET /robots.txt HTTP/1.0" 500 86 "-" "ZoominfoBot (zoominfobot at zoominfo dot com)"
34.74.91.164 - - [12/Apr/2024:02:18:19 +0000] "GET / HTTP/1.0" 500 86 "-" "ZoominfoBot (zoominfobot at zoominfo dot com)"
114.119.155.233 - - [12/Apr/2024:02:37:39 +0000] "GET /robots.txt HTTP/1.1" 500 97 "-" "Mozilla/5.0 (compatible;PetalBot;+https://webmaster.petalsearch.com/site/petalbot)"
111.180.202.120 - - [12/Apr/2024:02:48:12 +0000] "GET /public/static/admin/hui/lib/webuploader/0.1.5/server/preview.php HTTP/1.1" 500 97 "-" "Mozilla/5.0 (Windows NT 10.0; WOW64; rv:48.0) Gecko/20100101 Firefox/48.0"
111.180.202.120 - - [12/Apr/2024:02:48:13 +0000] "GET /easycode-admin/src/main/webapp/WEB-INF/Widget/webuploader/0.1.5/server/preview.php HTTP/1.1" 500 97 "-" "Mozilla/5.0 (Windows NT 10.0; WOW64; rv:48.0) Gecko/20100101 Firefox/48.0"
111.180.202.120 - - [12/Apr/2024:02:48:15 +0000] "GET /classes/static/lib/webuploader/0.1.5/server/preview.php HTTP/1.1" 500 97 "-" "Mozilla/5.0 (Windows NT 10.0; WOW64; rv:48.0) Gecko/20100101 Firefox/48.0"
111.180.202.120 - - [12/Apr/2024:02:48:38 +0000] "GET /public/assets/vendor/webuploader/server/preview.php HTTP/1.1" 500 97 "-" "Mozilla/5.0 (Windows NT 10.0; WOW64; rv:48.0) Gecko/20100101 Firefox/48.0"
111.180.202.120 - - [12/Apr/2024:02:48:44 +0000] "GET /public/hui/lib/webuploader/0.1.5/server/preview.php HTTP/1.1" 500 97 "-" "Mozilla/5.0 (Windows NT 10.0; WOW64; rv:48.0) Gecko/20100101 Firefox/48.0"
111.180.202.120 - - [12/Apr/2024:02:48:45 +0000] "GET /public/back/Widget/webuploader/0.1.5/server/preview.php HTTP/1.1" 500 97 "-" "Mozilla/5.0 (Windows NT 10.0; WOW64; rv:48.0) Gecko/20100101 Firefox/48.0"
111.180.202.120 - - [12/Apr/2024:02:48:46 +0000] "GET /lib/webuploader/0.1.5/server/preview.php HTTP/1.1" 500 97 "-" "Mozilla/5.0 (Windows NT 10.0; WOW64; rv:48.0) Gecko/20100101 Firefox/48.0"
111.180.202.120 - - [12/Apr/2024:02:48:52 +0000] "GET /Widget/webuploader/0.1.5/server/preview.php HTTP/1.1" 500 97 "-" "Mozilla/5.0 (Windows NT 10.0; WOW64; rv:48.0) Gecko/20100101 Firefox/48.0"
111.180.202.120 - - [12/Apr/2024:02:48:54 +0000] "GET /WEB-INF/lib/webuploader/0.1.5/server/preview.php HTTP/1.1" 500 97 "-" "Mozilla/5.0 (Windows NT 10.0; WOW64; rv:48.0) Gecko/20100101 Firefox/48.0"
111.180.202.120 - - [12/Apr/2024:02:49:05 +0000] "GET /public/vendor/webupload/server/preview.php HTTP/1.1" 500 97 "-" "Mozilla/5.0 (Windows NT 10.0; WOW64; rv:48.0) Gecko/20100101 Firefox/48.0"
111.180.202.120 - - [12/Apr/2024:02:49:21 +0000] "GET /src/main/resources/static/hui/lib/webuploader/0.1.5/server/preview.php HTTP/1.1" 500 97 "-" "Mozilla/5.0 (Windows NT 10.0; WOW64; rv:48.0) Gecko/20100101 Firefox/48.0"
111.180.202.120 - - [12/Apr/2024:02:49:37 +0000] "GET /Public/Widget/webuploader/0.1.5/server/preview.php HTTP/1.1" 500 97 "-" "Mozilla/5.0 (Windows NT 10.0; WOW64; rv:48.0) Gecko/20100101 Firefox/48.0"
111.180.202.120 - - [12/Apr/2024:02:49:39 +0000] "GET /public/js/hdjs/package/webuploader/server/preview.php HTTP/1.1" 499 0 "-" "Mozilla/5.0 (Windows NT 10.0; WOW64; rv:48.0) Gecko/20100101 Firefox/48.0"
111.180.202.120 - - [12/Apr/2024:02:49:42 +0000] "GET /public/static/hadmin/lib/webuploader/0.1.5/server/preview.php HTTP/1.1" 500 97 "-" "Mozilla/5.0 (Windows NT 10.0; WOW64; rv:48.0) Gecko/20100101 Firefox/48.0"
111.180.202.120 - - [12/Apr/2024:02:49:49 +0000] "GET /Public/agent/lib/webuploader/0.1.5/server/preview.php HTTP/1.1" 500 97 "-" "Mozilla/5.0 (Windows NT 10.0; WOW64; rv:48.0) Gecko/20100101 Firefox/48.0"
206.237.1.77 - - [12/Apr/2024:02:49:54 +0000] "GET / HTTP/1.1" 500 97 "-" "Mozilla/5.0 (Windows NT 10.0; Win64; x64) AppleWebKit/537.36 (KHTML, like Gecko) Chrome/120.0.0.0 Safari/537.36"
111.180.202.120 - - [12/Apr/2024:02:49:56 +0000] "GET /Public/admin/admin_style/lib/webuploader/0.1.5/server/preview.php HTTP/1.1" 500 97 "-" "Mozilla/5.0 (Windows NT 10.0; WOW64; rv:48.0) Gecko/20100101 Firefox/48.0"
111.180.202.120 - - [12/Apr/2024:02:49:57 +0000] "GET /text/webuploader-0.1.5/server/preview.php HTTP/1.1" 500 97 "-" "Mozilla/5.0 (Windows NT 10.0; WOW64; rv:48.0) Gecko/20100101 Firefox/48.0"
111.180.202.120 - - [12/Apr/2024:02:50:04 +0000] "GET /public/org/hdjs/package/webuploader/server/preview.php HTTP/1.1" 500 97 "-" "Mozilla/5.0 (Windows NT 10.0; WOW64; rv:48.0) Gecko/20100101 Firefox/48.0"
111.180.202.120 - - [12/Apr/2024:02:50:10 +0000] "GET /Admin/Tpl/public/lib/webuploader/0.1.5/server/preview.php HTTP/1.1" 500 97 "-" "Mozilla/5.0 (Windows NT 10.0; WOW64; rv:48.0) Gecko/20100101 Firefox/48.0"
111.180.202.120 - - [12/Apr/2024:02:50:10 +0000] "GET /application/index/view/layout/lib/webuploader/0.1.5/server/preview.php HTTP/1.1" 500 97 "-" "Mozilla/5.0 (Windows NT 10.0; WOW64; rv:48.0) Gecko/20100101 Firefox/48.0"
111.180.202.120 - - [12/Apr/2024:02:50:16 +0000] "GET /admin/webuploader/server/preview.php HTTP/1.1" 500 97 "-" "Mozilla/5.0 (Windows NT 10.0; WOW64; rv:48.0) Gecko/20100101 Firefox/48.0"
111.180.202.120 - - [12/Apr/2024:02:50:18 +0000] "GET /lib/webuploader/server/preview.php HTTP/1.1" 500 97 "-" "Mozilla/5.0 (Windows NT 10.0; WOW64; rv:48.0) Gecko/20100101 Firefox/48.0"
111.180.202.120 - - [12/Apr/2024:02:50:19 +0000] "GET /webuploader/server/preview.php HTTP/1.1" 500 97 "-" "Mozilla/5.0 (Windows NT 10.0; WOW64; rv:48.0) Gecko/20100101 Firefox/48.0"
111.180.202.120 - - [12/Apr/2024:02:50:20 +0000] "GET /admin/lib/webuploader/server/preview.php HTTP/1.1" 500 97 "-" "Mozilla/5.0 (Windows NT 10.0; WOW64; rv:48.0) Gecko/20100101 Firefox/48.0"
111.180.202.120 - - [12/Apr/2024:02:50:21 +0000] "GET /webuploader/0.1.5/server/preview.php HTTP/1.1" 500 97 "-" "Mozilla/5.0 (Windows NT 10.0; WOW64; rv:48.0) Gecko/20100101 Firefox/48.0"
111.180.202.120 - - [12/Apr/2024:02:50:27 +0000] "GET /hui/lib/webuploader/0.1.5/server/preview.php HTTP/1.1" 500 97 "-" "Mozilla/5.0 (Windows NT 10.0; WOW64; rv:48.0) Gecko/20100101 Firefox/48.0"
111.180.202.120 - - [12/Apr/2024:02:50:32 +0000] "GET /static/admin/hui/lib/webuploader/0.1.5/server/preview.php HTTP/1.1" 500 97 "-" "Mozilla/5.0 (Windows NT 10.0; WOW64; rv:48.0) Gecko/20100101 Firefox/48.0"
111.180.202.120 - - [12/Apr/2024:02:50:38 +0000] "GET /public/static/admin/lib/webuploader/0.1.5/server/preview.php HTTP/1.1" 500 97 "-" "Mozilla/5.0 (Windows NT 10.0; WOW64; rv:48.0) Gecko/20100101 Firefox/48.0"
111.180.202.120 - - [12/Apr/2024:02:50:44 +0000] "GET /public/static/lib/webuploader/0.1.5/server/preview.php HTTP/1.1" 500 97 "-" "Mozilla/5.0 (Windows NT 10.0; WOW64; rv:48.0) Gecko/20100101 Firefox/48.0"
111.180.202.120 - - [12/Apr/2024:02:50:45 +0000] "GET /public/static/admin/lib/webuploader/server/preview.php HTTP/1.1" 500 97 "-" "Mozilla/5.0 (Windows NT 10.0; WOW64; rv:48.0) Gecko/20100101 Firefox/48.0"
111.180.202.120 - - [12/Apr/2024:02:50:45 +0000] "GET /Public/lib/webuploader/0.1.5/server/preview.php HTTP/1.1" 500 86 "-" "Mozilla/5.0 (Windows NT 10.0; WOW64; rv:48.0) Gecko/20100101 Firefox/48.0"
111.180.202.120 - - [12/Apr/2024:02:50:52 +0000] "GET /Public/admin/webuploader/server/preview.php HTTP/1.1" 500 97 "-" "Mozilla/5.0 (Windows NT 10.0; WOW64; rv:48.0) Gecko/20100101 Firefox/48.0"
95.110.186.60 - - [12/Apr/2024:03:26:09 +0000] "GET /index.php?rmbdfl64=t&hex=dwqdqware&bsd=dkfnjewkjfnwejfnqndkasjndaskjd HTTP/1.1" 500 97 "mswebtech.com" "Mozilla/5.0#Boss# (Windows NT 10.0; Win64; x64) AppleWebKit/537.36 (KHTML, like Gecko) Chrome/121.0.0.0 Safari/537.36"
34.74.91.164 - - [12/Apr/2024:03:38:39 +0000] "GET /robots.txt HTTP/1.0" 500 86 "-" "ZoominfoBot (zoominfobot at zoominfo dot com)"
