35.231.207.107 - - [12/Apr/2024:23:26:57 +0000] "GET /robots.txt HTTP/1.0" 404 196 "-" "ZoominfoBot (zoominfobot at zoominfo dot com)"
35.231.207.107 - - [12/Apr/2024:23:26:58 +0000] "GET /VORTEXSHAKER(TESTTUBESHAKER)On-OffType-SenseTouchType.html HTTP/1.0" 200 50715 "-" "ZoominfoBot (zoominfobot at zoominfo dot com)"
40.77.167.67 - - [12/Apr/2024:23:28:03 +0000] "GET /ULTRASONICBATHSONICATOR.html HTTP/1.1" 200 10393 "-" "Mozilla/5.0 AppleWebKit/537.36 (KHTML, like Gecko; compatible; bingbot/2.0; +http://www.bing.com/bingbot.htm) Chrome/116.0.1938.76 Safari/537.36"
35.231.207.107 - - [12/Apr/2024:23:28:33 +0000] "GET /BODINCUBATOR.html HTTP/1.0" 200 60422 "-" "ZoominfoBot (zoominfobot at zoominfo dot com)"
35.231.207.107 - - [12/Apr/2024:23:28:57 +0000] "GET /VORTEXSHAKER(TESTTUBESHAKER)On-OffType-SenseTouchType.html HTTP/1.0" 200 50715 "-" "ZoominfoBot (zoominfobot at zoominfo dot com)"
35.231.207.107 - - [12/Apr/2024:23:30:05 +0000] "GET /INCUBATOROVENCOMBINED.html HTTP/1.0" 200 61624 "-" "ZoominfoBot (zoominfobot at zoominfo dot com)"
35.231.207.107 - - [12/Apr/2024:23:30:56 +0000] "GET /BODINCUBATORGMP.html HTTP/1.0" 200 61393 "-" "ZoominfoBot (zoominfobot at zoominfo dot com)"
35.231.207.107 - - [12/Apr/2024:23:32:32 +0000] "GET /VACUUMOVENRECTANGULAR.html HTTP/1.0" 200 57720 "-" "ZoominfoBot (zoominfobot at zoominfo dot com)"
35.231.207.107 - - [12/Apr/2024:23:34:17 +0000] "GET /WRISTACTIONSHAKER.html HTTP/1.0" 200 50761 "-" "ZoominfoBot (zoominfobot at zoominfo dot com)"
35.231.207.107 - - [12/Apr/2024:23:34:23 +0000] "GET /VACUUMOVENCYLINDERICAL.html HTTP/1.0" 200 57397 "-" "ZoominfoBot (zoominfobot at zoominfo dot com)"
35.231.207.107 - - [12/Apr/2024:23:34:36 +0000] "GET /FRONTLOADINGAUTOCLAVEAUTO.html HTTP/1.0" 200 58927 "-" "ZoominfoBot (zoominfobot at zoominfo dot com)"
35.231.207.107 - - [12/Apr/2024:23:34:48 +0000] "GET /HUMIDITYCHAMBER(HEATING).html HTTP/1.0" 200 57487 "-" "ZoominfoBot (zoominfobot at zoominfo dot com)"
35.231.207.107 - - [12/Apr/2024:23:36:30 +0000] "GET /LABJAWCRUSHERS.html HTTP/1.0" 200 52009 "-" "ZoominfoBot (zoominfobot at zoominfo dot com)"
35.231.207.107 - - [12/Apr/2024:23:38:08 +0000] "GET /HPAUTOCLAVEVERTICALTRIPLEWALLAUTOPURGINGnEXHAUST.html HTTP/1.0" 200 60906 "-" "ZoominfoBot (zoominfobot at zoominfo dot com)"
35.231.207.107 - - [12/Apr/2024:23:38:14 +0000] "GET /all-products.php?maincategory=Vacuum%20Equipments HTTP/1.0" 200 52157 "-" "ZoominfoBot (zoominfobot at zoominfo dot com)"
35.231.207.107 - - [12/Apr/2024:23:41:09 +0000] "GET /WATERBATH(CYLINDERICAL).html HTTP/1.0" 200 55346 "-" "ZoominfoBot (zoominfobot at zoominfo dot com)"
35.231.207.107 - - [12/Apr/2024:23:41:32 +0000] "GET /corporate-presentation.php HTTP/1.0" 200 50715 "-" "ZoominfoBot (zoominfobot at zoominfo dot com)"
35.231.207.107 - - [12/Apr/2024:23:41:47 +0000] "GET /all-products.php?maincategory=Incubators HTTP/1.0" 200 55769 "-" "ZoominfoBot (zoominfobot at zoominfo dot com)"
35.231.207.107 - - [12/Apr/2024:23:43:08 +0000] "GET /AUTOCLAVEHORIZONTALDOUBLEWALL.html HTTP/1.0" 200 62118 "-" "ZoominfoBot (zoominfobot at zoominfo dot com)"
35.231.207.107 - - [12/Apr/2024:23:43:11 +0000] "GET /WATERBATHDOUBLEWALLED.html HTTP/1.0" 200 59786 "-" "ZoominfoBot (zoominfobot at zoominfo dot com)"
35.231.207.107 - - [12/Apr/2024:23:43:29 +0000] "GET /LABPULVERISORDISCTYPE.html HTTP/1.0" 200 50405 "-" "ZoominfoBot (zoominfobot at zoominfo dot com)"
35.231.207.107 - - [12/Apr/2024:23:44:36 +0000] "GET /enquiry.php HTTP/1.0" 200 61678 "-" "ZoominfoBot (zoominfobot at zoominfo dot com)"
35.231.207.107 - - [12/Apr/2024:23:45:12 +0000] "GET /WATERBATHSINGLEWALLED.html HTTP/1.0" 200 57629 "-" "ZoominfoBot (zoominfobot at zoominfo dot com)"
35.231.207.107 - - [12/Apr/2024:23:45:18 +0000] "GET /HUMIDITYCUMTEMPERATURECONTROLLEDCHAMBERECOFRIENDLYCOOLING.html HTTP/1.0" 200 58723 "-" "ZoominfoBot (zoominfobot at zoominfo dot com)"
35.231.207.107 - - [12/Apr/2024:23:47:26 +0000] "GET /INDUSTRIALDRYINGOVEN.html HTTP/1.0" 200 58713 "-" "ZoominfoBot (zoominfobot at zoominfo dot com)"
35.231.207.107 - - [12/Apr/2024:23:49:36 +0000] "GET /BODINCUBATORMICROBASEDLCDCONTROLSINGLEPANEL.html HTTP/1.0" 200 61443 "-" "ZoominfoBot (zoominfobot at zoominfo dot com)"
35.231.207.107 - - [12/Apr/2024:23:51:22 +0000] "GET /certification.php HTTP/1.0" 200 47752 "-" "ZoominfoBot (zoominfobot at zoominfo dot com)"
35.231.207.107 - - [12/Apr/2024:23:51:26 +0000] "GET /HPSTERILIZERVERTICALTRIPLEWALL.html HTTP/1.0" 200 61012 "-" "ZoominfoBot (zoominfobot at zoominfo dot com)"
35.231.207.107 - - [12/Apr/2024:23:51:41 +0000] "GET /all-products.php?maincategory=General%20Laboratory%20Equipments HTTP/1.0" 200 57565 "-" "ZoominfoBot (zoominfobot at zoominfo dot com)"
35.231.207.107 - - [12/Apr/2024:23:51:47 +0000] "GET /ROCKERSHAKERGELPLATFORMSHAKER.html HTTP/1.0" 200 50116 "-" "ZoominfoBot (zoominfobot at zoominfo dot com)"
35.231.207.107 - - [12/Apr/2024:23:52:13 +0000] "GET /WILLEYMILLGRINDER.html HTTP/1.0" 200 53866 "-" "ZoominfoBot (zoominfobot at zoominfo dot com)"
35.231.207.107 - - [12/Apr/2024:23:53:58 +0000] "GET /HOTAIROVENHIGHTEMP.html HTTP/1.0" 200 61257 "-" "ZoominfoBot (zoominfobot at zoominfo dot com)"
66.249.79.233 - - [12/Apr/2024:23:54:58 +0000] "GET / HTTP/1.1" 200 10839 "-" "Mozilla/5.0 (compatible; Googlebot/2.1; +http://www.google.com/bot.html)"
66.249.79.231 - - [12/Apr/2024:23:55:01 +0000] "GET /slideshow/css/chopslider.css HTTP/1.1" 200 1124 "https://www.scienocraft.com/" "Mozilla/5.0 AppleWebKit/537.36 (KHTML, like Gecko; compatible; Googlebot/2.1; +http://www.google.com/bot.html) Chrome/122.0.6261.94 Safari/537.36"
66.249.79.233 - - [12/Apr/2024:23:55:01 +0000] "GET /slideshow/js/main.js HTTP/1.1" 200 425 "https://www.scienocraft.com/" "Mozilla/5.0 AppleWebKit/537.36 (KHTML, like Gecko; compatible; Googlebot/2.1; +http://www.google.com/bot.html) Chrome/122.0.6261.94 Safari/537.36"
35.231.207.107 - - [12/Apr/2024:23:55:05 +0000] "GET /all-products.php?maincategory=Lab%20Equipments%20(Heating) HTTP/1.0" 200 52596 "-" "ZoominfoBot (zoominfobot at zoominfo dot com)"
35.231.207.107 - - [12/Apr/2024:23:56:57 +0000] "GET /all-products.php?maincategory=Water(Liquid)%20Bath%20Equipments HTTP/1.0" 200 55830 "-" "ZoominfoBot (zoominfobot at zoominfo dot com)"
42.186.123.7 - - [12/Apr/2024:23:57:20 +0000] "GET /galleryimg/d06ffcd50dfe6c71ff6edb6364b7cc28.png HTTP/1.1" 200 70124 "-" "Mozilla/5.0 (X11; Ubuntu; Linux x86_64; rv:72.0) Gecko/20100101 Firefox/72.0"
35.231.207.107 - - [12/Apr/2024:23:59:20 +0000] "GET /VACUUMROTARYEVAPORATOR.html HTTP/1.0" 200 57683 "-" "ZoominfoBot (zoominfobot at zoominfo dot com)"
35.231.207.107 - - [12/Apr/2024:23:59:45 +0000] "GET /INCUBATORBACTERIOLOGICAL.html HTTP/1.0" 200 59215 "-" "ZoominfoBot (zoominfobot at zoominfo dot com)"
34.73.225.172 - - [13/Apr/2024:00:00:42 +0000] "GET /robots.txt HTTP/1.0" 404 196 "-" "ZoominfoBot (zoominfobot at zoominfo dot com)"
34.73.225.172 - - [13/Apr/2024:00:00:44 +0000] "GET /SALTSPRAYCHAMBER.html HTTP/1.0" 200 60694 "-" "ZoominfoBot (zoominfobot at zoominfo dot com)"
34.73.225.172 - - [13/Apr/2024:00:01:26 +0000] "GET /AUTOCLAVEVERTICALDOUBLEWALLAUTOPURGINGnEXHAUST.html HTTP/1.0" 200 62628 "-" "ZoominfoBot (zoominfobot at zoominfo dot com)"
34.73.225.172 - - [13/Apr/2024:00:01:27 +0000] "GET /all-products.php?maincategory=TEST%20CHAMBERS HTTP/1.0" 200 54488 "-" "ZoominfoBot (zoominfobot at zoominfo dot com)"
66.249.79.134 - - [13/Apr/2024:00:01:31 +0000] "GET /robots.txt HTTP/1.1" 404 196 "-" "Mozilla/5.0 (compatible; Googlebot/2.1; +http://www.google.com/bot.html)"
66.249.79.135 - - [13/Apr/2024:00:01:32 +0000] "GET / HTTP/1.1" 200 10839 "-" "Mozilla/5.0 (compatible; Googlebot/2.1; +http://www.google.com/bot.html)"
66.249.79.136 - - [13/Apr/2024:00:01:33 +0000] "GET /menu/js/jquery.hoverIntent.minified.js HTTP/1.1" 200 717 "http://scienocraft.com/" "Mozilla/5.0 AppleWebKit/537.36 (KHTML, like Gecko; compatible; Googlebot/2.1; +http://www.google.com/bot.html) Chrome/122.0.6261.94 Safari/537.36"
34.73.225.172 - - [13/Apr/2024:00:01:55 +0000] "GET /WATERBATHSEROLOGICAL.html HTTP/1.0" 200 62032 "-" "ZoominfoBot (zoominfobot at zoominfo dot com)"
34.73.225.172 - - [13/Apr/2024:00:02:41 +0000] "GET /robots.txt HTTP/1.0" 404 196 "-" "ZoominfoBot (zoominfobot at zoominfo dot com)"
34.73.225.172 - - [13/Apr/2024:00:02:42 +0000] "GET /all-products.php?maincategory=TEST%20CHAMBERS HTTP/1.0" 200 54488 "-" "ZoominfoBot (zoominfobot at zoominfo dot com)"
34.73.225.172 - - [13/Apr/2024:00:02:48 +0000] "GET /all-products.php?maincategory=Shakers HTTP/1.0" 200 54562 "-" "ZoominfoBot (zoominfobot at zoominfo dot com)"
34.73.225.172 - - [13/Apr/2024:00:03:03 +0000] "GET /STABILITYCHAMBER21CFR(ECOFRIENDLYCFCFREECOOLINGREFRIGERANT).html HTTP/1.0" 200 59014 "-" "ZoominfoBot (zoominfobot at zoominfo dot com)"
66.249.79.135 - - [13/Apr/2024:00:03:28 +0000] "GET / HTTP/1.1" 200 10839 "-" "Mozilla/5.0 (compatible; Googlebot/2.1; +http://www.google.com/bot.html)"
34.73.225.172 - - [13/Apr/2024:00:04:31 +0000] "GET /robots.txt HTTP/1.0" 404 196 "-" "ZoominfoBot (zoominfobot at zoominfo dot com)"
34.73.225.172 - - [13/Apr/2024:00:04:33 +0000] "GET /VORTEXSHAKER(TESTTUBESHAKER)On-OffType-SenseTouchType.html HTTP/1.0" 200 50715 "-" "ZoominfoBot (zoominfobot at zoominfo dot com)"
66.249.79.231 - - [13/Apr/2024:00:04:42 +0000] "GET / HTTP/1.1" 200 10839 "-" "Mozilla/5.0 (compatible; Googlebot/2.1; +http://www.google.com/bot.html)"
34.73.225.172 - - [13/Apr/2024:00:06:11 +0000] "GET /BODINCUBATOR.html HTTP/1.0" 200 60422 "-" "ZoominfoBot (zoominfobot at zoominfo dot com)"
34.73.225.172 - - [13/Apr/2024:00:06:31 +0000] "GET /VORTEXSHAKER(TESTTUBESHAKER)On-OffType-SenseTouchType.html HTTP/1.0" 200 50715 "-" "ZoominfoBot (zoominfobot at zoominfo dot com)"
34.73.225.172 - - [13/Apr/2024:00:07:23 +0000] "GET /INCUBATOROVENCOMBINED.html HTTP/1.0" 200 61624 "-" "ZoominfoBot (zoominfobot at zoominfo dot com)"
34.73.225.172 - - [13/Apr/2024:00:07:58 +0000] "GET /BODINCUBATORGMP.html HTTP/1.0" 200 61393 "-" "ZoominfoBot (zoominfobot at zoominfo dot com)"
34.73.225.172 - - [13/Apr/2024:00:09:19 +0000] "GET /VACUUMOVENRECTANGULAR.html HTTP/1.0" 200 57720 "-" "ZoominfoBot (zoominfobot at zoominfo dot com)"
34.73.225.172 - - [13/Apr/2024:00:10:43 +0000] "GET /WRISTACTIONSHAKER.html HTTP/1.0" 200 50761 "-" "ZoominfoBot (zoominfobot at zoominfo dot com)"
34.73.225.172 - - [13/Apr/2024:00:10:46 +0000] "GET /VACUUMOVENCYLINDERICAL.html HTTP/1.0" 200 57397 "-" "ZoominfoBot (zoominfobot at zoominfo dot com)"
34.73.225.172 - - [13/Apr/2024:00:10:56 +0000] "GET /FRONTLOADINGAUTOCLAVEAUTO.html HTTP/1.0" 200 58927 "-" "ZoominfoBot (zoominfobot at zoominfo dot com)"
34.73.225.172 - - [13/Apr/2024:00:11:03 +0000] "GET /HUMIDITYCHAMBER(HEATING).html HTTP/1.0" 200 57487 "-" "ZoominfoBot (zoominfobot at zoominfo dot com)"
66.249.79.136 - - [13/Apr/2024:00:11:51 +0000] "GET / HTTP/1.1" 200 10839 "-" "Mozilla/5.0 (compatible; Googlebot/2.1; +http://www.google.com/bot.html)"
66.249.79.135 - - [13/Apr/2024:00:11:54 +0000] "GET /menu/js/jquery.hoverIntent.minified.js HTTP/1.1" 200 717 "https://scienocraft.com/" "Mozilla/5.0 AppleWebKit/537.36 (KHTML, like Gecko; compatible; Googlebot/2.1; +http://www.google.com/bot.html) Chrome/122.0.6261.94 Safari/537.36"
66.249.79.136 - - [13/Apr/2024:00:11:54 +0000] "GET /style.css HTTP/1.1" 200 2046 "https://scienocraft.com/" "Mozilla/5.0 AppleWebKit/537.36 (KHTML, like Gecko; compatible; Googlebot/2.1; +http://www.google.com/bot.html) Chrome/122.0.6261.94 Safari/537.36"
34.73.225.172 - - [13/Apr/2024:00:12:18 +0000] "GET /LABJAWCRUSHERS.html HTTP/1.0" 200 52009 "-" "ZoominfoBot (zoominfobot at zoominfo dot com)"
34.73.225.172 - - [13/Apr/2024:00:13:34 +0000] "GET /HPAUTOCLAVEVERTICALTRIPLEWALLAUTOPURGINGnEXHAUST.html HTTP/1.0" 200 60906 "-" "ZoominfoBot (zoominfobot at zoominfo dot com)"
34.73.225.172 - - [13/Apr/2024:00:13:39 +0000] "GET /all-products.php?maincategory=Vacuum%20Equipments HTTP/1.0" 200 52157 "-" "ZoominfoBot (zoominfobot at zoominfo dot com)"
34.73.225.172 - - [13/Apr/2024:00:15:49 +0000] "GET /WATERBATH(CYLINDERICAL).html HTTP/1.0" 200 55346 "-" "ZoominfoBot (zoominfobot at zoominfo dot com)"
34.73.225.172 - - [13/Apr/2024:00:16:08 +0000] "GET /corporate-presentation.php HTTP/1.0" 200 50715 "-" "ZoominfoBot (zoominfobot at zoominfo dot com)"
34.73.225.172 - - [13/Apr/2024:00:16:19 +0000] "GET /all-products.php?maincategory=Incubators HTTP/1.0" 200 55769 "-" "ZoominfoBot (zoominfobot at zoominfo dot com)"
34.73.225.172 - - [13/Apr/2024:00:17:22 +0000] "GET /AUTOCLAVEHORIZONTALDOUBLEWALL.html HTTP/1.0" 200 62118 "-" "ZoominfoBot (zoominfobot at zoominfo dot com)"
34.73.225.172 - - [13/Apr/2024:00:17:24 +0000] "GET /WATERBATHDOUBLEWALLED.html HTTP/1.0" 200 59786 "-" "ZoominfoBot (zoominfobot at zoominfo dot com)"
34.73.225.172 - - [13/Apr/2024:00:17:37 +0000] "GET /LABPULVERISORDISCTYPE.html HTTP/1.0" 200 50405 "-" "ZoominfoBot (zoominfobot at zoominfo dot com)"
34.73.225.172 - - [13/Apr/2024:00:18:29 +0000] "GET /enquiry.php HTTP/1.0" 200 61678 "-" "ZoominfoBot (zoominfobot at zoominfo dot com)"
34.73.225.172 - - [13/Apr/2024:00:18:59 +0000] "GET /WATERBATHSINGLEWALLED.html HTTP/1.0" 200 57629 "-" "ZoominfoBot (zoominfobot at zoominfo dot com)"
34.73.225.172 - - [13/Apr/2024:00:19:03 +0000] "GET /HUMIDITYCUMTEMPERATURECONTROLLEDCHAMBERECOFRIENDLYCOOLING.html HTTP/1.0" 200 58723 "-" "ZoominfoBot (zoominfobot at zoominfo dot com)"
34.73.225.172 - - [13/Apr/2024:00:20:40 +0000] "GET /INDUSTRIALDRYINGOVEN.html HTTP/1.0" 200 58713 "-" "ZoominfoBot (zoominfobot at zoominfo dot com)"
34.73.225.172 - - [13/Apr/2024:00:22:24 +0000] "GET /BODINCUBATORMICROBASEDLCDCONTROLSINGLEPANEL.html HTTP/1.0" 200 61443 "-" "ZoominfoBot (zoominfobot at zoominfo dot com)"
34.73.225.172 - - [13/Apr/2024:00:23:45 +0000] "GET /certification.php HTTP/1.0" 200 47752 "-" "ZoominfoBot (zoominfobot at zoominfo dot com)"
34.73.225.172 - - [13/Apr/2024:00:23:47 +0000] "GET /HPSTERILIZERVERTICALTRIPLEWALL.html HTTP/1.0" 200 61012 "-" "ZoominfoBot (zoominfobot at zoominfo dot com)"
34.73.225.172 - - [13/Apr/2024:00:23:59 +0000] "GET /all-products.php?maincategory=General%20Laboratory%20Equipments HTTP/1.0" 200 57565 "-" "ZoominfoBot (zoominfobot at zoominfo dot com)"
34.73.225.172 - - [13/Apr/2024:00:24:04 +0000] "GET /ROCKERSHAKERGELPLATFORMSHAKER.html HTTP/1.0" 200 50116 "-" "ZoominfoBot (zoominfobot at zoominfo dot com)"
34.73.225.172 - - [13/Apr/2024:00:24:22 +0000] "GET /WILLEYMILLGRINDER.html HTTP/1.0" 200 53866 "-" "ZoominfoBot (zoominfobot at zoominfo dot com)"
17.241.219.34 - - [13/Apr/2024:00:25:05 +0000] "GET /STABILITYCHAMBER.html HTTP/1.1" 200 11386 "-" "Mozilla/5.0 (Macintosh; Intel Mac OS X 10_15_5) AppleWebKit/605.1.15 (KHTML, like Gecko) Version/13.1.1 Safari/605.1.15 (Applebot/0.1; +http://www.apple.com/go/applebot)"
34.73.225.172 - - [13/Apr/2024:00:25:39 +0000] "GET /HOTAIROVENHIGHTEMP.html HTTP/1.0" 200 61257 "-" "ZoominfoBot (zoominfobot at zoominfo dot com)"
34.73.225.172 - - [13/Apr/2024:00:26:28 +0000] "GET /all-products.php?maincategory=Lab%20Equipments%20(Heating) HTTP/1.0" 200 52596 "-" "ZoominfoBot (zoominfobot at zoominfo dot com)"
34.73.225.172 - - [13/Apr/2024:00:27:54 +0000] "GET /all-products.php?maincategory=Water(Liquid)%20Bath%20Equipments HTTP/1.0" 200 55830 "-" "ZoominfoBot (zoominfobot at zoominfo dot com)"
34.73.225.172 - - [13/Apr/2024:00:29:38 +0000] "GET /VACUUMROTARYEVAPORATOR.html HTTP/1.0" 200 57683 "-" "ZoominfoBot (zoominfobot at zoominfo dot com)"
34.73.225.172 - - [13/Apr/2024:00:29:59 +0000] "GET /INCUBATORBACTERIOLOGICAL.html HTTP/1.0" 200 59215 "-" "ZoominfoBot (zoominfobot at zoominfo dot com)"
217.21.86.33 - - [13/Apr/2024:00:30:25 +0000] "HEAD / HTTP/1.1" 200 0 "-" "Go-http-client/1.1"
34.73.225.172 - - [13/Apr/2024:00:30:34 +0000] "GET /RECIPROCATINGSHAKER.html HTTP/1.0" 200 54356 "-" "ZoominfoBot (zoominfobot at zoominfo dot com)"
34.73.225.172 - - [13/Apr/2024:00:31:25 +0000] "GET /ROCKERSHAKERGELPLATFORMSHAKER.html HTTP/1.0" 200 50116 "-" "ZoominfoBot (zoominfobot at zoominfo dot com)"
34.73.225.172 - - [13/Apr/2024:00:33:55 +0000] "GET /WRISTACTIONSHAKER.html HTTP/1.0" 200 50761 "-" "ZoominfoBot (zoominfobot at zoominfo dot com)"
34.73.225.172 - - [13/Apr/2024:00:35:43 +0000] "GET /HOTAIROVEN.html HTTP/1.0" 200 61460 "-" "ZoominfoBot (zoominfobot at zoominfo dot com)"
34.73.225.172 - - [13/Apr/2024:00:38:08 +0000] "GET /BALLMILL.html HTTP/1.0" 200 52235 "-" "ZoominfoBot (zoominfobot at zoominfo dot com)"
34.73.225.172 - - [13/Apr/2024:00:40:26 +0000] "GET /VACUUMROTARYEVAPORATORAUTODIGITAL.html HTTP/1.0" 200 57766 "-" "ZoominfoBot (zoominfobot at zoominfo dot com)"
34.73.225.172 - - [13/Apr/2024:00:40:55 +0000] "GET /all-products.php?maincategory=TEST%20CHAMBERS HTTP/1.0" 200 54488 "-" "ZoominfoBot (zoominfobot at zoominfo dot com)"
51.222.253.10 - - [13/Apr/2024:00:42:31 +0000] "GET /robots.txt HTTP/1.1" 404 196 "-" "Mozilla/5.0 (compatible; AhrefsBot/7.0; +http://ahrefs.com/robot/)"
34.73.225.172 - - [13/Apr/2024:00:43:34 +0000] "GET /HPAUTOCLAVEVERTICALTRIPLEWALLSEMIAUTO.html HTTP/1.0" 200 59775 "-" "ZoominfoBot (zoominfobot at zoominfo dot com)"
114.119.146.251 - - [13/Apr/2024:00:51:04 +0000] "GET /CIRCULATORYBATHSTI-138(I)HEATING.html HTTP/1.1" 200 11194 "https://scienocraft.com/enquiry.php?pname=SIEVE%20SHAKER%20(TABLE%20TOP)/STI-370" "Mozilla/5.0 (Linux; Android 7.0;) AppleWebKit/537.36 (KHTML, like Gecko) Mobile Safari/537.36 (compatible; PetalBot;+https://webmaster.petalsearch.com/site/petalbot)"
123.6.49.15 - - [13/Apr/2024:00:56:43 +0000] "GET / HTTP/1.1" 200 10718 "http://baidu.com/" "Mozilla/5.0 (Linux; Android 8.0; Pixel 2 Build/OPD3.170816.012) AppleWebKit/537.36 (KHTML, like Gecko) Chrome/87.0.4280.88 Mobile Safari/537.36"
123.6.49.47 - - [13/Apr/2024:00:56:43 +0000] "GET / HTTP/1.1" 200 10839 "http://baidu.com/" "Mozilla/5.0 (Windows NT 10.0; Win64; x64) AppleWebKit/537.36 (KHTML, like Gecko) Chrome/77.0.3865.120 Safari/537.36"
123.6.49.18 - - [13/Apr/2024:00:56:43 +0000] "GET /slideshow/css/chopslider.css HTTP/1.1" 200 1124 "https://www.scienocraft.com/" "Mozilla/5.0 (Windows NT 10.0; Win64; x64) AppleWebKit/537.36 (KHTML, like Gecko) Chrome/77.0.3865.120 Safari/537.36"
123.6.49.15 - - [13/Apr/2024:00:56:43 +0000] "GET /slideshow/css/chopslider.css HTTP/1.1" 200 1124 "https://www.scienocraft.com/" "Mozilla/5.0 (Linux; Android 8.0; Pixel 2 Build/OPD3.170816.012) AppleWebKit/537.36 (KHTML, like Gecko) Chrome/87.0.4280.88 Mobile Safari/537.36"
123.6.49.18 - - [13/Apr/2024:00:56:43 +0000] "GET /style.css HTTP/1.1" 200 2046 "https://www.scienocraft.com/" "Mozilla/5.0 (Windows NT 10.0; Win64; x64) AppleWebKit/537.36 (KHTML, like Gecko) Chrome/77.0.3865.120 Safari/537.36"
123.6.49.47 - - [13/Apr/2024:00:56:43 +0000] "GET /home-right-menu/demo/demo.css HTTP/1.1" 200 389 "https://www.scienocraft.com/" "Mozilla/5.0 (Windows NT 10.0; Win64; x64) AppleWebKit/537.36 (KHTML, like Gecko) Chrome/77.0.3865.120 Safari/537.36"
123.6.49.15 - - [13/Apr/2024:00:56:43 +0000] "GET /style.css HTTP/1.1" 200 2046 "https://www.scienocraft.com/" "Mozilla/5.0 (Linux; Android 8.0; Pixel 2 Build/OPD3.170816.012) AppleWebKit/537.36 (KHTML, like Gecko) Chrome/87.0.4280.88 Mobile Safari/537.36"
123.6.49.18 - - [13/Apr/2024:00:56:43 +0000] "GET /menu/css/dcmegamenu.css HTTP/1.1" 200 717 "https://www.scienocraft.com/" "Mozilla/5.0 (Windows NT 10.0; Win64; x64) AppleWebKit/537.36 (KHTML, like Gecko) Chrome/77.0.3865.120 Safari/537.36"
123.6.49.47 - - [13/Apr/2024:00:56:43 +0000] "GET /menu/css/skins/red.css HTTP/1.1" 200 899 "https://www.scienocraft.com/" "Mozilla/5.0 (Windows NT 10.0; Win64; x64) AppleWebKit/537.36 (KHTML, like Gecko) Chrome/77.0.3865.120 Safari/537.36"
123.6.49.15 - - [13/Apr/2024:00:56:43 +0000] "GET /home-right-menu/demo/demo.css HTTP/1.1" 200 389 "https://www.scienocraft.com/" "Mozilla/5.0 (Linux; Android 8.0; Pixel 2 Build/OPD3.170816.012) AppleWebKit/537.36 (KHTML, like Gecko) Chrome/87.0.4280.88 Mobile Safari/537.36"
123.6.49.18 - - [13/Apr/2024:00:56:43 +0000] "GET /menu/css/skins/white.css HTTP/1.1" 200 864 "https://www.scienocraft.com/" "Mozilla/5.0 (Windows NT 10.0; Win64; x64) AppleWebKit/537.36 (KHTML, like Gecko) Chrome/77.0.3865.120 Safari/537.36"
123.6.49.50 - - [13/Apr/2024:00:56:43 +0000] "GET /slideshow/js/jquery.id.chopslider-2.2.0.free.min.js HTTP/1.1" 200 7548 "https://www.scienocraft.com/" "Mozilla/5.0 (Windows NT 10.0; Win64; x64) AppleWebKit/537.36 (KHTML, like Gecko) Chrome/77.0.3865.120 Safari/537.36"
123.6.49.18 - - [13/Apr/2024:00:56:43 +0000] "GET /menu/css/dcmegamenu.css HTTP/1.1" 200 717 "https://www.scienocraft.com/" "Mozilla/5.0 (Linux; Android 8.0; Pixel 2 Build/OPD3.170816.012) AppleWebKit/537.36 (KHTML, like Gecko) Chrome/87.0.4280.88 Mobile Safari/537.36"
123.6.49.18 - - [13/Apr/2024:00:56:43 +0000] "GET /menu/css/skins/red.css HTTP/1.1" 200 899 "https://www.scienocraft.com/" "Mozilla/5.0 (Linux; Android 8.0; Pixel 2 Build/OPD3.170816.012) AppleWebKit/537.36 (KHTML, like Gecko) Chrome/87.0.4280.88 Mobile Safari/537.36"
123.6.49.47 - - [13/Apr/2024:00:56:43 +0000] "GET /slideshow/js/jquery.id.cstransitions-1.2.min.js HTTP/1.1" 200 5370 "https://www.scienocraft.com/" "Mozilla/5.0 (Windows NT 10.0; Win64; x64) AppleWebKit/537.36 (KHTML, like Gecko) Chrome/77.0.3865.120 Safari/537.36"
123.6.49.50 - - [13/Apr/2024:00:56:43 +0000] "GET /menu/css/skins/white.css HTTP/1.1" 200 864 "https://www.scienocraft.com/" "Mozilla/5.0 (Linux; Android 8.0; Pixel 2 Build/OPD3.170816.012) AppleWebKit/537.36 (KHTML, like Gecko) Chrome/87.0.4280.88 Mobile Safari/537.36"
123.6.49.41 - - [13/Apr/2024:00:56:43 +0000] "GET /menu/js/jquery.hoverIntent.minified.js HTTP/1.1" 200 717 "https://www.scienocraft.com/" "Mozilla/5.0 (Windows NT 10.0; Win64; x64) AppleWebKit/537.36 (KHTML, like Gecko) Chrome/77.0.3865.120 Safari/537.36"
123.6.49.42 - - [13/Apr/2024:00:56:43 +0000] "GET /slideshow/js/main.js HTTP/1.1" 200 425 "https://www.scienocraft.com/" "Mozilla/5.0 (Windows NT 10.0; Win64; x64) AppleWebKit/537.36 (KHTML, like Gecko) Chrome/77.0.3865.120 Safari/537.36"
123.6.49.15 - - [13/Apr/2024:00:56:43 +0000] "GET /slideshow/js/main.js HTTP/1.1" 200 425 "https://www.scienocraft.com/" "Mozilla/5.0 (Linux; Android 8.0; Pixel 2 Build/OPD3.170816.012) AppleWebKit/537.36 (KHTML, like Gecko) Chrome/87.0.4280.88 Mobile Safari/537.36"
123.6.49.15 - - [13/Apr/2024:00:56:43 +0000] "GET /slideshow/js/jquery.id.chopslider-2.2.0.free.min.js HTTP/1.1" 200 7548 "https://www.scienocraft.com/" "Mozilla/5.0 (Linux; Android 8.0; Pixel 2 Build/OPD3.170816.012) AppleWebKit/537.36 (KHTML, like Gecko) Chrome/87.0.4280.88 Mobile Safari/537.36"
123.6.49.41 - - [13/Apr/2024:00:56:43 +0000] "GET /slideshow/js/jquery.id.cstransitions-1.2.min.js HTTP/1.1" 200 5370 "https://www.scienocraft.com/" "Mozilla/5.0 (Linux; Android 8.0; Pixel 2 Build/OPD3.170816.012) AppleWebKit/537.36 (KHTML, like Gecko) Chrome/87.0.4280.88 Mobile Safari/537.36"
123.6.49.15 - - [13/Apr/2024:00:56:43 +0000] "GET /menu/js/jquery.dcmegamenu.1.2.js HTTP/1.1" 200 1661 "https://www.scienocraft.com/" "Mozilla/5.0 (Windows NT 10.0; Win64; x64) AppleWebKit/537.36 (KHTML, like Gecko) Chrome/77.0.3865.120 Safari/537.36"
123.6.49.18 - - [13/Apr/2024:00:56:44 +0000] "GET /menu/js/jquery.hoverIntent.minified.js HTTP/1.1" 200 717 "https://www.scienocraft.com/" "Mozilla/5.0 (Linux; Android 8.0; Pixel 2 Build/OPD3.170816.012) AppleWebKit/537.36 (KHTML, like Gecko) Chrome/87.0.4280.88 Mobile Safari/537.36"
123.6.49.18 - - [13/Apr/2024:00:56:44 +0000] "GET /menu/js/jquery.dcmegamenu.1.2.js HTTP/1.1" 200 1661 "https://www.scienocraft.com/" "Mozilla/5.0 (Linux; Android 8.0; Pixel 2 Build/OPD3.170816.012) AppleWebKit/537.36 (KHTML, like Gecko) Chrome/87.0.4280.88 Mobile Safari/537.36"
123.6.49.50 - - [13/Apr/2024:00:56:44 +0000] "GET /slideshow/slide_images/2.jpg HTTP/1.1" 200 45401 "https://www.scienocraft.com/" "Mozilla/5.0 (Windows NT 10.0; Win64; x64) AppleWebKit/537.36 (KHTML, like Gecko) Chrome/77.0.3865.120 Safari/537.36"
123.6.49.42 - - [13/Apr/2024:00:56:44 +0000] "GET /slideshow/slide_images/5.jpg HTTP/1.1" 200 48294 "https://www.scienocraft.com/" "Mozilla/5.0 (Windows NT 10.0; Win64; x64) AppleWebKit/537.36 (KHTML, like Gecko) Chrome/77.0.3865.120 Safari/537.36"
123.6.49.41 - - [13/Apr/2024:00:56:44 +0000] "GET /slideshow/slide_images/1.jpg HTTP/1.1" 200 46921 "https://www.scienocraft.com/" "Mozilla/5.0 (Windows NT 10.0; Win64; x64) AppleWebKit/537.36 (KHTML, like Gecko) Chrome/77.0.3865.120 Safari/537.36"
123.6.49.15 - - [13/Apr/2024:00:56:44 +0000] "GET /slideshow/slide_images/2.jpg HTTP/1.1" 200 45401 "https://www.scienocraft.com/" "Mozilla/5.0 (Linux; Android 8.0; Pixel 2 Build/OPD3.170816.012) AppleWebKit/537.36 (KHTML, like Gecko) Chrome/87.0.4280.88 Mobile Safari/537.36"
123.6.49.18 - - [13/Apr/2024:00:56:44 +0000] "GET /slideshow/slide_images/1.jpg HTTP/1.1" 200 46921 "https://www.scienocraft.com/" "Mozilla/5.0 (Linux; Android 8.0; Pixel 2 Build/OPD3.170816.012) AppleWebKit/537.36 (KHTML, like Gecko) Chrome/87.0.4280.88 Mobile Safari/537.36"
123.6.49.41 - - [13/Apr/2024:00:56:44 +0000] "GET /slideshow/slide_images/5.jpg HTTP/1.1" 200 48294 "https://www.scienocraft.com/" "Mozilla/5.0 (Linux; Android 8.0; Pixel 2 Build/OPD3.170816.012) AppleWebKit/537.36 (KHTML, like Gecko) Chrome/87.0.4280.88 Mobile Safari/537.36"
123.6.49.50 - - [13/Apr/2024:00:56:44 +0000] "GET /images/logo.png HTTP/1.1" 200 39291 "https://www.scienocraft.com/style.css" "Mozilla/5.0 (Windows NT 10.0; Win64; x64) AppleWebKit/537.36 (KHTML, like Gecko) Chrome/77.0.3865.120 Safari/537.36"
123.6.49.18 - - [13/Apr/2024:00:56:44 +0000] "GET /slideshow/slide_images/7.jpg HTTP/1.1" 200 269995 "https://www.scienocraft.com/" "Mozilla/5.0 (Windows NT 10.0; Win64; x64) AppleWebKit/537.36 (KHTML, like Gecko) Chrome/77.0.3865.120 Safari/537.36"
123.6.49.47 - - [13/Apr/2024:00:56:44 +0000] "GET /slideshow/slide_images/8.jpg HTTP/1.1" 200 214222 "https://www.scienocraft.com/" "Mozilla/5.0 (Windows NT 10.0; Win64; x64) AppleWebKit/537.36 (KHTML, like Gecko) Chrome/77.0.3865.120 Safari/537.36"
123.6.49.15 - - [13/Apr/2024:00:56:44 +0000] "GET /slideshow/slide_images/9.jpg HTTP/1.1" 200 218749 "https://www.scienocraft.com/" "Mozilla/5.0 (Windows NT 10.0; Win64; x64) AppleWebKit/537.36 (KHTML, like Gecko) Chrome/77.0.3865.120 Safari/537.36"
123.6.49.15 - - [13/Apr/2024:00:56:44 +0000] "GET /images/logo.png HTTP/1.1" 200 39291 "https://www.scienocraft.com/style.css" "Mozilla/5.0 (Linux; Android 8.0; Pixel 2 Build/OPD3.170816.012) AppleWebKit/537.36 (KHTML, like Gecko) Chrome/87.0.4280.88 Mobile Safari/537.36"
123.6.49.18 - - [13/Apr/2024:00:56:44 +0000] "GET /slideshow/slide_images/9.jpg HTTP/1.1" 200 218749 "https://www.scienocraft.com/" "Mozilla/5.0 (Linux; Android 8.0; Pixel 2 Build/OPD3.170816.012) AppleWebKit/537.36 (KHTML, like Gecko) Chrome/87.0.4280.88 Mobile Safari/537.36"
123.6.49.50 - - [13/Apr/2024:00:56:44 +0000] "GET /slideshow/slide_images/3.jpg HTTP/1.1" 200 57308 "https://www.scienocraft.com/" "Mozilla/5.0 (Windows NT 10.0; Win64; x64) AppleWebKit/537.36 (KHTML, like Gecko) Chrome/77.0.3865.120 Safari/537.36"
123.6.49.50 - - [13/Apr/2024:00:56:44 +0000] "GET /slideshow/slide_images/7.jpg HTTP/1.1" 200 269995 "https://www.scienocraft.com/" "Mozilla/5.0 (Linux; Android 8.0; Pixel 2 Build/OPD3.170816.012) AppleWebKit/537.36 (KHTML, like Gecko) Chrome/87.0.4280.88 Mobile Safari/537.36"
123.6.49.42 - - [13/Apr/2024:00:56:44 +0000] "GET /slideshow/slide_images/4.jpg HTTP/1.1" 200 48668 "https://www.scienocraft.com/" "Mozilla/5.0 (Windows NT 10.0; Win64; x64) AppleWebKit/537.36 (KHTML, like Gecko) Chrome/77.0.3865.120 Safari/537.36"
123.6.49.15 - - [13/Apr/2024:00:56:44 +0000] "GET /slideshow/slide_images/8.jpg HTTP/1.1" 200 214222 "https://www.scienocraft.com/" "Mozilla/5.0 (Linux; Android 8.0; Pixel 2 Build/OPD3.170816.012) AppleWebKit/537.36 (KHTML, like Gecko) Chrome/87.0.4280.88 Mobile Safari/537.36"
123.6.49.15 - - [13/Apr/2024:00:56:44 +0000] "GET /slideshow/slide_images/3.jpg HTTP/1.1" 200 57308 "https://www.scienocraft.com/" "Mozilla/5.0 (Linux; Android 8.0; Pixel 2 Build/OPD3.170816.012) AppleWebKit/537.36 (KHTML, like Gecko) Chrome/87.0.4280.88 Mobile Safari/537.36"
123.6.49.18 - - [13/Apr/2024:00:56:44 +0000] "GET /slideshow/slide_images/4.jpg HTTP/1.1" 200 48668 "https://www.scienocraft.com/" "Mozilla/5.0 (Linux; Android 8.0; Pixel 2 Build/OPD3.170816.012) AppleWebKit/537.36 (KHTML, like Gecko) Chrome/87.0.4280.88 Mobile Safari/537.36"
123.6.49.50 - - [13/Apr/2024:00:56:44 +0000] "GET /galleryimg/d3a3925237fb7c68063de73cda8dd209.jpg HTTP/1.1" 200 21045 "https://www.scienocraft.com/" "Mozilla/5.0 (Windows NT 10.0; Win64; x64) AppleWebKit/537.36 (KHTML, like Gecko) Chrome/77.0.3865.120 Safari/537.36"
123.6.49.42 - - [13/Apr/2024:00:56:44 +0000] "GET /galleryimg/b09ccf468f4ad1b9dd71716a97226ab0.jpg HTTP/1.1" 200 16280 "https://www.scienocraft.com/" "Mozilla/5.0 (Windows NT 10.0; Win64; x64) AppleWebKit/537.36 (KHTML, like Gecko) Chrome/77.0.3865.120 Safari/537.36"
123.6.49.41 - - [13/Apr/2024:00:56:44 +0000] "GET /slideshow/slide_images/10.jpg HTTP/1.1" 200 88433 "https://www.scienocraft.com/" "Mozilla/5.0 (Windows NT 10.0; Win64; x64) AppleWebKit/537.36 (KHTML, like Gecko) Chrome/77.0.3865.120 Safari/537.36"
123.6.49.41 - - [13/Apr/2024:00:56:44 +0000] "GET /slideshow/slide_images/10.jpg HTTP/1.1" 200 88433 "https://www.scienocraft.com/" "Mozilla/5.0 (Linux; Android 8.0; Pixel 2 Build/OPD3.170816.012) AppleWebKit/537.36 (KHTML, like Gecko) Chrome/87.0.4280.88 Mobile Safari/537.36"
123.6.49.47 - - [13/Apr/2024:00:56:44 +0000] "GET /galleryimg/01a2c951ee4f6adf9c5f1196fc456156.jpg HTTP/1.1" 200 50889 "https://www.scienocraft.com/" "Mozilla/5.0 (Windows NT 10.0; Win64; x64) AppleWebKit/537.36 (KHTML, like Gecko) Chrome/77.0.3865.120 Safari/537.36"
123.6.49.15 - - [13/Apr/2024:00:56:44 +0000] "GET /galleryimg/d3a3925237fb7c68063de73cda8dd209.jpg HTTP/1.1" 200 21045 "https://www.scienocraft.com/" "Mozilla/5.0 (Linux; Android 8.0; Pixel 2 Build/OPD3.170816.012) AppleWebKit/537.36 (KHTML, like Gecko) Chrome/87.0.4280.88 Mobile Safari/537.36"
123.6.49.18 - - [13/Apr/2024:00:56:44 +0000] "GET /galleryimg/c9ba59b540a324113e7238461135676c.png HTTP/1.1" 200 36233 "https://www.scienocraft.com/" "Mozilla/5.0 (Windows NT 10.0; Win64; x64) AppleWebKit/537.36 (KHTML, like Gecko) Chrome/77.0.3865.120 Safari/537.36"
123.6.49.18 - - [13/Apr/2024:00:56:44 +0000] "GET /galleryimg/b09ccf468f4ad1b9dd71716a97226ab0.jpg HTTP/1.1" 200 16280 "https://www.scienocraft.com/" "Mozilla/5.0 (Linux; Android 8.0; Pixel 2 Build/OPD3.170816.012) AppleWebKit/537.36 (KHTML, like Gecko) Chrome/87.0.4280.88 Mobile Safari/537.36"
123.6.49.50 - - [13/Apr/2024:00:56:44 +0000] "GET /galleryimg/76c41dae07c37a1a805472d6cbec3912.jpg HTTP/1.1" 200 9756 "https://www.scienocraft.com/" "Mozilla/5.0 (Windows NT 10.0; Win64; x64) AppleWebKit/537.36 (KHTML, like Gecko) Chrome/77.0.3865.120 Safari/537.36"
123.6.49.15 - - [13/Apr/2024:00:56:44 +0000] "GET /galleryimg/01a2c951ee4f6adf9c5f1196fc456156.jpg HTTP/1.1" 200 50889 "https://www.scienocraft.com/" "Mozilla/5.0 (Linux; Android 8.0; Pixel 2 Build/OPD3.170816.012) AppleWebKit/537.36 (KHTML, like Gecko) Chrome/87.0.4280.88 Mobile Safari/537.36"
123.6.49.42 - - [13/Apr/2024:00:56:44 +0000] "GET /galleryimg/2d0b44034f1808c4f3eba762e554364e.jpg HTTP/1.1" 200 15514 "https://www.scienocraft.com/" "Mozilla/5.0 (Windows NT 10.0; Win64; x64) AppleWebKit/537.36 (KHTML, like Gecko) Chrome/77.0.3865.120 Safari/537.36"
123.6.49.41 - - [13/Apr/2024:00:56:44 +0000] "GET /galleryimg/1c66bd33489bfd15756d2787eead2f4a.png HTTP/1.1" 200 132008 "https://www.scienocraft.com/" "Mozilla/5.0 (Windows NT 10.0; Win64; x64) AppleWebKit/537.36 (KHTML, like Gecko) Chrome/77.0.3865.120 Safari/537.36"
123.6.49.47 - - [13/Apr/2024:00:56:44 +0000] "GET /galleryimg/47467d9e32ed9eda0c36d6b71bf9de6c.jpg HTTP/1.1" 200 35537 "https://www.scienocraft.com/" "Mozilla/5.0 (Windows NT 10.0; Win64; x64) AppleWebKit/537.36 (KHTML, like Gecko) Chrome/77.0.3865.120 Safari/537.36"
123.6.49.15 - - [13/Apr/2024:00:56:44 +0000] "GET /galleryimg/cff3a39079eb64c46636c6c70852cd26.jpg HTTP/1.1" 200 53782 "https://www.scienocraft.com/" "Mozilla/5.0 (Windows NT 10.0; Win64; x64) AppleWebKit/537.36 (KHTML, like Gecko) Chrome/77.0.3865.120 Safari/537.36"
123.6.49.15 - - [13/Apr/2024:00:56:44 +0000] "GET /galleryimg/c9ba59b540a324113e7238461135676c.png HTTP/1.1" 200 36233 "https://www.scienocraft.com/" "Mozilla/5.0 (Linux; Android 8.0; Pixel 2 Build/OPD3.170816.012) AppleWebKit/537.36 (KHTML, like Gecko) Chrome/87.0.4280.88 Mobile Safari/537.36"
123.6.49.18 - - [13/Apr/2024:00:56:44 +0000] "GET /galleryimg/c53597be4f7ca24e2f9a840590c388e9.png HTTP/1.1" 200 233719 "https://www.scienocraft.com/" "Mozilla/5.0 (Windows NT 10.0; Win64; x64) AppleWebKit/537.36 (KHTML, like Gecko) Chrome/77.0.3865.120 Safari/537.36"
123.6.49.18 - - [13/Apr/2024:00:56:44 +0000] "GET /galleryimg/76c41dae07c37a1a805472d6cbec3912.jpg HTTP/1.1" 200 9756 "https://www.scienocraft.com/" "Mozilla/5.0 (Linux; Android 8.0; Pixel 2 Build/OPD3.170816.012) AppleWebKit/537.36 (KHTML, like Gecko) Chrome/87.0.4280.88 Mobile Safari/537.36"
123.6.49.50 - - [13/Apr/2024:00:56:44 +0000] "GET /galleryimg/e3c1ec12e8698e9e63dd5b77d245b828.jpg HTTP/1.1" 200 27889 "https://www.scienocraft.com/" "Mozilla/5.0 (Windows NT 10.0; Win64; x64) AppleWebKit/537.36 (KHTML, like Gecko) Chrome/77.0.3865.120 Safari/537.36"
123.6.49.18 - - [13/Apr/2024:00:56:44 +0000] "GET /galleryimg/2d0b44034f1808c4f3eba762e554364e.jpg HTTP/1.1" 200 15514 "https://www.scienocraft.com/" "Mozilla/5.0 (Linux; Android 8.0; Pixel 2 Build/OPD3.170816.012) AppleWebKit/537.36 (KHTML, like Gecko) Chrome/87.0.4280.88 Mobile Safari/537.36"
123.6.49.50 - - [13/Apr/2024:00:56:44 +0000] "GET /galleryimg/1c66bd33489bfd15756d2787eead2f4a.png HTTP/1.1" 200 132008 "https://www.scienocraft.com/" "Mozilla/5.0 (Linux; Android 8.0; Pixel 2 Build/OPD3.170816.012) AppleWebKit/537.36 (KHTML, like Gecko) Chrome/87.0.4280.88 Mobile Safari/537.36"
123.6.49.41 - - [13/Apr/2024:00:56:44 +0000] "GET /images/Catalog-Icon.jpg HTTP/1.1" 200 33372 "https://www.scienocraft.com/" "Mozilla/5.0 (Windows NT 10.0; Win64; x64) AppleWebKit/537.36 (KHTML, like Gecko) Chrome/77.0.3865.120 Safari/537.36"
123.6.49.15 - - [13/Apr/2024:00:56:44 +0000] "GET /galleryimg/47467d9e32ed9eda0c36d6b71bf9de6c.jpg HTTP/1.1" 200 35537 "https://www.scienocraft.com/" "Mozilla/5.0 (Linux; Android 8.0; Pixel 2 Build/OPD3.170816.012) AppleWebKit/537.36 (KHTML, like Gecko) Chrome/87.0.4280.88 Mobile Safari/537.36"
123.6.49.41 - - [13/Apr/2024:00:56:44 +0000] "GET /galleryimg/cff3a39079eb64c46636c6c70852cd26.jpg HTTP/1.1" 200 53782 "https://www.scienocraft.com/" "Mozilla/5.0 (Linux; Android 8.0; Pixel 2 Build/OPD3.170816.012) AppleWebKit/537.36 (KHTML, like Gecko) Chrome/87.0.4280.88 Mobile Safari/537.36"
123.6.49.15 - - [13/Apr/2024:00:56:44 +0000] "GET /images/corporate-prasentation.jpg HTTP/1.1" 200 34082 "https://www.scienocraft.com/" "Mozilla/5.0 (Windows NT 10.0; Win64; x64) AppleWebKit/537.36 (KHTML, like Gecko) Chrome/77.0.3865.120 Safari/537.36"
123.6.49.47 - - [13/Apr/2024:00:56:44 +0000] "GET /images/awards-banner.jpg HTTP/1.1" 200 39552 "https://www.scienocraft.com/" "Mozilla/5.0 (Windows NT 10.0; Win64; x64) AppleWebKit/537.36 (KHTML, like Gecko) Chrome/77.0.3865.120 Safari/537.36"
123.6.49.18 - - [13/Apr/2024:00:56:44 +0000] "GET /images/facebook.png HTTP/1.1" 200 2458 "https://www.scienocraft.com/" "Mozilla/5.0 (Windows NT 10.0; Win64; x64) AppleWebKit/537.36 (KHTML, like Gecko) Chrome/77.0.3865.120 Safari/537.36"
123.6.49.50 - - [13/Apr/2024:00:56:44 +0000] "GET /images/Twitter.png HTTP/1.1" 200 2506 "https://www.scienocraft.com/" "Mozilla/5.0 (Windows NT 10.0; Win64; x64) AppleWebKit/537.36 (KHTML, like Gecko) Chrome/77.0.3865.120 Safari/537.36"
123.6.49.18 - - [13/Apr/2024:00:56:44 +0000] "GET /galleryimg/e3c1ec12e8698e9e63dd5b77d245b828.jpg HTTP/1.1" 200 27889 "https://www.scienocraft.com/" "Mozilla/5.0 (Linux; Android 8.0; Pixel 2 Build/OPD3.170816.012) AppleWebKit/537.36 (KHTML, like Gecko) Chrome/87.0.4280.88 Mobile Safari/537.36"
123.6.49.50 - - [13/Apr/2024:00:56:44 +0000] "GET /images/Catalog-Icon.jpg HTTP/1.1" 200 33372 "https://www.scienocraft.com/" "Mozilla/5.0 (Linux; Android 8.0; Pixel 2 Build/OPD3.170816.012) AppleWebKit/537.36 (KHTML, like Gecko) Chrome/87.0.4280.88 Mobile Safari/537.36"
123.6.49.42 - - [13/Apr/2024:00:56:44 +0000] "GET /galleryimg/a85a8e1ca674a5ab053361a54f89356f.jpg HTTP/1.1" 200 172501 "https://www.scienocraft.com/" "Mozilla/5.0 (Windows NT 10.0; Win64; x64) AppleWebKit/537.36 (KHTML, like Gecko) Chrome/77.0.3865.120 Safari/537.36"
123.6.49.41 - - [13/Apr/2024:00:56:44 +0000] "GET /images/RSS.png HTTP/1.1" 200 3246 "https://www.scienocraft.com/" "Mozilla/5.0 (Windows NT 10.0; Win64; x64) AppleWebKit/537.36 (KHTML, like Gecko) Chrome/77.0.3865.120 Safari/537.36"
123.6.49.15 - - [13/Apr/2024:00:56:44 +0000] "GET /images/awards-banner.jpg HTTP/1.1" 200 39552 "https://www.scienocraft.com/" "Mozilla/5.0 (Linux; Android 8.0; Pixel 2 Build/OPD3.170816.012) AppleWebKit/537.36 (KHTML, like Gecko) Chrome/87.0.4280.88 Mobile Safari/537.36"
123.6.49.41 - - [13/Apr/2024:00:56:44 +0000] "GET /images/corporate-prasentation.jpg HTTP/1.1" 200 34082 "https://www.scienocraft.com/" "Mozilla/5.0 (Linux; Android 8.0; Pixel 2 Build/OPD3.170816.012) AppleWebKit/537.36 (KHTML, like Gecko) Chrome/87.0.4280.88 Mobile Safari/537.36"
123.6.49.15 - - [13/Apr/2024:00:56:44 +0000] "GET /galleryimg/c53597be4f7ca24e2f9a840590c388e9.png HTTP/1.1" 200 233719 "https://www.scienocraft.com/" "Mozilla/5.0 (Linux; Android 8.0; Pixel 2 Build/OPD3.170816.012) AppleWebKit/537.36 (KHTML, like Gecko) Chrome/87.0.4280.88 Mobile Safari/537.36"
123.6.49.18 - - [13/Apr/2024:00:56:44 +0000] "GET /images/facebook.png HTTP/1.1" 200 2458 "https://www.scienocraft.com/" "Mozilla/5.0 (Linux; Android 8.0; Pixel 2 Build/OPD3.170816.012) AppleWebKit/537.36 (KHTML, like Gecko) Chrome/87.0.4280.88 Mobile Safari/537.36"
123.6.49.18 - - [13/Apr/2024:00:56:44 +0000] "GET /galleryimg/a85a8e1ca674a5ab053361a54f89356f.jpg HTTP/1.1" 200 172501 "https://www.scienocraft.com/" "Mozilla/5.0 (Linux; Android 8.0; Pixel 2 Build/OPD3.170816.012) AppleWebKit/537.36 (KHTML, like Gecko) Chrome/87.0.4280.88 Mobile Safari/537.36"
123.6.49.50 - - [13/Apr/2024:00:56:44 +0000] "GET /images/Twitter.png HTTP/1.1" 200 2506 "https://www.scienocraft.com/" "Mozilla/5.0 (Linux; Android 8.0; Pixel 2 Build/OPD3.170816.012) AppleWebKit/537.36 (KHTML, like Gecko) Chrome/87.0.4280.88 Mobile Safari/537.36"
123.6.49.15 - - [13/Apr/2024:00:56:45 +0000] "GET /images/RSS.png HTTP/1.1" 200 3246 "https://www.scienocraft.com/" "Mozilla/5.0 (Linux; Android 8.0; Pixel 2 Build/OPD3.170816.012) AppleWebKit/537.36 (KHTML, like Gecko) Chrome/87.0.4280.88 Mobile Safari/537.36"
27.115.124.104 - - [13/Apr/2024:00:56:53 +0000] "GET /favicon.ico HTTP/1.1" 404 196 "-" "Mozilla/5.0 (Macintosh; Intel Mac OS X 10_7_0) AppleWebKit/535.11 (KHTML, like Gecko) Chrome/17.0.963.56 Safari/535.11"
27.115.124.97 - - [13/Apr/2024:00:58:33 +0000] "GET /favicon.ico HTTP/1.1" 404 196 "-" "Mozilla/5.0 (Macintosh; Intel Mac OS X 10_7_0) AppleWebKit/535.11 (KHTML, like Gecko) Chrome/17.0.963.56 Safari/535.11"
213.180.203.130 - - [13/Apr/2024:01:05:59 +0000] "GET /robots.txt HTTP/1.1" 404 196 "-" "Mozilla/5.0 (compatible; YandexBot/3.0; +http://yandex.com/bots)"
213.180.203.172 - - [13/Apr/2024:01:06:00 +0000] "GET /MULTIMAGNETICSTIRRER.html HTTP/1.1" 200 9678 "-" "Mozilla/5.0 (compatible; YandexBot/3.0; +http://yandex.com/bots)"
34.73.225.172 - - [13/Apr/2024:01:24:21 +0000] "GET /robots.txt HTTP/1.0" 404 196 "-" "ZoominfoBot (zoominfobot at zoominfo dot com)"
34.73.225.172 - - [13/Apr/2024:01:24:24 +0000] "GET /SALTSPRAYCHAMBER.html HTTP/1.0" 200 60694 "-" "ZoominfoBot (zoominfobot at zoominfo dot com)"
54.88.179.33 - - [13/Apr/2024:01:24:48 +0000] "GET / HTTP/1.1" 200 64042 "-" "Mozilla/5.0 \x5C(Windows NT 10.0\x5C; Win64\x5C; x64\x5C) AppleWebKit/537.36 \x5C(KHTML, like Gecko\x5C) Chrome/100.0.4896.60 Safari/537.36"
54.88.179.33 - - [13/Apr/2024:01:24:50 +0000] "GET / HTTP/1.1" 200 64042 "-" "Mozilla/5.0 \x5C(Windows NT 10.0\x5C; Win64\x5C; x64\x5C) AppleWebKit/537.36 \x5C(KHTML, like Gecko\x5C) Chrome/100.0.4896.60 Safari/537.36"
54.88.179.33 - - [13/Apr/2024:01:24:50 +0000] "GET / HTTP/1.1" 200 64042 "-" "Mozilla/5.0 \x5C(Windows NT 10.0\x5C; Win64\x5C; x64\x5C) AppleWebKit/537.36 \x5C(KHTML, like Gecko\x5C) Chrome/100.0.4896.60 Safari/537.36"
34.73.225.172 - - [13/Apr/2024:01:25:37 +0000] "GET /all-products.php?maincategory=TEST%20CHAMBERS HTTP/1.0" 200 54488 "-" "ZoominfoBot (zoominfobot at zoominfo dot com)"
34.73.225.172 - - [13/Apr/2024:01:25:37 +0000] "GET /AUTOCLAVEVERTICALDOUBLEWALLAUTOPURGINGnEXHAUST.html HTTP/1.0" 200 62628 "-" "ZoominfoBot (zoominfobot at zoominfo dot com)"
34.73.225.172 - - [13/Apr/2024:01:26:33 +0000] "GET /WATERBATHSEROLOGICAL.html HTTP/1.0" 200 62032 "-" "ZoominfoBot (zoominfobot at zoominfo dot com)"
34.73.225.172 - - [13/Apr/2024:01:27:59 +0000] "GET /robots.txt HTTP/1.0" 404 196 "-" "ZoominfoBot (zoominfobot at zoominfo dot com)"
34.73.225.172 - - [13/Apr/2024:01:28:00 +0000] "GET /all-products.php?maincategory=TEST%20CHAMBERS HTTP/1.0" 200 54488 "-" "ZoominfoBot (zoominfobot at zoominfo dot com)"
34.73.225.172 - - [13/Apr/2024:01:28:09 +0000] "GET /all-products.php?maincategory=Shakers HTTP/1.0" 200 54562 "-" "ZoominfoBot (zoominfobot at zoominfo dot com)"
34.73.225.172 - - [13/Apr/2024:01:28:41 +0000] "GET /STABILITYCHAMBER21CFR(ECOFRIENDLYCFCFREECOOLINGREFRIGERANT).html HTTP/1.0" 200 59014 "-" "ZoominfoBot (zoominfobot at zoominfo dot com)"
34.73.225.172 - - [13/Apr/2024:01:31:06 +0000] "GET /robots.txt HTTP/1.0" 404 196 "-" "ZoominfoBot (zoominfobot at zoominfo dot com)"
34.73.225.172 - - [13/Apr/2024:01:31:08 +0000] "GET /VORTEXSHAKER(TESTTUBESHAKER)On-OffType-SenseTouchType.html HTTP/1.0" 200 50715 "-" "ZoominfoBot (zoominfobot at zoominfo dot com)"
34.73.225.172 - - [13/Apr/2024:01:34:00 +0000] "GET /BODINCUBATOR.html HTTP/1.0" 200 60422 "-" "ZoominfoBot (zoominfobot at zoominfo dot com)"
34.73.225.172 - - [13/Apr/2024:01:34:47 +0000] "GET /VORTEXSHAKER(TESTTUBESHAKER)On-OffType-SenseTouchType.html HTTP/1.0" 200 50715 "-" "ZoominfoBot (zoominfobot at zoominfo dot com)"
34.73.225.172 - - [13/Apr/2024:01:36:47 +0000] "GET /INCUBATOROVENCOMBINED.html HTTP/1.0" 200 61624 "-" "ZoominfoBot (zoominfobot at zoominfo dot com)"
34.73.225.172 - - [13/Apr/2024:01:38:11 +0000] "GET /BODINCUBATORGMP.html HTTP/1.0" 200 61393 "-" "ZoominfoBot (zoominfobot at zoominfo dot com)"
34.73.225.172 - - [13/Apr/2024:01:41:23 +0000] "GET /VACUUMOVENRECTANGULAR.html HTTP/1.0" 200 57720 "-" "ZoominfoBot (zoominfobot at zoominfo dot com)"
34.73.225.172 - - [13/Apr/2024:01:45:06 +0000] "GET /WRISTACTIONSHAKER.html HTTP/1.0" 200 50761 "-" "ZoominfoBot (zoominfobot at zoominfo dot com)"
34.73.225.172 - - [13/Apr/2024:01:45:24 +0000] "GET /VACUUMOVENCYLINDERICAL.html HTTP/1.0" 200 57397 "-" "ZoominfoBot (zoominfobot at zoominfo dot com)"
34.73.225.172 - - [13/Apr/2024:01:46:05 +0000] "GET /FRONTLOADINGAUTOCLAVEAUTO.html HTTP/1.0" 200 58927 "-" "ZoominfoBot (zoominfobot at zoominfo dot com)"
34.73.225.172 - - [13/Apr/2024:01:46:25 +0000] "GET /HUMIDITYCHAMBER(HEATING).html HTTP/1.0" 200 57487 "-" "ZoominfoBot (zoominfobot at zoominfo dot com)"
34.73.225.172 - - [13/Apr/2024:01:50:11 +0000] "GET /LABJAWCRUSHERS.html HTTP/1.0" 200 52009 "-" "ZoominfoBot (zoominfobot at zoominfo dot com)"
34.73.225.172 - - [13/Apr/2024:01:54:04 +0000] "GET /HPAUTOCLAVEVERTICALTRIPLEWALLAUTOPURGINGnEXHAUST.html HTTP/1.0" 200 60906 "-" "ZoominfoBot (zoominfobot at zoominfo dot com)"
34.73.225.172 - - [13/Apr/2024:01:54:24 +0000] "GET /all-products.php?maincategory=Vacuum%20Equipments HTTP/1.0" 200 52157 "-" "ZoominfoBot (zoominfobot at zoominfo dot com)"
34.73.225.172 - - [13/Apr/2024:02:01:06 +0000] "GET /WATERBATH(CYLINDERICAL).html HTTP/1.0" 200 55346 "-" "ZoominfoBot (zoominfobot at zoominfo dot com)"
34.73.225.172 - - [13/Apr/2024:02:02:09 +0000] "GET /corporate-presentation.php HTTP/1.0" 200 50715 "-" "ZoominfoBot (zoominfobot at zoominfo dot com)"
34.73.225.172 - - [13/Apr/2024:02:02:52 +0000] "GET /all-products.php?maincategory=Incubators HTTP/1.0" 200 55769 "-" "ZoominfoBot (zoominfobot at zoominfo dot com)"
34.73.225.172 - - [13/Apr/2024:02:05:56 +0000] "GET /AUTOCLAVEHORIZONTALDOUBLEWALL.html HTTP/1.0" 200 62118 "-" "ZoominfoBot (zoominfobot at zoominfo dot com)"
34.73.225.172 - - [13/Apr/2024:02:06:01 +0000] "GET /WATERBATHDOUBLEWALLED.html HTTP/1.0" 200 59786 "-" "ZoominfoBot (zoominfobot at zoominfo dot com)"
34.73.225.172 - - [13/Apr/2024:02:06:42 +0000] "GET /LABPULVERISORDISCTYPE.html HTTP/1.0" 200 50405 "-" "ZoominfoBot (zoominfobot at zoominfo dot com)"
34.73.225.172 - - [13/Apr/2024:02:09:18 +0000] "GET /enquiry.php HTTP/1.0" 200 61678 "-" "ZoominfoBot (zoominfobot at zoominfo dot com)"
34.73.225.172 - - [13/Apr/2024:02:10:35 +0000] "GET /WATERBATHSINGLEWALLED.html HTTP/1.0" 200 57629 "-" "ZoominfoBot (zoominfobot at zoominfo dot com)"
34.73.225.172 - - [13/Apr/2024:02:10:46 +0000] "GET /HUMIDITYCUMTEMPERATURECONTROLLEDCHAMBERECOFRIENDLYCOOLING.html HTTP/1.0" 200 58723 "-" "ZoominfoBot (zoominfobot at zoominfo dot com)"
17.241.75.206 - - [13/Apr/2024:02:11:36 +0000] "GET /BLOODBANKREFRIGERATOR.html HTTP/1.1" 200 11265 "-" "Mozilla/5.0 (Macintosh; Intel Mac OS X 10_15_5) AppleWebKit/605.1.15 (KHTML, like Gecko) Version/13.1.1 Safari/605.1.15 (Applebot/0.1; +http://www.apple.com/go/applebot)"
34.73.225.172 - - [13/Apr/2024:02:15:32 +0000] "GET /INDUSTRIALDRYINGOVEN.html HTTP/1.0" 200 58713 "-" "ZoominfoBot (zoominfobot at zoominfo dot com)"
34.73.225.172 - - [13/Apr/2024:02:20:50 +0000] "GET /BODINCUBATORMICROBASEDLCDCONTROLSINGLEPANEL.html HTTP/1.0" 200 61443 "-" "ZoominfoBot (zoominfobot at zoominfo dot com)"
34.73.225.172 - - [13/Apr/2024:02:25:05 +0000] "GET /certification.php HTTP/1.0" 200 47752 "-" "ZoominfoBot (zoominfobot at zoominfo dot com)"
34.73.225.172 - - [13/Apr/2024:02:25:11 +0000] "GET /HPSTERILIZERVERTICALTRIPLEWALL.html HTTP/1.0" 200 61012 "-" "ZoominfoBot (zoominfobot at zoominfo dot com)"
34.73.225.172 - - [13/Apr/2024:02:25:42 +0000] "GET /all-products.php?maincategory=General%20Laboratory%20Equipments HTTP/1.0" 200 57565 "-" "ZoominfoBot (zoominfobot at zoominfo dot com)"
34.73.225.172 - - [13/Apr/2024:02:25:57 +0000] "GET /ROCKERSHAKERGELPLATFORMSHAKER.html HTTP/1.0" 200 50116 "-" "ZoominfoBot (zoominfobot at zoominfo dot com)"
34.73.225.172 - - [13/Apr/2024:02:27:01 +0000] "GET /WILLEYMILLGRINDER.html HTTP/1.0" 200 53866 "-" "ZoominfoBot (zoominfobot at zoominfo dot com)"
34.73.225.172 - - [13/Apr/2024:02:30:54 +0000] "GET /HOTAIROVENHIGHTEMP.html HTTP/1.0" 200 61257 "-" "ZoominfoBot (zoominfobot at zoominfo dot com)"
34.73.225.172 - - [13/Apr/2024:02:33:20 +0000] "GET /all-products.php?maincategory=Lab%20Equipments%20(Heating) HTTP/1.0" 200 52596 "-" "ZoominfoBot (zoominfobot at zoominfo dot com)"
34.73.225.172 - - [13/Apr/2024:02:37:52 +0000] "GET /all-products.php?maincategory=Water(Liquid)%20Bath%20Equipments HTTP/1.0" 200 55830 "-" "ZoominfoBot (zoominfobot at zoominfo dot com)"
34.73.225.172 - - [13/Apr/2024:02:43:15 +0000] "GET /VACUUMROTARYEVAPORATOR.html HTTP/1.0" 200 57683 "-" "ZoominfoBot (zoominfobot at zoominfo dot com)"
34.73.225.172 - - [13/Apr/2024:02:44:15 +0000] "GET /INCUBATORBACTERIOLOGICAL.html HTTP/1.0" 200 59215 "-" "ZoominfoBot (zoominfobot at zoominfo dot com)"
34.73.225.172 - - [13/Apr/2024:02:45:57 +0000] "GET /RECIPROCATINGSHAKER.html HTTP/1.0" 200 54356 "-" "ZoominfoBot (zoominfobot at zoominfo dot com)"
47.128.127.8 - - [13/Apr/2024:02:47:22 +0000] "GET /VACUUMROTARYEVAPORATOR.html HTTP/1.1" 200 10910 "-" "Mozilla/5.0 (compatible; Bytespider; spider-feedback@bytedance.com) AppleWebKit/537.36 (KHTML, like Gecko) Chrome/70.0.0.0 Safari/537.36"
47.128.127.8 - - [13/Apr/2024:02:47:22 +0000] "GET /menucss/menu.css HTTP/1.1" 404 196 "https://www.scienocraft.com/VACUUMROTARYEVAPORATOR.html" "Mozilla/5.0 (compatible; Bytespider; spider-feedback@bytedance.com) AppleWebKit/537.36 (KHTML, like Gecko) Chrome/70.0.0.0 Safari/537.36"
47.128.127.8 - - [13/Apr/2024:02:47:22 +0000] "GET /images/facebook.png HTTP/1.1" 200 2458 "https://www.scienocraft.com/VACUUMROTARYEVAPORATOR.html" "Mozilla/5.0 (compatible; Bytespider; spider-feedback@bytedance.com) AppleWebKit/537.36 (KHTML, like Gecko) Chrome/70.0.0.0 Safari/537.36"
47.128.127.8 - - [13/Apr/2024:02:47:22 +0000] "GET /images/Twitter.png HTTP/1.1" 200 2506 "https://www.scienocraft.com/VACUUMROTARYEVAPORATOR.html" "Mozilla/5.0 (compatible; Bytespider; spider-feedback@bytedance.com) AppleWebKit/537.36 (KHTML, like Gecko) Chrome/70.0.0.0 Safari/537.36"
47.128.127.8 - - [13/Apr/2024:02:47:23 +0000] "GET /images/RSS.png HTTP/1.1" 200 3246 "https://www.scienocraft.com/VACUUMROTARYEVAPORATOR.html" "Mozilla/5.0 (compatible; Bytespider; spider-feedback@bytedance.com) AppleWebKit/537.36 (KHTML, like Gecko) Chrome/70.0.0.0 Safari/537.36"
34.73.225.172 - - [13/Apr/2024:02:48:24 +0000] "GET /ROCKERSHAKERGELPLATFORMSHAKER.html HTTP/1.0" 200 50116 "-" "ZoominfoBot (zoominfobot at zoominfo dot com)"
34.73.225.172 - - [13/Apr/2024:02:55:41 +0000] "GET /WRISTACTIONSHAKER.html HTTP/1.0" 200 50761 "-" "ZoominfoBot (zoominfobot at zoominfo dot com)"
34.73.225.172 - - [13/Apr/2024:03:01:18 +0000] "GET /HOTAIROVEN.html HTTP/1.0" 200 61460 "-" "ZoominfoBot (zoominfobot at zoominfo dot com)"
98.98.37.77 - - [13/Apr/2024:03:08:43 +0000] "GET / HTTP/1.1" 200 10839 "-" "Mozilla/5.0 (X11; Linux i686) AppleWebKit/537.36 (KHTML, like Gecko) Chrome/114.0.0.0 Safari/537.36 Vivaldi/5.3.2679.68"
34.73.225.172 - - [13/Apr/2024:03:08:44 +0000] "GET /BALLMILL.html HTTP/1.0" 200 52235 "-" "ZoominfoBot (zoominfobot at zoominfo dot com)"
