34.148.194.180 - - [12/Apr/2024:11:05:12 +0000] "GET /INDUSTRIALDRYINGOVEN.html HTTP/1.0" 200 58713 "-" "ZoominfoBot (zoominfobot at zoominfo dot com)"
34.148.194.180 - - [12/Apr/2024:11:05:58 +0000] "GET /WATERSTILLBARNSTEADTYPETABLEPATTERN.html HTTP/1.0" 200 55223 "-" "ZoominfoBot (zoominfobot at zoominfo dot com)"
34.148.194.180 - - [12/Apr/2024:11:06:13 +0000] "GET /BODINCUBATOR.html HTTP/1.0" 200 60422 "-" "ZoominfoBot (zoominfobot at zoominfo dot com)"
34.148.194.180 - - [12/Apr/2024:11:06:39 +0000] "GET /STABILITYCHAMBER.html HTTP/1.0" 200 59642 "-" "ZoominfoBot (zoominfobot at zoominfo dot com)"
34.148.194.180 - - [12/Apr/2024:11:07:44 +0000] "GET /BALLMILL.html HTTP/1.0" 200 52235 "-" "ZoominfoBot (zoominfobot at zoominfo dot com)"
114.119.157.245 - - [12/Apr/2024:11:08:29 +0000] "GET /QUARTZDISTILLATIONSTI-258.html HTTP/1.1" 200 10215 "-" "Mozilla/5.0 (Linux; Android 7.0;) AppleWebKit/537.36 (KHTML, like Gecko) Mobile Safari/537.36 (compatible; PetalBot;+https://webmaster.petalsearch.com/site/petalbot)"
34.148.194.180 - - [12/Apr/2024:11:08:46 +0000] "GET /all-products.php?maincategory=General%20Laboratory%20Equipments HTTP/1.0" 200 57565 "-" "ZoominfoBot (zoominfobot at zoominfo dot com)"
34.148.194.180 - - [12/Apr/2024:11:12:49 +0000] "GET /BODINCUBATORMICROBASEDLCDCONTROLSINGLEPANEL.html HTTP/1.0" 200 61443 "-" "ZoominfoBot (zoominfobot at zoominfo dot com)"
178.162.147.150 - - [12/Apr/2024:11:12:55 +0000] "GET /wp-content/themes/rehub-theme/icons/modulobox.svg HTTP/1.1" 404 196 "-" "Mozilla/5.0 (Linux; Android 7.1.1; Nokia 2) AppleWebKit/537.36 (KHTML, like Gecko) Chrome/71.0.3578.83 Mobile Safari/537.36"
34.148.194.180 - - [12/Apr/2024:11:14:42 +0000] "GET /all-products.php?maincategory=Shakers HTTP/1.0" 200 54562 "-" "ZoominfoBot (zoominfobot at zoominfo dot com)"
34.148.194.180 - - [12/Apr/2024:11:14:51 +0000] "GET /LAMINARFLOWBENCHVERTICAL.html HTTP/1.0" 200 62733 "-" "ZoominfoBot (zoominfobot at zoominfo dot com)"
34.148.194.180 - - [12/Apr/2024:11:15:02 +0000] "GET /ExhibitionandAwards HTTP/1.0" 200 46986 "-" "ZoominfoBot (zoominfobot at zoominfo dot com)"
34.148.194.180 - - [12/Apr/2024:11:18:25 +0000] "GET /products-catalogue.php HTTP/1.0" 200 80159 "-" "ZoominfoBot (zoominfobot at zoominfo dot com)"
34.148.194.180 - - [12/Apr/2024:11:18:55 +0000] "GET /LABJAWCRUSHERS.html HTTP/1.0" 200 52009 "-" "ZoominfoBot (zoominfobot at zoominfo dot com)"
34.148.194.180 - - [12/Apr/2024:11:19:06 +0000] "GET /all-products.php?maincategory=Environmental%20Chambers HTTP/1.0" 200 52172 "-" "ZoominfoBot (zoominfobot at zoominfo dot com)"
34.148.194.180 - - [12/Apr/2024:11:22:32 +0000] "GET /BODINCUBATORGMP.html HTTP/1.0" 200 61393 "-" "ZoominfoBot (zoominfobot at zoominfo dot com)"
34.148.194.180 - - [12/Apr/2024:11:23:32 +0000] "GET /AUTOCLAVEVERTICALDELUXEMODEL.html HTTP/1.0" 200 62892 "-" "ZoominfoBot (zoominfobot at zoominfo dot com)"
54.36.149.95 - - [12/Apr/2024:11:24:08 +0000] "GET /robots.txt HTTP/1.1" 404 196 "-" "Mozilla/5.0 (compatible; AhrefsBot/7.0; +http://ahrefs.com/robot/)"
34.148.194.180 - - [12/Apr/2024:11:26:04 +0000] "GET /HOTAIROVEN.html HTTP/1.0" 200 61460 "-" "ZoominfoBot (zoominfobot at zoominfo dot com)"
34.148.194.180 - - [12/Apr/2024:11:26:18 +0000] "GET /robots.txt HTTP/1.0" 404 196 "-" "ZoominfoBot (zoominfobot at zoominfo dot com)"
34.148.194.180 - - [12/Apr/2024:11:26:19 +0000] "GET /all-products.php?maincategory=Incubators HTTP/1.0" 200 55769 "-" "ZoominfoBot (zoominfobot at zoominfo dot com)"
34.148.194.180 - - [12/Apr/2024:11:26:25 +0000] "GET /all-products.php?maincategory=Cooling%20Equipment HTTP/1.0" 200 50929 "-" "ZoominfoBot (zoominfobot at zoominfo dot com)"
34.148.194.180 - - [12/Apr/2024:11:27:43 +0000] "GET /HOTAIROVENHIGHTEMP.html HTTP/1.0" 200 61257 "-" "ZoominfoBot (zoominfobot at zoominfo dot com)"
34.148.194.180 - - [12/Apr/2024:11:28:11 +0000] "GET /BLOODBANKREFRIGERATOR.html HTTP/1.0" 200 60076 "-" "ZoominfoBot (zoominfobot at zoominfo dot com)"
34.148.194.180 - - [12/Apr/2024:11:28:57 +0000] "GET /WATERSTILLMANESTYTYPEWALLMOUNTING.html HTTP/1.0" 200 55597 "-" "ZoominfoBot (zoominfobot at zoominfo dot com)"
34.148.194.180 - - [12/Apr/2024:11:30:54 +0000] "GET /INCUBATORBACTERIOLOGICAL.html HTTP/1.0" 200 59215 "-" "ZoominfoBot (zoominfobot at zoominfo dot com)"
218.6.121.111 - - [12/Apr/2024:11:31:28 +0000] "GET / HTTP/1.1" 200 10839 "http://www.scienocraft.com" "Mozilla/5.0 (Macintosh; Intel Mac OS X 12_5) AppleWebKit/537.36 (KHTML, like Gecko) Chrome/114.0.0.0 Safari/537.36 Edg/114.0.1264.71"
34.148.194.180 - - [12/Apr/2024:11:31:31 +0000] "GET /all-products.php?maincategory=Clean%20Room%20Benches HTTP/1.0" 200 54299 "-" "ZoominfoBot (zoominfobot at zoominfo dot com)"
218.6.121.111 - - [12/Apr/2024:11:31:32 +0000] "GET /all-products.php?maincategory=Water(Liquid)%20Bath%20Equipments HTTP/1.1" 200 9347 "http://www.scienocraft.com" "Mozilla/5.0 (Macintosh; Intel Mac OS X 12_5) AppleWebKit/537.36 (KHTML, like Gecko) Chrome/114.0.0.0 Safari/537.36 Edg/114.0.1264.71"
114.119.133.42 - - [12/Apr/2024:11:31:35 +0000] "GET /AUTOCLAVEVERTICALDOUBLEWALLAUTOPURGINGnEXHAUST.html HTTP/1.1" 200 11521 "https://scienocraft.com/enquiry.php?pname=SIEVE%20SHAKER%20(TABLE%20TOP)/STI-370" "Mozilla/5.0 (Linux; Android 7.0;) AppleWebKit/537.36 (KHTML, like Gecko) Mobile Safari/537.36 (compatible; PetalBot;+https://webmaster.petalsearch.com/site/petalbot)"
34.148.194.180 - - [12/Apr/2024:11:32:29 +0000] "GET /SEEDGERMINATORSINGLECHAMBER(HEATING).html HTTP/1.0" 200 58183 "-" "ZoominfoBot (zoominfobot at zoominfo dot com)"
34.148.194.180 - - [12/Apr/2024:11:34:18 +0000] "GET /WILLEYMILLGRINDER.html HTTP/1.0" 200 53866 "-" "ZoominfoBot (zoominfobot at zoominfo dot com)"
34.148.194.180 - - [12/Apr/2024:11:35:10 +0000] "GET /FREEZEDRYER.html HTTP/1.0" 200 59134 "-" "ZoominfoBot (zoominfobot at zoominfo dot com)"
34.148.194.180 - - [12/Apr/2024:11:40:04 +0000] "GET /LAMINARVERTICALMICROCONTROLLERLCDDISPLAY.html HTTP/1.0" 200 63676 "-" "ZoominfoBot (zoominfobot at zoominfo dot com)"
34.148.194.180 - - [12/Apr/2024:11:40:06 +0000] "GET /LAMINARHORIZONTALMICROCONTROLLERLCDDISPLAY.html HTTP/1.0" 200 66597 "-" "ZoominfoBot (zoominfobot at zoominfo dot com)"
34.148.194.180 - - [12/Apr/2024:11:41:04 +0000] "GET /all-products.php?maincategory=Lab%20Equipments%20(Heating) HTTP/1.0" 200 52596 "-" "ZoominfoBot (zoominfobot at zoominfo dot com)"
34.148.194.180 - - [12/Apr/2024:11:41:08 +0000] "GET /index.php HTTP/1.0" 200 63934 "-" "ZoominfoBot (zoominfobot at zoominfo dot com)"
34.148.194.180 - - [12/Apr/2024:11:41:11 +0000] "GET /LAMINARFLOWBENCHHORIZONTAL.html HTTP/1.0" 200 63424 "-" "ZoominfoBot (zoominfobot at zoominfo dot com)"
47.93.121.200 - - [12/Apr/2024:11:41:23 +0000] "GET / HTTP/1.0" 200 63934 "http://www.scienocraft.com" "Mozilla/5.0 (Macintosh; Intel Mac OS X 12_5) AppleWebKit/537.36 (KHTML, like Gecko) Chrome/114.0.0.0 Safari/537.36"
47.93.121.200 - - [12/Apr/2024:11:41:29 +0000] "GET /all-products.php?maincategory=Water(Liquid)%20Bath%20Equipments HTTP/1.0" 200 55830 "http://www.scienocraft.com" "Mozilla/5.0 (Macintosh; Intel Mac OS X 12_5) AppleWebKit/537.36 (KHTML, like Gecko) Chrome/114.0.0.0 Safari/537.36"
34.148.194.180 - - [12/Apr/2024:11:41:49 +0000] "GET /all-products.php?maincategory=Lab%20Equipments%20(Heating) HTTP/1.0" 200 52596 "-" "ZoominfoBot (zoominfobot at zoominfo dot com)"
34.148.194.180 - - [12/Apr/2024:11:42:26 +0000] "GET /all-products.php?maincategory=Incubators HTTP/1.0" 200 55769 "-" "ZoominfoBot (zoominfobot at zoominfo dot com)"
34.148.194.180 - - [12/Apr/2024:11:46:34 +0000] "GET /all-products.php?maincategory=Distillation%20Equipments HTTP/1.0" 200 55816 "-" "ZoominfoBot (zoominfobot at zoominfo dot com)"
34.148.194.180 - - [12/Apr/2024:11:48:28 +0000] "GET /AUTOCLAVEVERTICALDOUBLEWALLSEMIAUTO.html HTTP/1.0" 200 61766 "-" "ZoominfoBot (zoominfobot at zoominfo dot com)"
34.148.194.180 - - [12/Apr/2024:11:49:24 +0000] "GET /GLASSDISTILLATIONAPPARATUS.html HTTP/1.0" 200 53364 "-" "ZoominfoBot (zoominfobot at zoominfo dot com)"
34.148.194.180 - - [12/Apr/2024:11:50:47 +0000] "GET /DEEPFREEZERuptoMinus86degC.html HTTP/1.0" 200 58576 "-" "ZoominfoBot (zoominfobot at zoominfo dot com)"
34.148.194.180 - - [12/Apr/2024:11:51:04 +0000] "GET /all-products.php?maincategory=Shakers HTTP/1.0" 200 54562 "-" "ZoominfoBot (zoominfobot at zoominfo dot com)"
66.249.79.233 - - [12/Apr/2024:11:51:48 +0000] "GET / HTTP/1.1" 200 10839 "-" "Mozilla/5.0 (compatible; Googlebot/2.1; +http://www.google.com/bot.html)"
66.249.79.231 - - [12/Apr/2024:11:51:54 +0000] "GET /slideshow/js/jquery.id.cstransitions-1.2.min.js HTTP/1.1" 200 5370 "https://www.scienocraft.com/" "Mozilla/5.0 AppleWebKit/537.36 (KHTML, like Gecko; compatible; Googlebot/2.1; +http://www.google.com/bot.html) Chrome/122.0.6261.94 Safari/537.36"
101.44.250.228 - - [12/Apr/2024:11:52:01 +0000] "GET /robots.txt HTTP/1.1" 404 196 "-" "Mozilla/5.0 (Macintosh; Intel Mac OS X 10_15_7) AppleWebKit/537.36 (KHTML, like Gecko) Chrome/114.0.0.0 Safari/537.36"
34.148.194.180 - - [12/Apr/2024:11:54:03 +0000] "GET /INCUBATOROVENCOMBINED.html HTTP/1.0" 200 61624 "-" "ZoominfoBot (zoominfobot at zoominfo dot com)"
34.148.194.180 - - [12/Apr/2024:11:54:36 +0000] "GET /RECIPROCATINGSHAKER.html HTTP/1.0" 200 54356 "-" "ZoominfoBot (zoominfobot at zoominfo dot com)"
34.138.104.29 - - [12/Apr/2024:12:08:00 +0000] "GET /robots.txt HTTP/1.0" 404 196 "-" "ZoominfoBot (zoominfobot at zoominfo dot com)"
34.138.104.29 - - [12/Apr/2024:12:08:00 +0000] "GET /robots.txt HTTP/1.0" 404 196 "-" "ZoominfoBot (zoominfobot at zoominfo dot com)"
34.138.104.29 - - [12/Apr/2024:12:08:01 +0000] "GET /ContactUs HTTP/1.0" 200 49509 "-" "ZoominfoBot (zoominfobot at zoominfo dot com)"
34.138.104.29 - - [12/Apr/2024:12:08:01 +0000] "GET /AUTOCLAVEVERTICALSTANDARDMODEL.html HTTP/1.0" 200 64504 "-" "ZoominfoBot (zoominfobot at zoominfo dot com)"
34.138.104.29 - - [12/Apr/2024:12:08:29 +0000] "GET /robots.txt HTTP/1.0" 404 196 "-" "ZoominfoBot (zoominfobot at zoominfo dot com)"
34.138.104.29 - - [12/Apr/2024:12:08:30 +0000] "GET /LABPULVERISORDISCTYPE.html HTTP/1.0" 200 50405 "-" "ZoominfoBot (zoominfobot at zoominfo dot com)"
34.138.104.29 - - [12/Apr/2024:12:08:35 +0000] "GET /MORTUARYCABINET.html HTTP/1.0" 200 56228 "-" "ZoominfoBot (zoominfobot at zoominfo dot com)"
34.138.104.29 - - [12/Apr/2024:12:09:04 +0000] "GET /WATERDISTILLATIONAPPARATUS(DELUXEMODEL).html HTTP/1.0" 200 53920 "-" "ZoominfoBot (zoominfobot at zoominfo dot com)"
34.138.104.29 - - [12/Apr/2024:12:12:43 +0000] "GET /all-products.php?maincategory=Autoclave-%20%20%20%20%20%20%20%20%20%20%20%20%20%20%20%20%20%20%20%20%20%20%20%20%20%20%20%20%20%20%20%20%20%20%20%20%20%20%20%20%20%20%20%20%20%20%20%20%20%20%20%20%20%20%20%20%20%20%20%20%20%20%20%20%20%20%20%20%20%20%20%20%20%20%20%20%20%20%20%20%20%20%20%20%20%20%20%20%20%20%20%20%20%20%20%20%20%20%20%20%20%20%20%20%20%20%20%20%20%20%20%20%20Sterilization%20Equipments HTTP/1.0" 200 60657 "-" "ZoominfoBot (zoominfobot at zoominfo dot com)"
34.138.104.29 - - [12/Apr/2024:12:12:44 +0000] "GET /SEEDGERMINATORSINGLECHAMBER(COOLING).html HTTP/1.0" 200 58912 "-" "ZoominfoBot (zoominfobot at zoominfo dot com)"
34.138.104.29 - - [12/Apr/2024:12:13:11 +0000] "GET /GROWTHCHAMBER(ENVIRONMENTALCHAMBER).html HTTP/1.0" 200 59830 "-" "ZoominfoBot (zoominfobot at zoominfo dot com)"
34.138.104.29 - - [12/Apr/2024:12:13:20 +0000] "GET /AUTOCLAVEVERTICALGMPMODEL.html HTTP/1.0" 200 64155 "-" "ZoominfoBot (zoominfobot at zoominfo dot com)"
34.138.104.29 - - [12/Apr/2024:12:13:24 +0000] "GET /INDUSTRIALDRYINGOVEN.html HTTP/1.0" 200 58713 "-" "ZoominfoBot (zoominfobot at zoominfo dot com)"
114.119.133.42 - - [12/Apr/2024:12:14:01 +0000] "GET /enquiry.php?pname=H%20P%20AUTOCLAVE%20VERTICAL%20TRIPLE%20WALL%20AUTO%20PURGING%20n%20EXHAUST/STI%20-116%20C HTTP/1.1" 200 11094 "https://scienocraft.com/HPAUTOCLAVEVERTICALTRIPLEWALLAUTOPURGINGnEXHAUST.html" "Mozilla/5.0 (Linux; Android 7.0;) AppleWebKit/537.36 (KHTML, like Gecko) Mobile Safari/537.36 (compatible; PetalBot;+https://webmaster.petalsearch.com/site/petalbot)"
34.138.104.29 - - [12/Apr/2024:12:14:20 +0000] "GET /WATERSTILLBARNSTEADTYPETABLEPATTERN.html HTTP/1.0" 200 55223 "-" "ZoominfoBot (zoominfobot at zoominfo dot com)"
34.138.104.29 - - [12/Apr/2024:12:14:38 +0000] "GET /BODINCUBATOR.html HTTP/1.0" 200 60422 "-" "ZoominfoBot (zoominfobot at zoominfo dot com)"
34.138.104.29 - - [12/Apr/2024:12:15:12 +0000] "GET /STABILITYCHAMBER.html HTTP/1.0" 200 59642 "-" "ZoominfoBot (zoominfobot at zoominfo dot com)"
192.99.36.126 - - [12/Apr/2024:12:15:57 +0000] "GET /robots.txt HTTP/1.1" 404 196 "-" "Mozilla/5.0 (compatible; MJ12bot/v1.4.8; http://mj12bot.com/)"
192.99.36.126 - - [12/Apr/2024:12:15:58 +0000] "GET /enquiry.php?pname=VACUUM%20ROTARY%20EVAPORATOR/STI-414%20A HTTP/1.1" 200 11091 "-" "Mozilla/5.0 (compatible; MJ12bot/v1.4.8; http://mj12bot.com/)"
192.99.36.126 - - [12/Apr/2024:12:16:00 +0000] "GET /robots.txt HTTP/1.1" 404 196 "-" "Mozilla/5.0 (compatible; MJ12bot/v1.4.8; http://mj12bot.com/)"
192.99.36.126 - - [12/Apr/2024:12:16:02 +0000] "GET /enquiry.php?pname=VACUUM%20ROTARY%20EVAPORATOR/STI-414%20A HTTP/1.1" 200 11109 "-" "Mozilla/5.0 (compatible; MJ12bot/v1.4.8; http://mj12bot.com/)"
192.99.36.126 - - [12/Apr/2024:12:16:04 +0000] "GET /enquiry.php?pname=VORTEX%20SHAKER%20(TEST%20TUBE%20SHAKER)%20ADVANCED/STI-360%20C HTTP/1.1" 200 11091 "-" "Mozilla/5.0 (compatible; MJ12bot/v1.4.8; http://mj12bot.com/)"
192.99.36.126 - - [12/Apr/2024:12:16:06 +0000] "GET /enquiry.php?pname=WAGNERS%20SHAKING%20MACHINE/ HTTP/1.1" 200 11084 "-" "Mozilla/5.0 (compatible; MJ12bot/v1.4.8; http://mj12bot.com/)"
192.99.36.126 - - [12/Apr/2024:12:16:08 +0000] "GET /enquiry.php?pname=WALK%20IN%20COLD%20CHAMBER/STI-199 HTTP/1.1" 200 11089 "-" "Mozilla/5.0 (compatible; MJ12bot/v1.4.8; http://mj12bot.com/)"
192.99.36.126 - - [12/Apr/2024:12:16:10 +0000] "GET /enquiry.php?pname=WALK%20IN%20STABILITY%20CHAMBER/STI-198%20B HTTP/1.1" 200 11092 "-" "Mozilla/5.0 (compatible; MJ12bot/v1.4.8; http://mj12bot.com/)"
192.99.36.126 - - [12/Apr/2024:12:16:12 +0000] "GET /enquiry.php?pname=WATER%20BATH%20(CYLINDERICAL)/STI-132 HTTP/1.1" 200 11088 "-" "Mozilla/5.0 (compatible; MJ12bot/v1.4.8; http://mj12bot.com/)"
192.99.36.126 - - [12/Apr/2024:12:16:14 +0000] "GET /enquiry.php?pname=WATER%20BATH%20(CYLINDERICAL)/STI-132 HTTP/1.1" 200 11088 "-" "Mozilla/5.0 (compatible; MJ12bot/v1.4.8; http://mj12bot.com/)"
192.99.36.126 - - [12/Apr/2024:12:16:16 +0000] "GET /enquiry.php?pname=WATER%20BATH%20DOUBLE%20WALLED/STI-133%20B HTTP/1.1" 200 11090 "-" "Mozilla/5.0 (compatible; MJ12bot/v1.4.8; http://mj12bot.com/)"
192.99.36.126 - - [12/Apr/2024:12:16:18 +0000] "GET /enquiry.php?pname=WATER%20BATH%20DOUBLE%20WALLED/STI-133%20B HTTP/1.1" 200 11090 "-" "Mozilla/5.0 (compatible; MJ12bot/v1.4.8; http://mj12bot.com/)"
192.99.36.126 - - [12/Apr/2024:12:16:20 +0000] "GET /enquiry.php?pname=WATER%20BATH%20HIGH%20PRECISION/STI-136 HTTP/1.1" 200 11088 "-" "Mozilla/5.0 (compatible; MJ12bot/v1.4.8; http://mj12bot.com/)"
192.99.36.126 - - [12/Apr/2024:12:16:22 +0000] "GET /enquiry.php?pname=WATER%20BATH%20SEROLOGICAL/STI-134 HTTP/1.1" 200 11088 "-" "Mozilla/5.0 (compatible; MJ12bot/v1.4.8; http://mj12bot.com/)"
192.99.36.126 - - [12/Apr/2024:12:16:24 +0000] "GET /enquiry.php?pname=WATER%20BATH%20SEROLOGICAL/STI-134 HTTP/1.1" 200 11088 "-" "Mozilla/5.0 (compatible; MJ12bot/v1.4.8; http://mj12bot.com/)"
192.99.36.126 - - [12/Apr/2024:12:16:26 +0000] "GET /enquiry.php?pname=WATER%20BATH%20SHAKER%20STI-135%20A(HEATING)/STI-135%20B(COOLING) HTTP/1.1" 200 11090 "-" "Mozilla/5.0 (compatible; MJ12bot/v1.4.8; http://mj12bot.com/)"
192.99.36.126 - - [12/Apr/2024:12:16:28 +0000] "GET /enquiry.php?pname=WATER%20BATH%20SINGLE%20WALLED/STI-133%20A HTTP/1.1" 200 11089 "-" "Mozilla/5.0 (compatible; MJ12bot/v1.4.8; http://mj12bot.com/)"
192.99.36.126 - - [12/Apr/2024:12:16:30 +0000] "GET /enquiry.php?pname=WATER%20BATH%20SINGLE%20WALLED/STI-133%20A HTTP/1.1" 200 11089 "-" "Mozilla/5.0 (compatible; MJ12bot/v1.4.8; http://mj12bot.com/)"
192.99.36.126 - - [12/Apr/2024:12:16:32 +0000] "GET /enquiry.php?pname=WATER%20DISTILLATION%20APPARATUS(DELUXE%20MODEL)/STI-%20427 HTTP/1.1" 200 11078 "-" "Mozilla/5.0 (compatible; MJ12bot/v1.4.8; http://mj12bot.com/)"
192.99.36.126 - - [12/Apr/2024:12:16:34 +0000] "GET /enquiry.php?pname=WATER%20DISTILLATION%20APPARATUS(DELUXE%20MODEL)/STI-%20427 HTTP/1.1" 200 11090 "-" "Mozilla/5.0 (compatible; MJ12bot/v1.4.8; http://mj12bot.com/)"
192.99.36.126 - - [12/Apr/2024:12:16:36 +0000] "GET /enquiry.php?pname=WATER%20STILL%20BARNSTEAD%20TYPE%20TABLE%20PATTERN%20/STI-%20426 HTTP/1.1" 200 11089 "-" "Mozilla/5.0 (compatible; MJ12bot/v1.4.8; http://mj12bot.com/)"
192.99.36.126 - - [12/Apr/2024:12:16:38 +0000] "GET /enquiry.php?pname=WATER%20STILL%20BARNSTEAD%20TYPE%20TABLE%20PATTERN%20/STI-%20426 HTTP/1.1" 200 11089 "-" "Mozilla/5.0 (compatible; MJ12bot/v1.4.8; http://mj12bot.com/)"
192.99.36.126 - - [12/Apr/2024:12:16:40 +0000] "GET /enquiry.php?pname=WET%20SIEVE%20SHAKER%20(YODER%20TYPE)/STI-374 HTTP/1.1" 200 11091 "-" "Mozilla/5.0 (compatible; MJ12bot/v1.4.8; http://mj12bot.com/)"
192.99.36.126 - - [12/Apr/2024:12:16:42 +0000] "GET /enquiry.php?pname=WILLEY%20MILL%20GRINDER/STI-321 HTTP/1.1" 200 11090 "-" "Mozilla/5.0 (compatible; MJ12bot/v1.4.8; http://mj12bot.com/)"
34.138.104.29 - - [12/Apr/2024:12:16:43 +0000] "GET /BALLMILL.html HTTP/1.0" 200 52235 "-" "ZoominfoBot (zoominfobot at zoominfo dot com)"
192.99.36.126 - - [12/Apr/2024:12:16:44 +0000] "GET /enquiry.php?pname=WILLEY%20MILL%20GRINDER/STI-321 HTTP/1.1" 200 11110 "-" "Mozilla/5.0 (compatible; MJ12bot/v1.4.8; http://mj12bot.com/)"
192.99.36.126 - - [12/Apr/2024:12:16:46 +0000] "GET /enquiry.php?pname=WRIST%20ACTION%20SHAKER%20/STI-%20355 HTTP/1.1" 200 11091 "-" "Mozilla/5.0 (compatible; MJ12bot/v1.4.8; http://mj12bot.com/)"
192.99.36.126 - - [12/Apr/2024:12:16:48 +0000] "GET /enquiry.php?pname=WRIST%20ACTION%20SHAKER%20/STI-%20355 HTTP/1.1" 200 11091 "-" "Mozilla/5.0 (compatible; MJ12bot/v1.4.8; http://mj12bot.com/)"
34.138.104.29 - - [12/Apr/2024:12:18:16 +0000] "GET /all-products.php?maincategory=General%20Laboratory%20Equipments HTTP/1.0" 200 57565 "-" "ZoominfoBot (zoominfobot at zoominfo dot com)"
34.138.104.29 - - [12/Apr/2024:12:24:55 +0000] "GET /BODINCUBATORMICROBASEDLCDCONTROLSINGLEPANEL.html HTTP/1.0" 200 61443 "-" "ZoominfoBot (zoominfobot at zoominfo dot com)"
34.138.104.29 - - [12/Apr/2024:12:28:16 +0000] "GET /all-products.php?maincategory=Shakers HTTP/1.0" 200 54562 "-" "ZoominfoBot (zoominfobot at zoominfo dot com)"
34.138.104.29 - - [12/Apr/2024:12:28:36 +0000] "GET /LAMINARFLOWBENCHVERTICAL.html HTTP/1.0" 200 62733 "-" "ZoominfoBot (zoominfobot at zoominfo dot com)"
34.138.104.29 - - [12/Apr/2024:12:28:57 +0000] "GET /ExhibitionandAwards HTTP/1.0" 200 46986 "-" "ZoominfoBot (zoominfobot at zoominfo dot com)"
34.138.104.29 - - [12/Apr/2024:12:34:46 +0000] "GET /products-catalogue.php HTTP/1.0" 200 80159 "-" "ZoominfoBot (zoominfobot at zoominfo dot com)"
34.138.104.29 - - [12/Apr/2024:12:35:33 +0000] "GET /LABJAWCRUSHERS.html HTTP/1.0" 200 52009 "-" "ZoominfoBot (zoominfobot at zoominfo dot com)"
34.138.104.29 - - [12/Apr/2024:12:35:55 +0000] "GET /all-products.php?maincategory=Environmental%20Chambers HTTP/1.0" 200 52172 "-" "ZoominfoBot (zoominfobot at zoominfo dot com)"
17.241.227.252 - - [12/Apr/2024:12:40:46 +0000] "GET /WATERBATHSEROLOGICAL.html HTTP/1.1" 200 11370 "-" "Mozilla/5.0 (Macintosh; Intel Mac OS X 10_15_5) AppleWebKit/605.1.15 (KHTML, like Gecko) Version/13.1.1 Safari/605.1.15 (Applebot/0.1; +http://www.apple.com/go/applebot)"
34.138.104.29 - - [12/Apr/2024:12:42:00 +0000] "GET /BODINCUBATORGMP.html HTTP/1.0" 200 61393 "-" "ZoominfoBot (zoominfobot at zoominfo dot com)"
34.138.104.29 - - [12/Apr/2024:12:43:49 +0000] "GET /AUTOCLAVEVERTICALDELUXEMODEL.html HTTP/1.0" 200 62892 "-" "ZoominfoBot (zoominfobot at zoominfo dot com)"
52.167.144.19 - - [12/Apr/2024:12:46:36 +0000] "GET /ROTARYFLASKSHAKER.html HTTP/1.1" 200 10032 "-" "Mozilla/5.0 AppleWebKit/537.36 (KHTML, like Gecko; compatible; bingbot/2.0; +http://www.bing.com/bingbot.htm) Chrome/116.0.1938.76 Safari/537.36"
34.138.104.29 - - [12/Apr/2024:12:48:14 +0000] "GET /HOTAIROVEN.html HTTP/1.0" 200 61460 "-" "ZoominfoBot (zoominfobot at zoominfo dot com)"
34.138.104.29 - - [12/Apr/2024:12:48:38 +0000] "GET /robots.txt HTTP/1.0" 404 196 "-" "ZoominfoBot (zoominfobot at zoominfo dot com)"
34.138.104.29 - - [12/Apr/2024:12:48:39 +0000] "GET /all-products.php?maincategory=Incubators HTTP/1.0" 200 55769 "-" "ZoominfoBot (zoominfobot at zoominfo dot com)"
34.138.104.29 - - [12/Apr/2024:12:48:46 +0000] "GET /all-products.php?maincategory=Cooling%20Equipment HTTP/1.0" 200 50929 "-" "ZoominfoBot (zoominfobot at zoominfo dot com)"
34.138.104.29 - - [12/Apr/2024:12:50:51 +0000] "GET /HOTAIROVENHIGHTEMP.html HTTP/1.0" 200 61257 "-" "ZoominfoBot (zoominfobot at zoominfo dot com)"
34.138.104.29 - - [12/Apr/2024:12:51:38 +0000] "GET /BLOODBANKREFRIGERATOR.html HTTP/1.0" 200 60076 "-" "ZoominfoBot (zoominfobot at zoominfo dot com)"
34.138.104.29 - - [12/Apr/2024:12:52:22 +0000] "GET /WATERSTILLMANESTYTYPEWALLMOUNTING.html HTTP/1.0" 200 55597 "-" "ZoominfoBot (zoominfobot at zoominfo dot com)"
34.138.104.29 - - [12/Apr/2024:12:53:55 +0000] "GET /INCUBATORBACTERIOLOGICAL.html HTTP/1.0" 200 59215 "-" "ZoominfoBot (zoominfobot at zoominfo dot com)"
34.138.104.29 - - [12/Apr/2024:12:54:42 +0000] "GET /all-products.php?maincategory=Clean%20Room%20Benches HTTP/1.0" 200 54299 "-" "ZoominfoBot (zoominfobot at zoominfo dot com)"
34.138.104.29 - - [12/Apr/2024:12:55:59 +0000] "GET /SEEDGERMINATORSINGLECHAMBER(HEATING).html HTTP/1.0" 200 58183 "-" "ZoominfoBot (zoominfobot at zoominfo dot com)"
34.138.104.29 - - [12/Apr/2024:12:58:21 +0000] "GET /WILLEYMILLGRINDER.html HTTP/1.0" 200 53866 "-" "ZoominfoBot (zoominfobot at zoominfo dot com)"
34.138.104.29 - - [12/Apr/2024:12:59:27 +0000] "GET /FREEZEDRYER.html HTTP/1.0" 200 59134 "-" "ZoominfoBot (zoominfobot at zoominfo dot com)"
34.138.104.29 - - [12/Apr/2024:13:06:04 +0000] "GET /LAMINARVERTICALMICROCONTROLLERLCDDISPLAY.html HTTP/1.0" 200 63676 "-" "ZoominfoBot (zoominfobot at zoominfo dot com)"
34.138.104.29 - - [12/Apr/2024:13:06:05 +0000] "GET /LAMINARHORIZONTALMICROCONTROLLERLCDDISPLAY.html HTTP/1.0" 200 66597 "-" "ZoominfoBot (zoominfobot at zoominfo dot com)"
34.138.104.29 - - [12/Apr/2024:13:07:38 +0000] "GET /all-products.php?maincategory=Lab%20Equipments%20(Heating) HTTP/1.0" 200 52596 "-" "ZoominfoBot (zoominfobot at zoominfo dot com)"
34.138.104.29 - - [12/Apr/2024:13:07:43 +0000] "GET /index.php HTTP/1.0" 200 63934 "-" "ZoominfoBot (zoominfobot at zoominfo dot com)"
34.138.104.29 - - [12/Apr/2024:13:07:46 +0000] "GET /LAMINARFLOWBENCHHORIZONTAL.html HTTP/1.0" 200 63424 "-" "ZoominfoBot (zoominfobot at zoominfo dot com)"
34.138.104.29 - - [12/Apr/2024:13:08:42 +0000] "GET /all-products.php?maincategory=Lab%20Equipments%20(Heating) HTTP/1.0" 200 52596 "-" "ZoominfoBot (zoominfobot at zoominfo dot com)"
34.138.104.29 - - [12/Apr/2024:13:09:26 +0000] "GET /all-products.php?maincategory=Incubators HTTP/1.0" 200 55769 "-" "ZoominfoBot (zoominfobot at zoominfo dot com)"
34.138.104.29 - - [12/Apr/2024:13:14:05 +0000] "GET /all-products.php?maincategory=Distillation%20Equipments HTTP/1.0" 200 55816 "-" "ZoominfoBot (zoominfobot at zoominfo dot com)"
66.249.79.232 - - [12/Apr/2024:13:15:09 +0000] "GET /menucss/menu.css HTTP/1.1" 404 196 "https://www.scienocraft.com/BALLMILL.html" "Mozilla/5.0 (Linux; Android 6.0.1; Nexus 5X Build/MMB29P) AppleWebKit/537.36 (KHTML, like Gecko) Chrome/122.0.6261.94 Mobile Safari/537.36 (compatible; Googlebot/2.1; +http://www.google.com/bot.html)"
34.138.104.29 - - [12/Apr/2024:13:16:07 +0000] "GET /AUTOCLAVEVERTICALDOUBLEWALLSEMIAUTO.html HTTP/1.0" 200 61766 "-" "ZoominfoBot (zoominfobot at zoominfo dot com)"
34.138.104.29 - - [12/Apr/2024:13:17:01 +0000] "GET /GLASSDISTILLATIONAPPARATUS.html HTTP/1.0" 200 53364 "-" "ZoominfoBot (zoominfobot at zoominfo dot com)"
34.138.104.29 - - [12/Apr/2024:13:18:23 +0000] "GET /DEEPFREEZERuptoMinus86degC.html HTTP/1.0" 200 58576 "-" "ZoominfoBot (zoominfobot at zoominfo dot com)"
34.138.104.29 - - [12/Apr/2024:13:18:39 +0000] "GET /all-products.php?maincategory=Shakers HTTP/1.0" 200 54562 "-" "ZoominfoBot (zoominfobot at zoominfo dot com)"
52.167.144.203 - - [12/Apr/2024:13:19:33 +0000] "GET /WAGNERSSHAKINGMACHINE.html HTTP/1.1" 200 9111 "-" "Mozilla/5.0 AppleWebKit/537.36 (KHTML, like Gecko; compatible; bingbot/2.0; +http://www.bing.com/bingbot.htm) Chrome/116.0.1938.76 Safari/537.36"
34.138.104.29 - - [12/Apr/2024:13:21:40 +0000] "GET /INCUBATOROVENCOMBINED.html HTTP/1.0" 200 61624 "-" "ZoominfoBot (zoominfobot at zoominfo dot com)"
34.138.104.29 - - [12/Apr/2024:13:22:22 +0000] "GET /RECIPROCATINGSHAKER.html HTTP/1.0" 200 54356 "-" "ZoominfoBot (zoominfobot at zoominfo dot com)"
190.92.219.69 - - [12/Apr/2024:13:56:49 +0000] "GET /Disclaimer HTTP/1.1" 200 7723 "https://www.scienocraft.com/Disclaimer" "Mozilla/5.0 (Macintosh; Intel Mac OS X 10_15_7) AppleWebKit/537.36 (KHTML, like Gecko) Chrome/114.0.0.0 Safari/537.36"
17.241.219.229 - - [12/Apr/2024:14:10:21 +0000] "GET /AUTOCLAVEVERTICALDELUXEMODEL.html HTTP/1.1" 200 11455 "-" "Mozilla/5.0 (Macintosh; Intel Mac OS X 10_15_5) AppleWebKit/605.1.15 (KHTML, like Gecko) Version/13.1.1 Safari/605.1.15 (Applebot/0.1; +http://www.apple.com/go/applebot)"
114.119.152.155 - - [12/Apr/2024:14:28:23 +0000] "GET /robots.txt HTTP/1.1" 404 196 "-" "Mozilla/5.0 (compatible;PetalBot;+https://webmaster.petalsearch.com/site/petalbot)"
40.77.167.126 - - [12/Apr/2024:14:37:13 +0000] "GET / HTTP/1.1" 200 10839 "-" "Mozilla/5.0 AppleWebKit/537.36 (KHTML, like Gecko; compatible; bingbot/2.0; +http://www.bing.com/bingbot.htm) Chrome/116.0.1938.76 Safari/537.36"
66.249.79.231 - - [12/Apr/2024:14:38:39 +0000] "GET /menucss/menu.css HTTP/1.1" 404 196 "https://www.scienocraft.com/BENCHAUTOCLAVEPORTABLEAUTOMATIC.html" "Mozilla/5.0 (Linux; Android 6.0.1; Nexus 5X Build/MMB29P) AppleWebKit/537.36 (KHTML, like Gecko) Chrome/122.0.6261.94 Mobile Safari/537.36 (compatible; Googlebot/2.1; +http://www.google.com/bot.html)"
17.241.75.136 - - [12/Apr/2024:14:43:03 +0000] "GET /WETSIEVESHAKER(YODERTYPE).html HTTP/1.1" 200 9055 "-" "Mozilla/5.0 (Macintosh; Intel Mac OS X 10_15_5) AppleWebKit/605.1.15 (KHTML, like Gecko) Version/13.1.1 Safari/605.1.15 (Applebot/0.1; +http://www.apple.com/go/applebot)"
114.119.146.251 - - [12/Apr/2024:14:45:00 +0000] "GET /KINEMATICVISCOSITYBATH.html HTTP/1.1" 200 10319 "https://scienocraft.com/enquiry.php?pname=SIEVE%20SHAKER%20(TABLE%20TOP)/STI-370" "Mozilla/5.0 (Linux; Android 7.0;) AppleWebKit/537.36 (KHTML, like Gecko) Mobile Safari/537.36 (compatible; PetalBot;+https://webmaster.petalsearch.com/site/petalbot)"
123.187.240.242 - - [12/Apr/2024:15:18:31 +0000] "GET / HTTP/1.1" 200 10857 "-" "Mozilla/5.0 (iPhone; CPU iPhone OS 13_2_3 like Mac OS X) AppleWebKit/605.1.15 (KHTML, like Gecko) Version/13.0.3 Mobile/15E148 Safari/604.1"
17.241.75.109 - - [12/Apr/2024:15:26:00 +0000] "GET /SEEDGERMINATORSINGLECHAMBER(COOLING).html HTTP/1.1" 200 11465 "-" "Mozilla/5.0 (Macintosh; Intel Mac OS X 10_15_5) AppleWebKit/605.1.15 (KHTML, like Gecko) Version/13.1.1 Safari/605.1.15 (Applebot/0.1; +http://www.apple.com/go/applebot)"
52.167.144.203 - - [12/Apr/2024:15:32:55 +0000] "GET /WAGNERSSHAKINGMACHINE.html HTTP/1.1" 200 9111 "-" "Mozilla/5.0 AppleWebKit/537.36 (KHTML, like Gecko; compatible; bingbot/2.0; +http://www.bing.com/bingbot.htm) Chrome/116.0.1938.76 Safari/537.36"
124.243.145.23 - - [12/Apr/2024:15:39:36 +0000] "GET /INSPISATORBATH.html HTTP/1.1" 200 9467 "https://www.scienocraft.com/INSPISATORBATH.html" "Mozilla/5.0 (Macintosh; Intel Mac OS X 10_15_7) AppleWebKit/537.36 (KHTML, like Gecko) Chrome/114.0.0.0 Safari/537.36"
52.167.144.237 - - [12/Apr/2024:15:48:49 +0000] "GET /HOTAIROVENHIGHTEMP.html HTTP/1.1" 200 11427 "-" "Mozilla/5.0 AppleWebKit/537.36 (KHTML, like Gecko; compatible; bingbot/2.0; +http://www.bing.com/bingbot.htm) Chrome/116.0.1938.76 Safari/537.36"
47.128.119.168 - - [12/Apr/2024:16:03:03 +0000] "GET /robots.txt HTTP/1.1" 404 196 "-" "Mozilla/5.0 (Linux; Android 5.0) AppleWebKit/537.36 (KHTML, like Gecko) Mobile Safari/537.36 (compatible; Bytespider; spider-feedback@bytedance.com)"
93.107.7.232 - - [12/Apr/2024:16:06:12 +0000] "GET /robots.txt HTTP/1.1" 404 196 "-" "Mozilla/5.0 (Linux; Android 6.0; Nexus 5 Build/MRA58N) AppleWebKit/537.36 (KHTML, like Gecko) Chrome/60.0.3678.1664 Mobile Safari/537.36"
114.119.157.245 - - [12/Apr/2024:16:07:11 +0000] "GET /enquiry.php?pname=STABILITY%20CHAMBER/STI-198 HTTP/1.1" 200 11089 "http://www.scienocraft.com/STABILITYCHAMBER.html" "Mozilla/5.0 (Linux; Android 7.0;) AppleWebKit/537.36 (KHTML, like Gecko) Mobile Safari/537.36 (compatible; PetalBot;+https://webmaster.petalsearch.com/site/petalbot)"
47.128.112.145 - - [12/Apr/2024:16:09:11 +0000] "GET /robots.txt HTTP/1.1" 404 196 "-" "Mozilla/5.0 (Linux; Android 5.0) AppleWebKit/537.36 (KHTML, like Gecko) Mobile Safari/537.36 (compatible; Bytespider; spider-feedback@bytedance.com)"
37.228.208.181 - - [12/Apr/2024:16:12:19 +0000] "GET /robots.txt HTTP/1.1" 404 196 "-" "Mozilla/5.0 (Linux; Android 8.0; Pixel 2 Build/OPD3.170816.012) AppleWebKit/537.36 (KHTML, like Gecko) Chrome/48.0.6437.1525 Mobile Safari/537.36"
52.167.144.188 - - [12/Apr/2024:16:20:09 +0000] "GET /galleryimg/4e6979ef155690f47d3e62831f773600.jpg HTTP/1.1" 200 225979 "-" "Mozilla/5.0 AppleWebKit/537.36 (KHTML, like Gecko; compatible; bingbot/2.0; +http://www.bing.com/bingbot.htm) Chrome/116.0.1938.76 Safari/537.36"
66.249.79.135 - - [12/Apr/2024:16:31:55 +0000] "GET / HTTP/1.1" 200 10839 "-" "Mozilla/5.0 (compatible; Googlebot/2.1; +http://www.google.com/bot.html)"
114.119.135.139 - - [12/Apr/2024:16:37:24 +0000] "GET /enquiry.php?pname=KJELDAHL%20DISTILLATION%20AND%20DIGESTION%20COMBINED%20/STI-386 HTTP/1.1" 200 11089 "https://www.scienocraft.com/KJELDAHLDISTILLATIONANDDIGESTIONCOMBINED.html" "Mozilla/5.0 (Linux; Android 7.0;) AppleWebKit/537.36 (KHTML, like Gecko) Mobile Safari/537.36 (compatible; PetalBot;+https://webmaster.petalsearch.com/site/petalbot)"
16.171.195.64 - - [12/Apr/2024:16:38:10 +0000] "GET /.git/config HTTP/1.1" 403 153 "-" "Mozilla/5.0 (Macintosh; Intel Mac OS X 10_14_2) AppleWebKit/605.1.15 (KHTML, like Gecko) Version/12.0.2 Safari/605.1.15"
183.84.18.66 - - [12/Apr/2024:16:44:06 +0000] "GET /galleryimg/79a2df64aabe9925f04ba7041057f74f.png HTTP/1.1" 200 97831 "-" "Mozilla/5.0 (X11; Ubuntu; Linux x86_64; rv:72.0) Gecko/20100101 Firefox/72.0"
66.249.79.135 - - [12/Apr/2024:16:52:08 +0000] "GET / HTTP/1.1" 200 10839 "-" "Mozilla/5.0 (compatible; Googlebot/2.1; +http://www.google.com/bot.html)"
17.241.219.110 - - [12/Apr/2024:17:03:42 +0000] "GET /UNIVERSALSHAKINGMACHINE(MULTIPURPOSE).html HTTP/1.1" 200 9138 "-" "Mozilla/5.0 (Macintosh; Intel Mac OS X 10_15_5) AppleWebKit/605.1.15 (KHTML, like Gecko) Version/13.1.1 Safari/605.1.15 (Applebot/0.1; +http://www.apple.com/go/applebot)"
66.249.79.232 - - [12/Apr/2024:17:13:32 +0000] "GET / HTTP/1.1" 200 10839 "-" "Mozilla/5.0 (compatible; Googlebot/2.1; +http://www.google.com/bot.html)"
66.249.79.134 - - [12/Apr/2024:17:30:24 +0000] "GET / HTTP/1.1" 200 10839 "-" "Mozilla/5.0 (compatible; Googlebot/2.1; +http://www.google.com/bot.html)"
66.249.79.135 - - [12/Apr/2024:17:30:27 +0000] "GET /menu/js/jquery.hoverIntent.minified.js HTTP/1.1" 200 717 "http://scienocraft.com/" "Mozilla/5.0 AppleWebKit/537.36 (KHTML, like Gecko; compatible; Googlebot/2.1; +http://www.google.com/bot.html) Chrome/122.0.6261.94 Safari/537.36"
16.171.195.64 - - [12/Apr/2024:17:38:48 +0000] "GET /.git/config HTTP/1.1" 403 153 "-" "Mozilla/5.0 (iPhone; CPU iPhone OS 12_4 like Mac OS X) AppleWebKit/602.1.50 (KHTML, like Gecko) CriOS/56.0.2924.79 Mobile/16G77 Safari/602.1"
17.241.219.86 - - [12/Apr/2024:17:40:59 +0000] "GET / HTTP/1.1" 200 10839 "-" "Mozilla/5.0 (Macintosh; Intel Mac OS X 10_15_5) AppleWebKit/605.1.15 (KHTML, like Gecko) Version/13.1.1 Safari/605.1.15 (Applebot/0.1; +http://www.apple.com/go/applebot)"
91.92.244.229 - - [12/Apr/2024:17:46:19 +0000] "GET /wp-includes/js/jquery/jquery.min.js HTTP/1.1" 404 196 "www.google.com" "Mozlila/5.0 (Linux; Android 7.0; SM-G892A Bulid/NRD90M; wv) AppleWebKit/537.36 (KHTML, like Gecko) Version/4.0 Chrome/60.0.3112.107 Moblie Safari/537.36"
198.235.24.228 - - [12/Apr/2024:18:00:38 +0000] "GET / HTTP/1.1" 200 4980 "-" "Expanse, a Palo Alto Networks company, searches across the global IPv4 space multiple times per day to identify customers' presences on the Internet. If you would like to be excluded from our scans, please send IP addresses/domains to: scaninfo@paloaltonetworks.com"
66.249.79.235 - - [12/Apr/2024:18:47:08 +0000] "GET /enquiry.php?pname=WATER%20STILL%20BARNSTEAD%20TYPE%20TABLE%20PATTERN%20/STI-%20426 HTTP/1.1" 200 11089 "-" "Mozilla/5.0 (Linux; Android 6.0.1; Nexus 5X Build/MMB29P) AppleWebKit/537.36 (KHTML, like Gecko) Chrome/122.0.6261.94 Mobile Safari/537.36 (compatible; Googlebot/2.1; +http://www.google.com/bot.html)"
5.102.173.71 - - [12/Apr/2024:19:01:47 +0000] "GET /robots.txt HTTP/1.1" 404 196 "-" "Mozilla/5.0 (compatible; MojeekBot/0.11; +https://www.mojeek.com/bot.html)"
5.102.173.71 - - [12/Apr/2024:19:01:48 +0000] "GET /DEEPFREEZERuptoMinus86degC.html HTTP/1.1" 200 11040 "-" "Mozilla/5.0 (compatible; MojeekBot/0.11; +https://www.mojeek.com/bot.html)"
205.210.31.54 - - [12/Apr/2024:19:39:49 +0000] "GET / HTTP/1.1" 200 64042 "-" "Expanse, a Palo Alto Networks company, searches across the global IPv4 space multiple times per day to identify customers' presences on the Internet. If you would like to be excluded from our scans, please send IP addresses/domains to: scaninfo@paloaltonetworks.com"
77.75.78.164 - - [12/Apr/2024:19:58:24 +0000] "GET /HUMIDITYCHAMBER(HEATING).html HTTP/1.1" 200 10853 "-" "Mozilla/5.0 (compatible; SeznamBot/4.0; +http://napoveda.seznam.cz/seznambot-intro/)"
52.167.144.187 - - [12/Apr/2024:20:16:57 +0000] "GET /VACUUMCUMPRESSUREPUMP(MONOBLOCK).html HTTP/1.1" 200 9503 "-" "Mozilla/5.0 AppleWebKit/537.36 (KHTML, like Gecko; compatible; bingbot/2.0; +http://www.bing.com/bingbot.htm) Chrome/116.0.1938.76 Safari/537.36"
66.249.79.236 - - [12/Apr/2024:20:47:21 +0000] "GET /enquiry.php?pname=SEED%20GERMINATOR%20SINGLE%20CHAMBER%20(COOLING)/STI-191 HTTP/1.1" 200 11090 "-" "Mozilla/5.0 (Linux; Android 6.0.1; Nexus 5X Build/MMB29P) AppleWebKit/537.36 (KHTML, like Gecko) Chrome/122.0.6261.94 Mobile Safari/537.36 (compatible; Googlebot/2.1; +http://www.google.com/bot.html)"
54.36.148.135 - - [12/Apr/2024:20:51:54 +0000] "GET /robots.txt HTTP/1.1" 404 196 "-" "Mozilla/5.0 (compatible; AhrefsBot/7.0; +http://ahrefs.com/robot/)"
66.249.79.233 - - [12/Apr/2024:21:00:25 +0000] "GET /robots.txt HTTP/1.1" 404 196 "-" "Mozilla/5.0 (compatible; Googlebot/2.1; +http://www.google.com/bot.html)"
66.249.79.231 - - [12/Apr/2024:21:00:26 +0000] "GET /GLASSDISTILLATIONAPPARATUS.html HTTP/1.1" 200 9964 "-" "Mozilla/5.0 (Linux; Android 6.0.1; Nexus 5X Build/MMB29P) AppleWebKit/537.36 (KHTML, like Gecko) Chrome/122.0.6261.94 Mobile Safari/537.36 (compatible; Googlebot/2.1; +http://www.google.com/bot.html)"
40.77.167.59 - - [12/Apr/2024:21:09:30 +0000] "GET /HOTAIROVENHIGHTEMP.html HTTP/1.1" 200 11388 "-" "Mozilla/5.0 AppleWebKit/537.36 (KHTML, like Gecko; compatible; bingbot/2.0; +http://www.bing.com/bingbot.htm) Chrome/116.0.1938.76 Safari/537.36"
51.222.253.10 - - [12/Apr/2024:21:23:58 +0000] "GET /robots.txt HTTP/1.1" 404 196 "-" "Mozilla/5.0 (compatible; AhrefsBot/7.0; +http://ahrefs.com/robot/)"
119.8.242.80 - - [12/Apr/2024:21:24:26 +0000] "GET /galleryimg/b1170721c3fe6271d431714b8d80c477.png HTTP/1.1" 200 58071 "-" "Mozilla/5.0 (X11; Ubuntu; Linux x86_64; rv:72.0) Gecko/20100101 Firefox/72.0"
114.119.143.39 - - [12/Apr/2024:21:44:33 +0000] "GET /MUFFLEFURNACEMAXTEMP1200degC.html HTTP/1.1" 200 9830 "https://scienocraft.com/enquiry.php?pname=SIEVE%20SHAKER%20(TABLE%20TOP)/STI-370" "Mozilla/5.0 (Linux; Android 7.0;) AppleWebKit/537.36 (KHTML, like Gecko) Mobile Safari/537.36 (compatible; PetalBot;+https://webmaster.petalsearch.com/site/petalbot)"
138.246.253.24 - - [12/Apr/2024:21:44:33 +0000] "GET /robots.txt HTTP/1.1" 404 196 "-" "Mozilla/5.0 (Windows NT 10.0; Win64; x64) AppleWebKit/537.36 (KHTML, like Gecko) Chrome/103.0.5060.134 Safari/537.36"
101.44.251.177 - - [12/Apr/2024:21:51:07 +0000] "GET /enquiry.php?pname=HUMIDITY+CHAMBER+(HEATING)/STI-197+B HTTP/1.1" 200 11092 "https://www.scienocraft.com/enquiry.php?pname=HUMIDITY+CHAMBER+(HEATING)/STI-197+B" "Mozilla/5.0 (Macintosh; Intel Mac OS X 10_15_7) AppleWebKit/537.36 (KHTML, like Gecko) Chrome/114.0.0.0 Safari/537.36"
198.235.24.70 - - [12/Apr/2024:21:55:33 +0000] "GET / HTTP/1.1" 200 4980 "-" "Expanse, a Palo Alto Networks company, searches across the global IPv4 space multiple times per day to identify customers' presences on the Internet. If you would like to be excluded from our scans, please send IP addresses/domains to: scaninfo@paloaltonetworks.com"
101.44.250.142 - - [12/Apr/2024:22:06:06 +0000] "GET /robots.txt HTTP/1.1" 404 196 "https://www.scienocraft.com/robots.txt" "Mozilla/5.0 (Macintosh; Intel Mac OS X 10_15_7) AppleWebKit/537.36 (KHTML, like Gecko) Chrome/114.0.0.0 Safari/537.36"
35.185.91.175 - - [12/Apr/2024:22:13:09 +0000] "GET /robots.txt HTTP/1.0" 404 196 "-" "ZoominfoBot (zoominfobot at zoominfo dot com)"
35.185.91.175 - - [12/Apr/2024:22:13:10 +0000] "GET /SALTSPRAYCHAMBER.html HTTP/1.0" 200 60694 "-" "ZoominfoBot (zoominfobot at zoominfo dot com)"
35.185.91.175 - - [12/Apr/2024:22:13:58 +0000] "GET /AUTOCLAVEVERTICALDOUBLEWALLAUTOPURGINGnEXHAUST.html HTTP/1.0" 200 62628 "-" "ZoominfoBot (zoominfobot at zoominfo dot com)"
35.185.91.175 - - [12/Apr/2024:22:13:59 +0000] "GET /all-products.php?maincategory=TEST%20CHAMBERS HTTP/1.0" 200 54488 "-" "ZoominfoBot (zoominfobot at zoominfo dot com)"
35.185.91.175 - - [12/Apr/2024:22:14:32 +0000] "GET /WATERBATHSEROLOGICAL.html HTTP/1.0" 200 62032 "-" "ZoominfoBot (zoominfobot at zoominfo dot com)"
35.185.91.175 - - [12/Apr/2024:22:15:23 +0000] "GET /robots.txt HTTP/1.0" 404 196 "-" "ZoominfoBot (zoominfobot at zoominfo dot com)"
35.185.91.175 - - [12/Apr/2024:22:15:24 +0000] "GET /all-products.php?maincategory=TEST%20CHAMBERS HTTP/1.0" 200 54488 "-" "ZoominfoBot (zoominfobot at zoominfo dot com)"
35.185.91.175 - - [12/Apr/2024:22:15:31 +0000] "GET /all-products.php?maincategory=Shakers HTTP/1.0" 200 54562 "-" "ZoominfoBot (zoominfobot at zoominfo dot com)"
35.185.91.175 - - [12/Apr/2024:22:15:47 +0000] "GET /STABILITYCHAMBER21CFR(ECOFRIENDLYCFCFREECOOLINGREFRIGERANT).html HTTP/1.0" 200 59014 "-" "ZoominfoBot (zoominfobot at zoominfo dot com)"
35.185.91.175 - - [12/Apr/2024:22:17:01 +0000] "GET /robots.txt HTTP/1.0" 404 196 "-" "ZoominfoBot (zoominfobot at zoominfo dot com)"
35.185.91.175 - - [12/Apr/2024:22:17:02 +0000] "GET /VORTEXSHAKER(TESTTUBESHAKER)On-OffType-SenseTouchType.html HTTP/1.0" 200 50715 "-" "ZoominfoBot (zoominfobot at zoominfo dot com)"
35.185.91.175 - - [12/Apr/2024:22:18:26 +0000] "GET /BODINCUBATOR.html HTTP/1.0" 200 60422 "-" "ZoominfoBot (zoominfobot at zoominfo dot com)"
35.185.91.175 - - [12/Apr/2024:22:18:47 +0000] "GET /VORTEXSHAKER(TESTTUBESHAKER)On-OffType-SenseTouchType.html HTTP/1.0" 200 50715 "-" "ZoominfoBot (zoominfobot at zoominfo dot com)"
35.185.91.175 - - [12/Apr/2024:22:19:39 +0000] "GET /INCUBATOROVENCOMBINED.html HTTP/1.0" 200 61624 "-" "ZoominfoBot (zoominfobot at zoominfo dot com)"
35.185.91.175 - - [12/Apr/2024:22:20:20 +0000] "GET /BODINCUBATORGMP.html HTTP/1.0" 200 61393 "-" "ZoominfoBot (zoominfobot at zoominfo dot com)"
35.185.91.175 - - [12/Apr/2024:22:21:36 +0000] "GET /VACUUMOVENRECTANGULAR.html HTTP/1.0" 200 57720 "-" "ZoominfoBot (zoominfobot at zoominfo dot com)"
35.185.91.175 - - [12/Apr/2024:22:23:03 +0000] "GET /WRISTACTIONSHAKER.html HTTP/1.0" 200 50761 "-" "ZoominfoBot (zoominfobot at zoominfo dot com)"
35.185.91.175 - - [12/Apr/2024:22:23:08 +0000] "GET /VACUUMOVENCYLINDERICAL.html HTTP/1.0" 200 57397 "-" "ZoominfoBot (zoominfobot at zoominfo dot com)"
35.185.91.175 - - [12/Apr/2024:22:23:18 +0000] "GET /FRONTLOADINGAUTOCLAVEAUTO.html HTTP/1.0" 200 58927 "-" "ZoominfoBot (zoominfobot at zoominfo dot com)"
35.185.91.175 - - [12/Apr/2024:22:23:28 +0000] "GET /HUMIDITYCHAMBER(HEATING).html HTTP/1.0" 200 57487 "-" "ZoominfoBot (zoominfobot at zoominfo dot com)"
35.185.91.175 - - [12/Apr/2024:22:24:48 +0000] "GET /LABJAWCRUSHERS.html HTTP/1.0" 200 52009 "-" "ZoominfoBot (zoominfobot at zoominfo dot com)"
35.185.91.175 - - [12/Apr/2024:22:26:07 +0000] "GET /HPAUTOCLAVEVERTICALTRIPLEWALLAUTOPURGINGnEXHAUST.html HTTP/1.0" 200 60906 "-" "ZoominfoBot (zoominfobot at zoominfo dot com)"
35.185.91.175 - - [12/Apr/2024:22:26:13 +0000] "GET /all-products.php?maincategory=Vacuum%20Equipments HTTP/1.0" 200 52157 "-" "ZoominfoBot (zoominfobot at zoominfo dot com)"
35.185.91.175 - - [12/Apr/2024:22:28:30 +0000] "GET /WATERBATH(CYLINDERICAL).html HTTP/1.0" 200 55346 "-" "ZoominfoBot (zoominfobot at zoominfo dot com)"
35.185.91.175 - - [12/Apr/2024:22:29:18 +0000] "GET /corporate-presentation.php HTTP/1.0" 200 50715 "-" "ZoominfoBot (zoominfobot at zoominfo dot com)"
35.185.91.175 - - [12/Apr/2024:22:29:31 +0000] "GET /all-products.php?maincategory=Incubators HTTP/1.0" 200 55769 "-" "ZoominfoBot (zoominfobot at zoominfo dot com)"
35.185.91.175 - - [12/Apr/2024:22:31:13 +0000] "GET /AUTOCLAVEHORIZONTALDOUBLEWALL.html HTTP/1.0" 200 62118 "-" "ZoominfoBot (zoominfobot at zoominfo dot com)"
35.185.91.175 - - [12/Apr/2024:22:31:16 +0000] "GET /WATERBATHDOUBLEWALLED.html HTTP/1.0" 200 59786 "-" "ZoominfoBot (zoominfobot at zoominfo dot com)"
35.185.91.175 - - [12/Apr/2024:22:31:33 +0000] "GET /LABPULVERISORDISCTYPE.html HTTP/1.0" 200 50405 "-" "ZoominfoBot (zoominfobot at zoominfo dot com)"
35.185.91.175 - - [12/Apr/2024:22:32:33 +0000] "GET /enquiry.php HTTP/1.0" 200 61678 "-" "ZoominfoBot (zoominfobot at zoominfo dot com)"
35.185.91.175 - - [12/Apr/2024:22:33:02 +0000] "GET /WATERBATHSINGLEWALLED.html HTTP/1.0" 200 57629 "-" "ZoominfoBot (zoominfobot at zoominfo dot com)"
35.185.91.175 - - [12/Apr/2024:22:33:08 +0000] "GET /HUMIDITYCUMTEMPERATURECONTROLLEDCHAMBERECOFRIENDLYCOOLING.html HTTP/1.0" 200 58723 "-" "ZoominfoBot (zoominfobot at zoominfo dot com)"
35.185.91.175 - - [12/Apr/2024:22:34:52 +0000] "GET /INDUSTRIALDRYINGOVEN.html HTTP/1.0" 200 58713 "-" "ZoominfoBot (zoominfobot at zoominfo dot com)"
35.185.91.175 - - [12/Apr/2024:22:36:39 +0000] "GET /BODINCUBATORMICROBASEDLCDCONTROLSINGLEPANEL.html HTTP/1.0" 200 61443 "-" "ZoominfoBot (zoominfobot at zoominfo dot com)"
35.185.91.175 - - [12/Apr/2024:22:38:05 +0000] "GET /certification.php HTTP/1.0" 200 47752 "-" "ZoominfoBot (zoominfobot at zoominfo dot com)"
35.185.91.175 - - [12/Apr/2024:22:38:08 +0000] "GET /HPSTERILIZERVERTICALTRIPLEWALL.html HTTP/1.0" 200 61012 "-" "ZoominfoBot (zoominfobot at zoominfo dot com)"
35.185.91.175 - - [12/Apr/2024:22:38:20 +0000] "GET /all-products.php?maincategory=General%20Laboratory%20Equipments HTTP/1.0" 200 57565 "-" "ZoominfoBot (zoominfobot at zoominfo dot com)"
35.185.91.175 - - [12/Apr/2024:22:38:26 +0000] "GET /ROCKERSHAKERGELPLATFORMSHAKER.html HTTP/1.0" 200 50116 "-" "ZoominfoBot (zoominfobot at zoominfo dot com)"
35.185.91.175 - - [12/Apr/2024:22:38:48 +0000] "GET /WILLEYMILLGRINDER.html HTTP/1.0" 200 53866 "-" "ZoominfoBot (zoominfobot at zoominfo dot com)"
35.185.91.175 - - [12/Apr/2024:22:40:13 +0000] "GET /HOTAIROVENHIGHTEMP.html HTTP/1.0" 200 61257 "-" "ZoominfoBot (zoominfobot at zoominfo dot com)"
35.185.91.175 - - [12/Apr/2024:22:41:06 +0000] "GET /all-products.php?maincategory=Lab%20Equipments%20(Heating) HTTP/1.0" 200 52596 "-" "ZoominfoBot (zoominfobot at zoominfo dot com)"
66.249.79.233 - - [12/Apr/2024:22:41:16 +0000] "GET / HTTP/1.1" 200 10857 "-" "Mozilla/5.0 (Linux; Android 6.0.1; Nexus 5X Build/MMB29P) AppleWebKit/537.36 (KHTML, like Gecko) Chrome/122.0.6261.94 Mobile Safari/537.36 (compatible; Googlebot/2.1; +http://www.google.com/bot.html)"
66.249.79.231 - - [12/Apr/2024:22:42:21 +0000] "GET /favicon.ico HTTP/1.1" 404 196 "-" "Googlebot-Image/1.0"
35.185.91.175 - - [12/Apr/2024:22:42:41 +0000] "GET /all-products.php?maincategory=Water(Liquid)%20Bath%20Equipments HTTP/1.0" 200 55830 "-" "ZoominfoBot (zoominfobot at zoominfo dot com)"
35.185.91.175 - - [12/Apr/2024:22:44:38 +0000] "GET /VACUUMROTARYEVAPORATOR.html HTTP/1.0" 200 57683 "-" "ZoominfoBot (zoominfobot at zoominfo dot com)"
35.185.91.175 - - [12/Apr/2024:22:45:00 +0000] "GET /INCUBATORBACTERIOLOGICAL.html HTTP/1.0" 200 59215 "-" "ZoominfoBot (zoominfobot at zoominfo dot com)"
35.185.91.175 - - [12/Apr/2024:22:45:37 +0000] "GET /RECIPROCATINGSHAKER.html HTTP/1.0" 200 54356 "-" "ZoominfoBot (zoominfobot at zoominfo dot com)"
35.185.91.175 - - [12/Apr/2024:22:46:31 +0000] "GET /ROCKERSHAKERGELPLATFORMSHAKER.html HTTP/1.0" 200 50116 "-" "ZoominfoBot (zoominfobot at zoominfo dot com)"
35.185.91.175 - - [12/Apr/2024:22:49:08 +0000] "GET /WRISTACTIONSHAKER.html HTTP/1.0" 200 50761 "-" "ZoominfoBot (zoominfobot at zoominfo dot com)"
35.185.91.175 - - [12/Apr/2024:22:51:04 +0000] "GET /HOTAIROVEN.html HTTP/1.0" 200 61460 "-" "ZoominfoBot (zoominfobot at zoominfo dot com)"
35.185.91.175 - - [12/Apr/2024:22:53:34 +0000] "GET /BALLMILL.html HTTP/1.0" 200 52235 "-" "ZoominfoBot (zoominfobot at zoominfo dot com)"
35.185.91.175 - - [12/Apr/2024:22:57:37 +0000] "GET /VACUUMROTARYEVAPORATORAUTODIGITAL.html HTTP/1.0" 200 57766 "-" "ZoominfoBot (zoominfobot at zoominfo dot com)"
35.185.91.175 - - [12/Apr/2024:22:58:33 +0000] "GET /all-products.php?maincategory=TEST%20CHAMBERS HTTP/1.0" 200 54488 "-" "ZoominfoBot (zoominfobot at zoominfo dot com)"
35.185.91.175 - - [12/Apr/2024:23:01:52 +0000] "GET /HPAUTOCLAVEVERTICALTRIPLEWALLSEMIAUTO.html HTTP/1.0" 200 59775 "-" "ZoominfoBot (zoominfobot at zoominfo dot com)"
51.222.253.11 - - [12/Apr/2024:23:02:08 +0000] "GET /robots.txt HTTP/1.1" 404 196 "-" "Mozilla/5.0 (compatible; AhrefsBot/7.0; +http://ahrefs.com/robot/)"
205.210.31.207 - - [12/Apr/2024:23:02:24 +0000] "GET / HTTP/1.1" 200 64042 "-" "Expanse, a Palo Alto Networks company, searches across the global IPv4 space multiple times per day to identify customers' presences on the Internet. If you would like to be excluded from our scans, please send IP addresses/domains to: scaninfo@paloaltonetworks.com"
66.249.79.134 - - [12/Apr/2024:23:11:29 +0000] "GET /robots.txt HTTP/1.1" 404 196 "-" "Mozilla/5.0 (compatible; Googlebot/2.1; +http://www.google.com/bot.html)"
66.249.79.135 - - [12/Apr/2024:23:11:29 +0000] "GET / HTTP/1.1" 200 10839 "-" "Mozilla/5.0 (compatible; Googlebot/2.1; +http://www.google.com/bot.html)"
66.249.79.135 - - [12/Apr/2024:23:11:31 +0000] "GET /slideshow/js/jquery.id.cstransitions-1.2.min.js HTTP/1.1" 200 5370 "https://scienocraft.com/" "Mozilla/5.0 AppleWebKit/537.36 (KHTML, like Gecko; compatible; Googlebot/2.1; +http://www.google.com/bot.html) Chrome/122.0.6261.94 Safari/537.36"
66.249.79.134 - - [12/Apr/2024:23:11:32 +0000] "GET /style.css HTTP/1.1" 200 2046 "https://scienocraft.com/" "Mozilla/5.0 AppleWebKit/537.36 (KHTML, like Gecko; compatible; Googlebot/2.1; +http://www.google.com/bot.html) Chrome/122.0.6261.94 Safari/537.36"
34.148.66.103 - - [12/Apr/2024:23:19:31 +0000] "GET /robots.txt HTTP/1.0" 404 196 "-" "ZoominfoBot (zoominfobot at zoominfo dot com)"
34.148.66.103 - - [12/Apr/2024:23:19:32 +0000] "GET /SALTSPRAYCHAMBER.html HTTP/1.0" 200 60694 "-" "ZoominfoBot (zoominfobot at zoominfo dot com)"
34.148.66.103 - - [12/Apr/2024:23:20:16 +0000] "GET /AUTOCLAVEVERTICALDOUBLEWALLAUTOPURGINGnEXHAUST.html HTTP/1.0" 200 62628 "-" "ZoominfoBot (zoominfobot at zoominfo dot com)"
34.148.66.103 - - [12/Apr/2024:23:20:16 +0000] "GET /all-products.php?maincategory=TEST%20CHAMBERS HTTP/1.0" 200 54488 "-" "ZoominfoBot (zoominfobot at zoominfo dot com)"
34.148.66.103 - - [12/Apr/2024:23:20:44 +0000] "GET /WATERBATHSEROLOGICAL.html HTTP/1.0" 200 62032 "-" "ZoominfoBot (zoominfobot at zoominfo dot com)"
34.148.66.103 - - [12/Apr/2024:23:21:28 +0000] "GET /robots.txt HTTP/1.0" 404 196 "-" "ZoominfoBot (zoominfobot at zoominfo dot com)"
34.148.66.103 - - [12/Apr/2024:23:21:29 +0000] "GET /all-products.php?maincategory=TEST%20CHAMBERS HTTP/1.0" 200 54488 "-" "ZoominfoBot (zoominfobot at zoominfo dot com)"
35.231.207.107 - - [12/Apr/2024:23:22:37 +0000] "GET /robots.txt HTTP/1.0" 404 196 "-" "ZoominfoBot (zoominfobot at zoominfo dot com)"
35.231.207.107 - - [12/Apr/2024:23:22:39 +0000] "GET /SALTSPRAYCHAMBER.html HTTP/1.0" 200 60694 "-" "ZoominfoBot (zoominfobot at zoominfo dot com)"
35.231.207.107 - - [12/Apr/2024:23:23:29 +0000] "GET /AUTOCLAVEVERTICALDOUBLEWALLAUTOPURGINGnEXHAUST.html HTTP/1.0" 200 62628 "-" "ZoominfoBot (zoominfobot at zoominfo dot com)"
35.231.207.107 - - [12/Apr/2024:23:23:29 +0000] "GET /all-products.php?maincategory=TEST%20CHAMBERS HTTP/1.0" 200 54488 "-" "ZoominfoBot (zoominfobot at zoominfo dot com)"
35.231.207.107 - - [12/Apr/2024:23:24:01 +0000] "GET /WATERBATHSEROLOGICAL.html HTTP/1.0" 200 62032 "-" "ZoominfoBot (zoominfobot at zoominfo dot com)"
35.231.207.107 - - [12/Apr/2024:23:24:58 +0000] "GET /robots.txt HTTP/1.0" 404 196 "-" "ZoominfoBot (zoominfobot at zoominfo dot com)"
35.231.207.107 - - [12/Apr/2024:23:24:59 +0000] "GET /all-products.php?maincategory=TEST%20CHAMBERS HTTP/1.0" 200 54488 "-" "ZoominfoBot (zoominfobot at zoominfo dot com)"
35.231.207.107 - - [12/Apr/2024:23:25:08 +0000] "GET /all-products.php?maincategory=Shakers HTTP/1.0" 200 54562 "-" "ZoominfoBot (zoominfobot at zoominfo dot com)"
35.231.207.107 - - [12/Apr/2024:23:25:28 +0000] "GET /STABILITYCHAMBER21CFR(ECOFRIENDLYCFCFREECOOLINGREFRIGERANT).html HTTP/1.0" 200 59014 "-" "ZoominfoBot (zoominfobot at zoominfo dot com)"
