MINI MINI MANI MO

Path : /usr/local/apache/domlogs/
File Upload :
Current File : //usr/local/apache/domlogs/server.mswebtech.com.log

187.40.26.55 - - [09/Apr/2024:19:21:20 +0000] "GET /wp-login.php HTTP/1.1" 502 157 "-" "Mozilla/5.0 (Windows NT 10.0; WOW64; Trident/7.0; rv:11.0) like Gecko"
187.40.26.55 - - [09/Apr/2024:19:21:21 +0000] "GET /xmlrpc.php HTTP/1.1" 502 157 "-" "Mozilla/5.0 (Windows NT 10.0; WOW64; Trident/7.0; rv:11.0) like Gecko"
223.113.128.162 - - [09/Apr/2024:19:26:29 +0000] "t3 12.1.2" 400 157 "-" "-"
192.241.236.87 - - [09/Apr/2024:19:38:55 +0000] "GET /autodiscover/autodiscover.json?@zdi/Powershell HTTP/1.1" 502 157 "-" "Mozilla/5.0 zgrab/0.x"
104.248.95.19 - - [09/Apr/2024:19:46:16 +0000] "GET / HTTP/1.1" 400 255 "-" "Go-http-client/1.1"
69.164.217.74 - - [09/Apr/2024:20:15:23 +0000] "GET / HTTP/1.1" 400 255 "-" "Mozilla/5.0 zgrab/0.x"
69.164.217.245 - - [09/Apr/2024:20:21:14 +0000] "GET / HTTP/1.1" 400 255 "-" "Mozilla/5.0 zgrab/0.x"
45.79.128.205 - - [09/Apr/2024:20:39:32 +0000] "GET / HTTP/1.1" 502 559 "-" "Mozilla/5.0 (Macintosh; Intel Mac OS X 13_1) AppleWebKit/537.36 (KHTML, like Gecko) Chrome/108.0.0.0 Safari/537.36"
45.79.128.205 - - [09/Apr/2024:20:40:23 +0000] "GET / HTTP/1.1" 502 559 "-" "Mozilla/5.0 (Macintosh; Intel Mac OS X 13_1) AppleWebKit/537.36 (KHTML, like Gecko) Chrome/108.0.0.0 Safari/537.36"
148.153.45.238 - - [09/Apr/2024:20:41:40 +0000] "GET /LfiA HTTP/1.1" 502 157 "-" "Mozilla/5.0 (Macintosh; Intel Mac OS X 10.9; rv:32.0) Gecko/20100101 Firefox/32.0"
148.153.45.238 - - [09/Apr/2024:20:41:41 +0000] "GET /K6mo HTTP/1.1" 502 157 "-" "Mozilla/5.0 (Macintosh; Intel Mac OS X 10.9; rv:32.0) Gecko/20100101 Firefox/32.0"
148.153.45.238 - - [09/Apr/2024:20:41:42 +0000] "GET /aab8 HTTP/1.1" 502 157 "-" "Mozilla/5.0 (Macintosh; Intel Mac OS X 10.9; rv:32.0) Gecko/20100101 Firefox/32.0"
148.153.45.238 - - [09/Apr/2024:20:41:43 +0000] "GET /jquery-3.3.1.slim.min.js HTTP/1.1" 502 157 "-" "Mozilla/5.0 (Macintosh; Intel Mac OS X 10.9; rv:32.0) Gecko/20100101 Firefox/32.0"
148.153.45.238 - - [09/Apr/2024:20:41:44 +0000] "GET /aab9 HTTP/1.1" 502 157 "-" "Mozilla/5.0 (Macintosh; Intel Mac OS X 10.9; rv:32.0) Gecko/20100101 Firefox/32.0"
148.153.45.238 - - [09/Apr/2024:20:41:45 +0000] "GET /jquery-3.3.2.slim.min.js HTTP/1.1" 502 157 "-" "Mozilla/5.0 (Macintosh; Intel Mac OS X 10.9; rv:32.0) Gecko/20100101 Firefox/32.0"
45.79.168.172 - - [09/Apr/2024:20:48:50 +0000] "GET / HTTP/1.1" 400 255 "-" "Mozilla/5.0 zgrab/0.x"
185.180.143.79 - - [09/Apr/2024:21:00:49 +0000] "GET / HTTP/1.1" 502 559 "-" "Mozilla/5.0 (Windows NT 10.0; Win64; x64) AppleWebKit/537.36 (KHTML, like Gecko) Chrome/60.0.3112.113 Safari/537.36"
193.222.96.112 - - [09/Apr/2024:21:01:42 +0000] "GET /.env HTTP/1.1" 502 157 "-" "Mozilla/5.0 (Linux; U; Android 4.4.2; en-US; HM NOTE 1W Build/KOT49H) AppleWebKit/534.30 (KHTML, like Gecko) Version/4.0 UCBrowser/11.0.5.850 U3/0.8.0 Mobile Safari/534.30"
193.222.96.112 - - [09/Apr/2024:21:01:43 +0000] "POST / HTTP/1.1" 502 157 "-" "Mozilla/5.0 (Linux; U; Android 4.4.2; en-US; HM NOTE 1W Build/KOT49H) AppleWebKit/534.30 (KHTML, like Gecko) Version/4.0 UCBrowser/11.0.5.850 U3/0.8.0 Mobile Safari/534.30"
5.196.102.78 - - [09/Apr/2024:21:21:03 +0000] "GET /favicon.ico HTTP/1.1" 502 157 "-" "Mozilla/5.0 (X11; Ubuntu; Linux x86_64; rv:109.0) Gecko/20100101 Firefox/115.0"
51.254.49.108 - - [09/Apr/2024:21:40:00 +0000] "GET / HTTP/1.1" 502 157 "-" "Mozilla/5.0 (X11; Ubuntu; Linux x86_64; rv:109.0) Gecko/20100101 Firefox/115.0"
157.245.176.143 - - [09/Apr/2024:22:10:52 +0000] "SSTP_DUPLEX_POST /sra_{BA195980-CD49-458b-9E23-C84EE0ADCD75}/ HTTP/1.1" 400 157 "-" "-"
172.104.210.105 - - [09/Apr/2024:22:20:01 +0000] "GET / HTTP/1.1" 400 255 "-" "Mozilla/5.0 zgrab/0.x"
45.79.128.205 - - [09/Apr/2024:22:20:19 +0000] "GET / HTTP/1.1" 502 559 "-" "Mozilla/5.0 (Macintosh; Intel Mac OS X 13_1) AppleWebKit/537.36 (KHTML, like Gecko) Chrome/108.0.0.0 Safari/537.36"
192.155.90.118 - - [09/Apr/2024:22:20:37 +0000] "GET / HTTP/1.1" 502 559 "-" "Mozilla/5.0 (Macintosh; Intel Mac OS X 13_1) AppleWebKit/537.36 (KHTML, like Gecko) Chrome/108.0.0.0 Safari/537.36"
146.70.117.250 - - [09/Apr/2024:22:20:56 +0000] "GET /.well-known/security.txt HTTP/1.1" 502 559 "-" "Mozilla/5.0 (X11; Linux x86_64) AppleWebKit/537.36 (KHTML, like Gecko) Chrome/121.0.0.0 Safari/537.36"
115.231.78.5 - - [09/Apr/2024:22:29:14 +0000] "GET / HTTP/1.1" 502 559 "-" "Mozilla/5.0 (Windows NT 6.1) AppleWebKit/537.36 (KHTML, like Gecko) Chrome/71.0.2623.112 Safari/537.36"
83.97.73.245 - - [09/Apr/2024:22:35:22 +0000] "GET /?XDEBUG_SESSION_START=phpstorm HTTP/1.1" 502 559 "-" "Mozilla/5.0 (Windows NT 10.0; Win64; x64) AppleWebKit/537.36 (KHTML, like Gecko) Chrome/78.0.3904.108 Safari/537.36"
167.86.110.100 - - [09/Apr/2024:22:55:33 +0000] "GET /wp-content/plugins/linkpreview/up.php HTTP/1.1" 502 559 "www.google.com" "Mozlila/5.0 (Linux; Android 7.0; SM-G892A Bulid/NRD90M; wv) AppleWebKit/537.36 (KHTML, like Gecko) Version/4.0 Chrome/60.0.3112.107 Moblie Safari/537.36"
167.86.110.100 - - [09/Apr/2024:22:55:47 +0000] "GET /wp-aa.php HTTP/1.1" 502 559 "www.google.com" "Mozlila/5.0 (Linux; Android 7.0; SM-G892A Bulid/NRD90M; wv) AppleWebKit/537.36 (KHTML, like Gecko) Version/4.0 Chrome/60.0.3112.107 Moblie Safari/537.36"
66.240.205.34 - - [09/Apr/2024:23:32:20 +0000] "Gh0st\xAD\x00\x00\x00\xE0\x00\x00\x00x\x9CKS``\x98\xC3\xC0\xC0\xC0\x06\xC4\x8C@\xBCQ\x96\x81\x81\x09H\x07\xA7\x16\x95e&\xA7*\x04$&g+\x182\x94\xF6\xB000\xAC\xA8rc\x00\x01\x11\xA0\x82\x1F\x5C`&\x83\xC7K7\x86\x19\xE5n\x0C9\x95n\x0C;\x84\x0F3\xAC\xE8sch\xA8^\xCF4'J\x97\xA9\x82\xE30\xC3\x91h]&\x90\xF8\xCE\x97S\xCBA4L?2=\xE1\xC4\x92\x86\x0B@\xF5`\x0CT\x1F\xAE\xAF]" 400 157 "-" "-"
103.56.61.130 - - [09/Apr/2024:23:50:19 +0000] "GET / HTTP/1.0" 200 5069 "-" "-"
103.56.61.130 - - [09/Apr/2024:23:50:28 +0000] "GET /favicon.ico HTTP/1.1" 404 196 "-" "Mozilla/5.0 (X11; Linux x86_64) AppleWebKit/537.36 (KHTML, like Gecko) Chrome/86.0.4 240.111 Safari/537.36"
103.56.61.130 - - [09/Apr/2024:23:50:32 +0000] "GET /robots.txt HTTP/1.1" 404 196 "-" "Mozilla/5.0 (X11; Linux x86_64) AppleWebKit/537.36 (KHTML, like Gecko) Chrome/86.0.4 240.111 Safari/537.36"
103.56.61.130 - - [09/Apr/2024:23:50:36 +0000] "GET /.well-known/security.txt HTTP/1.1" 404 196 "-" "Mozilla/5.0 (X11; Linux x86_64) AppleWebKit/537.36 (KHTML, like Gecko) Chrome/86.0.4 240.111 Safari/537.36"
161.35.230.183 - - [09/Apr/2024:23:56:13 +0000] "\x00\x0E8+m\xA3\x11\xD9;\xA3\xD1\x00\x00\x00\x00\x00" 400 157 "-" "-"
199.45.154.22 - - [09/Apr/2024:23:58:20 +0000] "GET / HTTP/1.1" 200 5069 "-" "-"
199.45.154.22 - - [09/Apr/2024:23:58:33 +0000] "GET / HTTP/1.1" 200 1971 "-" "Mozilla/5.0 (compatible; CensysInspect/1.1; +https://about.censys.io/)"
199.45.154.22 - - [09/Apr/2024:23:58:39 +0000] "PRI * HTTP/2.0" 400 157 "-" "-"
199.45.154.22 - - [09/Apr/2024:23:58:47 +0000] "GET /favicon.ico HTTP/1.1" 404 196 "-" "Mozilla/5.0 (compatible; CensysInspect/1.1; +https://about.censys.io/)"
83.97.73.245 - - [10/Apr/2024:00:36:02 +0000] "GET /actuator/gateway/routes HTTP/1.1" 404 196 "-" "Mozilla/5.0 (Windows NT 10.0; Win64; x64) AppleWebKit/537.36 (KHTML, like Gecko) Chrome/78.0.3904.108 Safari/537.36"
45.79.181.251 - - [10/Apr/2024:00:36:12 +0000] "GET / HTTP/1.1" 200 1971 "-" "Mozilla/5.0 (Macintosh; Intel Mac OS X 13_1) AppleWebKit/537.36 (KHTML, like Gecko) Chrome/108.0.0.0 Safari/537.36"
172.104.210.105 - - [10/Apr/2024:00:51:58 +0000] "GET / HTTP/1.1" 400 255 "-" "Mozilla/5.0 zgrab/0.x"
69.164.217.245 - - [10/Apr/2024:00:55:34 +0000] "GET / HTTP/1.1" 400 255 "-" "Mozilla/5.0 zgrab/0.x"
45.79.128.205 - - [10/Apr/2024:00:56:09 +0000] "GET / HTTP/1.1" 200 1971 "-" "Mozilla/5.0 (Macintosh; Intel Mac OS X 13_1) AppleWebKit/537.36 (KHTML, like Gecko) Chrome/108.0.0.0 Safari/537.36"
213.226.123.98 - - [10/Apr/2024:00:57:28 +0000] "\x12\x01\x00^\x00\x00\x01\x00\x00\x00$\x00\x06\x01\x00*\x00\x01\x02\x00+\x00\x01\x03\x00,\x00\x04\x04\x000\x00\x01\x05\x001\x00$\x06\x00U\x00\x01\xFF\x04\x07\x0C\xBC\x00\x00\x00\x00\x00\x00\x15\xD0\x00\xA0\xF7\x9Cn\xF9\x00\x00\x008y\xAB\x99\xF6\x7F\x00\x00\x00\x00\x00\x00\x00\x00\x00\x00\x00\x00\x00\x00\x00\x00\x00\x00\xFE\xFF\xFF\xFF\x01" 400 157 "-" "-"
167.94.138.2 - - [10/Apr/2024:01:05:41 +0000] "GET / HTTP/1.1" 400 255 "-" "Mozilla/5.0 (compatible; CensysInspect/1.1; +https://about.censys.io/)"
167.94.138.2 - - [10/Apr/2024:01:05:42 +0000] "PRI * HTTP/2.0" 400 157 "-" "-"
167.94.138.2 - - [10/Apr/2024:01:25:53 +0000] "GET / HTTP/1.1" 400 255 "-" "Mozilla/5.0 (compatible; CensysInspect/1.1; +https://about.censys.io/)"
167.94.138.2 - - [10/Apr/2024:01:25:54 +0000] "PRI * HTTP/2.0" 400 157 "-" "-"
198.235.24.219 - - [10/Apr/2024:01:40:56 +0000] "GET / HTTP/1.1" 500 94 "-" "Expanse, a Palo Alto Networks company, searches across the global IPv4 space multiple times per day to identify customers' presences on the Internet. If you would like to be excluded from our scans, please send IP addresses/domains to: scaninfo@paloaltonetworks.com"
91.92.245.67 - - [10/Apr/2024:01:44:02 +0000] "CONNECT api.ipify.org:443 HTTP/1.1" 400 157 "-" "-"
167.94.138.2 - - [10/Apr/2024:01:45:50 +0000] "GET / HTTP/1.1" 400 255 "-" "Mozilla/5.0 (compatible; CensysInspect/1.1; +https://about.censys.io/)"
167.94.138.2 - - [10/Apr/2024:01:45:51 +0000] "PRI * HTTP/2.0" 400 157 "-" "-"
27.115.124.49 - - [10/Apr/2024:02:05:40 +0000] "GET / HTTP/1.1" 200 5069 "-" "Mozilla/5.0 (Macintosh; Intel Mac OS X 10_15_7) AppleWebKit/537.36 (KHTML, like Gecko) Chrome/120.0.0.0 Safari/537.36 Edg/120.0.0.0"
167.94.138.2 - - [10/Apr/2024:02:05:47 +0000] "GET / HTTP/1.1" 400 255 "-" "Mozilla/5.0 (compatible; CensysInspect/1.1; +https://about.censys.io/)"
167.94.138.2 - - [10/Apr/2024:02:05:48 +0000] "PRI * HTTP/2.0" 400 157 "-" "-"
27.115.124.96 - - [10/Apr/2024:02:06:08 +0000] "GET /favicon.ico HTTP/1.1" 404 196 "-" "Mozilla/5.0 (Macintosh; Intel Mac OS X 10_7_0) AppleWebKit/535.11 (KHTML, like Gecko) Chrome/17.0.963.56 Safari/535.11"
27.115.124.68 - - [10/Apr/2024:02:06:14 +0000] "GET /robots.txt HTTP/1.1" 404 196 "-" "Mozilla/5.0 (Macintosh; Intel Mac OS X 10_7_0) AppleWebKit/535.11 (KHTML, like Gecko) Chrome/17.0.963.56 Safari/535.11"
27.115.124.114 - - [10/Apr/2024:02:06:20 +0000] "GET /sitemap.xml HTTP/1.1" 404 196 "-" "Mozilla/5.0 (Macintosh; Intel Mac OS X 10_7_0) AppleWebKit/535.11 (KHTML, like Gecko) Chrome/17.0.963.56 Safari/535.11"
27.115.124.48 - - [10/Apr/2024:02:07:05 +0000] "GET / HTTP/1.1" 200 1971 "-" "Mozilla/5.0 (Macintosh; Intel Mac OS X 10_14_6) AppleWebKit/537.36 (KHTML, like Gecko) Chrome/81.0.4044.138 Safari/537.36"
167.94.138.2 - - [10/Apr/2024:02:25:49 +0000] "GET / HTTP/1.1" 400 255 "-" "Mozilla/5.0 (compatible; CensysInspect/1.1; +https://about.censys.io/)"
167.94.138.2 - - [10/Apr/2024:02:25:49 +0000] "PRI * HTTP/2.0" 400 157 "-" "-"
74.138.233.227 - - [10/Apr/2024:02:29:12 +0000] ";\x00\x00\x00\x01_\xB4\xC9s\x1E\x04[\xB3+\xE7\xBE\xAA\x01\xEE\x87\xA5\xC4.\x8D.\xB9\xF4\xFE\xF3\x11\x12X\xB6\x87\x22\xCEc\xBF\x01\xBBU\xD2\xA6\x9B\x81\xA9<\xDB\x8B\xA5\xC9\xC4E'\xC9\x03\xE3" 400 157 "-" "-"
36.27.91.34 - - [10/Apr/2024:02:33:11 +0000] "GET / HTTP/1.1" 400 657 "-" "Mozilla/5.0 (Windows; U; MSIE 9.0; WIndows NT 9.0; en-US))"
36.27.91.34 - - [10/Apr/2024:02:33:13 +0000] "GET / HTTP/1.1" 400 657 "-" "Mozilla/5.0 (Windows; U; MSIE 9.0; WIndows NT 9.0; en-US))"
36.27.91.34 - - [10/Apr/2024:02:33:15 +0000] "GET / HTTP/1.1" 200 1971 "-" "Mozilla/5.0 (Windows; U; MSIE 9.0; WIndows NT 9.0; en-US))"
36.27.91.34 - - [10/Apr/2024:02:33:16 +0000] "GET / HTTP/1.1" 200 1971 "-" "Mozilla/5.0 (Windows; U; MSIE 9.0; WIndows NT 9.0; en-US))"
36.27.91.34 - - [10/Apr/2024:02:33:21 +0000] "GET /favicon.ico HTTP/1.1" 404 196 "-" "Mozilla/5.0 (Windows; U; MSIE 9.0; WIndows NT 9.0; en-US))"
36.27.91.34 - - [10/Apr/2024:02:33:21 +0000] "GET /favicon.ico HTTP/1.1" 404 196 "-" "Mozilla/5.0 (Windows; U; MSIE 9.0; WIndows NT 9.0; en-US))"
167.94.138.2 - - [10/Apr/2024:02:45:45 +0000] "GET / HTTP/1.1" 400 255 "-" "Mozilla/5.0 (compatible; CensysInspect/1.1; +https://about.censys.io/)"
167.94.138.2 - - [10/Apr/2024:02:45:46 +0000] "PRI * HTTP/2.0" 400 157 "-" "-"
167.94.138.2 - - [10/Apr/2024:03:05:47 +0000] "GET / HTTP/1.1" 400 255 "-" "Mozilla/5.0 (compatible; CensysInspect/1.1; +https://about.censys.io/)"
167.94.138.2 - - [10/Apr/2024:03:05:47 +0000] "PRI * HTTP/2.0" 400 157 "-" "-"
35.93.110.70 - - [10/Apr/2024:03:14:55 +0000] "GET /robots.txt HTTP/1.1" 404 196 "-" "Mozilla/5.0 (compatible; wpbot/1.0; +https://forms.gle/ajBaxygz9jSR8p8G9)"
35.93.110.70 - - [10/Apr/2024:03:14:56 +0000] "GET / HTTP/1.1" 200 1971 "-" "Mozilla/5.0 (compatible; wpbot/1.0; +https://forms.gle/ajBaxygz9jSR8p8G9)"
167.94.138.2 - - [10/Apr/2024:03:25:46 +0000] "GET / HTTP/1.1" 400 255 "-" "Mozilla/5.0 (compatible; CensysInspect/1.1; +https://about.censys.io/)"
167.94.138.2 - - [10/Apr/2024:03:25:46 +0000] "PRI * HTTP/2.0" 400 157 "-" "-"
162.216.149.40 - - [10/Apr/2024:03:33:46 +0000] "GET / HTTP/1.1" 200 5069 "-" "Expanse, a Palo Alto Networks company, searches across the global IPv4 space multiple times per day to identify customers&#39; presences on the Internet. If you would like to be excluded from our scans, please send IP addresses/domains to: scaninfo@paloaltonetworks.com"
199.45.155.23 - - [10/Apr/2024:03:36:25 +0000] "GET / HTTP/1.1" 200 5069 "-" "-"
199.45.155.23 - - [10/Apr/2024:03:36:38 +0000] "PRI * HTTP/2.0" 400 157 "-" "-"
167.94.138.2 - - [10/Apr/2024:03:45:45 +0000] "GET / HTTP/1.1" 400 255 "-" "Mozilla/5.0 (compatible; CensysInspect/1.1; +https://about.censys.io/)"
167.94.138.2 - - [10/Apr/2024:03:45:46 +0000] "PRI * HTTP/2.0" 400 157 "-" "-"
167.94.138.2 - - [10/Apr/2024:04:05:45 +0000] "GET / HTTP/1.1" 400 255 "-" "Mozilla/5.0 (compatible; CensysInspect/1.1; +https://about.censys.io/)"
167.94.138.2 - - [10/Apr/2024:04:05:46 +0000] "PRI * HTTP/2.0" 400 157 "-" "-"
45.79.168.172 - - [10/Apr/2024:04:05:50 +0000] "GET / HTTP/1.1" 400 255 "-" "Mozilla/5.0 zgrab/0.x"
103.89.153.18 - - [10/Apr/2024:04:09:14 +0000] "GET /admin/config.php HTTP/1.0" 404 196 "-" "nvdorz"
167.86.110.100 - - [10/Apr/2024:04:15:08 +0000] "GET /wp-content/plugins/linkpreview/up.php HTTP/1.1" 301 279 "www.google.com" "Mozlila/5.0 (Linux; Android 7.0; SM-G892A Bulid/NRD90M; wv) AppleWebKit/537.36 (KHTML, like Gecko) Version/4.0 Chrome/60.0.3112.107 Moblie Safari/537.36"
167.86.110.100 - - [10/Apr/2024:04:15:58 +0000] "GET /wp-aa.php HTTP/1.1" 301 251 "www.google.com" "Mozlila/5.0 (Linux; Android 7.0; SM-G892A Bulid/NRD90M; wv) AppleWebKit/537.36 (KHTML, like Gecko) Version/4.0 Chrome/60.0.3112.107 Moblie Safari/537.36"
45.79.163.53 - - [10/Apr/2024:04:22:49 +0000] "GET / HTTP/1.1" 400 255 "-" "Mozilla/5.0 zgrab/0.x"
66.175.213.4 - - [10/Apr/2024:04:23:03 +0000] "GET / HTTP/1.1" 200 1971 "-" "Mozilla/5.0 (Macintosh; Intel Mac OS X 13_1) AppleWebKit/537.36 (KHTML, like Gecko) Chrome/108.0.0.0 Safari/537.36"
167.94.138.2 - - [10/Apr/2024:04:25:45 +0000] "GET / HTTP/1.1" 400 255 "-" "Mozilla/5.0 (compatible; CensysInspect/1.1; +https://about.censys.io/)"
167.94.138.2 - - [10/Apr/2024:04:25:46 +0000] "PRI * HTTP/2.0" 400 157 "-" "-"
192.155.88.231 - - [10/Apr/2024:04:34:05 +0000] "GET / HTTP/1.1" 400 255 "-" "Mozilla/5.0 zgrab/0.x"
45.79.172.21 - - [10/Apr/2024:04:34:18 +0000] "GET / HTTP/1.1" 200 1971 "-" "Mozilla/5.0 (Macintosh; Intel Mac OS X 13_1) AppleWebKit/537.36 (KHTML, like Gecko) Chrome/108.0.0.0 Safari/537.36"
167.94.138.2 - - [10/Apr/2024:04:45:45 +0000] "GET / HTTP/1.1" 400 255 "-" "Mozilla/5.0 (compatible; CensysInspect/1.1; +https://about.censys.io/)"
167.94.138.2 - - [10/Apr/2024:04:45:46 +0000] "PRI * HTTP/2.0" 400 157 "-" "-"
185.180.143.136 - - [10/Apr/2024:05:03:48 +0000] "GET / HTTP/1.1" 200 1971 "-" "Mozilla/5.0 (Windows NT 10.0; Win64; x64) AppleWebKit/537.36 (KHTML, like Gecko) Chrome/60.0.3112.113 Safari/537.36"
167.94.138.2 - - [10/Apr/2024:05:05:45 +0000] "GET / HTTP/1.1" 400 255 "-" "Mozilla/5.0 (compatible; CensysInspect/1.1; +https://about.censys.io/)"
167.94.138.2 - - [10/Apr/2024:05:05:46 +0000] "PRI * HTTP/2.0" 400 157 "-" "-"
64.62.197.194 - - [10/Apr/2024:05:08:16 +0000] "GET / HTTP/1.1" 200 1971 "-" "Mozilla/5.0 (Windows NT 10.0; Win64; x64) AppleWebKit/537.36 (KHTML, like Gecko) Chrome/109.0.0.0 Safari/537.36 OPR/95.0.0.0 (Edition Yx 05)"
69.164.217.245 - - [10/Apr/2024:05:09:14 +0000] "GET / HTTP/1.1" 400 255 "-" "Mozilla/5.0 zgrab/0.x"
147.182.248.62 - - [10/Apr/2024:05:11:52 +0000] "GET / HTTP/1.1" 200 1971 "-" "Mozilla/5.0 (Macintosh; Intel Mac OS X 10_15_7) AppleWebKit/537.36 (KHTML, like Gecko) Chrome/121.0.0.0 Safari/537.36"
64.62.197.190 - - [10/Apr/2024:05:12:01 +0000] "GET /webui/ HTTP/1.1" 404 196 "-" "Mozilla/5.0 (Windows NT 10.0; Win64; x64; rv:109.0) Gecko/20100101 Firefox/110.0"
45.79.172.21 - - [10/Apr/2024:05:13:00 +0000] "GET / HTTP/1.1" 200 1971 "-" "Mozilla/5.0 (Macintosh; Intel Mac OS X 13_1) AppleWebKit/537.36 (KHTML, like Gecko) Chrome/108.0.0.0 Safari/537.36"
64.62.197.183 - - [10/Apr/2024:05:15:37 +0000] "GET /favicon.ico HTTP/1.1" 404 196 "-" "Mozilla/5.0 (Windows NT 10.0; Win64; x64; rv:107.0) Gecko/20100101 Firefox/107.0"
64.62.197.182 - - [10/Apr/2024:05:20:19 +0000] "GET /geoserver/web/ HTTP/1.1" 404 196 "-" "Mozilla/5.0 (Windows NT 10.0; Win64; x64; rv:109.0) Gecko/20100101 Firefox/110.0"
64.62.197.195 - - [10/Apr/2024:05:21:14 +0000] "GET /.git/config HTTP/1.1" 403 153 "-" "Mozilla/5.0 (X11; Linux x86_64; rv:108.0) Gecko/20100101 Firefox/108.0"
122.161.74.143 - - [10/Apr/2024:05:25:26 +0000] "GET /roundcube/?_autologin=1&sess=ZXlKMWMyVnlJam9pYVc1bWIwQndZVzVoWTJWbGMyOW1kSGRoY21WemIyeDFkR2x2Ym5NdVkyOXRJaXdpY0dGemN5STZJakpqTVRGalpqWTFZbVF4WXlJc0ltaHZjM1FpT2lKc2IyTmhiR2h2YzNRaUxDSmtZWFJsSWpwbVlXeHpaWDA9 HTTP/1.1" 401 5342 "https://server.mswebtech.com:2083/" "Mozilla/5.0 (Windows NT 10.0; Win64; x64) AppleWebKit/537.36 (KHTML, like Gecko) Chrome/123.0.0.0 Safari/537.36 Edg/123.0.0.0"
122.161.74.143 - - [10/Apr/2024:05:25:26 +0000] "GET /roundcube/skins/elastic/deps/bootstrap.min.css?s=1612812589 HTTP/1.1" 200 23084 "https://server.mswebtech.com/roundcube/?_autologin=1&sess=ZXlKMWMyVnlJam9pYVc1bWIwQndZVzVoWTJWbGMyOW1kSGRoY21WemIyeDFkR2x2Ym5NdVkyOXRJaXdpY0dGemN5STZJakpqTVRGalpqWTFZbVF4WXlJc0ltaHZjM1FpT2lKc2IyTmhiR2h2YzNRaUxDSmtZWFJsSWpwbVlXeHpaWDA9" "Mozilla/5.0 (Windows NT 10.0; Win64; x64) AppleWebKit/537.36 (KHTML, like Gecko) Chrome/123.0.0.0 Safari/537.36 Edg/123.0.0.0"
122.161.74.143 - - [10/Apr/2024:05:25:26 +0000] "GET /roundcube/skins/elastic/styles/styles.min.css?s=1634503084 HTTP/1.1" 200 22242 "https://server.mswebtech.com/roundcube/?_autologin=1&sess=ZXlKMWMyVnlJam9pYVc1bWIwQndZVzVoWTJWbGMyOW1kSGRoY21WemIyeDFkR2x2Ym5NdVkyOXRJaXdpY0dGemN5STZJakpqTVRGalpqWTFZbVF4WXlJc0ltaHZjM1FpT2lKc2IyTmhiR2h2YzNRaUxDSmtZWFJsSWpwbVlXeHpaWDA9" "Mozilla/5.0 (Windows NT 10.0; Win64; x64) AppleWebKit/537.36 (KHTML, like Gecko) Chrome/123.0.0.0 Safari/537.36 Edg/123.0.0.0"
122.161.74.143 - - [10/Apr/2024:05:25:27 +0000] "GET /roundcube/plugins/jqueryui/themes/elastic/jquery-ui.css?s=1612812580 HTTP/1.1" 200 8135 "https://server.mswebtech.com/roundcube/?_autologin=1&sess=ZXlKMWMyVnlJam9pYVc1bWIwQndZVzVoWTJWbGMyOW1kSGRoY21WemIyeDFkR2x2Ym5NdVkyOXRJaXdpY0dGemN5STZJakpqTVRGalpqWTFZbVF4WXlJc0ltaHZjM1FpT2lKc2IyTmhiR2h2YzNRaUxDSmtZWFJsSWpwbVlXeHpaWDA9" "Mozilla/5.0 (Windows NT 10.0; Win64; x64) AppleWebKit/537.36 (KHTML, like Gecko) Chrome/123.0.0.0 Safari/537.36 Edg/123.0.0.0"
122.161.74.143 - - [10/Apr/2024:05:25:27 +0000] "GET /roundcube/program/js/jquery.min.js?s=1612812585 HTTP/1.1" 200 31542 "https://server.mswebtech.com/roundcube/?_autologin=1&sess=ZXlKMWMyVnlJam9pYVc1bWIwQndZVzVoWTJWbGMyOW1kSGRoY21WemIyeDFkR2x2Ym5NdVkyOXRJaXdpY0dGemN5STZJakpqTVRGalpqWTFZbVF4WXlJc0ltaHZjM1FpT2lKc2IyTmhiR2h2YzNRaUxDSmtZWFJsSWpwbVlXeHpaWDA9" "Mozilla/5.0 (Windows NT 10.0; Win64; x64) AppleWebKit/537.36 (KHTML, like Gecko) Chrome/123.0.0.0 Safari/537.36 Edg/123.0.0.0"
122.161.74.143 - - [10/Apr/2024:05:25:27 +0000] "GET /roundcube/program/js/jstz.min.js?s=1612812585 HTTP/1.1" 200 4936 "https://server.mswebtech.com/roundcube/?_autologin=1&sess=ZXlKMWMyVnlJam9pYVc1bWIwQndZVzVoWTJWbGMyOW1kSGRoY21WemIyeDFkR2x2Ym5NdVkyOXRJaXdpY0dGemN5STZJakpqTVRGalpqWTFZbVF4WXlJc0ltaHZjM1FpT2lKc2IyTmhiR2h2YzNRaUxDSmtZWFJsSWpwbVlXeHpaWDA9" "Mozilla/5.0 (Windows NT 10.0; Win64; x64) AppleWebKit/537.36 (KHTML, like Gecko) Chrome/123.0.0.0 Safari/537.36 Edg/123.0.0.0"
122.161.74.143 - - [10/Apr/2024:05:25:27 +0000] "GET /roundcube/plugins/jqueryui/js/jquery-ui.min.js?s=1612812580 HTTP/1.1" 200 69664 "https://server.mswebtech.com/roundcube/?_autologin=1&sess=ZXlKMWMyVnlJam9pYVc1bWIwQndZVzVoWTJWbGMyOW1kSGRoY21WemIyeDFkR2x2Ym5NdVkyOXRJaXdpY0dGemN5STZJakpqTVRGalpqWTFZbVF4WXlJc0ltaHZjM1FpT2lKc2IyTmhiR2h2YzNRaUxDSmtZWFJsSWpwbVlXeHpaWDA9" "Mozilla/5.0 (Windows NT 10.0; Win64; x64) AppleWebKit/537.36 (KHTML, like Gecko) Chrome/123.0.0.0 Safari/537.36 Edg/123.0.0.0"
122.161.74.143 - - [10/Apr/2024:05:25:27 +0000] "GET /roundcube/program/js/common.min.js?s=1612812581 HTTP/1.1" 200 4914 "https://server.mswebtech.com/roundcube/?_autologin=1&sess=ZXlKMWMyVnlJam9pYVc1bWIwQndZVzVoWTJWbGMyOW1kSGRoY21WemIyeDFkR2x2Ym5NdVkyOXRJaXdpY0dGemN5STZJakpqTVRGalpqWTFZbVF4WXlJc0ltaHZjM1FpT2lKc2IyTmhiR2h2YzNRaUxDSmtZWFJsSWpwbVlXeHpaWDA9" "Mozilla/5.0 (Windows NT 10.0; Win64; x64) AppleWebKit/537.36 (KHTML, like Gecko) Chrome/123.0.0.0 Safari/537.36 Edg/123.0.0.0"
122.161.74.143 - - [10/Apr/2024:05:25:27 +0000] "GET /roundcube/plugins/jqueryui/js/i18n/jquery.ui.datepicker-en-GB.js?s=1612812580 HTTP/1.1" 200 589 "https://server.mswebtech.com/roundcube/?_autologin=1&sess=ZXlKMWMyVnlJam9pYVc1bWIwQndZVzVoWTJWbGMyOW1kSGRoY21WemIyeDFkR2x2Ym5NdVkyOXRJaXdpY0dGemN5STZJakpqTVRGalpqWTFZbVF4WXlJc0ltaHZjM1FpT2lKc2IyTmhiR2h2YzNRaUxDSmtZWFJsSWpwbVlXeHpaWDA9" "Mozilla/5.0 (Windows NT 10.0; Win64; x64) AppleWebKit/537.36 (KHTML, like Gecko) Chrome/123.0.0.0 Safari/537.36 Edg/123.0.0.0"
122.161.74.143 - - [10/Apr/2024:05:25:27 +0000] "GET /roundcube/program/js/app.min.js?s=1612812581 HTTP/1.1" 200 49327 "https://server.mswebtech.com/roundcube/?_autologin=1&sess=ZXlKMWMyVnlJam9pYVc1bWIwQndZVzVoWTJWbGMyOW1kSGRoY21WemIyeDFkR2x2Ym5NdVkyOXRJaXdpY0dGemN5STZJakpqTVRGalpqWTFZbVF4WXlJc0ltaHZjM1FpT2lKc2IyTmhiR2h2YzNRaUxDSmtZWFJsSWpwbVlXeHpaWDA9" "Mozilla/5.0 (Windows NT 10.0; Win64; x64) AppleWebKit/537.36 (KHTML, like Gecko) Chrome/123.0.0.0 Safari/537.36 Edg/123.0.0.0"
122.161.74.143 - - [10/Apr/2024:05:25:27 +0000] "GET /roundcube/skins/elastic/deps/bootstrap.bundle.min.js?s=1612812589 HTTP/1.1" 200 22271 "https://server.mswebtech.com/roundcube/?_autologin=1&sess=ZXlKMWMyVnlJam9pYVc1bWIwQndZVzVoWTJWbGMyOW1kSGRoY21WemIyeDFkR2x2Ym5NdVkyOXRJaXdpY0dGemN5STZJakpqTVRGalpqWTFZbVF4WXlJc0ltaHZjM1FpT2lKc2IyTmhiR2h2YzNRaUxDSmtZWFJsSWpwbVlXeHpaWDA9" "Mozilla/5.0 (Windows NT 10.0; Win64; x64) AppleWebKit/537.36 (KHTML, like Gecko) Chrome/123.0.0.0 Safari/537.36 Edg/123.0.0.0"
122.161.74.143 - - [10/Apr/2024:05:25:27 +0000] "GET /roundcube/skins/elastic/images/logo.svg?s=1612812581 HTTP/1.1" 200 418 "https://server.mswebtech.com/roundcube/?_autologin=1&sess=ZXlKMWMyVnlJam9pYVc1bWIwQndZVzVoWTJWbGMyOW1kSGRoY21WemIyeDFkR2x2Ym5NdVkyOXRJaXdpY0dGemN5STZJakpqTVRGalpqWTFZbVF4WXlJc0ltaHZjM1FpT2lKc2IyTmhiR2h2YzNRaUxDSmtZWFJsSWpwbVlXeHpaWDA9" "Mozilla/5.0 (Windows NT 10.0; Win64; x64) AppleWebKit/537.36 (KHTML, like Gecko) Chrome/123.0.0.0 Safari/537.36 Edg/123.0.0.0"
122.161.74.143 - - [10/Apr/2024:05:25:27 +0000] "GET /roundcube/skins/elastic/ui.min.js?s=1612812581 HTTP/1.1" 200 19449 "https://server.mswebtech.com/roundcube/?_autologin=1&sess=ZXlKMWMyVnlJam9pYVc1bWIwQndZVzVoWTJWbGMyOW1kSGRoY21WemIyeDFkR2x2Ym5NdVkyOXRJaXdpY0dGemN5STZJakpqTVRGalpqWTFZbVF4WXlJc0ltaHZjM1FpT2lKc2IyTmhiR2h2YzNRaUxDSmtZWFJsSWpwbVlXeHpaWDA9" "Mozilla/5.0 (Windows NT 10.0; Win64; x64) AppleWebKit/537.36 (KHTML, like Gecko) Chrome/123.0.0.0 Safari/537.36 Edg/123.0.0.0"
122.161.74.143 - - [10/Apr/2024:05:25:27 +0000] "GET /roundcube/skins/elastic/fonts/roboto-v19-regular.woff2 HTTP/1.1" 200 51116 "https://server.mswebtech.com/roundcube/skins/elastic/styles/styles.min.css?s=1634503084" "Mozilla/5.0 (Windows NT 10.0; Win64; x64) AppleWebKit/537.36 (KHTML, like Gecko) Chrome/123.0.0.0 Safari/537.36 Edg/123.0.0.0"
122.161.74.143 - - [10/Apr/2024:05:25:27 +0000] "GET /roundcube/skins/elastic/fonts/fa-solid-900.woff2 HTTP/1.1" 200 75440 "https://server.mswebtech.com/roundcube/skins/elastic/styles/styles.min.css?s=1634503084" "Mozilla/5.0 (Windows NT 10.0; Win64; x64) AppleWebKit/537.36 (KHTML, like Gecko) Chrome/123.0.0.0 Safari/537.36 Edg/123.0.0.0"
122.161.74.143 - - [10/Apr/2024:05:25:27 +0000] "GET /roundcube/skins/elastic/images/favicon.ico?s=1612812581 HTTP/1.1" 200 597 "https://server.mswebtech.com/roundcube/?_autologin=1&sess=ZXlKMWMyVnlJam9pYVc1bWIwQndZVzVoWTJWbGMyOW1kSGRoY21WemIyeDFkR2x2Ym5NdVkyOXRJaXdpY0dGemN5STZJakpqTVRGalpqWTFZbVF4WXlJc0ltaHZjM1FpT2lKc2IyTmhiR2h2YzNRaUxDSmtZWFJsSWpwbVlXeHpaWDA9" "Mozilla/5.0 (Windows NT 10.0; Win64; x64) AppleWebKit/537.36 (KHTML, like Gecko) Chrome/123.0.0.0 Safari/537.36 Edg/123.0.0.0"
167.94.138.2 - - [10/Apr/2024:05:25:44 +0000] "GET / HTTP/1.1" 400 255 "-" "Mozilla/5.0 (compatible; CensysInspect/1.1; +https://about.censys.io/)"
167.94.138.2 - - [10/Apr/2024:05:25:44 +0000] "PRI * HTTP/2.0" 400 157 "-" "-"
146.190.122.30 - - [10/Apr/2024:05:34:42 +0000] "GET /.env HTTP/1.1" 404 196 "-" "Mozilla/5.0 (Windows NT 10.0; Win64; x64) AppleWebKit/537.36 (KHTML, like Gecko) Chrome/108.0.0.0 Safari/537.36"
122.162.151.98 - - [10/Apr/2024:05:42:43 +0000] "GET /roundcube/?_autologin=1&sess=ZXlKMWMyVnlJam9pYVc1bWIwQm9hVzFoWTJoaGJIUnlZWFpsYkdkMWFXUmxMbWx1SWl3aWNHRnpjeUk2SW1Nd01qVTNaVEE0T0RObE15SXNJbWh2YzNRaU9pSnNiMk5oYkdodmMzUWlMQ0prWVhSbElqcG1ZV3h6WlgwPQ== HTTP/1.1" 401 5245 "https://server.mswebtech.com:2083/" "Mozilla/5.0 (Windows NT 10.0; Win64; x64) AppleWebKit/537.36 (KHTML, like Gecko) Chrome/123.0.0.0 Safari/537.36"
122.162.151.98 - - [10/Apr/2024:05:42:43 +0000] "GET /roundcube/skins/elastic/deps/bootstrap.min.css?s=1612812589 HTTP/1.1" 200 23118 "https://server.mswebtech.com/roundcube/?_autologin=1&sess=ZXlKMWMyVnlJam9pYVc1bWIwQm9hVzFoWTJoaGJIUnlZWFpsYkdkMWFXUmxMbWx1SWl3aWNHRnpjeUk2SW1Nd01qVTNaVEE0T0RObE15SXNJbWh2YzNRaU9pSnNiMk5oYkdodmMzUWlMQ0prWVhSbElqcG1ZV3h6WlgwPQ==" "Mozilla/5.0 (Windows NT 10.0; Win64; x64) AppleWebKit/537.36 (KHTML, like Gecko) Chrome/123.0.0.0 Safari/537.36"
122.162.151.98 - - [10/Apr/2024:05:42:43 +0000] "GET /roundcube/skins/elastic/styles/styles.min.css?s=1634503084 HTTP/1.1" 200 22236 "https://server.mswebtech.com/roundcube/?_autologin=1&sess=ZXlKMWMyVnlJam9pYVc1bWIwQm9hVzFoWTJoaGJIUnlZWFpsYkdkMWFXUmxMbWx1SWl3aWNHRnpjeUk2SW1Nd01qVTNaVEE0T0RObE15SXNJbWh2YzNRaU9pSnNiMk5oYkdodmMzUWlMQ0prWVhSbElqcG1ZV3h6WlgwPQ==" "Mozilla/5.0 (Windows NT 10.0; Win64; x64) AppleWebKit/537.36 (KHTML, like Gecko) Chrome/123.0.0.0 Safari/537.36"
122.162.151.98 - - [10/Apr/2024:05:42:43 +0000] "GET /roundcube/plugins/jqueryui/themes/elastic/jquery-ui.css?s=1612812580 HTTP/1.1" 200 8180 "https://server.mswebtech.com/roundcube/?_autologin=1&sess=ZXlKMWMyVnlJam9pYVc1bWIwQm9hVzFoWTJoaGJIUnlZWFpsYkdkMWFXUmxMbWx1SWl3aWNHRnpjeUk2SW1Nd01qVTNaVEE0T0RObE15SXNJbWh2YzNRaU9pSnNiMk5oYkdodmMzUWlMQ0prWVhSbElqcG1ZV3h6WlgwPQ==" "Mozilla/5.0 (Windows NT 10.0; Win64; x64) AppleWebKit/537.36 (KHTML, like Gecko) Chrome/123.0.0.0 Safari/537.36"
122.162.151.98 - - [10/Apr/2024:05:42:43 +0000] "GET /roundcube/program/js/jstz.min.js?s=1612812585 HTTP/1.1" 200 5038 "https://server.mswebtech.com/roundcube/?_autologin=1&sess=ZXlKMWMyVnlJam9pYVc1bWIwQm9hVzFoWTJoaGJIUnlZWFpsYkdkMWFXUmxMbWx1SWl3aWNHRnpjeUk2SW1Nd01qVTNaVEE0T0RObE15SXNJbWh2YzNRaU9pSnNiMk5oYkdodmMzUWlMQ0prWVhSbElqcG1ZV3h6WlgwPQ==" "Mozilla/5.0 (Windows NT 10.0; Win64; x64) AppleWebKit/537.36 (KHTML, like Gecko) Chrome/123.0.0.0 Safari/537.36"
122.162.151.98 - - [10/Apr/2024:05:42:43 +0000] "GET /roundcube/plugins/jqueryui/js/jquery-ui.min.js?s=1612812580 HTTP/1.1" 200 69763 "https://server.mswebtech.com/roundcube/?_autologin=1&sess=ZXlKMWMyVnlJam9pYVc1bWIwQm9hVzFoWTJoaGJIUnlZWFpsYkdkMWFXUmxMbWx1SWl3aWNHRnpjeUk2SW1Nd01qVTNaVEE0T0RObE15SXNJbWh2YzNRaU9pSnNiMk5oYkdodmMzUWlMQ0prWVhSbElqcG1ZV3h6WlgwPQ==" "Mozilla/5.0 (Windows NT 10.0; Win64; x64) AppleWebKit/537.36 (KHTML, like Gecko) Chrome/123.0.0.0 Safari/537.36"
122.162.151.98 - - [10/Apr/2024:05:42:43 +0000] "GET /roundcube/program/js/jquery.min.js?s=1612812585 HTTP/1.1" 200 31542 "https://server.mswebtech.com/roundcube/?_autologin=1&sess=ZXlKMWMyVnlJam9pYVc1bWIwQm9hVzFoWTJoaGJIUnlZWFpsYkdkMWFXUmxMbWx1SWl3aWNHRnpjeUk2SW1Nd01qVTNaVEE0T0RObE15SXNJbWh2YzNRaU9pSnNiMk5oYkdodmMzUWlMQ0prWVhSbElqcG1ZV3h6WlgwPQ==" "Mozilla/5.0 (Windows NT 10.0; Win64; x64) AppleWebKit/537.36 (KHTML, like Gecko) Chrome/123.0.0.0 Safari/537.36"
122.162.151.98 - - [10/Apr/2024:05:42:44 +0000] "GET /roundcube/program/js/common.min.js?s=1612812581 HTTP/1.1" 200 4954 "https://server.mswebtech.com/roundcube/?_autologin=1&sess=ZXlKMWMyVnlJam9pYVc1bWIwQm9hVzFoWTJoaGJIUnlZWFpsYkdkMWFXUmxMbWx1SWl3aWNHRnpjeUk2SW1Nd01qVTNaVEE0T0RObE15SXNJbWh2YzNRaU9pSnNiMk5oYkdodmMzUWlMQ0prWVhSbElqcG1ZV3h6WlgwPQ==" "Mozilla/5.0 (Windows NT 10.0; Win64; x64) AppleWebKit/537.36 (KHTML, like Gecko) Chrome/123.0.0.0 Safari/537.36"
122.162.151.98 - - [10/Apr/2024:05:42:44 +0000] "GET /roundcube/program/js/app.min.js?s=1612812581 HTTP/1.1" 200 49317 "https://server.mswebtech.com/roundcube/?_autologin=1&sess=ZXlKMWMyVnlJam9pYVc1bWIwQm9hVzFoWTJoaGJIUnlZWFpsYkdkMWFXUmxMbWx1SWl3aWNHRnpjeUk2SW1Nd01qVTNaVEE0T0RObE15SXNJbWh2YzNRaU9pSnNiMk5oYkdodmMzUWlMQ0prWVhSbElqcG1ZV3h6WlgwPQ==" "Mozilla/5.0 (Windows NT 10.0; Win64; x64) AppleWebKit/537.36 (KHTML, like Gecko) Chrome/123.0.0.0 Safari/537.36"
122.162.151.98 - - [10/Apr/2024:05:42:44 +0000] "GET /roundcube/skins/elastic/images/logo.svg?s=1612812581 HTTP/1.1" 200 418 "https://server.mswebtech.com/roundcube/?_autologin=1&sess=ZXlKMWMyVnlJam9pYVc1bWIwQm9hVzFoWTJoaGJIUnlZWFpsYkdkMWFXUmxMbWx1SWl3aWNHRnpjeUk2SW1Nd01qVTNaVEE0T0RObE15SXNJbWh2YzNRaU9pSnNiMk5oYkdodmMzUWlMQ0prWVhSbElqcG1ZV3h6WlgwPQ==" "Mozilla/5.0 (Windows NT 10.0; Win64; x64) AppleWebKit/537.36 (KHTML, like Gecko) Chrome/123.0.0.0 Safari/537.36"
122.162.151.98 - - [10/Apr/2024:05:42:44 +0000] "GET /roundcube/skins/elastic/deps/bootstrap.bundle.min.js?s=1612812589 HTTP/1.1" 200 22262 "https://server.mswebtech.com/roundcube/?_autologin=1&sess=ZXlKMWMyVnlJam9pYVc1bWIwQm9hVzFoWTJoaGJIUnlZWFpsYkdkMWFXUmxMbWx1SWl3aWNHRnpjeUk2SW1Nd01qVTNaVEE0T0RObE15SXNJbWh2YzNRaU9pSnNiMk5oYkdodmMzUWlMQ0prWVhSbElqcG1ZV3h6WlgwPQ==" "Mozilla/5.0 (Windows NT 10.0; Win64; x64) AppleWebKit/537.36 (KHTML, like Gecko) Chrome/123.0.0.0 Safari/537.36"
122.162.151.98 - - [10/Apr/2024:05:42:44 +0000] "GET /roundcube/skins/elastic/ui.min.js?s=1612812581 HTTP/1.1" 200 19449 "https://server.mswebtech.com/roundcube/?_autologin=1&sess=ZXlKMWMyVnlJam9pYVc1bWIwQm9hVzFoWTJoaGJIUnlZWFpsYkdkMWFXUmxMbWx1SWl3aWNHRnpjeUk2SW1Nd01qVTNaVEE0T0RObE15SXNJbWh2YzNRaU9pSnNiMk5oYkdodmMzUWlMQ0prWVhSbElqcG1ZV3h6WlgwPQ==" "Mozilla/5.0 (Windows NT 10.0; Win64; x64) AppleWebKit/537.36 (KHTML, like Gecko) Chrome/123.0.0.0 Safari/537.36"
122.162.151.98 - - [10/Apr/2024:05:42:44 +0000] "GET /roundcube/skins/elastic/fonts/roboto-v19-regular.woff2 HTTP/1.1" 200 51116 "https://server.mswebtech.com/roundcube/skins/elastic/styles/styles.min.css?s=1634503084" "Mozilla/5.0 (Windows NT 10.0; Win64; x64) AppleWebKit/537.36 (KHTML, like Gecko) Chrome/123.0.0.0 Safari/537.36"
122.162.151.98 - - [10/Apr/2024:05:42:44 +0000] "GET /roundcube/skins/elastic/fonts/fa-solid-900.woff2 HTTP/1.1" 200 75440 "https://server.mswebtech.com/roundcube/skins/elastic/styles/styles.min.css?s=1634503084" "Mozilla/5.0 (Windows NT 10.0; Win64; x64) AppleWebKit/537.36 (KHTML, like Gecko) Chrome/123.0.0.0 Safari/537.36"
122.162.151.98 - - [10/Apr/2024:05:42:44 +0000] "GET /roundcube/skins/elastic/images/favicon.ico?s=1612812581 HTTP/1.1" 200 597 "https://server.mswebtech.com/roundcube/?_autologin=1&sess=ZXlKMWMyVnlJam9pYVc1bWIwQm9hVzFoWTJoaGJIUnlZWFpsYkdkMWFXUmxMbWx1SWl3aWNHRnpjeUk2SW1Nd01qVTNaVEE0T0RObE15SXNJbWh2YzNRaU9pSnNiMk5oYkdodmMzUWlMQ0prWVhSbElqcG1ZV3h6WlgwPQ==" "Mozilla/5.0 (Windows NT 10.0; Win64; x64) AppleWebKit/537.36 (KHTML, like Gecko) Chrome/123.0.0.0 Safari/537.36"
122.162.151.98 - - [10/Apr/2024:05:44:33 +0000] "GET /roundcube/?_autologin=1&sess=ZXlKMWMyVnlJam9pYVc1bWIwQm9hVzFoWTJoaGJIUnlZWFpsYkdkMWFXUmxMbWx1SWl3aWNHRnpjeUk2SW1Nd01qVTNaVEE0T0RObE15SXNJbWh2YzNRaU9pSnNiMk5oYkdodmMzUWlMQ0prWVhSbElqcG1ZV3h6WlgwPQ== HTTP/1.1" 302 0 "https://server.mswebtech.com:2083/" "Mozilla/5.0 (Windows NT 10.0; Win64; x64) AppleWebKit/537.36 (KHTML, like Gecko) Chrome/123.0.0.0 Safari/537.36"
122.162.151.98 - - [10/Apr/2024:05:44:33 +0000] "GET /roundcube/?_task=mail&_token=EsVf7X7VuLGYt9583MFyoLgZJ6k5IWfg HTTP/1.1" 200 10243 "https://server.mswebtech.com:2083/" "Mozilla/5.0 (Windows NT 10.0; Win64; x64) AppleWebKit/537.36 (KHTML, like Gecko) Chrome/123.0.0.0 Safari/537.36"
122.162.151.98 - - [10/Apr/2024:05:44:33 +0000] "GET /roundcube/skins/larry/styles.min.css?s=1612812581 HTTP/1.1" 200 9521 "https://server.mswebtech.com/roundcube/?_task=mail&_token=EsVf7X7VuLGYt9583MFyoLgZJ6k5IWfg" "Mozilla/5.0 (Windows NT 10.0; Win64; x64) AppleWebKit/537.36 (KHTML, like Gecko) Chrome/123.0.0.0 Safari/537.36"
122.162.151.98 - - [10/Apr/2024:05:44:33 +0000] "GET /roundcube/skins/larry/mail.min.css?s=1612812581 HTTP/1.1" 200 4872 "https://server.mswebtech.com/roundcube/?_task=mail&_token=EsVf7X7VuLGYt9583MFyoLgZJ6k5IWfg" "Mozilla/5.0 (Windows NT 10.0; Win64; x64) AppleWebKit/537.36 (KHTML, like Gecko) Chrome/123.0.0.0 Safari/537.36"
122.162.151.98 - - [10/Apr/2024:05:44:33 +0000] "GET /roundcube/plugins/libcalendaring/skins/larry/libcal.css?s=1631987458 HTTP/1.1" 200 1398 "https://server.mswebtech.com/roundcube/?_task=mail&_token=EsVf7X7VuLGYt9583MFyoLgZJ6k5IWfg" "Mozilla/5.0 (Windows NT 10.0; Win64; x64) AppleWebKit/537.36 (KHTML, like Gecko) Chrome/123.0.0.0 Safari/537.36"
122.162.151.98 - - [10/Apr/2024:05:44:33 +0000] "GET /roundcube/plugins/calendar/skins/larry/calendar.css?s=1631987442 HTTP/1.1" 200 8573 "https://server.mswebtech.com/roundcube/?_task=mail&_token=EsVf7X7VuLGYt9583MFyoLgZJ6k5IWfg" "Mozilla/5.0 (Windows NT 10.0; Win64; x64) AppleWebKit/537.36 (KHTML, like Gecko) Chrome/123.0.0.0 Safari/537.36"
122.162.151.98 - - [10/Apr/2024:05:44:33 +0000] "GET /roundcube/plugins/managesieve/skins/larry/managesieve_mail.min.css?s=1612812580 HTTP/1.1" 200 333 "https://server.mswebtech.com/roundcube/?_task=mail&_token=EsVf7X7VuLGYt9583MFyoLgZJ6k5IWfg" "Mozilla/5.0 (Windows NT 10.0; Win64; x64) AppleWebKit/537.36 (KHTML, like Gecko) Chrome/123.0.0.0 Safari/537.36"
122.162.151.98 - - [10/Apr/2024:05:44:33 +0000] "GET /roundcube/plugins/carddav/skins/larry/carddav.css?s=1631395798 HTTP/1.1" 200 189 "https://server.mswebtech.com/roundcube/?_task=mail&_token=EsVf7X7VuLGYt9583MFyoLgZJ6k5IWfg" "Mozilla/5.0 (Windows NT 10.0; Win64; x64) AppleWebKit/537.36 (KHTML, like Gecko) Chrome/123.0.0.0 Safari/537.36"
122.162.151.98 - - [10/Apr/2024:05:44:33 +0000] "GET /roundcube/plugins/libkolab/skins/larry/libkolab.css?s=1631987472 HTTP/1.1" 200 2066 "https://server.mswebtech.com/roundcube/?_task=mail&_token=EsVf7X7VuLGYt9583MFyoLgZJ6k5IWfg" "Mozilla/5.0 (Windows NT 10.0; Win64; x64) AppleWebKit/537.36 (KHTML, like Gecko) Chrome/123.0.0.0 Safari/537.36"
122.162.151.98 - - [10/Apr/2024:05:44:33 +0000] "GET /roundcube/plugins/jqueryui/themes/larry/jquery-ui.css?s=1612812580 HTTP/1.1" 200 9489 "https://server.mswebtech.com/roundcube/?_task=mail&_token=EsVf7X7VuLGYt9583MFyoLgZJ6k5IWfg" "Mozilla/5.0 (Windows NT 10.0; Win64; x64) AppleWebKit/537.36 (KHTML, like Gecko) Chrome/123.0.0.0 Safari/537.36"
122.162.151.98 - - [10/Apr/2024:05:44:33 +0000] "GET /roundcube/skins/larry/ui.min.js?s=1612812581 HTTP/1.1" 200 8737 "https://server.mswebtech.com/roundcube/?_task=mail&_token=EsVf7X7VuLGYt9583MFyoLgZJ6k5IWfg" "Mozilla/5.0 (Windows NT 10.0; Win64; x64) AppleWebKit/537.36 (KHTML, like Gecko) Chrome/123.0.0.0 Safari/537.36"
122.162.151.98 - - [10/Apr/2024:05:44:33 +0000] "GET /roundcube/plugins/tasklist/skins/larry/tasklist.css?s=1631989636 HTTP/1.1" 200 5329 "https://server.mswebtech.com/roundcube/?_task=mail&_token=EsVf7X7VuLGYt9583MFyoLgZJ6k5IWfg" "Mozilla/5.0 (Windows NT 10.0; Win64; x64) AppleWebKit/537.36 (KHTML, like Gecko) Chrome/123.0.0.0 Safari/537.36"
122.162.151.98 - - [10/Apr/2024:05:44:33 +0000] "GET /roundcube/program/js/jquery.min.js?s=1612812585 HTTP/1.1" 200 31542 "https://server.mswebtech.com/roundcube/?_task=mail&_token=EsVf7X7VuLGYt9583MFyoLgZJ6k5IWfg" "Mozilla/5.0 (Windows NT 10.0; Win64; x64) AppleWebKit/537.36 (KHTML, like Gecko) Chrome/123.0.0.0 Safari/537.36"
122.162.151.98 - - [10/Apr/2024:05:44:33 +0000] "GET /roundcube/program/js/common.min.js?s=1612812581 HTTP/1.1" 200 4914 "https://server.mswebtech.com/roundcube/?_task=mail&_token=EsVf7X7VuLGYt9583MFyoLgZJ6k5IWfg" "Mozilla/5.0 (Windows NT 10.0; Win64; x64) AppleWebKit/537.36 (KHTML, like Gecko) Chrome/123.0.0.0 Safari/537.36"
122.162.151.98 - - [10/Apr/2024:05:44:33 +0000] "GET /roundcube/program/js/app.min.js?s=1612812581 HTTP/1.1" 200 49327 "https://server.mswebtech.com/roundcube/?_task=mail&_token=EsVf7X7VuLGYt9583MFyoLgZJ6k5IWfg" "Mozilla/5.0 (Windows NT 10.0; Win64; x64) AppleWebKit/537.36 (KHTML, like Gecko) Chrome/123.0.0.0 Safari/537.36"
122.162.151.98 - - [10/Apr/2024:05:44:33 +0000] "GET /roundcube/program/js/treelist.min.js?s=1612812581 HTTP/1.1" 200 5437 "https://server.mswebtech.com/roundcube/?_task=mail&_token=EsVf7X7VuLGYt9583MFyoLgZJ6k5IWfg" "Mozilla/5.0 (Windows NT 10.0; Win64; x64) AppleWebKit/537.36 (KHTML, like Gecko) Chrome/123.0.0.0 Safari/537.36"
122.162.151.98 - - [10/Apr/2024:05:44:33 +0000] "GET /roundcube/program/js/list.min.js?s=1612812581 HTTP/1.1" 200 8017 "https://server.mswebtech.com/roundcube/?_task=mail&_token=EsVf7X7VuLGYt9583MFyoLgZJ6k5IWfg" "Mozilla/5.0 (Windows NT 10.0; Win64; x64) AppleWebKit/537.36 (KHTML, like Gecko) Chrome/123.0.0.0 Safari/537.36"
122.162.151.98 - - [10/Apr/2024:05:44:33 +0000] "GET /roundcube/plugins/zipdownload/zipdownload.min.js?s=1612812580 HTTP/1.1" 200 1062 "https://server.mswebtech.com/roundcube/?_task=mail&_token=EsVf7X7VuLGYt9583MFyoLgZJ6k5IWfg" "Mozilla/5.0 (Windows NT 10.0; Win64; x64) AppleWebKit/537.36 (KHTML, like Gecko) Chrome/123.0.0.0 Safari/537.36"
122.162.151.98 - - [10/Apr/2024:05:44:33 +0000] "GET /roundcube/plugins/managesieve/managesieve.min.js?s=1612812580 HTTP/1.1" 200 6865 "https://server.mswebtech.com/roundcube/?_task=mail&_token=EsVf7X7VuLGYt9583MFyoLgZJ6k5IWfg" "Mozilla/5.0 (Windows NT 10.0; Win64; x64) AppleWebKit/537.36 (KHTML, like Gecko) Chrome/123.0.0.0 Safari/537.36"
122.162.151.98 - - [10/Apr/2024:05:44:33 +0000] "GET /roundcube/plugins/libcalendaring/libcalendaring.js?s=1631987458 HTTP/1.1" 200 14858 "https://server.mswebtech.com/roundcube/?_task=mail&_token=EsVf7X7VuLGYt9583MFyoLgZJ6k5IWfg" "Mozilla/5.0 (Windows NT 10.0; Win64; x64) AppleWebKit/537.36 (KHTML, like Gecko) Chrome/123.0.0.0 Safari/537.36"
122.162.151.98 - - [10/Apr/2024:05:44:33 +0000] "GET /roundcube/plugins/calendar/calendar_base.js?s=1631987442 HTTP/1.1" 200 1771 "https://server.mswebtech.com/roundcube/?_task=mail&_token=EsVf7X7VuLGYt9583MFyoLgZJ6k5IWfg" "Mozilla/5.0 (Windows NT 10.0; Win64; x64) AppleWebKit/537.36 (KHTML, like Gecko) Chrome/123.0.0.0 Safari/537.36"
122.162.151.98 - - [10/Apr/2024:05:44:33 +0000] "GET /roundcube/plugins/tasklist/tasklist_base.js?s=1631989636 HTTP/1.1" 200 1868 "https://server.mswebtech.com/roundcube/?_task=mail&_token=EsVf7X7VuLGYt9583MFyoLgZJ6k5IWfg" "Mozilla/5.0 (Windows NT 10.0; Win64; x64) AppleWebKit/537.36 (KHTML, like Gecko) Chrome/123.0.0.0 Safari/537.36"
122.162.151.98 - - [10/Apr/2024:05:44:33 +0000] "GET /roundcube/skins/larry/images/roundcube_logo.png?s=1612812581 HTTP/1.1" 200 3797 "https://server.mswebtech.com/roundcube/?_task=mail&_token=EsVf7X7VuLGYt9583MFyoLgZJ6k5IWfg" "Mozilla/5.0 (Windows NT 10.0; Win64; x64) AppleWebKit/537.36 (KHTML, like Gecko) Chrome/123.0.0.0 Safari/537.36"
122.162.151.98 - - [10/Apr/2024:05:44:33 +0000] "GET /roundcube/plugins/jqueryui/js/jquery-ui.min.js?s=1612812580 HTTP/1.1" 200 69763 "https://server.mswebtech.com/roundcube/?_task=mail&_token=EsVf7X7VuLGYt9583MFyoLgZJ6k5IWfg" "Mozilla/5.0 (Windows NT 10.0; Win64; x64) AppleWebKit/537.36 (KHTML, like Gecko) Chrome/123.0.0.0 Safari/537.36"
122.162.151.98 - - [10/Apr/2024:05:44:34 +0000] "GET /roundcube/skins/larry/watermark.html HTTP/1.1" 200 249 "https://server.mswebtech.com/roundcube/?_task=mail&_token=EsVf7X7VuLGYt9583MFyoLgZJ6k5IWfg" "Mozilla/5.0 (Windows NT 10.0; Win64; x64) AppleWebKit/537.36 (KHTML, like Gecko) Chrome/123.0.0.0 Safari/537.36"
122.162.151.98 - - [10/Apr/2024:05:44:34 +0000] "GET /roundcube/skins/larry/images/buttons.png?v=2e08.13608 HTTP/1.1" 200 13071 "https://server.mswebtech.com/roundcube/skins/larry/styles.min.css?s=1612812581" "Mozilla/5.0 (Windows NT 10.0; Win64; x64) AppleWebKit/537.36 (KHTML, like Gecko) Chrome/123.0.0.0 Safari/537.36"
122.162.151.98 - - [10/Apr/2024:05:44:34 +0000] "GET /roundcube/skins/larry/watermark.html HTTP/1.1" 200 249 "https://server.mswebtech.com/roundcube/?_task=mail&_token=EsVf7X7VuLGYt9583MFyoLgZJ6k5IWfg" "Mozilla/5.0 (Windows NT 10.0; Win64; x64) AppleWebKit/537.36 (KHTML, like Gecko) Chrome/123.0.0.0 Safari/537.36"
122.162.151.98 - - [10/Apr/2024:05:44:34 +0000] "GET /roundcube/skins/larry/images/listicons.png?v=4f40.10460 HTTP/1.1" 200 10412 "https://server.mswebtech.com/roundcube/skins/larry/styles.min.css?s=1612812581" "Mozilla/5.0 (Windows NT 10.0; Win64; x64) AppleWebKit/537.36 (KHTML, like Gecko) Chrome/123.0.0.0 Safari/537.36"
122.162.151.98 - - [10/Apr/2024:05:44:34 +0000] "GET /roundcube/skins/larry/images/splitter.png?v=6d32.134 HTTP/1.1" 200 134 "https://server.mswebtech.com/roundcube/skins/larry/styles.min.css?s=1612812581" "Mozilla/5.0 (Windows NT 10.0; Win64; x64) AppleWebKit/537.36 (KHTML, like Gecko) Chrome/123.0.0.0 Safari/537.36"
122.162.151.98 - - [10/Apr/2024:05:44:34 +0000] "GET /roundcube/plugins/tasklist/skins/larry/images/buttons.png HTTP/1.1" 200 1034 "https://server.mswebtech.com/roundcube/plugins/tasklist/skins/larry/tasklist.css?s=1631989636" "Mozilla/5.0 (Windows NT 10.0; Win64; x64) AppleWebKit/537.36 (KHTML, like Gecko) Chrome/123.0.0.0 Safari/537.36"
122.162.151.98 - - [10/Apr/2024:05:44:34 +0000] "GET /roundcube/skins/larry/images/ajaxloader_dark.gif?v=cf1b.1849 HTTP/1.1" 200 1592 "https://server.mswebtech.com/roundcube/skins/larry/styles.min.css?s=1612812581" "Mozilla/5.0 (Windows NT 10.0; Win64; x64) AppleWebKit/537.36 (KHTML, like Gecko) Chrome/123.0.0.0 Safari/537.36"
122.162.151.98 - - [10/Apr/2024:05:44:34 +0000] "GET /roundcube/skins/larry/images/watermark.jpg?v=e784.5000 HTTP/1.1" 200 4505 "https://server.mswebtech.com/roundcube/skins/larry/watermark.html" "Mozilla/5.0 (Windows NT 10.0; Win64; x64) AppleWebKit/537.36 (KHTML, like Gecko) Chrome/123.0.0.0 Safari/537.36"
122.162.151.98 - - [10/Apr/2024:05:44:34 +0000] "GET /roundcube/skins/larry/images/selector.png?v=0d5b.118 HTTP/1.1" 200 118 "https://server.mswebtech.com/roundcube/skins/larry/styles.min.css?s=1612812581" "Mozilla/5.0 (Windows NT 10.0; Win64; x64) AppleWebKit/537.36 (KHTML, like Gecko) Chrome/123.0.0.0 Safari/537.36"
122.162.151.98 - - [10/Apr/2024:05:44:34 +0000] "GET /roundcube/skins/larry/images/quota.png?v=aaa4.1389 HTTP/1.1" 200 1390 "https://server.mswebtech.com/roundcube/skins/larry/styles.min.css?s=1612812581" "Mozilla/5.0 (Windows NT 10.0; Win64; x64) AppleWebKit/537.36 (KHTML, like Gecko) Chrome/123.0.0.0 Safari/537.36"
122.162.151.98 - - [10/Apr/2024:05:44:34 +0000] "GET /roundcube/program/resources/blank.tiff HTTP/1.1" 200 270 "https://server.mswebtech.com/roundcube/?_task=mail&_mbox=INBOX" "Mozilla/5.0 (Windows NT 10.0; Win64; x64) AppleWebKit/537.36 (KHTML, like Gecko) Chrome/123.0.0.0 Safari/537.36"
122.162.151.98 - - [10/Apr/2024:05:44:34 +0000] "GET /roundcube/program/resources/blank.webp HTTP/1.1" 200 86 "https://server.mswebtech.com/roundcube/?_task=mail&_mbox=INBOX" "Mozilla/5.0 (Windows NT 10.0; Win64; x64) AppleWebKit/537.36 (KHTML, like Gecko) Chrome/123.0.0.0 Safari/537.36"
122.162.151.98 - - [10/Apr/2024:05:44:34 +0000] "GET /roundcube/skins/larry/images/favicon.ico?s=1612812581 HTTP/1.1" 200 13009 "https://server.mswebtech.com/roundcube/?_task=mail&_mbox=INBOX" "Mozilla/5.0 (Windows NT 10.0; Win64; x64) AppleWebKit/537.36 (KHTML, like Gecko) Chrome/123.0.0.0 Safari/537.36"
122.162.151.98 - - [10/Apr/2024:05:44:34 +0000] "GET /roundcube/?_task=mail&_action=getunread&_page=1&_remote=1&_unlock=0&_=1712727869505 HTTP/1.1" 200 149 "https://server.mswebtech.com/roundcube/?_task=mail&_mbox=INBOX" "Mozilla/5.0 (Windows NT 10.0; Win64; x64) AppleWebKit/537.36 (KHTML, like Gecko) Chrome/123.0.0.0 Safari/537.36"
122.162.151.98 - - [10/Apr/2024:05:44:35 +0000] "GET /roundcube/?_task=mail&_action=list&_refresh=1&_layout=widescreen&_mbox=INBOX&_remote=1&_unlock=loading1712727869811&_=1712727869504 HTTP/1.1" 200 2060 "https://server.mswebtech.com/roundcube/?_task=mail&_token=EsVf7X7VuLGYt9583MFyoLgZJ6k5IWfg" "Mozilla/5.0 (Windows NT 10.0; Win64; x64) AppleWebKit/537.36 (KHTML, like Gecko) Chrome/123.0.0.0 Safari/537.36"
122.162.151.98 - - [10/Apr/2024:05:45:35 +0000] "POST /roundcube/?_task=mail&_action=refresh HTTP/1.1" 200 170 "https://server.mswebtech.com/roundcube/?_task=mail&_mbox=INBOX" "Mozilla/5.0 (Windows NT 10.0; Win64; x64) AppleWebKit/537.36 (KHTML, like Gecko) Chrome/123.0.0.0 Safari/537.36"
167.94.138.2 - - [10/Apr/2024:05:45:44 +0000] "GET / HTTP/1.1" 400 255 "-" "Mozilla/5.0 (compatible; CensysInspect/1.1; +https://about.censys.io/)"
167.94.138.2 - - [10/Apr/2024:05:45:45 +0000] "PRI * HTTP/2.0" 400 157 "-" "-"
122.162.151.98 - - [10/Apr/2024:05:46:34 +0000] "POST /roundcube/?_task=mail&_action=refresh HTTP/1.1" 200 170 "https://server.mswebtech.com/roundcube/?_task=mail&_mbox=INBOX" "Mozilla/5.0 (Windows NT 10.0; Win64; x64) AppleWebKit/537.36 (KHTML, like Gecko) Chrome/123.0.0.0 Safari/537.36"
122.162.151.98 - - [10/Apr/2024:05:47:34 +0000] "POST /roundcube/?_task=mail&_action=refresh HTTP/1.1" 200 170 "https://server.mswebtech.com/roundcube/?_task=mail&_mbox=INBOX" "Mozilla/5.0 (Windows NT 10.0; Win64; x64) AppleWebKit/537.36 (KHTML, like Gecko) Chrome/123.0.0.0 Safari/537.36"
122.162.151.98 - - [10/Apr/2024:05:48:35 +0000] "POST /roundcube/?_task=mail&_action=refresh HTTP/1.1" 200 1963 "https://server.mswebtech.com/roundcube/?_task=mail&_mbox=INBOX" "Mozilla/5.0 (Windows NT 10.0; Win64; x64) AppleWebKit/537.36 (KHTML, like Gecko) Chrome/123.0.0.0 Safari/537.36"
122.162.151.98 - - [10/Apr/2024:05:49:36 +0000] "POST /roundcube/?_task=mail&_action=refresh HTTP/1.1" 200 189 "https://server.mswebtech.com/roundcube/?_task=mail&_mbox=INBOX" "Mozilla/5.0 (Windows NT 10.0; Win64; x64) AppleWebKit/537.36 (KHTML, like Gecko) Chrome/123.0.0.0 Safari/537.36"
122.162.151.98 - - [10/Apr/2024:05:50:37 +0000] "POST /roundcube/?_task=mail&_action=refresh HTTP/1.1" 200 2007 "https://server.mswebtech.com/roundcube/?_task=mail&_mbox=INBOX" "Mozilla/5.0 (Windows NT 10.0; Win64; x64) AppleWebKit/537.36 (KHTML, like Gecko) Chrome/123.0.0.0 Safari/537.36"
66.249.79.34 - - [10/Apr/2024:06:03:19 +0000] "GET /robots.txt HTTP/1.1" 404 196 "-" "Mozilla/5.0 (compatible; Googlebot/2.1; +http://www.google.com/bot.html)"
167.94.138.2 - - [10/Apr/2024:06:05:44 +0000] "GET / HTTP/1.1" 400 255 "-" "Mozilla/5.0 (compatible; CensysInspect/1.1; +https://about.censys.io/)"
167.94.138.2 - - [10/Apr/2024:06:05:45 +0000] "PRI * HTTP/2.0" 400 157 "-" "-"
159.65.251.152 - - [10/Apr/2024:06:16:29 +0000] "GET / HTTP/1.1" 200 1971 "-" "Mozilla/5.0 (Macintosh; Intel Mac OS X 10_15_7) AppleWebKit/537.36 (KHTML, like Gecko) Chrome/121.0.0.0 Safari/537.36"
66.249.68.7 - - [10/Apr/2024:06:16:54 +0000] "GET /robots.txt HTTP/1.1" 404 196 "-" "Mozilla/5.0 (compatible; Googlebot/2.1; +http://www.google.com/bot.html)"
66.249.68.1 - - [10/Apr/2024:06:16:55 +0000] "GET /ads.txt HTTP/1.1" 404 196 "-" "Mozilla/5.0 (compatible; Googlebot/2.1; +http://www.google.com/bot.html)"
167.94.138.2 - - [10/Apr/2024:06:25:44 +0000] "GET / HTTP/1.1" 400 255 "-" "Mozilla/5.0 (compatible; CensysInspect/1.1; +https://about.censys.io/)"
167.94.138.2 - - [10/Apr/2024:06:25:45 +0000] "PRI * HTTP/2.0" 400 157 "-" "-"
122.162.151.98 - - [10/Apr/2024:06:26:11 +0000] "GET /roundcube/?_autologin=1&sess=ZXlKMWMyVnlJam9pYVc1bWIwQm9hVzFoWTJoaGJIUnlZWFpsYkdkMWFXUmxMbWx1SWl3aWNHRnpjeUk2SWpOa1lqUTRPVFk0WkdNellpSXNJbWh2YzNRaU9pSnNiMk5oYkdodmMzUWlMQ0prWVhSbElqcG1ZV3h6WlgwPQ== HTTP/1.1" 200 3807 "https://server.mswebtech.com:2083/" "Mozilla/5.0 (Windows NT 10.0; Win64; x64) AppleWebKit/537.36 (KHTML, like Gecko) Chrome/123.0.0.0 Safari/537.36"
122.162.151.98 - - [10/Apr/2024:06:26:11 +0000] "GET /roundcube/skins/elastic/deps/bootstrap.min.css?s=1612812589 HTTP/1.1" 200 23118 "https://server.mswebtech.com/roundcube/?_autologin=1&sess=ZXlKMWMyVnlJam9pYVc1bWIwQm9hVzFoWTJoaGJIUnlZWFpsYkdkMWFXUmxMbWx1SWl3aWNHRnpjeUk2SWpOa1lqUTRPVFk0WkdNellpSXNJbWh2YzNRaU9pSnNiMk5oYkdodmMzUWlMQ0prWVhSbElqcG1ZV3h6WlgwPQ==" "Mozilla/5.0 (Windows NT 10.0; Win64; x64) AppleWebKit/537.36 (KHTML, like Gecko) Chrome/123.0.0.0 Safari/537.36"
122.162.151.98 - - [10/Apr/2024:06:26:11 +0000] "GET /roundcube/plugins/libcalendaring/skins/larry/libcal.css?s=1631987458 HTTP/1.1" 200 1398 "https://server.mswebtech.com/roundcube/?_autologin=1&sess=ZXlKMWMyVnlJam9pYVc1bWIwQm9hVzFoWTJoaGJIUnlZWFpsYkdkMWFXUmxMbWx1SWl3aWNHRnpjeUk2SWpOa1lqUTRPVFk0WkdNellpSXNJbWh2YzNRaU9pSnNiMk5oYkdodmMzUWlMQ0prWVhSbElqcG1ZV3h6WlgwPQ==" "Mozilla/5.0 (Windows NT 10.0; Win64; x64) AppleWebKit/537.36 (KHTML, like Gecko) Chrome/123.0.0.0 Safari/537.36"
