106.75.174.148 - - [14/Apr/2024:23:51:14 +0000] "{\x22id\x22:1,\x22jsonrpc\x22:\x222.0\x22,\x22method\x22:\x22login\x22,\x22params\x22:{\x22login\x22:\x22x\x22,\x22pass\x22:\x22null\x22,\x22agent\x22:\x22XMRig/5.13.1\x22,\x22algo\x22:[\x22cn/1\x22,\x22cn/2\x22,\x22cn/r\x22,\x22cn/fast\x22,\x22cn/half\x22,\x22cn/xao\x22,\x22cn/rto\x22,\x22cn/rwz\x22,\x22cn/zls\x22,\x22cn/double\x22,\x22rx/0\x22,\x22rx/wow\x22,\x22rx/loki\x22,\x22rx/arq\x22,\x22rx/sfx\x22,\x22rx/keva\x22]}}" 400 157 "-" "-"
167.94.138.50 - - [14/Apr/2024:23:54:53 +0000] "GET / HTTP/1.1" 200 5069 "-" "-"
167.94.138.50 - - [14/Apr/2024:23:54:59 +0000] "GET / HTTP/1.1" 200 1971 "-" "Mozilla/5.0 (compatible; CensysInspect/1.1; +https://about.censys.io/)"
167.94.138.50 - - [14/Apr/2024:23:55:00 +0000] "PRI * HTTP/2.0" 400 157 "-" "-"
167.94.138.50 - - [14/Apr/2024:23:55:01 +0000] "GET /favicon.ico HTTP/1.1" 404 196 "-" "Mozilla/5.0 (compatible; CensysInspect/1.1; +https://about.censys.io/)"
192.155.88.231 - - [14/Apr/2024:23:58:05 +0000] "GET / HTTP/1.1" 400 255 "-" "Mozilla/5.0 zgrab/0.x"
167.94.138.2 - - [15/Apr/2024:00:05:40 +0000] "GET / HTTP/1.1" 400 255 "-" "Mozilla/5.0 (compatible; CensysInspect/1.1; +https://about.censys.io/)"
167.94.138.2 - - [15/Apr/2024:00:05:41 +0000] "PRI * HTTP/2.0" 400 157 "-" "-"
3.88.194.34 - - [15/Apr/2024:00:11:37 +0000] "GET /.git/config HTTP/1.1" 403 153 "-" "Mozilla/5.0 Macintosh Intel Mac OS X 10_15_7 AppleWebKit/605.1.15 KHTML like Gecko Version/16.0 Safari/605.1.15"
192.155.90.118 - - [15/Apr/2024:00:18:08 +0000] "GET / HTTP/1.1" 200 1971 "-" "Mozilla/5.0 (Macintosh; Intel Mac OS X 13_1) AppleWebKit/537.36 (KHTML, like Gecko) Chrome/108.0.0.0 Safari/537.36"
167.94.138.2 - - [15/Apr/2024:00:35:40 +0000] "GET / HTTP/1.1" 400 255 "-" "Mozilla/5.0 (compatible; CensysInspect/1.1; +https://about.censys.io/)"
167.94.138.2 - - [15/Apr/2024:00:35:40 +0000] "PRI * HTTP/2.0" 400 157 "-" "-"
192.241.203.65 - - [15/Apr/2024:00:36:06 +0000] "GET /manager/text/list HTTP/1.1" 400 255 "-" "Mozilla/5.0 zgrab/0.x"
51.158.37.190 - - [15/Apr/2024:00:42:42 +0000] "GET / HTTP/1.1" 200 1971 "-" "Mozilla/5.0 (Windows NT 10.0; Win64; x64) AppleWebKit/537.36 (KHTML, like Gecko) Chrome/122.0.0.0 Safari/537.3"
51.158.37.190 - - [15/Apr/2024:00:42:42 +0000] "GET /favicon.ico HTTP/1.1" 404 196 "-" "Mozilla/5.0 (Windows NT 10.0; Win64; x64) AppleWebKit/537.36 (KHTML, like Gecko) Chrome/122.0.0.0 Safari/537.3"
51.158.37.190 - - [15/Apr/2024:00:42:43 +0000] "GET /ads.txt HTTP/1.1" 404 196 "-" "Mozilla/5.0 (Windows NT 10.0; Win64; x64) AppleWebKit/537.36 (KHTML, like Gecko) Chrome/122.0.0.0 Safari/537.3"
51.158.37.190 - - [15/Apr/2024:00:42:43 +0000] "GET /app-ads.txt HTTP/1.1" 404 196 "-" "Mozilla/5.0 (Windows NT 10.0; Win64; x64) AppleWebKit/537.36 (KHTML, like Gecko) Chrome/122.0.0.0 Safari/537.3"
51.158.37.190 - - [15/Apr/2024:00:42:44 +0000] "GET /sellers.json HTTP/1.1" 404 196 "-" "Mozilla/5.0 (Windows NT 10.0; Win64; x64) AppleWebKit/537.36 (KHTML, like Gecko) Chrome/122.0.0.0 Safari/537.3"
167.94.138.2 - - [15/Apr/2024:01:05:37 +0000] "GET / HTTP/1.1" 400 255 "-" "Mozilla/5.0 (compatible; CensysInspect/1.1; +https://about.censys.io/)"
167.94.138.2 - - [15/Apr/2024:01:05:38 +0000] "PRI * HTTP/2.0" 400 157 "-" "-"
45.95.169.184 - - [15/Apr/2024:01:23:55 +0000] "GET / HTTP/1.1" 200 1971 "-" "Mozilla/5.0 (Windows NT 10.0; Win64; x64; rv:104.71.6212.24) Gecko/25.2.4212.671 Firefox/2.0"
80.75.212.75 - - [15/Apr/2024:01:28:37 +0000] "CONNECT www.google.com:443 HTTP/1.1" 400 157 "-" "-"
167.94.138.2 - - [15/Apr/2024:01:35:37 +0000] "GET / HTTP/1.1" 400 255 "-" "Mozilla/5.0 (compatible; CensysInspect/1.1; +https://about.censys.io/)"
167.94.138.2 - - [15/Apr/2024:01:35:38 +0000] "PRI * HTTP/2.0" 400 157 "-" "-"
106.75.175.181 - - [15/Apr/2024:01:51:07 +0000] "GET /.git/config HTTP/1.1" 403 153 "-" "Go-http-client/1.1"
18.237.173.85 - - [15/Apr/2024:01:52:31 +0000] "GET / HTTP/1.1" 200 1971 "-" "Mozilla/5.0 (Macintosh; Intel Mac OS X 10_11_5) AppleWebKit/537.36 (KHTML, like Gecko) Chrome/50.0.2661.102 Safari/537.36"
167.94.138.2 - - [15/Apr/2024:02:05:39 +0000] "GET / HTTP/1.1" 400 255 "-" "Mozilla/5.0 (compatible; CensysInspect/1.1; +https://about.censys.io/)"
167.94.138.2 - - [15/Apr/2024:02:05:39 +0000] "PRI * HTTP/2.0" 400 157 "-" "-"
152.89.198.42 - - [15/Apr/2024:02:05:45 +0000] "GET /RDWeb/Pages/ HTTP/1.1" 404 196 "-" "Mozilla/5.0 (Windows NT 10.0; Win64; x64) AppleWebKit/537.36 (KHTML, like Gecko) Chrome/115.0.0.0 Safari/537.36 Edg/115.0.1901.203"
198.74.56.46 - - [15/Apr/2024:02:13:38 +0000] "GET / HTTP/1.1" 400 255 "-" "Mozilla/5.0 zgrab/0.x"
172.104.11.4 - - [15/Apr/2024:02:14:01 +0000] "GET / HTTP/1.1" 200 1971 "-" "Mozilla/5.0 (Macintosh; Intel Mac OS X 13_1) AppleWebKit/537.36 (KHTML, like Gecko) Chrome/108.0.0.0 Safari/537.36"
172.104.11.51 - - [15/Apr/2024:02:14:08 +0000] "GET / HTTP/1.1" 200 1971 "-" "Mozilla/5.0 (Macintosh; Intel Mac OS X 13_1) AppleWebKit/537.36 (KHTML, like Gecko) Chrome/108.0.0.0 Safari/537.36"
172.104.11.46 - - [15/Apr/2024:02:15:14 +0000] "GET / HTTP/1.1" 200 1971 "-" "Mozilla/5.0 (Macintosh; Intel Mac OS X 13_1) AppleWebKit/537.36 (KHTML, like Gecko) Chrome/108.0.0.0 Safari/537.36"
172.104.11.4 - - [15/Apr/2024:02:15:31 +0000] "GET / HTTP/1.1" 200 1971 "-" "Mozilla/5.0 (Macintosh; Intel Mac OS X 13_1) AppleWebKit/537.36 (KHTML, like Gecko) Chrome/108.0.0.0 Safari/537.36"
45.79.181.179 - - [15/Apr/2024:02:15:51 +0000] "GET / HTTP/1.1" 200 1971 "-" "Mozilla/5.0 (Macintosh; Intel Mac OS X 13_1) AppleWebKit/537.36 (KHTML, like Gecko) Chrome/108.0.0.0 Safari/537.36"
66.175.213.4 - - [15/Apr/2024:02:16:07 +0000] "GET / HTTP/1.1" 200 1971 "-" "Mozilla/5.0 (Macintosh; Intel Mac OS X 13_1) AppleWebKit/537.36 (KHTML, like Gecko) Chrome/108.0.0.0 Safari/537.36"
172.104.11.34 - - [15/Apr/2024:02:16:17 +0000] "GET / HTTP/1.1" 200 1971 "-" "Mozilla/5.0 (Macintosh; Intel Mac OS X 13_1) AppleWebKit/537.36 (KHTML, like Gecko) Chrome/108.0.0.0 Safari/537.36"
45.79.181.179 - - [15/Apr/2024:02:16:30 +0000] "GET / HTTP/1.1" 200 1971 "-" "Mozilla/5.0 (Macintosh; Intel Mac OS X 13_1) AppleWebKit/537.36 (KHTML, like Gecko) Chrome/108.0.0.0 Safari/537.36"
3.110.163.3 - - [15/Apr/2024:02:23:57 +0000] "GET / HTTP/1.1" 200 1971 "-" "Mozilla/5.0 (Linux; Android 12; SM-G970U) AppleWebKit/537.36 (KHTML, like Gecko) Chrome/101.0.4951.61 Mobile Safari/537.36"
106.75.177.107 - - [15/Apr/2024:02:32:02 +0000] "GET /dqgqoeCXckuwPtxov HTTP/1.1" 404 196 "-" "-"
106.75.177.107 - - [15/Apr/2024:02:32:03 +0000] "GET /dqgqoeCXckuwPtxov HTTP/1.1" 404 196 "-" "-"
167.94.138.2 - - [15/Apr/2024:02:35:41 +0000] "GET / HTTP/1.1" 400 255 "-" "Mozilla/5.0 (compatible; CensysInspect/1.1; +https://about.censys.io/)"
167.94.138.2 - - [15/Apr/2024:02:35:41 +0000] "PRI * HTTP/2.0" 400 157 "-" "-"
192.155.90.118 - - [15/Apr/2024:02:39:38 +0000] "GET / HTTP/1.1" 200 1971 "-" "Mozilla/5.0 (Macintosh; Intel Mac OS X 13_1) AppleWebKit/537.36 (KHTML, like Gecko) Chrome/108.0.0.0 Safari/537.36"
198.74.56.46 - - [15/Apr/2024:02:40:49 +0000] "GET / HTTP/1.1" 400 255 "-" "Mozilla/5.0 zgrab/0.x"
45.79.128.205 - - [15/Apr/2024:02:53:30 +0000] "GET / HTTP/1.1" 200 1971 "-" "Mozilla/5.0 (Macintosh; Intel Mac OS X 13_1) AppleWebKit/537.36 (KHTML, like Gecko) Chrome/108.0.0.0 Safari/537.36"
114.119.132.202 - - [15/Apr/2024:02:54:35 +0000] "GET /robots.txt HTTP/1.1" 200 109 "-" "Mozilla/5.0 (compatible;PetalBot;+https://webmaster.petalsearch.com/site/petalbot)"
104.131.144.21 - - [15/Apr/2024:02:55:30 +0000] "GET /login HTTP/1.1" 404 196 "-" "Mozilla/5.0 zgrab/0.x"
199.45.154.55 - - [15/Apr/2024:03:05:07 +0000] "GET / HTTP/1.1" 200 5069 "-" "-"
199.45.154.55 - - [15/Apr/2024:03:05:20 +0000] "PRI * HTTP/2.0" 400 157 "-" "-"
167.94.138.2 - - [15/Apr/2024:03:05:39 +0000] "GET / HTTP/1.1" 400 255 "-" "Mozilla/5.0 (compatible; CensysInspect/1.1; +https://about.censys.io/)"
167.94.138.2 - - [15/Apr/2024:03:05:40 +0000] "PRI * HTTP/2.0" 400 157 "-" "-"
106.75.165.113 - - [15/Apr/2024:03:14:53 +0000] "GET /dqgqoeCXckuwPtxov HTTP/1.1" 404 196 "-" "-"
106.75.165.113 - - [15/Apr/2024:03:14:53 +0000] "GET /dqgqoeCXckuwPtxov HTTP/1.1" 404 196 "-" "-"
167.94.138.2 - - [15/Apr/2024:03:35:39 +0000] "GET / HTTP/1.1" 400 255 "-" "Mozilla/5.0 (compatible; CensysInspect/1.1; +https://about.censys.io/)"
167.94.138.2 - - [15/Apr/2024:03:35:40 +0000] "PRI * HTTP/2.0" 400 157 "-" "-"
162.216.149.98 - - [15/Apr/2024:03:43:56 +0000] "GET / HTTP/1.1" 200 5069 "-" "Expanse, a Palo Alto Networks company, searches across the global IPv4 space multiple times per day to identify customers&#39; presences on the Internet. If you would like to be excluded from our scans, please send IP addresses/domains to: scaninfo@paloaltonetworks.com"
106.75.174.148 - - [15/Apr/2024:03:58:10 +0000] "GET /dqgqoeCXckuwPtxov HTTP/1.1" 404 196 "-" "-"
106.75.174.148 - - [15/Apr/2024:03:58:11 +0000] "GET /dqgqoeCXckuwPtxov HTTP/1.1" 404 196 "-" "-"
184.105.247.194 - - [15/Apr/2024:04:05:18 +0000] "GET / HTTP/1.1" 200 1971 "-" "Mozilla/5.0 (Macintosh; Intel Mac OS X 10_15_7) AppleWebKit/537.36 (KHTML, like Gecko) Chrome/110.0.0.0 Safari/537.36"
167.94.138.2 - - [15/Apr/2024:04:05:39 +0000] "GET / HTTP/1.1" 400 255 "-" "Mozilla/5.0 (compatible; CensysInspect/1.1; +https://about.censys.io/)"
167.94.138.2 - - [15/Apr/2024:04:05:40 +0000] "PRI * HTTP/2.0" 400 157 "-" "-"
45.79.181.104 - - [15/Apr/2024:04:07:01 +0000] "GET / HTTP/1.1" 200 1971 "-" "Mozilla/5.0 (Macintosh; Intel Mac OS X 13_1) AppleWebKit/537.36 (KHTML, like Gecko) Chrome/108.0.0.0 Safari/537.36"
184.105.247.194 - - [15/Apr/2024:04:09:44 +0000] "GET /webui/ HTTP/1.1" 404 196 "-" "Mozilla/5.0 (Macintosh; Intel Mac OS X 10_15_7) AppleWebKit/605.1.15 (KHTML, like Gecko) Version/16.0 Safari/605.1.15"
106.75.177.107 - - [15/Apr/2024:04:14:14 +0000] "GET /dqgqoeCXckuwPtxov HTTP/1.1" 404 196 "-" "-"
106.75.177.107 - - [15/Apr/2024:04:14:15 +0000] "GET /dqgqoeCXckuwPtxov HTTP/1.1" 404 196 "-" "-"
184.105.247.194 - - [15/Apr/2024:04:19:02 +0000] "GET /geoserver/web/ HTTP/1.1" 404 196 "-" "Mozilla/5.0 (Macintosh; Intel Mac OS X 10_15_7) AppleWebKit/605.1.15 (KHTML, like Gecko) Version/16.0 Safari/605.1.15"
66.249.68.8 - - [15/Apr/2024:04:19:05 +0000] "GET /robots.txt HTTP/1.1" 404 196 "-" "Mozilla/5.0 (compatible; Googlebot/2.1; +http://www.google.com/bot.html)"
66.249.68.7 - - [15/Apr/2024:04:19:06 +0000] "GET /ads.txt HTTP/1.1" 404 196 "-" "Mozilla/5.0 (compatible; Googlebot/2.1; +http://www.google.com/bot.html)"
184.105.247.194 - - [15/Apr/2024:04:20:26 +0000] "GET /.git/config HTTP/1.1" 403 153 "-" "Mozilla/5.0 (Windows NT 10.0; Win64; x64; rv:102.0) Gecko/20100101 Firefox/102.0"
199.45.155.48 - - [15/Apr/2024:04:28:16 +0000] "GET / HTTP/1.1" 200 5069 "-" "-"
199.45.155.48 - - [15/Apr/2024:04:28:27 +0000] "PRI * HTTP/2.0" 400 157 "-" "-"
167.94.138.2 - - [15/Apr/2024:04:35:39 +0000] "GET / HTTP/1.1" 400 255 "-" "Mozilla/5.0 (compatible; CensysInspect/1.1; +https://about.censys.io/)"
167.94.138.2 - - [15/Apr/2024:04:35:40 +0000] "PRI * HTTP/2.0" 400 157 "-" "-"
198.74.56.46 - - [15/Apr/2024:04:36:44 +0000] "GET / HTTP/1.1" 400 255 "-" "Mozilla/5.0 zgrab/0.x"
106.75.173.226 - - [15/Apr/2024:04:39:52 +0000] "GET /dqgqoeCXckuwPtxov HTTP/1.1" 404 196 "-" "-"
106.75.173.226 - - [15/Apr/2024:04:39:53 +0000] "GET /dqgqoeCXckuwPtxov HTTP/1.1" 404 196 "-" "-"
106.75.137.241 - - [15/Apr/2024:04:40:13 +0000] "GET /dqgqoeCXckuwPtxov HTTP/1.1" 404 196 "-" "-"
106.75.137.241 - - [15/Apr/2024:04:40:13 +0000] "GET /dqgqoeCXckuwPtxov HTTP/1.1" 404 196 "-" "-"
45.79.181.179 - - [15/Apr/2024:04:41:21 +0000] "GET / HTTP/1.1" 200 1971 "-" "Mozilla/5.0 (Macintosh; Intel Mac OS X 13_1) AppleWebKit/537.36 (KHTML, like Gecko) Chrome/108.0.0.0 Safari/537.36"
159.223.239.137 - - [15/Apr/2024:04:45:23 +0000] "GET / HTTP/1.1" 400 255 "-" "Go-http-client/1.1"
44.211.181.144 - - [15/Apr/2024:04:46:37 +0000] "GET / HTTP/1.1" 200 5069 "-" "Mozilla/5.0 (Windows; U; Windows NT 6.1; en-US) AppleWebKit/533.20.25 (KHTML, like Gecko) Version/5.0.4 Safari/533.20.27"
167.94.138.2 - - [15/Apr/2024:05:05:39 +0000] "GET / HTTP/1.1" 400 255 "-" "Mozilla/5.0 (compatible; CensysInspect/1.1; +https://about.censys.io/)"
167.94.138.2 - - [15/Apr/2024:05:05:40 +0000] "PRI * HTTP/2.0" 400 157 "-" "-"
78.153.140.177 - - [15/Apr/2024:05:10:28 +0000] "GET /.env HTTP/1.1" 400 657 "-" "Mozilla/5.0 (X11; Linux x86_64) AppleWebKit/537.36 (KHTML, like Gecko) Chrome/81.0.4044.129 Safari/537.36"
78.153.140.177 - - [15/Apr/2024:05:10:29 +0000] "GET /.env HTTP/1.1" 404 196 "-" "Mozilla/5.0 (X11; Linux x86_64) AppleWebKit/537.36 (KHTML, like Gecko) Chrome/81.0.4044.129 Safari/537.36"
107.151.243.88 - - [15/Apr/2024:05:19:41 +0000] "GET / HTTP/1.1" 400 255 "-" "Mozilla/5.0"
106.75.18.235 - - [15/Apr/2024:05:26:04 +0000] "GET /dqgqoeCXckuwPtxov HTTP/1.1" 404 196 "-" "-"
106.75.18.235 - - [15/Apr/2024:05:26:05 +0000] "GET /dqgqoeCXckuwPtxov HTTP/1.1" 404 196 "-" "-"
106.75.177.107 - - [15/Apr/2024:05:34:09 +0000] "GET /dqgqoeCXckuwPtxov HTTP/1.1" 404 196 "-" "-"
106.75.177.107 - - [15/Apr/2024:05:34:10 +0000] "GET /dqgqoeCXckuwPtxov HTTP/1.1" 404 196 "-" "-"
167.94.138.2 - - [15/Apr/2024:05:35:40 +0000] "GET / HTTP/1.1" 400 255 "-" "Mozilla/5.0 (compatible; CensysInspect/1.1; +https://about.censys.io/)"
167.94.138.2 - - [15/Apr/2024:05:35:41 +0000] "PRI * HTTP/2.0" 400 157 "-" "-"
167.94.138.2 - - [15/Apr/2024:06:05:40 +0000] "GET / HTTP/1.1" 400 255 "-" "Mozilla/5.0 (compatible; CensysInspect/1.1; +https://about.censys.io/)"
167.94.138.2 - - [15/Apr/2024:06:05:41 +0000] "PRI * HTTP/2.0" 400 157 "-" "-"
198.74.56.46 - - [15/Apr/2024:06:07:30 +0000] "GET / HTTP/1.1" 400 255 "-" "Mozilla/5.0 zgrab/0.x"
207.46.13.36 - - [15/Apr/2024:06:19:35 +0000] "GET /images/headerw2.jpg HTTP/1.1" 200 91102 "-" "Mozilla/5.0 AppleWebKit/537.36 (KHTML, like Gecko; compatible; bingbot/2.0; +http://www.bing.com/bingbot.htm) Chrome/116.0.1938.76 Safari/537.36"
50.114.177.234 - - [15/Apr/2024:06:30:26 +0000] "POST / HTTP/1.1" 403 199 "-" "Go-http-client/1.1"
167.94.138.2 - - [15/Apr/2024:06:35:38 +0000] "GET / HTTP/1.1" 400 255 "-" "Mozilla/5.0 (compatible; CensysInspect/1.1; +https://about.censys.io/)"
167.94.138.2 - - [15/Apr/2024:06:35:39 +0000] "PRI * HTTP/2.0" 400 157 "-" "-"
45.79.181.251 - - [15/Apr/2024:06:44:18 +0000] "GET / HTTP/1.1" 200 1971 "-" "Mozilla/5.0 (Macintosh; Intel Mac OS X 13_1) AppleWebKit/537.36 (KHTML, like Gecko) Chrome/108.0.0.0 Safari/537.36"
152.32.215.244 - - [15/Apr/2024:06:47:59 +0000] "t3 12.1.2" 400 157 "-" "-"
106.75.174.148 - - [15/Apr/2024:07:01:43 +0000] "{\x22method\x22:\x22login\x22,\x22params\x22:{\x22login\x22:\x2245JymPWP1DeQxxMZNJv9w2bTQ2WJDAmw18wUSryDQa3RPrympJPoUSVcFEDv3bhiMJGWaCD4a3KrFCorJHCMqXJUKApSKDV\x22,\x22pass\x22:\x22xxoo\x22,\x22agent\x22:\x22xmr-stak-cpu/1.3.0-1.5.0\x22},\x22id\x22:1}" 400 157 "-" "-"
106.75.174.148 - - [15/Apr/2024:07:01:44 +0000] "{\x22id\x22:1,\x22method\x22:\x22mining.subscribe\x22,\x22params\x22:[]}" 400 157 "-" "-"
106.75.174.148 - - [15/Apr/2024:07:01:44 +0000] "{\x22params\x22: [\x22miner1\x22, \x22password\x22], \x22id\x22: 2, \x22method\x22: \x22mining.authorize\x22}" 400 157 "-" "-"
106.75.174.148 - - [15/Apr/2024:07:01:45 +0000] "{\x22id\x22:1,\x22jsonrpc\x22:\x222.0\x22,\x22method\x22:\x22login\x22,\x22params\x22:{\x22login\x22:\x22blue1\x22,\x22pass\x22:\x22x\x22,\x22agent\x22:\x22Windows NT 6.1; Win64; x64\x22}}" 400 157 "-" "-"
106.75.174.148 - - [15/Apr/2024:07:01:46 +0000] "{\x22params\x22: [\x22miner1\x22, \x22bf\x22, \x2200000001\x22, \x22504e86ed\x22, \x22b2957c02\x22], \x22id\x22: 4, \x22method\x22: \x22mining.submit\x22}" 400 157 "-" "-"
106.75.174.148 - - [15/Apr/2024:07:01:47 +0000] "{\x22id\x22:1,\x22jsonrpc\x22:\x222.0\x22,\x22method\x22:\x22login\x22,\x22params\x22:{\x22login\x22:\x22x\x22,\x22pass\x22:\x22null\x22,\x22agent\x22:\x22XMRig/5.13.1\x22,\x22algo\x22:[\x22cn/1\x22,\x22cn/2\x22,\x22cn/r\x22,\x22cn/fast\x22,\x22cn/half\x22,\x22cn/xao\x22,\x22cn/rto\x22,\x22cn/rwz\x22,\x22cn/zls\x22,\x22cn/double\x22,\x22rx/0\x22,\x22rx/wow\x22,\x22rx/loki\x22,\x22rx/arq\x22,\x22rx/sfx\x22,\x22rx/keva\x22]}}" 400 157 "-" "-"
167.94.138.2 - - [15/Apr/2024:07:05:38 +0000] "GET / HTTP/1.1" 400 255 "-" "Mozilla/5.0 (compatible; CensysInspect/1.1; +https://about.censys.io/)"
167.94.138.2 - - [15/Apr/2024:07:05:39 +0000] "PRI * HTTP/2.0" 400 157 "-" "-"
17.241.75.167 - - [15/Apr/2024:07:12:05 +0000] "GET /robots.txt HTTP/1.1" 200 109 "-" "Mozilla/5.0 (Macintosh; Intel Mac OS X 10_15_5) AppleWebKit/605.1.15 (KHTML, like Gecko) Version/13.1.1 Safari/605.1.15 (Applebot/0.1; +http://www.apple.com/go/applebot)"
17.241.75.167 - - [15/Apr/2024:07:12:05 +0000] "GET / HTTP/1.1" 200 4571 "-" "Mozilla/5.0 (Macintosh; Intel Mac OS X 10_15_5) AppleWebKit/605.1.15 (KHTML, like Gecko) Version/13.1.1 Safari/605.1.15 (Applebot/0.1; +http://www.apple.com/go/applebot)"
199.45.155.16 - - [15/Apr/2024:07:17:21 +0000] "PRI * HTTP/2.0" 400 157 "-" "-"
167.94.138.2 - - [15/Apr/2024:07:35:38 +0000] "GET / HTTP/1.1" 400 255 "-" "Mozilla/5.0 (compatible; CensysInspect/1.1; +https://about.censys.io/)"
167.94.138.2 - - [15/Apr/2024:07:35:39 +0000] "PRI * HTTP/2.0" 400 157 "-" "-"
17.22.245.160 - - [15/Apr/2024:07:47:05 +0000] "GET /css/bootstrap.min.css HTTP/1.1" 200 24334 "https://www.travellineholidays.com/" "Mozilla/5.0 (Macintosh; Intel Mac OS X 10_15_5) AppleWebKit/605.1.15 (KHTML, like Gecko) Version/13.1.1 Safari/605.1.15 (Applebot/0.1; +http://www.apple.com/go/applebot)"
17.22.245.121 - - [15/Apr/2024:07:47:05 +0000] "GET /css/custom.css HTTP/1.1" 200 4214 "https://www.travellineholidays.com/" "Mozilla/5.0 (Macintosh; Intel Mac OS X 10_15_5) AppleWebKit/605.1.15 (KHTML, like Gecko) Version/13.1.1 Safari/605.1.15 (Applebot/0.1; +http://www.apple.com/go/applebot)"
17.22.245.214 - - [15/Apr/2024:07:47:06 +0000] "GET /css/plugins/social-buttons.css HTTP/1.1" 200 2011 "https://www.travellineholidays.com/" "Mozilla/5.0 (Macintosh; Intel Mac OS X 10_15_5) AppleWebKit/605.1.15 (KHTML, like Gecko) Version/13.1.1 Safari/605.1.15 (Applebot/0.1; +http://www.apple.com/go/applebot)"
17.22.253.171 - - [15/Apr/2024:07:47:06 +0000] "GET /js/bootstrap.min.js HTTP/1.1" 200 9255 "https://www.travellineholidays.com/" "Mozilla/5.0 (Macintosh; Intel Mac OS X 10_15_5) AppleWebKit/605.1.15 (KHTML, like Gecko) Version/13.1.1 Safari/605.1.15 (Applebot/0.1; +http://www.apple.com/go/applebot)"
17.22.253.153 - - [15/Apr/2024:07:47:07 +0000] "GET /font-awesome-4.1.0/css/font-awesome.min.css HTTP/1.1" 200 4724 "https://www.travellineholidays.com/" "Mozilla/5.0 (Macintosh; Intel Mac OS X 10_15_5) AppleWebKit/605.1.15 (KHTML, like Gecko) Version/13.1.1 Safari/605.1.15 (Applebot/0.1; +http://www.apple.com/go/applebot)"
17.22.253.56 - - [15/Apr/2024:07:47:07 +0000] "GET /js/jquery.js HTTP/1.1" 200 33256 "https://www.travellineholidays.com/" "Mozilla/5.0 (Macintosh; Intel Mac OS X 10_15_5) AppleWebKit/605.1.15 (KHTML, like Gecko) Version/13.1.1 Safari/605.1.15 (Applebot/0.1; +http://www.apple.com/go/applebot)"
66.175.213.4 - - [15/Apr/2024:07:49:53 +0000] "GET / HTTP/1.1" 200 1971 "-" "Mozilla/5.0 (Macintosh; Intel Mac OS X 13_1) AppleWebKit/537.36 (KHTML, like Gecko) Chrome/108.0.0.0 Safari/537.36"
71.6.134.235 - - [15/Apr/2024:07:53:56 +0000] "GET / HTTP/1.1" 200 1971 "-" "Mozilla/5.0 (Windows NT 10.0; Win64; x64) AppleWebKit/537.36 (KHTML, like Gecko) Chrome/102.0.0.0 Safari/537.36"
71.6.134.235 - - [15/Apr/2024:07:59:56 +0000] "GET /favicon.ico HTTP/1.1" 404 196 "-" "Mozilla/5.0 (Windows NT 10.0; Win64; x64) AppleWebKit/537.36 (KHTML, like Gecko) Chrome/102.0.0.0 Safari/537.36"
106.75.165.113 - - [15/Apr/2024:07:59:58 +0000] "{\x22method\x22:\x22login\x22,\x22params\x22:{\x22login\x22:\x2245JymPWP1DeQxxMZNJv9w2bTQ2WJDAmw18wUSryDQa3RPrympJPoUSVcFEDv3bhiMJGWaCD4a3KrFCorJHCMqXJUKApSKDV\x22,\x22pass\x22:\x22xxoo\x22,\x22agent\x22:\x22xmr-stak-cpu/1.3.0-1.5.0\x22},\x22id\x22:1}" 400 157 "-" "-"
106.75.165.113 - - [15/Apr/2024:07:59:59 +0000] "{\x22id\x22:1,\x22method\x22:\x22mining.subscribe\x22,\x22params\x22:[]}" 400 157 "-" "-"
106.75.165.113 - - [15/Apr/2024:08:00:00 +0000] "{\x22params\x22: [\x22miner1\x22, \x22password\x22], \x22id\x22: 2, \x22method\x22: \x22mining.authorize\x22}" 400 157 "-" "-"
106.75.165.113 - - [15/Apr/2024:08:00:01 +0000] "{\x22id\x22:1,\x22jsonrpc\x22:\x222.0\x22,\x22method\x22:\x22login\x22,\x22params\x22:{\x22login\x22:\x22blue1\x22,\x22pass\x22:\x22x\x22,\x22agent\x22:\x22Windows NT 6.1; Win64; x64\x22}}" 400 157 "-" "-"
106.75.165.113 - - [15/Apr/2024:08:00:01 +0000] "{\x22params\x22: [\x22miner1\x22, \x22bf\x22, \x2200000001\x22, \x22504e86ed\x22, \x22b2957c02\x22], \x22id\x22: 4, \x22method\x22: \x22mining.submit\x22}" 400 157 "-" "-"
106.75.165.113 - - [15/Apr/2024:08:00:02 +0000] "{\x22id\x22:1,\x22jsonrpc\x22:\x222.0\x22,\x22method\x22:\x22login\x22,\x22params\x22:{\x22login\x22:\x22x\x22,\x22pass\x22:\x22null\x22,\x22agent\x22:\x22XMRig/5.13.1\x22,\x22algo\x22:[\x22cn/1\x22,\x22cn/2\x22,\x22cn/r\x22,\x22cn/fast\x22,\x22cn/half\x22,\x22cn/xao\x22,\x22cn/rto\x22,\x22cn/rwz\x22,\x22cn/zls\x22,\x22cn/double\x22,\x22rx/0\x22,\x22rx/wow\x22,\x22rx/loki\x22,\x22rx/arq\x22,\x22rx/sfx\x22,\x22rx/keva\x22]}}" 400 157 "-" "-"
106.75.165.113 - - [15/Apr/2024:08:02:16 +0000] "{\x22method\x22:\x22login\x22,\x22params\x22:{\x22login\x22:\x2245JymPWP1DeQxxMZNJv9w2bTQ2WJDAmw18wUSryDQa3RPrympJPoUSVcFEDv3bhiMJGWaCD4a3KrFCorJHCMqXJUKApSKDV\x22,\x22pass\x22:\x22xxoo\x22,\x22agent\x22:\x22xmr-stak-cpu/1.3.0-1.5.0\x22},\x22id\x22:1}" 400 157 "-" "-"
106.75.165.113 - - [15/Apr/2024:08:02:17 +0000] "{\x22id\x22:1,\x22method\x22:\x22mining.subscribe\x22,\x22params\x22:[]}" 400 157 "-" "-"
106.75.165.113 - - [15/Apr/2024:08:02:18 +0000] "{\x22params\x22: [\x22miner1\x22, \x22password\x22], \x22id\x22: 2, \x22method\x22: \x22mining.authorize\x22}" 400 157 "-" "-"
106.75.165.113 - - [15/Apr/2024:08:02:19 +0000] "{\x22id\x22:1,\x22jsonrpc\x22:\x222.0\x22,\x22method\x22:\x22login\x22,\x22params\x22:{\x22login\x22:\x22blue1\x22,\x22pass\x22:\x22x\x22,\x22agent\x22:\x22Windows NT 6.1; Win64; x64\x22}}" 400 157 "-" "-"
106.75.165.113 - - [15/Apr/2024:08:02:20 +0000] "{\x22params\x22: [\x22miner1\x22, \x22bf\x22, \x2200000001\x22, \x22504e86ed\x22, \x22b2957c02\x22], \x22id\x22: 4, \x22method\x22: \x22mining.submit\x22}" 400 157 "-" "-"
106.75.165.113 - - [15/Apr/2024:08:02:21 +0000] "{\x22id\x22:1,\x22jsonrpc\x22:\x222.0\x22,\x22method\x22:\x22login\x22,\x22params\x22:{\x22login\x22:\x22x\x22,\x22pass\x22:\x22null\x22,\x22agent\x22:\x22XMRig/5.13.1\x22,\x22algo\x22:[\x22cn/1\x22,\x22cn/2\x22,\x22cn/r\x22,\x22cn/fast\x22,\x22cn/half\x22,\x22cn/xao\x22,\x22cn/rto\x22,\x22cn/rwz\x22,\x22cn/zls\x22,\x22cn/double\x22,\x22rx/0\x22,\x22rx/wow\x22,\x22rx/loki\x22,\x22rx/arq\x22,\x22rx/sfx\x22,\x22rx/keva\x22]}}" 400 157 "-" "-"
45.79.163.53 - - [15/Apr/2024:08:03:41 +0000] "GET / HTTP/1.1" 400 255 "-" "Mozilla/5.0 zgrab/0.x"
167.94.138.2 - - [15/Apr/2024:08:05:40 +0000] "GET / HTTP/1.1" 400 255 "-" "Mozilla/5.0 (compatible; CensysInspect/1.1; +https://about.censys.io/)"
167.94.138.2 - - [15/Apr/2024:08:05:41 +0000] "PRI * HTTP/2.0" 400 157 "-" "-"
185.191.126.213 - - [15/Apr/2024:08:14:01 +0000] "GET / HTTP/1.1" 400 255 "-" "-"
223.113.128.195 - - [15/Apr/2024:08:17:37 +0000] "t3 12.1.2" 400 157 "-" "-"
223.113.128.214 - - [15/Apr/2024:08:17:59 +0000] "t3 12.1.2" 400 157 "-" "-"
199.45.155.19 - - [15/Apr/2024:08:28:50 +0000] "GET / HTTP/1.1" 200 5069 "-" "-"
199.45.155.19 - - [15/Apr/2024:08:29:01 +0000] "PRI * HTTP/2.0" 400 157 "-" "-"
199.45.154.65 - - [15/Apr/2024:08:30:25 +0000] "\x00\x0E\x08&\x92\xCA\x16\xBD\x01&C\x00\x00\x00\x00\x00" 400 157 "-" "-"
199.45.154.65 - - [15/Apr/2024:08:30:27 +0000] "\x00\x0E8&\x92\xCA\x16\xBD\x01&C\x00\x00\x00\x00\x00" 400 157 "-" "-"
167.94.138.2 - - [15/Apr/2024:08:35:40 +0000] "GET / HTTP/1.1" 400 255 "-" "Mozilla/5.0 (compatible; CensysInspect/1.1; +https://about.censys.io/)"
167.94.138.2 - - [15/Apr/2024:08:35:41 +0000] "PRI * HTTP/2.0" 400 157 "-" "-"
198.74.56.46 - - [15/Apr/2024:08:38:14 +0000] "GET / HTTP/1.1" 400 255 "-" "Mozilla/5.0 zgrab/0.x"
34.71.77.31 - - [15/Apr/2024:08:45:41 +0000] "OPTIONS / HTTP/1.0" 200 0 "-" "-"
66.175.213.4 - - [15/Apr/2024:08:55:05 +0000] "GET / HTTP/1.1" 200 1971 "-" "Mozilla/5.0 (Macintosh; Intel Mac OS X 13_1) AppleWebKit/537.36 (KHTML, like Gecko) Chrome/108.0.0.0 Safari/537.36"
167.172.177.136 - - [15/Apr/2024:08:56:43 +0000] "GET / HTTP/1.1" 200 1971 "-" "Mozilla/5.0 (Macintosh; Intel Mac OS X 10_15_7) AppleWebKit/537.36 (KHTML, like Gecko) Chrome/121.0.0.0 Safari/537.36"
167.94.138.2 - - [15/Apr/2024:09:05:38 +0000] "GET / HTTP/1.1" 400 255 "-" "Mozilla/5.0 (compatible; CensysInspect/1.1; +https://about.censys.io/)"
167.94.138.2 - - [15/Apr/2024:09:05:39 +0000] "PRI * HTTP/2.0" 400 157 "-" "-"
172.105.128.13 - - [15/Apr/2024:09:06:36 +0000] "GET / HTTP/1.1" 200 1971 "-" "Mozilla/5.0 (Macintosh; Intel Mac OS X 13_1) AppleWebKit/537.36 (KHTML, like Gecko) Chrome/108.0.0.0 Safari/537.36"
106.75.165.113 - - [15/Apr/2024:09:16:06 +0000] "{\x22method\x22:\x22login\x22,\x22params\x22:{\x22login\x22:\x2245JymPWP1DeQxxMZNJv9w2bTQ2WJDAmw18wUSryDQa3RPrympJPoUSVcFEDv3bhiMJGWaCD4a3KrFCorJHCMqXJUKApSKDV\x22,\x22pass\x22:\x22xxoo\x22,\x22agent\x22:\x22xmr-stak-cpu/1.3.0-1.5.0\x22},\x22id\x22:1}" 400 157 "-" "-"
106.75.165.113 - - [15/Apr/2024:09:16:07 +0000] "{\x22id\x22:1,\x22method\x22:\x22mining.subscribe\x22,\x22params\x22:[]}" 400 157 "-" "-"
106.75.165.113 - - [15/Apr/2024:09:16:08 +0000] "{\x22params\x22: [\x22miner1\x22, \x22password\x22], \x22id\x22: 2, \x22method\x22: \x22mining.authorize\x22}" 400 157 "-" "-"
106.75.165.113 - - [15/Apr/2024:09:16:09 +0000] "{\x22id\x22:1,\x22jsonrpc\x22:\x222.0\x22,\x22method\x22:\x22login\x22,\x22params\x22:{\x22login\x22:\x22blue1\x22,\x22pass\x22:\x22x\x22,\x22agent\x22:\x22Windows NT 6.1; Win64; x64\x22}}" 400 157 "-" "-"
106.75.165.113 - - [15/Apr/2024:09:16:09 +0000] "{\x22params\x22: [\x22miner1\x22, \x22bf\x22, \x2200000001\x22, \x22504e86ed\x22, \x22b2957c02\x22], \x22id\x22: 4, \x22method\x22: \x22mining.submit\x22}" 400 157 "-" "-"
106.75.165.113 - - [15/Apr/2024:09:16:11 +0000] "{\x22id\x22:1,\x22jsonrpc\x22:\x222.0\x22,\x22method\x22:\x22login\x22,\x22params\x22:{\x22login\x22:\x22x\x22,\x22pass\x22:\x22null\x22,\x22agent\x22:\x22XMRig/5.13.1\x22,\x22algo\x22:[\x22cn/1\x22,\x22cn/2\x22,\x22cn/r\x22,\x22cn/fast\x22,\x22cn/half\x22,\x22cn/xao\x22,\x22cn/rto\x22,\x22cn/rwz\x22,\x22cn/zls\x22,\x22cn/double\x22,\x22rx/0\x22,\x22rx/wow\x22,\x22rx/loki\x22,\x22rx/arq\x22,\x22rx/sfx\x22,\x22rx/keva\x22]}}" 400 157 "-" "-"
69.164.217.74 - - [15/Apr/2024:09:23:18 +0000] "GET / HTTP/1.1" 400 255 "-" "Mozilla/5.0 zgrab/0.x"
172.104.11.4 - - [15/Apr/2024:09:23:29 +0000] "GET / HTTP/1.1" 200 1971 "-" "Mozilla/5.0 (Macintosh; Intel Mac OS X 13_1) AppleWebKit/537.36 (KHTML, like Gecko) Chrome/108.0.0.0 Safari/537.36"
66.175.213.4 - - [15/Apr/2024:09:30:42 +0000] "GET / HTTP/1.1" 200 1971 "-" "Mozilla/5.0 (Macintosh; Intel Mac OS X 13_1) AppleWebKit/537.36 (KHTML, like Gecko) Chrome/108.0.0.0 Safari/537.36"
167.94.138.2 - - [15/Apr/2024:09:35:36 +0000] "GET / HTTP/1.1" 400 255 "-" "Mozilla/5.0 (compatible; CensysInspect/1.1; +https://about.censys.io/)"
167.94.138.2 - - [15/Apr/2024:09:35:37 +0000] "PRI * HTTP/2.0" 400 157 "-" "-"
49.51.249.81 - - [15/Apr/2024:09:50:22 +0000] "GET / HTTP/1.1" 200 5069 "-" "curl/7.64.1"
111.7.96.180 - - [15/Apr/2024:09:51:10 +0000] "GET / HTTP/1.1" 200 1971 "-" "Mozilla/5.0 (Macintosh; Intel Mac OS X 10_15_7) AppleWebKit/537.36 (KHTML, like Gecko) Chrome/96.0.4664.110 Safari/537.36"
111.7.96.156 - - [15/Apr/2024:09:51:11 +0000] "GET / HTTP/1.1" 200 1971 "-" "Mozilla/5.0 (Macintosh; Intel Mac OS X 10_15_7) AppleWebKit/537.36 (KHTML, like Gecko) Chrome/96.0.4664.110 Safari/537.36"
111.7.96.180 - - [15/Apr/2024:09:51:12 +0000] "GET /favicon.ico HTTP/1.1" 404 196 "-" "Mozilla/5.0 (Macintosh; Intel Mac OS X 10_15_7) AppleWebKit/537.36 (KHTML, like Gecko) Chrome/96.0.4664.110 Safari/537.36"
36.99.136.136 - - [15/Apr/2024:09:51:13 +0000] "GET / HTTP/1.1" 200 1971 "-" "Mozilla/5.0 (Macintosh; Intel Mac OS X 10_15_7) AppleWebKit/537.36 (KHTML, like Gecko) Chrome/96.0.4664.110 Safari/537.36"
111.7.96.156 - - [15/Apr/2024:09:51:13 +0000] "GET /favicon.ico HTTP/1.1" 404 196 "-" "Mozilla/5.0 (Macintosh; Intel Mac OS X 10_15_7) AppleWebKit/537.36 (KHTML, like Gecko) Chrome/96.0.4664.110 Safari/537.36"
111.7.96.157 - - [15/Apr/2024:09:51:17 +0000] "GET / HTTP/1.1" 200 4571 "-" "Mozilla/5.0 (Macintosh; Intel Mac OS X 10_15_7) AppleWebKit/537.36 (KHTML, like Gecko) Chrome/96.0.4664.110 Safari/537.36"
111.7.96.157 - - [15/Apr/2024:09:51:20 +0000] "GET / HTTP/1.1" 200 4528 "-" "Mozilla/5.0 (Macintosh; Intel Mac OS X 11_0_0) AppleWebKit/537.36 (KHTML, like Gecko) Chrome/87.0.4280.88 Safari/537.36"
111.7.96.157 - - [15/Apr/2024:09:51:21 +0000] "GET /js/jquery.js HTTP/1.1" 200 33271 "https://travellineholidays.com/" "Mozilla/5.0 (Macintosh; Intel Mac OS X 11_0_0) AppleWebKit/537.36 (KHTML, like Gecko) Chrome/87.0.4280.88 Safari/537.36"
111.7.96.157 - - [15/Apr/2024:09:51:21 +0000] "GET /js/bootstrap.min.js HTTP/1.1" 200 9255 "https://travellineholidays.com/" "Mozilla/5.0 (Macintosh; Intel Mac OS X 11_0_0) AppleWebKit/537.36 (KHTML, like Gecko) Chrome/87.0.4280.88 Safari/537.36"
111.7.96.156 - - [15/Apr/2024:09:51:33 +0000] "GET / HTTP/1.1" 200 1971 "-" "Mozilla/5.0 (Macintosh; Intel Mac OS X 10_15_7) AppleWebKit/537.36 (KHTML, like Gecko) Chrome/96.0.4664.110 Safari/537.36"
111.7.96.157 - - [15/Apr/2024:09:51:33 +0000] "GET /favicon.ico HTTP/1.1" 301 253 "-" "Mozilla/5.0 (Macintosh; Intel Mac OS X 10_15_7) AppleWebKit/537.36 (KHTML, like Gecko) Chrome/96.0.4664.110 Safari/537.36"
111.7.96.156 - - [15/Apr/2024:09:51:35 +0000] "GET /favicon.ico HTTP/1.1" 404 196 "-" "Mozilla/5.0 (Macintosh; Intel Mac OS X 10_15_7) AppleWebKit/537.36 (KHTML, like Gecko) Chrome/96.0.4664.110 Safari/537.36"
36.99.136.136 - - [15/Apr/2024:09:51:42 +0000] "GET / HTTP/1.1" 200 1971 "-" "Mozilla/5.0 (Macintosh; Intel Mac OS X 10_15_7) AppleWebKit/537.36 (KHTML, like Gecko) Chrome/96.0.4664.110 Safari/537.36"
111.7.96.176 - - [15/Apr/2024:09:51:42 +0000] "GET / HTTP/1.1" 200 1971 "-" "Mozilla/5.0 (Macintosh; Intel Mac OS X 10_15_7) AppleWebKit/537.36 (KHTML, like Gecko) Chrome/96.0.4664.110 Safari/537.36"
111.7.96.176 - - [15/Apr/2024:09:51:48 +0000] "GET /favicon.ico HTTP/1.1" 404 196 "-" "Mozilla/5.0 (Macintosh; Intel Mac OS X 10_15_7) AppleWebKit/537.36 (KHTML, like Gecko) Chrome/96.0.4664.110 Safari/537.36"
111.7.96.178 - - [15/Apr/2024:09:52:02 +0000] "GET / HTTP/1.1" 200 1971 "-" "Mozilla/5.0 (Macintosh; Intel Mac OS X 10_15_7) AppleWebKit/537.36 (KHTML, like Gecko) Chrome/96.0.4664.110 Safari/537.36"
111.7.96.178 - - [15/Apr/2024:09:52:03 +0000] "GET /favicon.ico HTTP/1.1" 404 196 "-" "Mozilla/5.0 (Macintosh; Intel Mac OS X 10_15_7) AppleWebKit/537.36 (KHTML, like Gecko) Chrome/96.0.4664.110 Safari/537.36"
106.75.36.29 - - [15/Apr/2024:09:52:10 +0000] "{\x22method\x22:\x22login\x22,\x22params\x22:{\x22login\x22:\x2245JymPWP1DeQxxMZNJv9w2bTQ2WJDAmw18wUSryDQa3RPrympJPoUSVcFEDv3bhiMJGWaCD4a3KrFCorJHCMqXJUKApSKDV\x22,\x22pass\x22:\x22xxoo\x22,\x22agent\x22:\x22xmr-stak-cpu/1.3.0-1.5.0\x22},\x22id\x22:1}" 400 157 "-" "-"
106.75.36.29 - - [15/Apr/2024:09:52:11 +0000] "{\x22id\x22:1,\x22method\x22:\x22mining.subscribe\x22,\x22params\x22:[]}" 400 157 "-" "-"
106.75.36.29 - - [15/Apr/2024:09:52:12 +0000] "{\x22params\x22: [\x22miner1\x22, \x22password\x22], \x22id\x22: 2, \x22method\x22: \x22mining.authorize\x22}" 400 157 "-" "-"
111.7.96.154 - - [15/Apr/2024:09:52:18 +0000] "GET / HTTP/1.1" 200 1971 "-" "Mozilla/5.0 (Macintosh; Intel Mac OS X 10_15_7) AppleWebKit/537.36 (KHTML, like Gecko) Chrome/96.0.4664.110 Safari/537.36"
111.7.96.154 - - [15/Apr/2024:09:52:20 +0000] "GET /favicon.ico HTTP/1.1" 404 196 "-" "Mozilla/5.0 (Macintosh; Intel Mac OS X 10_15_7) AppleWebKit/537.36 (KHTML, like Gecko) Chrome/96.0.4664.110 Safari/537.36"
111.7.96.181 - - [15/Apr/2024:09:52:38 +0000] "GET / HTTP/1.1" 200 1971 "-" "Mozilla/5.0 (Macintosh; Intel Mac OS X 10_15_7) AppleWebKit/537.36 (KHTML, like Gecko) Chrome/96.0.4664.110 Safari/537.36"
111.7.96.181 - - [15/Apr/2024:09:52:40 +0000] "GET /favicon.ico HTTP/1.1" 404 196 "-" "Mozilla/5.0 (Macintosh; Intel Mac OS X 10_15_7) AppleWebKit/537.36 (KHTML, like Gecko) Chrome/96.0.4664.110 Safari/537.36"
111.7.100.31 - - [15/Apr/2024:09:52:52 +0000] "GET / HTTP/1.1" 200 4571 "-" "Mozilla/5.0 (Macintosh; Intel Mac OS X 10_15_7) AppleWebKit/537.36 (KHTML, like Gecko) Chrome/96.0.4664.110 Safari/537.36"
111.7.100.31 - - [15/Apr/2024:09:52:55 +0000] "GET / HTTP/1.1" 200 4571 "-" "Mozilla/5.0 (Macintosh; Intel Mac OS X 11_0_0) AppleWebKit/537.36 (KHTML, like Gecko) Chrome/87.0.4280.88 Safari/537.36"
111.7.96.161 - - [15/Apr/2024:09:52:56 +0000] "GET / HTTP/1.1" 200 1971 "-" "Mozilla/5.0 (Macintosh; Intel Mac OS X 10_15_7) AppleWebKit/537.36 (KHTML, like Gecko) Chrome/96.0.4664.110 Safari/537.36"
111.7.100.28 - - [15/Apr/2024:09:52:57 +0000] "GET /js/jquery.js HTTP/1.1" 200 33256 "https://www.travellineholidays.com/" "Mozilla/5.0 (Macintosh; Intel Mac OS X 11_0_0) AppleWebKit/537.36 (KHTML, like Gecko) Chrome/87.0.4280.88 Safari/537.36"
111.7.96.161 - - [15/Apr/2024:09:52:57 +0000] "GET /favicon.ico HTTP/1.1" 404 196 "-" "Mozilla/5.0 (Macintosh; Intel Mac OS X 10_15_7) AppleWebKit/537.36 (KHTML, like Gecko) Chrome/96.0.4664.110 Safari/537.36"
111.7.100.28 - - [15/Apr/2024:09:52:58 +0000] "GET /js/bootstrap.min.js HTTP/1.1" 200 9255 "https://www.travellineholidays.com/" "Mozilla/5.0 (Macintosh; Intel Mac OS X 11_0_0) AppleWebKit/537.36 (KHTML, like Gecko) Chrome/87.0.4280.88 Safari/537.36"
111.7.100.32 - - [15/Apr/2024:09:53:02 +0000] "GET / HTTP/1.1" 200 1971 "-" "Mozilla/5.0 (Macintosh; Intel Mac OS X 10_15_7) AppleWebKit/537.36 (KHTML, like Gecko) Chrome/96.0.4664.110 Safari/537.36"
111.7.100.32 - - [15/Apr/2024:09:53:03 +0000] "GET /favicon.ico HTTP/1.1" 404 196 "-" "Mozilla/5.0 (Macintosh; Intel Mac OS X 10_15_7) AppleWebKit/537.36 (KHTML, like Gecko) Chrome/96.0.4664.110 Safari/537.36"
111.7.100.28 - - [15/Apr/2024:09:53:13 +0000] "GET /favicon.ico HTTP/1.1" 404 4571 "-" "Mozilla/5.0 (Macintosh; Intel Mac OS X 10_15_7) AppleWebKit/537.36 (KHTML, like Gecko) Chrome/96.0.4664.110 Safari/537.36"
199.45.155.32 - - [15/Apr/2024:09:53:58 +0000] "GET / HTTP/1.1" 200 5069 "-" "-"
199.45.155.32 - - [15/Apr/2024:09:54:15 +0000] "PRI * HTTP/2.0" 400 157 "-" "-"
206.168.34.125 - - [15/Apr/2024:09:59:40 +0000] "GET / HTTP/1.1" 200 5069 "-" "-"
206.168.34.125 - - [15/Apr/2024:09:59:46 +0000] "PRI * HTTP/2.0" 400 157 "-" "-"
167.94.138.2 - - [15/Apr/2024:10:05:38 +0000] "GET / HTTP/1.1" 400 255 "-" "Mozilla/5.0 (compatible; CensysInspect/1.1; +https://about.censys.io/)"
167.94.138.2 - - [15/Apr/2024:10:05:39 +0000] "PRI * HTTP/2.0" 400 157 "-" "-"
165.154.174.108 - - [15/Apr/2024:10:08:14 +0000] "GET / HTTP/1.1" 200 5069 "-" "Mozilla/5.0 (Macintosh; Intel Mac OS X 10_15_7) AppleWebKit/537.36 (KHTML, like Gecko) Chrome/120.0.0.0 Safari/537.36 Edg/120.0.0.0"
165.154.174.108 - - [15/Apr/2024:10:08:33 +0000] "GET /favicon.ico HTTP/1.1" 404 196 "-" "Mozilla/5.0 (Macintosh; Intel Mac OS X 10_7_0) AppleWebKit/535.11 (KHTML, like Gecko) Chrome/17.0.963.56 Safari/535.11"
165.154.174.108 - - [15/Apr/2024:10:08:34 +0000] "GET /robots.txt HTTP/1.1" 404 196 "-" "Mozilla/5.0 (Macintosh; Intel Mac OS X 10_7_0) AppleWebKit/535.11 (KHTML, like Gecko) Chrome/17.0.963.56 Safari/535.11"
165.154.174.108 - - [15/Apr/2024:10:08:35 +0000] "GET /sitemap.xml HTTP/1.1" 404 196 "-" "Mozilla/5.0 (Macintosh; Intel Mac OS X 10_7_0) AppleWebKit/535.11 (KHTML, like Gecko) Chrome/17.0.963.56 Safari/535.11"
165.154.174.108 - - [15/Apr/2024:10:08:42 +0000] "GET / HTTP/1.1" 200 1971 "-" "Mozilla/5.0 (Macintosh; Intel Mac OS X 10_14_6) AppleWebKit/537.36 (KHTML, like Gecko) Chrome/81.0.4044.138 Safari/537.36"
45.79.163.53 - - [15/Apr/2024:10:22:18 +0000] "GET / HTTP/1.1" 400 255 "-" "Mozilla/5.0 zgrab/0.x"
45.79.181.104 - - [15/Apr/2024:10:22:44 +0000] "GET / HTTP/1.1" 200 1971 "-" "Mozilla/5.0 (Macintosh; Intel Mac OS X 13_1) AppleWebKit/537.36 (KHTML, like Gecko) Chrome/108.0.0.0 Safari/537.36"
198.74.56.46 - - [15/Apr/2024:10:24:24 +0000] "GET / HTTP/1.1" 400 255 "-" "Mozilla/5.0 zgrab/0.x"
192.155.90.118 - - [15/Apr/2024:10:24:37 +0000] "GET / HTTP/1.1" 200 1971 "-" "Mozilla/5.0 (Macintosh; Intel Mac OS X 13_1) AppleWebKit/537.36 (KHTML, like Gecko) Chrome/108.0.0.0 Safari/537.36"
167.94.138.2 - - [15/Apr/2024:10:35:37 +0000] "GET / HTTP/1.1" 400 255 "-" "Mozilla/5.0 (compatible; CensysInspect/1.1; +https://about.censys.io/)"
167.94.138.2 - - [15/Apr/2024:10:35:38 +0000] "PRI * HTTP/2.0" 400 157 "-" "-"
66.175.213.4 - - [15/Apr/2024:10:39:57 +0000] "GET / HTTP/1.1" 200 1971 "-" "Mozilla/5.0 (Macintosh; Intel Mac OS X 13_1) AppleWebKit/537.36 (KHTML, like Gecko) Chrome/108.0.0.0 Safari/537.36"
122.161.75.102 - - [15/Apr/2024:10:42:06 +0000] "GET /roundcube/?_autologin=1&sess=ZXlKMWMyVnlJam9pY0dGMGFHRnJRSEJoYm1GalpXVnpiMlowZDJGeVpYTnZiSFYwYVc5dWN5NWpiMjBpTENKd1lYTnpJam9pWldaak1EUmtaRFl6WmpBeUlpd2lhRzl6ZENJNklteHZZMkZzYUc5emRDSXNJbVJoZEdVaU9tWmhiSE5sZlE9PQ== HTTP/1.1" 302 0 "https://server.mswebtech.com:2083/" "Mozilla/5.0 (Windows NT 10.0; Win64; x64) AppleWebKit/537.36 (KHTML, like Gecko) Chrome/123.0.0.0 Safari/537.36 Edg/123.0.0.0"
122.161.75.102 - - [15/Apr/2024:10:42:06 +0000] "GET /roundcube/?_task=mail&_token=WFoHY4yqpApwlN1hpUpqRdERePbFdNRz HTTP/1.1" 200 9589 "https://server.mswebtech.com:2083/" "Mozilla/5.0 (Windows NT 10.0; Win64; x64) AppleWebKit/537.36 (KHTML, like Gecko) Chrome/123.0.0.0 Safari/537.36 Edg/123.0.0.0"
122.161.75.102 - - [15/Apr/2024:10:42:06 +0000] "GET /roundcube/skins/elastic/deps/bootstrap.min.css?s=1612812589 HTTP/1.1" 200 23084 "https://server.mswebtech.com/roundcube/?_task=mail&_token=WFoHY4yqpApwlN1hpUpqRdERePbFdNRz" "Mozilla/5.0 (Windows NT 10.0; Win64; x64) AppleWebKit/537.36 (KHTML, like Gecko) Chrome/123.0.0.0 Safari/537.36 Edg/123.0.0.0"
122.161.75.102 - - [15/Apr/2024:10:42:06 +0000] "GET /roundcube/skins/elastic/styles/styles.min.css?s=1634503084 HTTP/1.1" 200 22181 "https://server.mswebtech.com/roundcube/?_task=mail&_token=WFoHY4yqpApwlN1hpUpqRdERePbFdNRz" "Mozilla/5.0 (Windows NT 10.0; Win64; x64) AppleWebKit/537.36 (KHTML, like Gecko) Chrome/123.0.0.0 Safari/537.36 Edg/123.0.0.0"
122.161.75.102 - - [15/Apr/2024:10:42:06 +0000] "GET /roundcube/plugins/libkolab/skins/elastic/libkolab.min.css?s=1631989678 HTTP/1.1" 200 14521 "https://server.mswebtech.com/roundcube/?_task=mail&_token=WFoHY4yqpApwlN1hpUpqRdERePbFdNRz" "Mozilla/5.0 (Windows NT 10.0; Win64; x64) AppleWebKit/537.36 (KHTML, like Gecko) Chrome/123.0.0.0 Safari/537.36 Edg/123.0.0.0"
122.161.75.102 - - [15/Apr/2024:10:42:06 +0000] "GET /roundcube/plugins/carddav/skins/elastic/carddav.css?s=1631395798 HTTP/1.1" 200 77 "https://server.mswebtech.com/roundcube/?_task=mail&_token=WFoHY4yqpApwlN1hpUpqRdERePbFdNRz" "Mozilla/5.0 (Windows NT 10.0; Win64; x64) AppleWebKit/537.36 (KHTML, like Gecko) Chrome/123.0.0.0 Safari/537.36 Edg/123.0.0.0"
122.161.75.102 - - [15/Apr/2024:10:42:06 +0000] "GET /roundcube/plugins/jqueryui/themes/elastic/jquery-ui.css?s=1612812580 HTTP/1.1" 200 8180 "https://server.mswebtech.com/roundcube/?_task=mail&_token=WFoHY4yqpApwlN1hpUpqRdERePbFdNRz" "Mozilla/5.0 (Windows NT 10.0; Win64; x64) AppleWebKit/537.36 (KHTML, like Gecko) Chrome/123.0.0.0 Safari/537.36 Edg/123.0.0.0"
122.161.75.102 - - [15/Apr/2024:10:42:06 +0000] "GET /roundcube/program/js/common.min.js?s=1612812581 HTTP/1.1" 200 4914 "https://server.mswebtech.com/roundcube/?_task=mail&_token=WFoHY4yqpApwlN1hpUpqRdERePbFdNRz" "Mozilla/5.0 (Windows NT 10.0; Win64; x64) AppleWebKit/537.36 (KHTML, like Gecko) Chrome/123.0.0.0 Safari/537.36 Edg/123.0.0.0"
122.161.75.102 - - [15/Apr/2024:10:42:06 +0000] "GET /roundcube/program/js/jquery.min.js?s=1612812585 HTTP/1.1" 200 31542 "https://server.mswebtech.com/roundcube/?_task=mail&_token=WFoHY4yqpApwlN1hpUpqRdERePbFdNRz" "Mozilla/5.0 (Windows NT 10.0; Win64; x64) AppleWebKit/537.36 (KHTML, like Gecko) Chrome/123.0.0.0 Safari/537.36 Edg/123.0.0.0"
122.161.75.102 - - [15/Apr/2024:10:42:06 +0000] "GET /roundcube/program/js/app.min.js?s=1612812581 HTTP/1.1" 200 49327 "https://server.mswebtech.com/roundcube/?_task=mail&_token=WFoHY4yqpApwlN1hpUpqRdERePbFdNRz" "Mozilla/5.0 (Windows NT 10.0; Win64; x64) AppleWebKit/537.36 (KHTML, like Gecko) Chrome/123.0.0.0 Safari/537.36 Edg/123.0.0.0"
122.161.75.102 - - [15/Apr/2024:10:42:06 +0000] "GET /roundcube/program/js/treelist.min.js?s=1612812581 HTTP/1.1" 200 5437 "https://server.mswebtech.com/roundcube/?_task=mail&_token=WFoHY4yqpApwlN1hpUpqRdERePbFdNRz" "Mozilla/5.0 (Windows NT 10.0; Win64; x64) AppleWebKit/537.36 (KHTML, like Gecko) Chrome/123.0.0.0 Safari/537.36 Edg/123.0.0.0"
122.161.75.102 - - [15/Apr/2024:10:42:06 +0000] "GET /roundcube/program/js/list.min.js?s=1612812581 HTTP/1.1" 200 8017 "https://server.mswebtech.com/roundcube/?_task=mail&_token=WFoHY4yqpApwlN1hpUpqRdERePbFdNRz" "Mozilla/5.0 (Windows NT 10.0; Win64; x64) AppleWebKit/537.36 (KHTML, like Gecko) Chrome/123.0.0.0 Safari/537.36 Edg/123.0.0.0"
122.161.75.102 - - [15/Apr/2024:10:42:06 +0000] "GET /roundcube/plugins/jqueryui/js/i18n/jquery.ui.datepicker-en-GB.js?s=1612812580 HTTP/1.1" 200 589 "https://server.mswebtech.com/roundcube/?_task=mail&_token=WFoHY4yqpApwlN1hpUpqRdERePbFdNRz" "Mozilla/5.0 (Windows NT 10.0; Win64; x64) AppleWebKit/537.36 (KHTML, like Gecko) Chrome/123.0.0.0 Safari/537.36 Edg/123.0.0.0"
122.161.75.102 - - [15/Apr/2024:10:42:06 +0000] "GET /roundcube/plugins/jqueryui/js/jquery-ui.min.js?s=1612812580 HTTP/1.1" 200 69763 "https://server.mswebtech.com/roundcube/?_task=mail&_token=WFoHY4yqpApwlN1hpUpqRdERePbFdNRz" "Mozilla/5.0 (Windows NT 10.0; Win64; x64) AppleWebKit/537.36 (KHTML, like Gecko) Chrome/123.0.0.0 Safari/537.36 Edg/123.0.0.0"
122.161.75.102 - - [15/Apr/2024:10:42:06 +0000] "GET /roundcube/plugins/libcalendaring/libcalendaring.js?s=1631987458 HTTP/1.1" 200 14858 "https://server.mswebtech.com/roundcube/?_task=mail&_token=WFoHY4yqpApwlN1hpUpqRdERePbFdNRz" "Mozilla/5.0 (Windows NT 10.0; Win64; x64) AppleWebKit/537.36 (KHTML, like Gecko) Chrome/123.0.0.0 Safari/537.36 Edg/123.0.0.0"
122.161.75.102 - - [15/Apr/2024:10:42:06 +0000] "GET /roundcube/plugins/tasklist/tasklist_base.js?s=1631989636 HTTP/1.1" 200 1868 "https://server.mswebtech.com/roundcube/?_task=mail&_token=WFoHY4yqpApwlN1hpUpqRdERePbFdNRz" "Mozilla/5.0 (Windows NT 10.0; Win64; x64) AppleWebKit/537.36 (KHTML, like Gecko) Chrome/123.0.0.0 Safari/537.36 Edg/123.0.0.0"
122.161.75.102 - - [15/Apr/2024:10:42:06 +0000] "GET /roundcube/plugins/calendar/calendar_base.js?s=1631987442 HTTP/1.1" 200 1771 "https://server.mswebtech.com/roundcube/?_task=mail&_token=WFoHY4yqpApwlN1hpUpqRdERePbFdNRz" "Mozilla/5.0 (Windows NT 10.0; Win64; x64) AppleWebKit/537.36 (KHTML, like Gecko) Chrome/123.0.0.0 Safari/537.36 Edg/123.0.0.0"
122.161.75.102 - - [15/Apr/2024:10:42:06 +0000] "GET /roundcube/plugins/zipdownload/zipdownload.min.js?s=1612812580 HTTP/1.1" 200 1062 "https://server.mswebtech.com/roundcube/?_task=mail&_token=WFoHY4yqpApwlN1hpUpqRdERePbFdNRz" "Mozilla/5.0 (Windows NT 10.0; Win64; x64) AppleWebKit/537.36 (KHTML, like Gecko) Chrome/123.0.0.0 Safari/537.36 Edg/123.0.0.0"
122.161.75.102 - - [15/Apr/2024:10:42:06 +0000] "GET /roundcube/plugins/managesieve/managesieve.min.js?s=1612812580 HTTP/1.1" 200 6865 "https://server.mswebtech.com/roundcube/?_task=mail&_token=WFoHY4yqpApwlN1hpUpqRdERePbFdNRz" "Mozilla/5.0 (Windows NT 10.0; Win64; x64) AppleWebKit/537.36 (KHTML, like Gecko) Chrome/123.0.0.0 Safari/537.36 Edg/123.0.0.0"
122.161.75.102 - - [15/Apr/2024:10:42:06 +0000] "GET /roundcube/skins/elastic/images/logo.svg?s=1612812581 HTTP/1.1" 200 418 "https://server.mswebtech.com/roundcube/?_task=mail&_token=WFoHY4yqpApwlN1hpUpqRdERePbFdNRz" "Mozilla/5.0 (Windows NT 10.0; Win64; x64) AppleWebKit/537.36 (KHTML, like Gecko) Chrome/123.0.0.0 Safari/537.36 Edg/123.0.0.0"
122.161.75.102 - - [15/Apr/2024:10:42:06 +0000] "GET /roundcube/skins/elastic/deps/bootstrap.bundle.min.js?s=1612812589 HTTP/1.1" 200 22303 "https://server.mswebtech.com/roundcube/?_task=mail&_token=WFoHY4yqpApwlN1hpUpqRdERePbFdNRz" "Mozilla/5.0 (Windows NT 10.0; Win64; x64) AppleWebKit/537.36 (KHTML, like Gecko) Chrome/123.0.0.0 Safari/537.36 Edg/123.0.0.0"
122.161.75.102 - - [15/Apr/2024:10:42:07 +0000] "GET /roundcube/skins/elastic/ui.min.js?s=1612812581 HTTP/1.1" 200 19449 "https://server.mswebtech.com/roundcube/?_task=mail&_token=WFoHY4yqpApwlN1hpUpqRdERePbFdNRz" "Mozilla/5.0 (Windows NT 10.0; Win64; x64) AppleWebKit/537.36 (KHTML, like Gecko) Chrome/123.0.0.0 Safari/537.36 Edg/123.0.0.0"
122.161.75.102 - - [15/Apr/2024:10:42:07 +0000] "GET /roundcube/skins/elastic/watermark.html HTTP/1.1" 200 432 "https://server.mswebtech.com/roundcube/?_task=mail&_token=WFoHY4yqpApwlN1hpUpqRdERePbFdNRz" "Mozilla/5.0 (Windows NT 10.0; Win64; x64) AppleWebKit/537.36 (KHTML, like Gecko) Chrome/123.0.0.0 Safari/537.36 Edg/123.0.0.0"
122.161.75.102 - - [15/Apr/2024:10:42:07 +0000] "GET /roundcube/skins/elastic/fonts/roboto-v19-regular-700.woff2 HTTP/1.1" 200 51088 "https://server.mswebtech.com/roundcube/skins/elastic/styles/styles.min.css?s=1634503084" "Mozilla/5.0 (Windows NT 10.0; Win64; x64) AppleWebKit/537.36 (KHTML, like Gecko) Chrome/123.0.0.0 Safari/537.36 Edg/123.0.0.0"
122.161.75.102 - - [15/Apr/2024:10:42:07 +0000] "GET /roundcube/skins/elastic/images/logo.svg HTTP/1.1" 200 418 "https://server.mswebtech.com/roundcube/skins/elastic/watermark.html" "Mozilla/5.0 (Windows NT 10.0; Win64; x64) AppleWebKit/537.36 (KHTML, like Gecko) Chrome/123.0.0.0 Safari/537.36 Edg/123.0.0.0"
122.161.75.102 - - [15/Apr/2024:10:42:07 +0000] "GET /roundcube/skins/elastic/fonts/roboto-v19-regular.woff2 HTTP/1.1" 200 51116 "https://server.mswebtech.com/roundcube/skins/elastic/styles/styles.min.css?s=1634503084" "Mozilla/5.0 (Windows NT 10.0; Win64; x64) AppleWebKit/537.36 (KHTML, like Gecko) Chrome/123.0.0.0 Safari/537.36 Edg/123.0.0.0"
122.161.75.102 - - [15/Apr/2024:10:42:07 +0000] "GET /roundcube/skins/elastic/fonts/fa-solid-900.woff2 HTTP/1.1" 200 75440 "https://server.mswebtech.com/roundcube/skins/elastic/styles/styles.min.css?s=1634503084" "Mozilla/5.0 (Windows NT 10.0; Win64; x64) AppleWebKit/537.36 (KHTML, like Gecko) Chrome/123.0.0.0 Safari/537.36 Edg/123.0.0.0"
122.161.75.102 - - [15/Apr/2024:10:42:07 +0000] "GET /roundcube/program/resources/blank.webp HTTP/1.1" 200 86 "https://server.mswebtech.com/roundcube/?_task=mail&_mbox=INBOX" "Mozilla/5.0 (Windows NT 10.0; Win64; x64) AppleWebKit/537.36 (KHTML, like Gecko) Chrome/123.0.0.0 Safari/537.36 Edg/123.0.0.0"
122.161.75.102 - - [15/Apr/2024:10:42:07 +0000] "GET /roundcube/program/resources/blank.tiff HTTP/1.1" 200 270 "https://server.mswebtech.com/roundcube/?_task=mail&_mbox=INBOX" "Mozilla/5.0 (Windows NT 10.0; Win64; x64) AppleWebKit/537.36 (KHTML, like Gecko) Chrome/123.0.0.0 Safari/537.36 Edg/123.0.0.0"
122.161.75.102 - - [15/Apr/2024:10:42:07 +0000] "GET /roundcube/?_task=mail&_action=list&_refresh=1&_layout=widescreen&_mbox=INBOX&_remote=1&_unlock=loading1713177728573&_=1713177728295 HTTP/1.1" 200 730 "https://server.mswebtech.com/roundcube/?_task=mail&_token=WFoHY4yqpApwlN1hpUpqRdERePbFdNRz" "Mozilla/5.0 (Windows NT 10.0; Win64; x64) AppleWebKit/537.36 (KHTML, like Gecko) Chrome/123.0.0.0 Safari/537.36 Edg/123.0.0.0"
122.161.75.102 - - [15/Apr/2024:10:42:07 +0000] "GET /roundcube/?_task=mail&_action=getunread&_page=1&_remote=1&_unlock=0&_=1713177728296 HTTP/1.1" 200 149 "https://server.mswebtech.com/roundcube/?_task=mail&_mbox=INBOX" "Mozilla/5.0 (Windows NT 10.0; Win64; x64) AppleWebKit/537.36 (KHTML, like Gecko) Chrome/123.0.0.0 Safari/537.36 Edg/123.0.0.0"
122.161.75.102 - - [15/Apr/2024:10:42:07 +0000] "GET /roundcube/skins/elastic/fonts/fa-regular-400.woff2 HTTP/1.1" 200 13580 "https://server.mswebtech.com/roundcube/skins/elastic/styles/styles.min.css?s=1634503084" "Mozilla/5.0 (Windows NT 10.0; Win64; x64) AppleWebKit/537.36 (KHTML, like Gecko) Chrome/123.0.0.0 Safari/537.36 Edg/123.0.0.0"
122.161.75.102 - - [15/Apr/2024:10:43:00 +0000] "GET /roundcube/?_task=mail&_mbox=INBOX HTTP/1.1" 200 2149 "-" "Mozilla/5.0 (Windows NT 10.0; Win64; x64) AppleWebKit/537.36 (KHTML, like Gecko) Chrome/123.0.0.0 Safari/537.36"
122.161.75.102 - - [15/Apr/2024:10:43:01 +0000] "GET /roundcube/skins/elastic/deps/bootstrap.min.css?s=1612812589 HTTP/1.1" 200 23079 "https://server.mswebtech.com/roundcube/?_task=mail&_mbox=INBOX" "Mozilla/5.0 (Windows NT 10.0; Win64; x64) AppleWebKit/537.36 (KHTML, like Gecko) Chrome/123.0.0.0 Safari/537.36"
122.161.75.102 - - [15/Apr/2024:10:43:01 +0000] "GET /roundcube/skins/elastic/styles/styles.min.css?s=1634503084 HTTP/1.1" 200 22181 "https://server.mswebtech.com/roundcube/?_task=mail&_mbox=INBOX" "Mozilla/5.0 (Windows NT 10.0; Win64; x64) AppleWebKit/537.36 (KHTML, like Gecko) Chrome/123.0.0.0 Safari/537.36"
122.161.75.102 - - [15/Apr/2024:10:43:01 +0000] "GET /roundcube/plugins/jqueryui/themes/elastic/jquery-ui.css?s=1612812580 HTTP/1.1" 200 8117 "https://server.mswebtech.com/roundcube/?_task=mail&_mbox=INBOX" "Mozilla/5.0 (Windows NT 10.0; Win64; x64) AppleWebKit/537.36 (KHTML, like Gecko) Chrome/123.0.0.0 Safari/537.36"
122.161.75.102 - - [15/Apr/2024:10:43:01 +0000] "GET /roundcube/plugins/jqueryui/js/jquery-ui.min.js?s=1612812580 HTTP/1.1" 200 69763 "https://server.mswebtech.com/roundcube/?_task=mail&_mbox=INBOX" "Mozilla/5.0 (Windows NT 10.0; Win64; x64) AppleWebKit/537.36 (KHTML, like Gecko) Chrome/123.0.0.0 Safari/537.36"
122.161.75.102 - - [15/Apr/2024:10:43:01 +0000] "GET /roundcube/program/js/jquery.min.js?s=1612812585 HTTP/1.1" 200 31415 "https://server.mswebtech.com/roundcube/?_task=mail&_mbox=INBOX" "Mozilla/5.0 (Windows NT 10.0; Win64; x64) AppleWebKit/537.36 (KHTML, like Gecko) Chrome/123.0.0.0 Safari/537.36"
