122.161.65.100 - - [16/Apr/2024:17:56:49 +0000] "POST /roundcube/?_task=mail&_action=refresh HTTP/1.1" 200 180 "https://server.mswebtech.com/roundcube/?_task=mail&_mbox=INBOX" "Mozilla/5.0 (Windows NT 10.0; Win64; x64) AppleWebKit/537.36 (KHTML, like Gecko) Chrome/123.0.0.0 Safari/537.36"
122.161.65.100 - - [16/Apr/2024:17:57:50 +0000] "POST /roundcube/?_task=mail&_action=refresh HTTP/1.1" 200 180 "https://server.mswebtech.com/roundcube/?_task=mail&_mbox=INBOX" "Mozilla/5.0 (Windows NT 10.0; Win64; x64) AppleWebKit/537.36 (KHTML, like Gecko) Chrome/123.0.0.0 Safari/537.36"
122.161.65.100 - - [16/Apr/2024:17:58:51 +0000] "POST /roundcube/?_task=mail&_action=refresh HTTP/1.1" 200 180 "https://server.mswebtech.com/roundcube/?_task=mail&_mbox=INBOX" "Mozilla/5.0 (Windows NT 10.0; Win64; x64) AppleWebKit/537.36 (KHTML, like Gecko) Chrome/123.0.0.0 Safari/537.36"
122.161.65.100 - - [16/Apr/2024:17:59:52 +0000] "POST /roundcube/?_task=mail&_action=refresh HTTP/1.1" 200 180 "https://server.mswebtech.com/roundcube/?_task=mail&_mbox=INBOX" "Mozilla/5.0 (Windows NT 10.0; Win64; x64) AppleWebKit/537.36 (KHTML, like Gecko) Chrome/123.0.0.0 Safari/537.36"
122.161.65.100 - - [16/Apr/2024:18:00:53 +0000] "POST /roundcube/?_task=mail&_action=refresh HTTP/1.1" 200 180 "https://server.mswebtech.com/roundcube/?_task=mail&_mbox=INBOX" "Mozilla/5.0 (Windows NT 10.0; Win64; x64) AppleWebKit/537.36 (KHTML, like Gecko) Chrome/123.0.0.0 Safari/537.36"
122.161.65.100 - - [16/Apr/2024:18:01:54 +0000] "POST /roundcube/?_task=mail&_action=refresh HTTP/1.1" 200 180 "https://server.mswebtech.com/roundcube/?_task=mail&_mbox=INBOX" "Mozilla/5.0 (Windows NT 10.0; Win64; x64) AppleWebKit/537.36 (KHTML, like Gecko) Chrome/123.0.0.0 Safari/537.36"
122.161.65.100 - - [16/Apr/2024:18:02:55 +0000] "POST /roundcube/?_task=mail&_action=refresh HTTP/1.1" 200 181 "https://server.mswebtech.com/roundcube/?_task=mail&_mbox=INBOX" "Mozilla/5.0 (Windows NT 10.0; Win64; x64) AppleWebKit/537.36 (KHTML, like Gecko) Chrome/123.0.0.0 Safari/537.36"
122.161.65.100 - - [16/Apr/2024:18:03:56 +0000] "POST /roundcube/?_task=mail&_action=refresh HTTP/1.1" 200 181 "https://server.mswebtech.com/roundcube/?_task=mail&_mbox=INBOX" "Mozilla/5.0 (Windows NT 10.0; Win64; x64) AppleWebKit/537.36 (KHTML, like Gecko) Chrome/123.0.0.0 Safari/537.36"
122.161.65.100 - - [16/Apr/2024:18:04:57 +0000] "POST /roundcube/?_task=mail&_action=refresh HTTP/1.1" 200 181 "https://server.mswebtech.com/roundcube/?_task=mail&_mbox=INBOX" "Mozilla/5.0 (Windows NT 10.0; Win64; x64) AppleWebKit/537.36 (KHTML, like Gecko) Chrome/123.0.0.0 Safari/537.36"
167.94.138.2 - - [16/Apr/2024:18:05:47 +0000] "GET / HTTP/1.1" 400 255 "-" "Mozilla/5.0 (compatible; CensysInspect/1.1; +https://about.censys.io/)"
167.94.138.2 - - [16/Apr/2024:18:05:48 +0000] "PRI * HTTP/2.0" 400 157 "-" "-"
122.161.65.100 - - [16/Apr/2024:18:05:58 +0000] "POST /roundcube/?_task=mail&_action=refresh HTTP/1.1" 200 181 "https://server.mswebtech.com/roundcube/?_task=mail&_mbox=INBOX" "Mozilla/5.0 (Windows NT 10.0; Win64; x64) AppleWebKit/537.36 (KHTML, like Gecko) Chrome/123.0.0.0 Safari/537.36"
122.161.65.100 - - [16/Apr/2024:18:06:59 +0000] "POST /roundcube/?_task=mail&_action=refresh HTTP/1.1" 200 180 "https://server.mswebtech.com/roundcube/?_task=mail&_mbox=INBOX" "Mozilla/5.0 (Windows NT 10.0; Win64; x64) AppleWebKit/537.36 (KHTML, like Gecko) Chrome/123.0.0.0 Safari/537.36"
122.161.65.100 - - [16/Apr/2024:18:08:00 +0000] "POST /roundcube/?_task=mail&_action=refresh HTTP/1.1" 200 181 "https://server.mswebtech.com/roundcube/?_task=mail&_mbox=INBOX" "Mozilla/5.0 (Windows NT 10.0; Win64; x64) AppleWebKit/537.36 (KHTML, like Gecko) Chrome/123.0.0.0 Safari/537.36"
122.161.65.100 - - [16/Apr/2024:18:09:01 +0000] "POST /roundcube/?_task=mail&_action=refresh HTTP/1.1" 200 180 "https://server.mswebtech.com/roundcube/?_task=mail&_mbox=INBOX" "Mozilla/5.0 (Windows NT 10.0; Win64; x64) AppleWebKit/537.36 (KHTML, like Gecko) Chrome/123.0.0.0 Safari/537.36"
122.161.65.100 - - [16/Apr/2024:18:10:02 +0000] "POST /roundcube/?_task=mail&_action=refresh HTTP/1.1" 200 180 "https://server.mswebtech.com/roundcube/?_task=mail&_mbox=INBOX" "Mozilla/5.0 (Windows NT 10.0; Win64; x64) AppleWebKit/537.36 (KHTML, like Gecko) Chrome/123.0.0.0 Safari/537.36"
122.161.65.100 - - [16/Apr/2024:18:11:03 +0000] "POST /roundcube/?_task=mail&_action=refresh HTTP/1.1" 200 180 "https://server.mswebtech.com/roundcube/?_task=mail&_mbox=INBOX" "Mozilla/5.0 (Windows NT 10.0; Win64; x64) AppleWebKit/537.36 (KHTML, like Gecko) Chrome/123.0.0.0 Safari/537.36"
122.161.65.100 - - [16/Apr/2024:18:12:05 +0000] "POST /roundcube/?_task=mail&_action=refresh HTTP/1.1" 200 180 "https://server.mswebtech.com/roundcube/?_task=mail&_mbox=INBOX" "Mozilla/5.0 (Windows NT 10.0; Win64; x64) AppleWebKit/537.36 (KHTML, like Gecko) Chrome/123.0.0.0 Safari/537.36"
122.161.65.100 - - [16/Apr/2024:18:13:05 +0000] "POST /roundcube/?_task=mail&_action=refresh HTTP/1.1" 200 180 "https://server.mswebtech.com/roundcube/?_task=mail&_mbox=INBOX" "Mozilla/5.0 (Windows NT 10.0; Win64; x64) AppleWebKit/537.36 (KHTML, like Gecko) Chrome/123.0.0.0 Safari/537.36"
122.161.65.100 - - [16/Apr/2024:18:14:06 +0000] "POST /roundcube/?_task=mail&_action=refresh HTTP/1.1" 200 180 "https://server.mswebtech.com/roundcube/?_task=mail&_mbox=INBOX" "Mozilla/5.0 (Windows NT 10.0; Win64; x64) AppleWebKit/537.36 (KHTML, like Gecko) Chrome/123.0.0.0 Safari/537.36"
122.161.65.100 - - [16/Apr/2024:18:15:07 +0000] "POST /roundcube/?_task=mail&_action=refresh HTTP/1.1" 200 180 "https://server.mswebtech.com/roundcube/?_task=mail&_mbox=INBOX" "Mozilla/5.0 (Windows NT 10.0; Win64; x64) AppleWebKit/537.36 (KHTML, like Gecko) Chrome/123.0.0.0 Safari/537.36"
122.161.65.100 - - [16/Apr/2024:18:16:08 +0000] "POST /roundcube/?_task=mail&_action=refresh HTTP/1.1" 200 181 "https://server.mswebtech.com/roundcube/?_task=mail&_mbox=INBOX" "Mozilla/5.0 (Windows NT 10.0; Win64; x64) AppleWebKit/537.36 (KHTML, like Gecko) Chrome/123.0.0.0 Safari/537.36"
122.161.65.100 - - [16/Apr/2024:18:17:09 +0000] "POST /roundcube/?_task=mail&_action=refresh HTTP/1.1" 200 180 "https://server.mswebtech.com/roundcube/?_task=mail&_mbox=INBOX" "Mozilla/5.0 (Windows NT 10.0; Win64; x64) AppleWebKit/537.36 (KHTML, like Gecko) Chrome/123.0.0.0 Safari/537.36"
122.161.65.100 - - [16/Apr/2024:18:18:10 +0000] "POST /roundcube/?_task=mail&_action=refresh HTTP/1.1" 200 180 "https://server.mswebtech.com/roundcube/?_task=mail&_mbox=INBOX" "Mozilla/5.0 (Windows NT 10.0; Win64; x64) AppleWebKit/537.36 (KHTML, like Gecko) Chrome/123.0.0.0 Safari/537.36"
104.238.221.228 - - [16/Apr/2024:18:18:22 +0000] "GET /setup/setup-s/%u002e%u002e/%u002e%u002e/user-create.jsp?csrf=csrftoken&username=hackme&name=&email=&password=hackme&passwordConfirm=hackme&isadmin=on&create=Create+User HTTP/1.1" 400 157 "-" "-"
104.238.221.228 - - [16/Apr/2024:18:18:27 +0000] "GET /setup/setup-s/%u002e%u002e/%u002e%u002e/user-create.jsp?csrf=csrftoken&username=hackme&name=&email=&password=hackme&passwordConfirm=hackme&isadmin=on&create=Create+User HTTP/1.1" 400 157 "-" "-"
104.238.221.228 - - [16/Apr/2024:18:18:38 +0000] "GET /setup/setup-s/%u002e%u002e/%u002e%u002e/user-create.jsp?csrf=csrftoken&username=hackme&name=&email=&password=hackme&passwordConfirm=hackme&isadmin=on&create=Create+User HTTP/1.1" 400 157 "-" "-"
122.161.65.100 - - [16/Apr/2024:18:19:11 +0000] "POST /roundcube/?_task=mail&_action=refresh HTTP/1.1" 200 180 "https://server.mswebtech.com/roundcube/?_task=mail&_mbox=INBOX" "Mozilla/5.0 (Windows NT 10.0; Win64; x64) AppleWebKit/537.36 (KHTML, like Gecko) Chrome/123.0.0.0 Safari/537.36"
122.161.65.100 - - [16/Apr/2024:18:20:12 +0000] "POST /roundcube/?_task=mail&_action=refresh HTTP/1.1" 200 181 "https://server.mswebtech.com/roundcube/?_task=mail&_mbox=INBOX" "Mozilla/5.0 (Windows NT 10.0; Win64; x64) AppleWebKit/537.36 (KHTML, like Gecko) Chrome/123.0.0.0 Safari/537.36"
122.161.65.100 - - [16/Apr/2024:18:21:13 +0000] "POST /roundcube/?_task=mail&_action=refresh HTTP/1.1" 200 180 "https://server.mswebtech.com/roundcube/?_task=mail&_mbox=INBOX" "Mozilla/5.0 (Windows NT 10.0; Win64; x64) AppleWebKit/537.36 (KHTML, like Gecko) Chrome/123.0.0.0 Safari/537.36"
122.161.65.100 - - [16/Apr/2024:18:22:14 +0000] "POST /roundcube/?_task=mail&_action=refresh HTTP/1.1" 200 180 "https://server.mswebtech.com/roundcube/?_task=mail&_mbox=INBOX" "Mozilla/5.0 (Windows NT 10.0; Win64; x64) AppleWebKit/537.36 (KHTML, like Gecko) Chrome/123.0.0.0 Safari/537.36"
122.161.65.100 - - [16/Apr/2024:18:23:15 +0000] "POST /roundcube/?_task=mail&_action=refresh HTTP/1.1" 200 181 "https://server.mswebtech.com/roundcube/?_task=mail&_mbox=INBOX" "Mozilla/5.0 (Windows NT 10.0; Win64; x64) AppleWebKit/537.36 (KHTML, like Gecko) Chrome/123.0.0.0 Safari/537.36"
122.161.65.100 - - [16/Apr/2024:18:24:16 +0000] "POST /roundcube/?_task=mail&_action=refresh HTTP/1.1" 200 180 "https://server.mswebtech.com/roundcube/?_task=mail&_mbox=INBOX" "Mozilla/5.0 (Windows NT 10.0; Win64; x64) AppleWebKit/537.36 (KHTML, like Gecko) Chrome/123.0.0.0 Safari/537.36"
122.161.65.100 - - [16/Apr/2024:18:25:17 +0000] "POST /roundcube/?_task=mail&_action=refresh HTTP/1.1" 200 181 "https://server.mswebtech.com/roundcube/?_task=mail&_mbox=INBOX" "Mozilla/5.0 (Windows NT 10.0; Win64; x64) AppleWebKit/537.36 (KHTML, like Gecko) Chrome/123.0.0.0 Safari/537.36"
104.238.221.228 - - [16/Apr/2024:18:25:34 +0000] "GET /setup/setup-s/%u002e%u002e/%u002e%u002e/log.jsp HTTP/1.1" 400 157 "-" "-"
104.238.221.228 - - [16/Apr/2024:18:25:39 +0000] "GET /setup/setup-s/%u002e%u002e/%u002e%u002e/log.jsp HTTP/1.1" 400 157 "-" "-"
104.238.221.228 - - [16/Apr/2024:18:25:50 +0000] "GET /setup/setup-s/%u002e%u002e/%u002e%u002e/log.jsp HTTP/1.1" 400 157 "-" "-"
122.161.65.100 - - [16/Apr/2024:18:26:18 +0000] "POST /roundcube/?_task=mail&_action=refresh HTTP/1.1" 200 181 "https://server.mswebtech.com/roundcube/?_task=mail&_mbox=INBOX" "Mozilla/5.0 (Windows NT 10.0; Win64; x64) AppleWebKit/537.36 (KHTML, like Gecko) Chrome/123.0.0.0 Safari/537.36"
122.161.65.100 - - [16/Apr/2024:18:27:19 +0000] "POST /roundcube/?_task=mail&_action=refresh HTTP/1.1" 200 180 "https://server.mswebtech.com/roundcube/?_task=mail&_mbox=INBOX" "Mozilla/5.0 (Windows NT 10.0; Win64; x64) AppleWebKit/537.36 (KHTML, like Gecko) Chrome/123.0.0.0 Safari/537.36"
122.161.65.100 - - [16/Apr/2024:18:28:20 +0000] "POST /roundcube/?_task=mail&_action=refresh HTTP/1.1" 200 180 "https://server.mswebtech.com/roundcube/?_task=mail&_mbox=INBOX" "Mozilla/5.0 (Windows NT 10.0; Win64; x64) AppleWebKit/537.36 (KHTML, like Gecko) Chrome/123.0.0.0 Safari/537.36"
198.74.56.46 - - [16/Apr/2024:18:28:54 +0000] "GET / HTTP/1.1" 400 255 "-" "Mozilla/5.0 zgrab/0.x"
122.161.65.100 - - [16/Apr/2024:18:29:21 +0000] "POST /roundcube/?_task=mail&_action=refresh HTTP/1.1" 200 181 "https://server.mswebtech.com/roundcube/?_task=mail&_mbox=INBOX" "Mozilla/5.0 (Windows NT 10.0; Win64; x64) AppleWebKit/537.36 (KHTML, like Gecko) Chrome/123.0.0.0 Safari/537.36"
122.161.65.100 - - [16/Apr/2024:18:30:22 +0000] "POST /roundcube/?_task=mail&_action=refresh HTTP/1.1" 200 180 "https://server.mswebtech.com/roundcube/?_task=mail&_mbox=INBOX" "Mozilla/5.0 (Windows NT 10.0; Win64; x64) AppleWebKit/537.36 (KHTML, like Gecko) Chrome/123.0.0.0 Safari/537.36"
122.161.65.100 - - [16/Apr/2024:18:31:23 +0000] "POST /roundcube/?_task=mail&_action=refresh HTTP/1.1" 200 180 "https://server.mswebtech.com/roundcube/?_task=mail&_mbox=INBOX" "Mozilla/5.0 (Windows NT 10.0; Win64; x64) AppleWebKit/537.36 (KHTML, like Gecko) Chrome/123.0.0.0 Safari/537.36"
122.161.65.100 - - [16/Apr/2024:18:32:24 +0000] "POST /roundcube/?_task=mail&_action=refresh HTTP/1.1" 200 180 "https://server.mswebtech.com/roundcube/?_task=mail&_mbox=INBOX" "Mozilla/5.0 (Windows NT 10.0; Win64; x64) AppleWebKit/537.36 (KHTML, like Gecko) Chrome/123.0.0.0 Safari/537.36"
195.140.227.163 - afiiskc [16/Apr/2024:18:33:12 +0000] "GET /manager/html HTTP/1.1" 404 196 "-" "Go-http-client/1.1"
122.161.65.100 - - [16/Apr/2024:18:33:25 +0000] "POST /roundcube/?_task=mail&_action=refresh HTTP/1.1" 200 181 "https://server.mswebtech.com/roundcube/?_task=mail&_mbox=INBOX" "Mozilla/5.0 (Windows NT 10.0; Win64; x64) AppleWebKit/537.36 (KHTML, like Gecko) Chrome/123.0.0.0 Safari/537.36"
122.161.65.100 - - [16/Apr/2024:18:34:26 +0000] "POST /roundcube/?_task=mail&_action=refresh HTTP/1.1" 200 181 "https://server.mswebtech.com/roundcube/?_task=mail&_mbox=INBOX" "Mozilla/5.0 (Windows NT 10.0; Win64; x64) AppleWebKit/537.36 (KHTML, like Gecko) Chrome/123.0.0.0 Safari/537.36"
122.161.65.100 - - [16/Apr/2024:18:35:27 +0000] "POST /roundcube/?_task=mail&_action=refresh HTTP/1.1" 200 181 "https://server.mswebtech.com/roundcube/?_task=mail&_mbox=INBOX" "Mozilla/5.0 (Windows NT 10.0; Win64; x64) AppleWebKit/537.36 (KHTML, like Gecko) Chrome/123.0.0.0 Safari/537.36"
167.94.138.2 - - [16/Apr/2024:18:35:42 +0000] "GET / HTTP/1.1" 400 255 "-" "Mozilla/5.0 (compatible; CensysInspect/1.1; +https://about.censys.io/)"
167.94.138.2 - - [16/Apr/2024:18:35:42 +0000] "PRI * HTTP/2.0" 400 157 "-" "-"
122.161.65.100 - - [16/Apr/2024:18:36:28 +0000] "POST /roundcube/?_task=mail&_action=refresh HTTP/1.1" 200 180 "https://server.mswebtech.com/roundcube/?_task=mail&_mbox=INBOX" "Mozilla/5.0 (Windows NT 10.0; Win64; x64) AppleWebKit/537.36 (KHTML, like Gecko) Chrome/123.0.0.0 Safari/537.36"
122.161.65.100 - - [16/Apr/2024:18:37:29 +0000] "POST /roundcube/?_task=mail&_action=refresh HTTP/1.1" 200 181 "https://server.mswebtech.com/roundcube/?_task=mail&_mbox=INBOX" "Mozilla/5.0 (Windows NT 10.0; Win64; x64) AppleWebKit/537.36 (KHTML, like Gecko) Chrome/123.0.0.0 Safari/537.36"
122.161.65.100 - - [16/Apr/2024:18:38:30 +0000] "POST /roundcube/?_task=mail&_action=refresh HTTP/1.1" 200 180 "https://server.mswebtech.com/roundcube/?_task=mail&_mbox=INBOX" "Mozilla/5.0 (Windows NT 10.0; Win64; x64) AppleWebKit/537.36 (KHTML, like Gecko) Chrome/123.0.0.0 Safari/537.36"
87.236.176.236 - - [16/Apr/2024:18:39:30 +0000] "GET / HTTP/1.1" 200 4571 "-" "Mozilla/5.0 (compatible; InternetMeasurement/1.0; +https://internet-measurement.com/)"
122.161.65.100 - - [16/Apr/2024:18:39:31 +0000] "POST /roundcube/?_task=mail&_action=refresh HTTP/1.1" 200 180 "https://server.mswebtech.com/roundcube/?_task=mail&_mbox=INBOX" "Mozilla/5.0 (Windows NT 10.0; Win64; x64) AppleWebKit/537.36 (KHTML, like Gecko) Chrome/123.0.0.0 Safari/537.36"
122.161.65.100 - - [16/Apr/2024:18:40:32 +0000] "POST /roundcube/?_task=mail&_action=refresh HTTP/1.1" 200 180 "https://server.mswebtech.com/roundcube/?_task=mail&_mbox=INBOX" "Mozilla/5.0 (Windows NT 10.0; Win64; x64) AppleWebKit/537.36 (KHTML, like Gecko) Chrome/123.0.0.0 Safari/537.36"
122.161.65.100 - - [16/Apr/2024:18:41:33 +0000] "POST /roundcube/?_task=mail&_action=refresh HTTP/1.1" 200 181 "https://server.mswebtech.com/roundcube/?_task=mail&_mbox=INBOX" "Mozilla/5.0 (Windows NT 10.0; Win64; x64) AppleWebKit/537.36 (KHTML, like Gecko) Chrome/123.0.0.0 Safari/537.36"
122.161.65.100 - - [16/Apr/2024:18:42:35 +0000] "POST /roundcube/?_task=mail&_action=refresh HTTP/1.1" 200 180 "https://server.mswebtech.com/roundcube/?_task=mail&_mbox=INBOX" "Mozilla/5.0 (Windows NT 10.0; Win64; x64) AppleWebKit/537.36 (KHTML, like Gecko) Chrome/123.0.0.0 Safari/537.36"
122.161.65.100 - - [16/Apr/2024:18:44:36 +0000] "POST /roundcube/?_task=mail&_action=refresh HTTP/1.1" 200 180 "https://server.mswebtech.com/roundcube/?_task=mail&_mbox=INBOX" "Mozilla/5.0 (Windows NT 10.0; Win64; x64) AppleWebKit/537.36 (KHTML, like Gecko) Chrome/123.0.0.0 Safari/537.36"
122.161.65.100 - - [16/Apr/2024:18:46:36 +0000] "POST /roundcube/?_task=mail&_action=refresh HTTP/1.1" 200 180 "https://server.mswebtech.com/roundcube/?_task=mail&_mbox=INBOX" "Mozilla/5.0 (Windows NT 10.0; Win64; x64) AppleWebKit/537.36 (KHTML, like Gecko) Chrome/123.0.0.0 Safari/537.36"
122.161.65.100 - - [16/Apr/2024:18:47:37 +0000] "POST /roundcube/?_task=mail&_action=refresh HTTP/1.1" 200 181 "https://server.mswebtech.com/roundcube/?_task=mail&_mbox=INBOX" "Mozilla/5.0 (Windows NT 10.0; Win64; x64) AppleWebKit/537.36 (KHTML, like Gecko) Chrome/123.0.0.0 Safari/537.36"
122.161.65.100 - - [16/Apr/2024:18:48:38 +0000] "POST /roundcube/?_task=mail&_action=refresh HTTP/1.1" 200 180 "https://server.mswebtech.com/roundcube/?_task=mail&_mbox=INBOX" "Mozilla/5.0 (Windows NT 10.0; Win64; x64) AppleWebKit/537.36 (KHTML, like Gecko) Chrome/123.0.0.0 Safari/537.36"
122.161.65.100 - - [16/Apr/2024:18:49:39 +0000] "POST /roundcube/?_task=mail&_action=refresh HTTP/1.1" 200 180 "https://server.mswebtech.com/roundcube/?_task=mail&_mbox=INBOX" "Mozilla/5.0 (Windows NT 10.0; Win64; x64) AppleWebKit/537.36 (KHTML, like Gecko) Chrome/123.0.0.0 Safari/537.36"
122.161.65.100 - - [16/Apr/2024:18:50:40 +0000] "POST /roundcube/?_task=mail&_action=refresh HTTP/1.1" 200 180 "https://server.mswebtech.com/roundcube/?_task=mail&_mbox=INBOX" "Mozilla/5.0 (Windows NT 10.0; Win64; x64) AppleWebKit/537.36 (KHTML, like Gecko) Chrome/123.0.0.0 Safari/537.36"
164.92.169.153 - - [16/Apr/2024:18:51:03 +0000] "GET / HTTP/1.0" 200 5069 "-" "-"
164.92.169.153 - - [16/Apr/2024:18:51:03 +0000] "GET /nmaplowercheck1713293464 HTTP/1.1" 404 196 "-" "Mozilla/5.0 (compatible; Odin; https://docs.getodin.com/)"
164.92.169.153 - - [16/Apr/2024:18:51:04 +0000] "POST /sdk HTTP/1.1" 404 196 "-" "Mozilla/5.0 (compatible; Odin; https://docs.getodin.com/)"
164.92.169.153 - - [16/Apr/2024:18:51:04 +0000] "GET /HNAP1 HTTP/1.1" 404 196 "-" "Mozilla/5.0 (compatible; Odin; https://docs.getodin.com/)"
164.92.169.153 - - [16/Apr/2024:18:51:05 +0000] "GET /evox/about HTTP/1.1" 400 255 "-" "Mozilla/5.0 (compatible; Odin; https://docs.getodin.com/)"
164.92.169.153 - - [16/Apr/2024:18:51:07 +0000] "GET / HTTP/1.0" 400 255 "-" "-"
164.92.169.153 - - [16/Apr/2024:18:51:07 +0000] "GET / HTTP/1.1" 200 5069 "-" "-"
64.227.114.74 - - [16/Apr/2024:18:51:08 +0000] "GET /query?q=SHOW+DIAGNOSTICS HTTP/1.1" 400 255 "-" "Go-http-client/1.1"
104.248.33.63 - - [16/Apr/2024:18:51:08 +0000] "GET /solr/admin/info/system HTTP/1.1" 400 255 "-" "Go-http-client/1.1"
165.22.73.227 - - [16/Apr/2024:18:51:08 +0000] "GET /v2/_catalog HTTP/1.1" 400 255 "-" "Go-http-client/1.1"
206.189.56.163 - - [16/Apr/2024:18:51:08 +0000] "GET /cgi-bin/authLogin.cgi HTTP/1.1" 400 255 "-" "Go-http-client/1.1"
104.248.33.63 - - [16/Apr/2024:18:51:08 +0000] "GET /solr/admin/cores?action=STATUS&wt=json HTTP/1.1" 400 255 "-" "Go-http-client/1.1"
167.71.63.196 - - [16/Apr/2024:18:51:08 +0000] "POST / HTTP/1.1" 200 5069 "-" "Go-http-client/1.1"
122.161.65.100 - - [16/Apr/2024:18:51:41 +0000] "POST /roundcube/?_task=mail&_action=refresh HTTP/1.1" 200 180 "https://server.mswebtech.com/roundcube/?_task=mail&_mbox=INBOX" "Mozilla/5.0 (Windows NT 10.0; Win64; x64) AppleWebKit/537.36 (KHTML, like Gecko) Chrome/123.0.0.0 Safari/537.36"
122.161.65.100 - - [16/Apr/2024:18:52:42 +0000] "POST /roundcube/?_task=mail&_action=refresh HTTP/1.1" 200 181 "https://server.mswebtech.com/roundcube/?_task=mail&_mbox=INBOX" "Mozilla/5.0 (Windows NT 10.0; Win64; x64) AppleWebKit/537.36 (KHTML, like Gecko) Chrome/123.0.0.0 Safari/537.36"
122.161.65.100 - - [16/Apr/2024:18:53:43 +0000] "POST /roundcube/?_task=mail&_action=refresh HTTP/1.1" 200 181 "https://server.mswebtech.com/roundcube/?_task=mail&_mbox=INBOX" "Mozilla/5.0 (Windows NT 10.0; Win64; x64) AppleWebKit/537.36 (KHTML, like Gecko) Chrome/123.0.0.0 Safari/537.36"
122.161.65.100 - - [16/Apr/2024:18:54:44 +0000] "POST /roundcube/?_task=mail&_action=refresh HTTP/1.1" 200 181 "https://server.mswebtech.com/roundcube/?_task=mail&_mbox=INBOX" "Mozilla/5.0 (Windows NT 10.0; Win64; x64) AppleWebKit/537.36 (KHTML, like Gecko) Chrome/123.0.0.0 Safari/537.36"
122.161.65.100 - - [16/Apr/2024:18:55:45 +0000] "POST /roundcube/?_task=mail&_action=refresh HTTP/1.1" 200 181 "https://server.mswebtech.com/roundcube/?_task=mail&_mbox=INBOX" "Mozilla/5.0 (Windows NT 10.0; Win64; x64) AppleWebKit/537.36 (KHTML, like Gecko) Chrome/123.0.0.0 Safari/537.36"
122.161.65.100 - - [16/Apr/2024:18:56:46 +0000] "POST /roundcube/?_task=mail&_action=refresh HTTP/1.1" 200 181 "https://server.mswebtech.com/roundcube/?_task=mail&_mbox=INBOX" "Mozilla/5.0 (Windows NT 10.0; Win64; x64) AppleWebKit/537.36 (KHTML, like Gecko) Chrome/123.0.0.0 Safari/537.36"
122.161.65.100 - - [16/Apr/2024:18:57:47 +0000] "POST /roundcube/?_task=mail&_action=refresh HTTP/1.1" 200 181 "https://server.mswebtech.com/roundcube/?_task=mail&_mbox=INBOX" "Mozilla/5.0 (Windows NT 10.0; Win64; x64) AppleWebKit/537.36 (KHTML, like Gecko) Chrome/123.0.0.0 Safari/537.36"
122.161.65.100 - - [16/Apr/2024:18:58:48 +0000] "POST /roundcube/?_task=mail&_action=refresh HTTP/1.1" 200 181 "https://server.mswebtech.com/roundcube/?_task=mail&_mbox=INBOX" "Mozilla/5.0 (Windows NT 10.0; Win64; x64) AppleWebKit/537.36 (KHTML, like Gecko) Chrome/123.0.0.0 Safari/537.36"
122.161.65.100 - - [16/Apr/2024:18:59:49 +0000] "POST /roundcube/?_task=mail&_action=refresh HTTP/1.1" 200 180 "https://server.mswebtech.com/roundcube/?_task=mail&_mbox=INBOX" "Mozilla/5.0 (Windows NT 10.0; Win64; x64) AppleWebKit/537.36 (KHTML, like Gecko) Chrome/123.0.0.0 Safari/537.36"
122.161.65.100 - - [16/Apr/2024:19:00:50 +0000] "POST /roundcube/?_task=mail&_action=refresh HTTP/1.1" 200 180 "https://server.mswebtech.com/roundcube/?_task=mail&_mbox=INBOX" "Mozilla/5.0 (Windows NT 10.0; Win64; x64) AppleWebKit/537.36 (KHTML, like Gecko) Chrome/123.0.0.0 Safari/537.36"
122.161.65.100 - - [16/Apr/2024:19:01:51 +0000] "POST /roundcube/?_task=mail&_action=refresh HTTP/1.1" 200 180 "https://server.mswebtech.com/roundcube/?_task=mail&_mbox=INBOX" "Mozilla/5.0 (Windows NT 10.0; Win64; x64) AppleWebKit/537.36 (KHTML, like Gecko) Chrome/123.0.0.0 Safari/537.36"
122.161.65.100 - - [16/Apr/2024:19:02:52 +0000] "POST /roundcube/?_task=mail&_action=refresh HTTP/1.1" 200 180 "https://server.mswebtech.com/roundcube/?_task=mail&_mbox=INBOX" "Mozilla/5.0 (Windows NT 10.0; Win64; x64) AppleWebKit/537.36 (KHTML, like Gecko) Chrome/123.0.0.0 Safari/537.36"
3.236.191.179 - - [16/Apr/2024:19:03:25 +0000] "GET / HTTP/1.1" 200 5069 "-" "Mozilla/5.0 (Windows; U; Windows NT 6.1; en-US) AppleWebKit/533.20.25 (KHTML, like Gecko) Version/5.0.4 Safari/533.20.27"
122.161.65.100 - - [16/Apr/2024:19:03:53 +0000] "POST /roundcube/?_task=mail&_action=refresh HTTP/1.1" 200 180 "https://server.mswebtech.com/roundcube/?_task=mail&_mbox=INBOX" "Mozilla/5.0 (Windows NT 10.0; Win64; x64) AppleWebKit/537.36 (KHTML, like Gecko) Chrome/123.0.0.0 Safari/537.36"
122.161.65.100 - - [16/Apr/2024:19:04:54 +0000] "POST /roundcube/?_task=mail&_action=refresh HTTP/1.1" 200 181 "https://server.mswebtech.com/roundcube/?_task=mail&_mbox=INBOX" "Mozilla/5.0 (Windows NT 10.0; Win64; x64) AppleWebKit/537.36 (KHTML, like Gecko) Chrome/123.0.0.0 Safari/537.36"
167.94.138.2 - - [16/Apr/2024:19:05:38 +0000] "GET / HTTP/1.1" 400 255 "-" "Mozilla/5.0 (compatible; CensysInspect/1.1; +https://about.censys.io/)"
167.94.138.2 - - [16/Apr/2024:19:05:39 +0000] "PRI * HTTP/2.0" 400 157 "-" "-"
122.161.65.100 - - [16/Apr/2024:19:05:56 +0000] "POST /roundcube/?_task=mail&_action=refresh HTTP/1.1" 200 181 "https://server.mswebtech.com/roundcube/?_task=mail&_mbox=INBOX" "Mozilla/5.0 (Windows NT 10.0; Win64; x64) AppleWebKit/537.36 (KHTML, like Gecko) Chrome/123.0.0.0 Safari/537.36"
122.161.65.100 - - [16/Apr/2024:19:06:56 +0000] "POST /roundcube/?_task=mail&_action=refresh HTTP/1.1" 200 180 "https://server.mswebtech.com/roundcube/?_task=mail&_mbox=INBOX" "Mozilla/5.0 (Windows NT 10.0; Win64; x64) AppleWebKit/537.36 (KHTML, like Gecko) Chrome/123.0.0.0 Safari/537.36"
122.161.65.100 - - [16/Apr/2024:19:07:57 +0000] "POST /roundcube/?_task=mail&_action=refresh HTTP/1.1" 200 180 "https://server.mswebtech.com/roundcube/?_task=mail&_mbox=INBOX" "Mozilla/5.0 (Windows NT 10.0; Win64; x64) AppleWebKit/537.36 (KHTML, like Gecko) Chrome/123.0.0.0 Safari/537.36"
122.161.65.100 - - [16/Apr/2024:19:08:58 +0000] "POST /roundcube/?_task=mail&_action=refresh HTTP/1.1" 200 181 "https://server.mswebtech.com/roundcube/?_task=mail&_mbox=INBOX" "Mozilla/5.0 (Windows NT 10.0; Win64; x64) AppleWebKit/537.36 (KHTML, like Gecko) Chrome/123.0.0.0 Safari/537.36"
122.161.65.100 - - [16/Apr/2024:19:09:59 +0000] "POST /roundcube/?_task=mail&_action=refresh HTTP/1.1" 200 180 "https://server.mswebtech.com/roundcube/?_task=mail&_mbox=INBOX" "Mozilla/5.0 (Windows NT 10.0; Win64; x64) AppleWebKit/537.36 (KHTML, like Gecko) Chrome/123.0.0.0 Safari/537.36"
51.159.23.43 - - [16/Apr/2024:19:10:55 +0000] "GET / HTTP/1.1" 200 5069 "-" "-"
122.161.65.100 - - [16/Apr/2024:19:11:00 +0000] "POST /roundcube/?_task=mail&_action=refresh HTTP/1.1" 200 180 "https://server.mswebtech.com/roundcube/?_task=mail&_mbox=INBOX" "Mozilla/5.0 (Windows NT 10.0; Win64; x64) AppleWebKit/537.36 (KHTML, like Gecko) Chrome/123.0.0.0 Safari/537.36"
122.161.65.100 - - [16/Apr/2024:19:12:01 +0000] "POST /roundcube/?_task=mail&_action=refresh HTTP/1.1" 200 180 "https://server.mswebtech.com/roundcube/?_task=mail&_mbox=INBOX" "Mozilla/5.0 (Windows NT 10.0; Win64; x64) AppleWebKit/537.36 (KHTML, like Gecko) Chrome/123.0.0.0 Safari/537.36"
172.104.210.105 - - [16/Apr/2024:19:12:11 +0000] "GET / HTTP/1.1" 400 255 "-" "Mozilla/5.0 zgrab/0.x"
122.161.65.100 - - [16/Apr/2024:19:13:02 +0000] "POST /roundcube/?_task=mail&_action=refresh HTTP/1.1" 200 181 "https://server.mswebtech.com/roundcube/?_task=mail&_mbox=INBOX" "Mozilla/5.0 (Windows NT 10.0; Win64; x64) AppleWebKit/537.36 (KHTML, like Gecko) Chrome/123.0.0.0 Safari/537.36"
172.104.11.34 - - [16/Apr/2024:19:13:31 +0000] "GET / HTTP/1.1" 200 1971 "-" "Mozilla/5.0 (Macintosh; Intel Mac OS X 13_1) AppleWebKit/537.36 (KHTML, like Gecko) Chrome/108.0.0.0 Safari/537.36"
122.161.65.100 - - [16/Apr/2024:19:14:03 +0000] "POST /roundcube/?_task=mail&_action=refresh HTTP/1.1" 200 180 "https://server.mswebtech.com/roundcube/?_task=mail&_mbox=INBOX" "Mozilla/5.0 (Windows NT 10.0; Win64; x64) AppleWebKit/537.36 (KHTML, like Gecko) Chrome/123.0.0.0 Safari/537.36"
122.161.65.100 - - [16/Apr/2024:19:15:04 +0000] "POST /roundcube/?_task=mail&_action=refresh HTTP/1.1" 200 181 "https://server.mswebtech.com/roundcube/?_task=mail&_mbox=INBOX" "Mozilla/5.0 (Windows NT 10.0; Win64; x64) AppleWebKit/537.36 (KHTML, like Gecko) Chrome/123.0.0.0 Safari/537.36"
122.161.65.100 - - [16/Apr/2024:19:16:05 +0000] "POST /roundcube/?_task=mail&_action=refresh HTTP/1.1" 200 180 "https://server.mswebtech.com/roundcube/?_task=mail&_mbox=INBOX" "Mozilla/5.0 (Windows NT 10.0; Win64; x64) AppleWebKit/537.36 (KHTML, like Gecko) Chrome/123.0.0.0 Safari/537.36"
122.161.65.100 - - [16/Apr/2024:19:17:06 +0000] "POST /roundcube/?_task=mail&_action=refresh HTTP/1.1" 200 181 "https://server.mswebtech.com/roundcube/?_task=mail&_mbox=INBOX" "Mozilla/5.0 (Windows NT 10.0; Win64; x64) AppleWebKit/537.36 (KHTML, like Gecko) Chrome/123.0.0.0 Safari/537.36"
122.161.65.100 - - [16/Apr/2024:19:18:07 +0000] "POST /roundcube/?_task=mail&_action=refresh HTTP/1.1" 200 181 "https://server.mswebtech.com/roundcube/?_task=mail&_mbox=INBOX" "Mozilla/5.0 (Windows NT 10.0; Win64; x64) AppleWebKit/537.36 (KHTML, like Gecko) Chrome/123.0.0.0 Safari/537.36"
122.161.65.100 - - [16/Apr/2024:19:19:08 +0000] "POST /roundcube/?_task=mail&_action=refresh HTTP/1.1" 200 180 "https://server.mswebtech.com/roundcube/?_task=mail&_mbox=INBOX" "Mozilla/5.0 (Windows NT 10.0; Win64; x64) AppleWebKit/537.36 (KHTML, like Gecko) Chrome/123.0.0.0 Safari/537.36"
122.161.65.100 - - [16/Apr/2024:19:20:09 +0000] "POST /roundcube/?_task=mail&_action=refresh HTTP/1.1" 200 180 "https://server.mswebtech.com/roundcube/?_task=mail&_mbox=INBOX" "Mozilla/5.0 (Windows NT 10.0; Win64; x64) AppleWebKit/537.36 (KHTML, like Gecko) Chrome/123.0.0.0 Safari/537.36"
122.161.65.100 - - [16/Apr/2024:19:21:10 +0000] "POST /roundcube/?_task=mail&_action=refresh HTTP/1.1" 200 180 "https://server.mswebtech.com/roundcube/?_task=mail&_mbox=INBOX" "Mozilla/5.0 (Windows NT 10.0; Win64; x64) AppleWebKit/537.36 (KHTML, like Gecko) Chrome/123.0.0.0 Safari/537.36"
122.161.65.100 - - [16/Apr/2024:19:22:11 +0000] "POST /roundcube/?_task=mail&_action=refresh HTTP/1.1" 200 180 "https://server.mswebtech.com/roundcube/?_task=mail&_mbox=INBOX" "Mozilla/5.0 (Windows NT 10.0; Win64; x64) AppleWebKit/537.36 (KHTML, like Gecko) Chrome/123.0.0.0 Safari/537.36"
122.161.65.100 - - [16/Apr/2024:19:23:12 +0000] "POST /roundcube/?_task=mail&_action=refresh HTTP/1.1" 200 181 "https://server.mswebtech.com/roundcube/?_task=mail&_mbox=INBOX" "Mozilla/5.0 (Windows NT 10.0; Win64; x64) AppleWebKit/537.36 (KHTML, like Gecko) Chrome/123.0.0.0 Safari/537.36"
122.161.65.100 - - [16/Apr/2024:19:24:13 +0000] "POST /roundcube/?_task=mail&_action=refresh HTTP/1.1" 200 180 "https://server.mswebtech.com/roundcube/?_task=mail&_mbox=INBOX" "Mozilla/5.0 (Windows NT 10.0; Win64; x64) AppleWebKit/537.36 (KHTML, like Gecko) Chrome/123.0.0.0 Safari/537.36"
122.161.65.100 - - [16/Apr/2024:19:25:14 +0000] "POST /roundcube/?_task=mail&_action=refresh HTTP/1.1" 200 180 "https://server.mswebtech.com/roundcube/?_task=mail&_mbox=INBOX" "Mozilla/5.0 (Windows NT 10.0; Win64; x64) AppleWebKit/537.36 (KHTML, like Gecko) Chrome/123.0.0.0 Safari/537.36"
122.161.65.100 - - [16/Apr/2024:19:26:15 +0000] "POST /roundcube/?_task=mail&_action=refresh HTTP/1.1" 200 180 "https://server.mswebtech.com/roundcube/?_task=mail&_mbox=INBOX" "Mozilla/5.0 (Windows NT 10.0; Win64; x64) AppleWebKit/537.36 (KHTML, like Gecko) Chrome/123.0.0.0 Safari/537.36"
122.161.65.100 - - [16/Apr/2024:19:27:16 +0000] "POST /roundcube/?_task=mail&_action=refresh HTTP/1.1" 200 181 "https://server.mswebtech.com/roundcube/?_task=mail&_mbox=INBOX" "Mozilla/5.0 (Windows NT 10.0; Win64; x64) AppleWebKit/537.36 (KHTML, like Gecko) Chrome/123.0.0.0 Safari/537.36"
122.161.65.100 - - [16/Apr/2024:19:28:17 +0000] "POST /roundcube/?_task=mail&_action=refresh HTTP/1.1" 200 181 "https://server.mswebtech.com/roundcube/?_task=mail&_mbox=INBOX" "Mozilla/5.0 (Windows NT 10.0; Win64; x64) AppleWebKit/537.36 (KHTML, like Gecko) Chrome/123.0.0.0 Safari/537.36"
80.75.212.75 - - [16/Apr/2024:19:28:25 +0000] "CONNECT www.google.com:443 HTTP/1.1" 400 157 "-" "-"
122.161.65.100 - - [16/Apr/2024:19:29:18 +0000] "POST /roundcube/?_task=mail&_action=refresh HTTP/1.1" 200 180 "https://server.mswebtech.com/roundcube/?_task=mail&_mbox=INBOX" "Mozilla/5.0 (Windows NT 10.0; Win64; x64) AppleWebKit/537.36 (KHTML, like Gecko) Chrome/123.0.0.0 Safari/537.36"
122.161.65.100 - - [16/Apr/2024:19:30:19 +0000] "POST /roundcube/?_task=mail&_action=refresh HTTP/1.1" 200 180 "https://server.mswebtech.com/roundcube/?_task=mail&_mbox=INBOX" "Mozilla/5.0 (Windows NT 10.0; Win64; x64) AppleWebKit/537.36 (KHTML, like Gecko) Chrome/123.0.0.0 Safari/537.36"
122.161.65.100 - - [16/Apr/2024:19:31:20 +0000] "POST /roundcube/?_task=mail&_action=refresh HTTP/1.1" 200 181 "https://server.mswebtech.com/roundcube/?_task=mail&_mbox=INBOX" "Mozilla/5.0 (Windows NT 10.0; Win64; x64) AppleWebKit/537.36 (KHTML, like Gecko) Chrome/123.0.0.0 Safari/537.36"
122.161.65.100 - - [16/Apr/2024:19:32:21 +0000] "POST /roundcube/?_task=mail&_action=refresh HTTP/1.1" 200 181 "https://server.mswebtech.com/roundcube/?_task=mail&_mbox=INBOX" "Mozilla/5.0 (Windows NT 10.0; Win64; x64) AppleWebKit/537.36 (KHTML, like Gecko) Chrome/123.0.0.0 Safari/537.36"
167.94.146.58 - - [16/Apr/2024:19:33:02 +0000] "GET / HTTP/1.1" 200 5069 "-" "-"
167.94.146.58 - - [16/Apr/2024:19:33:06 +0000] "GET / HTTP/1.1" 200 1971 "-" "Mozilla/5.0 (compatible; CensysInspect/1.1; +https://about.censys.io/)"
167.94.146.58 - - [16/Apr/2024:19:33:06 +0000] "PRI * HTTP/2.0" 400 157 "-" "-"
167.94.146.58 - - [16/Apr/2024:19:33:07 +0000] "GET /favicon.ico HTTP/1.1" 404 196 "-" "Mozilla/5.0 (compatible; CensysInspect/1.1; +https://about.censys.io/)"
122.161.65.100 - - [16/Apr/2024:19:33:22 +0000] "POST /roundcube/?_task=mail&_action=refresh HTTP/1.1" 200 180 "https://server.mswebtech.com/roundcube/?_task=mail&_mbox=INBOX" "Mozilla/5.0 (Windows NT 10.0; Win64; x64) AppleWebKit/537.36 (KHTML, like Gecko) Chrome/123.0.0.0 Safari/537.36"
122.161.65.100 - - [16/Apr/2024:19:34:23 +0000] "POST /roundcube/?_task=mail&_action=refresh HTTP/1.1" 200 181 "https://server.mswebtech.com/roundcube/?_task=mail&_mbox=INBOX" "Mozilla/5.0 (Windows NT 10.0; Win64; x64) AppleWebKit/537.36 (KHTML, like Gecko) Chrome/123.0.0.0 Safari/537.36"
41.76.215.208 - - [16/Apr/2024:19:34:58 +0000] "GET /admin/assets/js/views/login.js HTTP/1.0" 404 196 "-" "nvdorz"
122.161.65.100 - - [16/Apr/2024:19:35:24 +0000] "POST /roundcube/?_task=mail&_action=refresh HTTP/1.1" 200 180 "https://server.mswebtech.com/roundcube/?_task=mail&_mbox=INBOX" "Mozilla/5.0 (Windows NT 10.0; Win64; x64) AppleWebKit/537.36 (KHTML, like Gecko) Chrome/123.0.0.0 Safari/537.36"
167.94.138.2 - - [16/Apr/2024:19:35:41 +0000] "GET / HTTP/1.1" 400 255 "-" "Mozilla/5.0 (compatible; CensysInspect/1.1; +https://about.censys.io/)"
167.94.138.2 - - [16/Apr/2024:19:35:42 +0000] "PRI * HTTP/2.0" 400 157 "-" "-"
122.161.65.100 - - [16/Apr/2024:19:36:25 +0000] "POST /roundcube/?_task=mail&_action=refresh HTTP/1.1" 200 180 "https://server.mswebtech.com/roundcube/?_task=mail&_mbox=INBOX" "Mozilla/5.0 (Windows NT 10.0; Win64; x64) AppleWebKit/537.36 (KHTML, like Gecko) Chrome/123.0.0.0 Safari/537.36"
122.161.65.100 - - [16/Apr/2024:19:37:26 +0000] "POST /roundcube/?_task=mail&_action=refresh HTTP/1.1" 200 181 "https://server.mswebtech.com/roundcube/?_task=mail&_mbox=INBOX" "Mozilla/5.0 (Windows NT 10.0; Win64; x64) AppleWebKit/537.36 (KHTML, like Gecko) Chrome/123.0.0.0 Safari/537.36"
122.161.65.100 - - [16/Apr/2024:19:38:27 +0000] "POST /roundcube/?_task=mail&_action=refresh HTTP/1.1" 200 181 "https://server.mswebtech.com/roundcube/?_task=mail&_mbox=INBOX" "Mozilla/5.0 (Windows NT 10.0; Win64; x64) AppleWebKit/537.36 (KHTML, like Gecko) Chrome/123.0.0.0 Safari/537.36"
122.161.65.100 - - [16/Apr/2024:19:39:28 +0000] "POST /roundcube/?_task=mail&_action=refresh HTTP/1.1" 200 180 "https://server.mswebtech.com/roundcube/?_task=mail&_mbox=INBOX" "Mozilla/5.0 (Windows NT 10.0; Win64; x64) AppleWebKit/537.36 (KHTML, like Gecko) Chrome/123.0.0.0 Safari/537.36"
122.161.65.100 - - [16/Apr/2024:19:40:29 +0000] "POST /roundcube/?_task=mail&_action=refresh HTTP/1.1" 200 180 "https://server.mswebtech.com/roundcube/?_task=mail&_mbox=INBOX" "Mozilla/5.0 (Windows NT 10.0; Win64; x64) AppleWebKit/537.36 (KHTML, like Gecko) Chrome/123.0.0.0 Safari/537.36"
122.161.65.100 - - [16/Apr/2024:19:41:30 +0000] "POST /roundcube/?_task=mail&_action=refresh HTTP/1.1" 200 181 "https://server.mswebtech.com/roundcube/?_task=mail&_mbox=INBOX" "Mozilla/5.0 (Windows NT 10.0; Win64; x64) AppleWebKit/537.36 (KHTML, like Gecko) Chrome/123.0.0.0 Safari/537.36"
122.161.65.100 - - [16/Apr/2024:19:42:31 +0000] "POST /roundcube/?_task=mail&_action=refresh HTTP/1.1" 200 180 "https://server.mswebtech.com/roundcube/?_task=mail&_mbox=INBOX" "Mozilla/5.0 (Windows NT 10.0; Win64; x64) AppleWebKit/537.36 (KHTML, like Gecko) Chrome/123.0.0.0 Safari/537.36"
122.161.65.100 - - [16/Apr/2024:19:43:32 +0000] "POST /roundcube/?_task=mail&_action=refresh HTTP/1.1" 200 180 "https://server.mswebtech.com/roundcube/?_task=mail&_mbox=INBOX" "Mozilla/5.0 (Windows NT 10.0; Win64; x64) AppleWebKit/537.36 (KHTML, like Gecko) Chrome/123.0.0.0 Safari/537.36"
122.161.65.100 - - [16/Apr/2024:19:44:33 +0000] "POST /roundcube/?_task=mail&_action=refresh HTTP/1.1" 200 180 "https://server.mswebtech.com/roundcube/?_task=mail&_mbox=INBOX" "Mozilla/5.0 (Windows NT 10.0; Win64; x64) AppleWebKit/537.36 (KHTML, like Gecko) Chrome/123.0.0.0 Safari/537.36"
122.161.65.100 - - [16/Apr/2024:19:45:34 +0000] "POST /roundcube/?_task=mail&_action=refresh HTTP/1.1" 200 181 "https://server.mswebtech.com/roundcube/?_task=mail&_mbox=INBOX" "Mozilla/5.0 (Windows NT 10.0; Win64; x64) AppleWebKit/537.36 (KHTML, like Gecko) Chrome/123.0.0.0 Safari/537.36"
122.161.65.100 - - [16/Apr/2024:19:47:36 +0000] "POST /roundcube/?_task=mail&_action=refresh HTTP/1.1" 200 181 "https://server.mswebtech.com/roundcube/?_task=mail&_mbox=INBOX" "Mozilla/5.0 (Windows NT 10.0; Win64; x64) AppleWebKit/537.36 (KHTML, like Gecko) Chrome/123.0.0.0 Safari/537.36"
122.161.65.100 - - [16/Apr/2024:19:49:36 +0000] "POST /roundcube/?_task=mail&_action=refresh HTTP/1.1" 200 180 "https://server.mswebtech.com/roundcube/?_task=mail&_mbox=INBOX" "Mozilla/5.0 (Windows NT 10.0; Win64; x64) AppleWebKit/537.36 (KHTML, like Gecko) Chrome/123.0.0.0 Safari/537.36"
122.161.65.100 - - [16/Apr/2024:19:50:37 +0000] "POST /roundcube/?_task=mail&_action=refresh HTTP/1.1" 200 180 "https://server.mswebtech.com/roundcube/?_task=mail&_mbox=INBOX" "Mozilla/5.0 (Windows NT 10.0; Win64; x64) AppleWebKit/537.36 (KHTML, like Gecko) Chrome/123.0.0.0 Safari/537.36"
122.161.65.100 - - [16/Apr/2024:19:51:38 +0000] "POST /roundcube/?_task=mail&_action=refresh HTTP/1.1" 200 181 "https://server.mswebtech.com/roundcube/?_task=mail&_mbox=INBOX" "Mozilla/5.0 (Windows NT 10.0; Win64; x64) AppleWebKit/537.36 (KHTML, like Gecko) Chrome/123.0.0.0 Safari/537.36"
122.161.65.100 - - [16/Apr/2024:19:52:39 +0000] "POST /roundcube/?_task=mail&_action=refresh HTTP/1.1" 200 180 "https://server.mswebtech.com/roundcube/?_task=mail&_mbox=INBOX" "Mozilla/5.0 (Windows NT 10.0; Win64; x64) AppleWebKit/537.36 (KHTML, like Gecko) Chrome/123.0.0.0 Safari/537.36"
122.161.65.100 - - [16/Apr/2024:19:53:40 +0000] "POST /roundcube/?_task=mail&_action=refresh HTTP/1.1" 200 180 "https://server.mswebtech.com/roundcube/?_task=mail&_mbox=INBOX" "Mozilla/5.0 (Windows NT 10.0; Win64; x64) AppleWebKit/537.36 (KHTML, like Gecko) Chrome/123.0.0.0 Safari/537.36"
122.161.65.100 - - [16/Apr/2024:19:54:41 +0000] "POST /roundcube/?_task=mail&_action=refresh HTTP/1.1" 200 181 "https://server.mswebtech.com/roundcube/?_task=mail&_mbox=INBOX" "Mozilla/5.0 (Windows NT 10.0; Win64; x64) AppleWebKit/537.36 (KHTML, like Gecko) Chrome/123.0.0.0 Safari/537.36"
122.161.65.100 - - [16/Apr/2024:19:55:42 +0000] "POST /roundcube/?_task=mail&_action=refresh HTTP/1.1" 200 181 "https://server.mswebtech.com/roundcube/?_task=mail&_mbox=INBOX" "Mozilla/5.0 (Windows NT 10.0; Win64; x64) AppleWebKit/537.36 (KHTML, like Gecko) Chrome/123.0.0.0 Safari/537.36"
122.161.65.100 - - [16/Apr/2024:19:56:43 +0000] "POST /roundcube/?_task=mail&_action=refresh HTTP/1.1" 200 180 "https://server.mswebtech.com/roundcube/?_task=mail&_mbox=INBOX" "Mozilla/5.0 (Windows NT 10.0; Win64; x64) AppleWebKit/537.36 (KHTML, like Gecko) Chrome/123.0.0.0 Safari/537.36"
122.161.65.100 - - [16/Apr/2024:19:57:44 +0000] "POST /roundcube/?_task=mail&_action=refresh HTTP/1.1" 200 181 "https://server.mswebtech.com/roundcube/?_task=mail&_mbox=INBOX" "Mozilla/5.0 (Windows NT 10.0; Win64; x64) AppleWebKit/537.36 (KHTML, like Gecko) Chrome/123.0.0.0 Safari/537.36"
122.161.65.100 - - [16/Apr/2024:19:58:45 +0000] "POST /roundcube/?_task=mail&_action=refresh HTTP/1.1" 200 181 "https://server.mswebtech.com/roundcube/?_task=mail&_mbox=INBOX" "Mozilla/5.0 (Windows NT 10.0; Win64; x64) AppleWebKit/537.36 (KHTML, like Gecko) Chrome/123.0.0.0 Safari/537.36"
122.161.65.100 - - [16/Apr/2024:19:59:46 +0000] "POST /roundcube/?_task=mail&_action=refresh HTTP/1.1" 200 181 "https://server.mswebtech.com/roundcube/?_task=mail&_mbox=INBOX" "Mozilla/5.0 (Windows NT 10.0; Win64; x64) AppleWebKit/537.36 (KHTML, like Gecko) Chrome/123.0.0.0 Safari/537.36"
122.161.65.100 - - [16/Apr/2024:20:00:47 +0000] "POST /roundcube/?_task=mail&_action=refresh HTTP/1.1" 200 181 "https://server.mswebtech.com/roundcube/?_task=mail&_mbox=INBOX" "Mozilla/5.0 (Windows NT 10.0; Win64; x64) AppleWebKit/537.36 (KHTML, like Gecko) Chrome/123.0.0.0 Safari/537.36"
45.79.128.205 - - [16/Apr/2024:20:01:43 +0000] "GET / HTTP/1.1" 200 1971 "-" "Mozilla/5.0 (Macintosh; Intel Mac OS X 13_1) AppleWebKit/537.36 (KHTML, like Gecko) Chrome/108.0.0.0 Safari/537.36"
122.161.65.100 - - [16/Apr/2024:20:01:48 +0000] "POST /roundcube/?_task=mail&_action=refresh HTTP/1.1" 200 180 "https://server.mswebtech.com/roundcube/?_task=mail&_mbox=INBOX" "Mozilla/5.0 (Windows NT 10.0; Win64; x64) AppleWebKit/537.36 (KHTML, like Gecko) Chrome/123.0.0.0 Safari/537.36"
122.161.65.100 - - [16/Apr/2024:20:02:49 +0000] "POST /roundcube/?_task=mail&_action=refresh HTTP/1.1" 200 181 "https://server.mswebtech.com/roundcube/?_task=mail&_mbox=INBOX" "Mozilla/5.0 (Windows NT 10.0; Win64; x64) AppleWebKit/537.36 (KHTML, like Gecko) Chrome/123.0.0.0 Safari/537.36"
122.161.65.100 - - [16/Apr/2024:20:03:50 +0000] "POST /roundcube/?_task=mail&_action=refresh HTTP/1.1" 200 180 "https://server.mswebtech.com/roundcube/?_task=mail&_mbox=INBOX" "Mozilla/5.0 (Windows NT 10.0; Win64; x64) AppleWebKit/537.36 (KHTML, like Gecko) Chrome/123.0.0.0 Safari/537.36"
122.161.65.100 - - [16/Apr/2024:20:04:51 +0000] "POST /roundcube/?_task=mail&_action=refresh HTTP/1.1" 200 181 "https://server.mswebtech.com/roundcube/?_task=mail&_mbox=INBOX" "Mozilla/5.0 (Windows NT 10.0; Win64; x64) AppleWebKit/537.36 (KHTML, like Gecko) Chrome/123.0.0.0 Safari/537.36"
167.94.138.2 - - [16/Apr/2024:20:05:42 +0000] "GET / HTTP/1.1" 400 255 "-" "Mozilla/5.0 (compatible; CensysInspect/1.1; +https://about.censys.io/)"
167.94.138.2 - - [16/Apr/2024:20:05:42 +0000] "PRI * HTTP/2.0" 400 157 "-" "-"
122.161.65.100 - - [16/Apr/2024:20:05:52 +0000] "POST /roundcube/?_task=mail&_action=refresh HTTP/1.1" 200 181 "https://server.mswebtech.com/roundcube/?_task=mail&_mbox=INBOX" "Mozilla/5.0 (Windows NT 10.0; Win64; x64) AppleWebKit/537.36 (KHTML, like Gecko) Chrome/123.0.0.0 Safari/537.36"
122.161.65.100 - - [16/Apr/2024:20:06:53 +0000] "POST /roundcube/?_task=mail&_action=refresh HTTP/1.1" 200 180 "https://server.mswebtech.com/roundcube/?_task=mail&_mbox=INBOX" "Mozilla/5.0 (Windows NT 10.0; Win64; x64) AppleWebKit/537.36 (KHTML, like Gecko) Chrome/123.0.0.0 Safari/537.36"
122.161.65.100 - - [16/Apr/2024:20:07:54 +0000] "POST /roundcube/?_task=mail&_action=refresh HTTP/1.1" 200 180 "https://server.mswebtech.com/roundcube/?_task=mail&_mbox=INBOX" "Mozilla/5.0 (Windows NT 10.0; Win64; x64) AppleWebKit/537.36 (KHTML, like Gecko) Chrome/123.0.0.0 Safari/537.36"
122.161.65.100 - - [16/Apr/2024:20:08:55 +0000] "POST /roundcube/?_task=mail&_action=refresh HTTP/1.1" 200 181 "https://server.mswebtech.com/roundcube/?_task=mail&_mbox=INBOX" "Mozilla/5.0 (Windows NT 10.0; Win64; x64) AppleWebKit/537.36 (KHTML, like Gecko) Chrome/123.0.0.0 Safari/537.36"
122.161.65.100 - - [16/Apr/2024:20:09:56 +0000] "POST /roundcube/?_task=mail&_action=refresh HTTP/1.1" 200 181 "https://server.mswebtech.com/roundcube/?_task=mail&_mbox=INBOX" "Mozilla/5.0 (Windows NT 10.0; Win64; x64) AppleWebKit/537.36 (KHTML, like Gecko) Chrome/123.0.0.0 Safari/537.36"
122.161.65.100 - - [16/Apr/2024:20:10:57 +0000] "POST /roundcube/?_task=mail&_action=refresh HTTP/1.1" 200 181 "https://server.mswebtech.com/roundcube/?_task=mail&_mbox=INBOX" "Mozilla/5.0 (Windows NT 10.0; Win64; x64) AppleWebKit/537.36 (KHTML, like Gecko) Chrome/123.0.0.0 Safari/537.36"
122.161.65.100 - - [16/Apr/2024:20:11:58 +0000] "POST /roundcube/?_task=mail&_action=refresh HTTP/1.1" 200 180 "https://server.mswebtech.com/roundcube/?_task=mail&_mbox=INBOX" "Mozilla/5.0 (Windows NT 10.0; Win64; x64) AppleWebKit/537.36 (KHTML, like Gecko) Chrome/123.0.0.0 Safari/537.36"
122.161.65.100 - - [16/Apr/2024:20:12:59 +0000] "POST /roundcube/?_task=mail&_action=refresh HTTP/1.1" 200 181 "https://server.mswebtech.com/roundcube/?_task=mail&_mbox=INBOX" "Mozilla/5.0 (Windows NT 10.0; Win64; x64) AppleWebKit/537.36 (KHTML, like Gecko) Chrome/123.0.0.0 Safari/537.36"
122.161.65.100 - - [16/Apr/2024:20:14:00 +0000] "POST /roundcube/?_task=mail&_action=refresh HTTP/1.1" 200 180 "https://server.mswebtech.com/roundcube/?_task=mail&_mbox=INBOX" "Mozilla/5.0 (Windows NT 10.0; Win64; x64) AppleWebKit/537.36 (KHTML, like Gecko) Chrome/123.0.0.0 Safari/537.36"
122.161.65.100 - - [16/Apr/2024:20:15:01 +0000] "POST /roundcube/?_task=mail&_action=refresh HTTP/1.1" 200 180 "https://server.mswebtech.com/roundcube/?_task=mail&_mbox=INBOX" "Mozilla/5.0 (Windows NT 10.0; Win64; x64) AppleWebKit/537.36 (KHTML, like Gecko) Chrome/123.0.0.0 Safari/537.36"
122.161.65.100 - - [16/Apr/2024:20:16:02 +0000] "POST /roundcube/?_task=mail&_action=refresh HTTP/1.1" 200 181 "https://server.mswebtech.com/roundcube/?_task=mail&_mbox=INBOX" "Mozilla/5.0 (Windows NT 10.0; Win64; x64) AppleWebKit/537.36 (KHTML, like Gecko) Chrome/123.0.0.0 Safari/537.36"
122.161.65.100 - - [16/Apr/2024:20:17:03 +0000] "POST /roundcube/?_task=mail&_action=refresh HTTP/1.1" 200 181 "https://server.mswebtech.com/roundcube/?_task=mail&_mbox=INBOX" "Mozilla/5.0 (Windows NT 10.0; Win64; x64) AppleWebKit/537.36 (KHTML, like Gecko) Chrome/123.0.0.0 Safari/537.36"
122.161.65.100 - - [16/Apr/2024:20:18:04 +0000] "POST /roundcube/?_task=mail&_action=refresh HTTP/1.1" 200 181 "https://server.mswebtech.com/roundcube/?_task=mail&_mbox=INBOX" "Mozilla/5.0 (Windows NT 10.0; Win64; x64) AppleWebKit/537.36 (KHTML, like Gecko) Chrome/123.0.0.0 Safari/537.36"
122.161.65.100 - - [16/Apr/2024:20:19:05 +0000] "POST /roundcube/?_task=mail&_action=refresh HTTP/1.1" 200 181 "https://server.mswebtech.com/roundcube/?_task=mail&_mbox=INBOX" "Mozilla/5.0 (Windows NT 10.0; Win64; x64) AppleWebKit/537.36 (KHTML, like Gecko) Chrome/123.0.0.0 Safari/537.36"
122.161.65.100 - - [16/Apr/2024:20:20:06 +0000] "POST /roundcube/?_task=mail&_action=refresh HTTP/1.1" 200 181 "https://server.mswebtech.com/roundcube/?_task=mail&_mbox=INBOX" "Mozilla/5.0 (Windows NT 10.0; Win64; x64) AppleWebKit/537.36 (KHTML, like Gecko) Chrome/123.0.0.0 Safari/537.36"
122.161.65.100 - - [16/Apr/2024:20:21:07 +0000] "POST /roundcube/?_task=mail&_action=refresh HTTP/1.1" 200 181 "https://server.mswebtech.com/roundcube/?_task=mail&_mbox=INBOX" "Mozilla/5.0 (Windows NT 10.0; Win64; x64) AppleWebKit/537.36 (KHTML, like Gecko) Chrome/123.0.0.0 Safari/537.36"
192.241.222.34 - - [16/Apr/2024:20:21:43 +0000] "GET /ReportServer HTTP/1.1" 404 196 "-" "Mozilla/5.0 zgrab/0.x"
122.161.65.100 - - [16/Apr/2024:20:22:08 +0000] "POST /roundcube/?_task=mail&_action=refresh HTTP/1.1" 200 180 "https://server.mswebtech.com/roundcube/?_task=mail&_mbox=INBOX" "Mozilla/5.0 (Windows NT 10.0; Win64; x64) AppleWebKit/537.36 (KHTML, like Gecko) Chrome/123.0.0.0 Safari/537.36"
122.161.65.100 - - [16/Apr/2024:20:23:09 +0000] "POST /roundcube/?_task=mail&_action=refresh HTTP/1.1" 200 180 "https://server.mswebtech.com/roundcube/?_task=mail&_mbox=INBOX" "Mozilla/5.0 (Windows NT 10.0; Win64; x64) AppleWebKit/537.36 (KHTML, like Gecko) Chrome/123.0.0.0 Safari/537.36"
122.161.65.100 - - [16/Apr/2024:20:24:10 +0000] "POST /roundcube/?_task=mail&_action=refresh HTTP/1.1" 200 180 "https://server.mswebtech.com/roundcube/?_task=mail&_mbox=INBOX" "Mozilla/5.0 (Windows NT 10.0; Win64; x64) AppleWebKit/537.36 (KHTML, like Gecko) Chrome/123.0.0.0 Safari/537.36"
122.161.65.100 - - [16/Apr/2024:20:25:11 +0000] "POST /roundcube/?_task=mail&_action=refresh HTTP/1.1" 200 180 "https://server.mswebtech.com/roundcube/?_task=mail&_mbox=INBOX" "Mozilla/5.0 (Windows NT 10.0; Win64; x64) AppleWebKit/537.36 (KHTML, like Gecko) Chrome/123.0.0.0 Safari/537.36"
122.161.65.100 - - [16/Apr/2024:20:26:12 +0000] "POST /roundcube/?_task=mail&_action=refresh HTTP/1.1" 200 181 "https://server.mswebtech.com/roundcube/?_task=mail&_mbox=INBOX" "Mozilla/5.0 (Windows NT 10.0; Win64; x64) AppleWebKit/537.36 (KHTML, like Gecko) Chrome/123.0.0.0 Safari/537.36"
122.161.65.100 - - [16/Apr/2024:20:27:13 +0000] "POST /roundcube/?_task=mail&_action=refresh HTTP/1.1" 200 180 "https://server.mswebtech.com/roundcube/?_task=mail&_mbox=INBOX" "Mozilla/5.0 (Windows NT 10.0; Win64; x64) AppleWebKit/537.36 (KHTML, like Gecko) Chrome/123.0.0.0 Safari/537.36"
122.161.65.100 - - [16/Apr/2024:20:28:14 +0000] "POST /roundcube/?_task=mail&_action=refresh HTTP/1.1" 200 180 "https://server.mswebtech.com/roundcube/?_task=mail&_mbox=INBOX" "Mozilla/5.0 (Windows NT 10.0; Win64; x64) AppleWebKit/537.36 (KHTML, like Gecko) Chrome/123.0.0.0 Safari/537.36"
52.167.144.25 - - [16/Apr/2024:20:28:54 +0000] "GET /sitemap.xml HTTP/1.1" 404 4571 "-" "Mozilla/5.0 AppleWebKit/537.36 (KHTML, like Gecko; compatible; bingbot/2.0; +http://www.bing.com/bingbot.htm) Chrome/116.0.1938.76 Safari/537.36"
122.161.65.100 - - [16/Apr/2024:20:29:15 +0000] "POST /roundcube/?_task=mail&_action=refresh HTTP/1.1" 200 180 "https://server.mswebtech.com/roundcube/?_task=mail&_mbox=INBOX" "Mozilla/5.0 (Windows NT 10.0; Win64; x64) AppleWebKit/537.36 (KHTML, like Gecko) Chrome/123.0.0.0 Safari/537.36"
122.161.65.100 - - [16/Apr/2024:20:30:16 +0000] "POST /roundcube/?_task=mail&_action=refresh HTTP/1.1" 200 180 "https://server.mswebtech.com/roundcube/?_task=mail&_mbox=INBOX" "Mozilla/5.0 (Windows NT 10.0; Win64; x64) AppleWebKit/537.36 (KHTML, like Gecko) Chrome/123.0.0.0 Safari/537.36"
122.161.65.100 - - [16/Apr/2024:20:31:17 +0000] "POST /roundcube/?_task=mail&_action=refresh HTTP/1.1" 200 181 "https://server.mswebtech.com/roundcube/?_task=mail&_mbox=INBOX" "Mozilla/5.0 (Windows NT 10.0; Win64; x64) AppleWebKit/537.36 (KHTML, like Gecko) Chrome/123.0.0.0 Safari/537.36"
122.161.65.100 - - [16/Apr/2024:20:32:18 +0000] "POST /roundcube/?_task=mail&_action=refresh HTTP/1.1" 200 180 "https://server.mswebtech.com/roundcube/?_task=mail&_mbox=INBOX" "Mozilla/5.0 (Windows NT 10.0; Win64; x64) AppleWebKit/537.36 (KHTML, like Gecko) Chrome/123.0.0.0 Safari/537.36"
122.161.65.100 - - [16/Apr/2024:20:33:19 +0000] "POST /roundcube/?_task=mail&_action=refresh HTTP/1.1" 200 181 "https://server.mswebtech.com/roundcube/?_task=mail&_mbox=INBOX" "Mozilla/5.0 (Windows NT 10.0; Win64; x64) AppleWebKit/537.36 (KHTML, like Gecko) Chrome/123.0.0.0 Safari/537.36"
