167.94.138.35 - - [13/Apr/2024:02:26:10 +0000] "PRI * HTTP/2.0" 400 157 "-" "-"
217.182.175.187 - - [13/Apr/2024:02:26:54 +0000] "GET /robots.txt HTTP/1.1" 200 109 "-" "Mozilla/5.0 (compatible; MJ12bot/v1.4.8; http://mj12bot.com/)"
198.74.56.46 - - [13/Apr/2024:02:26:58 +0000] "GET / HTTP/1.1" 400 255 "-" "Mozilla/5.0 zgrab/0.x"
217.182.175.187 - - [13/Apr/2024:02:27:07 +0000] "GET / HTTP/1.1" 200 4571 "-" "Mozilla/5.0 (compatible; MJ12bot/v1.4.8; http://mj12bot.com/)"
45.79.181.251 - - [13/Apr/2024:02:29:54 +0000] "GET / HTTP/1.1" 200 1971 "-" "Mozilla/5.0 (Macintosh; Intel Mac OS X 13_1) AppleWebKit/537.36 (KHTML, like Gecko) Chrome/108.0.0.0 Safari/537.36"
167.94.138.2 - - [13/Apr/2024:02:35:39 +0000] "GET / HTTP/1.1" 400 255 "-" "Mozilla/5.0 (compatible; CensysInspect/1.1; +https://about.censys.io/)"
167.94.138.2 - - [13/Apr/2024:02:35:40 +0000] "PRI * HTTP/2.0" 400 157 "-" "-"
45.79.163.53 - - [13/Apr/2024:02:37:33 +0000] "GET / HTTP/1.1" 400 255 "-" "Mozilla/5.0 zgrab/0.x"
167.94.138.2 - - [13/Apr/2024:03:05:38 +0000] "GET / HTTP/1.1" 400 255 "-" "Mozilla/5.0 (compatible; CensysInspect/1.1; +https://about.censys.io/)"
167.94.138.2 - - [13/Apr/2024:03:05:38 +0000] "PRI * HTTP/2.0" 400 157 "-" "-"
34.78.249.41 - - [13/Apr/2024:03:09:41 +0000] "GET / HTTP/1.1" 200 1971 "-" "python-requests/2.31.0"
115.231.78.5 - - [13/Apr/2024:03:29:27 +0000] "GET / HTTP/1.1" 200 5069 "-" "Mozilla/5.0 (Windows NT 6.1) AppleWebKit/537.36 (KHTML, like Gecko) Chrome/71.0.2623.112 Safari/537.36"
167.94.138.2 - - [13/Apr/2024:03:35:38 +0000] "GET / HTTP/1.1" 400 255 "-" "Mozilla/5.0 (compatible; CensysInspect/1.1; +https://about.censys.io/)"
167.94.138.2 - - [13/Apr/2024:03:35:39 +0000] "PRI * HTTP/2.0" 400 157 "-" "-"
45.79.181.104 - - [13/Apr/2024:03:35:57 +0000] "GET / HTTP/1.1" 200 1971 "-" "Mozilla/5.0 (Macintosh; Intel Mac OS X 13_1) AppleWebKit/537.36 (KHTML, like Gecko) Chrome/108.0.0.0 Safari/537.36"
194.48.251.17 - - [13/Apr/2024:03:36:43 +0000] "GET /.env HTTP/1.1" 404 196 "-" "Mozilla/5.0 (Linux; U; Android 4.4.2; en-US; HM NOTE 1W Build/KOT49H) AppleWebKit/534.30 (KHTML, like Gecko) Version/4.0 UCBrowser/11.0.5.850 U3/0.8.0 Mobile Safari/534.30"
194.48.251.17 - - [13/Apr/2024:03:36:44 +0000] "POST / HTTP/1.1" 200 1971 "-" "Mozilla/5.0 (Linux; U; Android 4.4.2; en-US; HM NOTE 1W Build/KOT49H) AppleWebKit/534.30 (KHTML, like Gecko) Version/4.0 UCBrowser/11.0.5.850 U3/0.8.0 Mobile Safari/534.30"
167.94.138.2 - - [13/Apr/2024:04:05:39 +0000] "GET / HTTP/1.1" 400 255 "-" "Mozilla/5.0 (compatible; CensysInspect/1.1; +https://about.censys.io/)"
167.94.138.2 - - [13/Apr/2024:04:05:40 +0000] "PRI * HTTP/2.0" 400 157 "-" "-"
192.155.88.231 - - [13/Apr/2024:04:14:17 +0000] "GET / HTTP/1.1" 400 255 "-" "Mozilla/5.0 zgrab/0.x"
167.94.138.2 - - [13/Apr/2024:04:35:39 +0000] "GET / HTTP/1.1" 400 255 "-" "Mozilla/5.0 (compatible; CensysInspect/1.1; +https://about.censys.io/)"
167.94.138.2 - - [13/Apr/2024:04:35:40 +0000] "PRI * HTTP/2.0" 400 157 "-" "-"
35.171.144.152 - - [13/Apr/2024:04:45:58 +0000] "GET / HTTP/1.1" 200 5069 "-" "Mozilla/5.0 \x5C(Windows NT 10.0\x5C; Win64\x5C; x64\x5C) AppleWebKit/537.36 \x5C(KHTML, like Gecko\x5C) Chrome/100.0.4896.60 Safari/537.36"
35.171.144.152 - - [13/Apr/2024:04:45:58 +0000] "GET / HTTP/1.1" 200 5069 "-" "Mozilla/5.0 \x5C(Windows NT 10.0\x5C; Win64\x5C; x64\x5C) AppleWebKit/537.36 \x5C(KHTML, like Gecko\x5C) Chrome/100.0.4896.60 Safari/537.36"
167.94.138.2 - - [13/Apr/2024:05:05:39 +0000] "GET / HTTP/1.1" 400 255 "-" "Mozilla/5.0 (compatible; CensysInspect/1.1; +https://about.censys.io/)"
167.94.138.2 - - [13/Apr/2024:05:05:40 +0000] "PRI * HTTP/2.0" 400 157 "-" "-"
45.79.181.251 - - [13/Apr/2024:05:16:26 +0000] "GET / HTTP/1.1" 200 1971 "-" "Mozilla/5.0 (Macintosh; Intel Mac OS X 13_1) AppleWebKit/537.36 (KHTML, like Gecko) Chrome/108.0.0.0 Safari/537.36"
66.249.68.8 - - [13/Apr/2024:05:18:19 +0000] "GET /robots.txt HTTP/1.1" 404 196 "-" "Mozilla/5.0 (compatible; Googlebot/2.1; +http://www.google.com/bot.html)"
66.249.68.7 - - [13/Apr/2024:05:18:20 +0000] "GET /ads.txt HTTP/1.1" 404 196 "-" "Mozilla/5.0 (compatible; Googlebot/2.1; +http://www.google.com/bot.html)"
162.216.150.147 - - [13/Apr/2024:05:19:27 +0000] "GET / HTTP/1.1" 200 5069 "-" "Expanse, a Palo Alto Networks company, searches across the global IPv4 space multiple times per day to identify customers&#39; presences on the Internet. If you would like to be excluded from our scans, please send IP addresses/domains to: scaninfo@paloaltonetworks.com"
199.45.155.48 - - [13/Apr/2024:05:28:46 +0000] "GET / HTTP/1.1" 200 5069 "-" "-"
199.45.155.48 - - [13/Apr/2024:05:29:03 +0000] "PRI * HTTP/2.0" 400 157 "-" "-"
167.94.138.2 - - [13/Apr/2024:05:35:38 +0000] "GET / HTTP/1.1" 400 255 "-" "Mozilla/5.0 (compatible; CensysInspect/1.1; +https://about.censys.io/)"
167.94.138.2 - - [13/Apr/2024:05:35:39 +0000] "PRI * HTTP/2.0" 400 157 "-" "-"
179.43.180.114 - - [13/Apr/2024:05:41:04 +0000] "GET / HTTP/1.1" 200 1971 "-" "Mozilla/5.0 (Linux; Android 9; GM1910) AppleWebKit/537.36 (KHTML, like Gecko) Chrome/76.0.3809.111 Mobile Safari/537.36"
185.156.72.30 - - [13/Apr/2024:05:43:08 +0000] "GET /.git/config HTTP/1.1" 403 153 "-" "Go-http-client/1.1"
205.210.31.224 - - [13/Apr/2024:05:43:11 +0000] "GET / HTTP/1.1" 200 5069 "-" "Expanse, a Palo Alto Networks company, searches across the global IPv4 space multiple times per day to identify customers&#39; presences on the Internet. If you would like to be excluded from our scans, please send IP addresses/domains to: scaninfo@paloaltonetworks.com"
78.153.140.177 - - [13/Apr/2024:05:45:10 +0000] "GET /.env HTTP/1.1" 400 657 "-" "Mozilla/5.0 (X11; Linux x86_64) AppleWebKit/537.36 (KHTML, like Gecko) Chrome/81.0.4044.129 Safari/537.36"
78.153.140.177 - - [13/Apr/2024:05:45:10 +0000] "GET /.env HTTP/1.1" 404 196 "-" "Mozilla/5.0 (X11; Linux x86_64) AppleWebKit/537.36 (KHTML, like Gecko) Chrome/81.0.4044.129 Safari/537.36"
205.210.31.38 - - [13/Apr/2024:06:05:30 +0000] "GET / HTTP/1.1" 200 5069 "-" "Expanse, a Palo Alto Networks company, searches across the global IPv4 space multiple times per day to identify customers&#39; presences on the Internet. If you would like to be excluded from our scans, please send IP addresses/domains to: scaninfo@paloaltonetworks.com"
167.94.138.2 - - [13/Apr/2024:06:05:39 +0000] "GET / HTTP/1.1" 400 255 "-" "Mozilla/5.0 (compatible; CensysInspect/1.1; +https://about.censys.io/)"
167.94.138.2 - - [13/Apr/2024:06:05:40 +0000] "PRI * HTTP/2.0" 400 157 "-" "-"
47.128.37.73 - - [13/Apr/2024:06:26:03 +0000] "GET /mice.php HTTP/1.1" 200 7464 "-" "Mozilla/5.0 (compatible; Bytespider; spider-feedback@bytedance.com) AppleWebKit/537.36 (KHTML, like Gecko) Chrome/70.0.0.0 Safari/537.36"
47.128.37.73 - - [13/Apr/2024:06:26:03 +0000] "GET /css/custom.css HTTP/1.1" 200 4214 "https://www.travellineholidays.com/mice.php" "Mozilla/5.0 (compatible; Bytespider; spider-feedback@bytedance.com) AppleWebKit/537.36 (KHTML, like Gecko) Chrome/70.0.0.0 Safari/537.36"
47.128.37.73 - - [13/Apr/2024:06:26:03 +0000] "GET /css/bootstrap.min.css HTTP/1.1" 200 24316 "https://www.travellineholidays.com/mice.php" "Mozilla/5.0 (compatible; Bytespider; spider-feedback@bytedance.com) AppleWebKit/537.36 (KHTML, like Gecko) Chrome/70.0.0.0 Safari/537.36"
47.128.37.73 - - [13/Apr/2024:06:26:04 +0000] "GET /font-awesome-4.1.0/css/font-awesome.min.css HTTP/1.1" 200 4724 "https://www.travellineholidays.com/mice.php" "Mozilla/5.0 (compatible; Bytespider; spider-feedback@bytedance.com) AppleWebKit/537.36 (KHTML, like Gecko) Chrome/70.0.0.0 Safari/537.36"
47.128.37.73 - - [13/Apr/2024:06:26:04 +0000] "GET /css/plugins/social-buttons.css HTTP/1.1" 200 2011 "https://www.travellineholidays.com/mice.php" "Mozilla/5.0 (compatible; Bytespider; spider-feedback@bytedance.com) AppleWebKit/537.36 (KHTML, like Gecko) Chrome/70.0.0.0 Safari/537.36"
47.128.37.73 - - [13/Apr/2024:06:26:04 +0000] "GET /js/jquery.js HTTP/1.1" 200 33297 "https://www.travellineholidays.com/mice.php" "Mozilla/5.0 (compatible; Bytespider; spider-feedback@bytedance.com) AppleWebKit/537.36 (KHTML, like Gecko) Chrome/70.0.0.0 Safari/537.36"
47.128.37.73 - - [13/Apr/2024:06:26:04 +0000] "GET /js/bootstrap.min.js HTTP/1.1" 200 9255 "https://www.travellineholidays.com/mice.php" "Mozilla/5.0 (compatible; Bytespider; spider-feedback@bytedance.com) AppleWebKit/537.36 (KHTML, like Gecko) Chrome/70.0.0.0 Safari/537.36"
47.128.37.73 - - [13/Apr/2024:06:26:04 +0000] "GET /images/logo.png HTTP/1.1" 200 27920 "https://www.travellineholidays.com/mice.php" "Mozilla/5.0 (compatible; Bytespider; spider-feedback@bytedance.com) AppleWebKit/537.36 (KHTML, like Gecko) Chrome/70.0.0.0 Safari/537.36"
47.128.37.73 - - [13/Apr/2024:06:26:04 +0000] "GET /galleryimg/9811fd4cbbf3bd82b8544b851849e8ce.jpg HTTP/1.1" 200 280552 "https://www.travellineholidays.com/mice.php" "Mozilla/5.0 (compatible; Bytespider; spider-feedback@bytedance.com) AppleWebKit/537.36 (KHTML, like Gecko) Chrome/70.0.0.0 Safari/537.36"
194.165.16.76 - - [13/Apr/2024:06:29:51 +0000] "\x03\x00\x00/*\xE0\x00\x00\x00\x00\x00Cookie: mstshash=Administr" 400 157 "-" "-"
47.128.96.166 - - [13/Apr/2024:06:30:08 +0000] "GET /robots.txt HTTP/1.1" 200 109 "-" "Mozilla/5.0 (Linux; Android 5.0) AppleWebKit/537.36 (KHTML, like Gecko) Mobile Safari/537.36 (compatible; Bytespider; spider-feedback@bytedance.com)"
167.94.138.2 - - [13/Apr/2024:06:35:38 +0000] "GET / HTTP/1.1" 400 255 "-" "Mozilla/5.0 (compatible; CensysInspect/1.1; +https://about.censys.io/)"
167.94.138.2 - - [13/Apr/2024:06:35:39 +0000] "PRI * HTTP/2.0" 400 157 "-" "-"
45.79.181.94 - - [13/Apr/2024:06:44:10 +0000] "GET / HTTP/1.1" 200 1971 "-" "Mozilla/5.0 (Macintosh; Intel Mac OS X 13_1) AppleWebKit/537.36 (KHTML, like Gecko) Chrome/108.0.0.0 Safari/537.36"
65.49.20.68 - - [13/Apr/2024:06:52:13 +0000] "GET / HTTP/1.1" 200 1971 "-" "Mozilla/5.0 (Windows NT 10.0; Win64; x64) AppleWebKit/537.36 (KHTML, like Gecko) Chrome/108.0.0.0 Safari/537.36"
65.49.20.68 - - [13/Apr/2024:06:55:23 +0000] "GET /webui/ HTTP/1.1" 404 196 "-" "Mozilla/5.0 (Windows NT 10.0; Win64; x64) AppleWebKit/537.36 (KHTML, like Gecko) Chrome/109.0.0.0 Safari/537.36 Edg/109.0.1518.78"
65.49.20.68 - - [13/Apr/2024:06:58:20 +0000] "GET /favicon.ico HTTP/1.1" 404 196 "-" "Mozilla/5.0 (X11; Linux x86_64; rv:109.0) Gecko/20100101 Firefox/109.0"
205.210.31.33 - - [13/Apr/2024:06:58:22 +0000] "GET / HTTP/1.1" 200 5069 "-" "-"
65.49.20.68 - - [13/Apr/2024:07:02:11 +0000] "GET /geoserver/web/ HTTP/1.1" 404 196 "-" "Mozilla/5.0 (Windows NT 10.0; Win64; x64) AppleWebKit/537.36 (KHTML, like Gecko) Chrome/109.0.0.0 Safari/537.36 Edg/109.0.1518.78"
65.49.20.68 - - [13/Apr/2024:07:02:55 +0000] "GET /.git/config HTTP/1.1" 403 153 "-" "Mozilla/5.0 (Windows NT 10.0; rv:102.0) Gecko/20100101 Firefox/102.0"
199.45.155.17 - - [13/Apr/2024:07:03:41 +0000] "GET / HTTP/1.1" 400 255 "-" "-"
199.45.155.17 - - [13/Apr/2024:07:03:52 +0000] "PRI * HTTP/2.0" 400 157 "-" "-"
167.94.138.2 - - [13/Apr/2024:07:05:39 +0000] "GET / HTTP/1.1" 400 255 "-" "Mozilla/5.0 (compatible; CensysInspect/1.1; +https://about.censys.io/)"
167.94.138.2 - - [13/Apr/2024:07:05:39 +0000] "PRI * HTTP/2.0" 400 157 "-" "-"
167.94.138.2 - - [13/Apr/2024:07:35:38 +0000] "GET / HTTP/1.1" 400 255 "-" "Mozilla/5.0 (compatible; CensysInspect/1.1; +https://about.censys.io/)"
167.94.138.2 - - [13/Apr/2024:07:35:39 +0000] "PRI * HTTP/2.0" 400 157 "-" "-"
167.94.138.2 - - [13/Apr/2024:08:05:38 +0000] "GET / HTTP/1.1" 400 255 "-" "Mozilla/5.0 (compatible; CensysInspect/1.1; +https://about.censys.io/)"
167.94.138.2 - - [13/Apr/2024:08:05:39 +0000] "PRI * HTTP/2.0" 400 157 "-" "-"
185.161.248.148 - - [13/Apr/2024:08:06:40 +0000] "\x03\x00\x00/*\xE0\x00\x00\x00\x00\x00Cookie: mstshash=Administr" 400 157 "-" "-"
52.167.144.58 - - [13/Apr/2024:08:20:41 +0000] "GET /robots.txt HTTP/1.1" 404 196 "-" "Mozilla/5.0 AppleWebKit/537.36 (KHTML, like Gecko; compatible; bingbot/2.0; +http://www.bing.com/bingbot.htm) Chrome/116.0.1938.76 Safari/537.36"
52.167.144.58 - - [13/Apr/2024:08:20:42 +0000] "GET /robots.txt HTTP/1.1" 404 196 "-" "Mozilla/5.0 AppleWebKit/537.36 (KHTML, like Gecko; compatible; bingbot/2.0; +http://www.bing.com/bingbot.htm) Chrome/116.0.1938.76 Safari/537.36"
40.77.167.40 - - [13/Apr/2024:08:20:58 +0000] "GET /sitemap.xml HTTP/1.1" 404 196 "-" "Mozilla/5.0 AppleWebKit/537.36 (KHTML, like Gecko; compatible; bingbot/2.0; +http://www.bing.com/bingbot.htm) Chrome/116.0.1938.76 Safari/537.36"
66.249.79.137 - - [13/Apr/2024:08:31:21 +0000] "GET / HTTP/1.1" 200 4588 "-" "Mozilla/5.0 (Linux; Android 6.0.1; Nexus 5X Build/MMB29P) AppleWebKit/537.36 (KHTML, like Gecko) Chrome/122.0.6261.94 Mobile Safari/537.36 (compatible; Googlebot/2.1; +http://www.google.com/bot.html)"
167.94.138.2 - - [13/Apr/2024:08:35:39 +0000] "GET / HTTP/1.1" 400 255 "-" "Mozilla/5.0 (compatible; CensysInspect/1.1; +https://about.censys.io/)"
167.94.138.2 - - [13/Apr/2024:08:35:40 +0000] "PRI * HTTP/2.0" 400 157 "-" "-"
69.164.217.74 - - [13/Apr/2024:08:37:42 +0000] "GET / HTTP/1.1" 400 255 "-" "Mozilla/5.0 zgrab/0.x"
192.155.90.118 - - [13/Apr/2024:08:38:24 +0000] "GET / HTTP/1.1" 200 1971 "-" "Mozilla/5.0 (Macintosh; Intel Mac OS X 13_1) AppleWebKit/537.36 (KHTML, like Gecko) Chrome/108.0.0.0 Safari/537.36"
172.105.128.13 - - [13/Apr/2024:08:38:37 +0000] "GET / HTTP/1.1" 200 1971 "-" "Mozilla/5.0 (Macintosh; Intel Mac OS X 13_1) AppleWebKit/537.36 (KHTML, like Gecko) Chrome/108.0.0.0 Safari/537.36"
45.79.181.104 - - [13/Apr/2024:08:38:51 +0000] "GET / HTTP/1.1" 200 1971 "-" "Mozilla/5.0 (Macintosh; Intel Mac OS X 13_1) AppleWebKit/537.36 (KHTML, like Gecko) Chrome/108.0.0.0 Safari/537.36"
45.79.172.21 - - [13/Apr/2024:08:39:37 +0000] "GET / HTTP/1.1" 200 1971 "-" "Mozilla/5.0 (Macintosh; Intel Mac OS X 13_1) AppleWebKit/537.36 (KHTML, like Gecko) Chrome/108.0.0.0 Safari/537.36"
172.104.11.4 - - [13/Apr/2024:08:39:53 +0000] "GET / HTTP/1.1" 200 1971 "-" "Mozilla/5.0 (Macintosh; Intel Mac OS X 13_1) AppleWebKit/537.36 (KHTML, like Gecko) Chrome/108.0.0.0 Safari/537.36"
172.104.11.34 - - [13/Apr/2024:08:40:09 +0000] "GET / HTTP/1.1" 200 1971 "-" "Mozilla/5.0 (Macintosh; Intel Mac OS X 13_1) AppleWebKit/537.36 (KHTML, like Gecko) Chrome/108.0.0.0 Safari/537.36"
172.105.128.11 - - [13/Apr/2024:08:40:29 +0000] "GET / HTTP/1.1" 200 1971 "-" "Mozilla/5.0 (Macintosh; Intel Mac OS X 13_1) AppleWebKit/537.36 (KHTML, like Gecko) Chrome/108.0.0.0 Safari/537.36"
172.104.11.51 - - [13/Apr/2024:08:40:44 +0000] "GET / HTTP/1.1" 200 1971 "-" "Mozilla/5.0 (Macintosh; Intel Mac OS X 13_1) AppleWebKit/537.36 (KHTML, like Gecko) Chrome/108.0.0.0 Safari/537.36"
172.104.11.46 - - [13/Apr/2024:08:41:00 +0000] "GET / HTTP/1.1" 200 1971 "-" "Mozilla/5.0 (Macintosh; Intel Mac OS X 13_1) AppleWebKit/537.36 (KHTML, like Gecko) Chrome/108.0.0.0 Safari/537.36"
192.155.90.220 - - [13/Apr/2024:08:41:19 +0000] "GET / HTTP/1.1" 200 1971 "-" "Mozilla/5.0 (Macintosh; Intel Mac OS X 13_1) AppleWebKit/537.36 (KHTML, like Gecko) Chrome/108.0.0.0 Safari/537.36"
192.155.90.118 - - [13/Apr/2024:08:41:59 +0000] "GET / HTTP/1.1" 200 1971 "-" "Mozilla/5.0 (Macintosh; Intel Mac OS X 13_1) AppleWebKit/537.36 (KHTML, like Gecko) Chrome/108.0.0.0 Safari/537.36"
45.79.128.205 - - [13/Apr/2024:08:42:35 +0000] "GET / HTTP/1.1" 200 1971 "-" "Mozilla/5.0 (Macintosh; Intel Mac OS X 13_1) AppleWebKit/537.36 (KHTML, like Gecko) Chrome/108.0.0.0 Safari/537.36"
45.79.172.21 - - [13/Apr/2024:08:42:51 +0000] "GET / HTTP/1.1" 200 1971 "-" "Mozilla/5.0 (Macintosh; Intel Mac OS X 13_1) AppleWebKit/537.36 (KHTML, like Gecko) Chrome/108.0.0.0 Safari/537.36"
167.94.138.2 - - [13/Apr/2024:09:05:40 +0000] "GET / HTTP/1.1" 400 255 "-" "Mozilla/5.0 (compatible; CensysInspect/1.1; +https://about.censys.io/)"
167.94.138.2 - - [13/Apr/2024:09:05:40 +0000] "PRI * HTTP/2.0" 400 157 "-" "-"
198.74.56.46 - - [13/Apr/2024:09:12:47 +0000] "GET / HTTP/1.1" 400 255 "-" "Mozilla/5.0 zgrab/0.x"
66.249.79.34 - - [13/Apr/2024:09:32:48 +0000] "GET /robots.txt HTTP/1.1" 404 196 "-" "Mozilla/5.0 (compatible; Googlebot/2.1; +http://www.google.com/bot.html)"
167.94.138.2 - - [13/Apr/2024:09:35:39 +0000] "GET / HTTP/1.1" 400 255 "-" "Mozilla/5.0 (compatible; CensysInspect/1.1; +https://about.censys.io/)"
167.94.138.2 - - [13/Apr/2024:09:35:39 +0000] "PRI * HTTP/2.0" 400 157 "-" "-"
165.154.120.30 - - [13/Apr/2024:10:00:56 +0000] "GET / HTTP/1.1" 200 5069 "-" "Mozilla/5.0 (Macintosh; Intel Mac OS X 10_15_7) AppleWebKit/537.36 (KHTML, like Gecko) Chrome/120.0.0.0 Safari/537.36 Edg/120.0.0.0"
165.154.120.30 - - [13/Apr/2024:10:01:15 +0000] "GET /favicon.ico HTTP/1.1" 404 196 "-" "Mozilla/5.0 (Macintosh; Intel Mac OS X 10_7_0) AppleWebKit/535.11 (KHTML, like Gecko) Chrome/17.0.963.56 Safari/535.11"
165.154.120.30 - - [13/Apr/2024:10:01:15 +0000] "GET /robots.txt HTTP/1.1" 404 196 "-" "Mozilla/5.0 (Macintosh; Intel Mac OS X 10_7_0) AppleWebKit/535.11 (KHTML, like Gecko) Chrome/17.0.963.56 Safari/535.11"
165.154.120.30 - - [13/Apr/2024:10:01:15 +0000] "GET /sitemap.xml HTTP/1.1" 404 196 "-" "Mozilla/5.0 (Macintosh; Intel Mac OS X 10_7_0) AppleWebKit/535.11 (KHTML, like Gecko) Chrome/17.0.963.56 Safari/535.11"
165.154.120.30 - - [13/Apr/2024:10:01:19 +0000] "GET / HTTP/1.1" 200 1971 "-" "Mozilla/5.0 (Macintosh; Intel Mac OS X 10_14_6) AppleWebKit/537.36 (KHTML, like Gecko) Chrome/81.0.4044.138 Safari/537.36"
167.94.138.2 - - [13/Apr/2024:10:05:39 +0000] "GET / HTTP/1.1" 400 255 "-" "Mozilla/5.0 (compatible; CensysInspect/1.1; +https://about.censys.io/)"
167.94.138.2 - - [13/Apr/2024:10:05:40 +0000] "PRI * HTTP/2.0" 400 157 "-" "-"
45.79.163.53 - - [13/Apr/2024:10:12:06 +0000] "GET / HTTP/1.1" 400 255 "-" "Mozilla/5.0 zgrab/0.x"
45.79.181.179 - - [13/Apr/2024:10:12:22 +0000] "GET / HTTP/1.1" 200 1971 "-" "Mozilla/5.0 (Macintosh; Intel Mac OS X 13_1) AppleWebKit/537.36 (KHTML, like Gecko) Chrome/108.0.0.0 Safari/537.36"
45.95.169.184 - - [13/Apr/2024:10:12:24 +0000] "POST /ajax HTTP/1.1" 404 196 "-" "Mozilla/4.0 (compatible; MSIE 8.0; Windows NT 5.1; Trident/4.0; .NET CLR 1.1.4322; .NET CLR 2.0.50727; .NET CLR 3.0.4506.2152; .NET CLR 3.5.30729)"
172.104.11.34 - - [13/Apr/2024:10:12:31 +0000] "GET / HTTP/1.1" 200 1971 "-" "Mozilla/5.0 (Macintosh; Intel Mac OS X 13_1) AppleWebKit/537.36 (KHTML, like Gecko) Chrome/108.0.0.0 Safari/537.36"
172.104.11.4 - - [13/Apr/2024:10:12:45 +0000] "GET / HTTP/1.1" 200 1971 "-" "Mozilla/5.0 (Macintosh; Intel Mac OS X 13_1) AppleWebKit/537.36 (KHTML, like Gecko) Chrome/108.0.0.0 Safari/537.36"
172.104.11.4 - - [13/Apr/2024:10:13:45 +0000] "GET / HTTP/1.1" 200 1971 "-" "Mozilla/5.0 (Macintosh; Intel Mac OS X 13_1) AppleWebKit/537.36 (KHTML, like Gecko) Chrome/108.0.0.0 Safari/537.36"
172.104.11.34 - - [13/Apr/2024:10:14:25 +0000] "GET / HTTP/1.1" 200 1971 "-" "Mozilla/5.0 (Macintosh; Intel Mac OS X 13_1) AppleWebKit/537.36 (KHTML, like Gecko) Chrome/108.0.0.0 Safari/537.36"
45.79.172.21 - - [13/Apr/2024:10:17:01 +0000] "GET / HTTP/1.1" 200 1971 "-" "Mozilla/5.0 (Macintosh; Intel Mac OS X 13_1) AppleWebKit/537.36 (KHTML, like Gecko) Chrome/108.0.0.0 Safari/537.36"
45.79.172.21 - - [13/Apr/2024:10:17:36 +0000] "GET / HTTP/1.1" 200 1971 "-" "Mozilla/5.0 (Macintosh; Intel Mac OS X 13_1) AppleWebKit/537.36 (KHTML, like Gecko) Chrome/108.0.0.0 Safari/537.36"
45.79.128.205 - - [13/Apr/2024:10:19:42 +0000] "GET / HTTP/1.1" 200 1971 "-" "Mozilla/5.0 (Macintosh; Intel Mac OS X 13_1) AppleWebKit/537.36 (KHTML, like Gecko) Chrome/108.0.0.0 Safari/537.36"
199.45.155.49 - - [13/Apr/2024:10:26:51 +0000] "GET / HTTP/1.1" 200 5069 "-" "-"
199.45.155.49 - - [13/Apr/2024:10:27:11 +0000] "PRI * HTTP/2.0" 400 157 "-" "-"
159.65.238.70 - - [13/Apr/2024:10:27:46 +0000] "GET / HTTP/1.1" 200 1971 "-" "Mozilla/5.0 (Macintosh; Intel Mac OS X 10_15_7) AppleWebKit/537.36 (KHTML, like Gecko) Chrome/121.0.0.0 Safari/537.36"
45.79.181.104 - - [13/Apr/2024:10:28:41 +0000] "GET / HTTP/1.1" 200 1971 "-" "Mozilla/5.0 (Macintosh; Intel Mac OS X 13_1) AppleWebKit/537.36 (KHTML, like Gecko) Chrome/108.0.0.0 Safari/537.36"
45.79.181.104 - - [13/Apr/2024:10:30:19 +0000] "GET / HTTP/1.1" 200 1971 "-" "Mozilla/5.0 (Macintosh; Intel Mac OS X 13_1) AppleWebKit/537.36 (KHTML, like Gecko) Chrome/108.0.0.0 Safari/537.36"
167.94.138.2 - - [13/Apr/2024:10:35:38 +0000] "GET / HTTP/1.1" 400 255 "-" "Mozilla/5.0 (compatible; CensysInspect/1.1; +https://about.censys.io/)"
167.94.138.2 - - [13/Apr/2024:10:35:39 +0000] "PRI * HTTP/2.0" 400 157 "-" "-"
172.105.128.11 - - [13/Apr/2024:10:36:06 +0000] "GET / HTTP/1.1" 200 1971 "-" "Mozilla/5.0 (Macintosh; Intel Mac OS X 13_1) AppleWebKit/537.36 (KHTML, like Gecko) Chrome/108.0.0.0 Safari/537.36"
172.105.128.11 - - [13/Apr/2024:10:38:33 +0000] "GET / HTTP/1.1" 200 1971 "-" "Mozilla/5.0 (Macintosh; Intel Mac OS X 13_1) AppleWebKit/537.36 (KHTML, like Gecko) Chrome/108.0.0.0 Safari/537.36"
69.164.217.245 - - [13/Apr/2024:10:56:46 +0000] "GET / HTTP/1.1" 400 255 "-" "Mozilla/5.0 zgrab/0.x"
167.94.138.2 - - [13/Apr/2024:11:05:39 +0000] "GET / HTTP/1.1" 400 255 "-" "Mozilla/5.0 (compatible; CensysInspect/1.1; +https://about.censys.io/)"
167.94.138.2 - - [13/Apr/2024:11:05:40 +0000] "PRI * HTTP/2.0" 400 157 "-" "-"
172.104.11.51 - - [13/Apr/2024:11:06:01 +0000] "GET / HTTP/1.1" 200 1971 "-" "Mozilla/5.0 (Macintosh; Intel Mac OS X 13_1) AppleWebKit/537.36 (KHTML, like Gecko) Chrome/108.0.0.0 Safari/537.36"
198.235.24.43 - - [13/Apr/2024:11:15:30 +0000] "GET / HTTP/1.1" 200 5069 "-" "-"
185.180.143.188 - - [13/Apr/2024:11:30:38 +0000] "GET / HTTP/1.1" 200 1971 "-" "Mozilla/5.0 (Windows NT 10.0; Win64; x64) AppleWebKit/537.36 (KHTML, like Gecko) Chrome/60.0.3112.113 Safari/537.36"
185.180.143.188 - - [13/Apr/2024:11:30:42 +0000] "GET /ext-js/app/common/zld_product_spec.js HTTP/1.1" 404 196 "-" "Mozilla/5.0 (Windows NT 10.0; Win64; x64) AppleWebKit/537.36 (KHTML, like Gecko) Chrome/60.0.3112.113 Safari/537.36"
167.94.138.2 - - [13/Apr/2024:11:35:42 +0000] "GET / HTTP/1.1" 400 255 "-" "Mozilla/5.0 (compatible; CensysInspect/1.1; +https://about.censys.io/)"
167.94.138.2 - - [13/Apr/2024:11:35:43 +0000] "PRI * HTTP/2.0" 400 157 "-" "-"
114.119.135.32 - - [13/Apr/2024:11:41:36 +0000] "GET /robots.txt HTTP/1.1" 200 109 "-" "Mozilla/5.0 (compatible;PetalBot;+https://webmaster.petalsearch.com/site/petalbot)"
172.104.210.105 - - [13/Apr/2024:11:50:12 +0000] "GET / HTTP/1.1" 400 255 "-" "Mozilla/5.0 zgrab/0.x"
167.94.138.2 - - [13/Apr/2024:12:05:39 +0000] "GET / HTTP/1.1" 400 255 "-" "Mozilla/5.0 (compatible; CensysInspect/1.1; +https://about.censys.io/)"
167.94.138.2 - - [13/Apr/2024:12:05:40 +0000] "PRI * HTTP/2.0" 400 157 "-" "-"
69.164.217.74 - - [13/Apr/2024:12:13:21 +0000] "GET / HTTP/1.1" 400 255 "-" "Mozilla/5.0 zgrab/0.x"
45.79.163.53 - - [13/Apr/2024:12:13:47 +0000] "GET / HTTP/1.1" 400 255 "-" "Mozilla/5.0 zgrab/0.x"
205.210.31.36 - - [13/Apr/2024:12:14:27 +0000] "GET / HTTP/1.1" 200 5069 "-" "Expanse, a Palo Alto Networks company, searches across the global IPv4 space multiple times per day to identify customers&#39; presences on the Internet. If you would like to be excluded from our scans, please send IP addresses/domains to: scaninfo@paloaltonetworks.com"
205.210.31.5 - - [13/Apr/2024:12:20:38 +0000] "GET / HTTP/1.1" 200 5069 "-" "-"
192.155.90.220 - - [13/Apr/2024:12:22:35 +0000] "GET / HTTP/1.1" 200 1971 "-" "Mozilla/5.0 (Macintosh; Intel Mac OS X 13_1) AppleWebKit/537.36 (KHTML, like Gecko) Chrome/108.0.0.0 Safari/537.36"
164.92.79.13 - - [13/Apr/2024:12:28:52 +0000] "GET / HTTP/1.1" 200 4571 "-" "Mozilla/5.0 (Macintosh; Intel Mac OS X 10_15_7) AppleWebKit/537.36 (KHTML, like Gecko) Chrome/121.0.0.0 Safari/537.36"
20.55.53.144 - - [13/Apr/2024:12:35:32 +0000] "GET /TVi0hHwNYlxpmbZc9OztKBjIS11 HTTP/1.1" 404 196 "-" "Mozilla/5.0 (Windows NT 10.0; Win64; x64) AppleWebKit/537.36 (KHTML, like Gecko) Chrome/79.0.3945.117 Safari/537.36"
167.94.138.2 - - [13/Apr/2024:12:35:39 +0000] "GET / HTTP/1.1" 400 255 "-" "Mozilla/5.0 (compatible; CensysInspect/1.1; +https://about.censys.io/)"
167.94.138.2 - - [13/Apr/2024:12:35:40 +0000] "PRI * HTTP/2.0" 400 157 "-" "-"
138.68.208.42 - - [13/Apr/2024:12:36:43 +0000] "GET / HTTP/1.1" 200 1971 "-" "Mozilla/5.0 zgrab/0.x"
205.210.31.32 - - [13/Apr/2024:12:55:30 +0000] "GET / HTTP/1.1" 200 5069 "-" "Expanse, a Palo Alto Networks company, searches across the global IPv4 space multiple times per day to identify customers&#39; presences on the Internet. If you would like to be excluded from our scans, please send IP addresses/domains to: scaninfo@paloaltonetworks.com"
167.94.138.2 - - [13/Apr/2024:13:05:39 +0000] "GET / HTTP/1.1" 400 255 "-" "Mozilla/5.0 (compatible; CensysInspect/1.1; +https://about.censys.io/)"
167.94.138.2 - - [13/Apr/2024:13:05:39 +0000] "PRI * HTTP/2.0" 400 157 "-" "-"
167.94.138.2 - - [13/Apr/2024:13:35:37 +0000] "GET / HTTP/1.1" 400 255 "-" "Mozilla/5.0 (compatible; CensysInspect/1.1; +https://about.censys.io/)"
167.94.138.2 - - [13/Apr/2024:13:35:38 +0000] "PRI * HTTP/2.0" 400 157 "-" "-"
192.155.88.231 - - [13/Apr/2024:13:46:10 +0000] "GET / HTTP/1.1" 400 255 "-" "Mozilla/5.0 zgrab/0.x"
167.94.138.2 - - [13/Apr/2024:14:05:38 +0000] "GET / HTTP/1.1" 400 255 "-" "Mozilla/5.0 (compatible; CensysInspect/1.1; +https://about.censys.io/)"
167.94.138.2 - - [13/Apr/2024:14:05:39 +0000] "PRI * HTTP/2.0" 400 157 "-" "-"
172.104.11.46 - - [13/Apr/2024:14:08:09 +0000] "GET / HTTP/1.1" 200 1971 "-" "Mozilla/5.0 (Macintosh; Intel Mac OS X 13_1) AppleWebKit/537.36 (KHTML, like Gecko) Chrome/108.0.0.0 Safari/537.36"
198.199.94.11 - - [13/Apr/2024:14:20:16 +0000] "GET /owa/auth/x.js HTTP/1.1" 404 196 "-" "Mozilla/5.0 zgrab/0.x"
205.210.31.23 - - [13/Apr/2024:14:27:13 +0000] "GET / HTTP/1.1" 200 25237 "-" "-"
147.182.149.213 - - [13/Apr/2024:14:31:46 +0000] "GET / HTTP/1.1" 200 1971 "-" "Mozilla/5.0 (Macintosh; Intel Mac OS X 10_15_7) AppleWebKit/537.36 (KHTML, like Gecko) Chrome/121.0.0.0 Safari/537.36"
167.94.138.2 - - [13/Apr/2024:14:35:39 +0000] "GET / HTTP/1.1" 400 255 "-" "Mozilla/5.0 (compatible; CensysInspect/1.1; +https://about.censys.io/)"
167.94.138.2 - - [13/Apr/2024:14:35:39 +0000] "PRI * HTTP/2.0" 400 157 "-" "-"
34.78.6.216 - - [13/Apr/2024:14:37:38 +0000] "GET / HTTP/1.1" 200 1971 "-" "python-requests/2.31.0"
114.119.147.152 - - [13/Apr/2024:14:40:22 +0000] "GET /robots.txt HTTP/1.1" 200 109 "-" "Mozilla/5.0 (compatible;PetalBot;+https://webmaster.petalsearch.com/site/petalbot)"
161.35.133.42 - - [13/Apr/2024:14:42:19 +0000] "GET / HTTP/1.1" 200 1976 "-" "Mozilla/5.0 (Macintosh; Intel Mac OS X 10_15_7) AppleWebKit/537.36 (KHTML, like Gecko) Chrome/121.0.0.0 Safari/537.36"
83.97.73.245 - - [13/Apr/2024:14:47:06 +0000] "GET /?XDEBUG_SESSION_START=phpstorm HTTP/1.1" 200 1971 "-" "Mozilla/5.0 (Windows NT 10.0; Win64; x64) AppleWebKit/537.36 (KHTML, like Gecko) Chrome/78.0.3904.108 Safari/537.36"
172.104.210.105 - - [13/Apr/2024:15:02:56 +0000] "GET / HTTP/1.1" 400 255 "-" "Mozilla/5.0 zgrab/0.x"
167.94.138.2 - - [13/Apr/2024:15:05:41 +0000] "GET / HTTP/1.1" 400 255 "-" "Mozilla/5.0 (compatible; CensysInspect/1.1; +https://about.censys.io/)"
167.94.138.2 - - [13/Apr/2024:15:05:42 +0000] "PRI * HTTP/2.0" 400 157 "-" "-"
192.155.90.220 - - [13/Apr/2024:15:06:33 +0000] "GET / HTTP/1.1" 200 1971 "-" "Mozilla/5.0 (Macintosh; Intel Mac OS X 13_1) AppleWebKit/537.36 (KHTML, like Gecko) Chrome/108.0.0.0 Safari/537.36"
192.241.209.20 - - [13/Apr/2024:15:09:55 +0000] "GET / HTTP/1.1" 400 255 "-" "Mozilla/5.0 zgrab/0.x"
198.235.24.153 - - [13/Apr/2024:15:13:45 +0000] "GET / HTTP/1.1" 200 5069 "-" "-"
45.79.181.104 - - [13/Apr/2024:15:30:16 +0000] "GET / HTTP/1.1" 200 1971 "-" "Mozilla/5.0 (Macintosh; Intel Mac OS X 13_1) AppleWebKit/537.36 (KHTML, like Gecko) Chrome/108.0.0.0 Safari/537.36"
51.222.253.15 - - [13/Apr/2024:15:34:24 +0000] "GET /robots.txt HTTP/1.1" 200 109 "-" "Mozilla/5.0 (compatible; AhrefsBot/7.0; +http://ahrefs.com/robot/)"
54.36.148.149 - - [13/Apr/2024:15:34:26 +0000] "GET /mice.php HTTP/1.1" 200 7464 "-" "Mozilla/5.0 (compatible; AhrefsBot/7.0; +http://ahrefs.com/robot/)"
167.94.138.2 - - [13/Apr/2024:15:35:42 +0000] "GET / HTTP/1.1" 400 255 "-" "Mozilla/5.0 (compatible; CensysInspect/1.1; +https://about.censys.io/)"
167.94.138.2 - - [13/Apr/2024:15:35:42 +0000] "PRI * HTTP/2.0" 400 157 "-" "-"
49.36.99.160 - - [13/Apr/2024:15:46:55 +0000] "GET /%2E%2E//google.com HTTP/1.1" 400 157 "-" "-"
167.94.138.2 - - [13/Apr/2024:16:05:40 +0000] "GET / HTTP/1.1" 400 255 "-" "Mozilla/5.0 (compatible; CensysInspect/1.1; +https://about.censys.io/)"
167.94.138.2 - - [13/Apr/2024:16:05:40 +0000] "PRI * HTTP/2.0" 400 157 "-" "-"
194.169.175.29 - - [13/Apr/2024:16:12:51 +0000] "GET /login HTTP/1.1" 404 196 "-" "Mozilla/5.0 (Windows NT 6.1; Win64; x64; rv:109.0) Gecko/20100101 Firefox/113.0"
194.169.175.29 - - [13/Apr/2024:16:13:03 +0000] "GET /api/v2/cmdb/system/admin/admin HTTP/1.1" 404 196 "-" "Mozilla/5.0 (Windows NT 10.0; Win64; x64) AppleWebKit/537.36 (KHTML, like Gecko) Chrome/122.0.0.0 Safari/537.36 Edg/122.0.0.0 OS/10.0.22621"
194.169.175.29 - - [13/Apr/2024:16:13:08 +0000] "GET /CACHE/sdesktop/data.xml HTTP/1.1" 404 196 "-" "Mozilla/5.0 (Macintosh; Intel Mac OS X 10_14_0) AppleWebKit/537.36 (KHTML, like Gecko) Chrome/110.0.0.0 Safari/537.36"
194.169.175.29 - - [13/Apr/2024:16:13:22 +0000] "GET /+CSCOE+/logon.html HTTP/1.1" 404 196 "-" "Mozilla/5.0 (X11; CrOS x86_64 15217.0.0) AppleWebKit/537.36 (KHTML, like Gecko) Chrome/109.0.0.0 Safari/537.36"
194.169.175.29 - - [13/Apr/2024:16:13:24 +0000] "GET /signin HTTP/1.1" 404 196 "-" "Mozilla/5.0 (Macintosh; Intel Mac OS X 10_11_3) AppleWebKit/606.1.36 (KHTML, like Gecko) Version/9.1.2 Safari/606.1.36"
194.169.175.29 - - [13/Apr/2024:16:13:28 +0000] "GET /login.html HTTP/1.1" 404 196 "-" "Mozilla/5.0 (Windows NT 10.0: Win64: x64) AppleWebKit/537.36 (KHTML, like Gecko) Chrome/121.0.0.0 Safari/537.36 Edg/121.0.0.0"
194.169.175.29 - - [13/Apr/2024:16:13:34 +0000] "GET / HTTP/1.1" 200 1971 "-" "Mozilla/5.0 (Macintosh; Intel Mac OS X 10_14_4) AppleWebKit/602.3.12 (KHTML, like Gecko) Version/9.1.2 Safari/602.3.12"
194.169.175.29 - - [13/Apr/2024:16:13:35 +0000] "GET /p/login/ HTTP/1.1" 404 196 "-" "Mozilla/5.0 (Macintosh; Intel Mac OS X 10_15_7) AppleWebKit/537.36 (KHTML, like Gecko) Chrome/112.0.0.0 Safari/537.36 Edg/112.0.1722.34"
194.169.175.29 - - [13/Apr/2024:16:13:42 +0000] "GET /desktop/container/landing.jsp?locale=en_US HTTP/1.1" 404 196 "-" "Mozilla/5.0 (Windows NT 10.0; Win64; x64) AppleWebKit/537.36 (KHTML, like Gecko) Chrome/121.0.0.0 Safari/537.36 Edg/121.0.0.0 OS/10.0.22621"
194.169.175.29 - - [13/Apr/2024:16:13:45 +0000] "GET /vpn/index.html HTTP/1.1" 404 196 "-" "Mozilla/5.0 (Windows NT 6.1; WOW64) AppleWebKit/537.36 (KHTML, like Gecko) Chrome/69.0.3497.100 Safari/537.36"
194.169.175.29 - - [13/Apr/2024:16:13:49 +0000] "GET /m/ HTTP/1.1" 404 196 "-" "Mozilla/5.0 (Macintosh; Intel Mac OS X 10_15_7) AppleWebKit/537.36 (KHTML, like Gecko) Chrome/113.0.0.0 Safari/537.36"
194.169.175.29 - - [13/Apr/2024:16:13:50 +0000] "GET /ui/ HTTP/1.1" 404 196 "-" "Mozilla/5.0 (Macintosh; Intel Mac OS X 10_15_7) AppleWebKit/605.1.15 (KHTML, like Gecko) Version/14.1.3 Safari/605.1.1514.1.3 Ddg/14.1.3"
194.169.175.29 - - [13/Apr/2024:16:13:52 +0000] "GET /CACHE/sdesktop/install/start.htm HTTP/1.1" 404 196 "-" "page-preview-tool Mozilla/5.0 (Windows NT 10.0; Win64; x64) AppleWebKit/537.36 (KHTML, like Gecko) Chrome/80.0.3987.132 Safari/537.36"
194.169.175.29 - - [13/Apr/2024:16:13:54 +0000] "GET /remote/login HTTP/1.1" 404 196 "-" "Mozilla/5.0 (X11; U; Linux x86_64; en-US; rv:1.8.0.3) Gecko/20060522 Firefox/1.5.0.3"
194.169.175.29 - - [13/Apr/2024:16:13:57 +0000] "GET /wlm/login?next=/wlm HTTP/1.1" 404 196 "-" "Mozilla/5.0 (X11; CrOS x8664 14541.0.0) AppleWebKit/537.36 (KHTML, like Gecko) Chrome/109.0.0.0 Safari/537.36"
194.169.175.29 - - [13/Apr/2024:16:13:58 +0000] "GET /WelcomeActions.jsp?action=ajaxGetWelcomeViewInfo HTTP/1.1" 404 196 "-" "Mozilla/5.0 (Windows NT 10.0; Win64; x64) AppleWebKit/537.36 (KHTML, like Gecko) Chrome/99.0.4844.82 Safari/537.36"
194.169.175.29 - - [13/Apr/2024:16:14:01 +0000] "GET / HTTP/1.1" 200 1971 "-" "Mozilla/5.0 (Macintosh; Intel Mac OS X 10_14_5) AppleWebKit/605.1.15 (KHTML, like Gecko) Version/12.1.1 Safari/605.1.15"
194.169.175.29 - - [13/Apr/2024:16:14:03 +0000] "GET /api/v1 HTTP/1.1" 404 196 "-" "Mozilla/5.0 (X11; Linux x86_64; rv:109.0) Gecko/20100101 Firefox/111.0"
194.26.135.111 - - [13/Apr/2024:16:15:07 +0000] "GET / HTTP/1.1" 200 5069 "-" "Curl/1.2.3.4"
194.169.175.29 - - [13/Apr/2024:16:19:06 +0000] "GET /CACHE/sdesktop/install/start.htm HTTP/1.1" 404 196 "-" "Mozilla/5.0 Macintosh Intel Mac OS X 10_15_7 AppleWebKit/605.1.15 KHTML like Gecko Version/16.0 Safari/605.1.15"
194.169.175.29 - - [13/Apr/2024:16:19:07 +0000] "GET /desktop/container/landing.jsp?locale=en_US HTTP/1.1" 404 196 "-" "Mozilla/5.0 (Macintosh; Intel Mac OS X 11_14) AppleWebKit/600.4.11 (KHTML, like Gecko) Version/13.3 Safari/626.33.4"
194.169.175.29 - - [13/Apr/2024:16:19:07 +0000] "GET /+CSCOE+/logon.html HTTP/1.1" 404 196 "-" "Mozilla/5.0 (Macintosh; Intel Mac OS X 10_15_7) AppleWebKit/605.1.15 (KHTML, like Gecko) Version/15.0 Safari/605.1.15"
194.169.175.29 - - [13/Apr/2024:16:19:08 +0000] "GET / HTTP/1.1" 200 1971 "-" "Mozilla/5.0 (Windows NT 6.1; Win64; x64; rv:84.0) Gecko/20100101 Firefox/84.0"
194.169.175.29 - - [13/Apr/2024:16:19:09 +0000] "GET /api/v1 HTTP/1.1" 404 196 "-" "Mozilla/5.0 (Macintosh; Intel Mac OS X 10_15_1) AppleWebKit/537.36 (KHTML, like Gecko) Chrome/109.0.0.0 Safari/537.36"
194.169.175.29 - - [13/Apr/2024:16:19:09 +0000] "GET /vpn/index.html HTTP/1.1" 404 196 "-" "Mozilla/5.0 (Windows NT 10.0; Win64; x64) AppleWebKit/537.36 (KHTML, like Gecko) Chrome/91.0.4472.124 Safari/537.36 Edg/91.0.864.70"
194.169.175.29 - - [13/Apr/2024:16:19:10 +0000] "GET /api/v2/cmdb/system/admin/admin HTTP/1.1" 404 196 "-" "Mozilla/5.0 (Windows NT 6.1; Win64; x64; rv:98.0) Gecko/20100101 Firefox/98.0"
194.169.175.29 - - [13/Apr/2024:16:19:10 +0000] "GET /ui/ HTTP/1.1" 404 196 "-" "Mozilla/5.0 (Macintosh; Intel Mac OS X 10_13_4) AppleWebKit/537.36 (KHTML, like Gecko) Chrome/92.0.4515.107 Safari/537.36 Edg/92.0.902.62"
194.169.175.29 - - [13/Apr/2024:16:19:11 +0000] "GET /m/ HTTP/1.1" 404 196 "-" "Mozilla/5.0 (Windows NT 10.0; Win64; x64) AppleWebKit/537.36 (KHTML, like Gecko) Chrome/87.0.4280.141 Safari/537.36"
194.169.175.29 - - [13/Apr/2024:16:19:11 +0000] "GET /login.html HTTP/1.1" 404 196 "-" "Mozilla/5.0 (Windows NT 6.1; Win64; x64; rv:47.0) Gecko/20100101 Firefox/47.0"
194.169.175.29 - - [13/Apr/2024:16:19:12 +0000] "GET /CACHE/sdesktop/data.xml HTTP/1.1" 404 196 "-" "Mozilla/5.0 (Windows NT 10.0; Win64; x64; rv:109.0) Gecko/20100101 Firefox/119.0"
194.169.175.29 - - [13/Apr/2024:16:19:13 +0000] "GET / HTTP/1.1" 200 1971 "-" "Mozilla/5.0 (Windows NT 6.3; rv:109.0) Gecko/20100101 Firefox/115.0"
194.169.175.29 - - [13/Apr/2024:16:19:14 +0000] "GET /signin HTTP/1.1" 404 196 "-" "Mozilla/5.0 (Windows NT 10.0; Win64; x64) AppleWebKit/537.36 (KHTML, like Gecko) Chrome/85.0.4183.83 Safari/537.36"
194.169.175.29 - - [13/Apr/2024:16:19:14 +0000] "GET /login HTTP/1.1" 404 196 "-" "Mozilla/5.0 (Macintosh; Intel Mac OS X 10_15_7) AppleWebKit/537.36 (KHTML, like Gecko) Chrome/120.0.0.0 Safari/537.36"
194.169.175.29 - - [13/Apr/2024:16:19:15 +0000] "GET /WelcomeActions.jsp?action=ajaxGetWelcomeViewInfo HTTP/1.1" 404 196 "-" "Mozilla/5.0 (X11; Linux x86_64) AppleWebKit/537.36 (KHTML, like Gecko) Chrome/120.0.0.0 Safari/537.36"
194.169.175.29 - - [13/Apr/2024:16:19:15 +0000] "GET /remote/login HTTP/1.1" 404 196 "-" "Mozilla/5.0 (Macintosh; Intel Mac OS X 10_13_6) AppleWebKit/605.1.15 (KHTML, like Gecko) Version/13.1.2 Safari/605.1.15"
194.169.175.29 - - [13/Apr/2024:16:19:15 +0000] "GET /p/login/ HTTP/1.1" 404 196 "-" "Mozilla/5.0 (Windows NT 6.1; Win64; x64; rv:109.0) Gecko/20100101 Firefox/115.0"
194.169.175.29 - - [13/Apr/2024:16:20:32 +0000] "GET / HTTP/1.1" 200 1971 "-" "Mozilla/5.0 (Windows NT 10.0; Win64; x64) AppleWebKit/537.36 (KHTML, like Gecko) Chrome/109.0.0.0 Safari/537.36 Edg/109.0.1518.140"
194.169.175.29 - - [13/Apr/2024:16:21:10 +0000] "GET /logon/LogonPoint/index.html HTTP/1.1" 404 196 "-" "Mozilla/5.0 (X11; Ubuntu; Linux x86_64; rv:109.0) Gecko/20100101 Firefox/119.0"
194.169.175.29 - - [13/Apr/2024:16:21:11 +0000] "GET /cuadmin/home.do HTTP/1.1" 404 196 "-" "Mozilla/5.0 (Windows NT 10.0; Win64; x64) AppleWebKit/537.36 (KHTML, like Gecko) Chrome/109.0.0.0 Safari/537.36 Edg/109.0.1518.61"
194.169.175.29 - - [13/Apr/2024:16:21:11 +0000] "GET /auth/login HTTP/1.1" 404 196 "-" "Mozilla/5.0 (Windows NT 10.0; Win64; x64) AppleWebKit/537.36 (KHTML, like Gecko) Chrome/109.0.0.0 Safari/537.36 Edg/109.0.1481.0"
194.169.175.29 - - [13/Apr/2024:16:21:12 +0000] "GET / HTTP/1.1" 200 1971 "-" "Mozilla/5.0 (Macintosh; Intel Mac OS X 10_15_7) AppleWebKit/605.1.15 (KHTML, like Gecko) Version/17.3.1 Mobile/15E148 Safari/604.1"
194.169.175.29 - - [13/Apr/2024:16:21:14 +0000] "GET /logon/LogonPoint/custom.html HTTP/1.1" 404 196 "-" "Mozilla/5.0 (Macintosh; Intel Mac OS X 10_10) AppleWebKit/604.2.4 (KHTML, like Gecko) Version/9.1.2 Safari/604.2.4"
194.169.175.29 - - [13/Apr/2024:16:21:14 +0000] "GET / HTTP/1.1" 200 1971 "-" "Mozilla/5.0 (Macintosh; Intel Mac OS X 10_15_7) AppleWebKit/537.36 (KHTML, like Gecko) Chrome/119.0.0.0 Safari/537.36 Edg/119.0.0.15"
194.169.175.29 - - [13/Apr/2024:16:21:14 +0000] "GET / HTTP/1.1" 200 1971 "-" "Mozilla/5.0 (X11; CrOS x86_64 14541.0.0) AppleWebKit/537.36 (KHTML, like Gecko) Chrome/108.0.0.0 Safari/537.36"
194.169.175.29 - - [13/Apr/2024:16:21:15 +0000] "GET / HTTP/1.1" 200 1971 "-" "Mozilla/5.0 (Macintosh; Intel Mac OS X 10_14_6) AppleWebKit/605.1.15 (KHTML, like Gecko) Version/13.0.3 Safari/605.1.15"
194.169.175.29 - - [13/Apr/2024:16:21:15 +0000] "GET / HTTP/1.1" 200 1971 "-" "Mozilla/5.0 (Windows NT 10.0; Win64; x64) AppleWebKit/537.36 (KHTML, like Gecko) Chrome/120.0.0.0 Whale/3.24.223.21 Safari/537.36"
194.169.175.29 - - [13/Apr/2024:16:21:15 +0000] "GET /index.html HTTP/1.1" 200 1959 "-" "Mozilla/5.0 (Windows NT 10.0; Win64; x64) AppleWebKit/537.36 (KHTML, like Gecko) Chrome/97.0.4280.67 Safari/537.36 Edg/97.0.664.52"
194.169.175.29 - - [13/Apr/2024:16:21:16 +0000] "GET /login HTTP/1.1" 404 196 "-" "Mozilla/5.0 (Macintosh; Intel Mac OS X 10_15_7) AppleWebKit/605.1.15 (KHTML, like Gecko) Version/17.4 Mobile/15E148 Safari/604.1"
194.169.175.29 - - [13/Apr/2024:16:21:19 +0000] "GET / HTTP/1.1" 200 1971 "-" "Mozilla/5.0 (Windows NT 10.0; Win64; x64) AppleWebKit/537.36 (KHTML, like Gecko) Chrome/99.0.4844.51 Safari/537.36 Edg/99.0.1150.30"
194.169.175.29 - - [13/Apr/2024:16:21:19 +0000] "GET /webvpn.html HTTP/1.1" 404 196 "-" "Mozilla/5.0 (Macintosh; Intel Mac OS X 10_15_7) AppleWebKit/537.36 (KHTML, like Gecko) Chrome/103.0.0.0 Safari/537.36"
194.169.175.29 - - [13/Apr/2024:16:21:20 +0000] "GET /my.policy HTTP/1.1" 404 196 "-" "Mozilla/5.0 (Macintosh; Intel Mac OS X 10_15_7) AppleWebKit/537.36 (KHTML, like Gecko) Chrome/113.0.0.0 Safari/537.36 Edg/113.0.1774.57"
83.97.73.245 - - [13/Apr/2024:16:27:45 +0000] "GET /actuator/gateway/routes HTTP/1.1" 404 196 "-" "Mozilla/5.0 (Windows NT 10.0; Win64; x64) AppleWebKit/537.36 (KHTML, like Gecko) Chrome/78.0.3904.108 Safari/537.36"
71.6.134.234 - - [13/Apr/2024:16:31:41 +0000] "GET / HTTP/1.1" 200 1971 "-" "Mozilla/5.0 (Windows NT 10.0; Win64; x64) AppleWebKit/537.36 (KHTML, like Gecko) Chrome/102.0.0.0 Safari/537.36"
71.6.134.234 - - [13/Apr/2024:16:32:54 +0000] "GET /favicon.ico HTTP/1.1" 404 196 "-" "Mozilla/5.0 (Windows NT 10.0; Win64; x64) AppleWebKit/537.36 (KHTML, like Gecko) Chrome/102.0.0.0 Safari/537.36"
198.74.56.46 - - [13/Apr/2024:16:33:29 +0000] "GET / HTTP/1.1" 400 255 "-" "Mozilla/5.0 zgrab/0.x"
167.94.138.2 - - [13/Apr/2024:16:35:38 +0000] "GET / HTTP/1.1" 400 255 "-" "Mozilla/5.0 (compatible; CensysInspect/1.1; +https://about.censys.io/)"
167.94.138.2 - - [13/Apr/2024:16:35:38 +0000] "PRI * HTTP/2.0" 400 157 "-" "-"
198.235.24.33 - - [13/Apr/2024:16:46:03 +0000] "GET / HTTP/1.1" 500 94 "-" "Expanse, a Palo Alto Networks company, searches across the global IPv4 space multiple times per day to identify customers&#39; presences on the Internet. If you would like to be excluded from our scans, please send IP addresses/domains to: scaninfo@paloaltonetworks.com"
167.94.138.2 - - [13/Apr/2024:17:05:39 +0000] "GET / HTTP/1.1" 400 255 "-" "Mozilla/5.0 (compatible; CensysInspect/1.1; +https://about.censys.io/)"
167.94.138.2 - - [13/Apr/2024:17:05:40 +0000] "PRI * HTTP/2.0" 400 157 "-" "-"
167.94.138.2 - - [13/Apr/2024:17:35:39 +0000] "GET / HTTP/1.1" 400 255 "-" "Mozilla/5.0 (compatible; CensysInspect/1.1; +https://about.censys.io/)"
167.94.138.2 - - [13/Apr/2024:17:35:39 +0000] "PRI * HTTP/2.0" 400 157 "-" "-"
167.94.138.2 - - [13/Apr/2024:18:05:39 +0000] "GET / HTTP/1.1" 400 255 "-" "Mozilla/5.0 (compatible; CensysInspect/1.1; +https://about.censys.io/)"
167.94.138.2 - - [13/Apr/2024:18:05:39 +0000] "PRI * HTTP/2.0" 400 157 "-" "-"
45.79.163.53 - - [13/Apr/2024:18:32:36 +0000] "GET / HTTP/1.1" 400 255 "-" "Mozilla/5.0 zgrab/0.x"
185.191.171.5 - - [13/Apr/2024:18:33:54 +0000] "GET /robots.txt HTTP/1.1" 200 109 "-" "Mozilla/5.0 (compatible; SemrushBot/7~bl; +http://www.semrush.com/bot.html)"
85.208.96.210 - - [13/Apr/2024:18:33:55 +0000] "GET /index.php HTTP/1.1" 301 239 "-" "Mozilla/5.0 (compatible; SemrushBot/7~bl; +http://www.semrush.com/bot.html)"
185.191.171.1 - - [13/Apr/2024:18:33:58 +0000] "GET / HTTP/1.1" 200 4571 "-" "Mozilla/5.0 (compatible; SemrushBot/7~bl; +http://www.semrush.com/bot.html)"
167.94.138.2 - - [13/Apr/2024:18:35:39 +0000] "GET / HTTP/1.1" 400 255 "-" "Mozilla/5.0 (compatible; CensysInspect/1.1; +https://about.censys.io/)"
167.94.138.2 - - [13/Apr/2024:18:35:39 +0000] "PRI * HTTP/2.0" 400 157 "-" "-"
54.36.148.236 - - [13/Apr/2024:18:45:26 +0000] "GET /weekend-packages.php HTTP/1.1" 200 3557 "-" "Mozilla/5.0 (compatible; AhrefsBot/7.0; +http://ahrefs.com/robot/)"
198.235.24.18 - - [13/Apr/2024:18:51:00 +0000] "GET / HTTP/1.1" 200 5069 "-" "-"
147.235.194.226 - - [13/Apr/2024:18:58:18 +0000] "GET / HTTP/1.1" 200 1976 "-" "Mozilla/5.0 (Windows NT 6.3;Win64;x64) AppleWebKit/537.36 (KHTML, like Gecko) Chrome/59.0.3071.115 Safari/537.36"
167.94.138.2 - - [13/Apr/2024:19:05:39 +0000] "GET / HTTP/1.1" 400 255 "-" "Mozilla/5.0 (compatible; CensysInspect/1.1; +https://about.censys.io/)"
167.94.138.2 - - [13/Apr/2024:19:05:40 +0000] "PRI * HTTP/2.0" 400 157 "-" "-"
152.42.136.237 - - [13/Apr/2024:19:09:09 +0000] "GET / HTTP/1.1" 400 255 "-" "Go-http-client/1.1"
51.159.23.43 - - [13/Apr/2024:19:10:55 +0000] "GET / HTTP/1.1" 200 5069 "-" "-"
138.246.253.24 - - [13/Apr/2024:19:13:15 +0000] "GET /robots.txt HTTP/1.1" 404 196 "-" "Mozilla/5.0 (Windows NT 10.0; Win64; x64) AppleWebKit/537.36 (KHTML, like Gecko) Chrome/103.0.5060.134 Safari/537.36"
45.79.181.104 - - [13/Apr/2024:19:14:24 +0000] "GET / HTTP/1.1" 200 1971 "-" "Mozilla/5.0 (Macintosh; Intel Mac OS X 13_1) AppleWebKit/537.36 (KHTML, like Gecko) Chrome/108.0.0.0 Safari/537.36"
193.32.162.87 - - [13/Apr/2024:19:31:04 +0000] "GET /.git/config HTTP/1.1" 403 183 "-" "Mozilla/5.0 (Windows NT 10.0; Win64; x64) AppleWebKit/537.36 (KHTML, like Gecko) Chrome/96.0.4664.55 Safari/537.36 Edg/96.0.1054.43"
167.94.138.2 - - [13/Apr/2024:19:35:38 +0000] "GET / HTTP/1.1" 400 255 "-" "Mozilla/5.0 (compatible; CensysInspect/1.1; +https://about.censys.io/)"
167.94.138.2 - - [13/Apr/2024:19:35:39 +0000] "PRI * HTTP/2.0" 400 157 "-" "-"
167.94.138.2 - - [13/Apr/2024:20:05:37 +0000] "GET / HTTP/1.1" 400 255 "-" "Mozilla/5.0 (compatible; CensysInspect/1.1; +https://about.censys.io/)"
167.94.138.2 - - [13/Apr/2024:20:05:38 +0000] "PRI * HTTP/2.0" 400 157 "-" "-"
192.155.88.231 - - [13/Apr/2024:20:21:48 +0000] "GET / HTTP/1.1" 400 255 "-" "Mozilla/5.0 zgrab/0.x"
192.155.90.220 - - [13/Apr/2024:20:22:07 +0000] "GET / HTTP/1.1" 200 1971 "-" "Mozilla/5.0 (Macintosh; Intel Mac OS X 13_1) AppleWebKit/537.36 (KHTML, like Gecko) Chrome/108.0.0.0 Safari/537.36"
91.92.245.67 - - [13/Apr/2024:20:27:26 +0000] "CONNECT api.ipify.org:443 HTTP/1.1" 400 157 "-" "-"
164.52.0.93 - - [13/Apr/2024:20:34:13 +0000] "GET / HTTP/1.1" 200 5069 "-" "Mozilla/5.0 (Windows NT 10.0; Win64; x64) AppleWebKit/537.36 (KHTML, like Gecko) Chrome/114.0.0.0 Safari/537.36"
164.52.0.93 - - [13/Apr/2024:20:34:17 +0000] "GET / HTTP/1.1" 200 5069 "-" "-"
164.52.0.93 - - [13/Apr/2024:20:34:31 +0000] "GET /favicon.ico HTTP/1.1" 400 657 "-" "Mozilla/5.0 (Windows NT 10.0; Win64; x64) AppleWebKit/537.36 (KHTML, like Gecko) Chrome/114.0.0.0 Safari/537.36"
167.94.138.2 - - [13/Apr/2024:20:35:40 +0000] "GET / HTTP/1.1" 400 255 "-" "Mozilla/5.0 (compatible; CensysInspect/1.1; +https://about.censys.io/)"
167.94.138.2 - - [13/Apr/2024:20:35:41 +0000] "PRI * HTTP/2.0" 400 157 "-" "-"
69.164.217.74 - - [13/Apr/2024:20:42:12 +0000] "GET / HTTP/1.1" 400 255 "-" "Mozilla/5.0 zgrab/0.x"
85.208.96.203 - - [13/Apr/2024:20:42:16 +0000] "GET /robots.txt HTTP/1.1" 404 196 "-" "Mozilla/5.0 (compatible; SemrushBot/7~bl; +http://www.semrush.com/bot.html)"
85.208.96.209 - - [13/Apr/2024:20:42:18 +0000] "GET / HTTP/1.1" 200 1976 "-" "Mozilla/5.0 (compatible; SemrushBot/7~bl; +http://www.semrush.com/bot.html)"
66.175.213.4 - - [13/Apr/2024:20:42:35 +0000] "GET / HTTP/1.1" 200 1971 "-" "Mozilla/5.0 (Macintosh; Intel Mac OS X 13_1) AppleWebKit/537.36 (KHTML, like Gecko) Chrome/108.0.0.0 Safari/537.36"
45.79.163.53 - - [13/Apr/2024:20:57:34 +0000] "GET / HTTP/1.1" 400 255 "-" "Mozilla/5.0 zgrab/0.x"
167.94.138.2 - - [13/Apr/2024:21:05:39 +0000] "GET / HTTP/1.1" 400 255 "-" "Mozilla/5.0 (compatible; CensysInspect/1.1; +https://about.censys.io/)"
167.94.138.2 - - [13/Apr/2024:21:05:40 +0000] "PRI * HTTP/2.0" 400 157 "-" "-"
45.79.172.21 - - [13/Apr/2024:21:06:18 +0000] "GET / HTTP/1.1" 200 1971 "-" "Mozilla/5.0 (Macintosh; Intel Mac OS X 13_1) AppleWebKit/537.36 (KHTML, like Gecko) Chrome/108.0.0.0 Safari/537.36"
161.35.20.208 - - [13/Apr/2024:21:12:51 +0000] "GET / HTTP/1.1" 200 5069 "-" "Mozilla/5.0 (Windows NT 10.0; Win64; x64; rv:109.0) Gecko/20100101 Firefox/118.0"
167.94.146.57 - - [13/Apr/2024:21:27:20 +0000] "GET / HTTP/1.1" 200 5069 "-" "-"
167.94.146.57 - - [13/Apr/2024:21:27:24 +0000] "GET / HTTP/1.1" 200 1971 "-" "Mozilla/5.0 (compatible; CensysInspect/1.1; +https://about.censys.io/)"
167.94.146.57 - - [13/Apr/2024:21:27:25 +0000] "PRI * HTTP/2.0" 400 157 "-" "-"
167.94.146.57 - - [13/Apr/2024:21:27:25 +0000] "GET /favicon.ico HTTP/1.1" 404 196 "-" "Mozilla/5.0 (compatible; CensysInspect/1.1; +https://about.censys.io/)"
67.220.86.160 - - [13/Apr/2024:21:27:34 +0000] "GET / HTTP/1.1" 200 1976 "-" "Mozilla/5.0 (X11; U; Linux i586; en-US; rv:1.7.3) Gecko/20040924 Epiphany/1.4.4 (Ubuntu)"
167.94.138.2 - - [13/Apr/2024:21:35:38 +0000] "GET / HTTP/1.1" 400 255 "-" "Mozilla/5.0 (compatible; CensysInspect/1.1; +https://about.censys.io/)"
167.94.138.2 - - [13/Apr/2024:21:35:39 +0000] "PRI * HTTP/2.0" 400 157 "-" "-"
167.94.138.2 - - [13/Apr/2024:22:05:37 +0000] "GET / HTTP/1.1" 400 255 "-" "Mozilla/5.0 (compatible; CensysInspect/1.1; +https://about.censys.io/)"
167.94.138.2 - - [13/Apr/2024:22:05:38 +0000] "PRI * HTTP/2.0" 400 157 "-" "-"
109.205.213.18 - - [13/Apr/2024:22:09:34 +0000] "GET / HTTP/1.1" 200 1971 "-" "Mozilla/5.0 (Windows NT 10.0; Win64; x64; rv:97.0) Gecko/20100101 Firefox/97.0"
35.217.77.215 - - [13/Apr/2024:22:14:18 +0000] "" 400 0 "-" "-"
45.79.181.104 - - [13/Apr/2024:22:14:20 +0000] "GET / HTTP/1.1" 200 1971 "-" "Mozilla/5.0 (Macintosh; Intel Mac OS X 13_1) AppleWebKit/537.36 (KHTML, like Gecko) Chrome/108.0.0.0 Safari/537.36"
172.105.128.13 - - [13/Apr/2024:22:14:46 +0000] "GET / HTTP/1.1" 200 1971 "-" "Mozilla/5.0 (Macintosh; Intel Mac OS X 13_1) AppleWebKit/537.36 (KHTML, like Gecko) Chrome/108.0.0.0 Safari/537.36"
45.146.240.36 - - [13/Apr/2024:22:25:17 +0000] "GET / HTTP/1.1" 200 1971 "-" "Mozilla/5.0 (Windows NT 10.0; Win64; x64; rv:120.0) Gecko/20100101 Firefox/120.0"
167.94.138.2 - - [13/Apr/2024:22:35:36 +0000] "GET / HTTP/1.1" 400 255 "-" "Mozilla/5.0 (compatible; CensysInspect/1.1; +https://about.censys.io/)"
167.94.138.2 - - [13/Apr/2024:22:35:36 +0000] "PRI * HTTP/2.0" 400 157 "-" "-"
199.45.154.65 - - [13/Apr/2024:22:37:48 +0000] "GET / HTTP/1.1" 200 5069 "-" "-"
199.45.154.65 - - [13/Apr/2024:22:38:01 +0000] "GET / HTTP/1.1" 200 1971 "-" "Mozilla/5.0 (compatible; CensysInspect/1.1; +https://about.censys.io/)"
199.45.154.65 - - [13/Apr/2024:22:38:05 +0000] "PRI * HTTP/2.0" 400 157 "-" "-"
199.45.154.65 - - [13/Apr/2024:22:38:10 +0000] "GET /favicon.ico HTTP/1.1" 404 196 "-" "Mozilla/5.0 (compatible; CensysInspect/1.1; +https://about.censys.io/)"
192.241.225.11 - - [13/Apr/2024:22:45:01 +0000] "GET /owa/auth/logon.aspx HTTP/1.1" 404 196 "-" "Mozilla/5.0 zgrab/0.x"
173.255.221.138 - - [13/Apr/2024:22:55:41 +0000] "GET / HTTP/1.1" 200 1971 "-" "Mozilla/5.0 (Macintosh; Intel Mac OS X 10_16) AppleWebKit/605.1.15 (KHTML, like Gecko) Version/9.1.2 Safari/605.1.15"
173.255.221.138 - - [13/Apr/2024:22:55:50 +0000] "GET /favicon.ico HTTP/1.1" 404 196 "-" "Mozilla/5.0 (Macintosh; Intel Mac OS X 10_16) AppleWebKit/605.1.15 (KHTML, like Gecko) Version/9.1.2 Safari/605.1.15"
172.105.128.11 - - [13/Apr/2024:22:59:06 +0000] "GET / HTTP/1.1" 200 1971 "-" "Mozilla/5.0 (Macintosh; Intel Mac OS X 13_1) AppleWebKit/537.36 (KHTML, like Gecko) Chrome/108.0.0.0 Safari/537.36"
167.94.138.2 - - [13/Apr/2024:23:05:38 +0000] "GET / HTTP/1.1" 400 255 "-" "Mozilla/5.0 (compatible; CensysInspect/1.1; +https://about.censys.io/)"
167.94.138.2 - - [13/Apr/2024:23:05:39 +0000] "PRI * HTTP/2.0" 400 157 "-" "-"
198.74.56.46 - - [13/Apr/2024:23:08:10 +0000] "GET / HTTP/1.1" 400 255 "-" "Mozilla/5.0 zgrab/0.x"
20.55.53.144 - - [13/Apr/2024:23:18:06 +0000] "GET / HTTP/1.1" 200 1971 "-" "Mozilla/5.0 (Windows NT 10.0; Win64; x64) AppleWebKit/537.36 (KHTML, like Gecko) Chrome/79.0.3945.117 Safari/537.36"
