122.161.65.100 - - [16/Apr/2024:20:34:20 +0000] "POST /roundcube/?_task=mail&_action=refresh HTTP/1.1" 200 181 "https://server.mswebtech.com/roundcube/?_task=mail&_mbox=INBOX" "Mozilla/5.0 (Windows NT 10.0; Win64; x64) AppleWebKit/537.36 (KHTML, like Gecko) Chrome/123.0.0.0 Safari/537.36"
122.161.65.100 - - [16/Apr/2024:20:35:21 +0000] "POST /roundcube/?_task=mail&_action=refresh HTTP/1.1" 200 180 "https://server.mswebtech.com/roundcube/?_task=mail&_mbox=INBOX" "Mozilla/5.0 (Windows NT 10.0; Win64; x64) AppleWebKit/537.36 (KHTML, like Gecko) Chrome/123.0.0.0 Safari/537.36"
167.94.138.2 - - [16/Apr/2024:20:35:48 +0000] "GET / HTTP/1.1" 400 255 "-" "Mozilla/5.0 (compatible; CensysInspect/1.1; +https://about.censys.io/)"
167.94.138.2 - - [16/Apr/2024:20:35:49 +0000] "PRI * HTTP/2.0" 400 157 "-" "-"
122.161.65.100 - - [16/Apr/2024:20:36:23 +0000] "POST /roundcube/?_task=mail&_action=refresh HTTP/1.1" 200 181 "https://server.mswebtech.com/roundcube/?_task=mail&_mbox=INBOX" "Mozilla/5.0 (Windows NT 10.0; Win64; x64) AppleWebKit/537.36 (KHTML, like Gecko) Chrome/123.0.0.0 Safari/537.36"
122.161.65.100 - - [16/Apr/2024:20:37:23 +0000] "POST /roundcube/?_task=mail&_action=refresh HTTP/1.1" 200 180 "https://server.mswebtech.com/roundcube/?_task=mail&_mbox=INBOX" "Mozilla/5.0 (Windows NT 10.0; Win64; x64) AppleWebKit/537.36 (KHTML, like Gecko) Chrome/123.0.0.0 Safari/537.36"
122.161.65.100 - - [16/Apr/2024:20:38:24 +0000] "POST /roundcube/?_task=mail&_action=refresh HTTP/1.1" 200 180 "https://server.mswebtech.com/roundcube/?_task=mail&_mbox=INBOX" "Mozilla/5.0 (Windows NT 10.0; Win64; x64) AppleWebKit/537.36 (KHTML, like Gecko) Chrome/123.0.0.0 Safari/537.36"
122.161.65.100 - - [16/Apr/2024:20:39:25 +0000] "POST /roundcube/?_task=mail&_action=refresh HTTP/1.1" 200 181 "https://server.mswebtech.com/roundcube/?_task=mail&_mbox=INBOX" "Mozilla/5.0 (Windows NT 10.0; Win64; x64) AppleWebKit/537.36 (KHTML, like Gecko) Chrome/123.0.0.0 Safari/537.36"
122.161.65.100 - - [16/Apr/2024:20:40:26 +0000] "POST /roundcube/?_task=mail&_action=refresh HTTP/1.1" 200 180 "https://server.mswebtech.com/roundcube/?_task=mail&_mbox=INBOX" "Mozilla/5.0 (Windows NT 10.0; Win64; x64) AppleWebKit/537.36 (KHTML, like Gecko) Chrome/123.0.0.0 Safari/537.36"
122.161.65.100 - - [16/Apr/2024:20:41:27 +0000] "POST /roundcube/?_task=mail&_action=refresh HTTP/1.1" 200 180 "https://server.mswebtech.com/roundcube/?_task=mail&_mbox=INBOX" "Mozilla/5.0 (Windows NT 10.0; Win64; x64) AppleWebKit/537.36 (KHTML, like Gecko) Chrome/123.0.0.0 Safari/537.36"
122.161.65.100 - - [16/Apr/2024:20:42:28 +0000] "POST /roundcube/?_task=mail&_action=refresh HTTP/1.1" 200 180 "https://server.mswebtech.com/roundcube/?_task=mail&_mbox=INBOX" "Mozilla/5.0 (Windows NT 10.0; Win64; x64) AppleWebKit/537.36 (KHTML, like Gecko) Chrome/123.0.0.0 Safari/537.36"
122.161.65.100 - - [16/Apr/2024:20:43:29 +0000] "POST /roundcube/?_task=mail&_action=refresh HTTP/1.1" 200 180 "https://server.mswebtech.com/roundcube/?_task=mail&_mbox=INBOX" "Mozilla/5.0 (Windows NT 10.0; Win64; x64) AppleWebKit/537.36 (KHTML, like Gecko) Chrome/123.0.0.0 Safari/537.36"
45.79.128.205 - - [16/Apr/2024:20:44:19 +0000] "GET / HTTP/1.1" 200 1971 "-" "Mozilla/5.0 (Macintosh; Intel Mac OS X 13_1) AppleWebKit/537.36 (KHTML, like Gecko) Chrome/108.0.0.0 Safari/537.36"
122.161.65.100 - - [16/Apr/2024:20:44:30 +0000] "POST /roundcube/?_task=mail&_action=refresh HTTP/1.1" 200 180 "https://server.mswebtech.com/roundcube/?_task=mail&_mbox=INBOX" "Mozilla/5.0 (Windows NT 10.0; Win64; x64) AppleWebKit/537.36 (KHTML, like Gecko) Chrome/123.0.0.0 Safari/537.36"
122.161.65.100 - - [16/Apr/2024:20:45:31 +0000] "POST /roundcube/?_task=mail&_action=refresh HTTP/1.1" 200 180 "https://server.mswebtech.com/roundcube/?_task=mail&_mbox=INBOX" "Mozilla/5.0 (Windows NT 10.0; Win64; x64) AppleWebKit/537.36 (KHTML, like Gecko) Chrome/123.0.0.0 Safari/537.36"
122.161.65.100 - - [16/Apr/2024:20:46:32 +0000] "POST /roundcube/?_task=mail&_action=refresh HTTP/1.1" 200 180 "https://server.mswebtech.com/roundcube/?_task=mail&_mbox=INBOX" "Mozilla/5.0 (Windows NT 10.0; Win64; x64) AppleWebKit/537.36 (KHTML, like Gecko) Chrome/123.0.0.0 Safari/537.36"
122.161.65.100 - - [16/Apr/2024:20:47:33 +0000] "POST /roundcube/?_task=mail&_action=refresh HTTP/1.1" 200 180 "https://server.mswebtech.com/roundcube/?_task=mail&_mbox=INBOX" "Mozilla/5.0 (Windows NT 10.0; Win64; x64) AppleWebKit/537.36 (KHTML, like Gecko) Chrome/123.0.0.0 Safari/537.36"
122.161.65.100 - - [16/Apr/2024:20:48:34 +0000] "POST /roundcube/?_task=mail&_action=refresh HTTP/1.1" 200 180 "https://server.mswebtech.com/roundcube/?_task=mail&_mbox=INBOX" "Mozilla/5.0 (Windows NT 10.0; Win64; x64) AppleWebKit/537.36 (KHTML, like Gecko) Chrome/123.0.0.0 Safari/537.36"
122.161.65.100 - - [16/Apr/2024:20:50:36 +0000] "POST /roundcube/?_task=mail&_action=refresh HTTP/1.1" 200 180 "https://server.mswebtech.com/roundcube/?_task=mail&_mbox=INBOX" "Mozilla/5.0 (Windows NT 10.0; Win64; x64) AppleWebKit/537.36 (KHTML, like Gecko) Chrome/123.0.0.0 Safari/537.36"
122.161.65.100 - - [16/Apr/2024:20:52:36 +0000] "POST /roundcube/?_task=mail&_action=refresh HTTP/1.1" 200 180 "https://server.mswebtech.com/roundcube/?_task=mail&_mbox=INBOX" "Mozilla/5.0 (Windows NT 10.0; Win64; x64) AppleWebKit/537.36 (KHTML, like Gecko) Chrome/123.0.0.0 Safari/537.36"
122.161.65.100 - - [16/Apr/2024:20:53:37 +0000] "POST /roundcube/?_task=mail&_action=refresh HTTP/1.1" 200 180 "https://server.mswebtech.com/roundcube/?_task=mail&_mbox=INBOX" "Mozilla/5.0 (Windows NT 10.0; Win64; x64) AppleWebKit/537.36 (KHTML, like Gecko) Chrome/123.0.0.0 Safari/537.36"
122.161.65.100 - - [16/Apr/2024:20:54:38 +0000] "POST /roundcube/?_task=mail&_action=refresh HTTP/1.1" 200 180 "https://server.mswebtech.com/roundcube/?_task=mail&_mbox=INBOX" "Mozilla/5.0 (Windows NT 10.0; Win64; x64) AppleWebKit/537.36 (KHTML, like Gecko) Chrome/123.0.0.0 Safari/537.36"
122.161.65.100 - - [16/Apr/2024:20:55:39 +0000] "POST /roundcube/?_task=mail&_action=refresh HTTP/1.1" 200 180 "https://server.mswebtech.com/roundcube/?_task=mail&_mbox=INBOX" "Mozilla/5.0 (Windows NT 10.0; Win64; x64) AppleWebKit/537.36 (KHTML, like Gecko) Chrome/123.0.0.0 Safari/537.36"
122.161.65.100 - - [16/Apr/2024:20:56:40 +0000] "POST /roundcube/?_task=mail&_action=refresh HTTP/1.1" 200 179 "https://server.mswebtech.com/roundcube/?_task=mail&_mbox=INBOX" "Mozilla/5.0 (Windows NT 10.0; Win64; x64) AppleWebKit/537.36 (KHTML, like Gecko) Chrome/123.0.0.0 Safari/537.36"
122.161.65.100 - - [16/Apr/2024:20:57:41 +0000] "POST /roundcube/?_task=mail&_action=refresh HTTP/1.1" 200 180 "https://server.mswebtech.com/roundcube/?_task=mail&_mbox=INBOX" "Mozilla/5.0 (Windows NT 10.0; Win64; x64) AppleWebKit/537.36 (KHTML, like Gecko) Chrome/123.0.0.0 Safari/537.36"
122.161.65.100 - - [16/Apr/2024:20:58:42 +0000] "POST /roundcube/?_task=mail&_action=refresh HTTP/1.1" 200 179 "https://server.mswebtech.com/roundcube/?_task=mail&_mbox=INBOX" "Mozilla/5.0 (Windows NT 10.0; Win64; x64) AppleWebKit/537.36 (KHTML, like Gecko) Chrome/123.0.0.0 Safari/537.36"
122.161.65.100 - - [16/Apr/2024:20:59:43 +0000] "POST /roundcube/?_task=mail&_action=refresh HTTP/1.1" 200 180 "https://server.mswebtech.com/roundcube/?_task=mail&_mbox=INBOX" "Mozilla/5.0 (Windows NT 10.0; Win64; x64) AppleWebKit/537.36 (KHTML, like Gecko) Chrome/123.0.0.0 Safari/537.36"
122.161.65.100 - - [16/Apr/2024:21:00:44 +0000] "POST /roundcube/?_task=mail&_action=refresh HTTP/1.1" 200 180 "https://server.mswebtech.com/roundcube/?_task=mail&_mbox=INBOX" "Mozilla/5.0 (Windows NT 10.0; Win64; x64) AppleWebKit/537.36 (KHTML, like Gecko) Chrome/123.0.0.0 Safari/537.36"
122.161.65.100 - - [16/Apr/2024:21:01:45 +0000] "POST /roundcube/?_task=mail&_action=refresh HTTP/1.1" 200 180 "https://server.mswebtech.com/roundcube/?_task=mail&_mbox=INBOX" "Mozilla/5.0 (Windows NT 10.0; Win64; x64) AppleWebKit/537.36 (KHTML, like Gecko) Chrome/123.0.0.0 Safari/537.36"
122.161.65.100 - - [16/Apr/2024:21:02:46 +0000] "POST /roundcube/?_task=mail&_action=refresh HTTP/1.1" 200 180 "https://server.mswebtech.com/roundcube/?_task=mail&_mbox=INBOX" "Mozilla/5.0 (Windows NT 10.0; Win64; x64) AppleWebKit/537.36 (KHTML, like Gecko) Chrome/123.0.0.0 Safari/537.36"
122.161.65.100 - - [16/Apr/2024:21:03:47 +0000] "POST /roundcube/?_task=mail&_action=refresh HTTP/1.1" 200 180 "https://server.mswebtech.com/roundcube/?_task=mail&_mbox=INBOX" "Mozilla/5.0 (Windows NT 10.0; Win64; x64) AppleWebKit/537.36 (KHTML, like Gecko) Chrome/123.0.0.0 Safari/537.36"
122.161.65.100 - - [16/Apr/2024:21:04:48 +0000] "POST /roundcube/?_task=mail&_action=refresh HTTP/1.1" 200 180 "https://server.mswebtech.com/roundcube/?_task=mail&_mbox=INBOX" "Mozilla/5.0 (Windows NT 10.0; Win64; x64) AppleWebKit/537.36 (KHTML, like Gecko) Chrome/123.0.0.0 Safari/537.36"
122.161.65.100 - - [16/Apr/2024:21:05:49 +0000] "POST /roundcube/?_task=mail&_action=refresh HTTP/1.1" 200 180 "https://server.mswebtech.com/roundcube/?_task=mail&_mbox=INBOX" "Mozilla/5.0 (Windows NT 10.0; Win64; x64) AppleWebKit/537.36 (KHTML, like Gecko) Chrome/123.0.0.0 Safari/537.36"
167.94.138.2 - - [16/Apr/2024:21:05:54 +0000] "GET / HTTP/1.1" 400 255 "-" "Mozilla/5.0 (compatible; CensysInspect/1.1; +https://about.censys.io/)"
167.94.138.2 - - [16/Apr/2024:21:05:55 +0000] "PRI * HTTP/2.0" 400 157 "-" "-"
122.161.65.100 - - [16/Apr/2024:21:06:59 +0000] "POST /roundcube/?_task=mail&_action=refresh HTTP/1.1" 200 180 "https://server.mswebtech.com/roundcube/?_task=mail&_mbox=INBOX" "Mozilla/5.0 (Windows NT 10.0; Win64; x64) AppleWebKit/537.36 (KHTML, like Gecko) Chrome/123.0.0.0 Safari/537.36"
122.161.65.100 - - [16/Apr/2024:21:07:51 +0000] "POST /roundcube/?_task=mail&_action=refresh HTTP/1.1" 200 180 "https://server.mswebtech.com/roundcube/?_task=mail&_mbox=INBOX" "Mozilla/5.0 (Windows NT 10.0; Win64; x64) AppleWebKit/537.36 (KHTML, like Gecko) Chrome/123.0.0.0 Safari/537.36"
122.161.65.100 - - [16/Apr/2024:21:08:52 +0000] "POST /roundcube/?_task=mail&_action=refresh HTTP/1.1" 200 180 "https://server.mswebtech.com/roundcube/?_task=mail&_mbox=INBOX" "Mozilla/5.0 (Windows NT 10.0; Win64; x64) AppleWebKit/537.36 (KHTML, like Gecko) Chrome/123.0.0.0 Safari/537.36"
122.161.65.100 - - [16/Apr/2024:21:09:53 +0000] "POST /roundcube/?_task=mail&_action=refresh HTTP/1.1" 200 180 "https://server.mswebtech.com/roundcube/?_task=mail&_mbox=INBOX" "Mozilla/5.0 (Windows NT 10.0; Win64; x64) AppleWebKit/537.36 (KHTML, like Gecko) Chrome/123.0.0.0 Safari/537.36"
122.161.65.100 - - [16/Apr/2024:21:10:54 +0000] "POST /roundcube/?_task=mail&_action=refresh HTTP/1.1" 200 180 "https://server.mswebtech.com/roundcube/?_task=mail&_mbox=INBOX" "Mozilla/5.0 (Windows NT 10.0; Win64; x64) AppleWebKit/537.36 (KHTML, like Gecko) Chrome/123.0.0.0 Safari/537.36"
122.161.65.100 - - [16/Apr/2024:21:11:55 +0000] "POST /roundcube/?_task=mail&_action=refresh HTTP/1.1" 200 181 "https://server.mswebtech.com/roundcube/?_task=mail&_mbox=INBOX" "Mozilla/5.0 (Windows NT 10.0; Win64; x64) AppleWebKit/537.36 (KHTML, like Gecko) Chrome/123.0.0.0 Safari/537.36"
122.161.65.100 - - [16/Apr/2024:21:12:56 +0000] "POST /roundcube/?_task=mail&_action=refresh HTTP/1.1" 200 180 "https://server.mswebtech.com/roundcube/?_task=mail&_mbox=INBOX" "Mozilla/5.0 (Windows NT 10.0; Win64; x64) AppleWebKit/537.36 (KHTML, like Gecko) Chrome/123.0.0.0 Safari/537.36"
122.161.65.100 - - [16/Apr/2024:21:13:57 +0000] "POST /roundcube/?_task=mail&_action=refresh HTTP/1.1" 200 180 "https://server.mswebtech.com/roundcube/?_task=mail&_mbox=INBOX" "Mozilla/5.0 (Windows NT 10.0; Win64; x64) AppleWebKit/537.36 (KHTML, like Gecko) Chrome/123.0.0.0 Safari/537.36"
122.161.65.100 - - [16/Apr/2024:21:14:58 +0000] "POST /roundcube/?_task=mail&_action=refresh HTTP/1.1" 200 180 "https://server.mswebtech.com/roundcube/?_task=mail&_mbox=INBOX" "Mozilla/5.0 (Windows NT 10.0; Win64; x64) AppleWebKit/537.36 (KHTML, like Gecko) Chrome/123.0.0.0 Safari/537.36"
122.161.65.100 - - [16/Apr/2024:21:15:59 +0000] "POST /roundcube/?_task=mail&_action=refresh HTTP/1.1" 200 180 "https://server.mswebtech.com/roundcube/?_task=mail&_mbox=INBOX" "Mozilla/5.0 (Windows NT 10.0; Win64; x64) AppleWebKit/537.36 (KHTML, like Gecko) Chrome/123.0.0.0 Safari/537.36"
122.161.65.100 - - [16/Apr/2024:21:17:00 +0000] "POST /roundcube/?_task=mail&_action=refresh HTTP/1.1" 200 180 "https://server.mswebtech.com/roundcube/?_task=mail&_mbox=INBOX" "Mozilla/5.0 (Windows NT 10.0; Win64; x64) AppleWebKit/537.36 (KHTML, like Gecko) Chrome/123.0.0.0 Safari/537.36"
122.161.65.100 - - [16/Apr/2024:21:18:01 +0000] "POST /roundcube/?_task=mail&_action=refresh HTTP/1.1" 200 180 "https://server.mswebtech.com/roundcube/?_task=mail&_mbox=INBOX" "Mozilla/5.0 (Windows NT 10.0; Win64; x64) AppleWebKit/537.36 (KHTML, like Gecko) Chrome/123.0.0.0 Safari/537.36"
122.161.65.100 - - [16/Apr/2024:21:19:02 +0000] "POST /roundcube/?_task=mail&_action=refresh HTTP/1.1" 200 180 "https://server.mswebtech.com/roundcube/?_task=mail&_mbox=INBOX" "Mozilla/5.0 (Windows NT 10.0; Win64; x64) AppleWebKit/537.36 (KHTML, like Gecko) Chrome/123.0.0.0 Safari/537.36"
122.161.65.100 - - [16/Apr/2024:21:20:03 +0000] "POST /roundcube/?_task=mail&_action=refresh HTTP/1.1" 200 180 "https://server.mswebtech.com/roundcube/?_task=mail&_mbox=INBOX" "Mozilla/5.0 (Windows NT 10.0; Win64; x64) AppleWebKit/537.36 (KHTML, like Gecko) Chrome/123.0.0.0 Safari/537.36"
122.161.65.100 - - [16/Apr/2024:21:21:04 +0000] "POST /roundcube/?_task=mail&_action=refresh HTTP/1.1" 200 181 "https://server.mswebtech.com/roundcube/?_task=mail&_mbox=INBOX" "Mozilla/5.0 (Windows NT 10.0; Win64; x64) AppleWebKit/537.36 (KHTML, like Gecko) Chrome/123.0.0.0 Safari/537.36"
122.161.65.100 - - [16/Apr/2024:21:22:05 +0000] "POST /roundcube/?_task=mail&_action=refresh HTTP/1.1" 200 180 "https://server.mswebtech.com/roundcube/?_task=mail&_mbox=INBOX" "Mozilla/5.0 (Windows NT 10.0; Win64; x64) AppleWebKit/537.36 (KHTML, like Gecko) Chrome/123.0.0.0 Safari/537.36"
122.161.65.100 - - [16/Apr/2024:21:23:06 +0000] "POST /roundcube/?_task=mail&_action=refresh HTTP/1.1" 200 180 "https://server.mswebtech.com/roundcube/?_task=mail&_mbox=INBOX" "Mozilla/5.0 (Windows NT 10.0; Win64; x64) AppleWebKit/537.36 (KHTML, like Gecko) Chrome/123.0.0.0 Safari/537.36"
122.161.65.100 - - [16/Apr/2024:21:24:07 +0000] "POST /roundcube/?_task=mail&_action=refresh HTTP/1.1" 200 181 "https://server.mswebtech.com/roundcube/?_task=mail&_mbox=INBOX" "Mozilla/5.0 (Windows NT 10.0; Win64; x64) AppleWebKit/537.36 (KHTML, like Gecko) Chrome/123.0.0.0 Safari/537.36"
122.161.65.100 - - [16/Apr/2024:21:25:08 +0000] "POST /roundcube/?_task=mail&_action=refresh HTTP/1.1" 200 180 "https://server.mswebtech.com/roundcube/?_task=mail&_mbox=INBOX" "Mozilla/5.0 (Windows NT 10.0; Win64; x64) AppleWebKit/537.36 (KHTML, like Gecko) Chrome/123.0.0.0 Safari/537.36"
122.161.65.100 - - [16/Apr/2024:21:26:09 +0000] "POST /roundcube/?_task=mail&_action=refresh HTTP/1.1" 200 180 "https://server.mswebtech.com/roundcube/?_task=mail&_mbox=INBOX" "Mozilla/5.0 (Windows NT 10.0; Win64; x64) AppleWebKit/537.36 (KHTML, like Gecko) Chrome/123.0.0.0 Safari/537.36"
122.161.65.100 - - [16/Apr/2024:21:27:10 +0000] "POST /roundcube/?_task=mail&_action=refresh HTTP/1.1" 200 180 "https://server.mswebtech.com/roundcube/?_task=mail&_mbox=INBOX" "Mozilla/5.0 (Windows NT 10.0; Win64; x64) AppleWebKit/537.36 (KHTML, like Gecko) Chrome/123.0.0.0 Safari/537.36"
122.161.65.100 - - [16/Apr/2024:21:28:11 +0000] "POST /roundcube/?_task=mail&_action=refresh HTTP/1.1" 200 181 "https://server.mswebtech.com/roundcube/?_task=mail&_mbox=INBOX" "Mozilla/5.0 (Windows NT 10.0; Win64; x64) AppleWebKit/537.36 (KHTML, like Gecko) Chrome/123.0.0.0 Safari/537.36"
122.161.65.100 - - [16/Apr/2024:21:29:12 +0000] "POST /roundcube/?_task=mail&_action=refresh HTTP/1.1" 200 180 "https://server.mswebtech.com/roundcube/?_task=mail&_mbox=INBOX" "Mozilla/5.0 (Windows NT 10.0; Win64; x64) AppleWebKit/537.36 (KHTML, like Gecko) Chrome/123.0.0.0 Safari/537.36"
122.161.65.100 - - [16/Apr/2024:21:30:13 +0000] "POST /roundcube/?_task=mail&_action=refresh HTTP/1.1" 200 180 "https://server.mswebtech.com/roundcube/?_task=mail&_mbox=INBOX" "Mozilla/5.0 (Windows NT 10.0; Win64; x64) AppleWebKit/537.36 (KHTML, like Gecko) Chrome/123.0.0.0 Safari/537.36"
122.161.65.100 - - [16/Apr/2024:21:31:14 +0000] "POST /roundcube/?_task=mail&_action=refresh HTTP/1.1" 200 180 "https://server.mswebtech.com/roundcube/?_task=mail&_mbox=INBOX" "Mozilla/5.0 (Windows NT 10.0; Win64; x64) AppleWebKit/537.36 (KHTML, like Gecko) Chrome/123.0.0.0 Safari/537.36"
122.161.65.100 - - [16/Apr/2024:21:32:15 +0000] "POST /roundcube/?_task=mail&_action=refresh HTTP/1.1" 200 180 "https://server.mswebtech.com/roundcube/?_task=mail&_mbox=INBOX" "Mozilla/5.0 (Windows NT 10.0; Win64; x64) AppleWebKit/537.36 (KHTML, like Gecko) Chrome/123.0.0.0 Safari/537.36"
122.161.65.100 - - [16/Apr/2024:21:33:16 +0000] "POST /roundcube/?_task=mail&_action=refresh HTTP/1.1" 200 180 "https://server.mswebtech.com/roundcube/?_task=mail&_mbox=INBOX" "Mozilla/5.0 (Windows NT 10.0; Win64; x64) AppleWebKit/537.36 (KHTML, like Gecko) Chrome/123.0.0.0 Safari/537.36"
122.161.65.100 - - [16/Apr/2024:21:34:17 +0000] "POST /roundcube/?_task=mail&_action=refresh HTTP/1.1" 200 180 "https://server.mswebtech.com/roundcube/?_task=mail&_mbox=INBOX" "Mozilla/5.0 (Windows NT 10.0; Win64; x64) AppleWebKit/537.36 (KHTML, like Gecko) Chrome/123.0.0.0 Safari/537.36"
122.161.65.100 - - [16/Apr/2024:21:35:18 +0000] "POST /roundcube/?_task=mail&_action=refresh HTTP/1.1" 200 180 "https://server.mswebtech.com/roundcube/?_task=mail&_mbox=INBOX" "Mozilla/5.0 (Windows NT 10.0; Win64; x64) AppleWebKit/537.36 (KHTML, like Gecko) Chrome/123.0.0.0 Safari/537.36"
167.94.138.2 - - [16/Apr/2024:21:35:42 +0000] "GET / HTTP/1.1" 400 255 "-" "Mozilla/5.0 (compatible; CensysInspect/1.1; +https://about.censys.io/)"
167.94.138.2 - - [16/Apr/2024:21:35:43 +0000] "PRI * HTTP/2.0" 400 157 "-" "-"
122.161.65.100 - - [16/Apr/2024:21:36:19 +0000] "POST /roundcube/?_task=mail&_action=refresh HTTP/1.1" 200 180 "https://server.mswebtech.com/roundcube/?_task=mail&_mbox=INBOX" "Mozilla/5.0 (Windows NT 10.0; Win64; x64) AppleWebKit/537.36 (KHTML, like Gecko) Chrome/123.0.0.0 Safari/537.36"
122.161.65.100 - - [16/Apr/2024:21:37:20 +0000] "POST /roundcube/?_task=mail&_action=refresh HTTP/1.1" 200 180 "https://server.mswebtech.com/roundcube/?_task=mail&_mbox=INBOX" "Mozilla/5.0 (Windows NT 10.0; Win64; x64) AppleWebKit/537.36 (KHTML, like Gecko) Chrome/123.0.0.0 Safari/537.36"
122.161.65.100 - - [16/Apr/2024:21:38:21 +0000] "POST /roundcube/?_task=mail&_action=refresh HTTP/1.1" 200 180 "https://server.mswebtech.com/roundcube/?_task=mail&_mbox=INBOX" "Mozilla/5.0 (Windows NT 10.0; Win64; x64) AppleWebKit/537.36 (KHTML, like Gecko) Chrome/123.0.0.0 Safari/537.36"
122.161.65.100 - - [16/Apr/2024:21:39:22 +0000] "POST /roundcube/?_task=mail&_action=refresh HTTP/1.1" 200 180 "https://server.mswebtech.com/roundcube/?_task=mail&_mbox=INBOX" "Mozilla/5.0 (Windows NT 10.0; Win64; x64) AppleWebKit/537.36 (KHTML, like Gecko) Chrome/123.0.0.0 Safari/537.36"
114.119.146.94 - - [16/Apr/2024:21:40:13 +0000] "GET /robots.txt HTTP/1.1" 200 109 "-" "Mozilla/5.0 (compatible;PetalBot;+https://webmaster.petalsearch.com/site/petalbot)"
122.161.65.100 - - [16/Apr/2024:21:40:23 +0000] "POST /roundcube/?_task=mail&_action=refresh HTTP/1.1" 200 180 "https://server.mswebtech.com/roundcube/?_task=mail&_mbox=INBOX" "Mozilla/5.0 (Windows NT 10.0; Win64; x64) AppleWebKit/537.36 (KHTML, like Gecko) Chrome/123.0.0.0 Safari/537.36"
122.161.65.100 - - [16/Apr/2024:21:41:24 +0000] "POST /roundcube/?_task=mail&_action=refresh HTTP/1.1" 200 180 "https://server.mswebtech.com/roundcube/?_task=mail&_mbox=INBOX" "Mozilla/5.0 (Windows NT 10.0; Win64; x64) AppleWebKit/537.36 (KHTML, like Gecko) Chrome/123.0.0.0 Safari/537.36"
122.161.65.100 - - [16/Apr/2024:21:42:27 +0000] "POST /roundcube/?_task=mail&_action=refresh HTTP/1.1" 200 180 "https://server.mswebtech.com/roundcube/?_task=mail&_mbox=INBOX" "Mozilla/5.0 (Windows NT 10.0; Win64; x64) AppleWebKit/537.36 (KHTML, like Gecko) Chrome/123.0.0.0 Safari/537.36"
185.180.143.138 - - [16/Apr/2024:21:43:18 +0000] "GET / HTTP/1.1" 200 1971 "-" "Mozilla/5.0 (Windows NT 10.0; Win64; x64) AppleWebKit/537.36 (KHTML, like Gecko) Chrome/60.0.3112.113 Safari/537.36"
122.161.65.100 - - [16/Apr/2024:21:43:26 +0000] "POST /roundcube/?_task=mail&_action=refresh HTTP/1.1" 200 180 "https://server.mswebtech.com/roundcube/?_task=mail&_mbox=INBOX" "Mozilla/5.0 (Windows NT 10.0; Win64; x64) AppleWebKit/537.36 (KHTML, like Gecko) Chrome/123.0.0.0 Safari/537.36"
185.180.143.138 - - [16/Apr/2024:21:43:31 +0000] "GET /wp-content/plugins/kingcomposer/readme.txt HTTP/1.1" 404 196 "-" "Mozilla/5.0 (Windows NT 10.0; Win64; x64) AppleWebKit/537.36 (KHTML, like Gecko) Chrome/60.0.3112.113 Safari/537.36"
122.161.65.100 - - [16/Apr/2024:21:44:27 +0000] "POST /roundcube/?_task=mail&_action=refresh HTTP/1.1" 200 181 "https://server.mswebtech.com/roundcube/?_task=mail&_mbox=INBOX" "Mozilla/5.0 (Windows NT 10.0; Win64; x64) AppleWebKit/537.36 (KHTML, like Gecko) Chrome/123.0.0.0 Safari/537.36"
122.161.65.100 - - [16/Apr/2024:21:45:28 +0000] "POST /roundcube/?_task=mail&_action=refresh HTTP/1.1" 200 180 "https://server.mswebtech.com/roundcube/?_task=mail&_mbox=INBOX" "Mozilla/5.0 (Windows NT 10.0; Win64; x64) AppleWebKit/537.36 (KHTML, like Gecko) Chrome/123.0.0.0 Safari/537.36"
122.161.65.100 - - [16/Apr/2024:21:46:29 +0000] "POST /roundcube/?_task=mail&_action=refresh HTTP/1.1" 200 180 "https://server.mswebtech.com/roundcube/?_task=mail&_mbox=INBOX" "Mozilla/5.0 (Windows NT 10.0; Win64; x64) AppleWebKit/537.36 (KHTML, like Gecko) Chrome/123.0.0.0 Safari/537.36"
122.161.65.100 - - [16/Apr/2024:21:47:30 +0000] "POST /roundcube/?_task=mail&_action=refresh HTTP/1.1" 200 180 "https://server.mswebtech.com/roundcube/?_task=mail&_mbox=INBOX" "Mozilla/5.0 (Windows NT 10.0; Win64; x64) AppleWebKit/537.36 (KHTML, like Gecko) Chrome/123.0.0.0 Safari/537.36"
172.105.128.11 - - [16/Apr/2024:21:47:36 +0000] "GET / HTTP/1.1" 200 1971 "-" "Mozilla/5.0 (Macintosh; Intel Mac OS X 13_1) AppleWebKit/537.36 (KHTML, like Gecko) Chrome/108.0.0.0 Safari/537.36"
122.161.65.100 - - [16/Apr/2024:21:48:31 +0000] "POST /roundcube/?_task=mail&_action=refresh HTTP/1.1" 200 180 "https://server.mswebtech.com/roundcube/?_task=mail&_mbox=INBOX" "Mozilla/5.0 (Windows NT 10.0; Win64; x64) AppleWebKit/537.36 (KHTML, like Gecko) Chrome/123.0.0.0 Safari/537.36"
122.161.65.100 - - [16/Apr/2024:21:49:32 +0000] "POST /roundcube/?_task=mail&_action=refresh HTTP/1.1" 200 180 "https://server.mswebtech.com/roundcube/?_task=mail&_mbox=INBOX" "Mozilla/5.0 (Windows NT 10.0; Win64; x64) AppleWebKit/537.36 (KHTML, like Gecko) Chrome/123.0.0.0 Safari/537.36"
172.105.128.11 - - [16/Apr/2024:21:49:44 +0000] "GET / HTTP/1.1" 200 1971 "-" "Mozilla/5.0 (Macintosh; Intel Mac OS X 13_1) AppleWebKit/537.36 (KHTML, like Gecko) Chrome/108.0.0.0 Safari/537.36"
122.161.65.100 - - [16/Apr/2024:21:50:33 +0000] "POST /roundcube/?_task=mail&_action=refresh HTTP/1.1" 200 180 "https://server.mswebtech.com/roundcube/?_task=mail&_mbox=INBOX" "Mozilla/5.0 (Windows NT 10.0; Win64; x64) AppleWebKit/537.36 (KHTML, like Gecko) Chrome/123.0.0.0 Safari/537.36"
8.210.123.17 - - [16/Apr/2024:21:51:04 +0000] "GET /dns-query?dns=q80BAAABAAAAAAAAA3d3dwdleGFtcGxlA2NvbQAAAQAB HTTP/1.1" 404 196 "-" "Go-http-client/1.1"
8.210.123.17 - - [16/Apr/2024:21:51:04 +0000] "POST /dns-query HTTP/1.1" 403 199 "-" "Go-http-client/1.1"
8.210.123.17 - - [16/Apr/2024:21:51:04 +0000] "GET /dns-query?name=example.com&type=A HTTP/1.1" 404 196 "-" "Go-http-client/1.1"
8.210.123.17 - - [16/Apr/2024:21:51:05 +0000] "GET /dns-query?dns=q80BAAABAAAAAAAAA3d3dwdleGFtcGxlA2NvbQAAAQAB HTTP/1.1" 404 196 "-" "Go-http-client/1.1"
8.210.123.17 - - [16/Apr/2024:21:51:05 +0000] "POST /dns-query HTTP/1.1" 403 199 "-" "Go-http-client/1.1"
8.210.123.17 - - [16/Apr/2024:21:51:05 +0000] "GET /dns-query?name=example.com&type=A HTTP/1.1" 404 196 "-" "Go-http-client/1.1"
8.210.123.17 - - [16/Apr/2024:21:51:05 +0000] "GET /query?dns=q80BAAABAAAAAAAAA3d3dwdleGFtcGxlA2NvbQAAAQAB HTTP/1.1" 404 196 "-" "Go-http-client/1.1"
8.210.123.17 - - [16/Apr/2024:21:51:05 +0000] "POST /query HTTP/1.1" 403 199 "-" "Go-http-client/1.1"
8.210.123.17 - - [16/Apr/2024:21:51:05 +0000] "GET /query?name=example.com&type=A HTTP/1.1" 404 196 "-" "Go-http-client/1.1"
8.210.123.17 - - [16/Apr/2024:21:51:05 +0000] "GET /query?dns=q80BAAABAAAAAAAAA3d3dwdleGFtcGxlA2NvbQAAAQAB HTTP/1.1" 404 196 "-" "Go-http-client/1.1"
8.210.123.17 - - [16/Apr/2024:21:51:05 +0000] "POST /query HTTP/1.1" 403 199 "-" "Go-http-client/1.1"
8.210.123.17 - - [16/Apr/2024:21:51:05 +0000] "GET /query?name=example.com&type=A HTTP/1.1" 404 196 "-" "Go-http-client/1.1"
8.210.123.17 - - [16/Apr/2024:21:51:05 +0000] "GET /resolve?dns=q80BAAABAAAAAAAAA3d3dwdleGFtcGxlA2NvbQAAAQAB HTTP/1.1" 404 196 "-" "Go-http-client/1.1"
8.210.123.17 - - [16/Apr/2024:21:51:05 +0000] "POST /resolve HTTP/1.1" 403 199 "-" "Go-http-client/1.1"
8.210.123.17 - - [16/Apr/2024:21:51:06 +0000] "GET /resolve?name=example.com&type=A HTTP/1.1" 404 196 "-" "Go-http-client/1.1"
8.210.123.17 - - [16/Apr/2024:21:51:06 +0000] "GET /resolve?dns=q80BAAABAAAAAAAAA3d3dwdleGFtcGxlA2NvbQAAAQAB HTTP/1.1" 404 196 "-" "Go-http-client/1.1"
8.210.123.17 - - [16/Apr/2024:21:51:06 +0000] "POST /resolve HTTP/1.1" 403 199 "-" "Go-http-client/1.1"
8.210.123.17 - - [16/Apr/2024:21:51:06 +0000] "GET /resolve?name=example.com&type=A HTTP/1.1" 404 196 "-" "Go-http-client/1.1"
8.210.123.17 - - [16/Apr/2024:21:51:06 +0000] "GET /?dns=q80BAAABAAAAAAAAA3d3dwdleGFtcGxlA2NvbQAAAQAB HTTP/1.1" 200 5069 "-" "Go-http-client/1.1"
8.210.123.17 - - [16/Apr/2024:21:51:06 +0000] "POST / HTTP/1.1" 403 199 "-" "Go-http-client/1.1"
8.210.123.17 - - [16/Apr/2024:21:51:06 +0000] "GET /?name=example.com&type=A HTTP/1.1" 200 5069 "-" "Go-http-client/1.1"
8.210.123.17 - - [16/Apr/2024:21:51:06 +0000] "GET /?dns=q80BAAABAAAAAAAAA3d3dwdleGFtcGxlA2NvbQAAAQAB HTTP/1.1" 200 5069 "-" "Go-http-client/1.1"
8.210.123.17 - - [16/Apr/2024:21:51:06 +0000] "POST / HTTP/1.1" 403 199 "-" "Go-http-client/1.1"
8.210.123.17 - - [16/Apr/2024:21:51:06 +0000] "GET /?name=example.com&type=A HTTP/1.1" 200 5069 "-" "Go-http-client/1.1"
122.161.65.100 - - [16/Apr/2024:21:51:34 +0000] "POST /roundcube/?_task=mail&_action=refresh HTTP/1.1" 200 180 "https://server.mswebtech.com/roundcube/?_task=mail&_mbox=INBOX" "Mozilla/5.0 (Windows NT 10.0; Win64; x64) AppleWebKit/537.36 (KHTML, like Gecko) Chrome/123.0.0.0 Safari/537.36"
122.161.65.100 - - [16/Apr/2024:21:53:36 +0000] "POST /roundcube/?_task=mail&_action=refresh HTTP/1.1" 200 180 "https://server.mswebtech.com/roundcube/?_task=mail&_mbox=INBOX" "Mozilla/5.0 (Windows NT 10.0; Win64; x64) AppleWebKit/537.36 (KHTML, like Gecko) Chrome/123.0.0.0 Safari/537.36"
122.161.65.100 - - [16/Apr/2024:21:55:36 +0000] "POST /roundcube/?_task=mail&_action=refresh HTTP/1.1" 200 180 "https://server.mswebtech.com/roundcube/?_task=mail&_mbox=INBOX" "Mozilla/5.0 (Windows NT 10.0; Win64; x64) AppleWebKit/537.36 (KHTML, like Gecko) Chrome/123.0.0.0 Safari/537.36"
122.161.65.100 - - [16/Apr/2024:21:56:37 +0000] "POST /roundcube/?_task=mail&_action=refresh HTTP/1.1" 200 181 "https://server.mswebtech.com/roundcube/?_task=mail&_mbox=INBOX" "Mozilla/5.0 (Windows NT 10.0; Win64; x64) AppleWebKit/537.36 (KHTML, like Gecko) Chrome/123.0.0.0 Safari/537.36"
122.161.65.100 - - [16/Apr/2024:21:57:38 +0000] "POST /roundcube/?_task=mail&_action=refresh HTTP/1.1" 200 180 "https://server.mswebtech.com/roundcube/?_task=mail&_mbox=INBOX" "Mozilla/5.0 (Windows NT 10.0; Win64; x64) AppleWebKit/537.36 (KHTML, like Gecko) Chrome/123.0.0.0 Safari/537.36"
122.161.65.100 - - [16/Apr/2024:21:58:39 +0000] "POST /roundcube/?_task=mail&_action=refresh HTTP/1.1" 200 180 "https://server.mswebtech.com/roundcube/?_task=mail&_mbox=INBOX" "Mozilla/5.0 (Windows NT 10.0; Win64; x64) AppleWebKit/537.36 (KHTML, like Gecko) Chrome/123.0.0.0 Safari/537.36"
122.161.65.100 - - [16/Apr/2024:21:59:40 +0000] "POST /roundcube/?_task=mail&_action=refresh HTTP/1.1" 200 180 "https://server.mswebtech.com/roundcube/?_task=mail&_mbox=INBOX" "Mozilla/5.0 (Windows NT 10.0; Win64; x64) AppleWebKit/537.36 (KHTML, like Gecko) Chrome/123.0.0.0 Safari/537.36"
122.161.65.100 - - [16/Apr/2024:22:00:41 +0000] "POST /roundcube/?_task=mail&_action=refresh HTTP/1.1" 200 180 "https://server.mswebtech.com/roundcube/?_task=mail&_mbox=INBOX" "Mozilla/5.0 (Windows NT 10.0; Win64; x64) AppleWebKit/537.36 (KHTML, like Gecko) Chrome/123.0.0.0 Safari/537.36"
122.161.65.100 - - [16/Apr/2024:22:01:42 +0000] "POST /roundcube/?_task=mail&_action=refresh HTTP/1.1" 200 180 "https://server.mswebtech.com/roundcube/?_task=mail&_mbox=INBOX" "Mozilla/5.0 (Windows NT 10.0; Win64; x64) AppleWebKit/537.36 (KHTML, like Gecko) Chrome/123.0.0.0 Safari/537.36"
122.161.65.100 - - [16/Apr/2024:22:02:43 +0000] "POST /roundcube/?_task=mail&_action=refresh HTTP/1.1" 200 180 "https://server.mswebtech.com/roundcube/?_task=mail&_mbox=INBOX" "Mozilla/5.0 (Windows NT 10.0; Win64; x64) AppleWebKit/537.36 (KHTML, like Gecko) Chrome/123.0.0.0 Safari/537.36"
122.161.65.100 - - [16/Apr/2024:22:03:44 +0000] "POST /roundcube/?_task=mail&_action=refresh HTTP/1.1" 200 180 "https://server.mswebtech.com/roundcube/?_task=mail&_mbox=INBOX" "Mozilla/5.0 (Windows NT 10.0; Win64; x64) AppleWebKit/537.36 (KHTML, like Gecko) Chrome/123.0.0.0 Safari/537.36"
122.161.65.100 - - [16/Apr/2024:22:04:45 +0000] "POST /roundcube/?_task=mail&_action=refresh HTTP/1.1" 200 180 "https://server.mswebtech.com/roundcube/?_task=mail&_mbox=INBOX" "Mozilla/5.0 (Windows NT 10.0; Win64; x64) AppleWebKit/537.36 (KHTML, like Gecko) Chrome/123.0.0.0 Safari/537.36"
167.94.138.2 - - [16/Apr/2024:22:05:39 +0000] "GET / HTTP/1.1" 400 255 "-" "Mozilla/5.0 (compatible; CensysInspect/1.1; +https://about.censys.io/)"
167.94.138.2 - - [16/Apr/2024:22:05:40 +0000] "PRI * HTTP/2.0" 400 157 "-" "-"
122.161.65.100 - - [16/Apr/2024:22:05:46 +0000] "POST /roundcube/?_task=mail&_action=refresh HTTP/1.1" 200 180 "https://server.mswebtech.com/roundcube/?_task=mail&_mbox=INBOX" "Mozilla/5.0 (Windows NT 10.0; Win64; x64) AppleWebKit/537.36 (KHTML, like Gecko) Chrome/123.0.0.0 Safari/537.36"
122.161.65.100 - - [16/Apr/2024:22:06:47 +0000] "POST /roundcube/?_task=mail&_action=refresh HTTP/1.1" 200 180 "https://server.mswebtech.com/roundcube/?_task=mail&_mbox=INBOX" "Mozilla/5.0 (Windows NT 10.0; Win64; x64) AppleWebKit/537.36 (KHTML, like Gecko) Chrome/123.0.0.0 Safari/537.36"
122.161.65.100 - - [16/Apr/2024:22:07:48 +0000] "POST /roundcube/?_task=mail&_action=refresh HTTP/1.1" 200 180 "https://server.mswebtech.com/roundcube/?_task=mail&_mbox=INBOX" "Mozilla/5.0 (Windows NT 10.0; Win64; x64) AppleWebKit/537.36 (KHTML, like Gecko) Chrome/123.0.0.0 Safari/537.36"
122.161.65.100 - - [16/Apr/2024:22:08:49 +0000] "POST /roundcube/?_task=mail&_action=refresh HTTP/1.1" 200 181 "https://server.mswebtech.com/roundcube/?_task=mail&_mbox=INBOX" "Mozilla/5.0 (Windows NT 10.0; Win64; x64) AppleWebKit/537.36 (KHTML, like Gecko) Chrome/123.0.0.0 Safari/537.36"
122.161.65.100 - - [16/Apr/2024:22:09:50 +0000] "POST /roundcube/?_task=mail&_action=refresh HTTP/1.1" 200 180 "https://server.mswebtech.com/roundcube/?_task=mail&_mbox=INBOX" "Mozilla/5.0 (Windows NT 10.0; Win64; x64) AppleWebKit/537.36 (KHTML, like Gecko) Chrome/123.0.0.0 Safari/537.36"
122.161.65.100 - - [16/Apr/2024:22:10:51 +0000] "POST /roundcube/?_task=mail&_action=refresh HTTP/1.1" 200 180 "https://server.mswebtech.com/roundcube/?_task=mail&_mbox=INBOX" "Mozilla/5.0 (Windows NT 10.0; Win64; x64) AppleWebKit/537.36 (KHTML, like Gecko) Chrome/123.0.0.0 Safari/537.36"
122.161.65.100 - - [16/Apr/2024:22:11:52 +0000] "POST /roundcube/?_task=mail&_action=refresh HTTP/1.1" 200 179 "https://server.mswebtech.com/roundcube/?_task=mail&_mbox=INBOX" "Mozilla/5.0 (Windows NT 10.0; Win64; x64) AppleWebKit/537.36 (KHTML, like Gecko) Chrome/123.0.0.0 Safari/537.36"
122.161.65.100 - - [16/Apr/2024:22:12:53 +0000] "POST /roundcube/?_task=mail&_action=refresh HTTP/1.1" 200 180 "https://server.mswebtech.com/roundcube/?_task=mail&_mbox=INBOX" "Mozilla/5.0 (Windows NT 10.0; Win64; x64) AppleWebKit/537.36 (KHTML, like Gecko) Chrome/123.0.0.0 Safari/537.36"
122.161.65.100 - - [16/Apr/2024:22:13:54 +0000] "POST /roundcube/?_task=mail&_action=refresh HTTP/1.1" 200 180 "https://server.mswebtech.com/roundcube/?_task=mail&_mbox=INBOX" "Mozilla/5.0 (Windows NT 10.0; Win64; x64) AppleWebKit/537.36 (KHTML, like Gecko) Chrome/123.0.0.0 Safari/537.36"
122.161.65.100 - - [16/Apr/2024:22:14:55 +0000] "POST /roundcube/?_task=mail&_action=refresh HTTP/1.1" 200 181 "https://server.mswebtech.com/roundcube/?_task=mail&_mbox=INBOX" "Mozilla/5.0 (Windows NT 10.0; Win64; x64) AppleWebKit/537.36 (KHTML, like Gecko) Chrome/123.0.0.0 Safari/537.36"
122.161.65.100 - - [16/Apr/2024:22:15:56 +0000] "POST /roundcube/?_task=mail&_action=refresh HTTP/1.1" 200 180 "https://server.mswebtech.com/roundcube/?_task=mail&_mbox=INBOX" "Mozilla/5.0 (Windows NT 10.0; Win64; x64) AppleWebKit/537.36 (KHTML, like Gecko) Chrome/123.0.0.0 Safari/537.36"
122.161.65.100 - - [16/Apr/2024:22:16:57 +0000] "POST /roundcube/?_task=mail&_action=refresh HTTP/1.1" 200 180 "https://server.mswebtech.com/roundcube/?_task=mail&_mbox=INBOX" "Mozilla/5.0 (Windows NT 10.0; Win64; x64) AppleWebKit/537.36 (KHTML, like Gecko) Chrome/123.0.0.0 Safari/537.36"
122.161.65.100 - - [16/Apr/2024:22:17:58 +0000] "POST /roundcube/?_task=mail&_action=refresh HTTP/1.1" 200 181 "https://server.mswebtech.com/roundcube/?_task=mail&_mbox=INBOX" "Mozilla/5.0 (Windows NT 10.0; Win64; x64) AppleWebKit/537.36 (KHTML, like Gecko) Chrome/123.0.0.0 Safari/537.36"
122.161.65.100 - - [16/Apr/2024:22:18:59 +0000] "POST /roundcube/?_task=mail&_action=refresh HTTP/1.1" 200 180 "https://server.mswebtech.com/roundcube/?_task=mail&_mbox=INBOX" "Mozilla/5.0 (Windows NT 10.0; Win64; x64) AppleWebKit/537.36 (KHTML, like Gecko) Chrome/123.0.0.0 Safari/537.36"
122.161.65.100 - - [16/Apr/2024:22:20:00 +0000] "POST /roundcube/?_task=mail&_action=refresh HTTP/1.1" 200 180 "https://server.mswebtech.com/roundcube/?_task=mail&_mbox=INBOX" "Mozilla/5.0 (Windows NT 10.0; Win64; x64) AppleWebKit/537.36 (KHTML, like Gecko) Chrome/123.0.0.0 Safari/537.36"
122.161.65.100 - - [16/Apr/2024:22:21:01 +0000] "POST /roundcube/?_task=mail&_action=refresh HTTP/1.1" 200 180 "https://server.mswebtech.com/roundcube/?_task=mail&_mbox=INBOX" "Mozilla/5.0 (Windows NT 10.0; Win64; x64) AppleWebKit/537.36 (KHTML, like Gecko) Chrome/123.0.0.0 Safari/537.36"
122.161.65.100 - - [16/Apr/2024:22:22:02 +0000] "POST /roundcube/?_task=mail&_action=refresh HTTP/1.1" 200 180 "https://server.mswebtech.com/roundcube/?_task=mail&_mbox=INBOX" "Mozilla/5.0 (Windows NT 10.0; Win64; x64) AppleWebKit/537.36 (KHTML, like Gecko) Chrome/123.0.0.0 Safari/537.36"
122.161.65.100 - - [16/Apr/2024:22:23:03 +0000] "POST /roundcube/?_task=mail&_action=refresh HTTP/1.1" 200 180 "https://server.mswebtech.com/roundcube/?_task=mail&_mbox=INBOX" "Mozilla/5.0 (Windows NT 10.0; Win64; x64) AppleWebKit/537.36 (KHTML, like Gecko) Chrome/123.0.0.0 Safari/537.36"
45.79.163.53 - - [16/Apr/2024:22:23:09 +0000] "GET / HTTP/1.1" 400 255 "-" "Mozilla/5.0 zgrab/0.x"
122.161.65.100 - - [16/Apr/2024:22:24:04 +0000] "POST /roundcube/?_task=mail&_action=refresh HTTP/1.1" 200 181 "https://server.mswebtech.com/roundcube/?_task=mail&_mbox=INBOX" "Mozilla/5.0 (Windows NT 10.0; Win64; x64) AppleWebKit/537.36 (KHTML, like Gecko) Chrome/123.0.0.0 Safari/537.36"
122.161.65.100 - - [16/Apr/2024:22:25:05 +0000] "POST /roundcube/?_task=mail&_action=refresh HTTP/1.1" 200 180 "https://server.mswebtech.com/roundcube/?_task=mail&_mbox=INBOX" "Mozilla/5.0 (Windows NT 10.0; Win64; x64) AppleWebKit/537.36 (KHTML, like Gecko) Chrome/123.0.0.0 Safari/537.36"
122.161.65.100 - - [16/Apr/2024:22:26:06 +0000] "POST /roundcube/?_task=mail&_action=refresh HTTP/1.1" 200 180 "https://server.mswebtech.com/roundcube/?_task=mail&_mbox=INBOX" "Mozilla/5.0 (Windows NT 10.0; Win64; x64) AppleWebKit/537.36 (KHTML, like Gecko) Chrome/123.0.0.0 Safari/537.36"
122.161.65.100 - - [16/Apr/2024:22:27:07 +0000] "POST /roundcube/?_task=mail&_action=refresh HTTP/1.1" 200 181 "https://server.mswebtech.com/roundcube/?_task=mail&_mbox=INBOX" "Mozilla/5.0 (Windows NT 10.0; Win64; x64) AppleWebKit/537.36 (KHTML, like Gecko) Chrome/123.0.0.0 Safari/537.36"
172.104.11.4 - - [16/Apr/2024:22:27:35 +0000] "GET / HTTP/1.1" 200 1971 "-" "Mozilla/5.0 (Macintosh; Intel Mac OS X 13_1) AppleWebKit/537.36 (KHTML, like Gecko) Chrome/108.0.0.0 Safari/537.36"
122.161.65.100 - - [16/Apr/2024:22:28:08 +0000] "POST /roundcube/?_task=mail&_action=refresh HTTP/1.1" 200 181 "https://server.mswebtech.com/roundcube/?_task=mail&_mbox=INBOX" "Mozilla/5.0 (Windows NT 10.0; Win64; x64) AppleWebKit/537.36 (KHTML, like Gecko) Chrome/123.0.0.0 Safari/537.36"
122.161.65.100 - - [16/Apr/2024:22:29:09 +0000] "POST /roundcube/?_task=mail&_action=refresh HTTP/1.1" 200 180 "https://server.mswebtech.com/roundcube/?_task=mail&_mbox=INBOX" "Mozilla/5.0 (Windows NT 10.0; Win64; x64) AppleWebKit/537.36 (KHTML, like Gecko) Chrome/123.0.0.0 Safari/537.36"
122.161.65.100 - - [16/Apr/2024:22:30:10 +0000] "POST /roundcube/?_task=mail&_action=refresh HTTP/1.1" 200 180 "https://server.mswebtech.com/roundcube/?_task=mail&_mbox=INBOX" "Mozilla/5.0 (Windows NT 10.0; Win64; x64) AppleWebKit/537.36 (KHTML, like Gecko) Chrome/123.0.0.0 Safari/537.36"
122.161.65.100 - - [16/Apr/2024:22:31:11 +0000] "POST /roundcube/?_task=mail&_action=refresh HTTP/1.1" 200 180 "https://server.mswebtech.com/roundcube/?_task=mail&_mbox=INBOX" "Mozilla/5.0 (Windows NT 10.0; Win64; x64) AppleWebKit/537.36 (KHTML, like Gecko) Chrome/123.0.0.0 Safari/537.36"
122.161.65.100 - - [16/Apr/2024:22:32:12 +0000] "POST /roundcube/?_task=mail&_action=refresh HTTP/1.1" 200 180 "https://server.mswebtech.com/roundcube/?_task=mail&_mbox=INBOX" "Mozilla/5.0 (Windows NT 10.0; Win64; x64) AppleWebKit/537.36 (KHTML, like Gecko) Chrome/123.0.0.0 Safari/537.36"
122.161.65.100 - - [16/Apr/2024:22:33:13 +0000] "POST /roundcube/?_task=mail&_action=refresh HTTP/1.1" 200 181 "https://server.mswebtech.com/roundcube/?_task=mail&_mbox=INBOX" "Mozilla/5.0 (Windows NT 10.0; Win64; x64) AppleWebKit/537.36 (KHTML, like Gecko) Chrome/123.0.0.0 Safari/537.36"
172.104.210.105 - - [16/Apr/2024:22:33:54 +0000] "GET / HTTP/1.1" 400 255 "-" "Mozilla/5.0 zgrab/0.x"
122.161.65.100 - - [16/Apr/2024:22:34:14 +0000] "POST /roundcube/?_task=mail&_action=refresh HTTP/1.1" 200 180 "https://server.mswebtech.com/roundcube/?_task=mail&_mbox=INBOX" "Mozilla/5.0 (Windows NT 10.0; Win64; x64) AppleWebKit/537.36 (KHTML, like Gecko) Chrome/123.0.0.0 Safari/537.36"
122.161.65.100 - - [16/Apr/2024:22:35:15 +0000] "POST /roundcube/?_task=mail&_action=refresh HTTP/1.1" 200 180 "https://server.mswebtech.com/roundcube/?_task=mail&_mbox=INBOX" "Mozilla/5.0 (Windows NT 10.0; Win64; x64) AppleWebKit/537.36 (KHTML, like Gecko) Chrome/123.0.0.0 Safari/537.36"
122.161.65.100 - - [16/Apr/2024:22:36:16 +0000] "POST /roundcube/?_task=mail&_action=refresh HTTP/1.1" 200 180 "https://server.mswebtech.com/roundcube/?_task=mail&_mbox=INBOX" "Mozilla/5.0 (Windows NT 10.0; Win64; x64) AppleWebKit/537.36 (KHTML, like Gecko) Chrome/123.0.0.0 Safari/537.36"
122.161.65.100 - - [16/Apr/2024:22:37:17 +0000] "POST /roundcube/?_task=mail&_action=refresh HTTP/1.1" 200 180 "https://server.mswebtech.com/roundcube/?_task=mail&_mbox=INBOX" "Mozilla/5.0 (Windows NT 10.0; Win64; x64) AppleWebKit/537.36 (KHTML, like Gecko) Chrome/123.0.0.0 Safari/537.36"
172.105.128.12 - - [16/Apr/2024:22:37:32 +0000] "GET / HTTP/1.1" 200 1971 "-" "Mozilla/5.0 (Macintosh; Intel Mac OS X 13_1) AppleWebKit/537.36 (KHTML, like Gecko) Chrome/108.0.0.0 Safari/537.36"
122.161.65.100 - - [16/Apr/2024:22:38:18 +0000] "POST /roundcube/?_task=mail&_action=refresh HTTP/1.1" 200 180 "https://server.mswebtech.com/roundcube/?_task=mail&_mbox=INBOX" "Mozilla/5.0 (Windows NT 10.0; Win64; x64) AppleWebKit/537.36 (KHTML, like Gecko) Chrome/123.0.0.0 Safari/537.36"
122.161.65.100 - - [16/Apr/2024:22:39:19 +0000] "POST /roundcube/?_task=mail&_action=refresh HTTP/1.1" 200 180 "https://server.mswebtech.com/roundcube/?_task=mail&_mbox=INBOX" "Mozilla/5.0 (Windows NT 10.0; Win64; x64) AppleWebKit/537.36 (KHTML, like Gecko) Chrome/123.0.0.0 Safari/537.36"
122.161.65.100 - - [16/Apr/2024:22:40:20 +0000] "POST /roundcube/?_task=mail&_action=refresh HTTP/1.1" 200 180 "https://server.mswebtech.com/roundcube/?_task=mail&_mbox=INBOX" "Mozilla/5.0 (Windows NT 10.0; Win64; x64) AppleWebKit/537.36 (KHTML, like Gecko) Chrome/123.0.0.0 Safari/537.36"
122.161.65.100 - - [16/Apr/2024:22:41:21 +0000] "POST /roundcube/?_task=mail&_action=refresh HTTP/1.1" 200 180 "https://server.mswebtech.com/roundcube/?_task=mail&_mbox=INBOX" "Mozilla/5.0 (Windows NT 10.0; Win64; x64) AppleWebKit/537.36 (KHTML, like Gecko) Chrome/123.0.0.0 Safari/537.36"
122.161.65.100 - - [16/Apr/2024:22:42:22 +0000] "POST /roundcube/?_task=mail&_action=refresh HTTP/1.1" 200 180 "https://server.mswebtech.com/roundcube/?_task=mail&_mbox=INBOX" "Mozilla/5.0 (Windows NT 10.0; Win64; x64) AppleWebKit/537.36 (KHTML, like Gecko) Chrome/123.0.0.0 Safari/537.36"
122.161.65.100 - - [16/Apr/2024:22:43:23 +0000] "POST /roundcube/?_task=mail&_action=refresh HTTP/1.1" 200 180 "https://server.mswebtech.com/roundcube/?_task=mail&_mbox=INBOX" "Mozilla/5.0 (Windows NT 10.0; Win64; x64) AppleWebKit/537.36 (KHTML, like Gecko) Chrome/123.0.0.0 Safari/537.36"
122.161.65.100 - - [16/Apr/2024:22:44:24 +0000] "POST /roundcube/?_task=mail&_action=refresh HTTP/1.1" 200 180 "https://server.mswebtech.com/roundcube/?_task=mail&_mbox=INBOX" "Mozilla/5.0 (Windows NT 10.0; Win64; x64) AppleWebKit/537.36 (KHTML, like Gecko) Chrome/123.0.0.0 Safari/537.36"
122.161.65.100 - - [16/Apr/2024:22:45:25 +0000] "POST /roundcube/?_task=mail&_action=refresh HTTP/1.1" 200 181 "https://server.mswebtech.com/roundcube/?_task=mail&_mbox=INBOX" "Mozilla/5.0 (Windows NT 10.0; Win64; x64) AppleWebKit/537.36 (KHTML, like Gecko) Chrome/123.0.0.0 Safari/537.36"
122.161.65.100 - - [16/Apr/2024:22:46:26 +0000] "POST /roundcube/?_task=mail&_action=refresh HTTP/1.1" 200 180 "https://server.mswebtech.com/roundcube/?_task=mail&_mbox=INBOX" "Mozilla/5.0 (Windows NT 10.0; Win64; x64) AppleWebKit/537.36 (KHTML, like Gecko) Chrome/123.0.0.0 Safari/537.36"
122.161.65.100 - - [16/Apr/2024:22:47:27 +0000] "POST /roundcube/?_task=mail&_action=refresh HTTP/1.1" 200 181 "https://server.mswebtech.com/roundcube/?_task=mail&_mbox=INBOX" "Mozilla/5.0 (Windows NT 10.0; Win64; x64) AppleWebKit/537.36 (KHTML, like Gecko) Chrome/123.0.0.0 Safari/537.36"
122.161.65.100 - - [16/Apr/2024:22:48:28 +0000] "POST /roundcube/?_task=mail&_action=refresh HTTP/1.1" 200 180 "https://server.mswebtech.com/roundcube/?_task=mail&_mbox=INBOX" "Mozilla/5.0 (Windows NT 10.0; Win64; x64) AppleWebKit/537.36 (KHTML, like Gecko) Chrome/123.0.0.0 Safari/537.36"
122.161.65.100 - - [16/Apr/2024:22:49:29 +0000] "POST /roundcube/?_task=mail&_action=refresh HTTP/1.1" 200 179 "https://server.mswebtech.com/roundcube/?_task=mail&_mbox=INBOX" "Mozilla/5.0 (Windows NT 10.0; Win64; x64) AppleWebKit/537.36 (KHTML, like Gecko) Chrome/123.0.0.0 Safari/537.36"
122.161.65.100 - - [16/Apr/2024:22:50:30 +0000] "POST /roundcube/?_task=mail&_action=refresh HTTP/1.1" 200 180 "https://server.mswebtech.com/roundcube/?_task=mail&_mbox=INBOX" "Mozilla/5.0 (Windows NT 10.0; Win64; x64) AppleWebKit/537.36 (KHTML, like Gecko) Chrome/123.0.0.0 Safari/537.36"
122.161.65.100 - - [16/Apr/2024:22:51:31 +0000] "POST /roundcube/?_task=mail&_action=refresh HTTP/1.1" 200 180 "https://server.mswebtech.com/roundcube/?_task=mail&_mbox=INBOX" "Mozilla/5.0 (Windows NT 10.0; Win64; x64) AppleWebKit/537.36 (KHTML, like Gecko) Chrome/123.0.0.0 Safari/537.36"
122.161.65.100 - - [16/Apr/2024:22:52:32 +0000] "POST /roundcube/?_task=mail&_action=refresh HTTP/1.1" 200 180 "https://server.mswebtech.com/roundcube/?_task=mail&_mbox=INBOX" "Mozilla/5.0 (Windows NT 10.0; Win64; x64) AppleWebKit/537.36 (KHTML, like Gecko) Chrome/123.0.0.0 Safari/537.36"
122.161.65.100 - - [16/Apr/2024:22:53:33 +0000] "POST /roundcube/?_task=mail&_action=refresh HTTP/1.1" 200 180 "https://server.mswebtech.com/roundcube/?_task=mail&_mbox=INBOX" "Mozilla/5.0 (Windows NT 10.0; Win64; x64) AppleWebKit/537.36 (KHTML, like Gecko) Chrome/123.0.0.0 Safari/537.36"
122.161.65.100 - - [16/Apr/2024:22:54:34 +0000] "POST /roundcube/?_task=mail&_action=refresh HTTP/1.1" 200 180 "https://server.mswebtech.com/roundcube/?_task=mail&_mbox=INBOX" "Mozilla/5.0 (Windows NT 10.0; Win64; x64) AppleWebKit/537.36 (KHTML, like Gecko) Chrome/123.0.0.0 Safari/537.36"
122.161.65.100 - - [16/Apr/2024:22:56:36 +0000] "POST /roundcube/?_task=mail&_action=refresh HTTP/1.1" 200 180 "https://server.mswebtech.com/roundcube/?_task=mail&_mbox=INBOX" "Mozilla/5.0 (Windows NT 10.0; Win64; x64) AppleWebKit/537.36 (KHTML, like Gecko) Chrome/123.0.0.0 Safari/537.36"
122.161.65.100 - - [16/Apr/2024:22:58:36 +0000] "POST /roundcube/?_task=mail&_action=refresh HTTP/1.1" 200 180 "https://server.mswebtech.com/roundcube/?_task=mail&_mbox=INBOX" "Mozilla/5.0 (Windows NT 10.0; Win64; x64) AppleWebKit/537.36 (KHTML, like Gecko) Chrome/123.0.0.0 Safari/537.36"
122.161.65.100 - - [16/Apr/2024:22:59:37 +0000] "POST /roundcube/?_task=mail&_action=refresh HTTP/1.1" 200 180 "https://server.mswebtech.com/roundcube/?_task=mail&_mbox=INBOX" "Mozilla/5.0 (Windows NT 10.0; Win64; x64) AppleWebKit/537.36 (KHTML, like Gecko) Chrome/123.0.0.0 Safari/537.36"
122.161.65.100 - - [16/Apr/2024:23:00:38 +0000] "POST /roundcube/?_task=mail&_action=refresh HTTP/1.1" 200 180 "https://server.mswebtech.com/roundcube/?_task=mail&_mbox=INBOX" "Mozilla/5.0 (Windows NT 10.0; Win64; x64) AppleWebKit/537.36 (KHTML, like Gecko) Chrome/123.0.0.0 Safari/537.36"
122.161.65.100 - - [16/Apr/2024:23:01:39 +0000] "POST /roundcube/?_task=mail&_action=refresh HTTP/1.1" 200 180 "https://server.mswebtech.com/roundcube/?_task=mail&_mbox=INBOX" "Mozilla/5.0 (Windows NT 10.0; Win64; x64) AppleWebKit/537.36 (KHTML, like Gecko) Chrome/123.0.0.0 Safari/537.36"
122.161.65.100 - - [16/Apr/2024:23:02:40 +0000] "POST /roundcube/?_task=mail&_action=refresh HTTP/1.1" 200 180 "https://server.mswebtech.com/roundcube/?_task=mail&_mbox=INBOX" "Mozilla/5.0 (Windows NT 10.0; Win64; x64) AppleWebKit/537.36 (KHTML, like Gecko) Chrome/123.0.0.0 Safari/537.36"
122.161.65.100 - - [16/Apr/2024:23:03:41 +0000] "POST /roundcube/?_task=mail&_action=refresh HTTP/1.1" 200 181 "https://server.mswebtech.com/roundcube/?_task=mail&_mbox=INBOX" "Mozilla/5.0 (Windows NT 10.0; Win64; x64) AppleWebKit/537.36 (KHTML, like Gecko) Chrome/123.0.0.0 Safari/537.36"
122.161.65.100 - - [16/Apr/2024:23:04:42 +0000] "POST /roundcube/?_task=mail&_action=refresh HTTP/1.1" 200 180 "https://server.mswebtech.com/roundcube/?_task=mail&_mbox=INBOX" "Mozilla/5.0 (Windows NT 10.0; Win64; x64) AppleWebKit/537.36 (KHTML, like Gecko) Chrome/123.0.0.0 Safari/537.36"
122.161.65.100 - - [16/Apr/2024:23:05:43 +0000] "POST /roundcube/?_task=mail&_action=refresh HTTP/1.1" 200 180 "https://server.mswebtech.com/roundcube/?_task=mail&_mbox=INBOX" "Mozilla/5.0 (Windows NT 10.0; Win64; x64) AppleWebKit/537.36 (KHTML, like Gecko) Chrome/123.0.0.0 Safari/537.36"
122.161.65.100 - - [16/Apr/2024:23:06:44 +0000] "POST /roundcube/?_task=mail&_action=refresh HTTP/1.1" 200 180 "https://server.mswebtech.com/roundcube/?_task=mail&_mbox=INBOX" "Mozilla/5.0 (Windows NT 10.0; Win64; x64) AppleWebKit/537.36 (KHTML, like Gecko) Chrome/123.0.0.0 Safari/537.36"
122.161.65.100 - - [16/Apr/2024:23:07:45 +0000] "POST /roundcube/?_task=mail&_action=refresh HTTP/1.1" 200 181 "https://server.mswebtech.com/roundcube/?_task=mail&_mbox=INBOX" "Mozilla/5.0 (Windows NT 10.0; Win64; x64) AppleWebKit/537.36 (KHTML, like Gecko) Chrome/123.0.0.0 Safari/537.36"
122.161.65.100 - - [16/Apr/2024:23:08:47 +0000] "POST /roundcube/?_task=mail&_action=refresh HTTP/1.1" 200 181 "https://server.mswebtech.com/roundcube/?_task=mail&_mbox=INBOX" "Mozilla/5.0 (Windows NT 10.0; Win64; x64) AppleWebKit/537.36 (KHTML, like Gecko) Chrome/123.0.0.0 Safari/537.36"
122.161.65.100 - - [16/Apr/2024:23:09:47 +0000] "POST /roundcube/?_task=mail&_action=refresh HTTP/1.1" 200 181 "https://server.mswebtech.com/roundcube/?_task=mail&_mbox=INBOX" "Mozilla/5.0 (Windows NT 10.0; Win64; x64) AppleWebKit/537.36 (KHTML, like Gecko) Chrome/123.0.0.0 Safari/537.36"
122.161.65.100 - - [16/Apr/2024:23:10:48 +0000] "POST /roundcube/?_task=mail&_action=refresh HTTP/1.1" 200 180 "https://server.mswebtech.com/roundcube/?_task=mail&_mbox=INBOX" "Mozilla/5.0 (Windows NT 10.0; Win64; x64) AppleWebKit/537.36 (KHTML, like Gecko) Chrome/123.0.0.0 Safari/537.36"
122.161.65.100 - - [16/Apr/2024:23:11:49 +0000] "POST /roundcube/?_task=mail&_action=refresh HTTP/1.1" 200 180 "https://server.mswebtech.com/roundcube/?_task=mail&_mbox=INBOX" "Mozilla/5.0 (Windows NT 10.0; Win64; x64) AppleWebKit/537.36 (KHTML, like Gecko) Chrome/123.0.0.0 Safari/537.36"
122.161.65.100 - - [16/Apr/2024:23:12:50 +0000] "POST /roundcube/?_task=mail&_action=refresh HTTP/1.1" 200 181 "https://server.mswebtech.com/roundcube/?_task=mail&_mbox=INBOX" "Mozilla/5.0 (Windows NT 10.0; Win64; x64) AppleWebKit/537.36 (KHTML, like Gecko) Chrome/123.0.0.0 Safari/537.36"
20.55.53.144 - - [16/Apr/2024:23:13:30 +0000] "GET / HTTP/1.1" 200 1971 "-" "Mozilla/5.0 (Windows NT 10.0; Win64; x64) AppleWebKit/537.36 (KHTML, like Gecko) Chrome/79.0.3945.117 Safari/537.36"
122.161.65.100 - - [16/Apr/2024:23:13:51 +0000] "POST /roundcube/?_task=mail&_action=refresh HTTP/1.1" 200 180 "https://server.mswebtech.com/roundcube/?_task=mail&_mbox=INBOX" "Mozilla/5.0 (Windows NT 10.0; Win64; x64) AppleWebKit/537.36 (KHTML, like Gecko) Chrome/123.0.0.0 Safari/537.36"
