122.161.65.100 - - [16/Apr/2024:08:30:01 +0000] "GET /roundcube/skins/elastic/watermark.html HTTP/1.1" 499 0 "https://server.mswebtech.com/roundcube/?_task=mail&_mbox=INBOX" "Mozilla/5.0 (Windows NT 10.0; Win64; x64) AppleWebKit/537.36 (KHTML, like Gecko) Chrome/123.0.0.0 Safari/537.36"
122.161.65.100 - - [16/Apr/2024:08:30:01 +0000] "GET /roundcube/skins/elastic/watermark.html HTTP/1.1" 200 432 "https://server.mswebtech.com/roundcube/?_task=mail&_mbox=INBOX" "Mozilla/5.0 (Windows NT 10.0; Win64; x64) AppleWebKit/537.36 (KHTML, like Gecko) Chrome/123.0.0.0 Safari/537.36"
122.161.65.100 - - [16/Apr/2024:08:30:01 +0000] "GET /roundcube/skins/elastic/images/logo.svg HTTP/1.1" 200 418 "https://server.mswebtech.com/roundcube/skins/elastic/watermark.html" "Mozilla/5.0 (Windows NT 10.0; Win64; x64) AppleWebKit/537.36 (KHTML, like Gecko) Chrome/123.0.0.0 Safari/537.36"
122.161.65.100 - - [16/Apr/2024:08:30:02 +0000] "GET /roundcube/?_task=mail&_action=list&_refresh=1&_layout=widescreen&_mbox=Sent&_page=1&_remote=1&_unlock=loading1713256202647&_=1713255216451 HTTP/1.1" 200 761 "https://server.mswebtech.com/roundcube/?_task=mail&_mbox=INBOX" "Mozilla/5.0 (Windows NT 10.0; Win64; x64) AppleWebKit/537.36 (KHTML, like Gecko) Chrome/123.0.0.0 Safari/537.36"
122.161.65.100 - - [16/Apr/2024:08:30:03 +0000] "GET /roundcube/?_task=mail&_action=list&_refresh=1&_layout=widescreen&_mbox=Drafts&_page=1&_remote=1&_unlock=loading1713256203857&_=1713255216452 HTTP/1.1" 200 759 "https://server.mswebtech.com/roundcube/?_task=mail&_mbox=Sent" "Mozilla/5.0 (Windows NT 10.0; Win64; x64) AppleWebKit/537.36 (KHTML, like Gecko) Chrome/123.0.0.0 Safari/537.36"
122.161.65.100 - - [16/Apr/2024:08:30:04 +0000] "GET /roundcube/?_task=mail&_action=list&_refresh=1&_layout=widescreen&_mbox=INBOX&_page=1&_remote=1&_unlock=loading1713256204683&_=1713255216453 HTTP/1.1" 200 1431 "https://server.mswebtech.com/roundcube/?_task=mail&_mbox=Drafts" "Mozilla/5.0 (Windows NT 10.0; Win64; x64) AppleWebKit/537.36 (KHTML, like Gecko) Chrome/123.0.0.0 Safari/537.36"
122.161.65.100 - - [16/Apr/2024:08:30:06 +0000] "GET /roundcube/?_task=mail&_action=list&_refresh=1&_layout=widescreen&_mbox=Spam&_page=1&_remote=1&_unlock=loading1713256207160&_=1713255216454 HTTP/1.1" 200 757 "https://server.mswebtech.com/roundcube/?_task=mail&_mbox=INBOX" "Mozilla/5.0 (Windows NT 10.0; Win64; x64) AppleWebKit/537.36 (KHTML, like Gecko) Chrome/123.0.0.0 Safari/537.36"
122.161.65.100 - - [16/Apr/2024:08:30:07 +0000] "GET /roundcube/?_task=mail&_action=list&_refresh=1&_layout=widescreen&_mbox=Trash&_page=1&_remote=1&_unlock=loading1713256208135&_=1713255216455 HTTP/1.1" 200 774 "https://server.mswebtech.com/roundcube/?_task=mail&_mbox=Spam" "Mozilla/5.0 (Windows NT 10.0; Win64; x64) AppleWebKit/537.36 (KHTML, like Gecko) Chrome/123.0.0.0 Safari/537.36"
122.161.65.100 - - [16/Apr/2024:08:30:09 +0000] "GET /roundcube/?_task=addressbook HTTP/1.1" 200 6016 "https://server.mswebtech.com/roundcube/?_task=mail&_mbox=Trash" "Mozilla/5.0 (Windows NT 10.0; Win64; x64) AppleWebKit/537.36 (KHTML, like Gecko) Chrome/123.0.0.0 Safari/537.36"
122.161.65.100 - - [16/Apr/2024:08:30:09 +0000] "GET /roundcube/skins/elastic/watermark.html HTTP/1.1" 200 432 "https://server.mswebtech.com/roundcube/?_task=addressbook" "Mozilla/5.0 (Windows NT 10.0; Win64; x64) AppleWebKit/537.36 (KHTML, like Gecko) Chrome/123.0.0.0 Safari/537.36"
122.161.65.100 - - [16/Apr/2024:08:30:09 +0000] "GET /roundcube/skins/elastic/watermark.html HTTP/1.1" 200 432 "https://server.mswebtech.com/roundcube/?_task=addressbook" "Mozilla/5.0 (Windows NT 10.0; Win64; x64) AppleWebKit/537.36 (KHTML, like Gecko) Chrome/123.0.0.0 Safari/537.36"
122.161.65.100 - - [16/Apr/2024:08:30:09 +0000] "GET /roundcube/?_task=addressbook&_action=list&_source=0&_remote=1&_unlock=loading1713256210327&_=1713256210235 HTTP/1.1" 200 203 "https://server.mswebtech.com/roundcube/?_task=addressbook" "Mozilla/5.0 (Windows NT 10.0; Win64; x64) AppleWebKit/537.36 (KHTML, like Gecko) Chrome/123.0.0.0 Safari/537.36"
122.161.65.100 - - [16/Apr/2024:08:30:34 +0000] "GET /roundcube/?_task=mail&_mbox=INBOX HTTP/1.1" 200 9626 "https://server.mswebtech.com/roundcube/?_task=addressbook&_source=0" "Mozilla/5.0 (Windows NT 10.0; Win64; x64) AppleWebKit/537.36 (KHTML, like Gecko) Chrome/123.0.0.0 Safari/537.36"
122.161.65.100 - - [16/Apr/2024:08:30:34 +0000] "GET /roundcube/skins/elastic/watermark.html HTTP/1.1" 200 432 "https://server.mswebtech.com/roundcube/?_task=mail&_mbox=INBOX" "Mozilla/5.0 (Windows NT 10.0; Win64; x64) AppleWebKit/537.36 (KHTML, like Gecko) Chrome/123.0.0.0 Safari/537.36"
122.161.65.100 - - [16/Apr/2024:08:30:34 +0000] "GET /roundcube/skins/elastic/watermark.html HTTP/1.1" 200 432 "https://server.mswebtech.com/roundcube/?_task=mail&_mbox=INBOX" "Mozilla/5.0 (Windows NT 10.0; Win64; x64) AppleWebKit/537.36 (KHTML, like Gecko) Chrome/123.0.0.0 Safari/537.36"
122.161.65.100 - - [16/Apr/2024:08:30:34 +0000] "GET /roundcube/?_task=mail&_action=list&_refresh=1&_layout=widescreen&_mbox=INBOX&_remote=1&_unlock=loading1713256235279&_=1713256235162 HTTP/1.1" 200 1159 "https://server.mswebtech.com/roundcube/?_task=mail&_mbox=INBOX" "Mozilla/5.0 (Windows NT 10.0; Win64; x64) AppleWebKit/537.36 (KHTML, like Gecko) Chrome/123.0.0.0 Safari/537.36"
122.161.65.100 - - [16/Apr/2024:08:30:34 +0000] "GET /roundcube/?_task=mail&_action=getunread&_page=1&_remote=1&_unlock=0&_=1713256235163 HTTP/1.1" 200 124 "https://server.mswebtech.com/roundcube/?_task=mail&_mbox=INBOX" "Mozilla/5.0 (Windows NT 10.0; Win64; x64) AppleWebKit/537.36 (KHTML, like Gecko) Chrome/123.0.0.0 Safari/537.36"
122.161.65.100 - - [16/Apr/2024:08:30:36 +0000] "GET /roundcube/?_task=settings HTTP/1.1" 200 3792 "https://server.mswebtech.com/roundcube/?_task=mail&_mbox=INBOX" "Mozilla/5.0 (Windows NT 10.0; Win64; x64) AppleWebKit/537.36 (KHTML, like Gecko) Chrome/123.0.0.0 Safari/537.36"
122.161.65.100 - - [16/Apr/2024:08:30:36 +0000] "GET /roundcube/skins/elastic/watermark.html HTTP/1.1" 200 432 "https://server.mswebtech.com/roundcube/?_task=settings" "Mozilla/5.0 (Windows NT 10.0; Win64; x64) AppleWebKit/537.36 (KHTML, like Gecko) Chrome/123.0.0.0 Safari/537.36"
122.161.65.100 - - [16/Apr/2024:08:30:41 +0000] "GET /roundcube/?_task=settings&_action=edit-prefs&_section=mailbox&_framed=1 HTTP/1.1" 200 3008 "https://server.mswebtech.com/roundcube/?_task=settings" "Mozilla/5.0 (Windows NT 10.0; Win64; x64) AppleWebKit/537.36 (KHTML, like Gecko) Chrome/123.0.0.0 Safari/537.36"
122.161.65.100 - - [16/Apr/2024:08:31:07 +0000] "POST /roundcube/ HTTP/1.1" 200 3043 "https://server.mswebtech.com/roundcube/?_task=settings&_action=edit-prefs&_section=mailbox&_framed=1" "Mozilla/5.0 (Windows NT 10.0; Win64; x64) AppleWebKit/537.36 (KHTML, like Gecko) Chrome/123.0.0.0 Safari/537.36"
122.161.65.100 - - [16/Apr/2024:08:31:17 +0000] "GET /roundcube/?_task=settings&_action=edit-prefs&_section=addressbook&_framed=1 HTTP/1.1" 200 2918 "https://server.mswebtech.com/roundcube/?_task=settings" "Mozilla/5.0 (Windows NT 10.0; Win64; x64) AppleWebKit/537.36 (KHTML, like Gecko) Chrome/123.0.0.0 Safari/537.36"
122.161.65.100 - - [16/Apr/2024:08:31:23 +0000] "GET /roundcube/?_task=mail&_mbox=INBOX HTTP/1.1" 200 9626 "https://server.mswebtech.com/roundcube/?_task=settings" "Mozilla/5.0 (Windows NT 10.0; Win64; x64) AppleWebKit/537.36 (KHTML, like Gecko) Chrome/123.0.0.0 Safari/537.36"
122.161.65.100 - - [16/Apr/2024:08:31:24 +0000] "GET /roundcube/program/js/treelist.min.js?s=1612812581 HTTP/1.1" 200 5458 "https://server.mswebtech.com/roundcube/?_task=mail&_mbox=INBOX" "Mozilla/5.0 (Windows NT 10.0; Win64; x64) AppleWebKit/537.36 (KHTML, like Gecko) Chrome/123.0.0.0 Safari/537.36"
122.161.65.100 - - [16/Apr/2024:08:31:24 +0000] "GET /roundcube/plugins/zipdownload/zipdownload.min.js?s=1612812580 HTTP/1.1" 200 1062 "https://server.mswebtech.com/roundcube/?_task=mail&_mbox=INBOX" "Mozilla/5.0 (Windows NT 10.0; Win64; x64) AppleWebKit/537.36 (KHTML, like Gecko) Chrome/123.0.0.0 Safari/537.36"
122.161.65.100 - - [16/Apr/2024:08:31:24 +0000] "GET /roundcube/plugins/managesieve/managesieve.min.js?s=1612812580 HTTP/1.1" 200 6865 "https://server.mswebtech.com/roundcube/?_task=mail&_mbox=INBOX" "Mozilla/5.0 (Windows NT 10.0; Win64; x64) AppleWebKit/537.36 (KHTML, like Gecko) Chrome/123.0.0.0 Safari/537.36"
122.161.65.100 - - [16/Apr/2024:08:31:24 +0000] "GET /roundcube/plugins/tasklist/tasklist_base.js?s=1631989636 HTTP/1.1" 200 1868 "https://server.mswebtech.com/roundcube/?_task=mail&_mbox=INBOX" "Mozilla/5.0 (Windows NT 10.0; Win64; x64) AppleWebKit/537.36 (KHTML, like Gecko) Chrome/123.0.0.0 Safari/537.36"
122.161.65.100 - - [16/Apr/2024:08:31:24 +0000] "GET /roundcube/skins/elastic/watermark.html HTTP/1.1" 499 0 "https://server.mswebtech.com/roundcube/?_task=mail&_mbox=INBOX" "Mozilla/5.0 (Windows NT 10.0; Win64; x64) AppleWebKit/537.36 (KHTML, like Gecko) Chrome/123.0.0.0 Safari/537.36"
122.161.65.100 - - [16/Apr/2024:08:31:24 +0000] "GET /roundcube/skins/elastic/watermark.html HTTP/1.1" 200 432 "https://server.mswebtech.com/roundcube/?_task=mail&_mbox=INBOX" "Mozilla/5.0 (Windows NT 10.0; Win64; x64) AppleWebKit/537.36 (KHTML, like Gecko) Chrome/123.0.0.0 Safari/537.36"
122.161.65.100 - - [16/Apr/2024:08:31:24 +0000] "GET /roundcube/?_task=mail&_action=list&_refresh=1&_layout=widescreen&_mbox=INBOX&_remote=1&_unlock=loading1713256285072&_=1713256284828 HTTP/1.1" 200 1159 "https://server.mswebtech.com/roundcube/?_task=mail&_mbox=INBOX" "Mozilla/5.0 (Windows NT 10.0; Win64; x64) AppleWebKit/537.36 (KHTML, like Gecko) Chrome/123.0.0.0 Safari/537.36"
122.161.65.100 - - [16/Apr/2024:08:31:24 +0000] "GET /roundcube/?_task=mail&_action=getunread&_page=1&_remote=1&_unlock=0&_=1713256284829 HTTP/1.1" 200 124 "https://server.mswebtech.com/roundcube/?_task=mail&_mbox=INBOX" "Mozilla/5.0 (Windows NT 10.0; Win64; x64) AppleWebKit/537.36 (KHTML, like Gecko) Chrome/123.0.0.0 Safari/537.36"
122.161.65.100 - - [16/Apr/2024:08:31:24 +0000] "GET /roundcube/skins/elastic/images/logo.svg HTTP/1.1" 200 418 "https://server.mswebtech.com/roundcube/skins/elastic/watermark.html" "Mozilla/5.0 (Windows NT 10.0; Win64; x64) AppleWebKit/537.36 (KHTML, like Gecko) Chrome/123.0.0.0 Safari/537.36"
122.161.65.100 - - [16/Apr/2024:08:32:24 +0000] "POST /roundcube/?_task=mail&_action=refresh HTTP/1.1" 200 181 "https://server.mswebtech.com/roundcube/?_task=mail&_mbox=INBOX" "Mozilla/5.0 (Windows NT 10.0; Win64; x64) AppleWebKit/537.36 (KHTML, like Gecko) Chrome/123.0.0.0 Safari/537.36"
122.161.65.100 - - [16/Apr/2024:08:33:24 +0000] "POST /roundcube/?_task=mail&_action=refresh HTTP/1.1" 200 180 "https://server.mswebtech.com/roundcube/?_task=mail&_mbox=INBOX" "Mozilla/5.0 (Windows NT 10.0; Win64; x64) AppleWebKit/537.36 (KHTML, like Gecko) Chrome/123.0.0.0 Safari/537.36"
122.161.65.100 - - [16/Apr/2024:08:34:24 +0000] "POST /roundcube/?_task=mail&_action=refresh HTTP/1.1" 200 180 "https://server.mswebtech.com/roundcube/?_task=mail&_mbox=INBOX" "Mozilla/5.0 (Windows NT 10.0; Win64; x64) AppleWebKit/537.36 (KHTML, like Gecko) Chrome/123.0.0.0 Safari/537.36"
122.161.65.100 - - [16/Apr/2024:08:35:24 +0000] "POST /roundcube/?_task=mail&_action=refresh HTTP/1.1" 200 1151 "https://server.mswebtech.com/roundcube/?_task=mail&_mbox=INBOX" "Mozilla/5.0 (Windows NT 10.0; Win64; x64) AppleWebKit/537.36 (KHTML, like Gecko) Chrome/123.0.0.0 Safari/537.36"
172.104.210.105 - - [16/Apr/2024:08:35:25 +0000] "GET / HTTP/1.1" 400 255 "-" "Mozilla/5.0 zgrab/0.x"
192.155.90.220 - - [16/Apr/2024:08:35:33 +0000] "GET / HTTP/1.1" 200 1971 "-" "Mozilla/5.0 (Macintosh; Intel Mac OS X 13_1) AppleWebKit/537.36 (KHTML, like Gecko) Chrome/108.0.0.0 Safari/537.36"
167.94.138.2 - - [16/Apr/2024:08:35:35 +0000] "GET / HTTP/1.1" 400 255 "-" "Mozilla/5.0 (compatible; CensysInspect/1.1; +https://about.censys.io/)"
167.94.138.2 - - [16/Apr/2024:08:35:36 +0000] "PRI * HTTP/2.0" 400 157 "-" "-"
122.161.65.100 - - [16/Apr/2024:08:36:24 +0000] "POST /roundcube/?_task=mail&_action=refresh HTTP/1.1" 200 198 "https://server.mswebtech.com/roundcube/?_task=mail&_mbox=INBOX" "Mozilla/5.0 (Windows NT 10.0; Win64; x64) AppleWebKit/537.36 (KHTML, like Gecko) Chrome/123.0.0.0 Safari/537.36"
122.161.65.100 - - [16/Apr/2024:08:37:25 +0000] "POST /roundcube/?_task=mail&_action=refresh HTTP/1.1" 200 181 "https://server.mswebtech.com/roundcube/?_task=mail&_mbox=INBOX" "Mozilla/5.0 (Windows NT 10.0; Win64; x64) AppleWebKit/537.36 (KHTML, like Gecko) Chrome/123.0.0.0 Safari/537.36"
122.161.65.100 - - [16/Apr/2024:08:38:26 +0000] "POST /roundcube/?_task=mail&_action=refresh HTTP/1.1" 200 180 "https://server.mswebtech.com/roundcube/?_task=mail&_mbox=INBOX" "Mozilla/5.0 (Windows NT 10.0; Win64; x64) AppleWebKit/537.36 (KHTML, like Gecko) Chrome/123.0.0.0 Safari/537.36"
122.161.65.100 - - [16/Apr/2024:08:39:27 +0000] "POST /roundcube/?_task=mail&_action=refresh HTTP/1.1" 200 181 "https://server.mswebtech.com/roundcube/?_task=mail&_mbox=INBOX" "Mozilla/5.0 (Windows NT 10.0; Win64; x64) AppleWebKit/537.36 (KHTML, like Gecko) Chrome/123.0.0.0 Safari/537.36"
122.161.65.100 - - [16/Apr/2024:08:40:28 +0000] "POST /roundcube/?_task=mail&_action=refresh HTTP/1.1" 200 181 "https://server.mswebtech.com/roundcube/?_task=mail&_mbox=INBOX" "Mozilla/5.0 (Windows NT 10.0; Win64; x64) AppleWebKit/537.36 (KHTML, like Gecko) Chrome/123.0.0.0 Safari/537.36"
122.161.65.100 - - [16/Apr/2024:08:41:29 +0000] "POST /roundcube/?_task=mail&_action=refresh HTTP/1.1" 200 181 "https://server.mswebtech.com/roundcube/?_task=mail&_mbox=INBOX" "Mozilla/5.0 (Windows NT 10.0; Win64; x64) AppleWebKit/537.36 (KHTML, like Gecko) Chrome/123.0.0.0 Safari/537.36"
122.161.65.100 - - [16/Apr/2024:08:42:30 +0000] "POST /roundcube/?_task=mail&_action=refresh HTTP/1.1" 200 180 "https://server.mswebtech.com/roundcube/?_task=mail&_mbox=INBOX" "Mozilla/5.0 (Windows NT 10.0; Win64; x64) AppleWebKit/537.36 (KHTML, like Gecko) Chrome/123.0.0.0 Safari/537.36"
122.161.65.100 - - [16/Apr/2024:08:43:32 +0000] "POST /roundcube/?_task=mail&_action=refresh HTTP/1.1" 200 180 "https://server.mswebtech.com/roundcube/?_task=mail&_mbox=INBOX" "Mozilla/5.0 (Windows NT 10.0; Win64; x64) AppleWebKit/537.36 (KHTML, like Gecko) Chrome/123.0.0.0 Safari/537.36"
122.161.65.100 - - [16/Apr/2024:08:44:32 +0000] "POST /roundcube/?_task=mail&_action=refresh HTTP/1.1" 200 180 "https://server.mswebtech.com/roundcube/?_task=mail&_mbox=INBOX" "Mozilla/5.0 (Windows NT 10.0; Win64; x64) AppleWebKit/537.36 (KHTML, like Gecko) Chrome/123.0.0.0 Safari/537.36"
122.161.65.100 - - [16/Apr/2024:08:45:33 +0000] "POST /roundcube/?_task=mail&_action=refresh HTTP/1.1" 200 181 "https://server.mswebtech.com/roundcube/?_task=mail&_mbox=INBOX" "Mozilla/5.0 (Windows NT 10.0; Win64; x64) AppleWebKit/537.36 (KHTML, like Gecko) Chrome/123.0.0.0 Safari/537.36"
78.153.140.179 - - [16/Apr/2024:08:46:23 +0000] "GET /.env HTTP/1.1" 400 657 "-" "Mozilla/5.0 (X11; Linux x86_64) AppleWebKit/537.36 (KHTML, like Gecko) Chrome/81.0.4044.129 Safari/537.36"
78.153.140.179 - - [16/Apr/2024:08:46:23 +0000] "GET /.env HTTP/1.1" 404 196 "-" "Mozilla/5.0 (X11; Linux x86_64) AppleWebKit/537.36 (KHTML, like Gecko) Chrome/81.0.4044.129 Safari/537.36"
122.161.65.100 - - [16/Apr/2024:08:46:35 +0000] "POST /roundcube/?_task=mail&_action=refresh HTTP/1.1" 200 180 "https://server.mswebtech.com/roundcube/?_task=mail&_mbox=INBOX" "Mozilla/5.0 (Windows NT 10.0; Win64; x64) AppleWebKit/537.36 (KHTML, like Gecko) Chrome/123.0.0.0 Safari/537.36"
122.161.65.100 - - [16/Apr/2024:08:47:35 +0000] "POST /roundcube/?_task=mail&_action=refresh HTTP/1.1" 200 181 "https://server.mswebtech.com/roundcube/?_task=mail&_mbox=INBOX" "Mozilla/5.0 (Windows NT 10.0; Win64; x64) AppleWebKit/537.36 (KHTML, like Gecko) Chrome/123.0.0.0 Safari/537.36"
192.155.88.231 - - [16/Apr/2024:08:48:24 +0000] "GET / HTTP/1.1" 400 255 "-" "Mozilla/5.0 zgrab/0.x"
122.161.65.100 - - [16/Apr/2024:08:48:36 +0000] "POST /roundcube/?_task=mail&_action=refresh HTTP/1.1" 200 180 "https://server.mswebtech.com/roundcube/?_task=mail&_mbox=INBOX" "Mozilla/5.0 (Windows NT 10.0; Win64; x64) AppleWebKit/537.36 (KHTML, like Gecko) Chrome/123.0.0.0 Safari/537.36"
192.155.90.220 - - [16/Apr/2024:08:48:44 +0000] "GET / HTTP/1.1" 200 1971 "-" "Mozilla/5.0 (Macintosh; Intel Mac OS X 13_1) AppleWebKit/537.36 (KHTML, like Gecko) Chrome/108.0.0.0 Safari/537.36"
122.161.65.100 - - [16/Apr/2024:08:49:36 +0000] "POST /roundcube/?_task=mail&_action=refresh HTTP/1.1" 200 180 "https://server.mswebtech.com/roundcube/?_task=mail&_mbox=INBOX" "Mozilla/5.0 (Windows NT 10.0; Win64; x64) AppleWebKit/537.36 (KHTML, like Gecko) Chrome/123.0.0.0 Safari/537.36"
122.161.65.100 - - [16/Apr/2024:08:50:36 +0000] "POST /roundcube/?_task=mail&_action=refresh HTTP/1.1" 200 180 "https://server.mswebtech.com/roundcube/?_task=mail&_mbox=INBOX" "Mozilla/5.0 (Windows NT 10.0; Win64; x64) AppleWebKit/537.36 (KHTML, like Gecko) Chrome/123.0.0.0 Safari/537.36"
122.161.65.100 - - [16/Apr/2024:08:51:36 +0000] "POST /roundcube/?_task=mail&_action=refresh HTTP/1.1" 200 180 "https://server.mswebtech.com/roundcube/?_task=mail&_mbox=INBOX" "Mozilla/5.0 (Windows NT 10.0; Win64; x64) AppleWebKit/537.36 (KHTML, like Gecko) Chrome/123.0.0.0 Safari/537.36"
122.161.65.100 - - [16/Apr/2024:08:52:36 +0000] "POST /roundcube/?_task=mail&_action=refresh HTTP/1.1" 200 180 "https://server.mswebtech.com/roundcube/?_task=mail&_mbox=INBOX" "Mozilla/5.0 (Windows NT 10.0; Win64; x64) AppleWebKit/537.36 (KHTML, like Gecko) Chrome/123.0.0.0 Safari/537.36"
122.161.65.100 - - [16/Apr/2024:08:53:36 +0000] "POST /roundcube/?_task=mail&_action=refresh HTTP/1.1" 200 180 "https://server.mswebtech.com/roundcube/?_task=mail&_mbox=INBOX" "Mozilla/5.0 (Windows NT 10.0; Win64; x64) AppleWebKit/537.36 (KHTML, like Gecko) Chrome/123.0.0.0 Safari/537.36"
122.161.65.100 - - [16/Apr/2024:08:54:36 +0000] "POST /roundcube/?_task=mail&_action=refresh HTTP/1.1" 200 180 "https://server.mswebtech.com/roundcube/?_task=mail&_mbox=INBOX" "Mozilla/5.0 (Windows NT 10.0; Win64; x64) AppleWebKit/537.36 (KHTML, like Gecko) Chrome/123.0.0.0 Safari/537.36"
122.161.65.100 - - [16/Apr/2024:08:55:36 +0000] "POST /roundcube/?_task=mail&_action=refresh HTTP/1.1" 200 180 "https://server.mswebtech.com/roundcube/?_task=mail&_mbox=INBOX" "Mozilla/5.0 (Windows NT 10.0; Win64; x64) AppleWebKit/537.36 (KHTML, like Gecko) Chrome/123.0.0.0 Safari/537.36"
122.161.65.100 - - [16/Apr/2024:08:56:36 +0000] "POST /roundcube/?_task=mail&_action=refresh HTTP/1.1" 200 180 "https://server.mswebtech.com/roundcube/?_task=mail&_mbox=INBOX" "Mozilla/5.0 (Windows NT 10.0; Win64; x64) AppleWebKit/537.36 (KHTML, like Gecko) Chrome/123.0.0.0 Safari/537.36"
185.191.126.213 - - [16/Apr/2024:08:57:12 +0000] "GET / HTTP/1.1" 400 255 "-" "-"
122.161.65.100 - - [16/Apr/2024:08:57:36 +0000] "POST /roundcube/?_task=mail&_action=refresh HTTP/1.1" 200 180 "https://server.mswebtech.com/roundcube/?_task=mail&_mbox=INBOX" "Mozilla/5.0 (Windows NT 10.0; Win64; x64) AppleWebKit/537.36 (KHTML, like Gecko) Chrome/123.0.0.0 Safari/537.36"
122.161.65.100 - - [16/Apr/2024:08:58:36 +0000] "POST /roundcube/?_task=mail&_action=refresh HTTP/1.1" 200 180 "https://server.mswebtech.com/roundcube/?_task=mail&_mbox=INBOX" "Mozilla/5.0 (Windows NT 10.0; Win64; x64) AppleWebKit/537.36 (KHTML, like Gecko) Chrome/123.0.0.0 Safari/537.36"
122.161.65.100 - - [16/Apr/2024:08:59:36 +0000] "POST /roundcube/?_task=mail&_action=refresh HTTP/1.1" 200 180 "https://server.mswebtech.com/roundcube/?_task=mail&_mbox=INBOX" "Mozilla/5.0 (Windows NT 10.0; Win64; x64) AppleWebKit/537.36 (KHTML, like Gecko) Chrome/123.0.0.0 Safari/537.36"
64.23.170.120 - - [16/Apr/2024:09:00:31 +0000] "GET / HTTP/1.1" 200 4571 "-" "Mozilla/5.0 (Macintosh; Intel Mac OS X 10_15_7) AppleWebKit/537.36 (KHTML, like Gecko) Chrome/121.0.0.0 Safari/537.36"
122.161.65.100 - - [16/Apr/2024:09:00:36 +0000] "POST /roundcube/?_task=mail&_action=refresh HTTP/1.1" 200 181 "https://server.mswebtech.com/roundcube/?_task=mail&_mbox=INBOX" "Mozilla/5.0 (Windows NT 10.0; Win64; x64) AppleWebKit/537.36 (KHTML, like Gecko) Chrome/123.0.0.0 Safari/537.36"
199.45.154.54 - - [16/Apr/2024:09:01:23 +0000] "GET / HTTP/1.1" 200 5069 "-" "-"
122.161.65.100 - - [16/Apr/2024:09:01:36 +0000] "POST /roundcube/?_task=mail&_action=refresh HTTP/1.1" 200 181 "https://server.mswebtech.com/roundcube/?_task=mail&_mbox=INBOX" "Mozilla/5.0 (Windows NT 10.0; Win64; x64) AppleWebKit/537.36 (KHTML, like Gecko) Chrome/123.0.0.0 Safari/537.36"
199.45.154.54 - - [16/Apr/2024:09:01:37 +0000] "PRI * HTTP/2.0" 400 157 "-" "-"
122.161.65.100 - - [16/Apr/2024:09:02:36 +0000] "POST /roundcube/?_task=mail&_action=refresh HTTP/1.1" 200 180 "https://server.mswebtech.com/roundcube/?_task=mail&_mbox=INBOX" "Mozilla/5.0 (Windows NT 10.0; Win64; x64) AppleWebKit/537.36 (KHTML, like Gecko) Chrome/123.0.0.0 Safari/537.36"
122.161.65.100 - - [16/Apr/2024:09:03:36 +0000] "POST /roundcube/?_task=mail&_action=refresh HTTP/1.1" 200 180 "https://server.mswebtech.com/roundcube/?_task=mail&_mbox=INBOX" "Mozilla/5.0 (Windows NT 10.0; Win64; x64) AppleWebKit/537.36 (KHTML, like Gecko) Chrome/123.0.0.0 Safari/537.36"
122.161.65.100 - - [16/Apr/2024:09:04:36 +0000] "POST /roundcube/?_task=mail&_action=refresh HTTP/1.1" 200 181 "https://server.mswebtech.com/roundcube/?_task=mail&_mbox=INBOX" "Mozilla/5.0 (Windows NT 10.0; Win64; x64) AppleWebKit/537.36 (KHTML, like Gecko) Chrome/123.0.0.0 Safari/537.36"
167.94.138.2 - - [16/Apr/2024:09:05:36 +0000] "GET / HTTP/1.1" 400 255 "-" "Mozilla/5.0 (compatible; CensysInspect/1.1; +https://about.censys.io/)"
122.161.65.100 - - [16/Apr/2024:09:05:36 +0000] "POST /roundcube/?_task=mail&_action=refresh HTTP/1.1" 200 180 "https://server.mswebtech.com/roundcube/?_task=mail&_mbox=INBOX" "Mozilla/5.0 (Windows NT 10.0; Win64; x64) AppleWebKit/537.36 (KHTML, like Gecko) Chrome/123.0.0.0 Safari/537.36"
167.94.138.2 - - [16/Apr/2024:09:05:37 +0000] "PRI * HTTP/2.0" 400 157 "-" "-"
122.161.65.100 - - [16/Apr/2024:09:06:36 +0000] "POST /roundcube/?_task=mail&_action=refresh HTTP/1.1" 200 181 "https://server.mswebtech.com/roundcube/?_task=mail&_mbox=INBOX" "Mozilla/5.0 (Windows NT 10.0; Win64; x64) AppleWebKit/537.36 (KHTML, like Gecko) Chrome/123.0.0.0 Safari/537.36"
122.161.65.100 - - [16/Apr/2024:09:07:36 +0000] "POST /roundcube/?_task=mail&_action=refresh HTTP/1.1" 200 180 "https://server.mswebtech.com/roundcube/?_task=mail&_mbox=INBOX" "Mozilla/5.0 (Windows NT 10.0; Win64; x64) AppleWebKit/537.36 (KHTML, like Gecko) Chrome/123.0.0.0 Safari/537.36"
122.161.65.100 - - [16/Apr/2024:09:08:36 +0000] "POST /roundcube/?_task=mail&_action=refresh HTTP/1.1" 200 180 "https://server.mswebtech.com/roundcube/?_task=mail&_mbox=INBOX" "Mozilla/5.0 (Windows NT 10.0; Win64; x64) AppleWebKit/537.36 (KHTML, like Gecko) Chrome/123.0.0.0 Safari/537.36"
122.161.65.100 - - [16/Apr/2024:09:09:36 +0000] "POST /roundcube/?_task=mail&_action=refresh HTTP/1.1" 200 180 "https://server.mswebtech.com/roundcube/?_task=mail&_mbox=INBOX" "Mozilla/5.0 (Windows NT 10.0; Win64; x64) AppleWebKit/537.36 (KHTML, like Gecko) Chrome/123.0.0.0 Safari/537.36"
122.161.65.100 - - [16/Apr/2024:09:10:36 +0000] "POST /roundcube/?_task=mail&_action=refresh HTTP/1.1" 200 181 "https://server.mswebtech.com/roundcube/?_task=mail&_mbox=INBOX" "Mozilla/5.0 (Windows NT 10.0; Win64; x64) AppleWebKit/537.36 (KHTML, like Gecko) Chrome/123.0.0.0 Safari/537.36"
122.161.65.100 - - [16/Apr/2024:09:11:36 +0000] "POST /roundcube/?_task=mail&_action=refresh HTTP/1.1" 200 181 "https://server.mswebtech.com/roundcube/?_task=mail&_mbox=INBOX" "Mozilla/5.0 (Windows NT 10.0; Win64; x64) AppleWebKit/537.36 (KHTML, like Gecko) Chrome/123.0.0.0 Safari/537.36"
122.161.65.100 - - [16/Apr/2024:09:12:36 +0000] "POST /roundcube/?_task=mail&_action=refresh HTTP/1.1" 200 180 "https://server.mswebtech.com/roundcube/?_task=mail&_mbox=INBOX" "Mozilla/5.0 (Windows NT 10.0; Win64; x64) AppleWebKit/537.36 (KHTML, like Gecko) Chrome/123.0.0.0 Safari/537.36"
122.161.65.100 - - [16/Apr/2024:09:13:36 +0000] "POST /roundcube/?_task=mail&_action=refresh HTTP/1.1" 200 180 "https://server.mswebtech.com/roundcube/?_task=mail&_mbox=INBOX" "Mozilla/5.0 (Windows NT 10.0; Win64; x64) AppleWebKit/537.36 (KHTML, like Gecko) Chrome/123.0.0.0 Safari/537.36"
122.161.65.100 - - [16/Apr/2024:09:14:36 +0000] "POST /roundcube/?_task=mail&_action=refresh HTTP/1.1" 200 180 "https://server.mswebtech.com/roundcube/?_task=mail&_mbox=INBOX" "Mozilla/5.0 (Windows NT 10.0; Win64; x64) AppleWebKit/537.36 (KHTML, like Gecko) Chrome/123.0.0.0 Safari/537.36"
122.161.65.100 - - [16/Apr/2024:09:15:36 +0000] "POST /roundcube/?_task=mail&_action=refresh HTTP/1.1" 200 181 "https://server.mswebtech.com/roundcube/?_task=mail&_mbox=INBOX" "Mozilla/5.0 (Windows NT 10.0; Win64; x64) AppleWebKit/537.36 (KHTML, like Gecko) Chrome/123.0.0.0 Safari/537.36"
122.161.65.100 - - [16/Apr/2024:09:16:36 +0000] "POST /roundcube/?_task=mail&_action=refresh HTTP/1.1" 200 181 "https://server.mswebtech.com/roundcube/?_task=mail&_mbox=INBOX" "Mozilla/5.0 (Windows NT 10.0; Win64; x64) AppleWebKit/537.36 (KHTML, like Gecko) Chrome/123.0.0.0 Safari/537.36"
122.161.65.100 - - [16/Apr/2024:09:17:36 +0000] "POST /roundcube/?_task=mail&_action=refresh HTTP/1.1" 200 180 "https://server.mswebtech.com/roundcube/?_task=mail&_mbox=INBOX" "Mozilla/5.0 (Windows NT 10.0; Win64; x64) AppleWebKit/537.36 (KHTML, like Gecko) Chrome/123.0.0.0 Safari/537.36"
122.161.65.100 - - [16/Apr/2024:09:18:36 +0000] "POST /roundcube/?_task=mail&_action=refresh HTTP/1.1" 200 180 "https://server.mswebtech.com/roundcube/?_task=mail&_mbox=INBOX" "Mozilla/5.0 (Windows NT 10.0; Win64; x64) AppleWebKit/537.36 (KHTML, like Gecko) Chrome/123.0.0.0 Safari/537.36"
122.161.65.100 - - [16/Apr/2024:09:19:36 +0000] "POST /roundcube/?_task=mail&_action=refresh HTTP/1.1" 200 180 "https://server.mswebtech.com/roundcube/?_task=mail&_mbox=INBOX" "Mozilla/5.0 (Windows NT 10.0; Win64; x64) AppleWebKit/537.36 (KHTML, like Gecko) Chrome/123.0.0.0 Safari/537.36"
122.161.65.100 - - [16/Apr/2024:09:20:36 +0000] "POST /roundcube/?_task=mail&_action=refresh HTTP/1.1" 200 181 "https://server.mswebtech.com/roundcube/?_task=mail&_mbox=INBOX" "Mozilla/5.0 (Windows NT 10.0; Win64; x64) AppleWebKit/537.36 (KHTML, like Gecko) Chrome/123.0.0.0 Safari/537.36"
122.161.65.100 - - [16/Apr/2024:09:21:36 +0000] "POST /roundcube/?_task=mail&_action=refresh HTTP/1.1" 200 181 "https://server.mswebtech.com/roundcube/?_task=mail&_mbox=INBOX" "Mozilla/5.0 (Windows NT 10.0; Win64; x64) AppleWebKit/537.36 (KHTML, like Gecko) Chrome/123.0.0.0 Safari/537.36"
122.161.65.100 - - [16/Apr/2024:09:22:36 +0000] "POST /roundcube/?_task=mail&_action=refresh HTTP/1.1" 200 181 "https://server.mswebtech.com/roundcube/?_task=mail&_mbox=INBOX" "Mozilla/5.0 (Windows NT 10.0; Win64; x64) AppleWebKit/537.36 (KHTML, like Gecko) Chrome/123.0.0.0 Safari/537.36"
122.161.65.100 - - [16/Apr/2024:09:23:36 +0000] "POST /roundcube/?_task=mail&_action=refresh HTTP/1.1" 200 180 "https://server.mswebtech.com/roundcube/?_task=mail&_mbox=INBOX" "Mozilla/5.0 (Windows NT 10.0; Win64; x64) AppleWebKit/537.36 (KHTML, like Gecko) Chrome/123.0.0.0 Safari/537.36"
122.161.65.100 - - [16/Apr/2024:09:24:36 +0000] "POST /roundcube/?_task=mail&_action=refresh HTTP/1.1" 200 181 "https://server.mswebtech.com/roundcube/?_task=mail&_mbox=INBOX" "Mozilla/5.0 (Windows NT 10.0; Win64; x64) AppleWebKit/537.36 (KHTML, like Gecko) Chrome/123.0.0.0 Safari/537.36"
122.161.65.100 - - [16/Apr/2024:09:25:36 +0000] "POST /roundcube/?_task=mail&_action=refresh HTTP/1.1" 200 181 "https://server.mswebtech.com/roundcube/?_task=mail&_mbox=INBOX" "Mozilla/5.0 (Windows NT 10.0; Win64; x64) AppleWebKit/537.36 (KHTML, like Gecko) Chrome/123.0.0.0 Safari/537.36"
122.161.65.100 - - [16/Apr/2024:09:26:36 +0000] "POST /roundcube/?_task=mail&_action=refresh HTTP/1.1" 200 181 "https://server.mswebtech.com/roundcube/?_task=mail&_mbox=INBOX" "Mozilla/5.0 (Windows NT 10.0; Win64; x64) AppleWebKit/537.36 (KHTML, like Gecko) Chrome/123.0.0.0 Safari/537.36"
122.161.65.100 - - [16/Apr/2024:09:27:36 +0000] "POST /roundcube/?_task=mail&_action=refresh HTTP/1.1" 200 181 "https://server.mswebtech.com/roundcube/?_task=mail&_mbox=INBOX" "Mozilla/5.0 (Windows NT 10.0; Win64; x64) AppleWebKit/537.36 (KHTML, like Gecko) Chrome/123.0.0.0 Safari/537.36"
122.161.65.100 - - [16/Apr/2024:09:28:36 +0000] "POST /roundcube/?_task=mail&_action=refresh HTTP/1.1" 200 180 "https://server.mswebtech.com/roundcube/?_task=mail&_mbox=INBOX" "Mozilla/5.0 (Windows NT 10.0; Win64; x64) AppleWebKit/537.36 (KHTML, like Gecko) Chrome/123.0.0.0 Safari/537.36"
122.161.65.100 - - [16/Apr/2024:09:29:36 +0000] "POST /roundcube/?_task=mail&_action=refresh HTTP/1.1" 200 180 "https://server.mswebtech.com/roundcube/?_task=mail&_mbox=INBOX" "Mozilla/5.0 (Windows NT 10.0; Win64; x64) AppleWebKit/537.36 (KHTML, like Gecko) Chrome/123.0.0.0 Safari/537.36"
122.161.65.100 - - [16/Apr/2024:09:30:36 +0000] "POST /roundcube/?_task=mail&_action=refresh HTTP/1.1" 200 180 "https://server.mswebtech.com/roundcube/?_task=mail&_mbox=INBOX" "Mozilla/5.0 (Windows NT 10.0; Win64; x64) AppleWebKit/537.36 (KHTML, like Gecko) Chrome/123.0.0.0 Safari/537.36"
122.161.65.100 - - [16/Apr/2024:09:31:36 +0000] "POST /roundcube/?_task=mail&_action=refresh HTTP/1.1" 200 181 "https://server.mswebtech.com/roundcube/?_task=mail&_mbox=INBOX" "Mozilla/5.0 (Windows NT 10.0; Win64; x64) AppleWebKit/537.36 (KHTML, like Gecko) Chrome/123.0.0.0 Safari/537.36"
122.161.65.100 - - [16/Apr/2024:09:32:36 +0000] "POST /roundcube/?_task=mail&_action=refresh HTTP/1.1" 200 181 "https://server.mswebtech.com/roundcube/?_task=mail&_mbox=INBOX" "Mozilla/5.0 (Windows NT 10.0; Win64; x64) AppleWebKit/537.36 (KHTML, like Gecko) Chrome/123.0.0.0 Safari/537.36"
122.161.65.100 - - [16/Apr/2024:09:33:36 +0000] "POST /roundcube/?_task=mail&_action=refresh HTTP/1.1" 200 181 "https://server.mswebtech.com/roundcube/?_task=mail&_mbox=INBOX" "Mozilla/5.0 (Windows NT 10.0; Win64; x64) AppleWebKit/537.36 (KHTML, like Gecko) Chrome/123.0.0.0 Safari/537.36"
122.161.65.100 - - [16/Apr/2024:09:34:36 +0000] "POST /roundcube/?_task=mail&_action=refresh HTTP/1.1" 200 180 "https://server.mswebtech.com/roundcube/?_task=mail&_mbox=INBOX" "Mozilla/5.0 (Windows NT 10.0; Win64; x64) AppleWebKit/537.36 (KHTML, like Gecko) Chrome/123.0.0.0 Safari/537.36"
167.94.138.2 - - [16/Apr/2024:09:35:36 +0000] "GET / HTTP/1.1" 400 255 "-" "Mozilla/5.0 (compatible; CensysInspect/1.1; +https://about.censys.io/)"
122.161.65.100 - - [16/Apr/2024:09:35:36 +0000] "POST /roundcube/?_task=mail&_action=refresh HTTP/1.1" 200 180 "https://server.mswebtech.com/roundcube/?_task=mail&_mbox=INBOX" "Mozilla/5.0 (Windows NT 10.0; Win64; x64) AppleWebKit/537.36 (KHTML, like Gecko) Chrome/123.0.0.0 Safari/537.36"
167.94.138.2 - - [16/Apr/2024:09:35:36 +0000] "PRI * HTTP/2.0" 400 157 "-" "-"
122.161.65.100 - - [16/Apr/2024:09:36:36 +0000] "POST /roundcube/?_task=mail&_action=refresh HTTP/1.1" 200 181 "https://server.mswebtech.com/roundcube/?_task=mail&_mbox=INBOX" "Mozilla/5.0 (Windows NT 10.0; Win64; x64) AppleWebKit/537.36 (KHTML, like Gecko) Chrome/123.0.0.0 Safari/537.36"
122.161.65.100 - - [16/Apr/2024:09:37:36 +0000] "POST /roundcube/?_task=mail&_action=refresh HTTP/1.1" 200 180 "https://server.mswebtech.com/roundcube/?_task=mail&_mbox=INBOX" "Mozilla/5.0 (Windows NT 10.0; Win64; x64) AppleWebKit/537.36 (KHTML, like Gecko) Chrome/123.0.0.0 Safari/537.36"
122.161.65.100 - - [16/Apr/2024:09:38:36 +0000] "POST /roundcube/?_task=mail&_action=refresh HTTP/1.1" 200 180 "https://server.mswebtech.com/roundcube/?_task=mail&_mbox=INBOX" "Mozilla/5.0 (Windows NT 10.0; Win64; x64) AppleWebKit/537.36 (KHTML, like Gecko) Chrome/123.0.0.0 Safari/537.36"
122.161.65.100 - - [16/Apr/2024:09:39:36 +0000] "POST /roundcube/?_task=mail&_action=refresh HTTP/1.1" 200 180 "https://server.mswebtech.com/roundcube/?_task=mail&_mbox=INBOX" "Mozilla/5.0 (Windows NT 10.0; Win64; x64) AppleWebKit/537.36 (KHTML, like Gecko) Chrome/123.0.0.0 Safari/537.36"
180.149.125.170 - - [16/Apr/2024:09:40:33 +0000] "GET / HTTP/1.1" 200 1971 "-" "Mozilla/5.0 (Windows NT 5.1; Win64; x64) AppleWebKit/537.36 (KHTML, like Gecko) Chrome/60.0.3112.90 Safari/537.36"
122.161.65.100 - - [16/Apr/2024:09:40:36 +0000] "POST /roundcube/?_task=mail&_action=refresh HTTP/1.1" 200 180 "https://server.mswebtech.com/roundcube/?_task=mail&_mbox=INBOX" "Mozilla/5.0 (Windows NT 10.0; Win64; x64) AppleWebKit/537.36 (KHTML, like Gecko) Chrome/123.0.0.0 Safari/537.36"
45.95.169.184 - - [16/Apr/2024:09:40:51 +0000] "POST /FD873AC4-CF86-4FED-84EC-4BD59C6F17A7 HTTP/1.1" 404 196 "-" "Mozilla/4.0 (compatible; MSIE 6.0; Windows NT 5.1)"
122.161.65.100 - - [16/Apr/2024:09:41:36 +0000] "POST /roundcube/?_task=mail&_action=refresh HTTP/1.1" 200 181 "https://server.mswebtech.com/roundcube/?_task=mail&_mbox=INBOX" "Mozilla/5.0 (Windows NT 10.0; Win64; x64) AppleWebKit/537.36 (KHTML, like Gecko) Chrome/123.0.0.0 Safari/537.36"
184.105.139.68 - - [16/Apr/2024:09:41:45 +0000] "GET / HTTP/1.1" 200 1971 "-" "Mozilla/5.0 (Macintosh; Intel Mac OS X 10_15_7) AppleWebKit/605.1.15 (KHTML, like Gecko) Version/16.0 Safari/605.1.15"
122.161.65.100 - - [16/Apr/2024:09:42:36 +0000] "POST /roundcube/?_task=mail&_action=refresh HTTP/1.1" 200 180 "https://server.mswebtech.com/roundcube/?_task=mail&_mbox=INBOX" "Mozilla/5.0 (Windows NT 10.0; Win64; x64) AppleWebKit/537.36 (KHTML, like Gecko) Chrome/123.0.0.0 Safari/537.36"
122.161.65.100 - - [16/Apr/2024:09:43:36 +0000] "POST /roundcube/?_task=mail&_action=refresh HTTP/1.1" 200 181 "https://server.mswebtech.com/roundcube/?_task=mail&_mbox=INBOX" "Mozilla/5.0 (Windows NT 10.0; Win64; x64) AppleWebKit/537.36 (KHTML, like Gecko) Chrome/123.0.0.0 Safari/537.36"
122.161.65.100 - - [16/Apr/2024:09:44:36 +0000] "POST /roundcube/?_task=mail&_action=refresh HTTP/1.1" 200 181 "https://server.mswebtech.com/roundcube/?_task=mail&_mbox=INBOX" "Mozilla/5.0 (Windows NT 10.0; Win64; x64) AppleWebKit/537.36 (KHTML, like Gecko) Chrome/123.0.0.0 Safari/537.36"
122.161.65.100 - - [16/Apr/2024:09:45:36 +0000] "POST /roundcube/?_task=mail&_action=refresh HTTP/1.1" 200 180 "https://server.mswebtech.com/roundcube/?_task=mail&_mbox=INBOX" "Mozilla/5.0 (Windows NT 10.0; Win64; x64) AppleWebKit/537.36 (KHTML, like Gecko) Chrome/123.0.0.0 Safari/537.36"
122.161.65.100 - - [16/Apr/2024:09:46:36 +0000] "POST /roundcube/?_task=mail&_action=refresh HTTP/1.1" 200 181 "https://server.mswebtech.com/roundcube/?_task=mail&_mbox=INBOX" "Mozilla/5.0 (Windows NT 10.0; Win64; x64) AppleWebKit/537.36 (KHTML, like Gecko) Chrome/123.0.0.0 Safari/537.36"
184.105.139.68 - - [16/Apr/2024:09:46:59 +0000] "GET /webui/ HTTP/1.1" 404 196 "-" "Mozilla/5.0 (Windows NT 10.0; Win64; x64) AppleWebKit/537.36 (KHTML, like Gecko) Chrome/107.0.0.0 Safari/537.36"
122.161.65.100 - - [16/Apr/2024:09:47:36 +0000] "POST /roundcube/?_task=mail&_action=refresh HTTP/1.1" 200 181 "https://server.mswebtech.com/roundcube/?_task=mail&_mbox=INBOX" "Mozilla/5.0 (Windows NT 10.0; Win64; x64) AppleWebKit/537.36 (KHTML, like Gecko) Chrome/123.0.0.0 Safari/537.36"
122.161.65.100 - - [16/Apr/2024:09:48:36 +0000] "POST /roundcube/?_task=mail&_action=refresh HTTP/1.1" 200 181 "https://server.mswebtech.com/roundcube/?_task=mail&_mbox=INBOX" "Mozilla/5.0 (Windows NT 10.0; Win64; x64) AppleWebKit/537.36 (KHTML, like Gecko) Chrome/123.0.0.0 Safari/537.36"
122.161.65.100 - - [16/Apr/2024:09:49:36 +0000] "POST /roundcube/?_task=mail&_action=refresh HTTP/1.1" 200 181 "https://server.mswebtech.com/roundcube/?_task=mail&_mbox=INBOX" "Mozilla/5.0 (Windows NT 10.0; Win64; x64) AppleWebKit/537.36 (KHTML, like Gecko) Chrome/123.0.0.0 Safari/537.36"
122.161.65.100 - - [16/Apr/2024:09:50:36 +0000] "POST /roundcube/?_task=mail&_action=refresh HTTP/1.1" 200 180 "https://server.mswebtech.com/roundcube/?_task=mail&_mbox=INBOX" "Mozilla/5.0 (Windows NT 10.0; Win64; x64) AppleWebKit/537.36 (KHTML, like Gecko) Chrome/123.0.0.0 Safari/537.36"
184.105.139.68 - - [16/Apr/2024:09:51:02 +0000] "GET /favicon.ico HTTP/1.1" 404 196 "-" "Mozilla/5.0 (X11; Linux x86_64) AppleWebKit/537.36 (KHTML, like Gecko) Chrome/110.0.0.0 Safari/537.36"
122.161.65.100 - - [16/Apr/2024:09:51:36 +0000] "POST /roundcube/?_task=mail&_action=refresh HTTP/1.1" 200 180 "https://server.mswebtech.com/roundcube/?_task=mail&_mbox=INBOX" "Mozilla/5.0 (Windows NT 10.0; Win64; x64) AppleWebKit/537.36 (KHTML, like Gecko) Chrome/123.0.0.0 Safari/537.36"
122.161.65.100 - - [16/Apr/2024:09:52:36 +0000] "POST /roundcube/?_task=mail&_action=refresh HTTP/1.1" 200 180 "https://server.mswebtech.com/roundcube/?_task=mail&_mbox=INBOX" "Mozilla/5.0 (Windows NT 10.0; Win64; x64) AppleWebKit/537.36 (KHTML, like Gecko) Chrome/123.0.0.0 Safari/537.36"
122.161.65.100 - - [16/Apr/2024:09:53:36 +0000] "POST /roundcube/?_task=mail&_action=refresh HTTP/1.1" 200 180 "https://server.mswebtech.com/roundcube/?_task=mail&_mbox=INBOX" "Mozilla/5.0 (Windows NT 10.0; Win64; x64) AppleWebKit/537.36 (KHTML, like Gecko) Chrome/123.0.0.0 Safari/537.36"
122.161.65.100 - - [16/Apr/2024:09:54:36 +0000] "POST /roundcube/?_task=mail&_action=refresh HTTP/1.1" 200 181 "https://server.mswebtech.com/roundcube/?_task=mail&_mbox=INBOX" "Mozilla/5.0 (Windows NT 10.0; Win64; x64) AppleWebKit/537.36 (KHTML, like Gecko) Chrome/123.0.0.0 Safari/537.36"
122.161.65.100 - - [16/Apr/2024:09:55:36 +0000] "POST /roundcube/?_task=mail&_action=refresh HTTP/1.1" 200 180 "https://server.mswebtech.com/roundcube/?_task=mail&_mbox=INBOX" "Mozilla/5.0 (Windows NT 10.0; Win64; x64) AppleWebKit/537.36 (KHTML, like Gecko) Chrome/123.0.0.0 Safari/537.36"
184.105.139.68 - - [16/Apr/2024:09:55:49 +0000] "GET /geoserver/web/ HTTP/1.1" 404 196 "-" "Mozilla/5.0 (Windows NT 10.0; Win64; x64) AppleWebKit/537.36 (KHTML, like Gecko) Chrome/107.0.0.0 Safari/537.36"
122.161.65.100 - - [16/Apr/2024:09:56:36 +0000] "POST /roundcube/?_task=mail&_action=refresh HTTP/1.1" 200 180 "https://server.mswebtech.com/roundcube/?_task=mail&_mbox=INBOX" "Mozilla/5.0 (Windows NT 10.0; Win64; x64) AppleWebKit/537.36 (KHTML, like Gecko) Chrome/123.0.0.0 Safari/537.36"
184.105.139.68 - - [16/Apr/2024:09:56:55 +0000] "GET /.git/config HTTP/1.1" 403 183 "-" "Mozilla/5.0 (Windows NT 10.0; Win64; x64) AppleWebKit/537.36 (KHTML, like Gecko) Chrome/107.0.0.0 Safari/537.36"
122.161.65.100 - - [16/Apr/2024:09:57:36 +0000] "POST /roundcube/?_task=mail&_action=refresh HTTP/1.1" 200 180 "https://server.mswebtech.com/roundcube/?_task=mail&_mbox=INBOX" "Mozilla/5.0 (Windows NT 10.0; Win64; x64) AppleWebKit/537.36 (KHTML, like Gecko) Chrome/123.0.0.0 Safari/537.36"
152.32.199.73 - - [16/Apr/2024:09:58:25 +0000] "GET / HTTP/1.1" 200 5069 "-" "Mozilla/5.0 (Macintosh; Intel Mac OS X 10_15_7) AppleWebKit/537.36 (KHTML, like Gecko) Chrome/120.0.0.0 Safari/537.36 Edg/120.0.0.0"
205.210.31.130 - - [16/Apr/2024:09:58:30 +0000] "GET / HTTP/1.1" 200 5069 "-" "Expanse, a Palo Alto Networks company, searches across the global IPv4 space multiple times per day to identify customers&#39; presences on the Internet. If you would like to be excluded from our scans, please send IP addresses/domains to: scaninfo@paloaltonetworks.com"
122.161.65.100 - - [16/Apr/2024:09:58:36 +0000] "POST /roundcube/?_task=mail&_action=refresh HTTP/1.1" 200 180 "https://server.mswebtech.com/roundcube/?_task=mail&_mbox=INBOX" "Mozilla/5.0 (Windows NT 10.0; Win64; x64) AppleWebKit/537.36 (KHTML, like Gecko) Chrome/123.0.0.0 Safari/537.36"
152.32.199.73 - - [16/Apr/2024:09:58:45 +0000] "GET /favicon.ico HTTP/1.1" 404 196 "-" "Mozilla/5.0 (Macintosh; Intel Mac OS X 10_7_0) AppleWebKit/535.11 (KHTML, like Gecko) Chrome/17.0.963.56 Safari/535.11"
152.32.199.73 - - [16/Apr/2024:09:58:46 +0000] "GET /robots.txt HTTP/1.1" 404 196 "-" "Mozilla/5.0 (Macintosh; Intel Mac OS X 10_7_0) AppleWebKit/535.11 (KHTML, like Gecko) Chrome/17.0.963.56 Safari/535.11"
152.32.199.73 - - [16/Apr/2024:09:58:48 +0000] "GET /sitemap.xml HTTP/1.1" 404 196 "-" "Mozilla/5.0 (Macintosh; Intel Mac OS X 10_7_0) AppleWebKit/535.11 (KHTML, like Gecko) Chrome/17.0.963.56 Safari/535.11"
152.32.199.73 - - [16/Apr/2024:09:59:07 +0000] "GET / HTTP/1.1" 200 1971 "-" "Mozilla/5.0 (Macintosh; Intel Mac OS X 10_14_6) AppleWebKit/537.36 (KHTML, like Gecko) Chrome/81.0.4044.138 Safari/537.36"
122.161.65.100 - - [16/Apr/2024:09:59:36 +0000] "POST /roundcube/?_task=mail&_action=refresh HTTP/1.1" 200 180 "https://server.mswebtech.com/roundcube/?_task=mail&_mbox=INBOX" "Mozilla/5.0 (Windows NT 10.0; Win64; x64) AppleWebKit/537.36 (KHTML, like Gecko) Chrome/123.0.0.0 Safari/537.36"
122.161.65.100 - - [16/Apr/2024:10:00:36 +0000] "POST /roundcube/?_task=mail&_action=refresh HTTP/1.1" 200 181 "https://server.mswebtech.com/roundcube/?_task=mail&_mbox=INBOX" "Mozilla/5.0 (Windows NT 10.0; Win64; x64) AppleWebKit/537.36 (KHTML, like Gecko) Chrome/123.0.0.0 Safari/537.36"
122.161.65.100 - - [16/Apr/2024:10:01:36 +0000] "POST /roundcube/?_task=mail&_action=refresh HTTP/1.1" 200 181 "https://server.mswebtech.com/roundcube/?_task=mail&_mbox=INBOX" "Mozilla/5.0 (Windows NT 10.0; Win64; x64) AppleWebKit/537.36 (KHTML, like Gecko) Chrome/123.0.0.0 Safari/537.36"
122.161.65.100 - - [16/Apr/2024:10:02:36 +0000] "POST /roundcube/?_task=mail&_action=refresh HTTP/1.1" 200 180 "https://server.mswebtech.com/roundcube/?_task=mail&_mbox=INBOX" "Mozilla/5.0 (Windows NT 10.0; Win64; x64) AppleWebKit/537.36 (KHTML, like Gecko) Chrome/123.0.0.0 Safari/537.36"
122.161.65.100 - - [16/Apr/2024:10:03:36 +0000] "POST /roundcube/?_task=mail&_action=refresh HTTP/1.1" 200 181 "https://server.mswebtech.com/roundcube/?_task=mail&_mbox=INBOX" "Mozilla/5.0 (Windows NT 10.0; Win64; x64) AppleWebKit/537.36 (KHTML, like Gecko) Chrome/123.0.0.0 Safari/537.36"
122.161.65.100 - - [16/Apr/2024:10:04:36 +0000] "POST /roundcube/?_task=mail&_action=refresh HTTP/1.1" 200 181 "https://server.mswebtech.com/roundcube/?_task=mail&_mbox=INBOX" "Mozilla/5.0 (Windows NT 10.0; Win64; x64) AppleWebKit/537.36 (KHTML, like Gecko) Chrome/123.0.0.0 Safari/537.36"
167.94.138.2 - - [16/Apr/2024:10:05:36 +0000] "GET / HTTP/1.1" 400 255 "-" "Mozilla/5.0 (compatible; CensysInspect/1.1; +https://about.censys.io/)"
122.161.65.100 - - [16/Apr/2024:10:05:36 +0000] "POST /roundcube/?_task=mail&_action=refresh HTTP/1.1" 200 180 "https://server.mswebtech.com/roundcube/?_task=mail&_mbox=INBOX" "Mozilla/5.0 (Windows NT 10.0; Win64; x64) AppleWebKit/537.36 (KHTML, like Gecko) Chrome/123.0.0.0 Safari/537.36"
167.94.138.2 - - [16/Apr/2024:10:05:37 +0000] "PRI * HTTP/2.0" 400 157 "-" "-"
122.161.65.100 - - [16/Apr/2024:10:06:36 +0000] "POST /roundcube/?_task=mail&_action=refresh HTTP/1.1" 200 181 "https://server.mswebtech.com/roundcube/?_task=mail&_mbox=INBOX" "Mozilla/5.0 (Windows NT 10.0; Win64; x64) AppleWebKit/537.36 (KHTML, like Gecko) Chrome/123.0.0.0 Safari/537.36"
122.161.65.100 - - [16/Apr/2024:10:07:36 +0000] "POST /roundcube/?_task=mail&_action=refresh HTTP/1.1" 200 181 "https://server.mswebtech.com/roundcube/?_task=mail&_mbox=INBOX" "Mozilla/5.0 (Windows NT 10.0; Win64; x64) AppleWebKit/537.36 (KHTML, like Gecko) Chrome/123.0.0.0 Safari/537.36"
122.161.65.100 - - [16/Apr/2024:10:08:36 +0000] "POST /roundcube/?_task=mail&_action=refresh HTTP/1.1" 200 181 "https://server.mswebtech.com/roundcube/?_task=mail&_mbox=INBOX" "Mozilla/5.0 (Windows NT 10.0; Win64; x64) AppleWebKit/537.36 (KHTML, like Gecko) Chrome/123.0.0.0 Safari/537.36"
122.161.65.100 - - [16/Apr/2024:10:09:36 +0000] "POST /roundcube/?_task=mail&_action=refresh HTTP/1.1" 200 180 "https://server.mswebtech.com/roundcube/?_task=mail&_mbox=INBOX" "Mozilla/5.0 (Windows NT 10.0; Win64; x64) AppleWebKit/537.36 (KHTML, like Gecko) Chrome/123.0.0.0 Safari/537.36"
122.161.65.100 - - [16/Apr/2024:10:10:36 +0000] "POST /roundcube/?_task=mail&_action=refresh HTTP/1.1" 200 180 "https://server.mswebtech.com/roundcube/?_task=mail&_mbox=INBOX" "Mozilla/5.0 (Windows NT 10.0; Win64; x64) AppleWebKit/537.36 (KHTML, like Gecko) Chrome/123.0.0.0 Safari/537.36"
122.161.65.100 - - [16/Apr/2024:10:11:36 +0000] "POST /roundcube/?_task=mail&_action=refresh HTTP/1.1" 200 181 "https://server.mswebtech.com/roundcube/?_task=mail&_mbox=INBOX" "Mozilla/5.0 (Windows NT 10.0; Win64; x64) AppleWebKit/537.36 (KHTML, like Gecko) Chrome/123.0.0.0 Safari/537.36"
122.161.65.100 - - [16/Apr/2024:10:12:36 +0000] "POST /roundcube/?_task=mail&_action=refresh HTTP/1.1" 200 181 "https://server.mswebtech.com/roundcube/?_task=mail&_mbox=INBOX" "Mozilla/5.0 (Windows NT 10.0; Win64; x64) AppleWebKit/537.36 (KHTML, like Gecko) Chrome/123.0.0.0 Safari/537.36"
122.161.65.100 - - [16/Apr/2024:10:13:36 +0000] "POST /roundcube/?_task=mail&_action=refresh HTTP/1.1" 200 180 "https://server.mswebtech.com/roundcube/?_task=mail&_mbox=INBOX" "Mozilla/5.0 (Windows NT 10.0; Win64; x64) AppleWebKit/537.36 (KHTML, like Gecko) Chrome/123.0.0.0 Safari/537.36"
122.161.65.100 - - [16/Apr/2024:10:14:37 +0000] "POST /roundcube/?_task=mail&_action=refresh HTTP/1.1" 200 181 "https://server.mswebtech.com/roundcube/?_task=mail&_mbox=INBOX" "Mozilla/5.0 (Windows NT 10.0; Win64; x64) AppleWebKit/537.36 (KHTML, like Gecko) Chrome/123.0.0.0 Safari/537.36"
122.161.65.100 - - [16/Apr/2024:10:15:36 +0000] "POST /roundcube/?_task=mail&_action=refresh HTTP/1.1" 200 181 "https://server.mswebtech.com/roundcube/?_task=mail&_mbox=INBOX" "Mozilla/5.0 (Windows NT 10.0; Win64; x64) AppleWebKit/537.36 (KHTML, like Gecko) Chrome/123.0.0.0 Safari/537.36"
66.249.68.4 - - [16/Apr/2024:10:16:06 +0000] "GET /robots.txt HTTP/1.1" 404 196 "-" "Mozilla/5.0 (compatible; Googlebot/2.1; +http://www.google.com/bot.html)"
66.249.68.4 - - [16/Apr/2024:10:16:06 +0000] "GET /services.php HTTP/1.1" 200 4535 "-" "Mozilla/5.0 (Linux; Android 6.0.1; Nexus 5X Build/MMB29P) AppleWebKit/537.36 (KHTML, like Gecko) Chrome/122.0.6261.94 Mobile Safari/537.36 (compatible; Googlebot/2.1; +http://www.google.com/bot.html)"
66.249.68.3 - - [16/Apr/2024:10:16:33 +0000] "GET /assets/js/bootstrap-bundle.js HTTP/1.1" 200 23076 "https://htc.triohotels.in/services.php" "Mozilla/5.0 (Linux; Android 6.0.1; Nexus 5X Build/MMB29P) AppleWebKit/537.36 (KHTML, like Gecko) Chrome/122.0.6261.94 Mobile Safari/537.36 (compatible; Googlebot/2.1; +http://www.google.com/bot.html)"
66.249.68.4 - - [16/Apr/2024:10:16:34 +0000] "GET /assets/css/main.css HTTP/1.1" 200 28230 "https://htc.triohotels.in/services.php" "Mozilla/5.0 (Linux; Android 6.0.1; Nexus 5X Build/MMB29P) AppleWebKit/537.36 (KHTML, like Gecko) Chrome/122.0.6261.94 Mobile Safari/537.36 (compatible; Googlebot/2.1; +http://www.google.com/bot.html)"
66.249.68.3 - - [16/Apr/2024:10:16:35 +0000] "GET /assets/css/swiper-bundle.css HTTP/1.1" 200 4428 "https://htc.triohotels.in/services.php" "Mozilla/5.0 (Linux; Android 6.0.1; Nexus 5X Build/MMB29P) AppleWebKit/537.36 (KHTML, like Gecko) Chrome/122.0.6261.94 Mobile Safari/537.36 (compatible; Googlebot/2.1; +http://www.google.com/bot.html)"
66.249.68.3 - - [16/Apr/2024:10:16:35 +0000] "GET /assets/css/animate.min.css HTTP/1.1" 200 5036 "https://htc.triohotels.in/services.php" "Mozilla/5.0 (Linux; Android 6.0.1; Nexus 5X Build/MMB29P) AppleWebKit/537.36 (KHTML, like Gecko) Chrome/122.0.6261.94 Mobile Safari/537.36 (compatible; Googlebot/2.1; +http://www.google.com/bot.html)"
122.161.65.100 - - [16/Apr/2024:10:16:36 +0000] "POST /roundcube/?_task=mail&_action=refresh HTTP/1.1" 200 181 "https://server.mswebtech.com/roundcube/?_task=mail&_mbox=INBOX" "Mozilla/5.0 (Windows NT 10.0; Win64; x64) AppleWebKit/537.36 (KHTML, like Gecko) Chrome/123.0.0.0 Safari/537.36"
66.249.68.3 - - [16/Apr/2024:10:16:36 +0000] "GET /assets/css/font-awesome-pro.css HTTP/1.1" 200 77915 "https://htc.triohotels.in/services.php" "Mozilla/5.0 (Linux; Android 6.0.1; Nexus 5X Build/MMB29P) AppleWebKit/537.36 (KHTML, like Gecko) Chrome/122.0.6261.94 Mobile Safari/537.36 (compatible; Googlebot/2.1; +http://www.google.com/bot.html)"
66.249.68.3 - - [16/Apr/2024:10:16:36 +0000] "GET /assets/css/flaticon_royel.css HTTP/1.1" 200 576 "https://htc.triohotels.in/services.php" "Mozilla/5.0 (Linux; Android 6.0.1; Nexus 5X Build/MMB29P) AppleWebKit/537.36 (KHTML, like Gecko) Chrome/122.0.6261.94 Mobile Safari/537.36 (compatible; Googlebot/2.1; +http://www.google.com/bot.html)"
66.249.68.3 - - [16/Apr/2024:10:16:37 +0000] "GET /assets/css/meanmenu.css HTTP/1.1" 200 933 "https://htc.triohotels.in/services.php" "Mozilla/5.0 (Linux; Android 6.0.1; Nexus 5X Build/MMB29P) AppleWebKit/537.36 (KHTML, like Gecko) Chrome/122.0.6261.94 Mobile Safari/537.36 (compatible; Googlebot/2.1; +http://www.google.com/bot.html)"
66.249.68.3 - - [16/Apr/2024:10:16:38 +0000] "GET /assets/css/spacing.css HTTP/1.1" 200 2153 "https://htc.triohotels.in/services.php" "Mozilla/5.0 (Linux; Android 6.0.1; Nexus 5X Build/MMB29P) AppleWebKit/537.36 (KHTML, like Gecko) Chrome/122.0.6261.94 Mobile Safari/537.36 (compatible; Googlebot/2.1; +http://www.google.com/bot.html)"
66.249.68.3 - - [16/Apr/2024:10:16:39 +0000] "GET /assets/css/magnific-popup.css HTTP/1.1" 200 1839 "https://htc.triohotels.in/services.php" "Mozilla/5.0 (Linux; Android 6.0.1; Nexus 5X Build/MMB29P) AppleWebKit/537.36 (KHTML, like Gecko) Chrome/122.0.6261.94 Mobile Safari/537.36 (compatible; Googlebot/2.1; +http://www.google.com/bot.html)"
66.249.68.3 - - [16/Apr/2024:10:16:40 +0000] "GET /assets/css/nice-select.css HTTP/1.1" 200 976 "https://htc.triohotels.in/services.php" "Mozilla/5.0 (Linux; Android 6.0.1; Nexus 5X Build/MMB29P) AppleWebKit/537.36 (KHTML, like Gecko) Chrome/122.0.6261.94 Mobile Safari/537.36 (compatible; Googlebot/2.1; +http://www.google.com/bot.html)"
66.249.68.3 - - [16/Apr/2024:10:16:40 +0000] "GET /assets/css/jquery-ui.min.css HTTP/1.1" 200 7631 "https://htc.triohotels.in/services.php" "Mozilla/5.0 (Linux; Android 6.0.1; Nexus 5X Build/MMB29P) AppleWebKit/537.36 (KHTML, like Gecko) Chrome/122.0.6261.94 Mobile Safari/537.36 (compatible; Googlebot/2.1; +http://www.google.com/bot.html)"
