66.249.68.3 - - [16/Apr/2024:10:16:41 +0000] "GET /assets/css/bootstrap.css HTTP/1.1" 200 23614 "https://htc.triohotels.in/services.php" "Mozilla/5.0 (Linux; Android 6.0.1; Nexus 5X Build/MMB29P) AppleWebKit/537.36 (KHTML, like Gecko) Chrome/122.0.6261.94 Mobile Safari/537.36 (compatible; Googlebot/2.1; +http://www.google.com/bot.html)"
66.249.68.3 - - [16/Apr/2024:10:16:42 +0000] "GET /assets/css/backtotop.css HTTP/1.1" 200 515 "https://htc.triohotels.in/services.php" "Mozilla/5.0 (Linux; Android 6.0.1; Nexus 5X Build/MMB29P) AppleWebKit/537.36 (KHTML, like Gecko) Chrome/122.0.6261.94 Mobile Safari/537.36 (compatible; Googlebot/2.1; +http://www.google.com/bot.html)"
66.249.68.3 - - [16/Apr/2024:10:16:43 +0000] "GET /assets/css/slick.css HTTP/1.1" 200 592 "https://htc.triohotels.in/services.php" "Mozilla/5.0 (Linux; Android 6.0.1; Nexus 5X Build/MMB29P) AppleWebKit/537.36 (KHTML, like Gecko) Chrome/122.0.6261.94 Mobile Safari/537.36 (compatible; Googlebot/2.1; +http://www.google.com/bot.html)"
66.249.68.3 - - [16/Apr/2024:10:16:44 +0000] "GET /assets/css/nouislider.css HTTP/1.1" 200 1610 "https://htc.triohotels.in/services.php" "Mozilla/5.0 (Linux; Android 6.0.1; Nexus 5X Build/MMB29P) AppleWebKit/537.36 (KHTML, like Gecko) Chrome/122.0.6261.94 Mobile Safari/537.36 (compatible; Googlebot/2.1; +http://www.google.com/bot.html)"
66.249.68.3 - - [16/Apr/2024:10:16:44 +0000] "GET /assets/js/meanmenu.js HTTP/1.1" 200 3466 "https://htc.triohotels.in/services.php" "Mozilla/5.0 (Linux; Android 6.0.1; Nexus 5X Build/MMB29P) AppleWebKit/537.36 (KHTML, like Gecko) Chrome/122.0.6261.94 Mobile Safari/537.36 (compatible; Googlebot/2.1; +http://www.google.com/bot.html)"
66.249.68.3 - - [16/Apr/2024:10:16:45 +0000] "GET /assets/js/swiper-bundle.js HTTP/1.1" 200 37699 "https://htc.triohotels.in/services.php" "Mozilla/5.0 (Linux; Android 6.0.1; Nexus 5X Build/MMB29P) AppleWebKit/537.36 (KHTML, like Gecko) Chrome/122.0.6261.94 Mobile Safari/537.36 (compatible; Googlebot/2.1; +http://www.google.com/bot.html)"
66.249.68.3 - - [16/Apr/2024:10:16:46 +0000] "GET /assets/js/ajax-form.js HTTP/1.1" 200 527 "https://htc.triohotels.in/services.php" "Mozilla/5.0 (Linux; Android 6.0.1; Nexus 5X Build/MMB29P) AppleWebKit/537.36 (KHTML, like Gecko) Chrome/122.0.6261.94 Mobile Safari/537.36 (compatible; Googlebot/2.1; +http://www.google.com/bot.html)"
66.249.68.3 - - [16/Apr/2024:10:16:47 +0000] "GET /assets/js/main.js HTTP/1.1" 200 4371 "https://htc.triohotels.in/services.php" "Mozilla/5.0 (Linux; Android 6.0.1; Nexus 5X Build/MMB29P) AppleWebKit/537.36 (KHTML, like Gecko) Chrome/122.0.6261.94 Mobile Safari/537.36 (compatible; Googlebot/2.1; +http://www.google.com/bot.html)"
66.249.68.3 - - [16/Apr/2024:10:16:47 +0000] "GET /assets/js/settings.js HTTP/1.1" 200 2236 "https://htc.triohotels.in/services.php" "Mozilla/5.0 (Linux; Android 6.0.1; Nexus 5X Build/MMB29P) AppleWebKit/537.36 (KHTML, like Gecko) Chrome/122.0.6261.94 Mobile Safari/537.36 (compatible; Googlebot/2.1; +http://www.google.com/bot.html)"
66.249.68.3 - - [16/Apr/2024:10:16:48 +0000] "GET /assets/js/jquery-ui.min.js HTTP/1.1" 200 67715 "https://htc.triohotels.in/services.php" "Mozilla/5.0 (Linux; Android 6.0.1; Nexus 5X Build/MMB29P) AppleWebKit/537.36 (KHTML, like Gecko) Chrome/122.0.6261.94 Mobile Safari/537.36 (compatible; Googlebot/2.1; +http://www.google.com/bot.html)"
66.249.68.3 - - [16/Apr/2024:10:16:49 +0000] "GET /assets/js/nice-select.js HTTP/1.1" 200 1059 "https://htc.triohotels.in/services.php" "Mozilla/5.0 (Linux; Android 6.0.1; Nexus 5X Build/MMB29P) AppleWebKit/537.36 (KHTML, like Gecko) Chrome/122.0.6261.94 Mobile Safari/537.36 (compatible; Googlebot/2.1; +http://www.google.com/bot.html)"
66.249.68.3 - - [16/Apr/2024:10:16:50 +0000] "GET /assets/js/backtotop.js HTTP/1.1" 200 470 "https://htc.triohotels.in/services.php" "Mozilla/5.0 (Linux; Android 6.0.1; Nexus 5X Build/MMB29P) AppleWebKit/537.36 (KHTML, like Gecko) Chrome/122.0.6261.94 Mobile Safari/537.36 (compatible; Googlebot/2.1; +http://www.google.com/bot.html)"
66.249.68.3 - - [16/Apr/2024:10:16:50 +0000] "GET /assets/js/isotope-pkgd.js HTTP/1.1" 200 9888 "https://htc.triohotels.in/services.php" "Mozilla/5.0 (Linux; Android 6.0.1; Nexus 5X Build/MMB29P) AppleWebKit/537.36 (KHTML, like Gecko) Chrome/122.0.6261.94 Mobile Safari/537.36 (compatible; Googlebot/2.1; +http://www.google.com/bot.html)"
66.249.68.3 - - [16/Apr/2024:10:16:51 +0000] "GET /assets/js/imagesloaded-pkgd.js HTTP/1.1" 200 1834 "https://htc.triohotels.in/services.php" "Mozilla/5.0 (Linux; Android 6.0.1; Nexus 5X Build/MMB29P) AppleWebKit/537.36 (KHTML, like Gecko) Chrome/122.0.6261.94 Mobile Safari/537.36 (compatible; Googlebot/2.1; +http://www.google.com/bot.html)"
66.249.68.3 - - [16/Apr/2024:10:16:52 +0000] "GET /assets/js/magnific-popup.js HTTP/1.1" 200 7370 "https://htc.triohotels.in/services.php" "Mozilla/5.0 (Linux; Android 6.0.1; Nexus 5X Build/MMB29P) AppleWebKit/537.36 (KHTML, like Gecko) Chrome/122.0.6261.94 Mobile Safari/537.36 (compatible; Googlebot/2.1; +http://www.google.com/bot.html)"
66.249.68.3 - - [16/Apr/2024:10:16:52 +0000] "GET /assets/js/sidebar.js HTTP/1.1" 200 519 "https://htc.triohotels.in/services.php" "Mozilla/5.0 (Linux; Android 6.0.1; Nexus 5X Build/MMB29P) AppleWebKit/537.36 (KHTML, like Gecko) Chrome/122.0.6261.94 Mobile Safari/537.36 (compatible; Googlebot/2.1; +http://www.google.com/bot.html)"
66.249.68.3 - - [16/Apr/2024:10:16:53 +0000] "GET /assets/js/slick.js HTTP/1.1" 200 11330 "https://htc.triohotels.in/services.php" "Mozilla/5.0 (Linux; Android 6.0.1; Nexus 5X Build/MMB29P) AppleWebKit/537.36 (KHTML, like Gecko) Chrome/122.0.6261.94 Mobile Safari/537.36 (compatible; Googlebot/2.1; +http://www.google.com/bot.html)"
66.249.68.3 - - [16/Apr/2024:10:16:54 +0000] "GET /assets/js/wow.min.js HTTP/1.1" 200 2848 "https://htc.triohotels.in/services.php" "Mozilla/5.0 (Linux; Android 6.0.1; Nexus 5X Build/MMB29P) AppleWebKit/537.36 (KHTML, like Gecko) Chrome/122.0.6261.94 Mobile Safari/537.36 (compatible; Googlebot/2.1; +http://www.google.com/bot.html)"
122.161.65.100 - - [16/Apr/2024:10:17:36 +0000] "POST /roundcube/?_task=mail&_action=refresh HTTP/1.1" 200 181 "https://server.mswebtech.com/roundcube/?_task=mail&_mbox=INBOX" "Mozilla/5.0 (Windows NT 10.0; Win64; x64) AppleWebKit/537.36 (KHTML, like Gecko) Chrome/123.0.0.0 Safari/537.36"
122.161.65.100 - - [16/Apr/2024:10:18:36 +0000] "POST /roundcube/?_task=mail&_action=refresh HTTP/1.1" 200 181 "https://server.mswebtech.com/roundcube/?_task=mail&_mbox=INBOX" "Mozilla/5.0 (Windows NT 10.0; Win64; x64) AppleWebKit/537.36 (KHTML, like Gecko) Chrome/123.0.0.0 Safari/537.36"
122.161.65.100 - - [16/Apr/2024:10:19:37 +0000] "POST /roundcube/?_task=mail&_action=refresh HTTP/1.1" 200 181 "https://server.mswebtech.com/roundcube/?_task=mail&_mbox=INBOX" "Mozilla/5.0 (Windows NT 10.0; Win64; x64) AppleWebKit/537.36 (KHTML, like Gecko) Chrome/123.0.0.0 Safari/537.36"
122.161.65.100 - - [16/Apr/2024:10:20:36 +0000] "POST /roundcube/?_task=mail&_action=refresh HTTP/1.1" 200 181 "https://server.mswebtech.com/roundcube/?_task=mail&_mbox=INBOX" "Mozilla/5.0 (Windows NT 10.0; Win64; x64) AppleWebKit/537.36 (KHTML, like Gecko) Chrome/123.0.0.0 Safari/537.36"
122.161.65.100 - - [16/Apr/2024:10:21:36 +0000] "POST /roundcube/?_task=mail&_action=refresh HTTP/1.1" 200 181 "https://server.mswebtech.com/roundcube/?_task=mail&_mbox=INBOX" "Mozilla/5.0 (Windows NT 10.0; Win64; x64) AppleWebKit/537.36 (KHTML, like Gecko) Chrome/123.0.0.0 Safari/537.36"
122.161.65.100 - - [16/Apr/2024:10:22:36 +0000] "POST /roundcube/?_task=mail&_action=refresh HTTP/1.1" 200 181 "https://server.mswebtech.com/roundcube/?_task=mail&_mbox=INBOX" "Mozilla/5.0 (Windows NT 10.0; Win64; x64) AppleWebKit/537.36 (KHTML, like Gecko) Chrome/123.0.0.0 Safari/537.36"
122.161.65.100 - - [16/Apr/2024:10:23:36 +0000] "POST /roundcube/?_task=mail&_action=refresh HTTP/1.1" 200 180 "https://server.mswebtech.com/roundcube/?_task=mail&_mbox=INBOX" "Mozilla/5.0 (Windows NT 10.0; Win64; x64) AppleWebKit/537.36 (KHTML, like Gecko) Chrome/123.0.0.0 Safari/537.36"
122.161.65.100 - - [16/Apr/2024:10:24:36 +0000] "POST /roundcube/?_task=mail&_action=refresh HTTP/1.1" 200 180 "https://server.mswebtech.com/roundcube/?_task=mail&_mbox=INBOX" "Mozilla/5.0 (Windows NT 10.0; Win64; x64) AppleWebKit/537.36 (KHTML, like Gecko) Chrome/123.0.0.0 Safari/537.36"
122.161.65.100 - - [16/Apr/2024:10:25:36 +0000] "POST /roundcube/?_task=mail&_action=refresh HTTP/1.1" 200 180 "https://server.mswebtech.com/roundcube/?_task=mail&_mbox=INBOX" "Mozilla/5.0 (Windows NT 10.0; Win64; x64) AppleWebKit/537.36 (KHTML, like Gecko) Chrome/123.0.0.0 Safari/537.36"
122.161.65.100 - - [16/Apr/2024:10:26:36 +0000] "POST /roundcube/?_task=mail&_action=refresh HTTP/1.1" 200 181 "https://server.mswebtech.com/roundcube/?_task=mail&_mbox=INBOX" "Mozilla/5.0 (Windows NT 10.0; Win64; x64) AppleWebKit/537.36 (KHTML, like Gecko) Chrome/123.0.0.0 Safari/537.36"
122.161.65.100 - - [16/Apr/2024:10:27:37 +0000] "POST /roundcube/?_task=mail&_action=refresh HTTP/1.1" 200 180 "https://server.mswebtech.com/roundcube/?_task=mail&_mbox=INBOX" "Mozilla/5.0 (Windows NT 10.0; Win64; x64) AppleWebKit/537.36 (KHTML, like Gecko) Chrome/123.0.0.0 Safari/537.36"
122.161.65.100 - - [16/Apr/2024:10:28:36 +0000] "POST /roundcube/?_task=mail&_action=refresh HTTP/1.1" 200 180 "https://server.mswebtech.com/roundcube/?_task=mail&_mbox=INBOX" "Mozilla/5.0 (Windows NT 10.0; Win64; x64) AppleWebKit/537.36 (KHTML, like Gecko) Chrome/123.0.0.0 Safari/537.36"
122.161.65.100 - - [16/Apr/2024:10:29:36 +0000] "POST /roundcube/?_task=mail&_action=refresh HTTP/1.1" 200 180 "https://server.mswebtech.com/roundcube/?_task=mail&_mbox=INBOX" "Mozilla/5.0 (Windows NT 10.0; Win64; x64) AppleWebKit/537.36 (KHTML, like Gecko) Chrome/123.0.0.0 Safari/537.36"
122.161.65.100 - - [16/Apr/2024:10:30:36 +0000] "POST /roundcube/?_task=mail&_action=refresh HTTP/1.1" 200 180 "https://server.mswebtech.com/roundcube/?_task=mail&_mbox=INBOX" "Mozilla/5.0 (Windows NT 10.0; Win64; x64) AppleWebKit/537.36 (KHTML, like Gecko) Chrome/123.0.0.0 Safari/537.36"
122.161.65.100 - - [16/Apr/2024:10:31:36 +0000] "POST /roundcube/?_task=mail&_action=refresh HTTP/1.1" 200 181 "https://server.mswebtech.com/roundcube/?_task=mail&_mbox=INBOX" "Mozilla/5.0 (Windows NT 10.0; Win64; x64) AppleWebKit/537.36 (KHTML, like Gecko) Chrome/123.0.0.0 Safari/537.36"
196.117.169.183 - - [16/Apr/2024:10:31:46 +0000] "GET /.env HTTP/1.1" 404 196 "-" "Mozilla/5.0 (Linux; U; Android 4.4.2; en-US; HM NOTE 1W Build/KOT49H) AppleWebKit/534.30 (KHTML, like Gecko) Version/4.0 UCBrowser/11.0.5.850 U3/0.8.0 Mobile Safari/534.30"
196.117.169.183 - - [16/Apr/2024:10:31:47 +0000] "POST / HTTP/1.1" 200 1971 "-" "Mozilla/5.0 (Linux; U; Android 4.4.2; en-US; HM NOTE 1W Build/KOT49H) AppleWebKit/534.30 (KHTML, like Gecko) Version/4.0 UCBrowser/11.0.5.850 U3/0.8.0 Mobile Safari/534.30"
122.161.65.100 - - [16/Apr/2024:10:32:36 +0000] "POST /roundcube/?_task=mail&_action=refresh HTTP/1.1" 200 181 "https://server.mswebtech.com/roundcube/?_task=mail&_mbox=INBOX" "Mozilla/5.0 (Windows NT 10.0; Win64; x64) AppleWebKit/537.36 (KHTML, like Gecko) Chrome/123.0.0.0 Safari/537.36"
122.161.65.100 - - [16/Apr/2024:10:33:36 +0000] "POST /roundcube/?_task=mail&_action=refresh HTTP/1.1" 200 180 "https://server.mswebtech.com/roundcube/?_task=mail&_mbox=INBOX" "Mozilla/5.0 (Windows NT 10.0; Win64; x64) AppleWebKit/537.36 (KHTML, like Gecko) Chrome/123.0.0.0 Safari/537.36"
122.161.65.100 - - [16/Apr/2024:10:34:36 +0000] "POST /roundcube/?_task=mail&_action=refresh HTTP/1.1" 200 181 "https://server.mswebtech.com/roundcube/?_task=mail&_mbox=INBOX" "Mozilla/5.0 (Windows NT 10.0; Win64; x64) AppleWebKit/537.36 (KHTML, like Gecko) Chrome/123.0.0.0 Safari/537.36"
122.161.65.100 - - [16/Apr/2024:10:35:36 +0000] "POST /roundcube/?_task=mail&_action=refresh HTTP/1.1" 200 180 "https://server.mswebtech.com/roundcube/?_task=mail&_mbox=INBOX" "Mozilla/5.0 (Windows NT 10.0; Win64; x64) AppleWebKit/537.36 (KHTML, like Gecko) Chrome/123.0.0.0 Safari/537.36"
167.94.138.2 - - [16/Apr/2024:10:35:38 +0000] "GET / HTTP/1.1" 400 255 "-" "Mozilla/5.0 (compatible; CensysInspect/1.1; +https://about.censys.io/)"
167.94.138.2 - - [16/Apr/2024:10:35:39 +0000] "PRI * HTTP/2.0" 400 157 "-" "-"
122.161.65.100 - - [16/Apr/2024:10:36:36 +0000] "POST /roundcube/?_task=mail&_action=refresh HTTP/1.1" 200 180 "https://server.mswebtech.com/roundcube/?_task=mail&_mbox=INBOX" "Mozilla/5.0 (Windows NT 10.0; Win64; x64) AppleWebKit/537.36 (KHTML, like Gecko) Chrome/123.0.0.0 Safari/537.36"
122.161.65.100 - - [16/Apr/2024:10:37:36 +0000] "POST /roundcube/?_task=mail&_action=refresh HTTP/1.1" 200 181 "https://server.mswebtech.com/roundcube/?_task=mail&_mbox=INBOX" "Mozilla/5.0 (Windows NT 10.0; Win64; x64) AppleWebKit/537.36 (KHTML, like Gecko) Chrome/123.0.0.0 Safari/537.36"
122.161.65.100 - - [16/Apr/2024:10:38:36 +0000] "POST /roundcube/?_task=mail&_action=refresh HTTP/1.1" 200 181 "https://server.mswebtech.com/roundcube/?_task=mail&_mbox=INBOX" "Mozilla/5.0 (Windows NT 10.0; Win64; x64) AppleWebKit/537.36 (KHTML, like Gecko) Chrome/123.0.0.0 Safari/537.36"
122.161.65.100 - - [16/Apr/2024:10:39:36 +0000] "POST /roundcube/?_task=mail&_action=refresh HTTP/1.1" 200 180 "https://server.mswebtech.com/roundcube/?_task=mail&_mbox=INBOX" "Mozilla/5.0 (Windows NT 10.0; Win64; x64) AppleWebKit/537.36 (KHTML, like Gecko) Chrome/123.0.0.0 Safari/537.36"
122.161.65.100 - - [16/Apr/2024:10:40:36 +0000] "POST /roundcube/?_task=mail&_action=refresh HTTP/1.1" 200 181 "https://server.mswebtech.com/roundcube/?_task=mail&_mbox=INBOX" "Mozilla/5.0 (Windows NT 10.0; Win64; x64) AppleWebKit/537.36 (KHTML, like Gecko) Chrome/123.0.0.0 Safari/537.36"
122.161.65.100 - - [16/Apr/2024:10:41:36 +0000] "POST /roundcube/?_task=mail&_action=refresh HTTP/1.1" 200 180 "https://server.mswebtech.com/roundcube/?_task=mail&_mbox=INBOX" "Mozilla/5.0 (Windows NT 10.0; Win64; x64) AppleWebKit/537.36 (KHTML, like Gecko) Chrome/123.0.0.0 Safari/537.36"
122.161.65.100 - - [16/Apr/2024:10:42:36 +0000] "POST /roundcube/?_task=mail&_action=refresh HTTP/1.1" 200 180 "https://server.mswebtech.com/roundcube/?_task=mail&_mbox=INBOX" "Mozilla/5.0 (Windows NT 10.0; Win64; x64) AppleWebKit/537.36 (KHTML, like Gecko) Chrome/123.0.0.0 Safari/537.36"
122.161.65.100 - - [16/Apr/2024:10:43:36 +0000] "POST /roundcube/?_task=mail&_action=refresh HTTP/1.1" 200 180 "https://server.mswebtech.com/roundcube/?_task=mail&_mbox=INBOX" "Mozilla/5.0 (Windows NT 10.0; Win64; x64) AppleWebKit/537.36 (KHTML, like Gecko) Chrome/123.0.0.0 Safari/537.36"
122.161.65.100 - - [16/Apr/2024:10:44:36 +0000] "POST /roundcube/?_task=mail&_action=refresh HTTP/1.1" 200 180 "https://server.mswebtech.com/roundcube/?_task=mail&_mbox=INBOX" "Mozilla/5.0 (Windows NT 10.0; Win64; x64) AppleWebKit/537.36 (KHTML, like Gecko) Chrome/123.0.0.0 Safari/537.36"
122.161.65.100 - - [16/Apr/2024:10:45:36 +0000] "POST /roundcube/?_task=mail&_action=refresh HTTP/1.1" 200 180 "https://server.mswebtech.com/roundcube/?_task=mail&_mbox=INBOX" "Mozilla/5.0 (Windows NT 10.0; Win64; x64) AppleWebKit/537.36 (KHTML, like Gecko) Chrome/123.0.0.0 Safari/537.36"
122.161.65.100 - - [16/Apr/2024:10:46:36 +0000] "POST /roundcube/?_task=mail&_action=refresh HTTP/1.1" 200 181 "https://server.mswebtech.com/roundcube/?_task=mail&_mbox=INBOX" "Mozilla/5.0 (Windows NT 10.0; Win64; x64) AppleWebKit/537.36 (KHTML, like Gecko) Chrome/123.0.0.0 Safari/537.36"
122.161.65.100 - - [16/Apr/2024:10:47:36 +0000] "POST /roundcube/?_task=mail&_action=refresh HTTP/1.1" 200 180 "https://server.mswebtech.com/roundcube/?_task=mail&_mbox=INBOX" "Mozilla/5.0 (Windows NT 10.0; Win64; x64) AppleWebKit/537.36 (KHTML, like Gecko) Chrome/123.0.0.0 Safari/537.36"
122.161.65.100 - - [16/Apr/2024:10:48:36 +0000] "POST /roundcube/?_task=mail&_action=refresh HTTP/1.1" 200 180 "https://server.mswebtech.com/roundcube/?_task=mail&_mbox=INBOX" "Mozilla/5.0 (Windows NT 10.0; Win64; x64) AppleWebKit/537.36 (KHTML, like Gecko) Chrome/123.0.0.0 Safari/537.36"
178.62.222.245 - - [16/Apr/2024:10:48:52 +0000] "GET / HTTP/1.1" 400 255 "-" "Go-http-client/1.1"
122.161.65.100 - - [16/Apr/2024:10:49:36 +0000] "POST /roundcube/?_task=mail&_action=refresh HTTP/1.1" 200 180 "https://server.mswebtech.com/roundcube/?_task=mail&_mbox=INBOX" "Mozilla/5.0 (Windows NT 10.0; Win64; x64) AppleWebKit/537.36 (KHTML, like Gecko) Chrome/123.0.0.0 Safari/537.36"
122.161.65.100 - - [16/Apr/2024:10:50:36 +0000] "POST /roundcube/?_task=mail&_action=refresh HTTP/1.1" 200 181 "https://server.mswebtech.com/roundcube/?_task=mail&_mbox=INBOX" "Mozilla/5.0 (Windows NT 10.0; Win64; x64) AppleWebKit/537.36 (KHTML, like Gecko) Chrome/123.0.0.0 Safari/537.36"
122.161.65.100 - - [16/Apr/2024:10:51:36 +0000] "POST /roundcube/?_task=mail&_action=refresh HTTP/1.1" 200 181 "https://server.mswebtech.com/roundcube/?_task=mail&_mbox=INBOX" "Mozilla/5.0 (Windows NT 10.0; Win64; x64) AppleWebKit/537.36 (KHTML, like Gecko) Chrome/123.0.0.0 Safari/537.36"
122.161.65.100 - - [16/Apr/2024:10:52:36 +0000] "POST /roundcube/?_task=mail&_action=refresh HTTP/1.1" 200 180 "https://server.mswebtech.com/roundcube/?_task=mail&_mbox=INBOX" "Mozilla/5.0 (Windows NT 10.0; Win64; x64) AppleWebKit/537.36 (KHTML, like Gecko) Chrome/123.0.0.0 Safari/537.36"
122.161.65.100 - - [16/Apr/2024:10:53:36 +0000] "POST /roundcube/?_task=mail&_action=refresh HTTP/1.1" 200 181 "https://server.mswebtech.com/roundcube/?_task=mail&_mbox=INBOX" "Mozilla/5.0 (Windows NT 10.0; Win64; x64) AppleWebKit/537.36 (KHTML, like Gecko) Chrome/123.0.0.0 Safari/537.36"
122.161.65.100 - - [16/Apr/2024:10:54:36 +0000] "POST /roundcube/?_task=mail&_action=refresh HTTP/1.1" 200 180 "https://server.mswebtech.com/roundcube/?_task=mail&_mbox=INBOX" "Mozilla/5.0 (Windows NT 10.0; Win64; x64) AppleWebKit/537.36 (KHTML, like Gecko) Chrome/123.0.0.0 Safari/537.36"
122.161.65.100 - - [16/Apr/2024:10:55:36 +0000] "POST /roundcube/?_task=mail&_action=refresh HTTP/1.1" 200 181 "https://server.mswebtech.com/roundcube/?_task=mail&_mbox=INBOX" "Mozilla/5.0 (Windows NT 10.0; Win64; x64) AppleWebKit/537.36 (KHTML, like Gecko) Chrome/123.0.0.0 Safari/537.36"
122.161.65.100 - - [16/Apr/2024:10:56:36 +0000] "POST /roundcube/?_task=mail&_action=refresh HTTP/1.1" 200 181 "https://server.mswebtech.com/roundcube/?_task=mail&_mbox=INBOX" "Mozilla/5.0 (Windows NT 10.0; Win64; x64) AppleWebKit/537.36 (KHTML, like Gecko) Chrome/123.0.0.0 Safari/537.36"
78.153.140.218 - - [16/Apr/2024:10:56:56 +0000] "GET /.env HTTP/1.1" 301 246 "-" "Mozilla/5.0 (X11; Linux x86_64) AppleWebKit/537.36 (KHTML, like Gecko) Chrome/81.0.4044.129 Safari/537.36"
122.161.65.100 - - [16/Apr/2024:10:57:36 +0000] "POST /roundcube/?_task=mail&_action=refresh HTTP/1.1" 200 180 "https://server.mswebtech.com/roundcube/?_task=mail&_mbox=INBOX" "Mozilla/5.0 (Windows NT 10.0; Win64; x64) AppleWebKit/537.36 (KHTML, like Gecko) Chrome/123.0.0.0 Safari/537.36"
122.161.65.100 - - [16/Apr/2024:10:58:36 +0000] "POST /roundcube/?_task=mail&_action=refresh HTTP/1.1" 200 180 "https://server.mswebtech.com/roundcube/?_task=mail&_mbox=INBOX" "Mozilla/5.0 (Windows NT 10.0; Win64; x64) AppleWebKit/537.36 (KHTML, like Gecko) Chrome/123.0.0.0 Safari/537.36"
122.161.65.100 - - [16/Apr/2024:10:59:36 +0000] "POST /roundcube/?_task=mail&_action=refresh HTTP/1.1" 200 180 "https://server.mswebtech.com/roundcube/?_task=mail&_mbox=INBOX" "Mozilla/5.0 (Windows NT 10.0; Win64; x64) AppleWebKit/537.36 (KHTML, like Gecko) Chrome/123.0.0.0 Safari/537.36"
122.161.65.100 - - [16/Apr/2024:11:00:36 +0000] "POST /roundcube/?_task=mail&_action=refresh HTTP/1.1" 200 181 "https://server.mswebtech.com/roundcube/?_task=mail&_mbox=INBOX" "Mozilla/5.0 (Windows NT 10.0; Win64; x64) AppleWebKit/537.36 (KHTML, like Gecko) Chrome/123.0.0.0 Safari/537.36"
122.161.65.100 - - [16/Apr/2024:11:01:36 +0000] "POST /roundcube/?_task=mail&_action=refresh HTTP/1.1" 200 181 "https://server.mswebtech.com/roundcube/?_task=mail&_mbox=INBOX" "Mozilla/5.0 (Windows NT 10.0; Win64; x64) AppleWebKit/537.36 (KHTML, like Gecko) Chrome/123.0.0.0 Safari/537.36"
122.161.65.100 - - [16/Apr/2024:11:02:36 +0000] "POST /roundcube/?_task=mail&_action=refresh HTTP/1.1" 200 180 "https://server.mswebtech.com/roundcube/?_task=mail&_mbox=INBOX" "Mozilla/5.0 (Windows NT 10.0; Win64; x64) AppleWebKit/537.36 (KHTML, like Gecko) Chrome/123.0.0.0 Safari/537.36"
122.161.65.100 - - [16/Apr/2024:11:03:36 +0000] "POST /roundcube/?_task=mail&_action=refresh HTTP/1.1" 200 180 "https://server.mswebtech.com/roundcube/?_task=mail&_mbox=INBOX" "Mozilla/5.0 (Windows NT 10.0; Win64; x64) AppleWebKit/537.36 (KHTML, like Gecko) Chrome/123.0.0.0 Safari/537.36"
122.161.65.100 - - [16/Apr/2024:11:04:36 +0000] "POST /roundcube/?_task=mail&_action=refresh HTTP/1.1" 200 180 "https://server.mswebtech.com/roundcube/?_task=mail&_mbox=INBOX" "Mozilla/5.0 (Windows NT 10.0; Win64; x64) AppleWebKit/537.36 (KHTML, like Gecko) Chrome/123.0.0.0 Safari/537.36"
122.161.65.100 - - [16/Apr/2024:11:05:36 +0000] "POST /roundcube/?_task=mail&_action=refresh HTTP/1.1" 200 181 "https://server.mswebtech.com/roundcube/?_task=mail&_mbox=INBOX" "Mozilla/5.0 (Windows NT 10.0; Win64; x64) AppleWebKit/537.36 (KHTML, like Gecko) Chrome/123.0.0.0 Safari/537.36"
167.94.138.2 - - [16/Apr/2024:11:05:40 +0000] "GET / HTTP/1.1" 400 255 "-" "Mozilla/5.0 (compatible; CensysInspect/1.1; +https://about.censys.io/)"
167.94.138.2 - - [16/Apr/2024:11:05:40 +0000] "PRI * HTTP/2.0" 400 157 "-" "-"
122.161.65.100 - - [16/Apr/2024:11:06:36 +0000] "POST /roundcube/?_task=mail&_action=refresh HTTP/1.1" 200 180 "https://server.mswebtech.com/roundcube/?_task=mail&_mbox=INBOX" "Mozilla/5.0 (Windows NT 10.0; Win64; x64) AppleWebKit/537.36 (KHTML, like Gecko) Chrome/123.0.0.0 Safari/537.36"
122.161.65.100 - - [16/Apr/2024:11:07:36 +0000] "POST /roundcube/?_task=mail&_action=refresh HTTP/1.1" 200 180 "https://server.mswebtech.com/roundcube/?_task=mail&_mbox=INBOX" "Mozilla/5.0 (Windows NT 10.0; Win64; x64) AppleWebKit/537.36 (KHTML, like Gecko) Chrome/123.0.0.0 Safari/537.36"
122.161.65.100 - - [16/Apr/2024:11:08:36 +0000] "POST /roundcube/?_task=mail&_action=refresh HTTP/1.1" 200 180 "https://server.mswebtech.com/roundcube/?_task=mail&_mbox=INBOX" "Mozilla/5.0 (Windows NT 10.0; Win64; x64) AppleWebKit/537.36 (KHTML, like Gecko) Chrome/123.0.0.0 Safari/537.36"
122.161.65.100 - - [16/Apr/2024:11:09:36 +0000] "POST /roundcube/?_task=mail&_action=refresh HTTP/1.1" 200 180 "https://server.mswebtech.com/roundcube/?_task=mail&_mbox=INBOX" "Mozilla/5.0 (Windows NT 10.0; Win64; x64) AppleWebKit/537.36 (KHTML, like Gecko) Chrome/123.0.0.0 Safari/537.36"
122.161.65.100 - - [16/Apr/2024:11:10:36 +0000] "POST /roundcube/?_task=mail&_action=refresh HTTP/1.1" 200 181 "https://server.mswebtech.com/roundcube/?_task=mail&_mbox=INBOX" "Mozilla/5.0 (Windows NT 10.0; Win64; x64) AppleWebKit/537.36 (KHTML, like Gecko) Chrome/123.0.0.0 Safari/537.36"
122.161.65.100 - - [16/Apr/2024:11:11:36 +0000] "POST /roundcube/?_task=mail&_action=refresh HTTP/1.1" 200 181 "https://server.mswebtech.com/roundcube/?_task=mail&_mbox=INBOX" "Mozilla/5.0 (Windows NT 10.0; Win64; x64) AppleWebKit/537.36 (KHTML, like Gecko) Chrome/123.0.0.0 Safari/537.36"
122.161.65.100 - - [16/Apr/2024:11:12:36 +0000] "POST /roundcube/?_task=mail&_action=refresh HTTP/1.1" 200 180 "https://server.mswebtech.com/roundcube/?_task=mail&_mbox=INBOX" "Mozilla/5.0 (Windows NT 10.0; Win64; x64) AppleWebKit/537.36 (KHTML, like Gecko) Chrome/123.0.0.0 Safari/537.36"
52.167.144.59 - - [16/Apr/2024:11:12:54 +0000] "GET /robots.txt HTTP/1.1" 200 109 "-" "Mozilla/5.0 AppleWebKit/537.36 (KHTML, like Gecko; compatible; bingbot/2.0; +http://www.bing.com/bingbot.htm) Chrome/116.0.1938.76 Safari/537.36"
52.167.144.59 - - [16/Apr/2024:11:12:54 +0000] "GET /robots.txt HTTP/1.1" 200 109 "-" "Mozilla/5.0 AppleWebKit/537.36 (KHTML, like Gecko; compatible; bingbot/2.0; +http://www.bing.com/bingbot.htm) Chrome/116.0.1938.76 Safari/537.36"
52.167.144.219 - - [16/Apr/2024:11:13:01 +0000] "GET /sitemap.xml HTTP/1.1" 404 4571 "-" "Mozilla/5.0 AppleWebKit/537.36 (KHTML, like Gecko; compatible; bingbot/2.0; +http://www.bing.com/bingbot.htm) Chrome/116.0.1938.76 Safari/537.36"
122.161.65.100 - - [16/Apr/2024:11:13:36 +0000] "POST /roundcube/?_task=mail&_action=refresh HTTP/1.1" 200 181 "https://server.mswebtech.com/roundcube/?_task=mail&_mbox=INBOX" "Mozilla/5.0 (Windows NT 10.0; Win64; x64) AppleWebKit/537.36 (KHTML, like Gecko) Chrome/123.0.0.0 Safari/537.36"
122.161.65.100 - - [16/Apr/2024:11:14:36 +0000] "POST /roundcube/?_task=mail&_action=refresh HTTP/1.1" 200 180 "https://server.mswebtech.com/roundcube/?_task=mail&_mbox=INBOX" "Mozilla/5.0 (Windows NT 10.0; Win64; x64) AppleWebKit/537.36 (KHTML, like Gecko) Chrome/123.0.0.0 Safari/537.36"
122.161.65.100 - - [16/Apr/2024:11:15:36 +0000] "POST /roundcube/?_task=mail&_action=refresh HTTP/1.1" 200 180 "https://server.mswebtech.com/roundcube/?_task=mail&_mbox=INBOX" "Mozilla/5.0 (Windows NT 10.0; Win64; x64) AppleWebKit/537.36 (KHTML, like Gecko) Chrome/123.0.0.0 Safari/537.36"
122.161.65.100 - - [16/Apr/2024:11:16:36 +0000] "POST /roundcube/?_task=mail&_action=refresh HTTP/1.1" 200 180 "https://server.mswebtech.com/roundcube/?_task=mail&_mbox=INBOX" "Mozilla/5.0 (Windows NT 10.0; Win64; x64) AppleWebKit/537.36 (KHTML, like Gecko) Chrome/123.0.0.0 Safari/537.36"
122.161.65.100 - - [16/Apr/2024:11:17:36 +0000] "POST /roundcube/?_task=mail&_action=refresh HTTP/1.1" 200 181 "https://server.mswebtech.com/roundcube/?_task=mail&_mbox=INBOX" "Mozilla/5.0 (Windows NT 10.0; Win64; x64) AppleWebKit/537.36 (KHTML, like Gecko) Chrome/123.0.0.0 Safari/537.36"
122.161.65.100 - - [16/Apr/2024:11:18:36 +0000] "POST /roundcube/?_task=mail&_action=refresh HTTP/1.1" 200 180 "https://server.mswebtech.com/roundcube/?_task=mail&_mbox=INBOX" "Mozilla/5.0 (Windows NT 10.0; Win64; x64) AppleWebKit/537.36 (KHTML, like Gecko) Chrome/123.0.0.0 Safari/537.36"
66.249.68.5 - - [16/Apr/2024:11:19:29 +0000] "GET /contact-us.php HTTP/1.1" 200 5414 "-" "Mozilla/5.0 (Linux; Android 6.0.1; Nexus 5X Build/MMB29P) AppleWebKit/537.36 (KHTML, like Gecko) Chrome/122.0.6261.94 Mobile Safari/537.36 (compatible; Googlebot/2.1; +http://www.google.com/bot.html)"
66.249.68.5 - - [16/Apr/2024:11:19:30 +0000] "GET /assets/img/icon/quote.svg HTTP/1.1" 200 548 "https://htc.triohotels.in/contact-us.php" "Mozilla/5.0 (Linux; Android 6.0.1; Nexus 5X Build/MMB29P) AppleWebKit/537.36 (KHTML, like Gecko) Chrome/122.0.6261.94 Mobile Safari/537.36 (compatible; Googlebot/2.1; +http://www.google.com/bot.html)"
122.161.65.100 - - [16/Apr/2024:11:19:36 +0000] "POST /roundcube/?_task=mail&_action=refresh HTTP/1.1" 200 180 "https://server.mswebtech.com/roundcube/?_task=mail&_mbox=INBOX" "Mozilla/5.0 (Windows NT 10.0; Win64; x64) AppleWebKit/537.36 (KHTML, like Gecko) Chrome/123.0.0.0 Safari/537.36"
199.45.154.71 - - [16/Apr/2024:11:20:29 +0000] "GET / HTTP/1.1" 200 5069 "-" "-"
122.161.65.100 - - [16/Apr/2024:11:20:36 +0000] "POST /roundcube/?_task=mail&_action=refresh HTTP/1.1" 200 180 "https://server.mswebtech.com/roundcube/?_task=mail&_mbox=INBOX" "Mozilla/5.0 (Windows NT 10.0; Win64; x64) AppleWebKit/537.36 (KHTML, like Gecko) Chrome/123.0.0.0 Safari/537.36"
199.45.154.71 - - [16/Apr/2024:11:20:42 +0000] "PRI * HTTP/2.0" 400 157 "-" "-"
122.161.65.100 - - [16/Apr/2024:11:21:36 +0000] "POST /roundcube/?_task=mail&_action=refresh HTTP/1.1" 200 181 "https://server.mswebtech.com/roundcube/?_task=mail&_mbox=INBOX" "Mozilla/5.0 (Windows NT 10.0; Win64; x64) AppleWebKit/537.36 (KHTML, like Gecko) Chrome/123.0.0.0 Safari/537.36"
122.161.65.100 - - [16/Apr/2024:11:22:36 +0000] "POST /roundcube/?_task=mail&_action=refresh HTTP/1.1" 200 180 "https://server.mswebtech.com/roundcube/?_task=mail&_mbox=INBOX" "Mozilla/5.0 (Windows NT 10.0; Win64; x64) AppleWebKit/537.36 (KHTML, like Gecko) Chrome/123.0.0.0 Safari/537.36"
122.161.65.100 - - [16/Apr/2024:11:23:36 +0000] "POST /roundcube/?_task=mail&_action=refresh HTTP/1.1" 200 180 "https://server.mswebtech.com/roundcube/?_task=mail&_mbox=INBOX" "Mozilla/5.0 (Windows NT 10.0; Win64; x64) AppleWebKit/537.36 (KHTML, like Gecko) Chrome/123.0.0.0 Safari/537.36"
122.161.65.100 - - [16/Apr/2024:11:24:36 +0000] "POST /roundcube/?_task=mail&_action=refresh HTTP/1.1" 200 181 "https://server.mswebtech.com/roundcube/?_task=mail&_mbox=INBOX" "Mozilla/5.0 (Windows NT 10.0; Win64; x64) AppleWebKit/537.36 (KHTML, like Gecko) Chrome/123.0.0.0 Safari/537.36"
122.161.65.100 - - [16/Apr/2024:11:25:36 +0000] "POST /roundcube/?_task=mail&_action=refresh HTTP/1.1" 200 180 "https://server.mswebtech.com/roundcube/?_task=mail&_mbox=INBOX" "Mozilla/5.0 (Windows NT 10.0; Win64; x64) AppleWebKit/537.36 (KHTML, like Gecko) Chrome/123.0.0.0 Safari/537.36"
198.235.24.90 - - [16/Apr/2024:11:26:29 +0000] "GET / HTTP/1.1" 200 5069 "-" "Expanse, a Palo Alto Networks company, searches across the global IPv4 space multiple times per day to identify customers&#39; presences on the Internet. If you would like to be excluded from our scans, please send IP addresses/domains to: scaninfo@paloaltonetworks.com"
122.161.65.100 - - [16/Apr/2024:11:26:36 +0000] "POST /roundcube/?_task=mail&_action=refresh HTTP/1.1" 200 181 "https://server.mswebtech.com/roundcube/?_task=mail&_mbox=INBOX" "Mozilla/5.0 (Windows NT 10.0; Win64; x64) AppleWebKit/537.36 (KHTML, like Gecko) Chrome/123.0.0.0 Safari/537.36"
122.161.65.100 - - [16/Apr/2024:11:27:36 +0000] "POST /roundcube/?_task=mail&_action=refresh HTTP/1.1" 200 181 "https://server.mswebtech.com/roundcube/?_task=mail&_mbox=INBOX" "Mozilla/5.0 (Windows NT 10.0; Win64; x64) AppleWebKit/537.36 (KHTML, like Gecko) Chrome/123.0.0.0 Safari/537.36"
122.161.65.100 - - [16/Apr/2024:11:28:36 +0000] "POST /roundcube/?_task=mail&_action=refresh HTTP/1.1" 200 181 "https://server.mswebtech.com/roundcube/?_task=mail&_mbox=INBOX" "Mozilla/5.0 (Windows NT 10.0; Win64; x64) AppleWebKit/537.36 (KHTML, like Gecko) Chrome/123.0.0.0 Safari/537.36"
122.161.65.100 - - [16/Apr/2024:11:29:37 +0000] "POST /roundcube/?_task=mail&_action=refresh HTTP/1.1" 200 180 "https://server.mswebtech.com/roundcube/?_task=mail&_mbox=INBOX" "Mozilla/5.0 (Windows NT 10.0; Win64; x64) AppleWebKit/537.36 (KHTML, like Gecko) Chrome/123.0.0.0 Safari/537.36"
122.161.65.100 - - [16/Apr/2024:11:30:36 +0000] "POST /roundcube/?_task=mail&_action=refresh HTTP/1.1" 200 180 "https://server.mswebtech.com/roundcube/?_task=mail&_mbox=INBOX" "Mozilla/5.0 (Windows NT 10.0; Win64; x64) AppleWebKit/537.36 (KHTML, like Gecko) Chrome/123.0.0.0 Safari/537.36"
122.161.65.100 - - [16/Apr/2024:11:31:36 +0000] "POST /roundcube/?_task=mail&_action=refresh HTTP/1.1" 200 180 "https://server.mswebtech.com/roundcube/?_task=mail&_mbox=INBOX" "Mozilla/5.0 (Windows NT 10.0; Win64; x64) AppleWebKit/537.36 (KHTML, like Gecko) Chrome/123.0.0.0 Safari/537.36"
122.161.65.100 - - [16/Apr/2024:11:32:36 +0000] "POST /roundcube/?_task=mail&_action=refresh HTTP/1.1" 200 180 "https://server.mswebtech.com/roundcube/?_task=mail&_mbox=INBOX" "Mozilla/5.0 (Windows NT 10.0; Win64; x64) AppleWebKit/537.36 (KHTML, like Gecko) Chrome/123.0.0.0 Safari/537.36"
122.161.65.100 - - [16/Apr/2024:11:33:36 +0000] "POST /roundcube/?_task=mail&_action=refresh HTTP/1.1" 200 180 "https://server.mswebtech.com/roundcube/?_task=mail&_mbox=INBOX" "Mozilla/5.0 (Windows NT 10.0; Win64; x64) AppleWebKit/537.36 (KHTML, like Gecko) Chrome/123.0.0.0 Safari/537.36"
122.161.65.100 - - [16/Apr/2024:11:34:36 +0000] "POST /roundcube/?_task=mail&_action=refresh HTTP/1.1" 200 181 "https://server.mswebtech.com/roundcube/?_task=mail&_mbox=INBOX" "Mozilla/5.0 (Windows NT 10.0; Win64; x64) AppleWebKit/537.36 (KHTML, like Gecko) Chrome/123.0.0.0 Safari/537.36"
122.161.65.100 - - [16/Apr/2024:11:35:36 +0000] "POST /roundcube/?_task=mail&_action=refresh HTTP/1.1" 200 180 "https://server.mswebtech.com/roundcube/?_task=mail&_mbox=INBOX" "Mozilla/5.0 (Windows NT 10.0; Win64; x64) AppleWebKit/537.36 (KHTML, like Gecko) Chrome/123.0.0.0 Safari/537.36"
167.94.138.2 - - [16/Apr/2024:11:35:38 +0000] "GET / HTTP/1.1" 400 255 "-" "Mozilla/5.0 (compatible; CensysInspect/1.1; +https://about.censys.io/)"
167.94.138.2 - - [16/Apr/2024:11:35:39 +0000] "PRI * HTTP/2.0" 400 157 "-" "-"
122.161.65.100 - - [16/Apr/2024:11:36:36 +0000] "POST /roundcube/?_task=mail&_action=refresh HTTP/1.1" 200 180 "https://server.mswebtech.com/roundcube/?_task=mail&_mbox=INBOX" "Mozilla/5.0 (Windows NT 10.0; Win64; x64) AppleWebKit/537.36 (KHTML, like Gecko) Chrome/123.0.0.0 Safari/537.36"
122.161.65.100 - - [16/Apr/2024:11:37:36 +0000] "POST /roundcube/?_task=mail&_action=refresh HTTP/1.1" 200 180 "https://server.mswebtech.com/roundcube/?_task=mail&_mbox=INBOX" "Mozilla/5.0 (Windows NT 10.0; Win64; x64) AppleWebKit/537.36 (KHTML, like Gecko) Chrome/123.0.0.0 Safari/537.36"
122.161.65.100 - - [16/Apr/2024:11:38:36 +0000] "POST /roundcube/?_task=mail&_action=refresh HTTP/1.1" 200 180 "https://server.mswebtech.com/roundcube/?_task=mail&_mbox=INBOX" "Mozilla/5.0 (Windows NT 10.0; Win64; x64) AppleWebKit/537.36 (KHTML, like Gecko) Chrome/123.0.0.0 Safari/537.36"
122.161.65.100 - - [16/Apr/2024:11:39:36 +0000] "POST /roundcube/?_task=mail&_action=refresh HTTP/1.1" 200 180 "https://server.mswebtech.com/roundcube/?_task=mail&_mbox=INBOX" "Mozilla/5.0 (Windows NT 10.0; Win64; x64) AppleWebKit/537.36 (KHTML, like Gecko) Chrome/123.0.0.0 Safari/537.36"
122.161.65.100 - - [16/Apr/2024:11:40:36 +0000] "POST /roundcube/?_task=mail&_action=refresh HTTP/1.1" 200 180 "https://server.mswebtech.com/roundcube/?_task=mail&_mbox=INBOX" "Mozilla/5.0 (Windows NT 10.0; Win64; x64) AppleWebKit/537.36 (KHTML, like Gecko) Chrome/123.0.0.0 Safari/537.36"
122.161.65.100 - - [16/Apr/2024:11:41:36 +0000] "POST /roundcube/?_task=mail&_action=refresh HTTP/1.1" 200 181 "https://server.mswebtech.com/roundcube/?_task=mail&_mbox=INBOX" "Mozilla/5.0 (Windows NT 10.0; Win64; x64) AppleWebKit/537.36 (KHTML, like Gecko) Chrome/123.0.0.0 Safari/537.36"
122.161.65.100 - - [16/Apr/2024:11:42:36 +0000] "POST /roundcube/?_task=mail&_action=refresh HTTP/1.1" 200 180 "https://server.mswebtech.com/roundcube/?_task=mail&_mbox=INBOX" "Mozilla/5.0 (Windows NT 10.0; Win64; x64) AppleWebKit/537.36 (KHTML, like Gecko) Chrome/123.0.0.0 Safari/537.36"
122.161.65.100 - - [16/Apr/2024:11:43:36 +0000] "POST /roundcube/?_task=mail&_action=refresh HTTP/1.1" 200 180 "https://server.mswebtech.com/roundcube/?_task=mail&_mbox=INBOX" "Mozilla/5.0 (Windows NT 10.0; Win64; x64) AppleWebKit/537.36 (KHTML, like Gecko) Chrome/123.0.0.0 Safari/537.36"
122.161.65.100 - - [16/Apr/2024:11:44:36 +0000] "POST /roundcube/?_task=mail&_action=refresh HTTP/1.1" 200 180 "https://server.mswebtech.com/roundcube/?_task=mail&_mbox=INBOX" "Mozilla/5.0 (Windows NT 10.0; Win64; x64) AppleWebKit/537.36 (KHTML, like Gecko) Chrome/123.0.0.0 Safari/537.36"
199.45.154.23 - - [16/Apr/2024:11:45:33 +0000] "\x00\x0E\x08X\xECf\x8E'=C\xF6\x00\x00\x00\x00\x00" 400 157 "-" "-"
199.45.154.23 - - [16/Apr/2024:11:45:35 +0000] "\x00\x0E8X\xECf\x8E'=C\xF6\x00\x00\x00\x00\x00" 400 157 "-" "-"
122.161.65.100 - - [16/Apr/2024:11:45:36 +0000] "POST /roundcube/?_task=mail&_action=refresh HTTP/1.1" 200 181 "https://server.mswebtech.com/roundcube/?_task=mail&_mbox=INBOX" "Mozilla/5.0 (Windows NT 10.0; Win64; x64) AppleWebKit/537.36 (KHTML, like Gecko) Chrome/123.0.0.0 Safari/537.36"
122.161.65.100 - - [16/Apr/2024:11:46:36 +0000] "POST /roundcube/?_task=mail&_action=refresh HTTP/1.1" 200 180 "https://server.mswebtech.com/roundcube/?_task=mail&_mbox=INBOX" "Mozilla/5.0 (Windows NT 10.0; Win64; x64) AppleWebKit/537.36 (KHTML, like Gecko) Chrome/123.0.0.0 Safari/537.36"
122.161.65.100 - - [16/Apr/2024:11:47:36 +0000] "POST /roundcube/?_task=mail&_action=refresh HTTP/1.1" 200 181 "https://server.mswebtech.com/roundcube/?_task=mail&_mbox=INBOX" "Mozilla/5.0 (Windows NT 10.0; Win64; x64) AppleWebKit/537.36 (KHTML, like Gecko) Chrome/123.0.0.0 Safari/537.36"
122.161.65.100 - - [16/Apr/2024:11:48:36 +0000] "POST /roundcube/?_task=mail&_action=refresh HTTP/1.1" 200 181 "https://server.mswebtech.com/roundcube/?_task=mail&_mbox=INBOX" "Mozilla/5.0 (Windows NT 10.0; Win64; x64) AppleWebKit/537.36 (KHTML, like Gecko) Chrome/123.0.0.0 Safari/537.36"
122.161.65.100 - - [16/Apr/2024:11:49:36 +0000] "POST /roundcube/?_task=mail&_action=refresh HTTP/1.1" 200 181 "https://server.mswebtech.com/roundcube/?_task=mail&_mbox=INBOX" "Mozilla/5.0 (Windows NT 10.0; Win64; x64) AppleWebKit/537.36 (KHTML, like Gecko) Chrome/123.0.0.0 Safari/537.36"
122.161.65.100 - - [16/Apr/2024:11:50:36 +0000] "POST /roundcube/?_task=mail&_action=refresh HTTP/1.1" 200 180 "https://server.mswebtech.com/roundcube/?_task=mail&_mbox=INBOX" "Mozilla/5.0 (Windows NT 10.0; Win64; x64) AppleWebKit/537.36 (KHTML, like Gecko) Chrome/123.0.0.0 Safari/537.36"
192.155.88.231 - - [16/Apr/2024:11:50:55 +0000] "GET / HTTP/1.1" 400 255 "-" "Mozilla/5.0 zgrab/0.x"
122.161.65.100 - - [16/Apr/2024:11:51:36 +0000] "POST /roundcube/?_task=mail&_action=refresh HTTP/1.1" 200 181 "https://server.mswebtech.com/roundcube/?_task=mail&_mbox=INBOX" "Mozilla/5.0 (Windows NT 10.0; Win64; x64) AppleWebKit/537.36 (KHTML, like Gecko) Chrome/123.0.0.0 Safari/537.36"
122.161.65.100 - - [16/Apr/2024:11:52:36 +0000] "POST /roundcube/?_task=mail&_action=refresh HTTP/1.1" 200 181 "https://server.mswebtech.com/roundcube/?_task=mail&_mbox=INBOX" "Mozilla/5.0 (Windows NT 10.0; Win64; x64) AppleWebKit/537.36 (KHTML, like Gecko) Chrome/123.0.0.0 Safari/537.36"
122.161.65.100 - - [16/Apr/2024:11:53:36 +0000] "POST /roundcube/?_task=mail&_action=refresh HTTP/1.1" 200 180 "https://server.mswebtech.com/roundcube/?_task=mail&_mbox=INBOX" "Mozilla/5.0 (Windows NT 10.0; Win64; x64) AppleWebKit/537.36 (KHTML, like Gecko) Chrome/123.0.0.0 Safari/537.36"
122.161.65.100 - - [16/Apr/2024:11:54:36 +0000] "POST /roundcube/?_task=mail&_action=refresh HTTP/1.1" 200 180 "https://server.mswebtech.com/roundcube/?_task=mail&_mbox=INBOX" "Mozilla/5.0 (Windows NT 10.0; Win64; x64) AppleWebKit/537.36 (KHTML, like Gecko) Chrome/123.0.0.0 Safari/537.36"
122.161.65.100 - - [16/Apr/2024:11:55:41 +0000] "POST /roundcube/?_task=mail&_action=refresh HTTP/1.1" 200 181 "https://server.mswebtech.com/roundcube/?_task=mail&_mbox=INBOX" "Mozilla/5.0 (Windows NT 10.0; Win64; x64) AppleWebKit/537.36 (KHTML, like Gecko) Chrome/123.0.0.0 Safari/537.36"
122.161.65.100 - - [16/Apr/2024:11:56:36 +0000] "POST /roundcube/?_task=mail&_action=refresh HTTP/1.1" 200 181 "https://server.mswebtech.com/roundcube/?_task=mail&_mbox=INBOX" "Mozilla/5.0 (Windows NT 10.0; Win64; x64) AppleWebKit/537.36 (KHTML, like Gecko) Chrome/123.0.0.0 Safari/537.36"
122.161.65.100 - - [16/Apr/2024:11:57:36 +0000] "POST /roundcube/?_task=mail&_action=refresh HTTP/1.1" 200 181 "https://server.mswebtech.com/roundcube/?_task=mail&_mbox=INBOX" "Mozilla/5.0 (Windows NT 10.0; Win64; x64) AppleWebKit/537.36 (KHTML, like Gecko) Chrome/123.0.0.0 Safari/537.36"
122.161.65.100 - - [16/Apr/2024:11:58:36 +0000] "POST /roundcube/?_task=mail&_action=refresh HTTP/1.1" 200 180 "https://server.mswebtech.com/roundcube/?_task=mail&_mbox=INBOX" "Mozilla/5.0 (Windows NT 10.0; Win64; x64) AppleWebKit/537.36 (KHTML, like Gecko) Chrome/123.0.0.0 Safari/537.36"
122.161.65.100 - - [16/Apr/2024:11:59:36 +0000] "POST /roundcube/?_task=mail&_action=refresh HTTP/1.1" 200 180 "https://server.mswebtech.com/roundcube/?_task=mail&_mbox=INBOX" "Mozilla/5.0 (Windows NT 10.0; Win64; x64) AppleWebKit/537.36 (KHTML, like Gecko) Chrome/123.0.0.0 Safari/537.36"
122.161.65.100 - - [16/Apr/2024:12:00:36 +0000] "POST /roundcube/?_task=mail&_action=refresh HTTP/1.1" 200 181 "https://server.mswebtech.com/roundcube/?_task=mail&_mbox=INBOX" "Mozilla/5.0 (Windows NT 10.0; Win64; x64) AppleWebKit/537.36 (KHTML, like Gecko) Chrome/123.0.0.0 Safari/537.36"
122.161.65.100 - - [16/Apr/2024:12:01:36 +0000] "POST /roundcube/?_task=mail&_action=refresh HTTP/1.1" 200 181 "https://server.mswebtech.com/roundcube/?_task=mail&_mbox=INBOX" "Mozilla/5.0 (Windows NT 10.0; Win64; x64) AppleWebKit/537.36 (KHTML, like Gecko) Chrome/123.0.0.0 Safari/537.36"
122.161.65.100 - - [16/Apr/2024:12:02:36 +0000] "POST /roundcube/?_task=mail&_action=refresh HTTP/1.1" 200 181 "https://server.mswebtech.com/roundcube/?_task=mail&_mbox=INBOX" "Mozilla/5.0 (Windows NT 10.0; Win64; x64) AppleWebKit/537.36 (KHTML, like Gecko) Chrome/123.0.0.0 Safari/537.36"
122.161.65.100 - - [16/Apr/2024:12:03:36 +0000] "POST /roundcube/?_task=mail&_action=refresh HTTP/1.1" 200 181 "https://server.mswebtech.com/roundcube/?_task=mail&_mbox=INBOX" "Mozilla/5.0 (Windows NT 10.0; Win64; x64) AppleWebKit/537.36 (KHTML, like Gecko) Chrome/123.0.0.0 Safari/537.36"
122.161.65.100 - - [16/Apr/2024:12:04:36 +0000] "POST /roundcube/?_task=mail&_action=refresh HTTP/1.1" 200 181 "https://server.mswebtech.com/roundcube/?_task=mail&_mbox=INBOX" "Mozilla/5.0 (Windows NT 10.0; Win64; x64) AppleWebKit/537.36 (KHTML, like Gecko) Chrome/123.0.0.0 Safari/537.36"
167.94.138.2 - - [16/Apr/2024:12:05:36 +0000] "GET / HTTP/1.1" 400 255 "-" "Mozilla/5.0 (compatible; CensysInspect/1.1; +https://about.censys.io/)"
122.161.65.100 - - [16/Apr/2024:12:05:36 +0000] "POST /roundcube/?_task=mail&_action=refresh HTTP/1.1" 200 180 "https://server.mswebtech.com/roundcube/?_task=mail&_mbox=INBOX" "Mozilla/5.0 (Windows NT 10.0; Win64; x64) AppleWebKit/537.36 (KHTML, like Gecko) Chrome/123.0.0.0 Safari/537.36"
167.94.138.2 - - [16/Apr/2024:12:05:36 +0000] "PRI * HTTP/2.0" 400 157 "-" "-"
69.164.217.245 - - [16/Apr/2024:12:05:49 +0000] "GET / HTTP/1.1" 400 255 "-" "Mozilla/5.0 zgrab/0.x"
122.161.65.100 - - [16/Apr/2024:12:06:36 +0000] "POST /roundcube/?_task=mail&_action=refresh HTTP/1.1" 200 180 "https://server.mswebtech.com/roundcube/?_task=mail&_mbox=INBOX" "Mozilla/5.0 (Windows NT 10.0; Win64; x64) AppleWebKit/537.36 (KHTML, like Gecko) Chrome/123.0.0.0 Safari/537.36"
122.161.65.100 - - [16/Apr/2024:12:07:36 +0000] "POST /roundcube/?_task=mail&_action=refresh HTTP/1.1" 200 181 "https://server.mswebtech.com/roundcube/?_task=mail&_mbox=INBOX" "Mozilla/5.0 (Windows NT 10.0; Win64; x64) AppleWebKit/537.36 (KHTML, like Gecko) Chrome/123.0.0.0 Safari/537.36"
172.104.11.4 - - [16/Apr/2024:12:08:00 +0000] "GET / HTTP/1.1" 200 1971 "-" "Mozilla/5.0 (Macintosh; Intel Mac OS X 13_1) AppleWebKit/537.36 (KHTML, like Gecko) Chrome/108.0.0.0 Safari/537.36"
122.161.65.100 - - [16/Apr/2024:12:08:36 +0000] "POST /roundcube/?_task=mail&_action=refresh HTTP/1.1" 200 180 "https://server.mswebtech.com/roundcube/?_task=mail&_mbox=INBOX" "Mozilla/5.0 (Windows NT 10.0; Win64; x64) AppleWebKit/537.36 (KHTML, like Gecko) Chrome/123.0.0.0 Safari/537.36"
172.104.11.4 - - [16/Apr/2024:12:09:10 +0000] "GET / HTTP/1.1" 200 1971 "-" "Mozilla/5.0 (Macintosh; Intel Mac OS X 13_1) AppleWebKit/537.36 (KHTML, like Gecko) Chrome/108.0.0.0 Safari/537.36"
122.161.65.100 - - [16/Apr/2024:12:09:36 +0000] "POST /roundcube/?_task=mail&_action=refresh HTTP/1.1" 200 180 "https://server.mswebtech.com/roundcube/?_task=mail&_mbox=INBOX" "Mozilla/5.0 (Windows NT 10.0; Win64; x64) AppleWebKit/537.36 (KHTML, like Gecko) Chrome/123.0.0.0 Safari/537.36"
122.161.65.100 - - [16/Apr/2024:12:10:36 +0000] "POST /roundcube/?_task=mail&_action=refresh HTTP/1.1" 200 181 "https://server.mswebtech.com/roundcube/?_task=mail&_mbox=INBOX" "Mozilla/5.0 (Windows NT 10.0; Win64; x64) AppleWebKit/537.36 (KHTML, like Gecko) Chrome/123.0.0.0 Safari/537.36"
122.161.65.100 - - [16/Apr/2024:12:11:36 +0000] "POST /roundcube/?_task=mail&_action=refresh HTTP/1.1" 200 181 "https://server.mswebtech.com/roundcube/?_task=mail&_mbox=INBOX" "Mozilla/5.0 (Windows NT 10.0; Win64; x64) AppleWebKit/537.36 (KHTML, like Gecko) Chrome/123.0.0.0 Safari/537.36"
192.155.88.231 - - [16/Apr/2024:12:12:12 +0000] "GET / HTTP/1.1" 400 255 "-" "Mozilla/5.0 zgrab/0.x"
122.161.65.100 - - [16/Apr/2024:12:12:36 +0000] "POST /roundcube/?_task=mail&_action=refresh HTTP/1.1" 200 181 "https://server.mswebtech.com/roundcube/?_task=mail&_mbox=INBOX" "Mozilla/5.0 (Windows NT 10.0; Win64; x64) AppleWebKit/537.36 (KHTML, like Gecko) Chrome/123.0.0.0 Safari/537.36"
192.155.90.220 - - [16/Apr/2024:12:13:06 +0000] "GET / HTTP/1.1" 200 1971 "-" "Mozilla/5.0 (Macintosh; Intel Mac OS X 13_1) AppleWebKit/537.36 (KHTML, like Gecko) Chrome/108.0.0.0 Safari/537.36"
122.161.65.100 - - [16/Apr/2024:12:13:37 +0000] "POST /roundcube/?_task=mail&_action=refresh HTTP/1.1" 200 181 "https://server.mswebtech.com/roundcube/?_task=mail&_mbox=INBOX" "Mozilla/5.0 (Windows NT 10.0; Win64; x64) AppleWebKit/537.36 (KHTML, like Gecko) Chrome/123.0.0.0 Safari/537.36"
122.161.65.100 - - [16/Apr/2024:12:14:36 +0000] "POST /roundcube/?_task=mail&_action=refresh HTTP/1.1" 200 181 "https://server.mswebtech.com/roundcube/?_task=mail&_mbox=INBOX" "Mozilla/5.0 (Windows NT 10.0; Win64; x64) AppleWebKit/537.36 (KHTML, like Gecko) Chrome/123.0.0.0 Safari/537.36"
122.161.65.100 - - [16/Apr/2024:12:15:36 +0000] "POST /roundcube/?_task=mail&_action=refresh HTTP/1.1" 200 180 "https://server.mswebtech.com/roundcube/?_task=mail&_mbox=INBOX" "Mozilla/5.0 (Windows NT 10.0; Win64; x64) AppleWebKit/537.36 (KHTML, like Gecko) Chrome/123.0.0.0 Safari/537.36"
122.161.65.100 - - [16/Apr/2024:12:16:36 +0000] "POST /roundcube/?_task=mail&_action=refresh HTTP/1.1" 200 180 "https://server.mswebtech.com/roundcube/?_task=mail&_mbox=INBOX" "Mozilla/5.0 (Windows NT 10.0; Win64; x64) AppleWebKit/537.36 (KHTML, like Gecko) Chrome/123.0.0.0 Safari/537.36"
122.161.65.100 - - [16/Apr/2024:12:17:36 +0000] "POST /roundcube/?_task=mail&_action=refresh HTTP/1.1" 200 181 "https://server.mswebtech.com/roundcube/?_task=mail&_mbox=INBOX" "Mozilla/5.0 (Windows NT 10.0; Win64; x64) AppleWebKit/537.36 (KHTML, like Gecko) Chrome/123.0.0.0 Safari/537.36"
122.161.65.100 - - [16/Apr/2024:12:18:36 +0000] "POST /roundcube/?_task=mail&_action=refresh HTTP/1.1" 200 181 "https://server.mswebtech.com/roundcube/?_task=mail&_mbox=INBOX" "Mozilla/5.0 (Windows NT 10.0; Win64; x64) AppleWebKit/537.36 (KHTML, like Gecko) Chrome/123.0.0.0 Safari/537.36"
122.161.65.100 - - [16/Apr/2024:12:19:38 +0000] "POST /roundcube/?_task=mail&_action=refresh HTTP/1.1" 200 181 "https://server.mswebtech.com/roundcube/?_task=mail&_mbox=INBOX" "Mozilla/5.0 (Windows NT 10.0; Win64; x64) AppleWebKit/537.36 (KHTML, like Gecko) Chrome/123.0.0.0 Safari/537.36"
122.161.65.100 - - [16/Apr/2024:12:20:36 +0000] "POST /roundcube/?_task=mail&_action=refresh HTTP/1.1" 200 180 "https://server.mswebtech.com/roundcube/?_task=mail&_mbox=INBOX" "Mozilla/5.0 (Windows NT 10.0; Win64; x64) AppleWebKit/537.36 (KHTML, like Gecko) Chrome/123.0.0.0 Safari/537.36"
122.161.65.100 - - [16/Apr/2024:12:21:36 +0000] "POST /roundcube/?_task=mail&_action=refresh HTTP/1.1" 200 180 "https://server.mswebtech.com/roundcube/?_task=mail&_mbox=INBOX" "Mozilla/5.0 (Windows NT 10.0; Win64; x64) AppleWebKit/537.36 (KHTML, like Gecko) Chrome/123.0.0.0 Safari/537.36"
122.161.65.100 - - [16/Apr/2024:12:22:36 +0000] "POST /roundcube/?_task=mail&_action=refresh HTTP/1.1" 200 180 "https://server.mswebtech.com/roundcube/?_task=mail&_mbox=INBOX" "Mozilla/5.0 (Windows NT 10.0; Win64; x64) AppleWebKit/537.36 (KHTML, like Gecko) Chrome/123.0.0.0 Safari/537.36"
122.161.65.100 - - [16/Apr/2024:12:25:52 +0000] "POST /roundcube/?_task=mail&_action=refresh HTTP/1.1" 200 180 "https://server.mswebtech.com/roundcube/?_task=mail&_mbox=INBOX" "Mozilla/5.0 (Windows NT 10.0; Win64; x64) AppleWebKit/537.36 (KHTML, like Gecko) Chrome/123.0.0.0 Safari/537.36"
122.161.65.100 - - [16/Apr/2024:12:26:36 +0000] "POST /roundcube/?_task=mail&_action=refresh HTTP/1.1" 200 180 "https://server.mswebtech.com/roundcube/?_task=mail&_mbox=INBOX" "Mozilla/5.0 (Windows NT 10.0; Win64; x64) AppleWebKit/537.36 (KHTML, like Gecko) Chrome/123.0.0.0 Safari/537.36"
122.161.65.100 - - [16/Apr/2024:12:28:43 +0000] "POST /roundcube/?_task=mail&_action=refresh HTTP/1.1" 200 180 "https://server.mswebtech.com/roundcube/?_task=mail&_mbox=INBOX" "Mozilla/5.0 (Windows NT 10.0; Win64; x64) AppleWebKit/537.36 (KHTML, like Gecko) Chrome/123.0.0.0 Safari/537.36"
122.161.65.100 - - [16/Apr/2024:12:29:37 +0000] "POST /roundcube/?_task=mail&_action=refresh HTTP/1.1" 200 180 "https://server.mswebtech.com/roundcube/?_task=mail&_mbox=INBOX" "Mozilla/5.0 (Windows NT 10.0; Win64; x64) AppleWebKit/537.36 (KHTML, like Gecko) Chrome/123.0.0.0 Safari/537.36"
122.161.65.100 - - [16/Apr/2024:12:30:38 +0000] "POST /roundcube/?_task=mail&_action=refresh HTTP/1.1" 200 181 "https://server.mswebtech.com/roundcube/?_task=mail&_mbox=INBOX" "Mozilla/5.0 (Windows NT 10.0; Win64; x64) AppleWebKit/537.36 (KHTML, like Gecko) Chrome/123.0.0.0 Safari/537.36"
122.161.65.100 - - [16/Apr/2024:12:31:39 +0000] "POST /roundcube/?_task=mail&_action=refresh HTTP/1.1" 200 180 "https://server.mswebtech.com/roundcube/?_task=mail&_mbox=INBOX" "Mozilla/5.0 (Windows NT 10.0; Win64; x64) AppleWebKit/537.36 (KHTML, like Gecko) Chrome/123.0.0.0 Safari/537.36"
122.161.65.100 - - [16/Apr/2024:12:32:40 +0000] "POST /roundcube/?_task=mail&_action=refresh HTTP/1.1" 200 180 "https://server.mswebtech.com/roundcube/?_task=mail&_mbox=INBOX" "Mozilla/5.0 (Windows NT 10.0; Win64; x64) AppleWebKit/537.36 (KHTML, like Gecko) Chrome/123.0.0.0 Safari/537.36"
122.161.65.100 - - [16/Apr/2024:12:33:41 +0000] "POST /roundcube/?_task=mail&_action=refresh HTTP/1.1" 200 180 "https://server.mswebtech.com/roundcube/?_task=mail&_mbox=INBOX" "Mozilla/5.0 (Windows NT 10.0; Win64; x64) AppleWebKit/537.36 (KHTML, like Gecko) Chrome/123.0.0.0 Safari/537.36"
20.55.53.144 - - [16/Apr/2024:12:34:04 +0000] "GET /x7UfuyTjb8OJaBIAqtgid19PEYu HTTP/1.1" 404 196 "-" "Mozilla/5.0 (Windows NT 10.0; Win64; x64) AppleWebKit/537.36 (KHTML, like Gecko) Chrome/79.0.3945.117 Safari/537.36"
