122.161.65.100 - - [17/Apr/2024:10:22:29 +0000] "POST /roundcube/?_task=mail&_action=refresh HTTP/1.1" 200 180 "https://server.mswebtech.com/roundcube/?_task=mail&_mbox=INBOX" "Mozilla/5.0 (Windows NT 10.0; Win64; x64) AppleWebKit/537.36 (KHTML, like Gecko) Chrome/123.0.0.0 Safari/537.36"
122.161.65.100 - - [17/Apr/2024:10:23:30 +0000] "POST /roundcube/?_task=mail&_action=refresh HTTP/1.1" 200 180 "https://server.mswebtech.com/roundcube/?_task=mail&_mbox=INBOX" "Mozilla/5.0 (Windows NT 10.0; Win64; x64) AppleWebKit/537.36 (KHTML, like Gecko) Chrome/123.0.0.0 Safari/537.36"
122.161.65.100 - - [17/Apr/2024:10:24:31 +0000] "POST /roundcube/?_task=mail&_action=refresh HTTP/1.1" 200 180 "https://server.mswebtech.com/roundcube/?_task=mail&_mbox=INBOX" "Mozilla/5.0 (Windows NT 10.0; Win64; x64) AppleWebKit/537.36 (KHTML, like Gecko) Chrome/123.0.0.0 Safari/537.36"
122.161.65.100 - - [17/Apr/2024:10:25:32 +0000] "POST /roundcube/?_task=mail&_action=refresh HTTP/1.1" 200 181 "https://server.mswebtech.com/roundcube/?_task=mail&_mbox=INBOX" "Mozilla/5.0 (Windows NT 10.0; Win64; x64) AppleWebKit/537.36 (KHTML, like Gecko) Chrome/123.0.0.0 Safari/537.36"
122.161.65.100 - - [17/Apr/2024:10:26:35 +0000] "POST /roundcube/?_task=mail&_action=refresh HTTP/1.1" 200 180 "https://server.mswebtech.com/roundcube/?_task=mail&_mbox=INBOX" "Mozilla/5.0 (Windows NT 10.0; Win64; x64) AppleWebKit/537.36 (KHTML, like Gecko) Chrome/123.0.0.0 Safari/537.36"
122.161.65.100 - - [17/Apr/2024:10:27:34 +0000] "POST /roundcube/?_task=mail&_action=refresh HTTP/1.1" 200 180 "https://server.mswebtech.com/roundcube/?_task=mail&_mbox=INBOX" "Mozilla/5.0 (Windows NT 10.0; Win64; x64) AppleWebKit/537.36 (KHTML, like Gecko) Chrome/123.0.0.0 Safari/537.36"
122.161.65.100 - - [17/Apr/2024:10:29:37 +0000] "POST /roundcube/?_task=mail&_action=refresh HTTP/1.1" 200 180 "https://server.mswebtech.com/roundcube/?_task=mail&_mbox=INBOX" "Mozilla/5.0 (Windows NT 10.0; Win64; x64) AppleWebKit/537.36 (KHTML, like Gecko) Chrome/123.0.0.0 Safari/537.36"
45.148.120.244 - - [17/Apr/2024:10:31:27 +0000] "GET / HTTP/1.1" 200 1971 "-" "Mozilla/5.0 (Windows NT 6.3; WOW64) AppleWebKit/537.36 (KHTML, like Gecko) Chrome/41.0.2225.0 Safari/537.36"
45.148.120.244 - - [17/Apr/2024:10:31:28 +0000] "GET /env HTTP/1.1" 404 196 "-" "Mozilla/5.0 (Windows NT 6.3; WOW64) AppleWebKit/537.36 (KHTML, like Gecko) Chrome/41.0.2225.0 Safari/537.36"
45.148.120.244 - - [17/Apr/2024:10:31:28 +0000] "GET /actuator HTTP/1.1" 404 196 "-" "Mozilla/5.0 (Windows NT 6.3; WOW64) AppleWebKit/537.36 (KHTML, like Gecko) Chrome/41.0.2226.0 Safari/537.36"
45.148.120.244 - - [17/Apr/2024:10:31:29 +0000] "GET /appenv HTTP/1.1" 404 196 "-" "Mozilla/5.0 (Macintosh; Intel Mac OS X 10_10_1) AppleWebKit/537.36 (KHTML, like Gecko) Chrome/41.0.2227.1 Safari/537.36"
45.148.120.244 - - [17/Apr/2024:10:31:29 +0000] "GET /api/actuator HTTP/1.1" 404 196 "-" "Mozilla/5.0 (Macintosh; Intel Mac OS X 10_10_1) AppleWebKit/537.36 (KHTML, like Gecko) Chrome/41.0.2227.1 Safari/537.36"
45.148.120.244 - - [17/Apr/2024:10:31:30 +0000] "GET /nacos/actuator HTTP/1.1" 404 196 "-" "Mozilla/5.0 (Macintosh; Intel Mac OS X 10_9_3) AppleWebKit/537.36 (KHTML, like Gecko) Chrome/35.0.1916.47 Safari/537.36"
45.148.120.244 - - [17/Apr/2024:10:31:31 +0000] "GET /prod-api/actuator HTTP/1.1" 404 196 "-" "Mozilla/5.0 (Macintosh; Intel Mac OS X 10_9_3) AppleWebKit/537.36 (KHTML, like Gecko) Chrome/35.0.1916.47 Safari/537.36"
45.148.120.244 - - [17/Apr/2024:10:31:31 +0000] "GET /dev-api/actuator HTTP/1.1" 404 196 "-" "Mozilla/5.0 (Windows NT 6.1) AppleWebKit/537.36 (KHTML, like Gecko) Chrome/41.0.2228.0 Safari/537.36"
122.161.65.100 - - [17/Apr/2024:10:31:37 +0000] "POST /roundcube/?_task=mail&_action=refresh HTTP/1.1" 200 181 "https://server.mswebtech.com/roundcube/?_task=mail&_mbox=INBOX" "Mozilla/5.0 (Windows NT 10.0; Win64; x64) AppleWebKit/537.36 (KHTML, like Gecko) Chrome/123.0.0.0 Safari/537.36"
122.161.65.100 - - [17/Apr/2024:10:32:37 +0000] "POST /roundcube/?_task=mail&_action=refresh HTTP/1.1" 200 181 "https://server.mswebtech.com/roundcube/?_task=mail&_mbox=INBOX" "Mozilla/5.0 (Windows NT 10.0; Win64; x64) AppleWebKit/537.36 (KHTML, like Gecko) Chrome/123.0.0.0 Safari/537.36"
198.235.24.205 - - [17/Apr/2024:10:33:24 +0000] "GET / HTTP/1.1" 200 5069 "-" "Expanse, a Palo Alto Networks company, searches across the global IPv4 space multiple times per day to identify customers&#39; presences on the Internet. If you would like to be excluded from our scans, please send IP addresses/domains to: scaninfo@paloaltonetworks.com"
122.161.65.100 - - [17/Apr/2024:10:33:38 +0000] "POST /roundcube/?_task=mail&_action=refresh HTTP/1.1" 200 180 "https://server.mswebtech.com/roundcube/?_task=mail&_mbox=INBOX" "Mozilla/5.0 (Windows NT 10.0; Win64; x64) AppleWebKit/537.36 (KHTML, like Gecko) Chrome/123.0.0.0 Safari/537.36"
172.105.128.13 - - [17/Apr/2024:10:34:04 +0000] "GET / HTTP/1.1" 200 1971 "-" "Mozilla/5.0 (Macintosh; Intel Mac OS X 13_1) AppleWebKit/537.36 (KHTML, like Gecko) Chrome/108.0.0.0 Safari/537.36"
122.161.65.100 - - [17/Apr/2024:10:34:44 +0000] "POST /roundcube/?_task=mail&_action=refresh HTTP/1.1" 200 180 "https://server.mswebtech.com/roundcube/?_task=mail&_mbox=INBOX" "Mozilla/5.0 (Windows NT 10.0; Win64; x64) AppleWebKit/537.36 (KHTML, like Gecko) Chrome/123.0.0.0 Safari/537.36"
122.161.65.100 - - [17/Apr/2024:10:35:40 +0000] "POST /roundcube/?_task=mail&_action=refresh HTTP/1.1" 200 180 "https://server.mswebtech.com/roundcube/?_task=mail&_mbox=INBOX" "Mozilla/5.0 (Windows NT 10.0; Win64; x64) AppleWebKit/537.36 (KHTML, like Gecko) Chrome/123.0.0.0 Safari/537.36"
122.161.65.100 - - [17/Apr/2024:10:36:41 +0000] "POST /roundcube/?_task=mail&_action=refresh HTTP/1.1" 200 180 "https://server.mswebtech.com/roundcube/?_task=mail&_mbox=INBOX" "Mozilla/5.0 (Windows NT 10.0; Win64; x64) AppleWebKit/537.36 (KHTML, like Gecko) Chrome/123.0.0.0 Safari/537.36"
122.161.65.100 - - [17/Apr/2024:10:37:42 +0000] "POST /roundcube/?_task=mail&_action=refresh HTTP/1.1" 200 180 "https://server.mswebtech.com/roundcube/?_task=mail&_mbox=INBOX" "Mozilla/5.0 (Windows NT 10.0; Win64; x64) AppleWebKit/537.36 (KHTML, like Gecko) Chrome/123.0.0.0 Safari/537.36"
122.161.65.100 - - [17/Apr/2024:10:38:43 +0000] "POST /roundcube/?_task=mail&_action=refresh HTTP/1.1" 200 180 "https://server.mswebtech.com/roundcube/?_task=mail&_mbox=INBOX" "Mozilla/5.0 (Windows NT 10.0; Win64; x64) AppleWebKit/537.36 (KHTML, like Gecko) Chrome/123.0.0.0 Safari/537.36"
122.161.65.100 - - [17/Apr/2024:10:39:44 +0000] "POST /roundcube/?_task=mail&_action=refresh HTTP/1.1" 200 180 "https://server.mswebtech.com/roundcube/?_task=mail&_mbox=INBOX" "Mozilla/5.0 (Windows NT 10.0; Win64; x64) AppleWebKit/537.36 (KHTML, like Gecko) Chrome/123.0.0.0 Safari/537.36"
122.161.65.100 - - [17/Apr/2024:10:40:45 +0000] "POST /roundcube/?_task=mail&_action=refresh HTTP/1.1" 200 180 "https://server.mswebtech.com/roundcube/?_task=mail&_mbox=INBOX" "Mozilla/5.0 (Windows NT 10.0; Win64; x64) AppleWebKit/537.36 (KHTML, like Gecko) Chrome/123.0.0.0 Safari/537.36"
122.161.65.100 - - [17/Apr/2024:10:41:46 +0000] "POST /roundcube/?_task=mail&_action=refresh HTTP/1.1" 200 179 "https://server.mswebtech.com/roundcube/?_task=mail&_mbox=INBOX" "Mozilla/5.0 (Windows NT 10.0; Win64; x64) AppleWebKit/537.36 (KHTML, like Gecko) Chrome/123.0.0.0 Safari/537.36"
122.161.65.100 - - [17/Apr/2024:10:42:47 +0000] "POST /roundcube/?_task=mail&_action=refresh HTTP/1.1" 200 180 "https://server.mswebtech.com/roundcube/?_task=mail&_mbox=INBOX" "Mozilla/5.0 (Windows NT 10.0; Win64; x64) AppleWebKit/537.36 (KHTML, like Gecko) Chrome/123.0.0.0 Safari/537.36"
2.57.149.233 - - [17/Apr/2024:10:43:07 +0000] "GET /remote/login?lang=en HTTP/1.1" 400 157 "-" "-"
2.57.149.233 - - [17/Apr/2024:10:43:07 +0000] "GET /remote/login?lang=en HTTP/1.1" 400 157 "-" "-"
122.161.65.100 - - [17/Apr/2024:10:43:48 +0000] "POST /roundcube/?_task=mail&_action=refresh HTTP/1.1" 200 181 "https://server.mswebtech.com/roundcube/?_task=mail&_mbox=INBOX" "Mozilla/5.0 (Windows NT 10.0; Win64; x64) AppleWebKit/537.36 (KHTML, like Gecko) Chrome/123.0.0.0 Safari/537.36"
104.238.221.228 - - [17/Apr/2024:10:44:40 +0000] "GET /oauth/idp/.well-known/openid-configuration HTTP/1.1" 400 278 "-" "-"
122.161.65.100 - - [17/Apr/2024:10:44:49 +0000] "POST /roundcube/?_task=mail&_action=refresh HTTP/1.1" 200 181 "https://server.mswebtech.com/roundcube/?_task=mail&_mbox=INBOX" "Mozilla/5.0 (Windows NT 10.0; Win64; x64) AppleWebKit/537.36 (KHTML, like Gecko) Chrome/123.0.0.0 Safari/537.36"
122.161.65.100 - - [17/Apr/2024:10:45:51 +0000] "POST /roundcube/?_task=mail&_action=refresh HTTP/1.1" 200 180 "https://server.mswebtech.com/roundcube/?_task=mail&_mbox=INBOX" "Mozilla/5.0 (Windows NT 10.0; Win64; x64) AppleWebKit/537.36 (KHTML, like Gecko) Chrome/123.0.0.0 Safari/537.36"
104.238.221.228 - - [17/Apr/2024:10:46:50 +0000] "GET /oauth/idp/.well-known/openid-configuration HTTP/1.1" 400 278 "-" "-"
122.161.65.100 - - [17/Apr/2024:10:46:51 +0000] "POST /roundcube/?_task=mail&_action=refresh HTTP/1.1" 200 180 "https://server.mswebtech.com/roundcube/?_task=mail&_mbox=INBOX" "Mozilla/5.0 (Windows NT 10.0; Win64; x64) AppleWebKit/537.36 (KHTML, like Gecko) Chrome/123.0.0.0 Safari/537.36"
122.161.65.100 - - [17/Apr/2024:10:47:52 +0000] "POST /roundcube/?_task=mail&_action=refresh HTTP/1.1" 200 180 "https://server.mswebtech.com/roundcube/?_task=mail&_mbox=INBOX" "Mozilla/5.0 (Windows NT 10.0; Win64; x64) AppleWebKit/537.36 (KHTML, like Gecko) Chrome/123.0.0.0 Safari/537.36"
122.161.65.100 - - [17/Apr/2024:10:48:53 +0000] "POST /roundcube/?_task=mail&_action=refresh HTTP/1.1" 200 180 "https://server.mswebtech.com/roundcube/?_task=mail&_mbox=INBOX" "Mozilla/5.0 (Windows NT 10.0; Win64; x64) AppleWebKit/537.36 (KHTML, like Gecko) Chrome/123.0.0.0 Safari/537.36"
122.161.65.100 - - [17/Apr/2024:10:49:54 +0000] "POST /roundcube/?_task=mail&_action=refresh HTTP/1.1" 200 180 "https://server.mswebtech.com/roundcube/?_task=mail&_mbox=INBOX" "Mozilla/5.0 (Windows NT 10.0; Win64; x64) AppleWebKit/537.36 (KHTML, like Gecko) Chrome/123.0.0.0 Safari/537.36"
104.248.87.182 - - [17/Apr/2024:10:50:46 +0000] "GET / HTTP/1.1" 400 255 "-" "Go-http-client/1.1"
122.161.65.100 - - [17/Apr/2024:10:50:55 +0000] "POST /roundcube/?_task=mail&_action=refresh HTTP/1.1" 200 180 "https://server.mswebtech.com/roundcube/?_task=mail&_mbox=INBOX" "Mozilla/5.0 (Windows NT 10.0; Win64; x64) AppleWebKit/537.36 (KHTML, like Gecko) Chrome/123.0.0.0 Safari/537.36"
122.161.65.100 - - [17/Apr/2024:10:51:56 +0000] "POST /roundcube/?_task=mail&_action=refresh HTTP/1.1" 200 179 "https://server.mswebtech.com/roundcube/?_task=mail&_mbox=INBOX" "Mozilla/5.0 (Windows NT 10.0; Win64; x64) AppleWebKit/537.36 (KHTML, like Gecko) Chrome/123.0.0.0 Safari/537.36"
122.161.65.100 - - [17/Apr/2024:10:52:57 +0000] "POST /roundcube/?_task=mail&_action=refresh HTTP/1.1" 200 180 "https://server.mswebtech.com/roundcube/?_task=mail&_mbox=INBOX" "Mozilla/5.0 (Windows NT 10.0; Win64; x64) AppleWebKit/537.36 (KHTML, like Gecko) Chrome/123.0.0.0 Safari/537.36"
172.104.210.105 - - [17/Apr/2024:10:52:59 +0000] "GET / HTTP/1.1" 400 255 "-" "Mozilla/5.0 zgrab/0.x"
122.161.65.100 - - [17/Apr/2024:10:53:58 +0000] "POST /roundcube/?_task=mail&_action=refresh HTTP/1.1" 200 180 "https://server.mswebtech.com/roundcube/?_task=mail&_mbox=INBOX" "Mozilla/5.0 (Windows NT 10.0; Win64; x64) AppleWebKit/537.36 (KHTML, like Gecko) Chrome/123.0.0.0 Safari/537.36"
122.161.65.100 - - [17/Apr/2024:10:54:59 +0000] "POST /roundcube/?_task=mail&_action=refresh HTTP/1.1" 200 179 "https://server.mswebtech.com/roundcube/?_task=mail&_mbox=INBOX" "Mozilla/5.0 (Windows NT 10.0; Win64; x64) AppleWebKit/537.36 (KHTML, like Gecko) Chrome/123.0.0.0 Safari/537.36"
122.161.65.100 - - [17/Apr/2024:10:56:00 +0000] "POST /roundcube/?_task=mail&_action=refresh HTTP/1.1" 200 180 "https://server.mswebtech.com/roundcube/?_task=mail&_mbox=INBOX" "Mozilla/5.0 (Windows NT 10.0; Win64; x64) AppleWebKit/537.36 (KHTML, like Gecko) Chrome/123.0.0.0 Safari/537.36"
104.238.221.228 - - [17/Apr/2024:10:56:46 +0000] "GET /oauth/idp/.well-known/openid-configuration HTTP/1.1" 400 278 "-" "-"
122.161.65.100 - - [17/Apr/2024:10:57:01 +0000] "POST /roundcube/?_task=mail&_action=refresh HTTP/1.1" 200 180 "https://server.mswebtech.com/roundcube/?_task=mail&_mbox=INBOX" "Mozilla/5.0 (Windows NT 10.0; Win64; x64) AppleWebKit/537.36 (KHTML, like Gecko) Chrome/123.0.0.0 Safari/537.36"
122.161.65.100 - - [17/Apr/2024:10:58:02 +0000] "POST /roundcube/?_task=mail&_action=refresh HTTP/1.1" 200 180 "https://server.mswebtech.com/roundcube/?_task=mail&_mbox=INBOX" "Mozilla/5.0 (Windows NT 10.0; Win64; x64) AppleWebKit/537.36 (KHTML, like Gecko) Chrome/123.0.0.0 Safari/537.36"
122.161.65.100 - - [17/Apr/2024:10:59:03 +0000] "POST /roundcube/?_task=mail&_action=refresh HTTP/1.1" 200 180 "https://server.mswebtech.com/roundcube/?_task=mail&_mbox=INBOX" "Mozilla/5.0 (Windows NT 10.0; Win64; x64) AppleWebKit/537.36 (KHTML, like Gecko) Chrome/123.0.0.0 Safari/537.36"
122.161.65.100 - - [17/Apr/2024:11:00:04 +0000] "POST /roundcube/?_task=mail&_action=refresh HTTP/1.1" 200 180 "https://server.mswebtech.com/roundcube/?_task=mail&_mbox=INBOX" "Mozilla/5.0 (Windows NT 10.0; Win64; x64) AppleWebKit/537.36 (KHTML, like Gecko) Chrome/123.0.0.0 Safari/537.36"
122.161.65.100 - - [17/Apr/2024:11:01:05 +0000] "POST /roundcube/?_task=mail&_action=refresh HTTP/1.1" 200 180 "https://server.mswebtech.com/roundcube/?_task=mail&_mbox=INBOX" "Mozilla/5.0 (Windows NT 10.0; Win64; x64) AppleWebKit/537.36 (KHTML, like Gecko) Chrome/123.0.0.0 Safari/537.36"
122.161.65.100 - - [17/Apr/2024:11:02:06 +0000] "POST /roundcube/?_task=mail&_action=refresh HTTP/1.1" 200 180 "https://server.mswebtech.com/roundcube/?_task=mail&_mbox=INBOX" "Mozilla/5.0 (Windows NT 10.0; Win64; x64) AppleWebKit/537.36 (KHTML, like Gecko) Chrome/123.0.0.0 Safari/537.36"
122.161.65.100 - - [17/Apr/2024:11:03:07 +0000] "POST /roundcube/?_task=mail&_action=refresh HTTP/1.1" 200 180 "https://server.mswebtech.com/roundcube/?_task=mail&_mbox=INBOX" "Mozilla/5.0 (Windows NT 10.0; Win64; x64) AppleWebKit/537.36 (KHTML, like Gecko) Chrome/123.0.0.0 Safari/537.36"
122.161.65.100 - - [17/Apr/2024:11:04:08 +0000] "POST /roundcube/?_task=mail&_action=refresh HTTP/1.1" 200 180 "https://server.mswebtech.com/roundcube/?_task=mail&_mbox=INBOX" "Mozilla/5.0 (Windows NT 10.0; Win64; x64) AppleWebKit/537.36 (KHTML, like Gecko) Chrome/123.0.0.0 Safari/537.36"
122.161.65.100 - - [17/Apr/2024:11:05:09 +0000] "POST /roundcube/?_task=mail&_action=refresh HTTP/1.1" 200 180 "https://server.mswebtech.com/roundcube/?_task=mail&_mbox=INBOX" "Mozilla/5.0 (Windows NT 10.0; Win64; x64) AppleWebKit/537.36 (KHTML, like Gecko) Chrome/123.0.0.0 Safari/537.36"
192.155.88.231 - - [17/Apr/2024:11:05:33 +0000] "GET / HTTP/1.1" 400 255 "-" "Mozilla/5.0 zgrab/0.x"
172.104.11.4 - - [17/Apr/2024:11:05:46 +0000] "GET / HTTP/1.1" 200 1971 "-" "Mozilla/5.0 (Macintosh; Intel Mac OS X 13_1) AppleWebKit/537.36 (KHTML, like Gecko) Chrome/108.0.0.0 Safari/537.36"
122.161.65.100 - - [17/Apr/2024:11:06:10 +0000] "POST /roundcube/?_task=mail&_action=refresh HTTP/1.1" 200 180 "https://server.mswebtech.com/roundcube/?_task=mail&_mbox=INBOX" "Mozilla/5.0 (Windows NT 10.0; Win64; x64) AppleWebKit/537.36 (KHTML, like Gecko) Chrome/123.0.0.0 Safari/537.36"
122.161.65.100 - - [17/Apr/2024:11:07:11 +0000] "POST /roundcube/?_task=mail&_action=refresh HTTP/1.1" 200 180 "https://server.mswebtech.com/roundcube/?_task=mail&_mbox=INBOX" "Mozilla/5.0 (Windows NT 10.0; Win64; x64) AppleWebKit/537.36 (KHTML, like Gecko) Chrome/123.0.0.0 Safari/537.36"
122.161.65.100 - - [17/Apr/2024:11:08:12 +0000] "POST /roundcube/?_task=mail&_action=refresh HTTP/1.1" 200 180 "https://server.mswebtech.com/roundcube/?_task=mail&_mbox=INBOX" "Mozilla/5.0 (Windows NT 10.0; Win64; x64) AppleWebKit/537.36 (KHTML, like Gecko) Chrome/123.0.0.0 Safari/537.36"
122.161.65.100 - - [17/Apr/2024:11:09:13 +0000] "POST /roundcube/?_task=mail&_action=refresh HTTP/1.1" 200 180 "https://server.mswebtech.com/roundcube/?_task=mail&_mbox=INBOX" "Mozilla/5.0 (Windows NT 10.0; Win64; x64) AppleWebKit/537.36 (KHTML, like Gecko) Chrome/123.0.0.0 Safari/537.36"
122.161.65.100 - - [17/Apr/2024:11:10:14 +0000] "POST /roundcube/?_task=mail&_action=refresh HTTP/1.1" 200 180 "https://server.mswebtech.com/roundcube/?_task=mail&_mbox=INBOX" "Mozilla/5.0 (Windows NT 10.0; Win64; x64) AppleWebKit/537.36 (KHTML, like Gecko) Chrome/123.0.0.0 Safari/537.36"
122.161.65.100 - - [17/Apr/2024:11:11:15 +0000] "POST /roundcube/?_task=mail&_action=refresh HTTP/1.1" 200 181 "https://server.mswebtech.com/roundcube/?_task=mail&_mbox=INBOX" "Mozilla/5.0 (Windows NT 10.0; Win64; x64) AppleWebKit/537.36 (KHTML, like Gecko) Chrome/123.0.0.0 Safari/537.36"
122.161.65.100 - - [17/Apr/2024:11:12:16 +0000] "POST /roundcube/?_task=mail&_action=refresh HTTP/1.1" 200 180 "https://server.mswebtech.com/roundcube/?_task=mail&_mbox=INBOX" "Mozilla/5.0 (Windows NT 10.0; Win64; x64) AppleWebKit/537.36 (KHTML, like Gecko) Chrome/123.0.0.0 Safari/537.36"
122.161.65.100 - - [17/Apr/2024:11:13:17 +0000] "POST /roundcube/?_task=mail&_action=refresh HTTP/1.1" 200 181 "https://server.mswebtech.com/roundcube/?_task=mail&_mbox=INBOX" "Mozilla/5.0 (Windows NT 10.0; Win64; x64) AppleWebKit/537.36 (KHTML, like Gecko) Chrome/123.0.0.0 Safari/537.36"
122.161.65.100 - - [17/Apr/2024:11:14:18 +0000] "POST /roundcube/?_task=mail&_action=refresh HTTP/1.1" 200 180 "https://server.mswebtech.com/roundcube/?_task=mail&_mbox=INBOX" "Mozilla/5.0 (Windows NT 10.0; Win64; x64) AppleWebKit/537.36 (KHTML, like Gecko) Chrome/123.0.0.0 Safari/537.36"
122.161.65.100 - - [17/Apr/2024:11:15:19 +0000] "POST /roundcube/?_task=mail&_action=refresh HTTP/1.1" 200 180 "https://server.mswebtech.com/roundcube/?_task=mail&_mbox=INBOX" "Mozilla/5.0 (Windows NT 10.0; Win64; x64) AppleWebKit/537.36 (KHTML, like Gecko) Chrome/123.0.0.0 Safari/537.36"
122.161.65.100 - - [17/Apr/2024:11:16:20 +0000] "POST /roundcube/?_task=mail&_action=refresh HTTP/1.1" 200 180 "https://server.mswebtech.com/roundcube/?_task=mail&_mbox=INBOX" "Mozilla/5.0 (Windows NT 10.0; Win64; x64) AppleWebKit/537.36 (KHTML, like Gecko) Chrome/123.0.0.0 Safari/537.36"
122.161.65.100 - - [17/Apr/2024:11:17:21 +0000] "POST /roundcube/?_task=mail&_action=refresh HTTP/1.1" 200 180 "https://server.mswebtech.com/roundcube/?_task=mail&_mbox=INBOX" "Mozilla/5.0 (Windows NT 10.0; Win64; x64) AppleWebKit/537.36 (KHTML, like Gecko) Chrome/123.0.0.0 Safari/537.36"
122.161.65.100 - - [17/Apr/2024:11:18:22 +0000] "POST /roundcube/?_task=mail&_action=refresh HTTP/1.1" 200 180 "https://server.mswebtech.com/roundcube/?_task=mail&_mbox=INBOX" "Mozilla/5.0 (Windows NT 10.0; Win64; x64) AppleWebKit/537.36 (KHTML, like Gecko) Chrome/123.0.0.0 Safari/537.36"
122.161.65.100 - - [17/Apr/2024:11:19:23 +0000] "POST /roundcube/?_task=mail&_action=refresh HTTP/1.1" 200 180 "https://server.mswebtech.com/roundcube/?_task=mail&_mbox=INBOX" "Mozilla/5.0 (Windows NT 10.0; Win64; x64) AppleWebKit/537.36 (KHTML, like Gecko) Chrome/123.0.0.0 Safari/537.36"
122.161.65.100 - - [17/Apr/2024:11:20:24 +0000] "POST /roundcube/?_task=mail&_action=refresh HTTP/1.1" 200 181 "https://server.mswebtech.com/roundcube/?_task=mail&_mbox=INBOX" "Mozilla/5.0 (Windows NT 10.0; Win64; x64) AppleWebKit/537.36 (KHTML, like Gecko) Chrome/123.0.0.0 Safari/537.36"
122.161.65.100 - - [17/Apr/2024:11:21:25 +0000] "POST /roundcube/?_task=mail&_action=refresh HTTP/1.1" 200 180 "https://server.mswebtech.com/roundcube/?_task=mail&_mbox=INBOX" "Mozilla/5.0 (Windows NT 10.0; Win64; x64) AppleWebKit/537.36 (KHTML, like Gecko) Chrome/123.0.0.0 Safari/537.36"
122.161.65.100 - - [17/Apr/2024:11:22:26 +0000] "POST /roundcube/?_task=mail&_action=refresh HTTP/1.1" 200 181 "https://server.mswebtech.com/roundcube/?_task=mail&_mbox=INBOX" "Mozilla/5.0 (Windows NT 10.0; Win64; x64) AppleWebKit/537.36 (KHTML, like Gecko) Chrome/123.0.0.0 Safari/537.36"
122.161.65.100 - - [17/Apr/2024:11:23:27 +0000] "POST /roundcube/?_task=mail&_action=refresh HTTP/1.1" 200 180 "https://server.mswebtech.com/roundcube/?_task=mail&_mbox=INBOX" "Mozilla/5.0 (Windows NT 10.0; Win64; x64) AppleWebKit/537.36 (KHTML, like Gecko) Chrome/123.0.0.0 Safari/537.36"
122.161.65.100 - - [17/Apr/2024:11:24:28 +0000] "POST /roundcube/?_task=mail&_action=refresh HTTP/1.1" 200 180 "https://server.mswebtech.com/roundcube/?_task=mail&_mbox=INBOX" "Mozilla/5.0 (Windows NT 10.0; Win64; x64) AppleWebKit/537.36 (KHTML, like Gecko) Chrome/123.0.0.0 Safari/537.36"
122.161.65.100 - - [17/Apr/2024:11:25:29 +0000] "POST /roundcube/?_task=mail&_action=refresh HTTP/1.1" 200 179 "https://server.mswebtech.com/roundcube/?_task=mail&_mbox=INBOX" "Mozilla/5.0 (Windows NT 10.0; Win64; x64) AppleWebKit/537.36 (KHTML, like Gecko) Chrome/123.0.0.0 Safari/537.36"
122.161.65.100 - - [17/Apr/2024:11:26:30 +0000] "POST /roundcube/?_task=mail&_action=refresh HTTP/1.1" 200 179 "https://server.mswebtech.com/roundcube/?_task=mail&_mbox=INBOX" "Mozilla/5.0 (Windows NT 10.0; Win64; x64) AppleWebKit/537.36 (KHTML, like Gecko) Chrome/123.0.0.0 Safari/537.36"
122.161.65.100 - - [17/Apr/2024:11:27:31 +0000] "POST /roundcube/?_task=mail&_action=refresh HTTP/1.1" 200 180 "https://server.mswebtech.com/roundcube/?_task=mail&_mbox=INBOX" "Mozilla/5.0 (Windows NT 10.0; Win64; x64) AppleWebKit/537.36 (KHTML, like Gecko) Chrome/123.0.0.0 Safari/537.36"
122.161.65.100 - - [17/Apr/2024:11:28:32 +0000] "POST /roundcube/?_task=mail&_action=refresh HTTP/1.1" 200 180 "https://server.mswebtech.com/roundcube/?_task=mail&_mbox=INBOX" "Mozilla/5.0 (Windows NT 10.0; Win64; x64) AppleWebKit/537.36 (KHTML, like Gecko) Chrome/123.0.0.0 Safari/537.36"
122.161.65.100 - - [17/Apr/2024:11:29:33 +0000] "POST /roundcube/?_task=mail&_action=refresh HTTP/1.1" 200 180 "https://server.mswebtech.com/roundcube/?_task=mail&_mbox=INBOX" "Mozilla/5.0 (Windows NT 10.0; Win64; x64) AppleWebKit/537.36 (KHTML, like Gecko) Chrome/123.0.0.0 Safari/537.36"
122.161.65.100 - - [17/Apr/2024:11:30:34 +0000] "POST /roundcube/?_task=mail&_action=refresh HTTP/1.1" 200 180 "https://server.mswebtech.com/roundcube/?_task=mail&_mbox=INBOX" "Mozilla/5.0 (Windows NT 10.0; Win64; x64) AppleWebKit/537.36 (KHTML, like Gecko) Chrome/123.0.0.0 Safari/537.36"
122.161.65.100 - - [17/Apr/2024:11:32:36 +0000] "POST /roundcube/?_task=mail&_action=refresh HTTP/1.1" 200 180 "https://server.mswebtech.com/roundcube/?_task=mail&_mbox=INBOX" "Mozilla/5.0 (Windows NT 10.0; Win64; x64) AppleWebKit/537.36 (KHTML, like Gecko) Chrome/123.0.0.0 Safari/537.36"
122.161.65.100 - - [17/Apr/2024:11:34:36 +0000] "POST /roundcube/?_task=mail&_action=refresh HTTP/1.1" 200 180 "https://server.mswebtech.com/roundcube/?_task=mail&_mbox=INBOX" "Mozilla/5.0 (Windows NT 10.0; Win64; x64) AppleWebKit/537.36 (KHTML, like Gecko) Chrome/123.0.0.0 Safari/537.36"
122.161.65.100 - - [17/Apr/2024:11:35:37 +0000] "POST /roundcube/?_task=mail&_action=refresh HTTP/1.1" 200 180 "https://server.mswebtech.com/roundcube/?_task=mail&_mbox=INBOX" "Mozilla/5.0 (Windows NT 10.0; Win64; x64) AppleWebKit/537.36 (KHTML, like Gecko) Chrome/123.0.0.0 Safari/537.36"
41.223.30.51 - - [17/Apr/2024:11:35:51 +0000] "GET /3rdpartylicenses.txt HTTP/1.0" 404 196 "-" "xfa1"
122.161.65.100 - - [17/Apr/2024:11:36:38 +0000] "POST /roundcube/?_task=mail&_action=refresh HTTP/1.1" 200 180 "https://server.mswebtech.com/roundcube/?_task=mail&_mbox=INBOX" "Mozilla/5.0 (Windows NT 10.0; Win64; x64) AppleWebKit/537.36 (KHTML, like Gecko) Chrome/123.0.0.0 Safari/537.36"
122.161.65.100 - - [17/Apr/2024:11:37:39 +0000] "POST /roundcube/?_task=mail&_action=refresh HTTP/1.1" 200 180 "https://server.mswebtech.com/roundcube/?_task=mail&_mbox=INBOX" "Mozilla/5.0 (Windows NT 10.0; Win64; x64) AppleWebKit/537.36 (KHTML, like Gecko) Chrome/123.0.0.0 Safari/537.36"
122.161.65.100 - - [17/Apr/2024:11:38:41 +0000] "POST /roundcube/?_task=mail&_action=refresh HTTP/1.1" 200 180 "https://server.mswebtech.com/roundcube/?_task=mail&_mbox=INBOX" "Mozilla/5.0 (Windows NT 10.0; Win64; x64) AppleWebKit/537.36 (KHTML, like Gecko) Chrome/123.0.0.0 Safari/537.36"
122.161.65.100 - - [17/Apr/2024:11:39:41 +0000] "POST /roundcube/?_task=mail&_action=refresh HTTP/1.1" 200 181 "https://server.mswebtech.com/roundcube/?_task=mail&_mbox=INBOX" "Mozilla/5.0 (Windows NT 10.0; Win64; x64) AppleWebKit/537.36 (KHTML, like Gecko) Chrome/123.0.0.0 Safari/537.36"
122.161.65.100 - - [17/Apr/2024:11:40:42 +0000] "POST /roundcube/?_task=mail&_action=refresh HTTP/1.1" 200 180 "https://server.mswebtech.com/roundcube/?_task=mail&_mbox=INBOX" "Mozilla/5.0 (Windows NT 10.0; Win64; x64) AppleWebKit/537.36 (KHTML, like Gecko) Chrome/123.0.0.0 Safari/537.36"
122.161.65.100 - - [17/Apr/2024:11:41:43 +0000] "POST /roundcube/?_task=mail&_action=refresh HTTP/1.1" 200 180 "https://server.mswebtech.com/roundcube/?_task=mail&_mbox=INBOX" "Mozilla/5.0 (Windows NT 10.0; Win64; x64) AppleWebKit/537.36 (KHTML, like Gecko) Chrome/123.0.0.0 Safari/537.36"
122.161.65.100 - - [17/Apr/2024:11:42:44 +0000] "POST /roundcube/?_task=mail&_action=refresh HTTP/1.1" 200 180 "https://server.mswebtech.com/roundcube/?_task=mail&_mbox=INBOX" "Mozilla/5.0 (Windows NT 10.0; Win64; x64) AppleWebKit/537.36 (KHTML, like Gecko) Chrome/123.0.0.0 Safari/537.36"
172.104.11.34 - - [17/Apr/2024:11:43:30 +0000] "GET / HTTP/1.1" 200 1971 "-" "Mozilla/5.0 (Macintosh; Intel Mac OS X 13_1) AppleWebKit/537.36 (KHTML, like Gecko) Chrome/108.0.0.0 Safari/537.36"
122.161.65.100 - - [17/Apr/2024:11:43:45 +0000] "POST /roundcube/?_task=mail&_action=refresh HTTP/1.1" 200 181 "https://server.mswebtech.com/roundcube/?_task=mail&_mbox=INBOX" "Mozilla/5.0 (Windows NT 10.0; Win64; x64) AppleWebKit/537.36 (KHTML, like Gecko) Chrome/123.0.0.0 Safari/537.36"
122.161.65.100 - - [17/Apr/2024:11:44:46 +0000] "POST /roundcube/?_task=mail&_action=refresh HTTP/1.1" 200 180 "https://server.mswebtech.com/roundcube/?_task=mail&_mbox=INBOX" "Mozilla/5.0 (Windows NT 10.0; Win64; x64) AppleWebKit/537.36 (KHTML, like Gecko) Chrome/123.0.0.0 Safari/537.36"
122.161.65.100 - - [17/Apr/2024:11:45:47 +0000] "POST /roundcube/?_task=mail&_action=refresh HTTP/1.1" 200 180 "https://server.mswebtech.com/roundcube/?_task=mail&_mbox=INBOX" "Mozilla/5.0 (Windows NT 10.0; Win64; x64) AppleWebKit/537.36 (KHTML, like Gecko) Chrome/123.0.0.0 Safari/537.36"
122.161.65.100 - - [17/Apr/2024:11:46:48 +0000] "POST /roundcube/?_task=mail&_action=refresh HTTP/1.1" 200 180 "https://server.mswebtech.com/roundcube/?_task=mail&_mbox=INBOX" "Mozilla/5.0 (Windows NT 10.0; Win64; x64) AppleWebKit/537.36 (KHTML, like Gecko) Chrome/123.0.0.0 Safari/537.36"
122.161.65.100 - - [17/Apr/2024:11:47:49 +0000] "POST /roundcube/?_task=mail&_action=refresh HTTP/1.1" 200 180 "https://server.mswebtech.com/roundcube/?_task=mail&_mbox=INBOX" "Mozilla/5.0 (Windows NT 10.0; Win64; x64) AppleWebKit/537.36 (KHTML, like Gecko) Chrome/123.0.0.0 Safari/537.36"
122.161.65.100 - - [17/Apr/2024:11:48:50 +0000] "POST /roundcube/?_task=mail&_action=refresh HTTP/1.1" 200 180 "https://server.mswebtech.com/roundcube/?_task=mail&_mbox=INBOX" "Mozilla/5.0 (Windows NT 10.0; Win64; x64) AppleWebKit/537.36 (KHTML, like Gecko) Chrome/123.0.0.0 Safari/537.36"
122.161.65.100 - - [17/Apr/2024:11:49:51 +0000] "POST /roundcube/?_task=mail&_action=refresh HTTP/1.1" 200 181 "https://server.mswebtech.com/roundcube/?_task=mail&_mbox=INBOX" "Mozilla/5.0 (Windows NT 10.0; Win64; x64) AppleWebKit/537.36 (KHTML, like Gecko) Chrome/123.0.0.0 Safari/537.36"
122.161.65.100 - - [17/Apr/2024:11:50:52 +0000] "POST /roundcube/?_task=mail&_action=refresh HTTP/1.1" 200 180 "https://server.mswebtech.com/roundcube/?_task=mail&_mbox=INBOX" "Mozilla/5.0 (Windows NT 10.0; Win64; x64) AppleWebKit/537.36 (KHTML, like Gecko) Chrome/123.0.0.0 Safari/537.36"
122.161.65.100 - - [17/Apr/2024:11:51:53 +0000] "POST /roundcube/?_task=mail&_action=refresh HTTP/1.1" 200 180 "https://server.mswebtech.com/roundcube/?_task=mail&_mbox=INBOX" "Mozilla/5.0 (Windows NT 10.0; Win64; x64) AppleWebKit/537.36 (KHTML, like Gecko) Chrome/123.0.0.0 Safari/537.36"
122.161.65.100 - - [17/Apr/2024:11:52:54 +0000] "POST /roundcube/?_task=mail&_action=refresh HTTP/1.1" 200 180 "https://server.mswebtech.com/roundcube/?_task=mail&_mbox=INBOX" "Mozilla/5.0 (Windows NT 10.0; Win64; x64) AppleWebKit/537.36 (KHTML, like Gecko) Chrome/123.0.0.0 Safari/537.36"
122.161.65.100 - - [17/Apr/2024:11:53:55 +0000] "POST /roundcube/?_task=mail&_action=refresh HTTP/1.1" 200 180 "https://server.mswebtech.com/roundcube/?_task=mail&_mbox=INBOX" "Mozilla/5.0 (Windows NT 10.0; Win64; x64) AppleWebKit/537.36 (KHTML, like Gecko) Chrome/123.0.0.0 Safari/537.36"
122.161.65.100 - - [17/Apr/2024:11:54:56 +0000] "POST /roundcube/?_task=mail&_action=refresh HTTP/1.1" 200 180 "https://server.mswebtech.com/roundcube/?_task=mail&_mbox=INBOX" "Mozilla/5.0 (Windows NT 10.0; Win64; x64) AppleWebKit/537.36 (KHTML, like Gecko) Chrome/123.0.0.0 Safari/537.36"
122.161.65.100 - - [17/Apr/2024:11:56:17 +0000] "POST /roundcube/?_task=mail&_action=refresh HTTP/1.1" 200 180 "https://server.mswebtech.com/roundcube/?_task=mail&_mbox=INBOX" "Mozilla/5.0 (Windows NT 10.0; Win64; x64) AppleWebKit/537.36 (KHTML, like Gecko) Chrome/123.0.0.0 Safari/537.36"
122.161.65.100 - - [17/Apr/2024:11:56:58 +0000] "POST /roundcube/?_task=mail&_action=refresh HTTP/1.1" 200 180 "https://server.mswebtech.com/roundcube/?_task=mail&_mbox=INBOX" "Mozilla/5.0 (Windows NT 10.0; Win64; x64) AppleWebKit/537.36 (KHTML, like Gecko) Chrome/123.0.0.0 Safari/537.36"
41.223.30.51 - - [17/Apr/2024:11:57:43 +0000] "GET / HTTP/1.0" 200 5069 "-" "xfa1"
122.161.65.100 - - [17/Apr/2024:11:57:59 +0000] "POST /roundcube/?_task=mail&_action=refresh HTTP/1.1" 200 180 "https://server.mswebtech.com/roundcube/?_task=mail&_mbox=INBOX" "Mozilla/5.0 (Windows NT 10.0; Win64; x64) AppleWebKit/537.36 (KHTML, like Gecko) Chrome/123.0.0.0 Safari/537.36"
122.161.65.100 - - [17/Apr/2024:11:59:01 +0000] "POST /roundcube/?_task=mail&_action=refresh HTTP/1.1" 200 180 "https://server.mswebtech.com/roundcube/?_task=mail&_mbox=INBOX" "Mozilla/5.0 (Windows NT 10.0; Win64; x64) AppleWebKit/537.36 (KHTML, like Gecko) Chrome/123.0.0.0 Safari/537.36"
45.128.232.213 - - [17/Apr/2024:11:59:27 +0000] "POST /_ignition/execute-solution HTTP/1.1" 404 196 "-" "Mozilla/5.0 (Macintosh; Intel Mac OS X 10.6; rv:48.0) Gecko/20100101 Firefox/48.0"
45.128.232.213 - - [17/Apr/2024:11:59:28 +0000] "POST /_ignition/execute-solution HTTP/1.1" 404 196 "-" "Mozilla/5.0 (Windows NT 6.1; WOW64; rv:58.0) Gecko/20100101 Firefox/58.0"
45.128.232.213 - - [17/Apr/2024:11:59:29 +0000] "POST /_ignition/execute-solution HTTP/1.1" 404 196 "-" "Mozilla/5.0 (Windows NT 6.1; Win64; x64; rv:102.0) Gecko/20100101 Firefox/102.0"
45.128.232.213 - - [17/Apr/2024:11:59:31 +0000] "POST /_ignition/execute-solution HTTP/1.1" 404 196 "-" "Mozilla/5.0 (Macintosh; Intel Mac OS X 10_14) AppleWebKit/605.1.15 (KHTML, like Gecko) Version/9.1.2 Safari/605.1.15"
45.128.232.213 - - [17/Apr/2024:11:59:33 +0000] "POST /_ignition/execute-solution HTTP/1.1" 404 196 "-" "Mozilla/5.0 (Windows NT 10.0; Win64; x64) AppleWebKit/537.36 (KHTML, like Gecko) Chrome/87.0.4280.88 Safari/537.36 Edg/87.0.664.66"
45.128.232.213 - - [17/Apr/2024:11:59:35 +0000] "POST /_ignition/execute-solution HTTP/1.1" 404 196 "-" "Mozilla/5.0 (Windows NT 10.0; Win64; x64) AppleWebKit/537.36 (KHTML, like Gecko) Chrome/109.0.0.0 Safari/537.36 Edg/109.0.1476.0"
122.161.65.100 - - [17/Apr/2024:12:00:01 +0000] "POST /roundcube/?_task=mail&_action=refresh HTTP/1.1" 200 180 "https://server.mswebtech.com/roundcube/?_task=mail&_mbox=INBOX" "Mozilla/5.0 (Windows NT 10.0; Win64; x64) AppleWebKit/537.36 (KHTML, like Gecko) Chrome/123.0.0.0 Safari/537.36"
122.161.65.100 - - [17/Apr/2024:12:01:06 +0000] "POST /roundcube/?_task=mail&_action=refresh HTTP/1.1" 200 180 "https://server.mswebtech.com/roundcube/?_task=mail&_mbox=INBOX" "Mozilla/5.0 (Windows NT 10.0; Win64; x64) AppleWebKit/537.36 (KHTML, like Gecko) Chrome/123.0.0.0 Safari/537.36"
122.161.65.100 - - [17/Apr/2024:12:02:03 +0000] "POST /roundcube/?_task=mail&_action=refresh HTTP/1.1" 200 180 "https://server.mswebtech.com/roundcube/?_task=mail&_mbox=INBOX" "Mozilla/5.0 (Windows NT 10.0; Win64; x64) AppleWebKit/537.36 (KHTML, like Gecko) Chrome/123.0.0.0 Safari/537.36"
122.161.65.100 - - [17/Apr/2024:12:03:04 +0000] "POST /roundcube/?_task=mail&_action=refresh HTTP/1.1" 200 180 "https://server.mswebtech.com/roundcube/?_task=mail&_mbox=INBOX" "Mozilla/5.0 (Windows NT 10.0; Win64; x64) AppleWebKit/537.36 (KHTML, like Gecko) Chrome/123.0.0.0 Safari/537.36"
122.161.65.100 - - [17/Apr/2024:12:04:05 +0000] "POST /roundcube/?_task=mail&_action=refresh HTTP/1.1" 200 180 "https://server.mswebtech.com/roundcube/?_task=mail&_mbox=INBOX" "Mozilla/5.0 (Windows NT 10.0; Win64; x64) AppleWebKit/537.36 (KHTML, like Gecko) Chrome/123.0.0.0 Safari/537.36"
122.161.65.100 - - [17/Apr/2024:12:05:06 +0000] "POST /roundcube/?_task=mail&_action=refresh HTTP/1.1" 200 180 "https://server.mswebtech.com/roundcube/?_task=mail&_mbox=INBOX" "Mozilla/5.0 (Windows NT 10.0; Win64; x64) AppleWebKit/537.36 (KHTML, like Gecko) Chrome/123.0.0.0 Safari/537.36"
172.105.128.13 - - [17/Apr/2024:12:05:23 +0000] "GET / HTTP/1.1" 200 1971 "-" "Mozilla/5.0 (Macintosh; Intel Mac OS X 13_1) AppleWebKit/537.36 (KHTML, like Gecko) Chrome/108.0.0.0 Safari/537.36"
122.161.65.100 - - [17/Apr/2024:12:06:07 +0000] "POST /roundcube/?_task=mail&_action=refresh HTTP/1.1" 200 180 "https://server.mswebtech.com/roundcube/?_task=mail&_mbox=INBOX" "Mozilla/5.0 (Windows NT 10.0; Win64; x64) AppleWebKit/537.36 (KHTML, like Gecko) Chrome/123.0.0.0 Safari/537.36"
122.161.65.100 - - [17/Apr/2024:12:07:08 +0000] "POST /roundcube/?_task=mail&_action=refresh HTTP/1.1" 200 181 "https://server.mswebtech.com/roundcube/?_task=mail&_mbox=INBOX" "Mozilla/5.0 (Windows NT 10.0; Win64; x64) AppleWebKit/537.36 (KHTML, like Gecko) Chrome/123.0.0.0 Safari/537.36"
122.161.65.100 - - [17/Apr/2024:12:08:09 +0000] "POST /roundcube/?_task=mail&_action=refresh HTTP/1.1" 200 180 "https://server.mswebtech.com/roundcube/?_task=mail&_mbox=INBOX" "Mozilla/5.0 (Windows NT 10.0; Win64; x64) AppleWebKit/537.36 (KHTML, like Gecko) Chrome/123.0.0.0 Safari/537.36"
122.161.65.100 - - [17/Apr/2024:12:09:10 +0000] "POST /roundcube/?_task=mail&_action=refresh HTTP/1.1" 200 180 "https://server.mswebtech.com/roundcube/?_task=mail&_mbox=INBOX" "Mozilla/5.0 (Windows NT 10.0; Win64; x64) AppleWebKit/537.36 (KHTML, like Gecko) Chrome/123.0.0.0 Safari/537.36"
122.161.65.100 - - [17/Apr/2024:12:10:11 +0000] "POST /roundcube/?_task=mail&_action=refresh HTTP/1.1" 200 180 "https://server.mswebtech.com/roundcube/?_task=mail&_mbox=INBOX" "Mozilla/5.0 (Windows NT 10.0; Win64; x64) AppleWebKit/537.36 (KHTML, like Gecko) Chrome/123.0.0.0 Safari/537.36"
3.239.41.110 - - [17/Apr/2024:12:11:02 +0000] "GET / HTTP/1.1" 200 5069 "-" "Mozilla/5.0 (Windows; U; Windows NT 6.1; en-US) AppleWebKit/533.20.25 (KHTML, like Gecko) Version/5.0.4 Safari/533.20.27"
122.161.65.100 - - [17/Apr/2024:12:11:12 +0000] "POST /roundcube/?_task=mail&_action=refresh HTTP/1.1" 200 180 "https://server.mswebtech.com/roundcube/?_task=mail&_mbox=INBOX" "Mozilla/5.0 (Windows NT 10.0; Win64; x64) AppleWebKit/537.36 (KHTML, like Gecko) Chrome/123.0.0.0 Safari/537.36"
122.161.65.100 - - [17/Apr/2024:12:12:13 +0000] "POST /roundcube/?_task=mail&_action=refresh HTTP/1.1" 200 180 "https://server.mswebtech.com/roundcube/?_task=mail&_mbox=INBOX" "Mozilla/5.0 (Windows NT 10.0; Win64; x64) AppleWebKit/537.36 (KHTML, like Gecko) Chrome/123.0.0.0 Safari/537.36"
122.161.65.100 - - [17/Apr/2024:12:13:14 +0000] "POST /roundcube/?_task=mail&_action=refresh HTTP/1.1" 200 180 "https://server.mswebtech.com/roundcube/?_task=mail&_mbox=INBOX" "Mozilla/5.0 (Windows NT 10.0; Win64; x64) AppleWebKit/537.36 (KHTML, like Gecko) Chrome/123.0.0.0 Safari/537.36"
69.164.217.74 - - [17/Apr/2024:12:13:24 +0000] "GET / HTTP/1.1" 400 255 "-" "Mozilla/5.0 zgrab/0.x"
122.161.65.100 - - [17/Apr/2024:12:14:15 +0000] "POST /roundcube/?_task=mail&_action=refresh HTTP/1.1" 200 180 "https://server.mswebtech.com/roundcube/?_task=mail&_mbox=INBOX" "Mozilla/5.0 (Windows NT 10.0; Win64; x64) AppleWebKit/537.36 (KHTML, like Gecko) Chrome/123.0.0.0 Safari/537.36"
122.161.65.100 - - [17/Apr/2024:12:15:16 +0000] "POST /roundcube/?_task=mail&_action=refresh HTTP/1.1" 200 180 "https://server.mswebtech.com/roundcube/?_task=mail&_mbox=INBOX" "Mozilla/5.0 (Windows NT 10.0; Win64; x64) AppleWebKit/537.36 (KHTML, like Gecko) Chrome/123.0.0.0 Safari/537.36"
122.161.65.100 - - [17/Apr/2024:12:16:17 +0000] "POST /roundcube/?_task=mail&_action=refresh HTTP/1.1" 200 180 "https://server.mswebtech.com/roundcube/?_task=mail&_mbox=INBOX" "Mozilla/5.0 (Windows NT 10.0; Win64; x64) AppleWebKit/537.36 (KHTML, like Gecko) Chrome/123.0.0.0 Safari/537.36"
122.161.65.100 - - [17/Apr/2024:12:17:18 +0000] "POST /roundcube/?_task=mail&_action=refresh HTTP/1.1" 200 180 "https://server.mswebtech.com/roundcube/?_task=mail&_mbox=INBOX" "Mozilla/5.0 (Windows NT 10.0; Win64; x64) AppleWebKit/537.36 (KHTML, like Gecko) Chrome/123.0.0.0 Safari/537.36"
122.161.65.100 - - [17/Apr/2024:12:18:23 +0000] "POST /roundcube/?_task=mail&_action=refresh HTTP/1.1" 200 180 "https://server.mswebtech.com/roundcube/?_task=mail&_mbox=INBOX" "Mozilla/5.0 (Windows NT 10.0; Win64; x64) AppleWebKit/537.36 (KHTML, like Gecko) Chrome/123.0.0.0 Safari/537.36"
122.161.65.100 - - [17/Apr/2024:12:19:20 +0000] "POST /roundcube/?_task=mail&_action=refresh HTTP/1.1" 200 180 "https://server.mswebtech.com/roundcube/?_task=mail&_mbox=INBOX" "Mozilla/5.0 (Windows NT 10.0; Win64; x64) AppleWebKit/537.36 (KHTML, like Gecko) Chrome/123.0.0.0 Safari/537.36"
122.161.65.100 - - [17/Apr/2024:12:20:21 +0000] "POST /roundcube/?_task=mail&_action=refresh HTTP/1.1" 200 181 "https://server.mswebtech.com/roundcube/?_task=mail&_mbox=INBOX" "Mozilla/5.0 (Windows NT 10.0; Win64; x64) AppleWebKit/537.36 (KHTML, like Gecko) Chrome/123.0.0.0 Safari/537.36"
122.161.65.100 - - [17/Apr/2024:12:21:22 +0000] "POST /roundcube/?_task=mail&_action=refresh HTTP/1.1" 200 181 "https://server.mswebtech.com/roundcube/?_task=mail&_mbox=INBOX" "Mozilla/5.0 (Windows NT 10.0; Win64; x64) AppleWebKit/537.36 (KHTML, like Gecko) Chrome/123.0.0.0 Safari/537.36"
122.161.65.100 - - [17/Apr/2024:12:22:23 +0000] "POST /roundcube/?_task=mail&_action=refresh HTTP/1.1" 200 180 "https://server.mswebtech.com/roundcube/?_task=mail&_mbox=INBOX" "Mozilla/5.0 (Windows NT 10.0; Win64; x64) AppleWebKit/537.36 (KHTML, like Gecko) Chrome/123.0.0.0 Safari/537.36"
122.161.65.100 - - [17/Apr/2024:12:23:24 +0000] "POST /roundcube/?_task=mail&_action=refresh HTTP/1.1" 200 180 "https://server.mswebtech.com/roundcube/?_task=mail&_mbox=INBOX" "Mozilla/5.0 (Windows NT 10.0; Win64; x64) AppleWebKit/537.36 (KHTML, like Gecko) Chrome/123.0.0.0 Safari/537.36"
122.161.65.100 - - [17/Apr/2024:12:24:25 +0000] "POST /roundcube/?_task=mail&_action=refresh HTTP/1.1" 200 180 "https://server.mswebtech.com/roundcube/?_task=mail&_mbox=INBOX" "Mozilla/5.0 (Windows NT 10.0; Win64; x64) AppleWebKit/537.36 (KHTML, like Gecko) Chrome/123.0.0.0 Safari/537.36"
122.161.65.100 - - [17/Apr/2024:12:25:26 +0000] "POST /roundcube/?_task=mail&_action=refresh HTTP/1.1" 200 181 "https://server.mswebtech.com/roundcube/?_task=mail&_mbox=INBOX" "Mozilla/5.0 (Windows NT 10.0; Win64; x64) AppleWebKit/537.36 (KHTML, like Gecko) Chrome/123.0.0.0 Safari/537.36"
122.161.65.100 - - [17/Apr/2024:12:26:27 +0000] "POST /roundcube/?_task=mail&_action=refresh HTTP/1.1" 200 181 "https://server.mswebtech.com/roundcube/?_task=mail&_mbox=INBOX" "Mozilla/5.0 (Windows NT 10.0; Win64; x64) AppleWebKit/537.36 (KHTML, like Gecko) Chrome/123.0.0.0 Safari/537.36"
122.161.65.100 - - [17/Apr/2024:12:27:28 +0000] "POST /roundcube/?_task=mail&_action=refresh HTTP/1.1" 200 181 "https://server.mswebtech.com/roundcube/?_task=mail&_mbox=INBOX" "Mozilla/5.0 (Windows NT 10.0; Win64; x64) AppleWebKit/537.36 (KHTML, like Gecko) Chrome/123.0.0.0 Safari/537.36"
122.161.65.100 - - [17/Apr/2024:12:28:29 +0000] "POST /roundcube/?_task=mail&_action=refresh HTTP/1.1" 200 180 "https://server.mswebtech.com/roundcube/?_task=mail&_mbox=INBOX" "Mozilla/5.0 (Windows NT 10.0; Win64; x64) AppleWebKit/537.36 (KHTML, like Gecko) Chrome/123.0.0.0 Safari/537.36"
122.161.65.100 - - [17/Apr/2024:12:29:30 +0000] "POST /roundcube/?_task=mail&_action=refresh HTTP/1.1" 200 180 "https://server.mswebtech.com/roundcube/?_task=mail&_mbox=INBOX" "Mozilla/5.0 (Windows NT 10.0; Win64; x64) AppleWebKit/537.36 (KHTML, like Gecko) Chrome/123.0.0.0 Safari/537.36"
122.161.65.100 - - [17/Apr/2024:12:30:31 +0000] "POST /roundcube/?_task=mail&_action=refresh HTTP/1.1" 200 180 "https://server.mswebtech.com/roundcube/?_task=mail&_mbox=INBOX" "Mozilla/5.0 (Windows NT 10.0; Win64; x64) AppleWebKit/537.36 (KHTML, like Gecko) Chrome/123.0.0.0 Safari/537.36"
122.161.65.100 - - [17/Apr/2024:12:31:32 +0000] "POST /roundcube/?_task=mail&_action=refresh HTTP/1.1" 200 180 "https://server.mswebtech.com/roundcube/?_task=mail&_mbox=INBOX" "Mozilla/5.0 (Windows NT 10.0; Win64; x64) AppleWebKit/537.36 (KHTML, like Gecko) Chrome/123.0.0.0 Safari/537.36"
122.161.65.100 - - [17/Apr/2024:12:32:33 +0000] "POST /roundcube/?_task=mail&_action=refresh HTTP/1.1" 200 179 "https://server.mswebtech.com/roundcube/?_task=mail&_mbox=INBOX" "Mozilla/5.0 (Windows NT 10.0; Win64; x64) AppleWebKit/537.36 (KHTML, like Gecko) Chrome/123.0.0.0 Safari/537.36"
83.97.73.245 - - [17/Apr/2024:12:32:43 +0000] "GET /?XDEBUG_SESSION_START=phpstorm HTTP/1.1" 200 1971 "-" "Mozilla/5.0 (Windows NT 10.0; Win64; x64) AppleWebKit/537.36 (KHTML, like Gecko) Chrome/78.0.3904.108 Safari/537.36"
192.155.90.118 - - [17/Apr/2024:12:33:24 +0000] "GET / HTTP/1.1" 200 1971 "-" "Mozilla/5.0 (Macintosh; Intel Mac OS X 13_1) AppleWebKit/537.36 (KHTML, like Gecko) Chrome/108.0.0.0 Safari/537.36"
122.161.65.100 - - [17/Apr/2024:12:33:34 +0000] "POST /roundcube/?_task=mail&_action=refresh HTTP/1.1" 200 180 "https://server.mswebtech.com/roundcube/?_task=mail&_mbox=INBOX" "Mozilla/5.0 (Windows NT 10.0; Win64; x64) AppleWebKit/537.36 (KHTML, like Gecko) Chrome/123.0.0.0 Safari/537.36"
122.161.65.100 - - [17/Apr/2024:12:35:36 +0000] "POST /roundcube/?_task=mail&_action=refresh HTTP/1.1" 200 180 "https://server.mswebtech.com/roundcube/?_task=mail&_mbox=INBOX" "Mozilla/5.0 (Windows NT 10.0; Win64; x64) AppleWebKit/537.36 (KHTML, like Gecko) Chrome/123.0.0.0 Safari/537.36"
185.191.126.213 - - [17/Apr/2024:12:36:54 +0000] "GET / HTTP/1.1" 400 255 "-" "-"
122.161.65.100 - - [17/Apr/2024:12:37:36 +0000] "POST /roundcube/?_task=mail&_action=refresh HTTP/1.1" 200 180 "https://server.mswebtech.com/roundcube/?_task=mail&_mbox=INBOX" "Mozilla/5.0 (Windows NT 10.0; Win64; x64) AppleWebKit/537.36 (KHTML, like Gecko) Chrome/123.0.0.0 Safari/537.36"
122.161.65.100 - - [17/Apr/2024:12:38:37 +0000] "POST /roundcube/?_task=mail&_action=refresh HTTP/1.1" 200 180 "https://server.mswebtech.com/roundcube/?_task=mail&_mbox=INBOX" "Mozilla/5.0 (Windows NT 10.0; Win64; x64) AppleWebKit/537.36 (KHTML, like Gecko) Chrome/123.0.0.0 Safari/537.36"
122.161.65.100 - - [17/Apr/2024:12:39:38 +0000] "POST /roundcube/?_task=mail&_action=refresh HTTP/1.1" 200 180 "https://server.mswebtech.com/roundcube/?_task=mail&_mbox=INBOX" "Mozilla/5.0 (Windows NT 10.0; Win64; x64) AppleWebKit/537.36 (KHTML, like Gecko) Chrome/123.0.0.0 Safari/537.36"
122.161.65.100 - - [17/Apr/2024:12:40:39 +0000] "POST /roundcube/?_task=mail&_action=refresh HTTP/1.1" 200 181 "https://server.mswebtech.com/roundcube/?_task=mail&_mbox=INBOX" "Mozilla/5.0 (Windows NT 10.0; Win64; x64) AppleWebKit/537.36 (KHTML, like Gecko) Chrome/123.0.0.0 Safari/537.36"
122.161.65.100 - - [17/Apr/2024:12:41:40 +0000] "POST /roundcube/?_task=mail&_action=refresh HTTP/1.1" 200 180 "https://server.mswebtech.com/roundcube/?_task=mail&_mbox=INBOX" "Mozilla/5.0 (Windows NT 10.0; Win64; x64) AppleWebKit/537.36 (KHTML, like Gecko) Chrome/123.0.0.0 Safari/537.36"
122.161.65.100 - - [17/Apr/2024:12:42:41 +0000] "POST /roundcube/?_task=mail&_action=refresh HTTP/1.1" 200 180 "https://server.mswebtech.com/roundcube/?_task=mail&_mbox=INBOX" "Mozilla/5.0 (Windows NT 10.0; Win64; x64) AppleWebKit/537.36 (KHTML, like Gecko) Chrome/123.0.0.0 Safari/537.36"
122.161.65.100 - - [17/Apr/2024:12:43:42 +0000] "POST /roundcube/?_task=mail&_action=refresh HTTP/1.1" 200 181 "https://server.mswebtech.com/roundcube/?_task=mail&_mbox=INBOX" "Mozilla/5.0 (Windows NT 10.0; Win64; x64) AppleWebKit/537.36 (KHTML, like Gecko) Chrome/123.0.0.0 Safari/537.36"
122.161.65.100 - - [17/Apr/2024:12:44:43 +0000] "POST /roundcube/?_task=mail&_action=refresh HTTP/1.1" 200 181 "https://server.mswebtech.com/roundcube/?_task=mail&_mbox=INBOX" "Mozilla/5.0 (Windows NT 10.0; Win64; x64) AppleWebKit/537.36 (KHTML, like Gecko) Chrome/123.0.0.0 Safari/537.36"
122.161.65.100 - - [17/Apr/2024:12:45:44 +0000] "POST /roundcube/?_task=mail&_action=refresh HTTP/1.1" 200 181 "https://server.mswebtech.com/roundcube/?_task=mail&_mbox=INBOX" "Mozilla/5.0 (Windows NT 10.0; Win64; x64) AppleWebKit/537.36 (KHTML, like Gecko) Chrome/123.0.0.0 Safari/537.36"
122.161.65.100 - - [17/Apr/2024:12:46:45 +0000] "POST /roundcube/?_task=mail&_action=refresh HTTP/1.1" 200 181 "https://server.mswebtech.com/roundcube/?_task=mail&_mbox=INBOX" "Mozilla/5.0 (Windows NT 10.0; Win64; x64) AppleWebKit/537.36 (KHTML, like Gecko) Chrome/123.0.0.0 Safari/537.36"
122.161.65.100 - - [17/Apr/2024:12:47:46 +0000] "POST /roundcube/?_task=mail&_action=refresh HTTP/1.1" 200 180 "https://server.mswebtech.com/roundcube/?_task=mail&_mbox=INBOX" "Mozilla/5.0 (Windows NT 10.0; Win64; x64) AppleWebKit/537.36 (KHTML, like Gecko) Chrome/123.0.0.0 Safari/537.36"
122.161.65.100 - - [17/Apr/2024:12:48:47 +0000] "POST /roundcube/?_task=mail&_action=refresh HTTP/1.1" 200 180 "https://server.mswebtech.com/roundcube/?_task=mail&_mbox=INBOX" "Mozilla/5.0 (Windows NT 10.0; Win64; x64) AppleWebKit/537.36 (KHTML, like Gecko) Chrome/123.0.0.0 Safari/537.36"
47.91.125.252 - - [17/Apr/2024:12:49:07 +0000] "GET /dns-query?dns=q80BAAABAAAAAAAAA3d3dwdleGFtcGxlA2NvbQAAAQAB HTTP/1.1" 404 196 "-" "Go-http-client/1.1"
47.91.125.252 - - [17/Apr/2024:12:49:07 +0000] "POST /dns-query HTTP/1.1" 403 199 "-" "Go-http-client/1.1"
47.91.125.252 - - [17/Apr/2024:12:49:07 +0000] "GET /dns-query?name=example.com&type=A HTTP/1.1" 404 196 "-" "Go-http-client/1.1"
47.91.125.252 - - [17/Apr/2024:12:49:07 +0000] "GET /dns-query?dns=q80BAAABAAAAAAAAA3d3dwdleGFtcGxlA2NvbQAAAQAB HTTP/1.1" 404 196 "-" "Go-http-client/1.1"
47.91.125.252 - - [17/Apr/2024:12:49:08 +0000] "POST /dns-query HTTP/1.1" 403 199 "-" "Go-http-client/1.1"
47.91.125.252 - - [17/Apr/2024:12:49:08 +0000] "GET /dns-query?name=example.com&type=A HTTP/1.1" 404 196 "-" "Go-http-client/1.1"
47.91.125.252 - - [17/Apr/2024:12:49:08 +0000] "GET /query?dns=q80BAAABAAAAAAAAA3d3dwdleGFtcGxlA2NvbQAAAQAB HTTP/1.1" 404 196 "-" "Go-http-client/1.1"
47.91.125.252 - - [17/Apr/2024:12:49:09 +0000] "POST /query HTTP/1.1" 403 199 "-" "Go-http-client/1.1"
47.91.125.252 - - [17/Apr/2024:12:49:09 +0000] "GET /query?name=example.com&type=A HTTP/1.1" 404 196 "-" "Go-http-client/1.1"
47.91.125.252 - - [17/Apr/2024:12:49:09 +0000] "GET /query?dns=q80BAAABAAAAAAAAA3d3dwdleGFtcGxlA2NvbQAAAQAB HTTP/1.1" 404 196 "-" "Go-http-client/1.1"
47.91.125.252 - - [17/Apr/2024:12:49:09 +0000] "POST /query HTTP/1.1" 403 199 "-" "Go-http-client/1.1"
47.91.125.252 - - [17/Apr/2024:12:49:10 +0000] "GET /query?name=example.com&type=A HTTP/1.1" 404 196 "-" "Go-http-client/1.1"
47.91.125.252 - - [17/Apr/2024:12:49:10 +0000] "GET /resolve?dns=q80BAAABAAAAAAAAA3d3dwdleGFtcGxlA2NvbQAAAQAB HTTP/1.1" 404 196 "-" "Go-http-client/1.1"
47.91.125.252 - - [17/Apr/2024:12:49:10 +0000] "POST /resolve HTTP/1.1" 403 199 "-" "Go-http-client/1.1"
47.91.125.252 - - [17/Apr/2024:12:49:11 +0000] "GET /resolve?name=example.com&type=A HTTP/1.1" 404 196 "-" "Go-http-client/1.1"
47.91.125.252 - - [17/Apr/2024:12:49:11 +0000] "GET /resolve?dns=q80BAAABAAAAAAAAA3d3dwdleGFtcGxlA2NvbQAAAQAB HTTP/1.1" 404 196 "-" "Go-http-client/1.1"
47.91.125.252 - - [17/Apr/2024:12:49:11 +0000] "POST /resolve HTTP/1.1" 403 199 "-" "Go-http-client/1.1"
122.161.65.100 - - [17/Apr/2024:12:49:48 +0000] "POST /roundcube/?_task=mail&_action=refresh HTTP/1.1" 200 180 "https://server.mswebtech.com/roundcube/?_task=mail&_mbox=INBOX" "Mozilla/5.0 (Windows NT 10.0; Win64; x64) AppleWebKit/537.36 (KHTML, like Gecko) Chrome/123.0.0.0 Safari/537.36"
122.161.65.100 - - [17/Apr/2024:12:50:49 +0000] "POST /roundcube/?_task=mail&_action=refresh HTTP/1.1" 200 180 "https://server.mswebtech.com/roundcube/?_task=mail&_mbox=INBOX" "Mozilla/5.0 (Windows NT 10.0; Win64; x64) AppleWebKit/537.36 (KHTML, like Gecko) Chrome/123.0.0.0 Safari/537.36"
122.161.65.100 - - [17/Apr/2024:12:51:50 +0000] "POST /roundcube/?_task=mail&_action=refresh HTTP/1.1" 200 180 "https://server.mswebtech.com/roundcube/?_task=mail&_mbox=INBOX" "Mozilla/5.0 (Windows NT 10.0; Win64; x64) AppleWebKit/537.36 (KHTML, like Gecko) Chrome/123.0.0.0 Safari/537.36"
122.161.65.100 - - [17/Apr/2024:12:52:51 +0000] "POST /roundcube/?_task=mail&_action=refresh HTTP/1.1" 200 180 "https://server.mswebtech.com/roundcube/?_task=mail&_mbox=INBOX" "Mozilla/5.0 (Windows NT 10.0; Win64; x64) AppleWebKit/537.36 (KHTML, like Gecko) Chrome/123.0.0.0 Safari/537.36"
122.161.65.100 - - [17/Apr/2024:12:53:52 +0000] "POST /roundcube/?_task=mail&_action=refresh HTTP/1.1" 200 180 "https://server.mswebtech.com/roundcube/?_task=mail&_mbox=INBOX" "Mozilla/5.0 (Windows NT 10.0; Win64; x64) AppleWebKit/537.36 (KHTML, like Gecko) Chrome/123.0.0.0 Safari/537.36"
