157.230.46.17 - - [11/Apr/2024:03:20:47 +0000] "GET /.env HTTP/1.1" 404 196 "-" "python-httpx/0.27.0"
157.230.46.17 - - [11/Apr/2024:03:20:47 +0000] "POST / HTTP/1.1" 200 1971 "-" "python-httpx/0.27.0"
167.94.138.2 - - [11/Apr/2024:03:35:41 +0000] "GET / HTTP/1.1" 400 255 "-" "Mozilla/5.0 (compatible; CensysInspect/1.1; +https://about.censys.io/)"
167.94.138.2 - - [11/Apr/2024:03:35:41 +0000] "PRI * HTTP/2.0" 400 157 "-" "-"
167.94.138.2 - - [11/Apr/2024:04:05:40 +0000] "GET / HTTP/1.1" 400 255 "-" "Mozilla/5.0 (compatible; CensysInspect/1.1; +https://about.censys.io/)"
167.94.138.2 - - [11/Apr/2024:04:05:41 +0000] "PRI * HTTP/2.0" 400 157 "-" "-"
103.164.81.98 - - [11/Apr/2024:04:16:14 +0000] "GET / HTTP/1.1" 200 1976 "-" "Mozilla/5.0 (Macintosh; Intel Mac OS X 11_1) AppleWebKit/537.36 (KHTML, like Gecko) Chrome/87.0.4280.88 Safari/537.36"
165.154.224.237 - - [11/Apr/2024:04:16:16 +0000] "GET /favicon.ico HTTP/1.1" 404 196 "-" "Mozilla/5.0 (Macintosh; Intel Mac OS X 10_7_0) AppleWebKit/535.11 (KHTML, like Gecko) Chrome/17.0.963.56 Safari/535.11"
45.79.168.172 - - [11/Apr/2024:04:16:34 +0000] "GET / HTTP/1.1" 400 255 "-" "Mozilla/5.0 zgrab/0.x"
172.104.11.34 - - [11/Apr/2024:04:17:14 +0000] "GET / HTTP/1.1" 200 1971 "-" "Mozilla/5.0 (Macintosh; Intel Mac OS X 13_1) AppleWebKit/537.36 (KHTML, like Gecko) Chrome/108.0.0.0 Safari/537.36"
172.104.210.105 - - [11/Apr/2024:04:29:28 +0000] "GET / HTTP/1.1" 400 255 "-" "Mozilla/5.0 zgrab/0.x"
172.104.11.4 - - [11/Apr/2024:04:29:43 +0000] "GET / HTTP/1.1" 200 1971 "-" "Mozilla/5.0 (Macintosh; Intel Mac OS X 13_1) AppleWebKit/537.36 (KHTML, like Gecko) Chrome/108.0.0.0 Safari/537.36"
167.94.138.2 - - [11/Apr/2024:04:35:40 +0000] "GET / HTTP/1.1" 400 255 "-" "Mozilla/5.0 (compatible; CensysInspect/1.1; +https://about.censys.io/)"
167.94.138.2 - - [11/Apr/2024:04:35:40 +0000] "PRI * HTTP/2.0" 400 157 "-" "-"
199.45.155.22 - - [11/Apr/2024:04:49:52 +0000] "\x00\x0E\x08o'\xDE\xFC*\xCF\xFE\xCC\x00\x00\x00\x00\x00" 400 157 "-" "-"
199.45.155.22 - - [11/Apr/2024:04:49:56 +0000] "\x00\x0E8o'\xDE\xFC*\xCF\xFE\xCC\x00\x00\x00\x00\x00" 400 157 "-" "-"
68.183.3.180 - - [11/Apr/2024:04:51:46 +0000] "GET / HTTP/1.1" 400 255 "-" "Go-http-client/1.1"
174.138.61.44 - - [11/Apr/2024:04:59:47 +0000] "GET / HTTP/1.1" 200 1971 "-" "Mozilla/5.0 (Macintosh; Intel Mac OS X 10.13; rv:61.0) Gecko/20100101 Firefox/72.0"
174.138.61.44 - - [11/Apr/2024:04:59:48 +0000] "\x00\x00\x00\x00\x00\x00\x00\x00\x00\x00\x00\x00\x00\x00" 400 157 "-" "-"
174.138.61.44 - - [11/Apr/2024:04:59:48 +0000] "GET / HTTP/1.1" 400 255 "-" "Mozilla/5.0 (Windows NT 6.1; WOW64; rv:54.0) Gecko/20100101 Firefox/70.0"
167.94.138.2 - - [11/Apr/2024:05:05:39 +0000] "GET / HTTP/1.1" 400 255 "-" "Mozilla/5.0 (compatible; CensysInspect/1.1; +https://about.censys.io/)"
167.94.138.2 - - [11/Apr/2024:05:05:40 +0000] "PRI * HTTP/2.0" 400 157 "-" "-"
45.79.163.53 - - [11/Apr/2024:05:06:45 +0000] "GET / HTTP/1.1" 400 255 "-" "Mozilla/5.0 zgrab/0.x"
167.94.138.2 - - [11/Apr/2024:05:35:39 +0000] "GET / HTTP/1.1" 400 255 "-" "Mozilla/5.0 (compatible; CensysInspect/1.1; +https://about.censys.io/)"
167.94.138.2 - - [11/Apr/2024:05:35:40 +0000] "PRI * HTTP/2.0" 400 157 "-" "-"
66.249.68.1 - - [11/Apr/2024:05:47:18 +0000] "GET /robots.txt HTTP/1.1" 404 196 "-" "Mozilla/5.0 (compatible; Googlebot/2.1; +http://www.google.com/bot.html)"
66.249.68.7 - - [11/Apr/2024:05:47:28 +0000] "GET /ads.txt HTTP/1.1" 404 196 "-" "Mozilla/5.0 (compatible; Googlebot/2.1; +http://www.google.com/bot.html)"
165.22.24.67 - - [11/Apr/2024:05:54:03 +0000] "GET / HTTP/1.1" 400 255 "-" "Mozilla/5.0 (compatible; Odin; https://docs.getodin.com/)"
165.22.24.67 - - [11/Apr/2024:05:54:04 +0000] "GET / HTTP/1.1" 200 1971 "-" "Mozilla/5.0 (compatible; Odin; https://docs.getodin.com/)"
165.22.24.67 - - [11/Apr/2024:05:54:04 +0000] "GET /favicon.ico HTTP/1.1" 404 196 "-" "Go-http-client/1.1"
106.75.179.91 - - [11/Apr/2024:06:00:07 +0000] "POST /cgi-bin/.%2e/.%2e/.%2e/.%2e/.%2e/.%2e/.%2e/.%2e/.%2e/.%2e/bin/sh HTTP/1.1" 400 157 "-" "-"
106.75.179.91 - - [11/Apr/2024:06:00:08 +0000] "POST /cgi-bin/%%32%65%%32%65/%%32%65%%32%65/%%32%65%%32%65/%%32%65%%32%65/%%32%65%%32%65/%%32%65%%32%65/%%32%65%%32%65/bin/sh HTTP/1.1" 400 157 "-" "-"
167.94.138.2 - - [11/Apr/2024:06:05:41 +0000] "GET / HTTP/1.1" 400 255 "-" "Mozilla/5.0 (compatible; CensysInspect/1.1; +https://about.censys.io/)"
167.94.138.2 - - [11/Apr/2024:06:05:42 +0000] "PRI * HTTP/2.0" 400 157 "-" "-"
172.104.210.105 - - [11/Apr/2024:06:23:24 +0000] "GET / HTTP/1.1" 400 255 "-" "Mozilla/5.0 zgrab/0.x"
167.94.138.2 - - [11/Apr/2024:06:35:41 +0000] "GET / HTTP/1.1" 400 255 "-" "Mozilla/5.0 (compatible; CensysInspect/1.1; +https://about.censys.io/)"
167.94.138.2 - - [11/Apr/2024:06:35:42 +0000] "PRI * HTTP/2.0" 400 157 "-" "-"
45.79.128.205 - - [11/Apr/2024:06:40:04 +0000] "GET / HTTP/1.1" 200 1971 "-" "Mozilla/5.0 (Macintosh; Intel Mac OS X 13_1) AppleWebKit/537.36 (KHTML, like Gecko) Chrome/108.0.0.0 Safari/537.36"
198.199.111.87 - - [11/Apr/2024:06:41:41 +0000] "GET / HTTP/1.1" 400 255 "-" "Mozilla/5.0 zgrab/0.x"
35.187.98.121 - - [11/Apr/2024:06:56:46 +0000] "GET / HTTP/1.1" 200 1971 "-" "python-requests/2.31.0"
167.94.138.2 - - [11/Apr/2024:07:05:40 +0000] "GET / HTTP/1.1" 400 255 "-" "Mozilla/5.0 (compatible; CensysInspect/1.1; +https://about.censys.io/)"
167.94.138.2 - - [11/Apr/2024:07:05:41 +0000] "PRI * HTTP/2.0" 400 157 "-" "-"
54.36.149.93 - - [11/Apr/2024:07:29:24 +0000] "GET / HTTP/1.1" 200 4571 "-" "Mozilla/5.0 (compatible; AhrefsBot/7.0; +http://ahrefs.com/robot/)"
167.94.138.2 - - [11/Apr/2024:07:35:40 +0000] "GET / HTTP/1.1" 400 255 "-" "Mozilla/5.0 (compatible; CensysInspect/1.1; +https://about.censys.io/)"
167.94.138.2 - - [11/Apr/2024:07:35:41 +0000] "PRI * HTTP/2.0" 400 157 "-" "-"
8.211.44.179 - - [11/Apr/2024:07:36:36 +0000] "POST /cgi-bin/.%2e/.%2e/.%2e/.%2e/.%2e/.%2e/.%2e/.%2e/.%2e/.%2e/bin/sh HTTP/1.1" 400 157 "-" "-"
8.211.44.179 - - [11/Apr/2024:07:36:37 +0000] "POST /cgi-bin/%%32%65%%32%65/%%32%65%%32%65/%%32%65%%32%65/%%32%65%%32%65/%%32%65%%32%65/%%32%65%%32%65/%%32%65%%32%65/bin/sh HTTP/1.1" 400 157 "-" "-"
8.211.44.179 - - [11/Apr/2024:07:36:37 +0000] "GET /vendor/phpunit/phpunit/src/Util/PHP/eval-stdin.php HTTP/1.1" 403 199 "-" "Custom-AsyncHttpClient"
8.211.44.179 - - [11/Apr/2024:07:36:37 +0000] "GET /vendor/phpunit/phpunit/Util/PHP/eval-stdin.php HTTP/1.1" 403 199 "-" "Custom-AsyncHttpClient"
8.211.44.179 - - [11/Apr/2024:07:36:38 +0000] "GET /vendor/phpunit/src/Util/PHP/eval-stdin.php HTTP/1.1" 403 199 "-" "Custom-AsyncHttpClient"
8.211.44.179 - - [11/Apr/2024:07:36:38 +0000] "GET /vendor/phpunit/Util/PHP/eval-stdin.php HTTP/1.1" 403 199 "-" "Custom-AsyncHttpClient"
8.211.44.179 - - [11/Apr/2024:07:36:38 +0000] "GET /vendor/phpunit/phpunit/LICENSE/eval-stdin.php HTTP/1.1" 403 199 "-" "Custom-AsyncHttpClient"
8.211.44.179 - - [11/Apr/2024:07:36:38 +0000] "GET /vendor/vendor/phpunit/phpunit/src/Util/PHP/eval-stdin.php HTTP/1.1" 403 199 "-" "Custom-AsyncHttpClient"
8.211.44.179 - - [11/Apr/2024:07:36:39 +0000] "GET /phpunit/phpunit/src/Util/PHP/eval-stdin.php HTTP/1.1" 403 199 "-" "Custom-AsyncHttpClient"
8.211.44.179 - - [11/Apr/2024:07:36:39 +0000] "GET /phpunit/phpunit/Util/PHP/eval-stdin.php HTTP/1.1" 403 199 "-" "Custom-AsyncHttpClient"
8.211.44.179 - - [11/Apr/2024:07:36:39 +0000] "GET /phpunit/src/Util/PHP/eval-stdin.php HTTP/1.1" 403 199 "-" "Custom-AsyncHttpClient"
8.211.44.179 - - [11/Apr/2024:07:36:39 +0000] "GET /phpunit/Util/PHP/eval-stdin.php HTTP/1.1" 403 199 "-" "Custom-AsyncHttpClient"
199.45.154.70 - - [11/Apr/2024:07:58:41 +0000] "\x00\x0E\x08w\xFFU\x83^;\x99\xE2\x00\x00\x00\x00\x00" 400 157 "-" "-"
199.45.154.70 - - [11/Apr/2024:07:58:42 +0000] "\x00\x0E8w\xFFU\x83^;\x99\xE2\x00\x00\x00\x00\x00" 400 157 "-" "-"
217.182.77.78 - - [11/Apr/2024:07:58:55 +0000] "GET / HTTP/1.1" 200 1971 "-" "Mozilla/5.0 (Windows NT 10.0; Win64; x64; rv:120.0) Gecko/20100101 Firefox/120.0"
167.94.138.2 - - [11/Apr/2024:08:05:40 +0000] "GET / HTTP/1.1" 400 255 "-" "Mozilla/5.0 (compatible; CensysInspect/1.1; +https://about.censys.io/)"
167.94.138.2 - - [11/Apr/2024:08:05:41 +0000] "PRI * HTTP/2.0" 400 157 "-" "-"
77.74.177.119 - - [11/Apr/2024:08:07:40 +0000] "GET / HTTP/1.1" 200 1971 "-" "Mozilla/5.0 (Linux; arm_64; Android 12; CPH2205) AppleWebKit/537.36 (KHTML, like Gecko) Chrome/110.0.0.0 YaBrowser/23.3.3.86.00 SA/3 Mobile Safari/537.36"
52.167.144.58 - - [11/Apr/2024:08:11:26 +0000] "GET /robots.txt HTTP/1.1" 404 196 "-" "Mozilla/5.0 AppleWebKit/537.36 (KHTML, like Gecko; compatible; bingbot/2.0; +http://www.bing.com/bingbot.htm) Chrome/116.0.1938.76 Safari/537.36"
52.167.144.58 - - [11/Apr/2024:08:11:26 +0000] "GET /robots.txt HTTP/1.1" 404 196 "-" "Mozilla/5.0 AppleWebKit/537.36 (KHTML, like Gecko; compatible; bingbot/2.0; +http://www.bing.com/bingbot.htm) Chrome/116.0.1938.76 Safari/537.36"
52.167.144.234 - - [11/Apr/2024:08:11:36 +0000] "GET /sitemap.xml.gz HTTP/1.1" 404 196 "-" "Mozilla/5.0 AppleWebKit/537.36 (KHTML, like Gecko; compatible; bingbot/2.0; +http://www.bing.com/bingbot.htm) Chrome/116.0.1938.76 Safari/537.36"
167.94.138.2 - - [11/Apr/2024:08:35:41 +0000] "GET / HTTP/1.1" 400 255 "-" "Mozilla/5.0 (compatible; CensysInspect/1.1; +https://about.censys.io/)"
167.94.138.2 - - [11/Apr/2024:08:35:41 +0000] "PRI * HTTP/2.0" 400 157 "-" "-"
172.104.210.105 - - [11/Apr/2024:08:35:57 +0000] "GET / HTTP/1.1" 400 255 "-" "Mozilla/5.0 zgrab/0.x"
172.104.210.105 - - [11/Apr/2024:08:52:44 +0000] "GET / HTTP/1.1" 400 255 "-" "Mozilla/5.0 zgrab/0.x"
172.104.210.105 - - [11/Apr/2024:09:03:56 +0000] "GET / HTTP/1.1" 400 255 "-" "Mozilla/5.0 zgrab/0.x"
172.104.11.46 - - [11/Apr/2024:09:04:22 +0000] "GET / HTTP/1.1" 200 1971 "-" "Mozilla/5.0 (Macintosh; Intel Mac OS X 13_1) AppleWebKit/537.36 (KHTML, like Gecko) Chrome/108.0.0.0 Safari/537.36"
167.94.138.2 - - [11/Apr/2024:09:05:41 +0000] "GET / HTTP/1.1" 400 255 "-" "Mozilla/5.0 (compatible; CensysInspect/1.1; +https://about.censys.io/)"
167.94.138.2 - - [11/Apr/2024:09:05:42 +0000] "PRI * HTTP/2.0" 400 157 "-" "-"
45.79.181.179 - - [11/Apr/2024:09:08:29 +0000] "GET / HTTP/1.1" 200 1971 "-" "Mozilla/5.0 (Macintosh; Intel Mac OS X 13_1) AppleWebKit/537.36 (KHTML, like Gecko) Chrome/108.0.0.0 Safari/537.36"
45.142.182.118 - - [11/Apr/2024:09:10:21 +0000] "GET / HTTP/1.1" 400 255 "-" "Hello World"
192.155.90.118 - - [11/Apr/2024:09:10:53 +0000] "GET / HTTP/1.1" 200 1971 "-" "Mozilla/5.0 (Macintosh; Intel Mac OS X 13_1) AppleWebKit/537.36 (KHTML, like Gecko) Chrome/108.0.0.0 Safari/537.36"
52.167.144.16 - - [11/Apr/2024:09:13:43 +0000] "GET /sitemap.xml.gz HTTP/1.1" 404 196 "-" "Mozilla/5.0 AppleWebKit/537.36 (KHTML, like Gecko; compatible; bingbot/2.0; +http://www.bing.com/bingbot.htm) Chrome/116.0.1938.76 Safari/537.36"
45.79.181.104 - - [11/Apr/2024:09:16:29 +0000] "GET / HTTP/1.1" 200 1971 "-" "Mozilla/5.0 (Macintosh; Intel Mac OS X 13_1) AppleWebKit/537.36 (KHTML, like Gecko) Chrome/108.0.0.0 Safari/537.36"
167.94.138.2 - - [11/Apr/2024:09:35:41 +0000] "GET / HTTP/1.1" 400 255 "-" "Mozilla/5.0 (compatible; CensysInspect/1.1; +https://about.censys.io/)"
167.94.138.2 - - [11/Apr/2024:09:35:42 +0000] "PRI * HTTP/2.0" 400 157 "-" "-"
45.79.181.251 - - [11/Apr/2024:09:51:13 +0000] "GET / HTTP/1.1" 200 1971 "-" "Mozilla/5.0 (Macintosh; Intel Mac OS X 13_1) AppleWebKit/537.36 (KHTML, like Gecko) Chrome/108.0.0.0 Safari/537.36"
167.94.138.2 - - [11/Apr/2024:10:05:41 +0000] "GET / HTTP/1.1" 400 255 "-" "Mozilla/5.0 (compatible; CensysInspect/1.1; +https://about.censys.io/)"
167.94.138.2 - - [11/Apr/2024:10:05:42 +0000] "PRI * HTTP/2.0" 400 157 "-" "-"
165.154.119.217 - - [11/Apr/2024:10:06:07 +0000] "GET / HTTP/1.1" 200 5069 "-" "Mozilla/5.0 (Macintosh; Intel Mac OS X 10_15_7) AppleWebKit/537.36 (KHTML, like Gecko) Chrome/120.0.0.0 Safari/537.36 Edg/120.0.0.0"
165.154.119.217 - - [11/Apr/2024:10:06:26 +0000] "GET /favicon.ico HTTP/1.1" 404 196 "-" "Mozilla/5.0 (Macintosh; Intel Mac OS X 10_7_0) AppleWebKit/535.11 (KHTML, like Gecko) Chrome/17.0.963.56 Safari/535.11"
165.154.119.217 - - [11/Apr/2024:10:06:26 +0000] "GET /robots.txt HTTP/1.1" 404 196 "-" "Mozilla/5.0 (Macintosh; Intel Mac OS X 10_7_0) AppleWebKit/535.11 (KHTML, like Gecko) Chrome/17.0.963.56 Safari/535.11"
165.154.119.217 - - [11/Apr/2024:10:06:27 +0000] "GET /sitemap.xml HTTP/1.1" 404 196 "-" "Mozilla/5.0 (Macintosh; Intel Mac OS X 10_7_0) AppleWebKit/535.11 (KHTML, like Gecko) Chrome/17.0.963.56 Safari/535.11"
165.154.119.217 - - [11/Apr/2024:10:06:33 +0000] "GET / HTTP/1.1" 200 1971 "-" "Mozilla/5.0 (Macintosh; Intel Mac OS X 10_14_6) AppleWebKit/537.36 (KHTML, like Gecko) Chrome/81.0.4044.138 Safari/537.36"
35.203.210.16 - - [11/Apr/2024:10:07:40 +0000] "GET / HTTP/1.1" 200 5069 "-" "Expanse, a Palo Alto Networks company, searches across the global IPv4 space multiple times per day to identify customers&#39; presences on the Internet. If you would like to be excluded from our scans, please send IP addresses/domains to: scaninfo@paloaltonetworks.com"
54.187.38.188 - - [11/Apr/2024:10:16:54 +0000] "GET / HTTP/1.1" 200 4571 "-" "Mozilla/5.0 (X11; Linux x86_64) AppleWebKit/537.36 (KHTML, like Gecko) Chrome/83.0.4103.97 Safari/537.36"
76.50.40.19 - - [11/Apr/2024:10:25:10 +0000] ";\x00\x00\x00q<B\x8D\x910\x04" 400 157 "-" "-"
66.175.213.4 - - [11/Apr/2024:10:28:10 +0000] "GET / HTTP/1.1" 200 1971 "-" "Mozilla/5.0 (Macintosh; Intel Mac OS X 13_1) AppleWebKit/537.36 (KHTML, like Gecko) Chrome/108.0.0.0 Safari/537.36"
69.164.217.245 - - [11/Apr/2024:10:29:08 +0000] "GET / HTTP/1.1" 400 255 "-" "Mozilla/5.0 zgrab/0.x"
45.79.163.53 - - [11/Apr/2024:10:29:27 +0000] "GET / HTTP/1.1" 400 255 "-" "Mozilla/5.0 zgrab/0.x"
172.105.128.12 - - [11/Apr/2024:10:29:36 +0000] "GET / HTTP/1.1" 200 1971 "-" "Mozilla/5.0 (Macintosh; Intel Mac OS X 13_1) AppleWebKit/537.36 (KHTML, like Gecko) Chrome/108.0.0.0 Safari/537.36"
167.94.138.2 - - [11/Apr/2024:10:35:40 +0000] "GET / HTTP/1.1" 400 255 "-" "Mozilla/5.0 (compatible; CensysInspect/1.1; +https://about.censys.io/)"
167.94.138.2 - - [11/Apr/2024:10:35:40 +0000] "PRI * HTTP/2.0" 400 157 "-" "-"
45.79.181.104 - - [11/Apr/2024:10:43:08 +0000] "GET / HTTP/1.1" 200 1971 "-" "Mozilla/5.0 (Macintosh; Intel Mac OS X 13_1) AppleWebKit/537.36 (KHTML, like Gecko) Chrome/108.0.0.0 Safari/537.36"
43.246.208.201 - - [11/Apr/2024:10:50:05 +0000] "GET / HTTP/1.1" 200 1971 "-" "Mozilla/5.0 (Windows NT 10.0; Win64; x64) AppleWebKit/537.36 (KHTML, like Gecko) Chrome/97.0.4692.99 Safari/537.36"
43.246.208.201 - - [11/Apr/2024:10:50:05 +0000] "GET /favicon.ico HTTP/1.1" 404 196 "-" "Go-http-client/1.1"
43.246.208.201 - - [11/Apr/2024:10:50:05 +0000] "GET /favicon.ico HTTP/1.1" 404 196 "-" "Go-http-client/1.1"
43.246.208.201 - - [11/Apr/2024:10:50:06 +0000] "GET /favicon.ico HTTP/1.1" 404 196 "-" "Go-http-client/1.1"
199.45.154.20 - - [11/Apr/2024:10:59:00 +0000] "GET / HTTP/1.1" 200 5069 "-" "-"
199.45.154.20 - - [11/Apr/2024:10:59:27 +0000] "PRI * HTTP/2.0" 400 157 "-" "-"
167.94.138.2 - - [11/Apr/2024:11:05:39 +0000] "GET / HTTP/1.1" 400 255 "-" "Mozilla/5.0 (compatible; CensysInspect/1.1; +https://about.censys.io/)"
167.94.138.2 - - [11/Apr/2024:11:05:40 +0000] "PRI * HTTP/2.0" 400 157 "-" "-"
192.241.235.33 - - [11/Apr/2024:11:14:28 +0000] "GET /version HTTP/1.1" 404 196 "-" "Mozilla/5.0 zgrab/0.x"
192.155.88.231 - - [11/Apr/2024:11:17:24 +0000] "GET / HTTP/1.1" 400 255 "-" "Mozilla/5.0 zgrab/0.x"
101.36.97.205 - - [11/Apr/2024:11:19:01 +0000] "t3 12.1.2" 400 157 "-" "-"
167.94.138.2 - - [11/Apr/2024:11:35:40 +0000] "GET / HTTP/1.1" 400 255 "-" "Mozilla/5.0 (compatible; CensysInspect/1.1; +https://about.censys.io/)"
167.94.138.2 - - [11/Apr/2024:11:35:41 +0000] "PRI * HTTP/2.0" 400 157 "-" "-"
167.94.138.2 - - [11/Apr/2024:12:05:41 +0000] "GET / HTTP/1.1" 400 255 "-" "Mozilla/5.0 (compatible; CensysInspect/1.1; +https://about.censys.io/)"
167.94.138.2 - - [11/Apr/2024:12:05:41 +0000] "PRI * HTTP/2.0" 400 157 "-" "-"
45.79.168.172 - - [11/Apr/2024:12:08:43 +0000] "GET / HTTP/1.1" 400 255 "-" "Mozilla/5.0 zgrab/0.x"
172.104.11.4 - - [11/Apr/2024:12:15:50 +0000] "GET / HTTP/1.1" 200 1971 "-" "Mozilla/5.0 (Macintosh; Intel Mac OS X 13_1) AppleWebKit/537.36 (KHTML, like Gecko) Chrome/108.0.0.0 Safari/537.36"
69.164.217.245 - - [11/Apr/2024:12:22:14 +0000] "GET / HTTP/1.1" 400 255 "-" "Mozilla/5.0 zgrab/0.x"
172.104.11.34 - - [11/Apr/2024:12:22:52 +0000] "GET / HTTP/1.1" 200 1971 "-" "Mozilla/5.0 (Macintosh; Intel Mac OS X 13_1) AppleWebKit/537.36 (KHTML, like Gecko) Chrome/108.0.0.0 Safari/537.36"
45.79.181.179 - - [11/Apr/2024:12:23:43 +0000] "GET / HTTP/1.1" 200 1971 "-" "Mozilla/5.0 (Macintosh; Intel Mac OS X 13_1) AppleWebKit/537.36 (KHTML, like Gecko) Chrome/108.0.0.0 Safari/537.36"
172.105.128.12 - - [11/Apr/2024:12:24:02 +0000] "GET / HTTP/1.1" 200 1971 "-" "Mozilla/5.0 (Macintosh; Intel Mac OS X 13_1) AppleWebKit/537.36 (KHTML, like Gecko) Chrome/108.0.0.0 Safari/537.36"
172.104.11.4 - - [11/Apr/2024:12:24:22 +0000] "GET / HTTP/1.1" 200 1971 "-" "Mozilla/5.0 (Macintosh; Intel Mac OS X 13_1) AppleWebKit/537.36 (KHTML, like Gecko) Chrome/108.0.0.0 Safari/537.36"
172.104.11.51 - - [11/Apr/2024:12:24:46 +0000] "GET / HTTP/1.1" 200 1971 "-" "Mozilla/5.0 (Macintosh; Intel Mac OS X 13_1) AppleWebKit/537.36 (KHTML, like Gecko) Chrome/108.0.0.0 Safari/537.36"
172.104.11.46 - - [11/Apr/2024:12:25:21 +0000] "GET / HTTP/1.1" 200 1971 "-" "Mozilla/5.0 (Macintosh; Intel Mac OS X 13_1) AppleWebKit/537.36 (KHTML, like Gecko) Chrome/108.0.0.0 Safari/537.36"
69.164.217.74 - - [11/Apr/2024:12:25:36 +0000] "GET / HTTP/1.1" 400 255 "-" "Mozilla/5.0 zgrab/0.x"
172.104.11.4 - - [11/Apr/2024:12:26:36 +0000] "GET / HTTP/1.1" 200 1971 "-" "Mozilla/5.0 (Macintosh; Intel Mac OS X 13_1) AppleWebKit/537.36 (KHTML, like Gecko) Chrome/108.0.0.0 Safari/537.36"
45.79.181.179 - - [11/Apr/2024:12:26:38 +0000] "GET / HTTP/1.1" 200 1971 "-" "Mozilla/5.0 (Macintosh; Intel Mac OS X 13_1) AppleWebKit/537.36 (KHTML, like Gecko) Chrome/108.0.0.0 Safari/537.36"
167.94.138.2 - - [11/Apr/2024:12:35:40 +0000] "GET / HTTP/1.1" 400 255 "-" "Mozilla/5.0 (compatible; CensysInspect/1.1; +https://about.censys.io/)"
167.94.138.2 - - [11/Apr/2024:12:35:40 +0000] "PRI * HTTP/2.0" 400 157 "-" "-"
192.155.90.118 - - [11/Apr/2024:12:39:22 +0000] "GET / HTTP/1.1" 200 1971 "-" "Mozilla/5.0 (Macintosh; Intel Mac OS X 13_1) AppleWebKit/537.36 (KHTML, like Gecko) Chrome/108.0.0.0 Safari/537.36"
172.104.11.34 - - [11/Apr/2024:12:40:47 +0000] "GET / HTTP/1.1" 200 1971 "-" "Mozilla/5.0 (Macintosh; Intel Mac OS X 13_1) AppleWebKit/537.36 (KHTML, like Gecko) Chrome/108.0.0.0 Safari/537.36"
167.94.138.35 - - [11/Apr/2024:12:42:39 +0000] "GET / HTTP/1.1" 200 5069 "-" "-"
167.94.138.35 - - [11/Apr/2024:12:42:44 +0000] "GET / HTTP/1.1" 200 1971 "-" "Mozilla/5.0 (compatible; CensysInspect/1.1; +https://about.censys.io/)"
167.94.138.35 - - [11/Apr/2024:12:42:46 +0000] "PRI * HTTP/2.0" 400 157 "-" "-"
167.94.138.35 - - [11/Apr/2024:12:42:47 +0000] "GET /favicon.ico HTTP/1.1" 404 196 "-" "Mozilla/5.0 (compatible; CensysInspect/1.1; +https://about.censys.io/)"
39.104.105.217 - - [11/Apr/2024:12:56:03 +0000] "GET / HTTP/1.1" 200 5069 "-" "Mozilla/5.0 (Windows NT 6.1) AppleWebKit/537.36 (KHTML, like Gecko) Chrome/49.0.2623.112 Safari/537.36"
39.104.105.217 - - [11/Apr/2024:12:56:18 +0000] "GET /favicon.ico HTTP/1.1" 404 196 "-" "Mozilla/5.0 (Windows NT 6.1) AppleWebKit/537.36 (KHTML, like Gecko) Chrome/49.0.2623.112 Safari/537.36"
45.79.172.21 - - [11/Apr/2024:13:01:14 +0000] "GET / HTTP/1.1" 200 1971 "-" "Mozilla/5.0 (Macintosh; Intel Mac OS X 13_1) AppleWebKit/537.36 (KHTML, like Gecko) Chrome/108.0.0.0 Safari/537.36"
167.94.138.2 - - [11/Apr/2024:13:05:39 +0000] "GET / HTTP/1.1" 400 255 "-" "Mozilla/5.0 (compatible; CensysInspect/1.1; +https://about.censys.io/)"
167.94.138.2 - - [11/Apr/2024:13:05:40 +0000] "PRI * HTTP/2.0" 400 157 "-" "-"
45.79.128.205 - - [11/Apr/2024:13:06:35 +0000] "GET / HTTP/1.1" 200 1971 "-" "Mozilla/5.0 (Macintosh; Intel Mac OS X 13_1) AppleWebKit/537.36 (KHTML, like Gecko) Chrome/108.0.0.0 Safari/537.36"
45.79.128.205 - - [11/Apr/2024:13:17:20 +0000] "GET / HTTP/1.1" 200 1971 "-" "Mozilla/5.0 (Macintosh; Intel Mac OS X 13_1) AppleWebKit/537.36 (KHTML, like Gecko) Chrome/108.0.0.0 Safari/537.36"
178.62.216.28 - - [11/Apr/2024:13:19:40 +0000] "GET / HTTP/1.1" 400 255 "-" "Go-http-client/1.1"
45.79.181.104 - - [11/Apr/2024:13:21:36 +0000] "GET / HTTP/1.1" 200 1971 "-" "Mozilla/5.0 (Macintosh; Intel Mac OS X 13_1) AppleWebKit/537.36 (KHTML, like Gecko) Chrome/108.0.0.0 Safari/537.36"
161.35.9.225 - - [11/Apr/2024:13:21:56 +0000] "GET / HTTP/1.1" 200 4571 "-" "Mozilla/5.0 (Macintosh; Intel Mac OS X 10_15_7) AppleWebKit/537.36 (KHTML, like Gecko) Chrome/121.0.0.0 Safari/537.36"
199.45.155.36 - - [11/Apr/2024:13:25:36 +0000] "GET / HTTP/1.1" 200 5069 "-" "-"
199.45.155.36 - - [11/Apr/2024:13:25:43 +0000] "PRI * HTTP/2.0" 400 157 "-" "-"
161.35.113.153 - - [11/Apr/2024:13:34:38 +0000] "GET / HTTP/1.1" 200 1976 "-" "Mozilla/5.0 (Macintosh; Intel Mac OS X 10_15_7) AppleWebKit/537.36 (KHTML, like Gecko) Chrome/121.0.0.0 Safari/537.36"
167.94.138.2 - - [11/Apr/2024:13:35:39 +0000] "GET / HTTP/1.1" 400 255 "-" "Mozilla/5.0 (compatible; CensysInspect/1.1; +https://about.censys.io/)"
167.94.138.2 - - [11/Apr/2024:13:35:40 +0000] "PRI * HTTP/2.0" 400 157 "-" "-"
66.175.213.4 - - [11/Apr/2024:13:52:43 +0000] "GET / HTTP/1.1" 200 1971 "-" "Mozilla/5.0 (Macintosh; Intel Mac OS X 13_1) AppleWebKit/537.36 (KHTML, like Gecko) Chrome/108.0.0.0 Safari/537.36"
69.164.217.74 - - [11/Apr/2024:14:01:24 +0000] "GET / HTTP/1.1" 400 255 "-" "Mozilla/5.0 zgrab/0.x"
167.94.138.2 - - [11/Apr/2024:14:05:39 +0000] "GET / HTTP/1.1" 400 255 "-" "Mozilla/5.0 (compatible; CensysInspect/1.1; +https://about.censys.io/)"
167.94.138.2 - - [11/Apr/2024:14:05:40 +0000] "PRI * HTTP/2.0" 400 157 "-" "-"
199.45.155.52 - - [11/Apr/2024:14:09:48 +0000] "GET / HTTP/1.1" 200 5069 "-" "-"
199.45.155.52 - - [11/Apr/2024:14:10:00 +0000] "PRI * HTTP/2.0" 400 157 "-" "-"
167.94.138.2 - - [11/Apr/2024:14:36:48 +0000] "GET / HTTP/1.1" 400 255 "-" "Mozilla/5.0 (compatible; CensysInspect/1.1; +https://about.censys.io/)"
167.94.138.2 - - [11/Apr/2024:14:36:48 +0000] "PRI * HTTP/2.0" 400 157 "-" "-"
185.11.61.106 - - [11/Apr/2024:14:39:06 +0000] "\x03\x00\x00/*\xE0\x00\x00\x00\x00\x00Cookie: mstshash=Administr" 400 157 "-" "-"
198.74.56.46 - - [11/Apr/2024:14:41:44 +0000] "GET / HTTP/1.1" 400 255 "-" "Mozilla/5.0 zgrab/0.x"
74.208.2.239 - - [11/Apr/2024:14:50:10 +0000] "GET / HTTP/1.1" 200 4571 "-" "IonCrawl (https://www.ionos.de/terms-gtc/faq-crawler-en/)"
74.208.2.239 - - [11/Apr/2024:14:50:11 +0000] "GET /wp-cron.php HTTP/1.1" 301 253 "-" "IonCrawl (https://www.ionos.de/terms-gtc/faq-crawler-en/)"
172.104.242.173 - - [11/Apr/2024:14:52:47 +0000] "9\xCD\xC3V\x8C&\x12Dz/\xB7\xC0t\x96C\xE2" 400 157 "-" "-"
74.208.2.239 - - [11/Apr/2024:14:52:48 +0000] "GET /index.php HTTP/1.1" 301 239 "-" "IonCrawl (https://www.ionos.de/terms-gtc/faq-crawler-en/)"
74.208.2.237 - - [11/Apr/2024:14:52:50 +0000] "GET /weekend-packages.php HTTP/1.1" 200 3557 "-" "IonCrawl (https://www.ionos.de/terms-gtc/faq-crawler-en/)"
74.208.2.236 - - [11/Apr/2024:14:53:01 +0000] "GET /mice.php HTTP/1.1" 200 7453 "-" "IonCrawl (https://www.ionos.de/terms-gtc/faq-crawler-en/)"
167.94.138.2 - - [11/Apr/2024:15:05:44 +0000] "GET / HTTP/1.1" 400 255 "-" "Mozilla/5.0 (compatible; CensysInspect/1.1; +https://about.censys.io/)"
167.94.138.2 - - [11/Apr/2024:15:05:45 +0000] "PRI * HTTP/2.0" 400 157 "-" "-"
185.165.191.26 - - [11/Apr/2024:15:18:06 +0000] "GET / HTTP/1.1" 200 5069 "-" "Mozilla/5.0 (X11; Linux x86_64) AppleWebKit/537.36 (KHTML, like Gecko) Chrome/98.0.4758.102 Safari/537.36"
185.165.191.26 - - [11/Apr/2024:15:18:15 +0000] "" 400 0 "-" "-"
185.165.191.26 - - [11/Apr/2024:15:18:18 +0000] "" 400 0 "-" "-"
185.165.191.26 - - [11/Apr/2024:15:18:22 +0000] "quit" 400 157 "-" "-"
185.165.191.26 - - [11/Apr/2024:15:18:23 +0000] "GET /robots.txt HTTP/1.1" 404 196 "-" "-"
185.165.191.26 - - [11/Apr/2024:15:18:24 +0000] "GET /sitemap.xml HTTP/1.1" 404 196 "-" "-"
185.165.191.26 - - [11/Apr/2024:15:18:25 +0000] "GET /.well-known/security.txt HTTP/1.1" 404 196 "-" "-"
185.165.191.26 - - [11/Apr/2024:15:18:26 +0000] "GET /favicon.ico HTTP/1.1" 404 196 "-" "Mozilla/5.0 (Windows NT 10.0; Win64; x64) AppleWebKit/537.36 (KHTML, like Gecko) Chrome/102.0.5005.63 Safari/537.36"
136.243.228.177 - - [11/Apr/2024:15:25:28 +0000] "GET / HTTP/1.1" 200 4571 "-" "Mozilla/5.0 (compatible; DataForSeoBot/1.0; +https://dataforseo.com/dataforseo-bot)"
136.243.228.177 - - [11/Apr/2024:15:27:40 +0000] "GET /index.php HTTP/1.1" 301 243 "-" "Mozilla/5.0 (compatible; DataForSeoBot/1.0; +https://dataforseo.com/dataforseo-bot)"
136.243.228.177 - - [11/Apr/2024:15:27:46 +0000] "GET /weekend-packages.php HTTP/1.1" 200 3557 "-" "Mozilla/5.0 (compatible; DataForSeoBot/1.0; +https://dataforseo.com/dataforseo-bot)"
136.243.228.177 - - [11/Apr/2024:15:27:52 +0000] "GET /mice.php HTTP/1.1" 200 7464 "-" "Mozilla/5.0 (compatible; DataForSeoBot/1.0; +https://dataforseo.com/dataforseo-bot)"
38.89.70.199 - - [11/Apr/2024:15:29:37 +0000] "GET / HTTP/1.1" 200 1976 "-" "Mozilla/5.0 (X11; CrOS x86_64 13904.41.0) AppleWebKit/537.36 (KHTML, like Gecko) Chrome/91.0.4472.81 Safari/537.36"
167.94.138.2 - - [11/Apr/2024:15:35:42 +0000] "GET / HTTP/1.1" 400 255 "-" "Mozilla/5.0 (compatible; CensysInspect/1.1; +https://about.censys.io/)"
167.94.138.2 - - [11/Apr/2024:15:35:43 +0000] "PRI * HTTP/2.0" 400 157 "-" "-"
38.154.172.36 - - [11/Apr/2024:15:48:12 +0000] "GET /Media-Room HTTP/1.1" 200 3679 "-" "Mozilla/5.0 (X11; Linux x86_64) AppleWebKit/537.36 (KHTML, like Gecko) Chrome/121.0.6167.85 Safari/537.36"
38.154.172.36 - - [11/Apr/2024:15:48:12 +0000] "GET /css/bootstrap.min.css HTTP/1.1" 200 24316 "https://www.travellineholidays.com/Media-Room" "Mozilla/5.0 (X11; Linux x86_64) AppleWebKit/537.36 (KHTML, like Gecko) Chrome/121.0.6167.85 Safari/537.36"
38.154.172.36 - - [11/Apr/2024:15:48:13 +0000] "GET /css/custom.css HTTP/1.1" 200 4214 "https://www.travellineholidays.com/Media-Room" "Mozilla/5.0 (X11; Linux x86_64) AppleWebKit/537.36 (KHTML, like Gecko) Chrome/121.0.6167.85 Safari/537.36"
38.154.172.36 - - [11/Apr/2024:15:48:14 +0000] "GET /font-awesome-4.1.0/css/font-awesome.min.css HTTP/1.1" 200 4724 "https://www.travellineholidays.com/Media-Room" "Mozilla/5.0 (X11; Linux x86_64) AppleWebKit/537.36 (KHTML, like Gecko) Chrome/121.0.6167.85 Safari/537.36"
38.154.172.36 - - [11/Apr/2024:15:48:14 +0000] "GET /css/plugins/social-buttons.css HTTP/1.1" 200 2011 "https://www.travellineholidays.com/Media-Room" "Mozilla/5.0 (X11; Linux x86_64) AppleWebKit/537.36 (KHTML, like Gecko) Chrome/121.0.6167.85 Safari/537.36"
38.154.172.36 - - [11/Apr/2024:15:48:14 +0000] "GET /js/bootstrap.min.js HTTP/1.1" 200 9255 "https://www.travellineholidays.com/Media-Room" "Mozilla/5.0 (X11; Linux x86_64) AppleWebKit/537.36 (KHTML, like Gecko) Chrome/121.0.6167.85 Safari/537.36"
38.154.172.36 - - [11/Apr/2024:15:48:14 +0000] "GET /js/jquery.js HTTP/1.1" 200 33271 "https://www.travellineholidays.com/Media-Room" "Mozilla/5.0 (X11; Linux x86_64) AppleWebKit/537.36 (KHTML, like Gecko) Chrome/121.0.6167.85 Safari/537.36"
38.154.172.36 - - [11/Apr/2024:15:48:15 +0000] "GET /font-awesome-4.1.0/fonts/fontawesome-webfont.woff?v=4.1.0 HTTP/1.1" 200 83760 "https://www.travellineholidays.com/font-awesome-4.1.0/css/font-awesome.min.css" "Mozilla/5.0 (X11; Linux x86_64) AppleWebKit/537.36 (KHTML, like Gecko) Chrome/121.0.6167.85 Safari/537.36"
38.154.172.36 - - [11/Apr/2024:15:48:15 +0000] "GET /fonts/glyphicons-regular.woff2 HTTP/1.1" 200 68200 "https://www.travellineholidays.com/css/bootstrap.min.css" "Mozilla/5.0 (X11; Linux x86_64) AppleWebKit/537.36 (KHTML, like Gecko) Chrome/121.0.6167.85 Safari/537.36"
38.154.172.36 - - [11/Apr/2024:15:48:16 +0000] "GET /favicon.ico HTTP/1.1" 404 4571 "https://www.travellineholidays.com/Media-Room" "Mozilla/5.0 (X11; Linux x86_64) AppleWebKit/537.36 (KHTML, like Gecko) Chrome/121.0.6167.85 Safari/537.36"
146.70.117.250 - - [11/Apr/2024:15:50:36 +0000] "GET /.well-known/security.txt HTTP/1.1" 404 196 "-" "Mozilla/5.0 (X11; Linux x86_64) AppleWebKit/537.36 (KHTML, like Gecko) Chrome/121.0.0.0 Safari/537.36"
167.94.138.2 - - [11/Apr/2024:16:05:42 +0000] "GET / HTTP/1.1" 400 255 "-" "Mozilla/5.0 (compatible; CensysInspect/1.1; +https://about.censys.io/)"
167.94.138.2 - - [11/Apr/2024:16:05:42 +0000] "PRI * HTTP/2.0" 400 157 "-" "-"
45.79.168.172 - - [11/Apr/2024:16:31:30 +0000] "GET / HTTP/1.1" 400 255 "-" "Mozilla/5.0 zgrab/0.x"
167.94.138.2 - - [11/Apr/2024:16:35:41 +0000] "GET / HTTP/1.1" 400 255 "-" "Mozilla/5.0 (compatible; CensysInspect/1.1; +https://about.censys.io/)"
167.94.138.2 - - [11/Apr/2024:16:35:41 +0000] "PRI * HTTP/2.0" 400 157 "-" "-"
223.113.128.217 - - [11/Apr/2024:16:50:52 +0000] "t3 12.1.2" 400 157 "-" "-"
223.113.128.142 - - [11/Apr/2024:16:52:04 +0000] "t3 12.1.2" 400 157 "-" "-"
223.113.128.195 - - [11/Apr/2024:16:54:44 +0000] "t3 12.1.2" 400 157 "-" "-"
193.222.96.67 - - [11/Apr/2024:17:01:09 +0000] "GET /.env HTTP/1.1" 404 196 "-" "Mozilla/5.0 (X11; Linux x86_64) AppleWebKit/537.36 (KHTML, like Gecko) Chrome/81.0.4044.129 Safari/537.36"
193.222.96.67 - - [11/Apr/2024:17:01:10 +0000] "POST / HTTP/1.1" 200 1971 "-" "Mozilla/5.0 (X11; Linux x86_64) AppleWebKit/537.36 (KHTML, like Gecko) Chrome/81.0.4044.129 Safari/537.36"
167.94.138.2 - - [11/Apr/2024:17:06:27 +0000] "GET / HTTP/1.1" 400 255 "-" "Mozilla/5.0 (compatible; CensysInspect/1.1; +https://about.censys.io/)"
167.94.138.2 - - [11/Apr/2024:17:06:28 +0000] "PRI * HTTP/2.0" 400 157 "-" "-"
45.128.232.213 - - [11/Apr/2024:17:16:28 +0000] "GET / HTTP/1.1" 200 1971 "-" "Mozilla/5.0 (Windows NT 10.0; rv:68.0) Gecko/20100101 Firefox/68.0"
138.246.253.24 - - [11/Apr/2024:17:16:56 +0000] "GET /robots.txt HTTP/1.1" 404 196 "-" "Mozilla/5.0 (Windows NT 10.0; Win64; x64) AppleWebKit/537.36 (KHTML, like Gecko) Chrome/103.0.5060.134 Safari/537.36"
44.204.208.87 - - [11/Apr/2024:17:24:31 +0000] "GET / HTTP/1.1" 200 5069 "-" "Mozilla/5.0 (Windows; U; Windows NT 6.1; en-US) AppleWebKit/533.20.25 (KHTML, like Gecko) Version/5.0.4 Safari/533.20.27"
167.94.138.2 - - [11/Apr/2024:17:35:48 +0000] "GET / HTTP/1.1" 400 255 "-" "Mozilla/5.0 (compatible; CensysInspect/1.1; +https://about.censys.io/)"
167.94.138.2 - - [11/Apr/2024:17:35:49 +0000] "PRI * HTTP/2.0" 400 157 "-" "-"
172.105.128.11 - - [11/Apr/2024:17:41:54 +0000] "GET / HTTP/1.1" 200 1971 "-" "Mozilla/5.0 (Macintosh; Intel Mac OS X 13_1) AppleWebKit/537.36 (KHTML, like Gecko) Chrome/108.0.0.0 Safari/537.36"
167.94.138.2 - - [11/Apr/2024:18:05:47 +0000] "GET / HTTP/1.1" 400 255 "-" "Mozilla/5.0 (compatible; CensysInspect/1.1; +https://about.censys.io/)"
167.94.138.2 - - [11/Apr/2024:18:05:48 +0000] "PRI * HTTP/2.0" 400 157 "-" "-"
192.155.88.231 - - [11/Apr/2024:18:09:26 +0000] "GET / HTTP/1.1" 400 255 "-" "Mozilla/5.0 zgrab/0.x"
172.104.11.46 - - [11/Apr/2024:18:09:59 +0000] "GET / HTTP/1.1" 200 1971 "-" "Mozilla/5.0 (Macintosh; Intel Mac OS X 13_1) AppleWebKit/537.36 (KHTML, like Gecko) Chrome/108.0.0.0 Safari/537.36"
66.249.79.36 - - [11/Apr/2024:18:17:43 +0000] "GET /robots.txt HTTP/1.1" 404 196 "-" "Mozilla/5.0 (compatible; Googlebot/2.1; +http://www.google.com/bot.html)"
8.209.68.21 - - [11/Apr/2024:18:23:28 +0000] "POST /dns-query HTTP/1.1" 403 199 "-" "Chrome"
8.209.68.21 - - [11/Apr/2024:18:34:45 +0000] "GET /dns-query?dns=yV0BAAABAAAAAAAABHRlc3QJbWVzaHRydXN0BHdvcmsAAAEAAQ HTTP/1.1" 404 196 "-" "Chrome"
167.94.138.2 - - [11/Apr/2024:18:35:49 +0000] "GET / HTTP/1.1" 400 255 "-" "Mozilla/5.0 (compatible; CensysInspect/1.1; +https://about.censys.io/)"
167.94.138.2 - - [11/Apr/2024:18:35:49 +0000] "PRI * HTTP/2.0" 400 157 "-" "-"
172.104.210.105 - - [11/Apr/2024:18:36:09 +0000] "GET / HTTP/1.1" 400 255 "-" "Mozilla/5.0 zgrab/0.x"
172.104.11.4 - - [11/Apr/2024:18:36:23 +0000] "GET / HTTP/1.1" 200 1971 "-" "Mozilla/5.0 (Macintosh; Intel Mac OS X 13_1) AppleWebKit/537.36 (KHTML, like Gecko) Chrome/108.0.0.0 Safari/537.36"
213.32.122.82 - - [11/Apr/2024:18:59:38 +0000] "GET / HTTP/1.1" 200 5069 "-" "Mozilla/5.0 (Windows NT 6.1) AppleWebKit/537.36 (KHTML, like Gecko) Chrome/41.0.2228.0 Safari/537.36"
167.94.138.2 - - [11/Apr/2024:19:05:48 +0000] "GET / HTTP/1.1" 400 255 "-" "Mozilla/5.0 (compatible; CensysInspect/1.1; +https://about.censys.io/)"
167.94.138.2 - - [11/Apr/2024:19:05:49 +0000] "PRI * HTTP/2.0" 400 157 "-" "-"
51.159.23.43 - - [11/Apr/2024:19:10:55 +0000] "GET / HTTP/1.1" 200 5069 "-" "-"
167.94.138.2 - - [11/Apr/2024:19:35:50 +0000] "GET / HTTP/1.1" 400 255 "-" "Mozilla/5.0 (compatible; CensysInspect/1.1; +https://about.censys.io/)"
167.94.138.2 - - [11/Apr/2024:19:35:51 +0000] "PRI * HTTP/2.0" 400 157 "-" "-"
198.235.24.127 - - [11/Apr/2024:20:05:05 +0000] "GET / HTTP/1.1" 200 5069 "-" "Expanse, a Palo Alto Networks company, searches across the global IPv4 space multiple times per day to identify customers&#39; presences on the Internet. If you would like to be excluded from our scans, please send IP addresses/domains to: scaninfo@paloaltonetworks.com"
167.94.138.2 - - [11/Apr/2024:20:05:52 +0000] "GET / HTTP/1.1" 400 255 "-" "Mozilla/5.0 (compatible; CensysInspect/1.1; +https://about.censys.io/)"
167.94.138.2 - - [11/Apr/2024:20:05:53 +0000] "PRI * HTTP/2.0" 400 157 "-" "-"
93.158.91.25 - - [11/Apr/2024:20:08:35 +0000] "GET / HTTP/1.1" 200 1976 "-" "Mozilla/5.0 (Windows NT 10.0; Win64; x64) AppleWebKit/537.36 (KHTML, like Gecko) Chrome/105.0.0.0 Safari/537.36"
93.158.91.25 - - [11/Apr/2024:20:08:36 +0000] "GET /favicon.ico HTTP/1.1" 404 196 "-" "Mozilla/5.0 (Windows NT 10.0; Win64; x64) AppleWebKit/537.36 (KHTML, like Gecko) Chrome/105.0.0.0 Safari/537.36"
159.203.224.38 - - [11/Apr/2024:20:14:11 +0000] "GET /autodiscover/autodiscover.json?@zdi/Powershell HTTP/1.1" 404 196 "-" "Mozilla/5.0 zgrab/0.x"
206.168.34.122 - - [11/Apr/2024:20:21:11 +0000] "GET / HTTP/1.1" 200 5069 "-" "-"
206.168.34.122 - - [11/Apr/2024:20:21:16 +0000] "GET / HTTP/1.1" 200 1971 "-" "Mozilla/5.0 (compatible; CensysInspect/1.1; +https://about.censys.io/)"
206.168.34.122 - - [11/Apr/2024:20:21:17 +0000] "PRI * HTTP/2.0" 400 157 "-" "-"
206.168.34.122 - - [11/Apr/2024:20:21:18 +0000] "GET /favicon.ico HTTP/1.1" 404 196 "-" "Mozilla/5.0 (compatible; CensysInspect/1.1; +https://about.censys.io/)"
167.94.138.2 - - [11/Apr/2024:20:35:53 +0000] "GET / HTTP/1.1" 400 255 "-" "Mozilla/5.0 (compatible; CensysInspect/1.1; +https://about.censys.io/)"
167.94.138.2 - - [11/Apr/2024:20:35:54 +0000] "PRI * HTTP/2.0" 400 157 "-" "-"
162.243.134.57 - - [11/Apr/2024:20:53:24 +0000] "MGLNDD_165.232.190.148_443" 400 157 "-" "-"
199.45.155.38 - - [11/Apr/2024:21:04:47 +0000] "GET / HTTP/1.1" 200 5069 "-" "-"
199.45.155.38 - - [11/Apr/2024:21:05:00 +0000] "PRI * HTTP/2.0" 400 157 "-" "-"
167.94.138.2 - - [11/Apr/2024:21:05:48 +0000] "GET / HTTP/1.1" 400 255 "-" "Mozilla/5.0 (compatible; CensysInspect/1.1; +https://about.censys.io/)"
167.94.138.2 - - [11/Apr/2024:21:05:48 +0000] "PRI * HTTP/2.0" 400 157 "-" "-"
167.94.138.2 - - [11/Apr/2024:21:35:43 +0000] "GET / HTTP/1.1" 400 255 "-" "Mozilla/5.0 (compatible; CensysInspect/1.1; +https://about.censys.io/)"
167.94.138.2 - - [11/Apr/2024:21:35:44 +0000] "PRI * HTTP/2.0" 400 157 "-" "-"
114.119.134.231 - - [11/Apr/2024:21:38:09 +0000] "GET /robots.txt HTTP/1.1" 200 109 "-" "Mozilla/5.0 (compatible;PetalBot;+https://webmaster.petalsearch.com/site/petalbot)"
198.235.24.127 - - [11/Apr/2024:21:42:20 +0000] "GET / HTTP/1.1" 200 5069 "-" "Expanse, a Palo Alto Networks company, searches across the global IPv4 space multiple times per day to identify customers&#39; presences on the Internet. If you would like to be excluded from our scans, please send IP addresses/domains to: scaninfo@paloaltonetworks.com"
206.189.159.176 - - [11/Apr/2024:21:54:14 +0000] "GET / HTTP/1.1" 200 1971 "-" "Mozilla/5.0 (iPhone; CPU iPhone OS 15_1 like Mac OS X) AppleWebKit/605.1.15 (KHTML, like Gecko) Version/15.1 Mobile/15E148 Safari/604.1"
167.94.138.2 - - [11/Apr/2024:22:05:42 +0000] "GET / HTTP/1.1" 400 255 "-" "Mozilla/5.0 (compatible; CensysInspect/1.1; +https://about.censys.io/)"
167.94.138.2 - - [11/Apr/2024:22:05:43 +0000] "PRI * HTTP/2.0" 400 157 "-" "-"
198.74.56.46 - - [11/Apr/2024:22:22:52 +0000] "GET / HTTP/1.1" 400 255 "-" "Mozilla/5.0 zgrab/0.x"
198.74.56.46 - - [11/Apr/2024:22:31:24 +0000] "GET / HTTP/1.1" 400 255 "-" "Mozilla/5.0 zgrab/0.x"
199.45.155.22 - - [11/Apr/2024:22:35:00 +0000] "GET / HTTP/1.1" 200 5069 "-" "-"
199.45.155.22 - - [11/Apr/2024:22:35:16 +0000] "PRI * HTTP/2.0" 400 157 "-" "-"
167.94.138.2 - - [11/Apr/2024:22:35:41 +0000] "GET / HTTP/1.1" 400 255 "-" "Mozilla/5.0 (compatible; CensysInspect/1.1; +https://about.censys.io/)"
167.94.138.2 - - [11/Apr/2024:22:35:42 +0000] "PRI * HTTP/2.0" 400 157 "-" "-"
167.94.138.2 - - [11/Apr/2024:23:05:42 +0000] "GET / HTTP/1.1" 400 255 "-" "Mozilla/5.0 (compatible; CensysInspect/1.1; +https://about.censys.io/)"
167.94.138.2 - - [11/Apr/2024:23:05:42 +0000] "PRI * HTTP/2.0" 400 157 "-" "-"
91.92.245.67 - - [11/Apr/2024:23:05:44 +0000] "CONNECT api.ipify.org:443 HTTP/1.1" 400 157 "-" "-"
45.79.181.251 - - [11/Apr/2024:23:35:32 +0000] "GET / HTTP/1.1" 200 1971 "-" "Mozilla/5.0 (Macintosh; Intel Mac OS X 13_1) AppleWebKit/537.36 (KHTML, like Gecko) Chrome/108.0.0.0 Safari/537.36"
167.94.138.2 - - [11/Apr/2024:23:35:40 +0000] "GET / HTTP/1.1" 400 255 "-" "Mozilla/5.0 (compatible; CensysInspect/1.1; +https://about.censys.io/)"
167.94.138.2 - - [11/Apr/2024:23:35:40 +0000] "PRI * HTTP/2.0" 400 157 "-" "-"
138.246.253.24 - - [11/Apr/2024:23:47:03 +0000] "GET /robots.txt HTTP/1.1" 404 196 "-" "Mozilla/5.0 (Windows NT 10.0; Win64; x64) AppleWebKit/537.36 (KHTML, like Gecko) Chrome/103.0.5060.134 Safari/537.36"
47.128.50.163 - - [12/Apr/2024:00:03:54 +0000] "GET /mice.php HTTP/1.1" 200 7464 "-" "Mozilla/5.0 (compatible; Bytespider; spider-feedback@bytedance.com) AppleWebKit/537.36 (KHTML, like Gecko) Chrome/70.0.0.0 Safari/537.36"
47.128.50.163 - - [12/Apr/2024:00:03:54 +0000] "GET /css/bootstrap.min.css HTTP/1.1" 200 24334 "https://www.travellineholidays.com/mice.php" "Mozilla/5.0 (compatible; Bytespider; spider-feedback@bytedance.com) AppleWebKit/537.36 (KHTML, like Gecko) Chrome/70.0.0.0 Safari/537.36"
47.128.50.163 - - [12/Apr/2024:00:03:55 +0000] "GET /css/custom.css HTTP/1.1" 200 4214 "https://www.travellineholidays.com/mice.php" "Mozilla/5.0 (compatible; Bytespider; spider-feedback@bytedance.com) AppleWebKit/537.36 (KHTML, like Gecko) Chrome/70.0.0.0 Safari/537.36"
47.128.50.163 - - [12/Apr/2024:00:03:55 +0000] "GET /font-awesome-4.1.0/css/font-awesome.min.css HTTP/1.1" 200 4724 "https://www.travellineholidays.com/mice.php" "Mozilla/5.0 (compatible; Bytespider; spider-feedback@bytedance.com) AppleWebKit/537.36 (KHTML, like Gecko) Chrome/70.0.0.0 Safari/537.36"
47.128.50.163 - - [12/Apr/2024:00:03:55 +0000] "GET /css/plugins/social-buttons.css HTTP/1.1" 200 2011 "https://www.travellineholidays.com/mice.php" "Mozilla/5.0 (compatible; Bytespider; spider-feedback@bytedance.com) AppleWebKit/537.36 (KHTML, like Gecko) Chrome/70.0.0.0 Safari/537.36"
47.128.50.163 - - [12/Apr/2024:00:03:55 +0000] "GET /js/bootstrap.min.js HTTP/1.1" 200 9278 "https://www.travellineholidays.com/mice.php" "Mozilla/5.0 (compatible; Bytespider; spider-feedback@bytedance.com) AppleWebKit/537.36 (KHTML, like Gecko) Chrome/70.0.0.0 Safari/537.36"
47.128.50.163 - - [12/Apr/2024:00:03:55 +0000] "GET /js/jquery.js HTTP/1.1" 200 33297 "https://www.travellineholidays.com/mice.php" "Mozilla/5.0 (compatible; Bytespider; spider-feedback@bytedance.com) AppleWebKit/537.36 (KHTML, like Gecko) Chrome/70.0.0.0 Safari/537.36"
47.128.50.163 - - [12/Apr/2024:00:03:55 +0000] "GET /images/logo.png HTTP/1.1" 200 27920 "https://www.travellineholidays.com/mice.php" "Mozilla/5.0 (compatible; Bytespider; spider-feedback@bytedance.com) AppleWebKit/537.36 (KHTML, like Gecko) Chrome/70.0.0.0 Safari/537.36"
47.128.50.163 - - [12/Apr/2024:00:03:55 +0000] "GET /galleryimg/9811fd4cbbf3bd82b8544b851849e8ce.jpg HTTP/1.1" 200 280552 "https://www.travellineholidays.com/mice.php" "Mozilla/5.0 (compatible; Bytespider; spider-feedback@bytedance.com) AppleWebKit/537.36 (KHTML, like Gecko) Chrome/70.0.0.0 Safari/537.36"
167.94.138.2 - - [12/Apr/2024:00:05:42 +0000] "GET / HTTP/1.1" 400 255 "-" "Mozilla/5.0 (compatible; CensysInspect/1.1; +https://about.censys.io/)"
167.94.138.2 - - [12/Apr/2024:00:05:42 +0000] "PRI * HTTP/2.0" 400 157 "-" "-"
47.128.50.170 - - [12/Apr/2024:00:08:04 +0000] "GET /robots.txt HTTP/1.1" 200 109 "-" "Mozilla/5.0 (Linux; Android 5.0) AppleWebKit/537.36 (KHTML, like Gecko) Mobile Safari/537.36 (compatible; Bytespider; spider-feedback@bytedance.com)"
172.104.210.105 - - [12/Apr/2024:00:28:16 +0000] "GET / HTTP/1.1" 400 255 "-" "Mozilla/5.0 zgrab/0.x"
45.79.163.53 - - [12/Apr/2024:00:32:33 +0000] "GET / HTTP/1.1" 400 255 "-" "Mozilla/5.0 zgrab/0.x"
167.94.138.2 - - [12/Apr/2024:00:35:42 +0000] "GET / HTTP/1.1" 400 255 "-" "Mozilla/5.0 (compatible; CensysInspect/1.1; +https://about.censys.io/)"
167.94.138.2 - - [12/Apr/2024:00:35:42 +0000] "PRI * HTTP/2.0" 400 157 "-" "-"
192.155.90.118 - - [12/Apr/2024:00:36:56 +0000] "GET / HTTP/1.1" 200 1971 "-" "Mozilla/5.0 (Macintosh; Intel Mac OS X 13_1) AppleWebKit/537.36 (KHTML, like Gecko) Chrome/108.0.0.0 Safari/537.36"
45.79.172.21 - - [12/Apr/2024:00:39:01 +0000] "GET / HTTP/1.1" 200 1971 "-" "Mozilla/5.0 (Macintosh; Intel Mac OS X 13_1) AppleWebKit/537.36 (KHTML, like Gecko) Chrome/108.0.0.0 Safari/537.36"
137.226.113.44 - - [12/Apr/2024:00:43:05 +0000] "GET / HTTP/1.1" 200 4571 "-" "Mozilla/5.0 researchscan.comsys.rwth-aachen.de"
152.42.176.18 - - [12/Apr/2024:00:47:22 +0000] "GET http://httpbin.org/ip HTTP/1.1" 400 255 "-" "Go-http-client/1.1"
167.94.138.2 - - [12/Apr/2024:01:05:41 +0000] "GET / HTTP/1.1" 400 255 "-" "Mozilla/5.0 (compatible; CensysInspect/1.1; +https://about.censys.io/)"
167.94.138.2 - - [12/Apr/2024:01:05:42 +0000] "PRI * HTTP/2.0" 400 157 "-" "-"
114.119.134.216 - - [12/Apr/2024:01:07:07 +0000] "GET /robots.txt HTTP/1.1" 200 109 "-" "Mozilla/5.0 (compatible;PetalBot;+https://webmaster.petalsearch.com/site/petalbot)"
45.79.163.53 - - [12/Apr/2024:01:13:57 +0000] "GET / HTTP/1.1" 400 255 "-" "Mozilla/5.0 zgrab/0.x"
198.235.24.167 - - [12/Apr/2024:01:17:03 +0000] "GET / HTTP/1.1" 200 25237 "-" "Expanse, a Palo Alto Networks company, searches across the global IPv4 space multiple times per day to identify customers&#39; presences on the Internet. If you would like to be excluded from our scans, please send IP addresses/domains to: scaninfo@paloaltonetworks.com"
138.246.253.24 - - [12/Apr/2024:01:26:32 +0000] "GET /robots.txt HTTP/1.1" 404 196 "-" "Mozilla/5.0 (Windows NT 10.0; Win64; x64) AppleWebKit/537.36 (KHTML, like Gecko) Chrome/103.0.5060.134 Safari/537.36"
167.94.138.2 - - [12/Apr/2024:01:35:42 +0000] "GET / HTTP/1.1" 400 255 "-" "Mozilla/5.0 (compatible; CensysInspect/1.1; +https://about.censys.io/)"
167.94.138.2 - - [12/Apr/2024:01:35:43 +0000] "PRI * HTTP/2.0" 400 157 "-" "-"
45.79.181.179 - - [12/Apr/2024:01:39:39 +0000] "GET / HTTP/1.1" 200 1971 "-" "Mozilla/5.0 (Macintosh; Intel Mac OS X 13_1) AppleWebKit/537.36 (KHTML, like Gecko) Chrome/108.0.0.0 Safari/537.36"
199.45.155.20 - - [12/Apr/2024:01:43:46 +0000] "GET / HTTP/1.1" 200 5069 "-" "-"
199.45.155.20 - - [12/Apr/2024:01:43:57 +0000] "GET / HTTP/1.1" 200 1971 "-" "Mozilla/5.0 (compatible; CensysInspect/1.1; +https://about.censys.io/)"
199.45.155.20 - - [12/Apr/2024:01:44:01 +0000] "PRI * HTTP/2.0" 400 157 "-" "-"
199.45.155.20 - - [12/Apr/2024:01:44:05 +0000] "GET /favicon.ico HTTP/1.1" 404 196 "-" "Mozilla/5.0 (compatible; CensysInspect/1.1; +https://about.censys.io/)"
80.66.88.204 - - [12/Apr/2024:01:49:00 +0000] "\x03\x00\x00/*\xE0\x00\x00\x00\x00\x00Cookie: mstshash=Administr" 400 157 "-" "-"
172.105.128.13 - - [12/Apr/2024:01:57:06 +0000] "GET / HTTP/1.1" 200 1971 "-" "Mozilla/5.0 (Macintosh; Intel Mac OS X 13_1) AppleWebKit/537.36 (KHTML, like Gecko) Chrome/108.0.0.0 Safari/537.36"
199.45.154.23 - - [12/Apr/2024:02:04:59 +0000] "GET / HTTP/1.1" 200 5069 "-" "-"
199.45.154.23 - - [12/Apr/2024:02:05:30 +0000] "PRI * HTTP/2.0" 400 157 "-" "-"
167.94.138.2 - - [12/Apr/2024:02:05:41 +0000] "GET / HTTP/1.1" 400 255 "-" "Mozilla/5.0 (compatible; CensysInspect/1.1; +https://about.censys.io/)"
167.94.138.2 - - [12/Apr/2024:02:05:42 +0000] "PRI * HTTP/2.0" 400 157 "-" "-"
167.94.138.2 - - [12/Apr/2024:02:35:41 +0000] "GET / HTTP/1.1" 400 255 "-" "Mozilla/5.0 (compatible; CensysInspect/1.1; +https://about.censys.io/)"
167.94.138.2 - - [12/Apr/2024:02:35:41 +0000] "PRI * HTTP/2.0" 400 157 "-" "-"
192.155.88.231 - - [12/Apr/2024:02:47:46 +0000] "GET / HTTP/1.1" 400 255 "-" "Mozilla/5.0 zgrab/0.x"
35.203.211.237 - - [12/Apr/2024:02:52:26 +0000] "GET / HTTP/1.1" 200 5069 "-" "Expanse, a Palo Alto Networks company, searches across the global IPv4 space multiple times per day to identify customers&#39; presences on the Internet. If you would like to be excluded from our scans, please send IP addresses/domains to: scaninfo@paloaltonetworks.com"
205.210.31.40 - - [12/Apr/2024:02:52:39 +0000] "GET / HTTP/1.1" 200 25243 "-" "Expanse, a Palo Alto Networks company, searches across the global IPv4 space multiple times per day to identify customers&#39; presences on the Internet. If you would like to be excluded from our scans, please send IP addresses/domains to: scaninfo@paloaltonetworks.com"
185.242.226.88 - - [12/Apr/2024:03:00:29 +0000] "GET / HTTP/1.1" 200 1971 "-" "Mozilla/5.0 (Windows NT 10.0; Win64; x64) AppleWebKit/537.36 (KHTML, like Gecko) Chrome/88.0.4324.190 Safari/537.36"
167.94.138.2 - - [12/Apr/2024:03:05:40 +0000] "GET / HTTP/1.1" 400 255 "-" "Mozilla/5.0 (compatible; CensysInspect/1.1; +https://about.censys.io/)"
167.94.138.2 - - [12/Apr/2024:03:05:41 +0000] "PRI * HTTP/2.0" 400 157 "-" "-"
159.223.202.59 - - [12/Apr/2024:03:10:55 +0000] "GET / HTTP/1.1" 200 1971 "-" "Mozilla/5.0 (Macintosh; Intel Mac OS X 10_15_7) AppleWebKit/537.36 (KHTML, like Gecko) Chrome/121.0.0.0 Safari/537.36"
172.105.128.11 - - [12/Apr/2024:03:35:24 +0000] "GET / HTTP/1.1" 200 1971 "-" "Mozilla/5.0 (Macintosh; Intel Mac OS X 13_1) AppleWebKit/537.36 (KHTML, like Gecko) Chrome/108.0.0.0 Safari/537.36"
167.94.138.2 - - [12/Apr/2024:03:35:41 +0000] "GET / HTTP/1.1" 400 255 "-" "Mozilla/5.0 (compatible; CensysInspect/1.1; +https://about.censys.io/)"
167.94.138.2 - - [12/Apr/2024:03:35:42 +0000] "PRI * HTTP/2.0" 400 157 "-" "-"
167.94.138.2 - - [12/Apr/2024:04:05:41 +0000] "GET / HTTP/1.1" 400 255 "-" "Mozilla/5.0 (compatible; CensysInspect/1.1; +https://about.censys.io/)"
167.94.138.2 - - [12/Apr/2024:04:05:42 +0000] "PRI * HTTP/2.0" 400 157 "-" "-"
159.223.232.180 - - [12/Apr/2024:04:17:26 +0000] "GET / HTTP/1.1" 400 255 "-" "Go-http-client/1.1"
87.236.176.132 - - [12/Apr/2024:04:31:42 +0000] "GET / HTTP/1.1" 200 1971 "-" "Mozilla/5.0 (compatible; InternetMeasurement/1.0; +https://internet-measurement.com/)"
167.94.138.2 - - [12/Apr/2024:04:35:42 +0000] "GET / HTTP/1.1" 400 255 "-" "Mozilla/5.0 (compatible; CensysInspect/1.1; +https://about.censys.io/)"
167.94.138.2 - - [12/Apr/2024:04:35:42 +0000] "PRI * HTTP/2.0" 400 157 "-" "-"
206.168.34.126 - - [12/Apr/2024:04:36:53 +0000] "GET / HTTP/1.1" 200 5069 "-" "-"
206.168.34.126 - - [12/Apr/2024:04:36:59 +0000] "PRI * HTTP/2.0" 400 157 "-" "-"
138.246.253.24 - - [12/Apr/2024:04:45:19 +0000] "GET /robots.txt HTTP/1.1" 200 109 "-" "Mozilla/5.0 (Windows NT 10.0; Win64; x64) AppleWebKit/537.36 (KHTML, like Gecko) Chrome/103.0.5060.134 Safari/537.36"
66.175.223.52 - - [12/Apr/2024:04:47:42 +0000] "GET / HTTP/1.1" 400 657 "-" "Mozilla/5.0 (Windows NT 10.0; Win64; x64) AppleWebKit/537.36 (KHTML, like Gecko) Chrome/88.0.4324.96 Safari/537.36 Edg/88.0.705.50"
66.175.223.52 - - [12/Apr/2024:04:47:56 +0000] "GET /favicon.ico HTTP/1.1" 400 657 "-" "Mozilla/5.0 (Windows NT 10.0; Win64; x64) AppleWebKit/537.36 (KHTML, like Gecko) Chrome/88.0.4324.96 Safari/537.36 Edg/88.0.705.50"
167.94.138.2 - - [12/Apr/2024:05:05:40 +0000] "GET / HTTP/1.1" 400 255 "-" "Mozilla/5.0 (compatible; CensysInspect/1.1; +https://about.censys.io/)"
167.94.138.2 - - [12/Apr/2024:05:05:41 +0000] "PRI * HTTP/2.0" 400 157 "-" "-"
206.168.34.49 - - [12/Apr/2024:05:08:30 +0000] "PRI * HTTP/2.0" 400 157 "-" "-"
78.153.140.179 - - [12/Apr/2024:05:10:54 +0000] "GET /.env HTTP/1.1" 400 657 "-" "Mozilla/5.0 (X11; Linux x86_64) AppleWebKit/537.36 (KHTML, like Gecko) Chrome/81.0.4044.129 Safari/537.36"
78.153.140.179 - - [12/Apr/2024:05:10:54 +0000] "GET /.env HTTP/1.1" 404 196 "-" "Mozilla/5.0 (X11; Linux x86_64) AppleWebKit/537.36 (KHTML, like Gecko) Chrome/81.0.4044.129 Safari/537.36"
180.163.220.111 - - [12/Apr/2024:05:13:30 +0000] "GET / HTTP/1.1" 200 5069 "-" "Mozilla/5.0 (Macintosh; Intel Mac OS X 10_15_7) AppleWebKit/537.36 (KHTML, like Gecko) Chrome/120.0.0.0 Safari/537.36 Edg/120.0.0.0"
180.163.220.112 - - [12/Apr/2024:05:13:57 +0000] "GET /favicon.ico HTTP/1.1" 404 196 "-" "Mozilla/5.0 (Macintosh; Intel Mac OS X 10_7_0) AppleWebKit/535.11 (KHTML, like Gecko) Chrome/17.0.963.56 Safari/535.11"
180.163.220.112 - - [12/Apr/2024:05:14:04 +0000] "GET /robots.txt HTTP/1.1" 404 196 "-" "Mozilla/5.0 (Macintosh; Intel Mac OS X 10_7_0) AppleWebKit/535.11 (KHTML, like Gecko) Chrome/17.0.963.56 Safari/535.11"
180.163.220.61 - - [12/Apr/2024:05:14:15 +0000] "GET /sitemap.xml HTTP/1.1" 404 196 "-" "Mozilla/5.0 (Macintosh; Intel Mac OS X 10_7_0) AppleWebKit/535.11 (KHTML, like Gecko) Chrome/17.0.963.56 Safari/535.11"
180.163.220.61 - - [12/Apr/2024:05:15:42 +0000] "GET / HTTP/1.1" 200 1971 "-" "Mozilla/5.0 (Macintosh; Intel Mac OS X 10_14_6) AppleWebKit/537.36 (KHTML, like Gecko) Chrome/81.0.4044.138 Safari/537.36"
167.94.138.2 - - [12/Apr/2024:05:35:40 +0000] "GET / HTTP/1.1" 400 255 "-" "Mozilla/5.0 (compatible; CensysInspect/1.1; +https://about.censys.io/)"
