122.162.151.98 - - [10/Apr/2024:07:27:24 +0000] "POST /roundcube/?_task=mail&_action=refresh HTTP/1.1" 200 170 "https://server.mswebtech.com/roundcube/?_task=mail&_mbox=INBOX" "Mozilla/5.0 (Windows NT 10.0; Win64; x64) AppleWebKit/537.36 (KHTML, like Gecko) Chrome/123.0.0.0 Safari/537.36"
122.162.151.98 - - [10/Apr/2024:07:28:24 +0000] "POST /roundcube/?_task=mail&_action=refresh HTTP/1.1" 200 170 "https://server.mswebtech.com/roundcube/?_task=mail&_mbox=INBOX" "Mozilla/5.0 (Windows NT 10.0; Win64; x64) AppleWebKit/537.36 (KHTML, like Gecko) Chrome/123.0.0.0 Safari/537.36"
65.154.226.171 - - [10/Apr/2024:07:29:23 +0000] "GET / HTTP/1.1" 200 1971 "https://bing.com/" "Mozilla/5.0 (Windows NT 10.0; Win64; x64) AppleWebKit/537.36 (KHTML, like Gecko) Chrome/117.0.5938.132 Safari/537.36"
122.162.151.98 - - [10/Apr/2024:07:29:24 +0000] "POST /roundcube/?_task=mail&_action=refresh HTTP/1.1" 200 170 "https://server.mswebtech.com/roundcube/?_task=mail&_mbox=INBOX" "Mozilla/5.0 (Windows NT 10.0; Win64; x64) AppleWebKit/537.36 (KHTML, like Gecko) Chrome/123.0.0.0 Safari/537.36"
122.162.151.98 - - [10/Apr/2024:07:30:24 +0000] "POST /roundcube/?_task=mail&_action=refresh HTTP/1.1" 200 170 "https://server.mswebtech.com/roundcube/?_task=mail&_mbox=INBOX" "Mozilla/5.0 (Windows NT 10.0; Win64; x64) AppleWebKit/537.36 (KHTML, like Gecko) Chrome/123.0.0.0 Safari/537.36"
122.162.151.98 - - [10/Apr/2024:07:31:24 +0000] "POST /roundcube/?_task=mail&_action=refresh HTTP/1.1" 200 170 "https://server.mswebtech.com/roundcube/?_task=mail&_mbox=INBOX" "Mozilla/5.0 (Windows NT 10.0; Win64; x64) AppleWebKit/537.36 (KHTML, like Gecko) Chrome/123.0.0.0 Safari/537.36"
122.162.151.98 - - [10/Apr/2024:07:32:24 +0000] "POST /roundcube/?_task=mail&_action=refresh HTTP/1.1" 200 170 "https://server.mswebtech.com/roundcube/?_task=mail&_mbox=INBOX" "Mozilla/5.0 (Windows NT 10.0; Win64; x64) AppleWebKit/537.36 (KHTML, like Gecko) Chrome/123.0.0.0 Safari/537.36"
122.162.151.98 - - [10/Apr/2024:07:33:24 +0000] "POST /roundcube/?_task=mail&_action=refresh HTTP/1.1" 200 170 "https://server.mswebtech.com/roundcube/?_task=mail&_mbox=INBOX" "Mozilla/5.0 (Windows NT 10.0; Win64; x64) AppleWebKit/537.36 (KHTML, like Gecko) Chrome/123.0.0.0 Safari/537.36"
122.162.151.98 - - [10/Apr/2024:07:34:24 +0000] "POST /roundcube/?_task=mail&_action=refresh HTTP/1.1" 200 170 "https://server.mswebtech.com/roundcube/?_task=mail&_mbox=INBOX" "Mozilla/5.0 (Windows NT 10.0; Win64; x64) AppleWebKit/537.36 (KHTML, like Gecko) Chrome/123.0.0.0 Safari/537.36"
122.162.151.98 - - [10/Apr/2024:07:35:24 +0000] "POST /roundcube/?_task=mail&_action=refresh HTTP/1.1" 200 170 "https://server.mswebtech.com/roundcube/?_task=mail&_mbox=INBOX" "Mozilla/5.0 (Windows NT 10.0; Win64; x64) AppleWebKit/537.36 (KHTML, like Gecko) Chrome/123.0.0.0 Safari/537.36"
122.162.151.98 - - [10/Apr/2024:07:36:24 +0000] "POST /roundcube/?_task=mail&_action=refresh HTTP/1.1" 200 170 "https://server.mswebtech.com/roundcube/?_task=mail&_mbox=INBOX" "Mozilla/5.0 (Windows NT 10.0; Win64; x64) AppleWebKit/537.36 (KHTML, like Gecko) Chrome/123.0.0.0 Safari/537.36"
122.162.151.98 - - [10/Apr/2024:07:37:24 +0000] "POST /roundcube/?_task=mail&_action=refresh HTTP/1.1" 200 170 "https://server.mswebtech.com/roundcube/?_task=mail&_mbox=INBOX" "Mozilla/5.0 (Windows NT 10.0; Win64; x64) AppleWebKit/537.36 (KHTML, like Gecko) Chrome/123.0.0.0 Safari/537.36"
122.162.151.98 - - [10/Apr/2024:07:38:24 +0000] "POST /roundcube/?_task=mail&_action=refresh HTTP/1.1" 200 170 "https://server.mswebtech.com/roundcube/?_task=mail&_mbox=INBOX" "Mozilla/5.0 (Windows NT 10.0; Win64; x64) AppleWebKit/537.36 (KHTML, like Gecko) Chrome/123.0.0.0 Safari/537.36"
122.162.151.98 - - [10/Apr/2024:07:39:24 +0000] "POST /roundcube/?_task=mail&_action=refresh HTTP/1.1" 200 170 "https://server.mswebtech.com/roundcube/?_task=mail&_mbox=INBOX" "Mozilla/5.0 (Windows NT 10.0; Win64; x64) AppleWebKit/537.36 (KHTML, like Gecko) Chrome/123.0.0.0 Safari/537.36"
122.162.151.98 - - [10/Apr/2024:07:40:24 +0000] "POST /roundcube/?_task=mail&_action=refresh HTTP/1.1" 200 170 "https://server.mswebtech.com/roundcube/?_task=mail&_mbox=INBOX" "Mozilla/5.0 (Windows NT 10.0; Win64; x64) AppleWebKit/537.36 (KHTML, like Gecko) Chrome/123.0.0.0 Safari/537.36"
199.45.155.21 - - [10/Apr/2024:07:40:31 +0000] "GET / HTTP/1.1" 400 255 "-" "-"
199.45.155.21 - - [10/Apr/2024:07:40:42 +0000] "PRI * HTTP/2.0" 400 157 "-" "-"
122.162.151.98 - - [10/Apr/2024:07:41:24 +0000] "POST /roundcube/?_task=mail&_action=refresh HTTP/1.1" 200 170 "https://server.mswebtech.com/roundcube/?_task=mail&_mbox=INBOX" "Mozilla/5.0 (Windows NT 10.0; Win64; x64) AppleWebKit/537.36 (KHTML, like Gecko) Chrome/123.0.0.0 Safari/537.36"
122.162.151.98 - - [10/Apr/2024:07:42:24 +0000] "POST /roundcube/?_task=mail&_action=refresh HTTP/1.1" 200 170 "https://server.mswebtech.com/roundcube/?_task=mail&_mbox=INBOX" "Mozilla/5.0 (Windows NT 10.0; Win64; x64) AppleWebKit/537.36 (KHTML, like Gecko) Chrome/123.0.0.0 Safari/537.36"
122.162.151.98 - - [10/Apr/2024:07:43:24 +0000] "POST /roundcube/?_task=mail&_action=refresh HTTP/1.1" 200 168 "https://server.mswebtech.com/roundcube/?_task=mail&_mbox=INBOX" "Mozilla/5.0 (Windows NT 10.0; Win64; x64) AppleWebKit/537.36 (KHTML, like Gecko) Chrome/123.0.0.0 Safari/537.36"
122.162.151.98 - - [10/Apr/2024:07:44:24 +0000] "POST /roundcube/?_task=mail&_action=refresh HTTP/1.1" 200 170 "https://server.mswebtech.com/roundcube/?_task=mail&_mbox=INBOX" "Mozilla/5.0 (Windows NT 10.0; Win64; x64) AppleWebKit/537.36 (KHTML, like Gecko) Chrome/123.0.0.0 Safari/537.36"
122.162.151.98 - - [10/Apr/2024:07:45:24 +0000] "POST /roundcube/?_task=mail&_action=refresh HTTP/1.1" 200 170 "https://server.mswebtech.com/roundcube/?_task=mail&_mbox=INBOX" "Mozilla/5.0 (Windows NT 10.0; Win64; x64) AppleWebKit/537.36 (KHTML, like Gecko) Chrome/123.0.0.0 Safari/537.36"
167.94.138.2 - - [10/Apr/2024:07:45:48 +0000] "GET / HTTP/1.1" 400 255 "-" "Mozilla/5.0 (compatible; CensysInspect/1.1; +https://about.censys.io/)"
167.94.138.2 - - [10/Apr/2024:07:45:48 +0000] "PRI * HTTP/2.0" 400 157 "-" "-"
122.162.151.98 - - [10/Apr/2024:07:46:24 +0000] "POST /roundcube/?_task=mail&_action=refresh HTTP/1.1" 200 170 "https://server.mswebtech.com/roundcube/?_task=mail&_mbox=INBOX" "Mozilla/5.0 (Windows NT 10.0; Win64; x64) AppleWebKit/537.36 (KHTML, like Gecko) Chrome/123.0.0.0 Safari/537.36"
122.162.151.98 - - [10/Apr/2024:07:47:24 +0000] "POST /roundcube/?_task=mail&_action=refresh HTTP/1.1" 200 170 "https://server.mswebtech.com/roundcube/?_task=mail&_mbox=INBOX" "Mozilla/5.0 (Windows NT 10.0; Win64; x64) AppleWebKit/537.36 (KHTML, like Gecko) Chrome/123.0.0.0 Safari/537.36"
122.162.151.98 - - [10/Apr/2024:07:48:24 +0000] "POST /roundcube/?_task=mail&_action=refresh HTTP/1.1" 200 170 "https://server.mswebtech.com/roundcube/?_task=mail&_mbox=INBOX" "Mozilla/5.0 (Windows NT 10.0; Win64; x64) AppleWebKit/537.36 (KHTML, like Gecko) Chrome/123.0.0.0 Safari/537.36"
122.162.151.98 - - [10/Apr/2024:07:49:24 +0000] "POST /roundcube/?_task=mail&_action=refresh HTTP/1.1" 200 170 "https://server.mswebtech.com/roundcube/?_task=mail&_mbox=INBOX" "Mozilla/5.0 (Windows NT 10.0; Win64; x64) AppleWebKit/537.36 (KHTML, like Gecko) Chrome/123.0.0.0 Safari/537.36"
122.162.151.98 - - [10/Apr/2024:07:50:24 +0000] "POST /roundcube/?_task=mail&_action=refresh HTTP/1.1" 200 170 "https://server.mswebtech.com/roundcube/?_task=mail&_mbox=INBOX" "Mozilla/5.0 (Windows NT 10.0; Win64; x64) AppleWebKit/537.36 (KHTML, like Gecko) Chrome/123.0.0.0 Safari/537.36"
122.162.151.98 - - [10/Apr/2024:07:51:24 +0000] "POST /roundcube/?_task=mail&_action=refresh HTTP/1.1" 200 170 "https://server.mswebtech.com/roundcube/?_task=mail&_mbox=INBOX" "Mozilla/5.0 (Windows NT 10.0; Win64; x64) AppleWebKit/537.36 (KHTML, like Gecko) Chrome/123.0.0.0 Safari/537.36"
122.162.151.98 - - [10/Apr/2024:07:52:24 +0000] "POST /roundcube/?_task=mail&_action=refresh HTTP/1.1" 200 170 "https://server.mswebtech.com/roundcube/?_task=mail&_mbox=INBOX" "Mozilla/5.0 (Windows NT 10.0; Win64; x64) AppleWebKit/537.36 (KHTML, like Gecko) Chrome/123.0.0.0 Safari/537.36"
122.162.151.98 - - [10/Apr/2024:07:53:24 +0000] "POST /roundcube/?_task=mail&_action=refresh HTTP/1.1" 200 170 "https://server.mswebtech.com/roundcube/?_task=mail&_mbox=INBOX" "Mozilla/5.0 (Windows NT 10.0; Win64; x64) AppleWebKit/537.36 (KHTML, like Gecko) Chrome/123.0.0.0 Safari/537.36"
122.162.151.98 - - [10/Apr/2024:07:54:24 +0000] "POST /roundcube/?_task=mail&_action=refresh HTTP/1.1" 200 170 "https://server.mswebtech.com/roundcube/?_task=mail&_mbox=INBOX" "Mozilla/5.0 (Windows NT 10.0; Win64; x64) AppleWebKit/537.36 (KHTML, like Gecko) Chrome/123.0.0.0 Safari/537.36"
122.162.151.98 - - [10/Apr/2024:07:55:24 +0000] "POST /roundcube/?_task=mail&_action=refresh HTTP/1.1" 200 170 "https://server.mswebtech.com/roundcube/?_task=mail&_mbox=INBOX" "Mozilla/5.0 (Windows NT 10.0; Win64; x64) AppleWebKit/537.36 (KHTML, like Gecko) Chrome/123.0.0.0 Safari/537.36"
122.162.151.98 - - [10/Apr/2024:07:55:32 +0000] "GET /roundcube/?_task=mail&_mbox=INBOX HTTP/1.1" 200 10277 "-" "Mozilla/5.0 (Windows NT 10.0; Win64; x64) AppleWebKit/537.36 (KHTML, like Gecko) Chrome/123.0.0.0 Safari/537.36"
122.162.151.98 - - [10/Apr/2024:07:55:32 +0000] "GET /roundcube/plugins/managesieve/skins/larry/managesieve_mail.min.css?s=1612812580 HTTP/1.1" 200 333 "https://server.mswebtech.com/roundcube/?_task=mail&_mbox=INBOX" "Mozilla/5.0 (Windows NT 10.0; Win64; x64) AppleWebKit/537.36 (KHTML, like Gecko) Chrome/123.0.0.0 Safari/537.36"
122.162.151.98 - - [10/Apr/2024:07:55:33 +0000] "GET /roundcube/plugins/tasklist/skins/larry/tasklist.css?s=1631989636 HTTP/1.1" 200 5349 "https://server.mswebtech.com/roundcube/?_task=mail&_mbox=INBOX" "Mozilla/5.0 (Windows NT 10.0; Win64; x64) AppleWebKit/537.36 (KHTML, like Gecko) Chrome/123.0.0.0 Safari/537.36"
122.162.151.98 - - [10/Apr/2024:07:55:33 +0000] "GET /roundcube/skins/larry/watermark.html HTTP/1.1" 200 249 "https://server.mswebtech.com/roundcube/?_task=mail&_mbox=INBOX" "Mozilla/5.0 (Windows NT 10.0; Win64; x64) AppleWebKit/537.36 (KHTML, like Gecko) Chrome/123.0.0.0 Safari/537.36"
122.162.151.98 - - [10/Apr/2024:07:55:33 +0000] "GET /roundcube/skins/larry/watermark.html HTTP/1.1" 200 249 "https://server.mswebtech.com/roundcube/?_task=mail&_mbox=INBOX" "Mozilla/5.0 (Windows NT 10.0; Win64; x64) AppleWebKit/537.36 (KHTML, like Gecko) Chrome/123.0.0.0 Safari/537.36"
122.162.151.98 - - [10/Apr/2024:07:55:33 +0000] "GET /roundcube/skins/larry/images/favicon.ico?s=1612812581 HTTP/1.1" 200 13009 "https://server.mswebtech.com/roundcube/?_task=mail&_mbox=INBOX" "Mozilla/5.0 (Windows NT 10.0; Win64; x64) AppleWebKit/537.36 (KHTML, like Gecko) Chrome/123.0.0.0 Safari/537.36"
122.162.151.98 - - [10/Apr/2024:07:55:33 +0000] "GET /roundcube/skins/larry/images/watermark.jpg?v=e784.5000 HTTP/1.1" 200 4505 "https://server.mswebtech.com/roundcube/skins/larry/watermark.html" "Mozilla/5.0 (Windows NT 10.0; Win64; x64) AppleWebKit/537.36 (KHTML, like Gecko) Chrome/123.0.0.0 Safari/537.36"
122.162.151.98 - - [10/Apr/2024:07:55:33 +0000] "GET /roundcube/?_task=mail&_action=getunread&_page=1&_remote=1&_unlock=0&_=1712735728703 HTTP/1.1" 200 149 "https://server.mswebtech.com/roundcube/?_task=mail&_mbox=INBOX" "Mozilla/5.0 (Windows NT 10.0; Win64; x64) AppleWebKit/537.36 (KHTML, like Gecko) Chrome/123.0.0.0 Safari/537.36"
122.162.151.98 - - [10/Apr/2024:07:55:33 +0000] "GET /roundcube/?_task=mail&_action=list&_refresh=1&_layout=widescreen&_mbox=INBOX&_remote=1&_unlock=loading1712735728731&_=1712735728702 HTTP/1.1" 200 2106 "https://server.mswebtech.com/roundcube/?_task=mail&_mbox=INBOX" "Mozilla/5.0 (Windows NT 10.0; Win64; x64) AppleWebKit/537.36 (KHTML, like Gecko) Chrome/123.0.0.0 Safari/537.36"
122.162.151.98 - - [10/Apr/2024:07:55:45 +0000] "GET /roundcube/?_task=logout&_token=NCS4KduFHXrdqW3nuy0YLN3QTajOSb5H HTTP/1.1" 200 2201 "https://server.mswebtech.com/roundcube/?_task=mail&_mbox=INBOX" "Mozilla/5.0 (Windows NT 10.0; Win64; x64) AppleWebKit/537.36 (KHTML, like Gecko) Chrome/123.0.0.0 Safari/537.36"
122.162.151.98 - - [10/Apr/2024:07:55:45 +0000] "GET /roundcube/skins/elastic/deps/bootstrap.min.css?s=1612812589 HTTP/1.1" 200 23079 "https://server.mswebtech.com/roundcube/?_task=logout&_token=NCS4KduFHXrdqW3nuy0YLN3QTajOSb5H" "Mozilla/5.0 (Windows NT 10.0; Win64; x64) AppleWebKit/537.36 (KHTML, like Gecko) Chrome/123.0.0.0 Safari/537.36"
122.162.151.98 - - [10/Apr/2024:07:55:45 +0000] "GET /roundcube/program/js/jstz.min.js?s=1612812585 HTTP/1.1" 200 5038 "https://server.mswebtech.com/roundcube/?_task=logout&_token=NCS4KduFHXrdqW3nuy0YLN3QTajOSb5H" "Mozilla/5.0 (Windows NT 10.0; Win64; x64) AppleWebKit/537.36 (KHTML, like Gecko) Chrome/123.0.0.0 Safari/537.36"
122.162.151.98 - - [10/Apr/2024:07:55:45 +0000] "GET /roundcube/skins/elastic/images/logo.svg?s=1612812581 HTTP/1.1" 200 418 "https://server.mswebtech.com/roundcube/?_task=logout&_token=NCS4KduFHXrdqW3nuy0YLN3QTajOSb5H" "Mozilla/5.0 (Windows NT 10.0; Win64; x64) AppleWebKit/537.36 (KHTML, like Gecko) Chrome/123.0.0.0 Safari/537.36"
122.162.151.98 - - [10/Apr/2024:07:55:45 +0000] "GET /roundcube/skins/elastic/styles/styles.min.css?s=1634503084 HTTP/1.1" 200 22236 "https://server.mswebtech.com/roundcube/?_task=logout&_token=NCS4KduFHXrdqW3nuy0YLN3QTajOSb5H" "Mozilla/5.0 (Windows NT 10.0; Win64; x64) AppleWebKit/537.36 (KHTML, like Gecko) Chrome/123.0.0.0 Safari/537.36"
122.162.151.98 - - [10/Apr/2024:07:55:45 +0000] "GET /roundcube/skins/elastic/ui.min.js?s=1612812581 HTTP/1.1" 200 19449 "https://server.mswebtech.com/roundcube/?_task=logout&_token=NCS4KduFHXrdqW3nuy0YLN3QTajOSb5H" "Mozilla/5.0 (Windows NT 10.0; Win64; x64) AppleWebKit/537.36 (KHTML, like Gecko) Chrome/123.0.0.0 Safari/537.36"
122.162.151.98 - - [10/Apr/2024:07:55:45 +0000] "GET /roundcube/skins/elastic/deps/bootstrap.bundle.min.js?s=1612812589 HTTP/1.1" 200 22303 "https://server.mswebtech.com/roundcube/?_task=logout&_token=NCS4KduFHXrdqW3nuy0YLN3QTajOSb5H" "Mozilla/5.0 (Windows NT 10.0; Win64; x64) AppleWebKit/537.36 (KHTML, like Gecko) Chrome/123.0.0.0 Safari/537.36"
122.162.151.98 - - [10/Apr/2024:07:55:45 +0000] "GET /roundcube/skins/elastic/fonts/roboto-v19-regular.woff2 HTTP/1.1" 200 51116 "https://server.mswebtech.com/roundcube/skins/elastic/styles/styles.min.css?s=1634503084" "Mozilla/5.0 (Windows NT 10.0; Win64; x64) AppleWebKit/537.36 (KHTML, like Gecko) Chrome/123.0.0.0 Safari/537.36"
122.162.151.98 - - [10/Apr/2024:07:55:45 +0000] "GET /roundcube/skins/elastic/fonts/fa-solid-900.woff2 HTTP/1.1" 200 75440 "https://server.mswebtech.com/roundcube/skins/elastic/styles/styles.min.css?s=1634503084" "Mozilla/5.0 (Windows NT 10.0; Win64; x64) AppleWebKit/537.36 (KHTML, like Gecko) Chrome/123.0.0.0 Safari/537.36"
122.224.129.234 - - [10/Apr/2024:07:58:05 +0000] "GET / HTTP/1.0" 200 5069 "-" "-"
45.83.65.202 - - [10/Apr/2024:08:01:02 +0000] "GET / HTTP/1.1" 200 1971 "-" "Mozilla/5.0 (Windows NT 10.0; Win64; x64; rv:65.0) Gecko/20100101 Firefox/65.0"
45.83.66.183 - - [10/Apr/2024:08:01:03 +0000] "GET /favicon.ico HTTP/1.1" 404 196 "-" "Mozilla/5.0 (Windows NT 10.0; Win64; x64; rv:65.0) Gecko/20100101 Firefox/65.0"
27.115.124.67 - - [10/Apr/2024:08:02:00 +0000] "GET / HTTP/1.1" 200 5069 "-" "Mozilla/5.0 (Macintosh; Intel Mac OS X 10_15_7) AppleWebKit/537.36 (KHTML, like Gecko) Chrome/120.0.0.0 Safari/537.36 Edg/120.0.0.0"
199.45.155.51 - - [10/Apr/2024:08:02:05 +0000] "GET / HTTP/1.1" 200 5069 "-" "-"
45.79.168.172 - - [10/Apr/2024:08:02:08 +0000] "GET / HTTP/1.1" 400 255 "-" "Mozilla/5.0 zgrab/0.x"
199.45.155.51 - - [10/Apr/2024:08:02:17 +0000] "PRI * HTTP/2.0" 400 157 "-" "-"
27.115.124.48 - - [10/Apr/2024:08:02:26 +0000] "GET /favicon.ico HTTP/1.1" 404 196 "-" "Mozilla/5.0 (Macintosh; Intel Mac OS X 10_7_0) AppleWebKit/535.11 (KHTML, like Gecko) Chrome/17.0.963.56 Safari/535.11"
27.115.124.49 - - [10/Apr/2024:08:02:30 +0000] "GET /robots.txt HTTP/1.1" 404 196 "-" "Mozilla/5.0 (Macintosh; Intel Mac OS X 10_7_0) AppleWebKit/535.11 (KHTML, like Gecko) Chrome/17.0.963.56 Safari/535.11"
27.115.124.96 - - [10/Apr/2024:08:02:34 +0000] "GET /sitemap.xml HTTP/1.1" 404 196 "-" "Mozilla/5.0 (Macintosh; Intel Mac OS X 10_7_0) AppleWebKit/535.11 (KHTML, like Gecko) Chrome/17.0.963.56 Safari/535.11"
27.115.124.67 - - [10/Apr/2024:08:03:27 +0000] "GET / HTTP/1.1" 200 1971 "-" "Mozilla/5.0 (Macintosh; Intel Mac OS X 10_14_6) AppleWebKit/537.36 (KHTML, like Gecko) Chrome/81.0.4044.138 Safari/537.36"
45.79.128.205 - - [10/Apr/2024:08:05:46 +0000] "GET / HTTP/1.1" 200 1971 "-" "Mozilla/5.0 (Macintosh; Intel Mac OS X 13_1) AppleWebKit/537.36 (KHTML, like Gecko) Chrome/108.0.0.0 Safari/537.36"
167.94.138.2 - - [10/Apr/2024:08:05:47 +0000] "GET / HTTP/1.1" 400 255 "-" "Mozilla/5.0 (compatible; CensysInspect/1.1; +https://about.censys.io/)"
167.94.138.2 - - [10/Apr/2024:08:05:47 +0000] "PRI * HTTP/2.0" 400 157 "-" "-"
199.45.155.51 - - [10/Apr/2024:08:13:28 +0000] "GET / HTTP/1.1" 200 5069 "-" "-"
199.45.155.51 - - [10/Apr/2024:08:13:42 +0000] "PRI * HTTP/2.0" 400 157 "-" "-"
122.224.129.234 - - [10/Apr/2024:08:23:19 +0000] "GET / HTTP/1.0" 200 5069 "-" "-"
198.74.56.46 - - [10/Apr/2024:08:25:31 +0000] "GET / HTTP/1.1" 400 255 "-" "Mozilla/5.0 zgrab/0.x"
167.94.138.2 - - [10/Apr/2024:08:25:44 +0000] "GET / HTTP/1.1" 400 255 "-" "Mozilla/5.0 (compatible; CensysInspect/1.1; +https://about.censys.io/)"
167.94.138.2 - - [10/Apr/2024:08:25:45 +0000] "PRI * HTTP/2.0" 400 157 "-" "-"
172.105.128.12 - - [10/Apr/2024:08:26:52 +0000] "GET / HTTP/1.1" 200 1971 "-" "Mozilla/5.0 (Macintosh; Intel Mac OS X 13_1) AppleWebKit/537.36 (KHTML, like Gecko) Chrome/108.0.0.0 Safari/537.36"
167.94.138.2 - - [10/Apr/2024:08:45:43 +0000] "GET / HTTP/1.1" 400 255 "-" "Mozilla/5.0 (compatible; CensysInspect/1.1; +https://about.censys.io/)"
167.94.138.2 - - [10/Apr/2024:08:45:44 +0000] "PRI * HTTP/2.0" 400 157 "-" "-"
192.241.232.36 - - [10/Apr/2024:09:00:37 +0000] "SSH-2.0-Go" 400 157 "-" "-"
167.94.138.2 - - [10/Apr/2024:09:05:46 +0000] "GET / HTTP/1.1" 400 255 "-" "Mozilla/5.0 (compatible; CensysInspect/1.1; +https://about.censys.io/)"
167.94.138.2 - - [10/Apr/2024:09:05:46 +0000] "PRI * HTTP/2.0" 400 157 "-" "-"
106.75.137.241 - - [10/Apr/2024:09:17:18 +0000] "GET /.git/config HTTP/1.1" 403 153 "-" "Go-http-client/1.1"
167.94.138.2 - - [10/Apr/2024:09:25:46 +0000] "GET / HTTP/1.1" 400 255 "-" "Mozilla/5.0 (compatible; CensysInspect/1.1; +https://about.censys.io/)"
167.94.138.2 - - [10/Apr/2024:09:25:46 +0000] "PRI * HTTP/2.0" 400 157 "-" "-"
34.220.158.44 - - [10/Apr/2024:09:31:14 +0000] "GET / HTTP/1.1" 200 1976 "-" "Mozilla/5.0 (X11; Linux x86_64) AppleWebKit/537.36 (KHTML, like Gecko) Chrome/83.0.4103.97 Safari/537.36"
114.119.136.190 - - [10/Apr/2024:09:38:37 +0000] "GET /robots.txt HTTP/1.1" 200 109 "-" "Mozilla/5.0 (compatible;PetalBot;+https://webmaster.petalsearch.com/site/petalbot)"
167.94.138.2 - - [10/Apr/2024:09:45:45 +0000] "GET / HTTP/1.1" 400 255 "-" "Mozilla/5.0 (compatible; CensysInspect/1.1; +https://about.censys.io/)"
167.94.138.2 - - [10/Apr/2024:09:45:46 +0000] "PRI * HTTP/2.0" 400 157 "-" "-"
91.215.85.61 - - [10/Apr/2024:09:47:01 +0000] "GET / HTTP/1.1" 200 1971 "-" "python-requests/2.31.0"
91.215.85.61 - - [10/Apr/2024:09:47:04 +0000] "POST /plugin/WWBNIndex/submitIndex.php HTTP/1.1" 404 196 "-" "python-requests/2.31.0"
167.94.138.2 - - [10/Apr/2024:10:05:43 +0000] "GET / HTTP/1.1" 400 255 "-" "Mozilla/5.0 (compatible; CensysInspect/1.1; +https://about.censys.io/)"
167.94.138.2 - - [10/Apr/2024:10:05:44 +0000] "PRI * HTTP/2.0" 400 157 "-" "-"
159.65.168.103 - - [10/Apr/2024:10:14:57 +0000] "GET /aaa9 HTTP/1.1" 400 255 "-" "Mozilla/5.0 zgrab/0.x"
159.65.168.103 - - [10/Apr/2024:10:15:02 +0000] "GET /aaa9 HTTP/1.1" 404 196 "-" "Mozilla/5.0 zgrab/0.x"
159.65.168.103 - - [10/Apr/2024:10:15:07 +0000] "GET /aab8 HTTP/1.1" 400 255 "-" "Mozilla/5.0 zgrab/0.x"
159.65.168.103 - - [10/Apr/2024:10:15:10 +0000] "GET /aab8 HTTP/1.1" 404 196 "-" "Mozilla/5.0 zgrab/0.x"
159.65.168.103 - - [10/Apr/2024:10:15:13 +0000] "GET / HTTP/1.1" 400 255 "-" "Mozilla/5.0 zgrab/0.x"
159.65.168.103 - - [10/Apr/2024:10:15:16 +0000] "GET / HTTP/1.1" 200 1971 "-" "Mozilla/5.0 zgrab/0.x"
69.164.217.74 - - [10/Apr/2024:10:19:10 +0000] "GET / HTTP/1.1" 400 255 "-" "Mozilla/5.0 zgrab/0.x"
167.94.138.2 - - [10/Apr/2024:10:25:43 +0000] "GET / HTTP/1.1" 400 255 "-" "Mozilla/5.0 (compatible; CensysInspect/1.1; +https://about.censys.io/)"
167.94.138.2 - - [10/Apr/2024:10:25:44 +0000] "PRI * HTTP/2.0" 400 157 "-" "-"
45.79.181.104 - - [10/Apr/2024:10:26:57 +0000] "GET / HTTP/1.1" 200 1971 "-" "Mozilla/5.0 (Macintosh; Intel Mac OS X 13_1) AppleWebKit/537.36 (KHTML, like Gecko) Chrome/108.0.0.0 Safari/537.36"
206.168.34.188 - - [10/Apr/2024:10:41:12 +0000] "GET / HTTP/1.1" 200 5069 "-" "-"
206.168.34.188 - - [10/Apr/2024:10:41:18 +0000] "PRI * HTTP/2.0" 400 157 "-" "-"
167.94.138.2 - - [10/Apr/2024:10:45:43 +0000] "GET / HTTP/1.1" 400 255 "-" "Mozilla/5.0 (compatible; CensysInspect/1.1; +https://about.censys.io/)"
167.94.138.2 - - [10/Apr/2024:10:45:44 +0000] "PRI * HTTP/2.0" 400 157 "-" "-"
167.94.138.34 - - [10/Apr/2024:10:46:23 +0000] "GET / HTTP/1.1" 200 5069 "-" "-"
167.94.138.34 - - [10/Apr/2024:10:46:30 +0000] "PRI * HTTP/2.0" 400 157 "-" "-"
152.42.139.167 - - [10/Apr/2024:10:48:37 +0000] "GET / HTTP/1.1" 400 255 "-" "Go-http-client/1.1"
54.186.241.28 - - [10/Apr/2024:10:56:14 +0000] "GET / HTTP/1.1" 200 1976 "-" "Mozilla/5.0 (X11; Linux x86_64) AppleWebKit/537.36 (KHTML, like Gecko) Chrome/83.0.4103.97 Safari/537.36"
167.94.138.2 - - [10/Apr/2024:11:05:42 +0000] "GET / HTTP/1.1" 400 255 "-" "Mozilla/5.0 (compatible; CensysInspect/1.1; +https://about.censys.io/)"
167.94.138.2 - - [10/Apr/2024:11:05:43 +0000] "PRI * HTTP/2.0" 400 157 "-" "-"
101.36.114.222 - - [10/Apr/2024:11:17:10 +0000] "GET / HTTP/1.1" 200 5069 "-" "Mozilla/5.0 (Macintosh; Intel Mac OS X 10_15_7) AppleWebKit/537.36 (KHTML, like Gecko) Chrome/120.0.0.0 Safari/537.36 Edg/120.0.0.0"
101.36.114.222 - - [10/Apr/2024:11:17:29 +0000] "GET /favicon.ico HTTP/1.1" 404 196 "-" "Mozilla/5.0 (Macintosh; Intel Mac OS X 10_7_0) AppleWebKit/535.11 (KHTML, like Gecko) Chrome/17.0.963.56 Safari/535.11"
101.36.114.222 - - [10/Apr/2024:11:17:30 +0000] "GET /robots.txt HTTP/1.1" 404 196 "-" "Mozilla/5.0 (Macintosh; Intel Mac OS X 10_7_0) AppleWebKit/535.11 (KHTML, like Gecko) Chrome/17.0.963.56 Safari/535.11"
101.36.114.222 - - [10/Apr/2024:11:17:30 +0000] "GET /sitemap.xml HTTP/1.1" 404 196 "-" "Mozilla/5.0 (Macintosh; Intel Mac OS X 10_7_0) AppleWebKit/535.11 (KHTML, like Gecko) Chrome/17.0.963.56 Safari/535.11"
101.36.114.222 - - [10/Apr/2024:11:17:39 +0000] "GET / HTTP/1.1" 200 1971 "-" "Mozilla/5.0 (Macintosh; Intel Mac OS X 10_14_6) AppleWebKit/537.36 (KHTML, like Gecko) Chrome/81.0.4044.138 Safari/537.36"
199.45.154.20 - - [10/Apr/2024:11:19:19 +0000] "GET / HTTP/1.1" 400 255 "-" "-"
199.45.154.20 - - [10/Apr/2024:11:19:33 +0000] "PRI * HTTP/2.0" 400 157 "-" "-"
167.94.145.60 - - [10/Apr/2024:11:20:39 +0000] "GET / HTTP/1.1" 200 5069 "-" "-"
167.94.145.60 - - [10/Apr/2024:11:20:43 +0000] "GET / HTTP/1.1" 200 1971 "-" "Mozilla/5.0 (compatible; CensysInspect/1.1; +https://about.censys.io/)"
167.94.145.60 - - [10/Apr/2024:11:20:44 +0000] "PRI * HTTP/2.0" 400 157 "-" "-"
167.94.145.60 - - [10/Apr/2024:11:20:44 +0000] "GET /favicon.ico HTTP/1.1" 404 196 "-" "Mozilla/5.0 (compatible; CensysInspect/1.1; +https://about.censys.io/)"
167.94.138.2 - - [10/Apr/2024:11:25:44 +0000] "GET / HTTP/1.1" 400 255 "-" "Mozilla/5.0 (compatible; CensysInspect/1.1; +https://about.censys.io/)"
167.94.138.2 - - [10/Apr/2024:11:25:45 +0000] "PRI * HTTP/2.0" 400 157 "-" "-"
104.199.31.214 - - [10/Apr/2024:11:32:14 +0000] "GET / HTTP/1.1" 200 1971 "-" "python-requests/2.31.0"
136.243.228.180 - - [10/Apr/2024:11:37:21 +0000] "GET /robots.txt HTTP/1.1" 404 196 "-" "Mozilla/5.0 (compatible; DataForSeoBot/1.0; +https://dataforseo.com/dataforseo-bot)"
213.226.123.98 - - [10/Apr/2024:11:42:20 +0000] "\x12\x01\x00^\x00\x00\x01\x00\x00\x00$\x00\x06\x01\x00*\x00\x01\x02\x00+\x00\x01\x03\x00,\x00\x04\x04\x000\x00\x01\x05\x001\x00$\x06\x00U\x00\x01\xFF\x04\x07\x0C\xBC\x00\x00\x00\x00\x00\x00\x15\xD0\x00\xA0\xF7\x9Cn\xF9\x00\x00\x008y\xAB\x99\xF6\x7F\x00\x00\x00\x00\x00\x00\x00\x00\x00\x00\x00\x00\x00\x00\x00\x00\x00\x00\xFE\xFF\xFF\xFF\x01" 400 157 "-" "-"
167.94.138.2 - - [10/Apr/2024:11:45:43 +0000] "GET / HTTP/1.1" 400 255 "-" "Mozilla/5.0 (compatible; CensysInspect/1.1; +https://about.censys.io/)"
167.94.138.2 - - [10/Apr/2024:11:45:44 +0000] "PRI * HTTP/2.0" 400 157 "-" "-"
198.74.56.46 - - [10/Apr/2024:11:53:24 +0000] "GET / HTTP/1.1" 400 255 "-" "Mozilla/5.0 zgrab/0.x"
192.155.88.231 - - [10/Apr/2024:11:53:44 +0000] "GET / HTTP/1.1" 400 255 "-" "Mozilla/5.0 zgrab/0.x"
167.94.138.2 - - [10/Apr/2024:12:05:46 +0000] "GET / HTTP/1.1" 400 255 "-" "Mozilla/5.0 (compatible; CensysInspect/1.1; +https://about.censys.io/)"
167.94.138.2 - - [10/Apr/2024:12:05:47 +0000] "PRI * HTTP/2.0" 400 157 "-" "-"
172.104.11.51 - - [10/Apr/2024:12:07:42 +0000] "GET / HTTP/1.1" 200 1971 "-" "Mozilla/5.0 (Macintosh; Intel Mac OS X 13_1) AppleWebKit/537.36 (KHTML, like Gecko) Chrome/108.0.0.0 Safari/537.36"
172.104.11.51 - - [10/Apr/2024:12:16:42 +0000] "GET / HTTP/1.1" 200 1971 "-" "Mozilla/5.0 (Macintosh; Intel Mac OS X 13_1) AppleWebKit/537.36 (KHTML, like Gecko) Chrome/108.0.0.0 Safari/537.36"
199.45.155.39 - - [10/Apr/2024:12:17:14 +0000] "GET / HTTP/1.1" 400 255 "-" "-"
199.45.155.39 - - [10/Apr/2024:12:17:32 +0000] "PRI * HTTP/2.0" 400 157 "-" "-"
172.104.210.105 - - [10/Apr/2024:12:21:10 +0000] "GET / HTTP/1.1" 400 255 "-" "Mozilla/5.0 zgrab/0.x"
167.94.138.2 - - [10/Apr/2024:12:25:46 +0000] "GET / HTTP/1.1" 400 255 "-" "Mozilla/5.0 (compatible; CensysInspect/1.1; +https://about.censys.io/)"
167.94.138.2 - - [10/Apr/2024:12:25:47 +0000] "PRI * HTTP/2.0" 400 157 "-" "-"
192.155.90.220 - - [10/Apr/2024:12:27:35 +0000] "GET / HTTP/1.1" 200 1971 "-" "Mozilla/5.0 (Macintosh; Intel Mac OS X 13_1) AppleWebKit/537.36 (KHTML, like Gecko) Chrome/108.0.0.0 Safari/537.36"
45.79.181.179 - - [10/Apr/2024:12:27:57 +0000] "GET / HTTP/1.1" 200 1971 "-" "Mozilla/5.0 (Macintosh; Intel Mac OS X 13_1) AppleWebKit/537.36 (KHTML, like Gecko) Chrome/108.0.0.0 Safari/537.36"
45.79.128.205 - - [10/Apr/2024:12:33:13 +0000] "GET / HTTP/1.1" 200 1971 "-" "Mozilla/5.0 (Macintosh; Intel Mac OS X 13_1) AppleWebKit/537.36 (KHTML, like Gecko) Chrome/108.0.0.0 Safari/537.36"
8.217.149.64 - - [10/Apr/2024:12:35:44 +0000] "POST /dns-query HTTP/1.1" 403 199 "-" "Chrome"
8.217.149.64 - - [10/Apr/2024:12:36:41 +0000] "GET /dns-query?dns=aYoBAAABAAAAAAAABmdvb2dsZQNjb20AAAEAAQ HTTP/1.1" 404 196 "-" "Chrome"
192.155.88.231 - - [10/Apr/2024:12:40:38 +0000] "GET / HTTP/1.1" 400 255 "-" "Mozilla/5.0 zgrab/0.x"
114.119.136.196 - - [10/Apr/2024:12:43:41 +0000] "GET /robots.txt HTTP/1.1" 200 109 "-" "Mozilla/5.0 (compatible;PetalBot;+https://webmaster.petalsearch.com/site/petalbot)"
167.94.138.2 - - [10/Apr/2024:12:45:45 +0000] "GET / HTTP/1.1" 400 255 "-" "Mozilla/5.0 (compatible; CensysInspect/1.1; +https://about.censys.io/)"
167.94.138.2 - - [10/Apr/2024:12:45:46 +0000] "PRI * HTTP/2.0" 400 157 "-" "-"
94.156.66.130 - - [10/Apr/2024:12:49:14 +0000] "GET /api/.env HTTP/1.1" 403 199 "-" "Mozilla/5.0 (X11; Linux x86_64)"
167.94.138.2 - - [10/Apr/2024:13:05:45 +0000] "GET / HTTP/1.1" 400 255 "-" "Mozilla/5.0 (compatible; CensysInspect/1.1; +https://about.censys.io/)"
167.94.138.2 - - [10/Apr/2024:13:05:45 +0000] "PRI * HTTP/2.0" 400 157 "-" "-"
199.45.155.22 - - [10/Apr/2024:13:08:19 +0000] "PRI * HTTP/2.0" 400 157 "-" "-"
172.104.11.4 - - [10/Apr/2024:13:09:20 +0000] "GET / HTTP/1.1" 200 1971 "-" "Mozilla/5.0 (Macintosh; Intel Mac OS X 13_1) AppleWebKit/537.36 (KHTML, like Gecko) Chrome/108.0.0.0 Safari/537.36"
45.79.181.179 - - [10/Apr/2024:13:13:20 +0000] "GET / HTTP/1.1" 200 1971 "-" "Mozilla/5.0 (Macintosh; Intel Mac OS X 13_1) AppleWebKit/537.36 (KHTML, like Gecko) Chrome/108.0.0.0 Safari/537.36"
198.235.24.168 - - [10/Apr/2024:13:22:29 +0000] "GET / HTTP/1.1" 200 5069 "-" "Expanse, a Palo Alto Networks company, searches across the global IPv4 space multiple times per day to identify customers&#39; presences on the Internet. If you would like to be excluded from our scans, please send IP addresses/domains to: scaninfo@paloaltonetworks.com"
45.79.181.179 - - [10/Apr/2024:13:25:08 +0000] "GET / HTTP/1.1" 200 1971 "-" "Mozilla/5.0 (Macintosh; Intel Mac OS X 13_1) AppleWebKit/537.36 (KHTML, like Gecko) Chrome/108.0.0.0 Safari/537.36"
167.94.138.2 - - [10/Apr/2024:13:25:44 +0000] "GET / HTTP/1.1" 400 255 "-" "Mozilla/5.0 (compatible; CensysInspect/1.1; +https://about.censys.io/)"
167.94.138.2 - - [10/Apr/2024:13:25:45 +0000] "PRI * HTTP/2.0" 400 157 "-" "-"
167.94.138.2 - - [10/Apr/2024:13:45:43 +0000] "GET / HTTP/1.1" 400 255 "-" "Mozilla/5.0 (compatible; CensysInspect/1.1; +https://about.censys.io/)"
167.94.138.2 - - [10/Apr/2024:13:45:44 +0000] "PRI * HTTP/2.0" 400 157 "-" "-"
134.122.49.217 - - [10/Apr/2024:13:46:52 +0000] "GET / HTTP/1.1" 400 255 "-" "Go-http-client/1.1"
146.103.11.183 - - [10/Apr/2024:14:01:26 +0000] "GET /.env HTTP/1.1" 404 196 "-" "Mozilla/5.0 (Linux; U; Android 4.4.2; en-US; HM NOTE 1W Build/KOT49H) AppleWebKit/534.30 (KHTML, like Gecko) Version/4.0 UCBrowser/11.0.5.850 U3/0.8.0 Mobile Safari/534.30"
146.103.11.183 - - [10/Apr/2024:14:01:30 +0000] "POST / HTTP/1.1" 200 1971 "-" "Mozilla/5.0 (Linux; U; Android 4.4.2; en-US; HM NOTE 1W Build/KOT49H) AppleWebKit/534.30 (KHTML, like Gecko) Version/4.0 UCBrowser/11.0.5.850 U3/0.8.0 Mobile Safari/534.30"
167.94.138.2 - - [10/Apr/2024:14:05:46 +0000] "GET / HTTP/1.1" 400 255 "-" "Mozilla/5.0 (compatible; CensysInspect/1.1; +https://about.censys.io/)"
167.94.138.2 - - [10/Apr/2024:14:05:47 +0000] "PRI * HTTP/2.0" 400 157 "-" "-"
172.105.128.13 - - [10/Apr/2024:14:09:29 +0000] "GET / HTTP/1.1" 200 1971 "-" "Mozilla/5.0 (Macintosh; Intel Mac OS X 13_1) AppleWebKit/537.36 (KHTML, like Gecko) Chrome/108.0.0.0 Safari/537.36"
69.164.217.74 - - [10/Apr/2024:14:11:26 +0000] "GET / HTTP/1.1" 400 255 "-" "Mozilla/5.0 zgrab/0.x"
45.79.181.104 - - [10/Apr/2024:14:21:19 +0000] "GET / HTTP/1.1" 200 1971 "-" "Mozilla/5.0 (Macintosh; Intel Mac OS X 13_1) AppleWebKit/537.36 (KHTML, like Gecko) Chrome/108.0.0.0 Safari/537.36"
45.79.168.172 - - [10/Apr/2024:14:25:29 +0000] "GET / HTTP/1.1" 400 255 "-" "Mozilla/5.0 zgrab/0.x"
167.94.138.2 - - [10/Apr/2024:14:25:55 +0000] "GET / HTTP/1.1" 400 255 "-" "Mozilla/5.0 (compatible; CensysInspect/1.1; +https://about.censys.io/)"
167.94.138.2 - - [10/Apr/2024:14:25:56 +0000] "PRI * HTTP/2.0" 400 157 "-" "-"
80.82.77.202 - - [10/Apr/2024:14:26:55 +0000] "GET / HTTP/1.1" 400 157 "-" "-"
162.142.125.11 - - [10/Apr/2024:14:34:50 +0000] "GET / HTTP/1.1" 200 5069 "-" "-"
162.142.125.11 - - [10/Apr/2024:14:34:57 +0000] "GET / HTTP/1.1" 200 1971 "-" "Mozilla/5.0 (compatible; CensysInspect/1.1; +https://about.censys.io/)"
162.142.125.11 - - [10/Apr/2024:14:34:59 +0000] "PRI * HTTP/2.0" 400 157 "-" "-"
162.142.125.11 - - [10/Apr/2024:14:35:01 +0000] "GET /favicon.ico HTTP/1.1" 404 196 "-" "Mozilla/5.0 (compatible; CensysInspect/1.1; +https://about.censys.io/)"
167.94.138.2 - - [10/Apr/2024:14:46:27 +0000] "GET / HTTP/1.1" 400 255 "-" "Mozilla/5.0 (compatible; CensysInspect/1.1; +https://about.censys.io/)"
167.94.138.2 - - [10/Apr/2024:14:46:28 +0000] "PRI * HTTP/2.0" 400 157 "-" "-"
161.35.41.50 - - [10/Apr/2024:14:52:12 +0000] "GET / HTTP/1.1" 200 2123 "-" "Mozilla/5.0 (Macintosh; Intel Mac OS X 10_15_7) AppleWebKit/537.36 (KHTML, like Gecko) Chrome/121.0.0.0 Safari/537.36"
167.94.138.2 - - [10/Apr/2024:15:05:52 +0000] "GET / HTTP/1.1" 400 255 "-" "Mozilla/5.0 (compatible; CensysInspect/1.1; +https://about.censys.io/)"
167.94.138.2 - - [10/Apr/2024:15:05:53 +0000] "PRI * HTTP/2.0" 400 157 "-" "-"
194.26.135.111 - - [10/Apr/2024:15:16:14 +0000] "GET / HTTP/1.1" 200 5069 "-" "Curl/1.2.3.4"
167.94.138.33 - - [10/Apr/2024:15:19:47 +0000] "GET / HTTP/1.1" 200 5069 "-" "-"
167.94.138.33 - - [10/Apr/2024:15:19:55 +0000] "PRI * HTTP/2.0" 400 157 "-" "-"
50.114.37.24 - - [10/Apr/2024:15:24:16 +0000] "POST / HTTP/1.1" 200 1971 "-" "python-requests/2.31.0"
167.94.138.2 - - [10/Apr/2024:15:25:48 +0000] "GET / HTTP/1.1" 400 255 "-" "Mozilla/5.0 (compatible; CensysInspect/1.1; +https://about.censys.io/)"
167.94.138.2 - - [10/Apr/2024:15:25:49 +0000] "PRI * HTTP/2.0" 400 157 "-" "-"
205.210.31.94 - - [10/Apr/2024:15:41:42 +0000] "GET / HTTP/1.1" 200 5069 "-" "Expanse, a Palo Alto Networks company, searches across the global IPv4 space multiple times per day to identify customers&#39; presences on the Internet. If you would like to be excluded from our scans, please send IP addresses/domains to: scaninfo@paloaltonetworks.com"
167.94.138.2 - - [10/Apr/2024:15:45:46 +0000] "GET / HTTP/1.1" 400 255 "-" "Mozilla/5.0 (compatible; CensysInspect/1.1; +https://about.censys.io/)"
167.94.138.2 - - [10/Apr/2024:15:45:47 +0000] "PRI * HTTP/2.0" 400 157 "-" "-"
167.94.138.2 - - [10/Apr/2024:16:05:43 +0000] "GET / HTTP/1.1" 400 255 "-" "Mozilla/5.0 (compatible; CensysInspect/1.1; +https://about.censys.io/)"
167.94.138.2 - - [10/Apr/2024:16:05:44 +0000] "PRI * HTTP/2.0" 400 157 "-" "-"
205.210.31.26 - - [10/Apr/2024:16:10:17 +0000] "GET / HTTP/1.1" 200 5069 "-" "Expanse, a Palo Alto Networks company, searches across the global IPv4 space multiple times per day to identify customers&#39; presences on the Internet. If you would like to be excluded from our scans, please send IP addresses/domains to: scaninfo@paloaltonetworks.com"
167.94.138.33 - - [10/Apr/2024:16:32:56 +0000] "GET / HTTP/1.1" 200 5069 "-" "-"
167.94.138.33 - - [10/Apr/2024:16:33:01 +0000] "GET / HTTP/1.1" 200 1971 "-" "Mozilla/5.0 (compatible; CensysInspect/1.1; +https://about.censys.io/)"
167.94.138.33 - - [10/Apr/2024:16:33:02 +0000] "PRI * HTTP/2.0" 400 157 "-" "-"
167.94.138.33 - - [10/Apr/2024:16:33:03 +0000] "GET /favicon.ico HTTP/1.1" 404 196 "-" "Mozilla/5.0 (compatible; CensysInspect/1.1; +https://about.censys.io/)"
107.170.252.53 - - [10/Apr/2024:16:34:59 +0000] "GET /actuator/health HTTP/1.1" 404 196 "-" "Mozilla/5.0 zgrab/0.x"
167.94.138.2 - - [10/Apr/2024:16:35:41 +0000] "GET / HTTP/1.1" 400 255 "-" "Mozilla/5.0 (compatible; CensysInspect/1.1; +https://about.censys.io/)"
167.94.138.2 - - [10/Apr/2024:16:35:42 +0000] "PRI * HTTP/2.0" 400 157 "-" "-"
47.90.254.226 - - [10/Apr/2024:16:37:41 +0000] "POST /dns-query HTTP/1.1" 403 199 "-" "Chrome"
47.90.254.226 - - [10/Apr/2024:16:39:18 +0000] "GET /dns-query?dns=1mkBAAABAAAAAAAABmdvb2dsZQNjb20AAAEAAQ HTTP/1.1" 404 196 "-" "Chrome"
223.113.128.161 - - [10/Apr/2024:16:45:01 +0000] "t3 12.1.2" 400 157 "-" "-"
45.79.181.94 - - [10/Apr/2024:16:50:06 +0000] "GET / HTTP/1.1" 200 1971 "-" "Mozilla/5.0 (Macintosh; Intel Mac OS X 13_1) AppleWebKit/537.36 (KHTML, like Gecko) Chrome/108.0.0.0 Safari/537.36"
167.94.138.2 - - [10/Apr/2024:17:05:40 +0000] "GET / HTTP/1.1" 400 255 "-" "Mozilla/5.0 (compatible; CensysInspect/1.1; +https://about.censys.io/)"
167.94.138.2 - - [10/Apr/2024:17:05:41 +0000] "PRI * HTTP/2.0" 400 157 "-" "-"
50.114.37.24 - - [10/Apr/2024:17:05:59 +0000] "GET /.env HTTP/1.1" 404 196 "-" "python-requests/2.31.0"
45.79.181.251 - - [10/Apr/2024:17:11:16 +0000] "GET / HTTP/1.1" 200 1971 "-" "Mozilla/5.0 (Macintosh; Intel Mac OS X 13_1) AppleWebKit/537.36 (KHTML, like Gecko) Chrome/108.0.0.0 Safari/537.36"
167.94.138.2 - - [10/Apr/2024:17:35:39 +0000] "GET / HTTP/1.1" 400 255 "-" "Mozilla/5.0 (compatible; CensysInspect/1.1; +https://about.censys.io/)"
167.94.138.2 - - [10/Apr/2024:17:35:40 +0000] "PRI * HTTP/2.0" 400 157 "-" "-"
45.79.168.172 - - [10/Apr/2024:17:59:17 +0000] "GET / HTTP/1.1" 400 255 "-" "Mozilla/5.0 zgrab/0.x"
66.249.79.36 - - [10/Apr/2024:18:04:52 +0000] "GET /robots.txt HTTP/1.1" 404 196 "-" "Mozilla/5.0 (compatible; Googlebot/2.1; +http://www.google.com/bot.html)"
167.94.138.2 - - [10/Apr/2024:18:05:39 +0000] "GET / HTTP/1.1" 400 255 "-" "Mozilla/5.0 (compatible; CensysInspect/1.1; +https://about.censys.io/)"
167.94.138.2 - - [10/Apr/2024:18:05:40 +0000] "PRI * HTTP/2.0" 400 157 "-" "-"
45.79.172.21 - - [10/Apr/2024:18:09:24 +0000] "GET / HTTP/1.1" 200 1971 "-" "Mozilla/5.0 (Macintosh; Intel Mac OS X 13_1) AppleWebKit/537.36 (KHTML, like Gecko) Chrome/108.0.0.0 Safari/537.36"
45.95.169.184 - - [10/Apr/2024:18:11:17 +0000] "aaaabbbbccccdddd\x00\x00\x00\x00\x00\x00\x00\x00,k\x00\x00\x04\x00\x00\x00\x92\x10" 400 157 "-" "-"
45.95.169.184 - - [10/Apr/2024:18:11:17 +0000] "\x10 \x00\x00BBBB\xBA\x8C\xC1\xABDAAA" 400 157 "-" "-"
45.95.169.184 - - [10/Apr/2024:18:11:17 +0000] "POST /index.htm HTTP/1.1" 400 657 "-" "Mozilla/5.0 (Windows NT 10.0; WOW64) AppleWebKit/537.36 (KHTML, like Gecko) Chrome/72.0.3626.121 Safari/537.36"
45.140.17.52 - - [10/Apr/2024:18:21:13 +0000] "GET /remote/login?lang=en HTTP/1.1" 400 157 "-" "-"
45.140.17.52 - - [10/Apr/2024:18:21:13 +0000] "GET /remote/login?lang=en HTTP/1.1" 400 157 "-" "-"
167.94.138.2 - - [10/Apr/2024:18:35:39 +0000] "GET / HTTP/1.1" 400 255 "-" "Mozilla/5.0 (compatible; CensysInspect/1.1; +https://about.censys.io/)"
167.94.138.2 - - [10/Apr/2024:18:35:40 +0000] "PRI * HTTP/2.0" 400 157 "-" "-"
45.79.163.53 - - [10/Apr/2024:18:36:46 +0000] "GET / HTTP/1.1" 400 255 "-" "Mozilla/5.0 zgrab/0.x"
114.67.183.11 - - [10/Apr/2024:18:46:56 +0000] "GET /cgi-bin/nas_sharing.cgi?user=messagebus&passwd=&cmd=15&system=ZWNobwktZQlcXHg2NVxceDYzXFx4NjhcXHg2ZlxceDIwXFx4NjhcXHg2NVxceDZjXFx4NmNcXHg2ZlxceDc3XFx4NmZcXHg3MlxceDZjXFx4NjR8c2g= HTTP/1.1" 404 196 "-" "Python-urllib/3.6"
78.153.140.179 - - [10/Apr/2024:18:51:35 +0000] "GET /.env HTTP/1.1" 400 657 "-" "Mozilla/5.0 (X11; Linux x86_64) AppleWebKit/537.36 (KHTML, like Gecko) Chrome/81.0.4044.129 Safari/537.36"
78.153.140.179 - - [10/Apr/2024:18:51:36 +0000] "GET /.env HTTP/1.1" 404 196 "-" "Mozilla/5.0 (X11; Linux x86_64) AppleWebKit/537.36 (KHTML, like Gecko) Chrome/81.0.4044.129 Safari/537.36"
14.22.11.182 - - [10/Apr/2024:18:59:06 +0000] "TST91f0e93c45d1399d892642ae46d6f951" 400 157 "-" "-"
14.22.11.182 - - [10/Apr/2024:18:59:06 +0000] "c131f3442049bb930d0c6c3e4dd7ac05" 400 157 "-" "-"
14.22.11.182 - - [10/Apr/2024:18:59:06 +0000] "TST00f03d10622bba1cdd7d452d872e576b" 400 157 "-" "-"
14.22.11.182 - - [10/Apr/2024:18:59:06 +0000] "46c85d5855720d1b8e10478d24258615" 400 157 "-" "-"
14.22.11.182 - - [10/Apr/2024:18:59:06 +0000] "TSTbdd60ff0b6bf832ce13ffef26d6a1a8f" 400 157 "-" "-"
14.22.11.182 - - [10/Apr/2024:18:59:06 +0000] "TSTb7288ada2ecfbd3d2006bff348770afc" 400 157 "-" "-"
14.22.11.182 - - [10/Apr/2024:18:59:06 +0000] "TST\x06\x00\x00\x000.26.0\x06\x00\x00\x000.26.0" 400 157 "-" "-"
14.22.11.182 - - [10/Apr/2024:18:59:06 +0000] "TST\x06\x00\x00\x000.25.0\x06\x00\x00\x000.25.0" 400 157 "-" "-"
14.22.11.182 - - [10/Apr/2024:18:59:06 +0000] "TST3ecfeacfa947bad5c0e33232c53f2a49" 400 157 "-" "-"
14.22.11.182 - - [10/Apr/2024:18:59:06 +0000] "647a38b2a47068535a98658ef0f7f6fa" 400 157 "-" "-"
14.22.11.182 - - [10/Apr/2024:18:59:07 +0000] "TST26a99ad1c618c0c0cdba09fdfeea13b1" 400 157 "-" "-"
78.153.140.179 - - [10/Apr/2024:19:05:07 +0000] "GET /.env HTTP/1.1" 400 657 "-" "Mozilla/5.0 (X11; Linux x86_64) AppleWebKit/537.36 (KHTML, like Gecko) Chrome/81.0.4044.129 Safari/537.36"
78.153.140.179 - - [10/Apr/2024:19:05:09 +0000] "GET /.env HTTP/1.1" 404 196 "-" "Mozilla/5.0 (X11; Linux x86_64) AppleWebKit/537.36 (KHTML, like Gecko) Chrome/81.0.4044.129 Safari/537.36"
167.94.138.2 - - [10/Apr/2024:19:06:10 +0000] "GET / HTTP/1.1" 400 255 "-" "Mozilla/5.0 (compatible; CensysInspect/1.1; +https://about.censys.io/)"
167.94.138.2 - - [10/Apr/2024:19:06:11 +0000] "PRI * HTTP/2.0" 400 157 "-" "-"
51.159.23.43 - - [10/Apr/2024:19:10:55 +0000] "GET / HTTP/1.1" 200 5069 "-" "-"
167.94.138.2 - - [10/Apr/2024:19:35:49 +0000] "GET / HTTP/1.1" 400 255 "-" "Mozilla/5.0 (compatible; CensysInspect/1.1; +https://about.censys.io/)"
167.94.138.2 - - [10/Apr/2024:19:35:50 +0000] "PRI * HTTP/2.0" 400 157 "-" "-"
178.128.255.60 - - [10/Apr/2024:19:46:04 +0000] "GET / HTTP/1.1" 400 255 "-" "Go-http-client/1.1"
35.216.169.98 - - [10/Apr/2024:19:51:48 +0000] "GET / HTTP/1.1" 400 157 "-" "-"
35.216.169.98 - - [10/Apr/2024:19:51:51 +0000] "GET / HTTP/1.1" 200 5069 "-" "abuse.xmco.fr"
35.216.169.98 - - [10/Apr/2024:19:51:54 +0000] "GET /.env HTTP/1.1" 404 196 "-" "Mozilla/5.0 (Macintosh; Intel Mac OS X 10.15; rv:103.0) Gecko/20100101 Firefox/103.0 abuse.xmco.fr"
35.216.169.98 - - [10/Apr/2024:19:51:55 +0000] "GET /telescope/requests HTTP/1.1" 404 196 "-" "Mozilla/5.0 (Macintosh; Intel Mac OS X 10.15; rv:103.0) Gecko/20100101 Firefox/103.0 abuse.xmco.fr"
35.216.169.98 - - [10/Apr/2024:19:51:56 +0000] "GET /info.php HTTP/1.1" 404 196 "-" "Mozilla/5.0 (Macintosh; Intel Mac OS X 10.15; rv:103.0) Gecko/20100101 Firefox/103.0 abuse.xmco.fr"
35.216.169.98 - - [10/Apr/2024:19:51:57 +0000] "GET /.git/config HTTP/1.1" 403 153 "-" "Mozilla/5.0 (Macintosh; Intel Mac OS X 10.15; rv:103.0) Gecko/20100101 Firefox/103.0 abuse.xmco.fr"
35.216.169.98 - - [10/Apr/2024:19:51:58 +0000] "GET /server-status HTTP/1.1" 403 199 "-" "Mozilla/5.0 (Macintosh; Intel Mac OS X 10.15; rv:103.0) Gecko/20100101 Firefox/103.0 abuse.xmco.fr"
35.216.169.98 - - [10/Apr/2024:19:51:59 +0000] "GET /config.json HTTP/1.1" 404 196 "-" "Mozilla/5.0 (Macintosh; Intel Mac OS X 10.15; rv:103.0) Gecko/20100101 Firefox/103.0 abuse.xmco.fr"
167.94.138.2 - - [10/Apr/2024:20:05:50 +0000] "GET / HTTP/1.1" 400 255 "-" "Mozilla/5.0 (compatible; CensysInspect/1.1; +https://about.censys.io/)"
167.94.138.2 - - [10/Apr/2024:20:05:51 +0000] "PRI * HTTP/2.0" 400 157 "-" "-"
93.174.93.127 - - [10/Apr/2024:20:15:38 +0000] "GET / HTTP/1.1" 200 4571 "-" "Mozilla/5.0 (Linux; Android 10; K) AppleWebKit/537.36 (KHTML, like Gecko) Chrome/122.0.0.0 Mobile Safari/537.36"
66.175.213.4 - - [10/Apr/2024:20:32:11 +0000] "GET / HTTP/1.1" 200 1971 "-" "Mozilla/5.0 (Macintosh; Intel Mac OS X 13_1) AppleWebKit/537.36 (KHTML, like Gecko) Chrome/108.0.0.0 Safari/537.36"
167.94.138.2 - - [10/Apr/2024:20:35:51 +0000] "GET / HTTP/1.1" 400 255 "-" "Mozilla/5.0 (compatible; CensysInspect/1.1; +https://about.censys.io/)"
167.94.138.2 - - [10/Apr/2024:20:35:52 +0000] "PRI * HTTP/2.0" 400 157 "-" "-"
167.94.138.2 - - [10/Apr/2024:21:05:52 +0000] "GET / HTTP/1.1" 400 255 "-" "Mozilla/5.0 (compatible; CensysInspect/1.1; +https://about.censys.io/)"
167.94.138.2 - - [10/Apr/2024:21:05:53 +0000] "PRI * HTTP/2.0" 400 157 "-" "-"
139.99.28.144 - - [10/Apr/2024:21:16:30 +0000] "GET /.env.bak HTTP/1.1" 404 196 "-" "Mozilla/5.0 (Windows NT 10.0; Win64; x64) AppleWebKit/537.36 (KHTML, like Gecko) Chrome/108.0.0.0 Safari/537.36"
139.99.28.144 - - [10/Apr/2024:21:16:30 +0000] "GET /.env HTTP/1.1" 404 196 "-" "Mozilla/5.0 (Windows NT 10.0; Win64; x64) AppleWebKit/537.36 (KHTML, like Gecko) Chrome/108.0.0.0 Safari/537.36"
139.99.28.144 - - [10/Apr/2024:21:16:30 +0000] "GET /env.js HTTP/1.1" 404 196 "-" "Mozilla/5.0 (Windows NT 10.0; Win64; x64) AppleWebKit/537.36 (KHTML, like Gecko) Chrome/108.0.0.0 Safari/537.36"
139.99.28.144 - - [10/Apr/2024:21:16:31 +0000] "GET /config.env HTTP/1.1" 404 196 "-" "Mozilla/5.0 (Windows NT 10.0; Win64; x64) AppleWebKit/537.36 (KHTML, like Gecko) Chrome/108.0.0.0 Safari/537.36"
139.99.28.144 - - [10/Apr/2024:21:16:31 +0000] "GET /.env.dist HTTP/1.1" 404 196 "-" "Mozilla/5.0 (Windows NT 10.0; Win64; x64) AppleWebKit/537.36 (KHTML, like Gecko) Chrome/108.0.0.0 Safari/537.36"
139.99.28.144 - - [10/Apr/2024:21:16:31 +0000] "GET /.env.dev HTTP/1.1" 404 196 "-" "Mozilla/5.0 (Windows NT 10.0; Win64; x64) AppleWebKit/537.36 (KHTML, like Gecko) Chrome/108.0.0.0 Safari/537.36"
139.99.28.144 - - [10/Apr/2024:21:16:31 +0000] "GET /.env.local HTTP/1.1" 404 196 "-" "Mozilla/5.0 (Windows NT 10.0; Win64; x64) AppleWebKit/537.36 (KHTML, like Gecko) Chrome/108.0.0.0 Safari/537.36"
139.99.28.144 - - [10/Apr/2024:21:16:32 +0000] "GET /public/.env HTTP/1.1" 404 196 "-" "Mozilla/5.0 (Windows NT 10.0; Win64; x64) AppleWebKit/537.36 (KHTML, like Gecko) Chrome/108.0.0.0 Safari/537.36"
139.99.28.144 - - [10/Apr/2024:21:16:32 +0000] "GET /laravel/.env HTTP/1.1" 404 196 "-" "Mozilla/5.0 (Windows NT 10.0; Win64; x64) AppleWebKit/537.36 (KHTML, like Gecko) Chrome/108.0.0.0 Safari/537.36"
139.99.28.144 - - [10/Apr/2024:21:16:32 +0000] "GET /laravel/core/.env HTTP/1.1" 404 196 "-" "Mozilla/5.0 (Windows NT 10.0; Win64; x64) AppleWebKit/537.36 (KHTML, like Gecko) Chrome/108.0.0.0 Safari/537.36"
139.99.28.144 - - [10/Apr/2024:21:16:33 +0000] "GET /beta/.env HTTP/1.1" 404 196 "-" "Mozilla/5.0 (Windows NT 10.0; Win64; x64) AppleWebKit/537.36 (KHTML, like Gecko) Chrome/108.0.0.0 Safari/537.36"
139.99.28.144 - - [10/Apr/2024:21:16:33 +0000] "GET /kyc/.env HTTP/1.1" 404 196 "-" "Mozilla/5.0 (Windows NT 10.0; Win64; x64) AppleWebKit/537.36 (KHTML, like Gecko) Chrome/108.0.0.0 Safari/537.36"
139.99.28.144 - - [10/Apr/2024:21:16:33 +0000] "GET /admin/.env HTTP/1.1" 404 196 "-" "Mozilla/5.0 (Windows NT 10.0; Win64; x64) AppleWebKit/537.36 (KHTML, like Gecko) Chrome/108.0.0.0 Safari/537.36"
139.99.28.144 - - [10/Apr/2024:21:16:33 +0000] "GET /prod/.env HTTP/1.1" 404 196 "-" "Mozilla/5.0 (Windows NT 10.0; Win64; x64) AppleWebKit/537.36 (KHTML, like Gecko) Chrome/108.0.0.0 Safari/537.36"
139.99.28.144 - - [10/Apr/2024:21:16:34 +0000] "GET /.env.backup HTTP/1.1" 404 196 "-" "Mozilla/5.0 (Windows NT 10.0; Win64; x64) AppleWebKit/537.36 (KHTML, like Gecko) Chrome/108.0.0.0 Safari/537.36"
139.99.28.144 - - [10/Apr/2024:21:16:34 +0000] "GET /.env.docker.dev HTTP/1.1" 404 196 "-" "Mozilla/5.0 (Windows NT 10.0; Win64; x64) AppleWebKit/537.36 (KHTML, like Gecko) Chrome/108.0.0.0 Safari/537.36"
139.99.28.144 - - [10/Apr/2024:21:16:34 +0000] "GET /.env.php HTTP/1.1" 404 196 "-" "Mozilla/5.0 (Windows NT 10.0; Win64; x64) AppleWebKit/537.36 (KHTML, like Gecko) Chrome/108.0.0.0 Safari/537.36"
139.99.28.144 - - [10/Apr/2024:21:16:34 +0000] "GET /.env.prod HTTP/1.1" 404 196 "-" "Mozilla/5.0 (Windows NT 10.0; Win64; x64) AppleWebKit/537.36 (KHTML, like Gecko) Chrome/108.0.0.0 Safari/537.36"
139.99.28.144 - - [10/Apr/2024:21:16:35 +0000] "GET /.env.production.local HTTP/1.1" 404 196 "-" "Mozilla/5.0 (Windows NT 10.0; Win64; x64) AppleWebKit/537.36 (KHTML, like Gecko) Chrome/108.0.0.0 Safari/537.36"
139.99.28.144 - - [10/Apr/2024:21:16:35 +0000] "GET /.env.sample.php HTTP/1.1" 404 196 "-" "Mozilla/5.0 (Windows NT 10.0; Win64; x64) AppleWebKit/537.36 (KHTML, like Gecko) Chrome/108.0.0.0 Safari/537.36"
139.99.28.144 - - [10/Apr/2024:21:16:35 +0000] "GET /.env.save HTTP/1.1" 404 196 "-" "Mozilla/5.0 (Windows NT 10.0; Win64; x64) AppleWebKit/537.36 (KHTML, like Gecko) Chrome/108.0.0.0 Safari/537.36"
139.99.28.144 - - [10/Apr/2024:21:16:35 +0000] "GET /.env.stage HTTP/1.1" 404 196 "-" "Mozilla/5.0 (Windows NT 10.0; Win64; x64) AppleWebKit/537.36 (KHTML, like Gecko) Chrome/108.0.0.0 Safari/537.36"
139.99.28.144 - - [10/Apr/2024:21:16:36 +0000] "GET /.env.test HTTP/1.1" 404 196 "-" "Mozilla/5.0 (Windows NT 10.0; Win64; x64) AppleWebKit/537.36 (KHTML, like Gecko) Chrome/108.0.0.0 Safari/537.36"
139.99.28.144 - - [10/Apr/2024:21:16:36 +0000] "GET /.env.test.local HTTP/1.1" 404 196 "-" "Mozilla/5.0 (Windows NT 10.0; Win64; x64) AppleWebKit/537.36 (KHTML, like Gecko) Chrome/108.0.0.0 Safari/537.36"
139.99.28.144 - - [10/Apr/2024:21:16:36 +0000] "GET /.env.local HTTP/1.1" 404 196 "-" "Mozilla/5.0 (Windows NT 10.0; Win64; x64) AppleWebKit/537.36 (KHTML, like Gecko) Chrome/108.0.0.0 Safari/537.36"
139.99.28.144 - - [10/Apr/2024:21:16:37 +0000] "GET /.env.production HTTP/1.1" 404 196 "-" "Mozilla/5.0 (Windows NT 10.0; Win64; x64) AppleWebKit/537.36 (KHTML, like Gecko) Chrome/108.0.0.0 Safari/537.36"
139.99.28.144 - - [10/Apr/2024:21:16:37 +0000] "GET /.env.staging HTTP/1.1" 404 196 "-" "Mozilla/5.0 (Windows NT 10.0; Win64; x64) AppleWebKit/537.36 (KHTML, like Gecko) Chrome/108.0.0.0 Safari/537.36"
139.99.28.144 - - [10/Apr/2024:21:16:37 +0000] "GET /backup/.env HTTP/1.1" 404 196 "-" "Mozilla/5.0 (Windows NT 10.0; Win64; x64) AppleWebKit/537.36 (KHTML, like Gecko) Chrome/108.0.0.0 Safari/537.36"
139.99.28.144 - - [10/Apr/2024:21:16:37 +0000] "GET /backup/.env.local HTTP/1.1" 404 196 "-" "Mozilla/5.0 (Windows NT 10.0; Win64; x64) AppleWebKit/537.36 (KHTML, like Gecko) Chrome/108.0.0.0 Safari/537.36"
139.99.28.144 - - [10/Apr/2024:21:16:38 +0000] "GET /backup/.env.production HTTP/1.1" 404 196 "-" "Mozilla/5.0 (Windows NT 10.0; Win64; x64) AppleWebKit/537.36 (KHTML, like Gecko) Chrome/108.0.0.0 Safari/537.36"
139.99.28.144 - - [10/Apr/2024:21:16:38 +0000] "GET /backup/.env.staging HTTP/1.1" 404 196 "-" "Mozilla/5.0 (Windows NT 10.0; Win64; x64) AppleWebKit/537.36 (KHTML, like Gecko) Chrome/108.0.0.0 Safari/537.36"
139.99.28.144 - - [10/Apr/2024:21:16:38 +0000] "GET /public/.env HTTP/1.1" 404 196 "-" "Mozilla/5.0 (Windows NT 10.0; Win64; x64) AppleWebKit/537.36 (KHTML, like Gecko) Chrome/108.0.0.0 Safari/537.36"
139.99.28.144 - - [10/Apr/2024:21:16:38 +0000] "GET /public/.env.local HTTP/1.1" 404 196 "-" "Mozilla/5.0 (Windows NT 10.0; Win64; x64) AppleWebKit/537.36 (KHTML, like Gecko) Chrome/108.0.0.0 Safari/537.36"
139.99.28.144 - - [10/Apr/2024:21:16:39 +0000] "GET /public/.env.production HTTP/1.1" 404 196 "-" "Mozilla/5.0 (Windows NT 10.0; Win64; x64) AppleWebKit/537.36 (KHTML, like Gecko) Chrome/108.0.0.0 Safari/537.36"
139.99.28.144 - - [10/Apr/2024:21:16:39 +0000] "GET /public/.env.staging HTTP/1.1" 404 196 "-" "Mozilla/5.0 (Windows NT 10.0; Win64; x64) AppleWebKit/537.36 (KHTML, like Gecko) Chrome/108.0.0.0 Safari/537.36"
139.99.28.144 - - [10/Apr/2024:21:16:39 +0000] "GET /laravel/.env HTTP/1.1" 404 196 "-" "Mozilla/5.0 (Windows NT 10.0; Win64; x64) AppleWebKit/537.36 (KHTML, like Gecko) Chrome/108.0.0.0 Safari/537.36"
139.99.28.144 - - [10/Apr/2024:21:16:39 +0000] "GET /laravel/.env.local HTTP/1.1" 404 196 "-" "Mozilla/5.0 (Windows NT 10.0; Win64; x64) AppleWebKit/537.36 (KHTML, like Gecko) Chrome/108.0.0.0 Safari/537.36"
