MINI MINI MANI MO
Path : /usr/local/apache/domlogs/ |
Current File : //usr/local/apache/domlogs/shimlamanali.himachaltravelguide.in.log |
158.69.227.165 - - [17/May/2024:07:34:20 +0000] "GET /.well-known/acme-challenge/790dd8e0d2996b5c3ff07e62536740afkey HTTP/1.0" 200 33 "-" "-"
13.251.103.16 - - [17/May/2024:07:34:27 +0000] "GET /.well-known/acme-challenge/-ry8joKW9FD-6mse_qHWWjQ2y9R-uP_B7kvvSNhmBys HTTP/1.1" 200 87 "-" "Mozilla/5.0 (compatible; Let's Encrypt validation server; +https://www.letsencrypt.org)"
52.36.81.152 - - [17/May/2024:07:34:27 +0000] "GET /.well-known/acme-challenge/-ry8joKW9FD-6mse_qHWWjQ2y9R-uP_B7kvvSNhmBys HTTP/1.1" 200 87 "-" "Mozilla/5.0 (compatible; Let's Encrypt validation server; +https://www.letsencrypt.org)"
23.178.112.107 - - [17/May/2024:07:34:27 +0000] "GET /.well-known/acme-challenge/-ry8joKW9FD-6mse_qHWWjQ2y9R-uP_B7kvvSNhmBys HTTP/1.1" 200 87 "-" "Mozilla/5.0 (compatible; Let's Encrypt validation server; +https://www.letsencrypt.org)"
13.59.205.210 - - [17/May/2024:07:34:27 +0000] "GET /.well-known/acme-challenge/-ry8joKW9FD-6mse_qHWWjQ2y9R-uP_B7kvvSNhmBys HTTP/1.1" 200 87 "-" "Mozilla/5.0 (compatible; Let's Encrypt validation server; +https://www.letsencrypt.org)"
16.16.79.158 - - [17/May/2024:07:34:27 +0000] "GET /.well-known/acme-challenge/-ry8joKW9FD-6mse_qHWWjQ2y9R-uP_B7kvvSNhmBys HTTP/1.1" 200 87 "-" "Mozilla/5.0 (compatible; Let's Encrypt validation server; +https://www.letsencrypt.org)"
122.162.146.250 - - [17/May/2024:07:34:38 +0000] "GET / HTTP/1.1" 403 199 "-" "Mozilla/5.0 (Windows NT 10.0; Win64; x64) AppleWebKit/537.36 (KHTML, like Gecko) Chrome/124.0.0.0 Safari/537.36"
122.162.146.250 - - [17/May/2024:07:34:39 +0000] "GET /favicon.ico HTTP/1.1" 403 199 "https://shimlamanali.himachaltravelguide.in/" "Mozilla/5.0 (Windows NT 10.0; Win64; x64) AppleWebKit/537.36 (KHTML, like Gecko) Chrome/124.0.0.0 Safari/537.36"
195.211.77.140 - - [17/May/2024:07:34:56 +0000] "HEAD / HTTP/1.1" 200 0 "-" "Mozilla/5.0 (Windows NT 10.0; Win64; x64) AppleWebKit/537.36 (KHTML, like Gecko) Chrome/108.0.0.0 Safari/537.36"
122.162.146.250 - - [17/May/2024:07:35:17 +0000] "GET / HTTP/1.1" 403 199 "-" "Mozilla/5.0 (Windows NT 10.0; Win64; x64) AppleWebKit/537.36 (KHTML, like Gecko) Chrome/124.0.0.0 Safari/537.36"
122.162.146.250 - - [17/May/2024:07:35:17 +0000] "GET /favicon.ico HTTP/1.1" 403 199 "https://shimlamanali.himachaltravelguide.in/" "Mozilla/5.0 (Windows NT 10.0; Win64; x64) AppleWebKit/537.36 (KHTML, like Gecko) Chrome/124.0.0.0 Safari/537.36"
122.162.146.250 - - [17/May/2024:07:35:17 +0000] "GET / HTTP/1.1" 403 199 "-" "Mozilla/5.0 (Windows NT 10.0; Win64; x64) AppleWebKit/537.36 (KHTML, like Gecko) Chrome/124.0.0.0 Safari/537.36"
122.162.146.250 - - [17/May/2024:07:35:17 +0000] "GET /favicon.ico HTTP/1.1" 403 199 "https://shimlamanali.himachaltravelguide.in/" "Mozilla/5.0 (Windows NT 10.0; Win64; x64) AppleWebKit/537.36 (KHTML, like Gecko) Chrome/124.0.0.0 Safari/537.36"
122.162.146.250 - - [17/May/2024:07:35:17 +0000] "GET / HTTP/1.1" 403 199 "-" "Mozilla/5.0 (Windows NT 10.0; Win64; x64) AppleWebKit/537.36 (KHTML, like Gecko) Chrome/124.0.0.0 Safari/537.36"
122.162.146.250 - - [17/May/2024:07:35:18 +0000] "GET /favicon.ico HTTP/1.1" 403 199 "https://shimlamanali.himachaltravelguide.in/" "Mozilla/5.0 (Windows NT 10.0; Win64; x64) AppleWebKit/537.36 (KHTML, like Gecko) Chrome/124.0.0.0 Safari/537.36"
122.162.146.250 - - [17/May/2024:07:35:18 +0000] "GET / HTTP/1.1" 403 199 "-" "Mozilla/5.0 (Windows NT 10.0; Win64; x64) AppleWebKit/537.36 (KHTML, like Gecko) Chrome/124.0.0.0 Safari/537.36"
122.162.146.250 - - [17/May/2024:07:35:18 +0000] "GET /favicon.ico HTTP/1.1" 403 199 "https://shimlamanali.himachaltravelguide.in/" "Mozilla/5.0 (Windows NT 10.0; Win64; x64) AppleWebKit/537.36 (KHTML, like Gecko) Chrome/124.0.0.0 Safari/537.36"
122.162.146.250 - - [17/May/2024:07:35:18 +0000] "GET / HTTP/1.1" 403 199 "-" "Mozilla/5.0 (Windows NT 10.0; Win64; x64) AppleWebKit/537.36 (KHTML, like Gecko) Chrome/124.0.0.0 Safari/537.36"
122.162.146.250 - - [17/May/2024:07:35:18 +0000] "GET /favicon.ico HTTP/1.1" 403 199 "https://shimlamanali.himachaltravelguide.in/" "Mozilla/5.0 (Windows NT 10.0; Win64; x64) AppleWebKit/537.36 (KHTML, like Gecko) Chrome/124.0.0.0 Safari/537.36"
195.211.77.142 - - [17/May/2024:07:35:20 +0000] "GET / HTTP/1.1" 200 11371 "-" "Mozilla/5.0 (Windows NT 10.0; Win64; x64) AppleWebKit/537.36 (KHTML, like Gecko) Chrome/108.0.0.0 Safari/537.36"
122.162.146.250 - - [17/May/2024:07:35:36 +0000] "GET / HTTP/1.1" 200 11365 "-" "Mozilla/5.0 (Windows NT 10.0; Win64; x64) AppleWebKit/537.36 (KHTML, like Gecko) Chrome/124.0.0.0 Safari/537.36"
122.162.146.250 - - [17/May/2024:07:35:36 +0000] "GET /assets/css/lib/bootstrap/bootstrap.min.css HTTP/1.1" 200 31138 "https://shimlamanali.himachaltravelguide.in/" "Mozilla/5.0 (Windows NT 10.0; Win64; x64) AppleWebKit/537.36 (KHTML, like Gecko) Chrome/124.0.0.0 Safari/537.36"
122.162.146.250 - - [17/May/2024:07:35:36 +0000] "GET /assets/css/lib/fontawesome/css/fontawesome.min.css HTTP/1.1" 200 17422 "https://shimlamanali.himachaltravelguide.in/" "Mozilla/5.0 (Windows NT 10.0; Win64; x64) AppleWebKit/537.36 (KHTML, like Gecko) Chrome/124.0.0.0 Safari/537.36"
122.162.146.250 - - [17/May/2024:07:35:36 +0000] "GET /assets/css/lib/fontawesome/css/brands.css HTTP/1.1" 200 4928 "https://shimlamanali.himachaltravelguide.in/" "Mozilla/5.0 (Windows NT 10.0; Win64; x64) AppleWebKit/537.36 (KHTML, like Gecko) Chrome/124.0.0.0 Safari/537.36"
122.162.146.250 - - [17/May/2024:07:35:36 +0000] "GET /assets/css/lib/fontawesome/css/solid.css HTTP/1.1" 200 353 "https://shimlamanali.himachaltravelguide.in/" "Mozilla/5.0 (Windows NT 10.0; Win64; x64) AppleWebKit/537.36 (KHTML, like Gecko) Chrome/124.0.0.0 Safari/537.36"
122.162.146.250 - - [17/May/2024:07:35:36 +0000] "GET /assets/css/lib/simple-line-icons/css/simple-line-icons.min.css HTTP/1.1" 200 2436 "https://shimlamanali.himachaltravelguide.in/" "Mozilla/5.0 (Windows NT 10.0; Win64; x64) AppleWebKit/537.36 (KHTML, like Gecko) Chrome/124.0.0.0 Safari/537.36"
122.162.146.250 - - [17/May/2024:07:35:36 +0000] "GET /assets/css/lib/animate.min.css HTTP/1.1" 200 4148 "https://shimlamanali.himachaltravelguide.in/" "Mozilla/5.0 (Windows NT 10.0; Win64; x64) AppleWebKit/537.36 (KHTML, like Gecko) Chrome/124.0.0.0 Safari/537.36"
122.162.146.250 - - [17/May/2024:07:35:36 +0000] "GET /assets/css/lib/slick.min.css HTTP/1.1" 200 516 "https://shimlamanali.himachaltravelguide.in/" "Mozilla/5.0 (Windows NT 10.0; Win64; x64) AppleWebKit/537.36 (KHTML, like Gecko) Chrome/124.0.0.0 Safari/537.36"
122.162.146.250 - - [17/May/2024:07:35:37 +0000] "GET /assets/css/lib/swiper.min.css HTTP/1.1" 200 4593 "https://shimlamanali.himachaltravelguide.in/" "Mozilla/5.0 (Windows NT 10.0; Win64; x64) AppleWebKit/537.36 (KHTML, like Gecko) Chrome/124.0.0.0 Safari/537.36"
122.162.146.250 - - [17/May/2024:07:35:37 +0000] "GET /assets/css/lib/jquery-ui.min.css HTTP/1.1" 200 7629 "https://shimlamanali.himachaltravelguide.in/" "Mozilla/5.0 (Windows NT 10.0; Win64; x64) AppleWebKit/537.36 (KHTML, like Gecko) Chrome/124.0.0.0 Safari/537.36"
122.162.146.250 - - [17/May/2024:07:35:37 +0000] "GET /assets/css/lib/jquery.fancybox.min.css HTTP/1.1" 200 3167 "https://shimlamanali.himachaltravelguide.in/" "Mozilla/5.0 (Windows NT 10.0; Win64; x64) AppleWebKit/537.36 (KHTML, like Gecko) Chrome/124.0.0.0 Safari/537.36"
122.162.146.250 - - [17/May/2024:07:35:37 +0000] "GET /assets/css/custom-animate.css HTTP/1.1" 200 1880 "https://shimlamanali.himachaltravelguide.in/" "Mozilla/5.0 (Windows NT 10.0; Win64; x64) AppleWebKit/537.36 (KHTML, like Gecko) Chrome/124.0.0.0 Safari/537.36"
122.162.146.250 - - [17/May/2024:07:35:37 +0000] "GET /assets/css/style.css HTTP/1.1" 200 23571 "https://shimlamanali.himachaltravelguide.in/" "Mozilla/5.0 (Windows NT 10.0; Win64; x64) AppleWebKit/537.36 (KHTML, like Gecko) Chrome/124.0.0.0 Safari/537.36"
122.162.146.250 - - [17/May/2024:07:35:37 +0000] "GET /assets/css/responsive.css HTTP/1.1" 200 3920 "https://shimlamanali.himachaltravelguide.in/" "Mozilla/5.0 (Windows NT 10.0; Win64; x64) AppleWebKit/537.36 (KHTML, like Gecko) Chrome/124.0.0.0 Safari/537.36"
122.162.146.250 - - [17/May/2024:07:35:37 +0000] "GET /assets/images/tripperHubpng%201.png HTTP/1.1" 200 18158 "https://shimlamanali.himachaltravelguide.in/" "Mozilla/5.0 (Windows NT 10.0; Win64; x64) AppleWebKit/537.36 (KHTML, like Gecko) Chrome/124.0.0.0 Safari/537.36"
122.162.146.250 - - [17/May/2024:07:35:37 +0000] "GET /assets/images/icons/menu-icon.svg HTTP/1.1" 200 305 "https://shimlamanali.himachaltravelguide.in/" "Mozilla/5.0 (Windows NT 10.0; Win64; x64) AppleWebKit/537.36 (KHTML, like Gecko) Chrome/124.0.0.0 Safari/537.36"
122.162.146.250 - - [17/May/2024:07:35:37 +0000] "GET /assets/css/sections/fonts.css HTTP/1.1" 200 319 "https://shimlamanali.himachaltravelguide.in/assets/css/style.css" "Mozilla/5.0 (Windows NT 10.0; Win64; x64) AppleWebKit/537.36 (KHTML, like Gecko) Chrome/124.0.0.0 Safari/537.36"
122.162.146.250 - - [17/May/2024:07:35:37 +0000] "GET /assets/css/sections/variables.css HTTP/1.1" 200 474 "https://shimlamanali.himachaltravelguide.in/assets/css/style.css" "Mozilla/5.0 (Windows NT 10.0; Win64; x64) AppleWebKit/537.36 (KHTML, like Gecko) Chrome/124.0.0.0 Safari/537.36"
122.162.146.250 - - [17/May/2024:07:35:37 +0000] "GET /assets/css/sections/global-settings.css HTTP/1.1" 200 1333 "https://shimlamanali.himachaltravelguide.in/assets/css/style.css" "Mozilla/5.0 (Windows NT 10.0; Win64; x64) AppleWebKit/537.36 (KHTML, like Gecko) Chrome/124.0.0.0 Safari/537.36"
122.162.146.250 - - [17/May/2024:07:35:37 +0000] "GET /assets/js/lib/bootstrap/bootstrap.min.js HTTP/1.1" 200 16560 "https://shimlamanali.himachaltravelguide.in/" "Mozilla/5.0 (Windows NT 10.0; Win64; x64) AppleWebKit/537.36 (KHTML, like Gecko) Chrome/124.0.0.0 Safari/537.36"
122.162.146.250 - - [17/May/2024:07:35:37 +0000] "GET /assets/js/lib/isotope.min.js HTTP/1.1" 200 10201 "https://shimlamanali.himachaltravelguide.in/" "Mozilla/5.0 (Windows NT 10.0; Win64; x64) AppleWebKit/537.36 (KHTML, like Gecko) Chrome/124.0.0.0 Safari/537.36"
122.162.146.250 - - [17/May/2024:07:35:37 +0000] "GET /assets/js/lib/jquery.fancybox.min.js HTTP/1.1" 200 19503 "https://shimlamanali.himachaltravelguide.in/" "Mozilla/5.0 (Windows NT 10.0; Win64; x64) AppleWebKit/537.36 (KHTML, like Gecko) Chrome/124.0.0.0 Safari/537.36"
122.162.146.250 - - [17/May/2024:07:35:37 +0000] "GET /assets/js/lib/popper.min.js HTTP/1.1" 200 7519 "https://shimlamanali.himachaltravelguide.in/" "Mozilla/5.0 (Windows NT 10.0; Win64; x64) AppleWebKit/537.36 (KHTML, like Gecko) Chrome/124.0.0.0 Safari/537.36"
122.162.146.250 - - [17/May/2024:07:35:37 +0000] "GET /assets/js/lib/jquery-ui.min.js HTTP/1.1" 200 67864 "https://shimlamanali.himachaltravelguide.in/" "Mozilla/5.0 (Windows NT 10.0; Win64; x64) AppleWebKit/537.36 (KHTML, like Gecko) Chrome/124.0.0.0 Safari/537.36"
122.162.146.250 - - [17/May/2024:07:35:37 +0000] "GET /assets/js/lib/jquery.min.js HTTP/1.1" 200 33815 "https://shimlamanali.himachaltravelguide.in/" "Mozilla/5.0 (Windows NT 10.0; Win64; x64) AppleWebKit/537.36 (KHTML, like Gecko) Chrome/124.0.0.0 Safari/537.36"
122.162.146.250 - - [17/May/2024:07:35:37 +0000] "GET /assets/fonts/Reey/Reey-Regular.woff HTTP/1.1" 200 79212 "https://shimlamanali.himachaltravelguide.in/assets/css/sections/fonts.css" "Mozilla/5.0 (Windows NT 10.0; Win64; x64) AppleWebKit/537.36 (KHTML, like Gecko) Chrome/124.0.0.0 Safari/537.36"
122.162.146.250 - - [17/May/2024:07:35:37 +0000] "GET /assets/js/lib/slick.min.js HTTP/1.1" 200 10680 "https://shimlamanali.himachaltravelguide.in/" "Mozilla/5.0 (Windows NT 10.0; Win64; x64) AppleWebKit/537.36 (KHTML, like Gecko) Chrome/124.0.0.0 Safari/537.36"
122.162.146.250 - - [17/May/2024:07:35:37 +0000] "GET /assets/js/lib/appear.min.js HTTP/1.1" 200 784 "https://shimlamanali.himachaltravelguide.in/" "Mozilla/5.0 (Windows NT 10.0; Win64; x64) AppleWebKit/537.36 (KHTML, like Gecko) Chrome/124.0.0.0 Safari/537.36"
122.162.146.250 - - [17/May/2024:07:35:37 +0000] "GET /assets/fonts/Gilroy/Gilroy-Bold.woff HTTP/1.1" 200 64096 "https://shimlamanali.himachaltravelguide.in/assets/css/sections/fonts.css" "Mozilla/5.0 (Windows NT 10.0; Win64; x64) AppleWebKit/537.36 (KHTML, like Gecko) Chrome/124.0.0.0 Safari/537.36"
122.162.146.250 - - [17/May/2024:07:35:37 +0000] "GET /assets/js/lib/wow.min.js HTTP/1.1" 200 2826 "https://shimlamanali.himachaltravelguide.in/" "Mozilla/5.0 (Windows NT 10.0; Win64; x64) AppleWebKit/537.36 (KHTML, like Gecko) Chrome/124.0.0.0 Safari/537.36"
122.162.146.250 - - [17/May/2024:07:35:37 +0000] "GET /assets/js/custom-script.js HTTP/1.1" 200 3489 "https://shimlamanali.himachaltravelguide.in/" "Mozilla/5.0 (Windows NT 10.0; Win64; x64) AppleWebKit/537.36 (KHTML, like Gecko) Chrome/124.0.0.0 Safari/537.36"
122.162.146.250 - - [17/May/2024:07:35:37 +0000] "GET /assets/images/elements/white-1.png HTTP/1.1" 200 427 "https://shimlamanali.himachaltravelguide.in/" "Mozilla/5.0 (Windows NT 10.0; Win64; x64) AppleWebKit/537.36 (KHTML, like Gecko) Chrome/124.0.0.0 Safari/537.36"
122.162.146.250 - - [17/May/2024:07:35:37 +0000] "GET /assets/images/icons/intro-1.png HTTP/1.1" 200 3503 "https://shimlamanali.himachaltravelguide.in/" "Mozilla/5.0 (Windows NT 10.0; Win64; x64) AppleWebKit/537.36 (KHTML, like Gecko) Chrome/124.0.0.0 Safari/537.36"
122.162.146.250 - - [17/May/2024:07:35:37 +0000] "GET /assets/js/lib/swiper.min.js HTTP/1.1" 200 39733 "https://shimlamanali.himachaltravelguide.in/" "Mozilla/5.0 (Windows NT 10.0; Win64; x64) AppleWebKit/537.36 (KHTML, like Gecko) Chrome/124.0.0.0 Safari/537.36"
122.162.146.250 - - [17/May/2024:07:35:37 +0000] "GET /assets/images/icons/intro-2.png HTTP/1.1" 200 2577 "https://shimlamanali.himachaltravelguide.in/" "Mozilla/5.0 (Windows NT 10.0; Win64; x64) AppleWebKit/537.36 (KHTML, like Gecko) Chrome/124.0.0.0 Safari/537.36"
122.162.146.250 - - [17/May/2024:07:35:37 +0000] "GET /assets/images/icons/intro-3.png HTTP/1.1" 200 2689 "https://shimlamanali.himachaltravelguide.in/" "Mozilla/5.0 (Windows NT 10.0; Win64; x64) AppleWebKit/537.36 (KHTML, like Gecko) Chrome/124.0.0.0 Safari/537.36"
122.162.146.250 - - [17/May/2024:07:35:37 +0000] "GET /assets/images/background/bg-gradient-16.png HTTP/1.1" 200 16672 "https://shimlamanali.himachaltravelguide.in/" "Mozilla/5.0 (Windows NT 10.0; Win64; x64) AppleWebKit/537.36 (KHTML, like Gecko) Chrome/124.0.0.0 Safari/537.36"
122.162.146.250 - - [17/May/2024:07:35:37 +0000] "GET /assets/images/elements/purple-2.png HTTP/1.1" 200 602 "https://shimlamanali.himachaltravelguide.in/" "Mozilla/5.0 (Windows NT 10.0; Win64; x64) AppleWebKit/537.36 (KHTML, like Gecko) Chrome/124.0.0.0 Safari/537.36"
122.162.146.250 - - [17/May/2024:07:35:37 +0000] "GET /assets/images/background/bg-gradient-20.png HTTP/1.1" 200 26296 "https://shimlamanali.himachaltravelguide.in/" "Mozilla/5.0 (Windows NT 10.0; Win64; x64) AppleWebKit/537.36 (KHTML, like Gecko) Chrome/124.0.0.0 Safari/537.36"
122.162.146.250 - - [17/May/2024:07:35:37 +0000] "GET /assets/images/elements/purple-3.png HTTP/1.1" 200 652 "https://shimlamanali.himachaltravelguide.in/" "Mozilla/5.0 (Windows NT 10.0; Win64; x64) AppleWebKit/537.36 (KHTML, like Gecko) Chrome/124.0.0.0 Safari/537.36"
122.162.146.250 - - [17/May/2024:07:35:37 +0000] "GET /assets/images/background/bg-gradient-19.png HTTP/1.1" 200 16111 "https://shimlamanali.himachaltravelguide.in/" "Mozilla/5.0 (Windows NT 10.0; Win64; x64) AppleWebKit/537.36 (KHTML, like Gecko) Chrome/124.0.0.0 Safari/537.36"
122.162.146.250 - - [17/May/2024:07:35:37 +0000] "GET /assets/images/background/bg-gradient-15.png HTTP/1.1" 200 35167 "https://shimlamanali.himachaltravelguide.in/" "Mozilla/5.0 (Windows NT 10.0; Win64; x64) AppleWebKit/537.36 (KHTML, like Gecko) Chrome/124.0.0.0 Safari/537.36"
122.162.146.250 - - [17/May/2024:07:35:37 +0000] "GET /assets/css/lib/simple-line-icons/fonts/Simple-Line-Iconsb26c.woff2?v=2.4.0 HTTP/1.1" 200 30064 "https://shimlamanali.himachaltravelguide.in/assets/css/lib/simple-line-icons/css/simple-line-icons.min.css" "Mozilla/5.0 (Windows NT 10.0; Win64; x64) AppleWebKit/537.36 (KHTML, like Gecko) Chrome/124.0.0.0 Safari/537.36"
122.162.146.250 - - [17/May/2024:07:35:37 +0000] "GET /assets/images/icons/f-icon-7.png HTTP/1.1" 200 3114 "https://shimlamanali.himachaltravelguide.in/" "Mozilla/5.0 (Windows NT 10.0; Win64; x64) AppleWebKit/537.36 (KHTML, like Gecko) Chrome/124.0.0.0 Safari/537.36"
122.162.146.250 - - [17/May/2024:07:35:37 +0000] "GET /assets/images/elements/yellow-4.png HTTP/1.1" 200 646 "https://shimlamanali.himachaltravelguide.in/" "Mozilla/5.0 (Windows NT 10.0; Win64; x64) AppleWebKit/537.36 (KHTML, like Gecko) Chrome/124.0.0.0 Safari/537.36"
122.162.146.250 - - [17/May/2024:07:35:37 +0000] "GET /assets/images/icons/f-icon-9.png HTTP/1.1" 200 3121 "https://shimlamanali.himachaltravelguide.in/" "Mozilla/5.0 (Windows NT 10.0; Win64; x64) AppleWebKit/537.36 (KHTML, like Gecko) Chrome/124.0.0.0 Safari/537.36"
122.162.146.250 - - [17/May/2024:07:35:37 +0000] "GET /assets/images/icons/f-icon-8.png HTTP/1.1" 200 3297 "https://shimlamanali.himachaltravelguide.in/" "Mozilla/5.0 (Windows NT 10.0; Win64; x64) AppleWebKit/537.36 (KHTML, like Gecko) Chrome/124.0.0.0 Safari/537.36"
122.162.146.250 - - [17/May/2024:07:35:37 +0000] "GET /assets/images/resources/thumbnails/testi-1.jpg HTTP/1.1" 200 8918 "https://shimlamanali.himachaltravelguide.in/" "Mozilla/5.0 (Windows NT 10.0; Win64; x64) AppleWebKit/537.36 (KHTML, like Gecko) Chrome/124.0.0.0 Safari/537.36"
122.162.146.250 - - [17/May/2024:07:35:37 +0000] "GET /assets/images/resources/thumbnails/testi-2.jpg HTTP/1.1" 200 8319 "https://shimlamanali.himachaltravelguide.in/" "Mozilla/5.0 (Windows NT 10.0; Win64; x64) AppleWebKit/537.36 (KHTML, like Gecko) Chrome/124.0.0.0 Safari/537.36"
122.162.146.250 - - [17/May/2024:07:35:37 +0000] "GET /assets/images/resources/thumbnails/testi-3.jpg HTTP/1.1" 200 9438 "https://shimlamanali.himachaltravelguide.in/" "Mozilla/5.0 (Windows NT 10.0; Win64; x64) AppleWebKit/537.36 (KHTML, like Gecko) Chrome/124.0.0.0 Safari/537.36"
122.162.146.250 - - [17/May/2024:07:35:37 +0000] "GET /assets/images/background/pattern-3.jpg HTTP/1.1" 200 15213 "https://shimlamanali.himachaltravelguide.in/" "Mozilla/5.0 (Windows NT 10.0; Win64; x64) AppleWebKit/537.36 (KHTML, like Gecko) Chrome/124.0.0.0 Safari/537.36"
122.162.146.250 - - [17/May/2024:07:35:37 +0000] "GET /assets/images/resources/misc/man-orange-bag.png HTTP/1.1" 200 114524 "https://shimlamanali.himachaltravelguide.in/" "Mozilla/5.0 (Windows NT 10.0; Win64; x64) AppleWebKit/537.36 (KHTML, like Gecko) Chrome/124.0.0.0 Safari/537.36"
122.162.146.250 - - [17/May/2024:07:35:37 +0000] "GET /assets/images/tripperHub-white.png HTTP/1.1" 200 181946 "https://shimlamanali.himachaltravelguide.in/" "Mozilla/5.0 (Windows NT 10.0; Win64; x64) AppleWebKit/537.36 (KHTML, like Gecko) Chrome/124.0.0.0 Safari/537.36"
122.162.146.250 - - [17/May/2024:07:35:38 +0000] "GET /assets/images/tripperHubicon.png HTTP/1.1" 200 61417 "https://shimlamanali.himachaltravelguide.in/" "Mozilla/5.0 (Windows NT 10.0; Win64; x64) AppleWebKit/537.36 (KHTML, like Gecko) Chrome/124.0.0.0 Safari/537.36"
51.15.66.158 - - [17/May/2024:07:35:41 +0000] "GET / HTTP/1.1" 200 11340 "-" "Mozilla/5.0 (Windows NT 10.0; Win64; x64) AppleWebKit/537.36 (KHTML, like Gecko) Chrome/79.0.3945.130 Safari/537.36"
139.162.141.82 - - [17/May/2024:07:35:43 +0000] "GET / HTTP/1.1" 200 77820 "-" "-"
178.128.207.138 - - [17/May/2024:07:35:43 +0000] "GET / HTTP/1.1" 200 77820 "-" "-"
178.128.207.138 - - [17/May/2024:07:35:43 +0000] "GET / HTTP/1.1" 200 77820 "-" "Mozilla/5.0 (Linux; Android 6.0; HTC One M9 Build/MRA497214) AppleWebKit/537.36 (KHTML, like Gecko) Chrome/52.0.2783.98 Mobile Safari/537.3"
178.128.207.138 - - [17/May/2024:07:35:43 +0000] "GET /server HTTP/1.1" 404 196 "-" "Go-http-client/1.1"
178.128.207.138 - - [17/May/2024:07:35:44 +0000] "GET /.vscode/sftp.json HTTP/1.1" 404 196 "-" "Go-http-client/1.1"
178.128.207.138 - - [17/May/2024:07:35:44 +0000] "GET /about HTTP/1.1" 404 196 "-" "Go-http-client/1.1"
178.128.207.138 - - [17/May/2024:07:35:44 +0000] "GET /debug/default/view?panel=config HTTP/1.1" 404 196 "-" "Go-http-client/1.1"
178.128.207.138 - - [17/May/2024:07:35:44 +0000] "GET /v2/_catalog HTTP/1.1" 404 196 "-" "Go-http-client/1.1"
178.128.207.138 - - [17/May/2024:07:35:45 +0000] "GET /ecp/Current/exporttool/microsoft.exchange.ediscovery.exporttool.application HTTP/1.1" 404 196 "-" "Go-http-client/1.1"
178.128.207.138 - - [17/May/2024:07:35:45 +0000] "GET /server-status HTTP/1.1" 403 199 "-" "Go-http-client/1.1"
178.128.207.138 - - [17/May/2024:07:35:45 +0000] "GET /login.action HTTP/1.1" 404 196 "-" "Go-http-client/1.1"
178.128.207.138 - - [17/May/2024:07:35:46 +0000] "GET /_all_dbs HTTP/1.1" 404 196 "-" "Mozilla/5.0 (l9scan/2.0.834313e2039313e2233323e2536313; +https://leakix.net)"
178.128.207.138 - - [17/May/2024:07:35:46 +0000] "GET /.DS_Store HTTP/1.1" 404 196 "-" "Go-http-client/1.1"
139.162.141.82 - - [17/May/2024:07:35:46 +0000] "GET / HTTP/1.1" 200 77820 "-" "Mozilla/5.0 (Linux; Android 6.0; HTC One M9 Build/MRA497214) AppleWebKit/537.36 (KHTML, like Gecko) Chrome/52.0.2783.98 Mobile Safari/537.3"
178.128.207.138 - - [17/May/2024:07:35:46 +0000] "GET /.env HTTP/1.1" 404 196 "-" "Go-http-client/1.1"
178.128.207.138 - - [17/May/2024:07:35:46 +0000] "GET /.git/config HTTP/1.1" 403 153 "-" "Go-http-client/1.1"
178.128.207.138 - - [17/May/2024:07:35:47 +0000] "GET /s/834313e2039313e2233323e2536313/_/;/META-INF/maven/com.atlassian.jira/jira-webapp-dist/pom.properties HTTP/1.1" 404 196 "-" "Go-http-client/1.1"
139.162.141.82 - - [17/May/2024:07:35:47 +0000] "GET /server HTTP/1.1" 404 196 "-" "Go-http-client/1.1"
65.154.226.170 - - [17/May/2024:07:35:47 +0000] "GET / HTTP/1.1" 200 11365 "-" "Mozilla/5.0 (Windows NT 10.0; Win64; x64) AppleWebKit/537.36 (KHTML, like Gecko) Chrome/117.0.5938.132 Safari/537.36"
178.128.207.138 - - [17/May/2024:07:35:47 +0000] "GET /config.json HTTP/1.1" 404 196 "-" "Go-http-client/1.1"
178.128.207.138 - - [17/May/2024:07:35:47 +0000] "GET /telescope/requests HTTP/1.1" 404 196 "-" "Go-http-client/1.1"
139.162.141.82 - - [17/May/2024:07:35:47 +0000] "GET /.vscode/sftp.json HTTP/1.1" 404 196 "-" "Go-http-client/1.1"
65.154.226.170 - - [17/May/2024:07:35:47 +0000] "GET /assets/css/lib/fontawesome/css/fontawesome.min.css HTTP/1.1" 200 17422 "http://shimlamanali.himachaltravelguide.in/" "Mozilla/5.0 (Windows NT 10.0; Win64; x64) AppleWebKit/537.36 (KHTML, like Gecko) Chrome/117.0.5938.132 Safari/537.36"
65.154.226.170 - - [17/May/2024:07:35:47 +0000] "GET /assets/css/lib/bootstrap/bootstrap.min.css HTTP/1.1" 200 31138 "http://shimlamanali.himachaltravelguide.in/" "Mozilla/5.0 (Windows NT 10.0; Win64; x64) AppleWebKit/537.36 (KHTML, like Gecko) Chrome/117.0.5938.132 Safari/537.36"
178.128.207.138 - - [17/May/2024:07:35:47 +0000] "GET /?rest_route=/wp/v2/users/ HTTP/1.1" 200 11365 "-" "Go-http-client/1.1"
94.156.79.55 - - [17/May/2024:07:35:48 +0000] "GET /.git/config HTTP/1.1" 403 153 "-" "colly - https://github.com/gocolly/colly/v2"
65.154.226.170 - - [17/May/2024:07:35:48 +0000] "GET /assets/css/lib/fontawesome/css/brands.css HTTP/1.1" 200 4928 "http://shimlamanali.himachaltravelguide.in/" "Mozilla/5.0 (Windows NT 10.0; Win64; x64) AppleWebKit/537.36 (KHTML, like Gecko) Chrome/117.0.5938.132 Safari/537.36"
65.154.226.170 - - [17/May/2024:07:35:48 +0000] "GET /assets/css/lib/simple-line-icons/css/simple-line-icons.min.css HTTP/1.1" 200 2436 "http://shimlamanali.himachaltravelguide.in/" "Mozilla/5.0 (Windows NT 10.0; Win64; x64) AppleWebKit/537.36 (KHTML, like Gecko) Chrome/117.0.5938.132 Safari/537.36"
139.162.141.82 - - [17/May/2024:07:35:48 +0000] "GET /about HTTP/1.1" 404 196 "-" "Go-http-client/1.1"
65.154.226.170 - - [17/May/2024:07:35:48 +0000] "GET /assets/css/lib/fontawesome/css/solid.css HTTP/1.1" 200 353 "http://shimlamanali.himachaltravelguide.in/" "Mozilla/5.0 (Windows NT 10.0; Win64; x64) AppleWebKit/537.36 (KHTML, like Gecko) Chrome/117.0.5938.132 Safari/537.36"
65.154.226.170 - - [17/May/2024:07:35:48 +0000] "GET /assets/css/lib/animate.min.css HTTP/1.1" 200 4148 "http://shimlamanali.himachaltravelguide.in/" "Mozilla/5.0 (Windows NT 10.0; Win64; x64) AppleWebKit/537.36 (KHTML, like Gecko) Chrome/117.0.5938.132 Safari/537.36"
65.154.226.170 - - [17/May/2024:07:35:48 +0000] "GET /assets/css/lib/swiper.min.css HTTP/1.1" 200 4593 "http://shimlamanali.himachaltravelguide.in/" "Mozilla/5.0 (Windows NT 10.0; Win64; x64) AppleWebKit/537.36 (KHTML, like Gecko) Chrome/117.0.5938.132 Safari/537.36"
65.154.226.170 - - [17/May/2024:07:35:48 +0000] "GET /assets/css/lib/jquery-ui.min.css HTTP/1.1" 200 7629 "http://shimlamanali.himachaltravelguide.in/" "Mozilla/5.0 (Windows NT 10.0; Win64; x64) AppleWebKit/537.36 (KHTML, like Gecko) Chrome/117.0.5938.132 Safari/537.36"
65.154.226.170 - - [17/May/2024:07:35:48 +0000] "GET /assets/css/lib/slick.min.css HTTP/1.1" 200 516 "http://shimlamanali.himachaltravelguide.in/" "Mozilla/5.0 (Windows NT 10.0; Win64; x64) AppleWebKit/537.36 (KHTML, like Gecko) Chrome/117.0.5938.132 Safari/537.36"
65.154.226.170 - - [17/May/2024:07:35:48 +0000] "GET /assets/css/custom-animate.css HTTP/1.1" 200 1880 "http://shimlamanali.himachaltravelguide.in/" "Mozilla/5.0 (Windows NT 10.0; Win64; x64) AppleWebKit/537.36 (KHTML, like Gecko) Chrome/117.0.5938.132 Safari/537.36"
65.154.226.170 - - [17/May/2024:07:35:48 +0000] "GET /assets/css/lib/jquery.fancybox.min.css HTTP/1.1" 200 3167 "http://shimlamanali.himachaltravelguide.in/" "Mozilla/5.0 (Windows NT 10.0; Win64; x64) AppleWebKit/537.36 (KHTML, like Gecko) Chrome/117.0.5938.132 Safari/537.36"
139.162.141.82 - - [17/May/2024:07:35:48 +0000] "GET /debug/default/view?panel=config HTTP/1.1" 404 196 "-" "Go-http-client/1.1"
65.154.226.170 - - [17/May/2024:07:35:48 +0000] "GET /assets/css/responsive.css HTTP/1.1" 200 3920 "http://shimlamanali.himachaltravelguide.in/" "Mozilla/5.0 (Windows NT 10.0; Win64; x64) AppleWebKit/537.36 (KHTML, like Gecko) Chrome/117.0.5938.132 Safari/537.36"
65.154.226.170 - - [17/May/2024:07:35:48 +0000] "GET /assets/css/style.css HTTP/1.1" 200 23571 "http://shimlamanali.himachaltravelguide.in/" "Mozilla/5.0 (Windows NT 10.0; Win64; x64) AppleWebKit/537.36 (KHTML, like Gecko) Chrome/117.0.5938.132 Safari/537.36"
65.154.226.170 - - [17/May/2024:07:35:48 +0000] "GET /assets/images/tripperHubpng%201.png HTTP/1.1" 200 18158 "http://shimlamanali.himachaltravelguide.in/" "Mozilla/5.0 (Windows NT 10.0; Win64; x64) AppleWebKit/537.36 (KHTML, like Gecko) Chrome/117.0.5938.132 Safari/537.36"
65.154.226.170 - - [17/May/2024:07:35:48 +0000] "GET /assets/images/icons/menu-icon.svg HTTP/1.1" 200 305 "http://shimlamanali.himachaltravelguide.in/" "Mozilla/5.0 (Windows NT 10.0; Win64; x64) AppleWebKit/537.36 (KHTML, like Gecko) Chrome/117.0.5938.132 Safari/537.36"
139.162.141.82 - - [17/May/2024:07:35:49 +0000] "GET /v2/_catalog HTTP/1.1" 404 196 "-" "Go-http-client/1.1"
65.154.226.170 - - [17/May/2024:07:35:49 +0000] "GET /assets/css/sections/variables.css HTTP/1.1" 200 474 "http://shimlamanali.himachaltravelguide.in/assets/css/style.css" "Mozilla/5.0 (Windows NT 10.0; Win64; x64) AppleWebKit/537.36 (KHTML, like Gecko) Chrome/117.0.5938.132 Safari/537.36"
65.154.226.170 - - [17/May/2024:07:35:49 +0000] "GET /assets/css/sections/fonts.css HTTP/1.1" 200 319 "http://shimlamanali.himachaltravelguide.in/assets/css/style.css" "Mozilla/5.0 (Windows NT 10.0; Win64; x64) AppleWebKit/537.36 (KHTML, like Gecko) Chrome/117.0.5938.132 Safari/537.36"
65.154.226.170 - - [17/May/2024:07:35:49 +0000] "GET /assets/css/sections/global-settings.css HTTP/1.1" 200 1333 "http://shimlamanali.himachaltravelguide.in/assets/css/style.css" "Mozilla/5.0 (Windows NT 10.0; Win64; x64) AppleWebKit/537.36 (KHTML, like Gecko) Chrome/117.0.5938.132 Safari/537.36"
65.154.226.170 - - [17/May/2024:07:35:49 +0000] "GET /assets/js/lib/jquery.min.js HTTP/1.1" 200 33815 "http://shimlamanali.himachaltravelguide.in/" "Mozilla/5.0 (Windows NT 10.0; Win64; x64) AppleWebKit/537.36 (KHTML, like Gecko) Chrome/117.0.5938.132 Safari/537.36"
34.116.179.183 - - [17/May/2024:07:35:49 +0000] "GET / HTTP/1.1" 200 11365 "-" "Mozilla/5.0 (X11; Linux x86_64) AppleWebKit/537.36 (KHTML, like Gecko) HeadlessChrome/92.0.4515.159 Safari/537.36"
139.162.141.82 - - [17/May/2024:07:35:49 +0000] "GET /ecp/Current/exporttool/microsoft.exchange.ediscovery.exporttool.application HTTP/1.1" 404 196 "-" "Go-http-client/1.1"
65.154.226.170 - - [17/May/2024:07:35:49 +0000] "GET /assets/js/lib/popper.min.js HTTP/1.1" 200 7519 "http://shimlamanali.himachaltravelguide.in/" "Mozilla/5.0 (Windows NT 10.0; Win64; x64) AppleWebKit/537.36 (KHTML, like Gecko) Chrome/117.0.5938.132 Safari/537.36"
139.162.141.82 - - [17/May/2024:07:35:49 +0000] "GET /server-status HTTP/1.1" 403 199 "-" "Go-http-client/1.1"
65.154.226.170 - - [17/May/2024:07:35:49 +0000] "GET /assets/js/lib/bootstrap/bootstrap.min.js HTTP/1.1" 200 16560 "http://shimlamanali.himachaltravelguide.in/" "Mozilla/5.0 (Windows NT 10.0; Win64; x64) AppleWebKit/537.36 (KHTML, like Gecko) Chrome/117.0.5938.132 Safari/537.36"
65.154.226.170 - - [17/May/2024:07:35:50 +0000] "GET /assets/js/lib/jquery-ui.min.js HTTP/1.1" 200 67864 "http://shimlamanali.himachaltravelguide.in/" "Mozilla/5.0 (Windows NT 10.0; Win64; x64) AppleWebKit/537.36 (KHTML, like Gecko) Chrome/117.0.5938.132 Safari/537.36"
34.116.179.183 - - [17/May/2024:07:35:50 +0000] "GET /assets/css/lib/bootstrap/bootstrap.min.css HTTP/1.1" 200 31138 "http://shimlamanali.himachaltravelguide.in/" "Mozilla/5.0 (X11; Linux x86_64) AppleWebKit/537.36 (KHTML, like Gecko) HeadlessChrome/92.0.4515.159 Safari/537.36"
139.162.141.82 - - [17/May/2024:07:35:50 +0000] "GET /login.action HTTP/1.1" 404 196 "-" "Go-http-client/1.1"
65.154.226.170 - - [17/May/2024:07:35:50 +0000] "GET /assets/js/lib/jquery.fancybox.min.js HTTP/1.1" 200 19503 "http://shimlamanali.himachaltravelguide.in/" "Mozilla/5.0 (Windows NT 10.0; Win64; x64) AppleWebKit/537.36 (KHTML, like Gecko) Chrome/117.0.5938.132 Safari/537.36"
139.162.141.82 - - [17/May/2024:07:35:50 +0000] "GET /_all_dbs HTTP/1.1" 404 196 "-" "Mozilla/5.0 (l9scan/2.0.834313e2039313e2233323e2536313; +https://leakix.net)"
34.116.179.183 - - [17/May/2024:07:35:50 +0000] "GET /assets/css/lib/fontawesome/css/fontawesome.min.css HTTP/1.1" 200 17422 "http://shimlamanali.himachaltravelguide.in/" "Mozilla/5.0 (X11; Linux x86_64) AppleWebKit/537.36 (KHTML, like Gecko) HeadlessChrome/92.0.4515.159 Safari/537.36"
34.116.179.183 - - [17/May/2024:07:35:50 +0000] "GET /assets/css/lib/fontawesome/css/brands.css HTTP/1.1" 200 4928 "http://shimlamanali.himachaltravelguide.in/" "Mozilla/5.0 (X11; Linux x86_64) AppleWebKit/537.36 (KHTML, like Gecko) HeadlessChrome/92.0.4515.159 Safari/537.36"
34.116.179.183 - - [17/May/2024:07:35:50 +0000] "GET /assets/css/lib/fontawesome/css/solid.css HTTP/1.1" 200 353 "http://shimlamanali.himachaltravelguide.in/" "Mozilla/5.0 (X11; Linux x86_64) AppleWebKit/537.36 (KHTML, like Gecko) HeadlessChrome/92.0.4515.159 Safari/537.36"
34.116.179.183 - - [17/May/2024:07:35:51 +0000] "GET /assets/css/lib/simple-line-icons/css/simple-line-icons.min.css HTTP/1.1" 200 2436 "http://shimlamanali.himachaltravelguide.in/" "Mozilla/5.0 (X11; Linux x86_64) AppleWebKit/537.36 (KHTML, like Gecko) HeadlessChrome/92.0.4515.159 Safari/537.36"
34.116.179.183 - - [17/May/2024:07:35:51 +0000] "GET /assets/css/lib/animate.min.css HTTP/1.1" 200 4148 "http://shimlamanali.himachaltravelguide.in/" "Mozilla/5.0 (X11; Linux x86_64) AppleWebKit/537.36 (KHTML, like Gecko) HeadlessChrome/92.0.4515.159 Safari/537.36"
65.154.226.170 - - [17/May/2024:07:35:51 +0000] "GET /assets/js/lib/isotope.min.js HTTP/1.1" 200 10201 "http://shimlamanali.himachaltravelguide.in/" "Mozilla/5.0 (Windows NT 10.0; Win64; x64) AppleWebKit/537.36 (KHTML, like Gecko) Chrome/117.0.5938.132 Safari/537.36"
34.116.179.183 - - [17/May/2024:07:35:51 +0000] "GET /assets/css/lib/slick.min.css HTTP/1.1" 200 516 "http://shimlamanali.himachaltravelguide.in/" "Mozilla/5.0 (X11; Linux x86_64) AppleWebKit/537.36 (KHTML, like Gecko) HeadlessChrome/92.0.4515.159 Safari/537.36"
34.116.179.183 - - [17/May/2024:07:35:51 +0000] "GET /assets/css/lib/swiper.min.css HTTP/1.1" 200 4593 "http://shimlamanali.himachaltravelguide.in/" "Mozilla/5.0 (X11; Linux x86_64) AppleWebKit/537.36 (KHTML, like Gecko) HeadlessChrome/92.0.4515.159 Safari/537.36"
139.162.141.82 - - [17/May/2024:07:35:51 +0000] "GET /.DS_Store HTTP/1.1" 404 196 "-" "Go-http-client/1.1"
65.154.226.170 - - [17/May/2024:07:35:51 +0000] "GET /assets/js/lib/slick.min.js HTTP/1.1" 200 10680 "http://shimlamanali.himachaltravelguide.in/" "Mozilla/5.0 (Windows NT 10.0; Win64; x64) AppleWebKit/537.36 (KHTML, like Gecko) Chrome/117.0.5938.132 Safari/537.36"
34.116.179.183 - - [17/May/2024:07:35:51 +0000] "GET /assets/css/lib/jquery-ui.min.css HTTP/1.1" 200 7629 "http://shimlamanali.himachaltravelguide.in/" "Mozilla/5.0 (X11; Linux x86_64) AppleWebKit/537.36 (KHTML, like Gecko) HeadlessChrome/92.0.4515.159 Safari/537.36"
65.154.226.170 - - [17/May/2024:07:35:51 +0000] "GET /assets/js/lib/appear.min.js HTTP/1.1" 200 784 "http://shimlamanali.himachaltravelguide.in/" "Mozilla/5.0 (Windows NT 10.0; Win64; x64) AppleWebKit/537.36 (KHTML, like Gecko) Chrome/117.0.5938.132 Safari/537.36"
34.116.179.183 - - [17/May/2024:07:35:51 +0000] "GET /assets/css/lib/jquery.fancybox.min.css HTTP/1.1" 200 3167 "http://shimlamanali.himachaltravelguide.in/" "Mozilla/5.0 (X11; Linux x86_64) AppleWebKit/537.36 (KHTML, like Gecko) HeadlessChrome/92.0.4515.159 Safari/537.36"
34.116.179.183 - - [17/May/2024:07:35:51 +0000] "GET /assets/css/custom-animate.css HTTP/1.1" 200 1880 "http://shimlamanali.himachaltravelguide.in/" "Mozilla/5.0 (X11; Linux x86_64) AppleWebKit/537.36 (KHTML, like Gecko) HeadlessChrome/92.0.4515.159 Safari/537.36"
65.154.226.170 - - [17/May/2024:07:35:51 +0000] "GET /assets/js/lib/wow.min.js HTTP/1.1" 200 2826 "http://shimlamanali.himachaltravelguide.in/" "Mozilla/5.0 (Windows NT 10.0; Win64; x64) AppleWebKit/537.36 (KHTML, like Gecko) Chrome/117.0.5938.132 Safari/537.36"
34.116.179.183 - - [17/May/2024:07:35:51 +0000] "GET /assets/css/style.css HTTP/1.1" 200 23571 "http://shimlamanali.himachaltravelguide.in/" "Mozilla/5.0 (X11; Linux x86_64) AppleWebKit/537.36 (KHTML, like Gecko) HeadlessChrome/92.0.4515.159 Safari/537.36"
65.154.226.170 - - [17/May/2024:07:35:51 +0000] "GET /assets/js/lib/swiper.min.js HTTP/1.1" 200 39733 "http://shimlamanali.himachaltravelguide.in/" "Mozilla/5.0 (Windows NT 10.0; Win64; x64) AppleWebKit/537.36 (KHTML, like Gecko) Chrome/117.0.5938.132 Safari/537.36"
34.116.179.183 - - [17/May/2024:07:35:51 +0000] "GET /assets/css/responsive.css HTTP/1.1" 200 3920 "http://shimlamanali.himachaltravelguide.in/" "Mozilla/5.0 (X11; Linux x86_64) AppleWebKit/537.36 (KHTML, like Gecko) HeadlessChrome/92.0.4515.159 Safari/537.36"
139.162.141.82 - - [17/May/2024:07:35:51 +0000] "GET /.env HTTP/1.1" 404 196 "-" "Go-http-client/1.1"
65.154.226.170 - - [17/May/2024:07:35:51 +0000] "GET /assets/js/custom-script.js HTTP/1.1" 200 3489 "http://shimlamanali.himachaltravelguide.in/" "Mozilla/5.0 (Windows NT 10.0; Win64; x64) AppleWebKit/537.36 (KHTML, like Gecko) Chrome/117.0.5938.132 Safari/537.36"
65.154.226.170 - - [17/May/2024:07:35:51 +0000] "GET /assets/images/icons/intro-1.png HTTP/1.1" 200 3503 "http://shimlamanali.himachaltravelguide.in/" "Mozilla/5.0 (Windows NT 10.0; Win64; x64) AppleWebKit/537.36 (KHTML, like Gecko) Chrome/117.0.5938.132 Safari/537.36"
65.154.226.170 - - [17/May/2024:07:35:51 +0000] "GET /assets/images/elements/white-1.png HTTP/1.1" 200 427 "http://shimlamanali.himachaltravelguide.in/" "Mozilla/5.0 (Windows NT 10.0; Win64; x64) AppleWebKit/537.36 (KHTML, like Gecko) Chrome/117.0.5938.132 Safari/537.36"
65.154.226.170 - - [17/May/2024:07:35:51 +0000] "GET /assets/images/icons/intro-2.png HTTP/1.1" 200 2577 "http://shimlamanali.himachaltravelguide.in/" "Mozilla/5.0 (Windows NT 10.0; Win64; x64) AppleWebKit/537.36 (KHTML, like Gecko) Chrome/117.0.5938.132 Safari/537.36"
65.154.226.170 - - [17/May/2024:07:35:51 +0000] "GET /assets/fonts/Gilroy/Gilroy-Bold.woff HTTP/1.1" 200 64096 "http://shimlamanali.himachaltravelguide.in/assets/css/sections/fonts.css" "Mozilla/5.0 (Windows NT 10.0; Win64; x64) AppleWebKit/537.36 (KHTML, like Gecko) Chrome/117.0.5938.132 Safari/537.36"
34.116.179.183 - - [17/May/2024:07:35:51 +0000] "GET /assets/js/lib/jquery.min.js HTTP/1.1" 200 33815 "http://shimlamanali.himachaltravelguide.in/" "Mozilla/5.0 (X11; Linux x86_64) AppleWebKit/537.36 (KHTML, like Gecko) HeadlessChrome/92.0.4515.159 Safari/537.36"
34.116.179.183 - - [17/May/2024:07:35:52 +0000] "GET /assets/js/lib/popper.min.js HTTP/1.1" 200 7519 "http://shimlamanali.himachaltravelguide.in/" "Mozilla/5.0 (X11; Linux x86_64) AppleWebKit/537.36 (KHTML, like Gecko) HeadlessChrome/92.0.4515.159 Safari/537.36"
34.116.179.183 - - [17/May/2024:07:35:52 +0000] "GET /assets/css/sections/fonts.css HTTP/1.1" 200 319 "http://shimlamanali.himachaltravelguide.in/assets/css/style.css" "Mozilla/5.0 (X11; Linux x86_64) AppleWebKit/537.36 (KHTML, like Gecko) HeadlessChrome/92.0.4515.159 Safari/537.36"
34.116.179.183 - - [17/May/2024:07:35:52 +0000] "GET /assets/css/sections/global-settings.css HTTP/1.1" 200 1333 "http://shimlamanali.himachaltravelguide.in/assets/css/style.css" "Mozilla/5.0 (X11; Linux x86_64) AppleWebKit/537.36 (KHTML, like Gecko) HeadlessChrome/92.0.4515.159 Safari/537.36"
34.116.179.183 - - [17/May/2024:07:35:52 +0000] "GET /assets/css/sections/variables.css HTTP/1.1" 200 474 "http://shimlamanali.himachaltravelguide.in/assets/css/style.css" "Mozilla/5.0 (X11; Linux x86_64) AppleWebKit/537.36 (KHTML, like Gecko) HeadlessChrome/92.0.4515.159 Safari/537.36"
65.154.226.170 - - [17/May/2024:07:35:52 +0000] "GET /assets/images/background/bg-gradient-15.png HTTP/1.1" 200 35167 "http://shimlamanali.himachaltravelguide.in/" "Mozilla/5.0 (Windows NT 10.0; Win64; x64) AppleWebKit/537.36 (KHTML, like Gecko) Chrome/117.0.5938.132 Safari/537.36"
65.154.226.170 - - [17/May/2024:07:35:52 +0000] "GET /assets/images/icons/intro-3.png HTTP/1.1" 200 2689 "http://shimlamanali.himachaltravelguide.in/" "Mozilla/5.0 (Windows NT 10.0; Win64; x64) AppleWebKit/537.36 (KHTML, like Gecko) Chrome/117.0.5938.132 Safari/537.36"
65.154.226.170 - - [17/May/2024:07:35:52 +0000] "GET /assets/images/elements/purple-2.png HTTP/1.1" 200 602 "http://shimlamanali.himachaltravelguide.in/" "Mozilla/5.0 (Windows NT 10.0; Win64; x64) AppleWebKit/537.36 (KHTML, like Gecko) Chrome/117.0.5938.132 Safari/537.36"
65.154.226.170 - - [17/May/2024:07:35:52 +0000] "GET /assets/images/background/bg-gradient-16.png HTTP/1.1" 200 16672 "http://shimlamanali.himachaltravelguide.in/" "Mozilla/5.0 (Windows NT 10.0; Win64; x64) AppleWebKit/537.36 (KHTML, like Gecko) Chrome/117.0.5938.132 Safari/537.36"
65.154.226.170 - - [17/May/2024:07:35:52 +0000] "GET /assets/images/background/bg-gradient-19.png HTTP/1.1" 200 16111 "http://shimlamanali.himachaltravelguide.in/" "Mozilla/5.0 (Windows NT 10.0; Win64; x64) AppleWebKit/537.36 (KHTML, like Gecko) Chrome/117.0.5938.132 Safari/537.36"
139.162.141.82 - - [17/May/2024:07:35:52 +0000] "GET /.git/config HTTP/1.1" 403 153 "-" "Go-http-client/1.1"
65.154.226.170 - - [17/May/2024:07:35:52 +0000] "GET /assets/images/background/bg-gradient-20.png HTTP/1.1" 200 26296 "http://shimlamanali.himachaltravelguide.in/" "Mozilla/5.0 (Windows NT 10.0; Win64; x64) AppleWebKit/537.36 (KHTML, like Gecko) Chrome/117.0.5938.132 Safari/537.36"
65.154.226.170 - - [17/May/2024:07:35:52 +0000] "GET /assets/images/elements/purple-3.png HTTP/1.1" 200 652 "http://shimlamanali.himachaltravelguide.in/" "Mozilla/5.0 (Windows NT 10.0; Win64; x64) AppleWebKit/537.36 (KHTML, like Gecko) Chrome/117.0.5938.132 Safari/537.36"
34.116.179.183 - - [17/May/2024:07:35:52 +0000] "GET /assets/js/lib/bootstrap/bootstrap.min.js HTTP/1.1" 200 16560 "http://shimlamanali.himachaltravelguide.in/" "Mozilla/5.0 (X11; Linux x86_64) AppleWebKit/537.36 (KHTML, like Gecko) HeadlessChrome/92.0.4515.159 Safari/537.36"
34.116.179.183 - - [17/May/2024:07:35:52 +0000] "GET /assets/js/lib/isotope.min.js HTTP/1.1" 200 10201 "http://shimlamanali.himachaltravelguide.in/" "Mozilla/5.0 (X11; Linux x86_64) AppleWebKit/537.36 (KHTML, like Gecko) HeadlessChrome/92.0.4515.159 Safari/537.36"
34.116.179.183 - - [17/May/2024:07:35:52 +0000] "GET /assets/js/lib/slick.min.js HTTP/1.1" 200 10680 "http://shimlamanali.himachaltravelguide.in/" "Mozilla/5.0 (X11; Linux x86_64) AppleWebKit/537.36 (KHTML, like Gecko) HeadlessChrome/92.0.4515.159 Safari/537.36"
34.116.179.183 - - [17/May/2024:07:35:52 +0000] "GET /assets/js/lib/jquery.fancybox.min.js HTTP/1.1" 200 19503 "http://shimlamanali.himachaltravelguide.in/" "Mozilla/5.0 (X11; Linux x86_64) AppleWebKit/537.36 (KHTML, like Gecko) HeadlessChrome/92.0.4515.159 Safari/537.36"
34.116.179.183 - - [17/May/2024:07:35:52 +0000] "GET /assets/js/lib/jquery-ui.min.js HTTP/1.1" 200 67864 "http://shimlamanali.himachaltravelguide.in/" "Mozilla/5.0 (X11; Linux x86_64) AppleWebKit/537.36 (KHTML, like Gecko) HeadlessChrome/92.0.4515.159 Safari/537.36"
65.154.226.170 - - [17/May/2024:07:35:52 +0000] "GET /assets/images/icons/f-icon-7.png HTTP/1.1" 200 3114 "http://shimlamanali.himachaltravelguide.in/" "Mozilla/5.0 (Windows NT 10.0; Win64; x64) AppleWebKit/537.36 (KHTML, like Gecko) Chrome/117.0.5938.132 Safari/537.36"
34.116.179.183 - - [17/May/2024:07:35:52 +0000] "GET /assets/js/lib/appear.min.js HTTP/1.1" 200 784 "http://shimlamanali.himachaltravelguide.in/" "Mozilla/5.0 (X11; Linux x86_64) AppleWebKit/537.36 (KHTML, like Gecko) HeadlessChrome/92.0.4515.159 Safari/537.36"
65.154.226.170 - - [17/May/2024:07:35:52 +0000] "GET /assets/images/icons/f-icon-8.png HTTP/1.1" 200 3297 "http://shimlamanali.himachaltravelguide.in/" "Mozilla/5.0 (Windows NT 10.0; Win64; x64) AppleWebKit/537.36 (KHTML, like Gecko) Chrome/117.0.5938.132 Safari/537.36"
65.154.226.170 - - [17/May/2024:07:35:52 +0000] "GET /assets/images/icons/f-icon-9.png HTTP/1.1" 200 3121 "http://shimlamanali.himachaltravelguide.in/" "Mozilla/5.0 (Windows NT 10.0; Win64; x64) AppleWebKit/537.36 (KHTML, like Gecko) Chrome/117.0.5938.132 Safari/537.36"
65.154.226.170 - - [17/May/2024:07:35:52 +0000] "GET /assets/images/elements/yellow-4.png HTTP/1.1" 200 646 "http://shimlamanali.himachaltravelguide.in/" "Mozilla/5.0 (Windows NT 10.0; Win64; x64) AppleWebKit/537.36 (KHTML, like Gecko) Chrome/117.0.5938.132 Safari/537.36"
65.154.226.170 - - [17/May/2024:07:35:52 +0000] "GET /assets/images/resources/thumbnails/testi-1.jpg HTTP/1.1" 200 8918 "http://shimlamanali.himachaltravelguide.in/" "Mozilla/5.0 (Windows NT 10.0; Win64; x64) AppleWebKit/537.36 (KHTML, like Gecko) Chrome/117.0.5938.132 Safari/537.36"
34.116.179.183 - - [17/May/2024:07:35:52 +0000] "GET /assets/fonts/Gilroy/Gilroy-Bold.woff HTTP/1.1" 200 64096 "http://shimlamanali.himachaltravelguide.in/assets/css/sections/fonts.css" "Mozilla/5.0 (X11; Linux x86_64) AppleWebKit/537.36 (KHTML, like Gecko) HeadlessChrome/92.0.4515.159 Safari/537.36"
139.162.141.82 - - [17/May/2024:07:35:52 +0000] "GET /s/834313e2039313e2233323e2536313/_/;/META-INF/maven/com.atlassian.jira/jira-webapp-dist/pom.properties HTTP/1.1" 404 196 "-" "Go-http-client/1.1"
34.116.179.183 - - [17/May/2024:07:35:52 +0000] "GET /assets/fonts/Reey/Reey-Regular.woff HTTP/1.1" 200 79212 "http://shimlamanali.himachaltravelguide.in/assets/css/sections/fonts.css" "Mozilla/5.0 (X11; Linux x86_64) AppleWebKit/537.36 (KHTML, like Gecko) HeadlessChrome/92.0.4515.159 Safari/537.36"
34.116.179.183 - - [17/May/2024:07:35:52 +0000] "GET /assets/images/icons/menu-icon.svg HTTP/1.1" 200 305 "http://shimlamanali.himachaltravelguide.in/" "Mozilla/5.0 (X11; Linux x86_64) AppleWebKit/537.36 (KHTML, like Gecko) HeadlessChrome/92.0.4515.159 Safari/537.36"
65.154.226.170 - - [17/May/2024:07:35:52 +0000] "GET /assets/images/resources/thumbnails/testi-2.jpg HTTP/1.1" 200 8319 "http://shimlamanali.himachaltravelguide.in/" "Mozilla/5.0 (Windows NT 10.0; Win64; x64) AppleWebKit/537.36 (KHTML, like Gecko) Chrome/117.0.5938.132 Safari/537.36"
65.154.226.170 - - [17/May/2024:07:35:52 +0000] "GET /assets/images/resources/thumbnails/testi-3.jpg HTTP/1.1" 200 9438 "http://shimlamanali.himachaltravelguide.in/" "Mozilla/5.0 (Windows NT 10.0; Win64; x64) AppleWebKit/537.36 (KHTML, like Gecko) Chrome/117.0.5938.132 Safari/537.36"
34.116.179.183 - - [17/May/2024:07:35:52 +0000] "GET /assets/images/tripperHubpng%201.png HTTP/1.1" 200 18158 "http://shimlamanali.himachaltravelguide.in/" "Mozilla/5.0 (X11; Linux x86_64) AppleWebKit/537.36 (KHTML, like Gecko) HeadlessChrome/92.0.4515.159 Safari/537.36"
65.154.226.170 - - [17/May/2024:07:35:52 +0000] "GET /assets/images/background/pattern-3.jpg HTTP/1.1" 200 15213 "http://shimlamanali.himachaltravelguide.in/" "Mozilla/5.0 (Windows NT 10.0; Win64; x64) AppleWebKit/537.36 (KHTML, like Gecko) Chrome/117.0.5938.132 Safari/537.36"
65.154.226.170 - - [17/May/2024:07:35:53 +0000] "GET /assets/images/resources/misc/man-orange-bag.png HTTP/1.1" 200 114524 "http://shimlamanali.himachaltravelguide.in/" "Mozilla/5.0 (Windows NT 10.0; Win64; x64) AppleWebKit/537.36 (KHTML, like Gecko) Chrome/117.0.5938.132 Safari/537.36"
65.154.226.170 - - [17/May/2024:07:35:53 +0000] "GET /assets/css/lib/simple-line-icons/fonts/Simple-Line-Iconsb26c.woff2?v=2.4.0 HTTP/1.1" 200 30064 "http://shimlamanali.himachaltravelguide.in/assets/css/lib/simple-line-icons/css/simple-line-icons.min.css" "Mozilla/5.0 (Windows NT 10.0; Win64; x64) AppleWebKit/537.36 (KHTML, like Gecko) Chrome/117.0.5938.132 Safari/537.36"
139.162.141.82 - - [17/May/2024:07:35:53 +0000] "GET /config.json HTTP/1.1" 404 196 "-" "Go-http-client/1.1"
65.154.226.170 - - [17/May/2024:07:35:53 +0000] "GET /assets/fonts/Reey/Reey-Regular.woff HTTP/1.1" 200 79212 "http://shimlamanali.himachaltravelguide.in/assets/css/sections/fonts.css" "Mozilla/5.0 (Windows NT 10.0; Win64; x64) AppleWebKit/537.36 (KHTML, like Gecko) Chrome/117.0.5938.132 Safari/537.36"
65.154.226.170 - - [17/May/2024:07:35:53 +0000] "GET /assets/images/tripperHub-white.png HTTP/1.1" 200 181946 "http://shimlamanali.himachaltravelguide.in/" "Mozilla/5.0 (Windows NT 10.0; Win64; x64) AppleWebKit/537.36 (KHTML, like Gecko) Chrome/117.0.5938.132 Safari/537.36"
139.162.141.82 - - [17/May/2024:07:35:53 +0000] "GET /telescope/requests HTTP/1.1" 404 196 "-" "Go-http-client/1.1"
34.116.179.183 - - [17/May/2024:07:35:53 +0000] "GET /assets/js/lib/wow.min.js HTTP/1.1" 200 2826 "http://shimlamanali.himachaltravelguide.in/" "Mozilla/5.0 (X11; Linux x86_64) AppleWebKit/537.36 (KHTML, like Gecko) HeadlessChrome/92.0.4515.159 Safari/537.36"
34.116.179.183 - - [17/May/2024:07:35:53 +0000] "GET /assets/js/lib/swiper.min.js HTTP/1.1" 200 39733 "http://shimlamanali.himachaltravelguide.in/" "Mozilla/5.0 (X11; Linux x86_64) AppleWebKit/537.36 (KHTML, like Gecko) HeadlessChrome/92.0.4515.159 Safari/537.36"
139.162.141.82 - - [17/May/2024:07:35:53 +0000] "GET /?rest_route=/wp/v2/users/ HTTP/1.1" 200 11371 "-" "Go-http-client/1.1"
34.116.179.183 - - [17/May/2024:07:35:54 +0000] "GET /assets/js/custom-script.js HTTP/1.1" 200 3489 "http://shimlamanali.himachaltravelguide.in/" "Mozilla/5.0 (X11; Linux x86_64) AppleWebKit/537.36 (KHTML, like Gecko) HeadlessChrome/92.0.4515.159 Safari/537.36"
34.116.179.183 - - [17/May/2024:07:35:54 +0000] "GET /assets/images/elements/white-1.png HTTP/1.1" 200 427 "http://shimlamanali.himachaltravelguide.in/" "Mozilla/5.0 (X11; Linux x86_64) AppleWebKit/537.36 (KHTML, like Gecko) HeadlessChrome/92.0.4515.159 Safari/537.36"
122.162.146.250 - - [17/May/2024:07:35:54 +0000] "GET /HimachalWithGoldenTemple.html HTTP/1.1" 200 6740 "https://shimlamanali.himachaltravelguide.in/" "Mozilla/5.0 (Windows NT 10.0; Win64; x64) AppleWebKit/537.36 (KHTML, like Gecko) Chrome/124.0.0.0 Safari/537.36"
34.116.179.183 - - [17/May/2024:07:35:54 +0000] "GET /assets/css/lib/simple-line-icons/fonts/Simple-Line-Iconsb26c.woff2?v=2.4.0 HTTP/1.1" 200 30064 "http://shimlamanali.himachaltravelguide.in/assets/css/lib/simple-line-icons/css/simple-line-icons.min.css" "Mozilla/5.0 (X11; Linux x86_64) AppleWebKit/537.36 (KHTML, like Gecko) HeadlessChrome/92.0.4515.159 Safari/537.36"
122.162.146.250 - - [17/May/2024:07:35:54 +0000] "GET /assets/css/lib/flaticon/css/flaticon.min.css HTTP/1.1" 200 2176 "https://shimlamanali.himachaltravelguide.in/HimachalWithGoldenTemple.html" "Mozilla/5.0 (Windows NT 10.0; Win64; x64) AppleWebKit/537.36 (KHTML, like Gecko) Chrome/124.0.0.0 Safari/537.36"
122.162.146.250 - - [17/May/2024:07:35:54 +0000] "GET /assets/images/resources/thumbnails/hiking-usa-thumb.jpg HTTP/1.1" 200 11155 "https://shimlamanali.himachaltravelguide.in/HimachalWithGoldenTemple.html" "Mozilla/5.0 (Windows NT 10.0; Win64; x64) AppleWebKit/537.36 (KHTML, like Gecko) Chrome/124.0.0.0 Safari/537.36"
122.162.146.250 - - [17/May/2024:07:35:54 +0000] "GET /assets/images/resources/thumbnails/gondola-venice-thumb.jpg HTTP/1.1" 200 18381 "https://shimlamanali.himachaltravelguide.in/HimachalWithGoldenTemple.html" "Mozilla/5.0 (Windows NT 10.0; Win64; x64) AppleWebKit/537.36 (KHTML, like Gecko) Chrome/124.0.0.0 Safari/537.36"
122.162.146.250 - - [17/May/2024:07:35:54 +0000] "GET /assets/images/resources/thumbnails/austria-skiing-thumb.jpg HTTP/1.1" 200 27267 "https://shimlamanali.himachaltravelguide.in/HimachalWithGoldenTemple.html" "Mozilla/5.0 (Windows NT 10.0; Win64; x64) AppleWebKit/537.36 (KHTML, like Gecko) Chrome/124.0.0.0 Safari/537.36"
122.162.146.250 - - [17/May/2024:07:35:54 +0000] "GET /assets/js/lib/touchspin.min.js HTTP/1.1" 200 2362 "https://shimlamanali.himachaltravelguide.in/HimachalWithGoldenTemple.html" "Mozilla/5.0 (Windows NT 10.0; Win64; x64) AppleWebKit/537.36 (KHTML, like Gecko) Chrome/124.0.0.0 Safari/537.36"
