66.249.64.70 - - [24/Sep/2024:01:56:40 +0000] "GET /robots.txt HTTP/1.1" 404 196 "-" "Mozilla/5.0 (compatible; Googlebot/2.1; +http://www.google.com/bot.html)"
66.249.64.70 - - [24/Sep/2024:01:56:40 +0000] "GET /contact-us.php HTTP/1.1" 200 4965 "-" "Mozilla/5.0 (Linux; Android 6.0.1; Nexus 5X Build/MMB29P) AppleWebKit/537.36 (KHTML, like Gecko) Chrome/128.0.6613.137 Mobile Safari/537.36 (compatible; Googlebot/2.1; +http://www.google.com/bot.html)"
66.249.64.69 - - [24/Sep/2024:01:56:42 +0000] "GET /gen_validatorv4.js HTTP/1.1" 200 5656 "http://spreadinindia.markall.in/contact-us.php" "Mozilla/5.0 (Linux; Android 6.0.1; Nexus 5X Build/MMB29P) AppleWebKit/537.36 (KHTML, like Gecko) Chrome/128.0.6613.113 Mobile Safari/537.36 (compatible; Googlebot/2.1; +http://www.google.com/bot.html)"
66.249.64.69 - - [24/Sep/2024:01:56:43 +0000] "GET /google-captcha/component/jquery/jquery-3.2.1.min.js HTTP/1.1" 200 30191 "http://spreadinindia.markall.in/contact-us.php" "Mozilla/5.0 (Linux; Android 6.0.1; Nexus 5X Build/MMB29P) AppleWebKit/537.36 (KHTML, like Gecko) Chrome/128.0.6613.113 Mobile Safari/537.36 (compatible; Googlebot/2.1; +http://www.google.com/bot.html)"
156.59.198.136 - - [24/Sep/2024:03:48:57 +0000] "GET /galleryimg/193704f8ff6fd7d458c27b345422bf74.jpg HTTP/1.1" 200 344065 "-" "Mozilla/5.0 (Linux; Android 5.0) AppleWebKit/537.36 (KHTML, like Gecko) Mobile Safari/537.36 (compatible; Bytespider; spider-feedback@bytedance.com)"
47.128.112.63 - - [24/Sep/2024:07:17:44 +0000] "GET /service-plans.php HTTP/1.1" 200 3508 "-" "Mozilla/5.0 (compatible; Bytespider; spider-feedback@bytedance.com) AppleWebKit/537.36 (KHTML, like Gecko) Chrome/70.0.0.0 Safari/537.36"
34.148.211.211 - - [24/Sep/2024:08:21:02 +0000] "GET /robots.txt HTTP/1.0" 404 196 "-" "Mozilla/5.0/(X11; Linux x86_64) AppleWebKit/537.36 (KHTML, like Gecko) Chrome/125.0.0.0 Safari/537.36"
34.148.211.211 - - [24/Sep/2024:08:21:03 +0000] "GET / HTTP/1.0" 200 24054 "-" "Mozilla/5.0/(X11; Linux x86_64) AppleWebKit/537.36 (KHTML, like Gecko) Chrome/125.0.0.0 Safari/537.36"
92.249.29.194 - - [24/Sep/2024:08:43:44 +0000] "GET / HTTP/1.1" 200 24067 "-" "Mozilla/5.0 (Windows NT 10.0; Win64; x64) AppleWebKit/537.36 (KHTML, like Gecko) Chrome/95.0.4638.69 Safari/537.36"
92.249.29.194 - - [24/Sep/2024:08:43:44 +0000] "GET /wp-includes/ID3/license.txt HTTP/1.1" 404 196 "-" "Mozilla/5.0 (Windows NT 10.0; Win64; x64) AppleWebKit/537.36 (KHTML, like Gecko) Chrome/95.0.4638.69 Safari/537.36"
92.249.29.194 - - [24/Sep/2024:08:43:45 +0000] "GET /feed/ HTTP/1.1" 404 196 "-" "Mozilla/5.0 (Windows NT 10.0; Win64; x64) AppleWebKit/537.36 (KHTML, like Gecko) Chrome/95.0.4638.69 Safari/537.36"
92.249.29.194 - - [24/Sep/2024:08:43:45 +0000] "GET /xmlrpc.php?rsd HTTP/1.1" 404 196 "-" "Mozilla/5.0 (Windows NT 10.0; Win64; x64) AppleWebKit/537.36 (KHTML, like Gecko) Chrome/95.0.4638.69 Safari/537.36"
92.249.29.194 - - [24/Sep/2024:08:43:45 +0000] "GET /blog/wp-includes/wlwmanifest.xml HTTP/1.1" 404 196 "-" "Mozilla/5.0 (Windows NT 10.0; Win64; x64) AppleWebKit/537.36 (KHTML, like Gecko) Chrome/95.0.4638.69 Safari/537.36"
92.249.29.194 - - [24/Sep/2024:08:43:45 +0000] "GET /web/wp-includes/wlwmanifest.xml HTTP/1.1" 404 196 "-" "Mozilla/5.0 (Windows NT 10.0; Win64; x64) AppleWebKit/537.36 (KHTML, like Gecko) Chrome/95.0.4638.69 Safari/537.36"
92.249.29.194 - - [24/Sep/2024:08:43:45 +0000] "GET /wordpress/wp-includes/wlwmanifest.xml HTTP/1.1" 404 196 "-" "Mozilla/5.0 (Windows NT 10.0; Win64; x64) AppleWebKit/537.36 (KHTML, like Gecko) Chrome/95.0.4638.69 Safari/537.36"
92.249.29.194 - - [24/Sep/2024:08:43:46 +0000] "GET /wp/wp-includes/wlwmanifest.xml HTTP/1.1" 404 196 "-" "Mozilla/5.0 (Windows NT 10.0; Win64; x64) AppleWebKit/537.36 (KHTML, like Gecko) Chrome/95.0.4638.69 Safari/537.36"
92.249.29.194 - - [24/Sep/2024:08:43:46 +0000] "GET /2020/wp-includes/wlwmanifest.xml HTTP/1.1" 404 196 "-" "Mozilla/5.0 (Windows NT 10.0; Win64; x64) AppleWebKit/537.36 (KHTML, like Gecko) Chrome/95.0.4638.69 Safari/537.36"
92.249.29.194 - - [24/Sep/2024:08:43:46 +0000] "GET /2019/wp-includes/wlwmanifest.xml HTTP/1.1" 404 196 "-" "Mozilla/5.0 (Windows NT 10.0; Win64; x64) AppleWebKit/537.36 (KHTML, like Gecko) Chrome/95.0.4638.69 Safari/537.36"
92.249.29.194 - - [24/Sep/2024:08:43:46 +0000] "GET /2021/wp-includes/wlwmanifest.xml HTTP/1.1" 404 196 "-" "Mozilla/5.0 (Windows NT 10.0; Win64; x64) AppleWebKit/537.36 (KHTML, like Gecko) Chrome/95.0.4638.69 Safari/537.36"
92.249.29.194 - - [24/Sep/2024:08:43:46 +0000] "GET /shop/wp-includes/wlwmanifest.xml HTTP/1.1" 404 196 "-" "Mozilla/5.0 (Windows NT 10.0; Win64; x64) AppleWebKit/537.36 (KHTML, like Gecko) Chrome/95.0.4638.69 Safari/537.36"
92.249.29.194 - - [24/Sep/2024:08:43:47 +0000] "GET /wp1/wp-includes/wlwmanifest.xml HTTP/1.1" 404 196 "-" "Mozilla/5.0 (Windows NT 10.0; Win64; x64) AppleWebKit/537.36 (KHTML, like Gecko) Chrome/95.0.4638.69 Safari/537.36"
92.249.29.194 - - [24/Sep/2024:08:43:47 +0000] "GET /test/wp-includes/wlwmanifest.xml HTTP/1.1" 404 196 "-" "Mozilla/5.0 (Windows NT 10.0; Win64; x64) AppleWebKit/537.36 (KHTML, like Gecko) Chrome/95.0.4638.69 Safari/537.36"
92.249.29.194 - - [24/Sep/2024:08:43:47 +0000] "GET /site/wp-includes/wlwmanifest.xml HTTP/1.1" 404 196 "-" "Mozilla/5.0 (Windows NT 10.0; Win64; x64) AppleWebKit/537.36 (KHTML, like Gecko) Chrome/95.0.4638.69 Safari/537.36"
92.249.29.194 - - [24/Sep/2024:08:43:47 +0000] "GET /cms/wp-includes/wlwmanifest.xml HTTP/1.1" 404 196 "-" "Mozilla/5.0 (Windows NT 10.0; Win64; x64) AppleWebKit/537.36 (KHTML, like Gecko) Chrome/95.0.4638.69 Safari/537.36"
104.196.13.205 - - [24/Sep/2024:08:48:53 +0000] "GET /robots.txt HTTP/1.0" 404 196 "-" "Mozilla/5.0/(X11; Linux x86_64) AppleWebKit/537.36 (KHTML, like Gecko) Chrome/125.0.0.0 Safari/537.36"
104.196.13.205 - - [24/Sep/2024:08:48:53 +0000] "GET /index.php HTTP/1.0" 200 24054 "-" "Mozilla/5.0/(X11; Linux x86_64) AppleWebKit/537.36 (KHTML, like Gecko) Chrome/125.0.0.0 Safari/537.36"
87.236.176.153 - - [24/Sep/2024:08:52:15 +0000] "GET / HTTP/1.1" 200 3922 "-" "Mozilla/5.0 (compatible; InternetMeasurement/1.0; +https://internet-measurement.com/)"
87.236.176.235 - - [24/Sep/2024:08:52:16 +0000] "GET /images/favicon.png HTTP/1.1" 200 4944 "-" "Mozilla/5.0 (compatible; InternetMeasurement/1.0; +https://internet-measurement.com/)"
104.196.13.205 - - [24/Sep/2024:09:11:03 +0000] "GET /contact-us.php HTTP/1.0" 200 17353 "-" "Mozilla/5.0/(X11; Linux x86_64) AppleWebKit/537.36 (KHTML, like Gecko) Chrome/125.0.0.0 Safari/537.36"
104.196.13.205 - - [24/Sep/2024:09:21:42 +0000] "GET /successstories.php HTTP/1.0" 200 14151 "-" "Mozilla/5.0/(X11; Linux x86_64) AppleWebKit/537.36 (KHTML, like Gecko) Chrome/125.0.0.0 Safari/537.36"
104.196.13.205 - - [24/Sep/2024:09:33:29 +0000] "GET /services.php HTTP/1.0" 200 23275 "-" "Mozilla/5.0/(X11; Linux x86_64) AppleWebKit/537.36 (KHTML, like Gecko) Chrome/125.0.0.0 Safari/537.36"
104.196.13.205 - - [24/Sep/2024:09:39:26 +0000] "GET /service-plans.php HTTP/1.0" 200 16382 "-" "Mozilla/5.0/(X11; Linux x86_64) AppleWebKit/537.36 (KHTML, like Gecko) Chrome/125.0.0.0 Safari/537.36"
104.196.13.205 - - [24/Sep/2024:09:46:13 +0000] "GET /associates.php HTTP/1.0" 200 23474 "-" "Mozilla/5.0/(X11; Linux x86_64) AppleWebKit/537.36 (KHTML, like Gecko) Chrome/125.0.0.0 Safari/537.36"
34.23.118.63 - - [24/Sep/2024:10:01:39 +0000] "GET /robots.txt HTTP/1.0" 404 196 "-" "Mozilla/5.0/(X11; Linux x86_64) AppleWebKit/537.36 (KHTML, like Gecko) Chrome/125.0.0.0 Safari/537.36"
34.23.118.63 - - [24/Sep/2024:10:01:39 +0000] "GET /index.php HTTP/1.0" 200 24054 "-" "Mozilla/5.0/(X11; Linux x86_64) AppleWebKit/537.36 (KHTML, like Gecko) Chrome/125.0.0.0 Safari/537.36"
34.23.118.63 - - [24/Sep/2024:10:17:59 +0000] "GET /contact-us.php HTTP/1.0" 200 17353 "-" "Mozilla/5.0/(X11; Linux x86_64) AppleWebKit/537.36 (KHTML, like Gecko) Chrome/125.0.0.0 Safari/537.36"
34.23.118.63 - - [24/Sep/2024:10:23:53 +0000] "GET /successstories.php HTTP/1.0" 200 14151 "-" "Mozilla/5.0/(X11; Linux x86_64) AppleWebKit/537.36 (KHTML, like Gecko) Chrome/125.0.0.0 Safari/537.36"
34.23.118.63 - - [24/Sep/2024:10:33:25 +0000] "GET /services.php HTTP/1.0" 200 23275 "-" "Mozilla/5.0/(X11; Linux x86_64) AppleWebKit/537.36 (KHTML, like Gecko) Chrome/125.0.0.0 Safari/537.36"
34.23.118.63 - - [24/Sep/2024:10:38:23 +0000] "GET /service-plans.php HTTP/1.0" 200 16382 "-" "Mozilla/5.0/(X11; Linux x86_64) AppleWebKit/537.36 (KHTML, like Gecko) Chrome/125.0.0.0 Safari/537.36"
34.23.118.63 - - [24/Sep/2024:10:42:22 +0000] "GET /associates.php HTTP/1.0" 200 23474 "-" "Mozilla/5.0/(X11; Linux x86_64) AppleWebKit/537.36 (KHTML, like Gecko) Chrome/125.0.0.0 Safari/537.36"
69.171.230.13 - - [24/Sep/2024:11:45:02 +0000] "GET /associates.php HTTP/1.1" 200 23487 "-" "facebookexternalhit/1.1 (+http://www.facebook.com/externalhit_uatext.php)"
47.128.63.222 - - [24/Sep/2024:12:23:33 +0000] "GET /robots.txt HTTP/1.1" 404 196 "-" "Mozilla/5.0 (Linux; Android 5.0) AppleWebKit/537.36 (KHTML, like Gecko) Mobile Safari/537.36 (compatible; Bytespider; spider-feedback@bytedance.com)"
47.128.18.56 - - [24/Sep/2024:12:27:34 +0000] "GET /robots.txt HTTP/1.1" 404 196 "-" "Mozilla/5.0 (Linux; Android 5.0) AppleWebKit/537.36 (KHTML, like Gecko) Mobile Safari/537.36 (compatible; Bytespider; spider-feedback@bytedance.com)"
47.128.115.7 - - [24/Sep/2024:12:31:40 +0000] "GET /robots.txt HTTP/1.1" 404 196 "-" "Mozilla/5.0 (Linux; Android 5.0) AppleWebKit/537.36 (KHTML, like Gecko) Mobile Safari/537.36 (compatible; Bytespider; spider-feedback@bytedance.com)"
47.128.54.149 - - [24/Sep/2024:12:35:33 +0000] "GET /robots.txt HTTP/1.1" 404 196 "-" "Mozilla/5.0 (Linux; Android 5.0) AppleWebKit/537.36 (KHTML, like Gecko) Mobile Safari/537.36 (compatible; Bytespider; spider-feedback@bytedance.com)"
147.185.132.138 - - [24/Sep/2024:16:30:33 +0000] "GET / HTTP/1.1" 200 24075 "-" "Expanse, a Palo Alto Networks company, searches across the global IPv4 space multiple times per day to identify customers' presences on the Internet. If you would like to be excluded from our scans, please send IP addresses/domains to: scaninfo@paloaltonetworks.com"
23.178.112.210 - - [25/Sep/2024:00:38:18 +0000] "GET /.well-known/acme-challenge/RyyhXMbdmJWtGg-e5ggft5fKhA2-6uQjWduAat7117c HTTP/1.1" 200 87 "-" "Mozilla/5.0 (compatible; Let's Encrypt validation server; +https://www.letsencrypt.org)"
47.129.178.238 - - [25/Sep/2024:00:38:18 +0000] "GET /.well-known/acme-challenge/RyyhXMbdmJWtGg-e5ggft5fKhA2-6uQjWduAat7117c HTTP/1.1" 200 87 "-" "Mozilla/5.0 (compatible; Let's Encrypt validation server; +https://www.letsencrypt.org)"
13.51.251.144 - - [25/Sep/2024:00:38:18 +0000] "GET /.well-known/acme-challenge/RyyhXMbdmJWtGg-e5ggft5fKhA2-6uQjWduAat7117c HTTP/1.1" 200 87 "-" "Mozilla/5.0 (compatible; Let's Encrypt validation server; +https://www.letsencrypt.org)"
52.39.231.174 - - [25/Sep/2024:00:38:18 +0000] "GET /.well-known/acme-challenge/RyyhXMbdmJWtGg-e5ggft5fKhA2-6uQjWduAat7117c HTTP/1.1" 200 87 "-" "Mozilla/5.0 (compatible; Let's Encrypt validation server; +https://www.letsencrypt.org)"
18.220.32.162 - - [25/Sep/2024:00:38:18 +0000] "GET /.well-known/acme-challenge/RyyhXMbdmJWtGg-e5ggft5fKhA2-6uQjWduAat7117c HTTP/1.1" 200 87 "-" "Mozilla/5.0 (compatible; Let's Encrypt validation server; +https://www.letsencrypt.org)"
207.241.235.164 - - [25/Sep/2024:00:39:27 +0000] "GET / HTTP/1.1" 200 3885 "-" "Mozilla/5.0 (compatible; archive.org_bot +http://archive.org/details/archive.org_bot) Zeno/cfa2980 warc/v0.8.47"
207.241.225.134 - - [25/Sep/2024:00:39:27 +0000] "GET / HTTP/1.1" 200 3888 "-" "Mozilla/5.0 (compatible; archive.org_bot +http://archive.org/details/archive.org_bot) Zeno/6d512bb warc/v0.8.47"
207.241.235.164 - - [25/Sep/2024:00:39:27 +0000] "GET / HTTP/1.1" 200 3885 "-" "Mozilla/5.0 (compatible; archive.org_bot +http://archive.org/details/archive.org_bot) Zeno/cfa2980 warc/v0.8.47"
207.241.225.134 - - [25/Sep/2024:00:39:27 +0000] "GET / HTTP/1.1" 200 3888 "-" "Mozilla/5.0 (compatible; archive.org_bot +http://archive.org/details/archive.org_bot) Zeno/6d512bb warc/v0.8.47"
207.241.235.164 - - [25/Sep/2024:00:39:27 +0000] "GET / HTTP/1.1" 200 3888 "-" "Mozilla/5.0 (compatible; archive.org_bot +http://archive.org/details/archive.org_bot) Zeno/cfa2980 warc/v0.8.47"
104.197.69.115 - - [25/Sep/2024:00:39:31 +0000] "GET / HTTP/1.1" 200 3888 "-" "Mozilla/5.0 (X11; Linux x86_64) AppleWebKit/537.36 (KHTML, like Gecko) HeadlessChrome/92.0.4515.159 Safari/537.36"
104.197.69.115 - - [25/Sep/2024:00:39:31 +0000] "GET /css/site.css HTTP/1.1" 200 277 "http://spreadinindia.markall.in/" "Mozilla/5.0 (X11; Linux x86_64) AppleWebKit/537.36 (KHTML, like Gecko) HeadlessChrome/92.0.4515.159 Safari/537.36"
34.122.147.229 - - [25/Sep/2024:00:39:31 +0000] "GET /css/typo1.css HTTP/1.1" 200 280 "http://spreadinindia.markall.in/" "Mozilla/5.0 (X11; Linux x86_64) AppleWebKit/537.36 (KHTML, like Gecko) HeadlessChrome/92.0.4515.159 Safari/537.36"
104.197.69.115 - - [25/Sep/2024:00:39:31 +0000] "GET /css/style.css HTTP/1.1" 200 20854 "http://spreadinindia.markall.in/" "Mozilla/5.0 (X11; Linux x86_64) AppleWebKit/537.36 (KHTML, like Gecko) HeadlessChrome/92.0.4515.159 Safari/537.36"
34.122.147.229 - - [25/Sep/2024:00:39:31 +0000] "GET /css/bootstrap.min.css HTTP/1.1" 200 19757 "http://spreadinindia.markall.in/css/site.css" "Mozilla/5.0 (X11; Linux x86_64) AppleWebKit/537.36 (KHTML, like Gecko) HeadlessChrome/92.0.4515.159 Safari/537.36"
34.122.147.229 - - [25/Sep/2024:00:39:31 +0000] "GET /css/font-awesome.min.css HTTP/1.1" 200 7166 "http://spreadinindia.markall.in/css/site.css" "Mozilla/5.0 (X11; Linux x86_64) AppleWebKit/537.36 (KHTML, like Gecko) HeadlessChrome/92.0.4515.159 Safari/537.36"
104.197.69.115 - - [25/Sep/2024:00:39:31 +0000] "GET /css/animate.min.css HTTP/1.1" 200 6083 "http://spreadinindia.markall.in/css/site.css" "Mozilla/5.0 (X11; Linux x86_64) AppleWebKit/537.36 (KHTML, like Gecko) HeadlessChrome/92.0.4515.159 Safari/537.36"
34.72.176.129 - - [25/Sep/2024:00:39:31 +0000] "GET /css/swiper.min.css HTTP/1.1" 200 2901 "http://spreadinindia.markall.in/css/site.css" "Mozilla/5.0 (X11; Linux x86_64) AppleWebKit/537.36 (KHTML, like Gecko) HeadlessChrome/92.0.4515.159 Safari/537.36"
104.197.69.115 - - [25/Sep/2024:00:39:31 +0000] "GET /css/owl.carousel.min.css HTTP/1.1" 200 929 "http://spreadinindia.markall.in/css/site.css" "Mozilla/5.0 (X11; Linux x86_64) AppleWebKit/537.36 (KHTML, like Gecko) HeadlessChrome/92.0.4515.159 Safari/537.36"
34.122.147.229 - - [25/Sep/2024:00:39:32 +0000] "GET /css/settings.css HTTP/1.1" 200 7572 "http://spreadinindia.markall.in/css/site.css" "Mozilla/5.0 (X11; Linux x86_64) AppleWebKit/537.36 (KHTML, like Gecko) HeadlessChrome/92.0.4515.159 Safari/537.36"
104.197.69.115 - - [25/Sep/2024:00:39:32 +0000] "GET /css/dscountdown.css HTTP/1.1" 200 1559 "http://spreadinindia.markall.in/css/site.css" "Mozilla/5.0 (X11; Linux x86_64) AppleWebKit/537.36 (KHTML, like Gecko) HeadlessChrome/92.0.4515.159 Safari/537.36"
34.122.147.229 - - [25/Sep/2024:00:39:32 +0000] "GET /css/jquery.fancybox.min.css HTTP/1.1" 200 2978 "http://spreadinindia.markall.in/css/site.css" "Mozilla/5.0 (X11; Linux x86_64) AppleWebKit/537.36 (KHTML, like Gecko) HeadlessChrome/92.0.4515.159 Safari/537.36"
34.72.176.129 - - [25/Sep/2024:00:39:32 +0000] "GET /css/simplebar.css HTTP/1.1" 200 538 "http://spreadinindia.markall.in/css/site.css" "Mozilla/5.0 (X11; Linux x86_64) AppleWebKit/537.36 (KHTML, like Gecko) HeadlessChrome/92.0.4515.159 Safari/537.36"
104.197.69.115 - - [25/Sep/2024:00:39:32 +0000] "GET /css/cubeportfolio.min.css HTTP/1.1" 200 13446 "http://spreadinindia.markall.in/css/site.css" "Mozilla/5.0 (X11; Linux x86_64) AppleWebKit/537.36 (KHTML, like Gecko) HeadlessChrome/92.0.4515.159 Safari/537.36"
104.197.69.115 - - [25/Sep/2024:00:39:32 +0000] "GET /css/jquery.mb.YTPlayer.min.css HTTP/1.1" 200 5110 "http://spreadinindia.markall.in/css/site.css" "Mozilla/5.0 (X11; Linux x86_64) AppleWebKit/537.36 (KHTML, like Gecko) HeadlessChrome/92.0.4515.159 Safari/537.36"
34.122.147.229 - - [25/Sep/2024:00:39:32 +0000] "GET /js/jquery.matchHeight-min.js HTTP/1.1" 200 1401 "http://spreadinindia.markall.in/" "Mozilla/5.0 (X11; Linux x86_64) AppleWebKit/537.36 (KHTML, like Gecko) HeadlessChrome/92.0.4515.159 Safari/537.36"
104.197.69.115 - - [25/Sep/2024:00:39:32 +0000] "GET /js/jquery-countTo.js HTTP/1.1" 200 1009 "http://spreadinindia.markall.in/" "Mozilla/5.0 (X11; Linux x86_64) AppleWebKit/537.36 (KHTML, like Gecko) HeadlessChrome/92.0.4515.159 Safari/537.36"
104.197.69.115 - - [25/Sep/2024:00:39:32 +0000] "GET /js/bootstrap.min.js HTTP/1.1" 200 9850 "http://spreadinindia.markall.in/" "Mozilla/5.0 (X11; Linux x86_64) AppleWebKit/537.36 (KHTML, like Gecko) HeadlessChrome/92.0.4515.159 Safari/537.36"
104.197.69.115 - - [25/Sep/2024:00:39:32 +0000] "GET /js/jquery.appear.js HTTP/1.1" 200 1318 "http://spreadinindia.markall.in/" "Mozilla/5.0 (X11; Linux x86_64) AppleWebKit/537.36 (KHTML, like Gecko) HeadlessChrome/92.0.4515.159 Safari/537.36"
34.122.147.229 - - [25/Sep/2024:00:39:32 +0000] "GET /js/owl.carousel.min.js HTTP/1.1" 200 10946 "http://spreadinindia.markall.in/" "Mozilla/5.0 (X11; Linux x86_64) AppleWebKit/537.36 (KHTML, like Gecko) HeadlessChrome/92.0.4515.159 Safari/537.36"
34.72.176.129 - - [25/Sep/2024:00:39:32 +0000] "GET /js/swiper.jquery.min.js HTTP/1.1" 200 23614 "http://spreadinindia.markall.in/" "Mozilla/5.0 (X11; Linux x86_64) AppleWebKit/537.36 (KHTML, like Gecko) HeadlessChrome/92.0.4515.159 Safari/537.36"
104.197.69.115 - - [25/Sep/2024:00:39:32 +0000] "GET /images/logo.png HTTP/1.1" 200 20129 "http://spreadinindia.markall.in/" "Mozilla/5.0 (X11; Linux x86_64) AppleWebKit/537.36 (KHTML, like Gecko) HeadlessChrome/92.0.4515.159 Safari/537.36"
104.197.69.115 - - [25/Sep/2024:00:39:32 +0000] "GET /js/parallaxie.js HTTP/1.1" 200 691 "http://spreadinindia.markall.in/" "Mozilla/5.0 (X11; Linux x86_64) AppleWebKit/537.36 (KHTML, like Gecko) HeadlessChrome/92.0.4515.159 Safari/537.36"
34.122.147.229 - - [25/Sep/2024:00:39:32 +0000] "GET /js/dscountdown.min.js HTTP/1.1" 200 955 "http://spreadinindia.markall.in/" "Mozilla/5.0 (X11; Linux x86_64) AppleWebKit/537.36 (KHTML, like Gecko) HeadlessChrome/92.0.4515.159 Safari/537.36"
34.122.147.229 - - [25/Sep/2024:00:39:32 +0000] "GET /fonts/fontawesome-webfont.woff2?v=4.7.0 HTTP/1.1" 200 77160 "http://spreadinindia.markall.in/css/font-awesome.min.css" "Mozilla/5.0 (X11; Linux x86_64) AppleWebKit/537.36 (KHTML, like Gecko) HeadlessChrome/92.0.4515.159 Safari/537.36"
34.72.176.129 - - [25/Sep/2024:00:39:32 +0000] "GET /js/jquery.fancybox.min.js HTTP/1.1" 200 18803 "http://spreadinindia.markall.in/" "Mozilla/5.0 (X11; Linux x86_64) AppleWebKit/537.36 (KHTML, like Gecko) HeadlessChrome/92.0.4515.159 Safari/537.36"
104.197.69.115 - - [25/Sep/2024:00:39:32 +0000] "GET /galleryimg/3725d1ab87b032b284a0adda46bbcacf.jpg HTTP/1.1" 200 92905 "http://spreadinindia.markall.in/" "Mozilla/5.0 (X11; Linux x86_64) AppleWebKit/537.36 (KHTML, like Gecko) HeadlessChrome/92.0.4515.159 Safari/537.36"
104.197.69.115 - - [25/Sep/2024:00:39:32 +0000] "GET /js/simplebar.js HTTP/1.1" 200 27275 "http://spreadinindia.markall.in/" "Mozilla/5.0 (X11; Linux x86_64) AppleWebKit/537.36 (KHTML, like Gecko) HeadlessChrome/92.0.4515.159 Safari/537.36"
34.122.147.229 - - [25/Sep/2024:00:39:32 +0000] "GET /js/circle-progress.min.js HTTP/1.1" 200 1878 "http://spreadinindia.markall.in/" "Mozilla/5.0 (X11; Linux x86_64) AppleWebKit/537.36 (KHTML, like Gecko) HeadlessChrome/92.0.4515.159 Safari/537.36"
104.197.69.115 - - [25/Sep/2024:00:39:32 +0000] "GET /js/jquery.cubeportfolio.min.js HTTP/1.1" 200 18662 "http://spreadinindia.markall.in/" "Mozilla/5.0 (X11; Linux x86_64) AppleWebKit/537.36 (KHTML, like Gecko) HeadlessChrome/92.0.4515.159 Safari/537.36"
104.197.69.115 - - [25/Sep/2024:00:39:33 +0000] "GET /js/viedobox_video.js HTTP/1.1" 200 10961 "http://spreadinindia.markall.in/" "Mozilla/5.0 (X11; Linux x86_64) AppleWebKit/537.36 (KHTML, like Gecko) HeadlessChrome/92.0.4515.159 Safari/537.36"
34.72.176.129 - - [25/Sep/2024:00:39:33 +0000] "GET /js/jquery.mb.YTPlayer.min.js HTTP/1.1" 200 13534 "http://spreadinindia.markall.in/" "Mozilla/5.0 (X11; Linux x86_64) AppleWebKit/537.36 (KHTML, like Gecko) HeadlessChrome/92.0.4515.159 Safari/537.36"
34.122.147.229 - - [25/Sep/2024:00:39:33 +0000] "GET /js/wow.min.js HTTP/1.1" 200 2756 "http://spreadinindia.markall.in/" "Mozilla/5.0 (X11; Linux x86_64) AppleWebKit/537.36 (KHTML, like Gecko) HeadlessChrome/92.0.4515.159 Safari/537.36"
104.197.69.115 - - [25/Sep/2024:00:39:33 +0000] "GET /js/revolution/jquery.themepunch.revolution.min.js HTTP/1.1" 200 17568 "http://spreadinindia.markall.in/" "Mozilla/5.0 (X11; Linux x86_64) AppleWebKit/537.36 (KHTML, like Gecko) HeadlessChrome/92.0.4515.159 Safari/537.36"
34.122.147.229 - - [25/Sep/2024:00:39:33 +0000] "GET /js/revolution/extensions/revolution.extension.actions.min.js HTTP/1.1" 200 2706 "http://spreadinindia.markall.in/" "Mozilla/5.0 (X11; Linux x86_64) AppleWebKit/537.36 (KHTML, like Gecko) HeadlessChrome/92.0.4515.159 Safari/537.36"
104.197.69.115 - - [25/Sep/2024:00:39:33 +0000] "GET /js/revolution/extensions/revolution.extension.carousel.min.js HTTP/1.1" 200 2612 "http://spreadinindia.markall.in/" "Mozilla/5.0 (X11; Linux x86_64) AppleWebKit/537.36 (KHTML, like Gecko) HeadlessChrome/92.0.4515.159 Safari/537.36"
34.72.176.129 - - [25/Sep/2024:00:39:33 +0000] "GET /js/revolution/extensions/revolution.extension.kenburn.min.js HTTP/1.1" 200 1559 "http://spreadinindia.markall.in/" "Mozilla/5.0 (X11; Linux x86_64) AppleWebKit/537.36 (KHTML, like Gecko) HeadlessChrome/92.0.4515.159 Safari/537.36"
34.122.147.229 - - [25/Sep/2024:00:39:33 +0000] "GET /js/revolution/extensions/revolution.extension.layeranimation.min.js HTTP/1.1" 200 13994 "http://spreadinindia.markall.in/" "Mozilla/5.0 (X11; Linux x86_64) AppleWebKit/537.36 (KHTML, like Gecko) HeadlessChrome/92.0.4515.159 Safari/537.36"
104.197.69.115 - - [25/Sep/2024:00:39:33 +0000] "GET /js/revolution/jquery.themepunch.tools.min.js HTTP/1.1" 200 37375 "http://spreadinindia.markall.in/" "Mozilla/5.0 (X11; Linux x86_64) AppleWebKit/537.36 (KHTML, like Gecko) HeadlessChrome/92.0.4515.159 Safari/537.36"
104.197.69.115 - - [25/Sep/2024:00:39:33 +0000] "GET /js/revolution/extensions/revolution.extension.migration.min.js HTTP/1.1" 200 1769 "http://spreadinindia.markall.in/" "Mozilla/5.0 (X11; Linux x86_64) AppleWebKit/537.36 (KHTML, like Gecko) HeadlessChrome/92.0.4515.159 Safari/537.36"
34.122.147.229 - - [25/Sep/2024:00:39:33 +0000] "GET /js/revolution/extensions/revolution.extension.navigation.min.js HTTP/1.1" 200 7035 "http://spreadinindia.markall.in/" "Mozilla/5.0 (X11; Linux x86_64) AppleWebKit/537.36 (KHTML, like Gecko) HeadlessChrome/92.0.4515.159 Safari/537.36"
104.197.69.115 - - [25/Sep/2024:00:39:33 +0000] "GET /js/revolution/extensions/revolution.extension.parallax.min.js HTTP/1.1" 200 3164 "http://spreadinindia.markall.in/" "Mozilla/5.0 (X11; Linux x86_64) AppleWebKit/537.36 (KHTML, like Gecko) HeadlessChrome/92.0.4515.159 Safari/537.36"
34.72.176.129 - - [25/Sep/2024:00:39:33 +0000] "GET /js/revolution/extensions/revolution.extension.slideanims.min.js HTTP/1.1" 200 6811 "http://spreadinindia.markall.in/" "Mozilla/5.0 (X11; Linux x86_64) AppleWebKit/537.36 (KHTML, like Gecko) HeadlessChrome/92.0.4515.159 Safari/537.36"
34.122.147.229 - - [25/Sep/2024:00:39:33 +0000] "GET /js/revolution/extensions/revolution.extension.video.min.js HTTP/1.1" 200 6435 "http://spreadinindia.markall.in/" "Mozilla/5.0 (X11; Linux x86_64) AppleWebKit/537.36 (KHTML, like Gecko) HeadlessChrome/92.0.4515.159 Safari/537.36"
104.197.69.115 - - [25/Sep/2024:00:39:33 +0000] "GET /js/functions.js HTTP/1.1" 200 5439 "http://spreadinindia.markall.in/" "Mozilla/5.0 (X11; Linux x86_64) AppleWebKit/537.36 (KHTML, like Gecko) HeadlessChrome/92.0.4515.159 Safari/537.36"
104.197.69.115 - - [25/Sep/2024:00:39:33 +0000] "GET /images/logo-scrolled.png HTTP/1.1" 200 20141 "http://spreadinindia.markall.in/" "Mozilla/5.0 (X11; Linux x86_64) AppleWebKit/537.36 (KHTML, like Gecko) HeadlessChrome/92.0.4515.159 Safari/537.36"
34.122.147.229 - - [25/Sep/2024:00:39:34 +0000] "GET /galleryimg/2a45e88b96c1ec2bbb6c6d80ae821e75.jpg HTTP/1.1" 200 194957 "http://spreadinindia.markall.in/" "Mozilla/5.0 (X11; Linux x86_64) AppleWebKit/537.36 (KHTML, like Gecko) HeadlessChrome/92.0.4515.159 Safari/537.36"
104.197.69.115 - - [25/Sep/2024:00:39:34 +0000] "GET /galleryimg/89650711.03.jpg HTTP/1.1" 200 418590 "http://spreadinindia.markall.in/" "Mozilla/5.0 (X11; Linux x86_64) AppleWebKit/537.36 (KHTML, like Gecko) HeadlessChrome/92.0.4515.159 Safari/537.36"
104.197.69.115 - - [25/Sep/2024:00:39:34 +0000] "GET /galleryimg/765487a115438e9dbda49cf1e9f7bc56.jpg HTTP/1.1" 200 214218 "http://spreadinindia.markall.in/" "Mozilla/5.0 (X11; Linux x86_64) AppleWebKit/537.36 (KHTML, like Gecko) HeadlessChrome/92.0.4515.159 Safari/537.36"
34.122.147.229 - - [25/Sep/2024:00:39:34 +0000] "GET /galleryimg/d47d2c849f893444c2299ea8d7ca41f9.jpg HTTP/1.1" 200 80777 "http://spreadinindia.markall.in/" "Mozilla/5.0 (X11; Linux x86_64) AppleWebKit/537.36 (KHTML, like Gecko) HeadlessChrome/92.0.4515.159 Safari/537.36"
34.122.147.229 - - [25/Sep/2024:00:39:34 +0000] "GET /galleryimg/9b8efb2d67a3eafe032fb8a6cca59287.jpg HTTP/1.1" 200 314632 "http://spreadinindia.markall.in/" "Mozilla/5.0 (X11; Linux x86_64) AppleWebKit/537.36 (KHTML, like Gecko) HeadlessChrome/92.0.4515.159 Safari/537.36"
34.72.176.129 - - [25/Sep/2024:00:39:34 +0000] "GET /galleryimg/b303c5bb4fed72815b96f109242a8ac6.jpg HTTP/1.1" 200 428944 "http://spreadinindia.markall.in/" "Mozilla/5.0 (X11; Linux x86_64) AppleWebKit/537.36 (KHTML, like Gecko) HeadlessChrome/92.0.4515.159 Safari/537.36"
104.197.69.115 - - [25/Sep/2024:00:39:34 +0000] "GET /galleryimg/0be4487eaff9f370179856e5dd891c62.jpg HTTP/1.1" 200 365623 "http://spreadinindia.markall.in/" "Mozilla/5.0 (X11; Linux x86_64) AppleWebKit/537.36 (KHTML, like Gecko) HeadlessChrome/92.0.4515.159 Safari/537.36"
34.122.147.229 - - [25/Sep/2024:00:39:34 +0000] "GET /galleryimg/98bd8998d9c5692a851efd591679dcd0.jpg HTTP/1.1" 200 117703 "http://spreadinindia.markall.in/" "Mozilla/5.0 (X11; Linux x86_64) AppleWebKit/537.36 (KHTML, like Gecko) HeadlessChrome/92.0.4515.159 Safari/537.36"
104.197.69.115 - - [25/Sep/2024:00:39:34 +0000] "GET /galleryimg/5332ea46521492ef4a8cb0ad7ac337f8.jpg HTTP/1.1" 200 244480 "http://spreadinindia.markall.in/" "Mozilla/5.0 (X11; Linux x86_64) AppleWebKit/537.36 (KHTML, like Gecko) HeadlessChrome/92.0.4515.159 Safari/537.36"
104.197.69.115 - - [25/Sep/2024:00:39:34 +0000] "GET /galleryimg/d04b6b8a0eff2e3d0626ee9375789f71.jpg HTTP/1.1" 200 256233 "http://spreadinindia.markall.in/" "Mozilla/5.0 (X11; Linux x86_64) AppleWebKit/537.36 (KHTML, like Gecko) HeadlessChrome/92.0.4515.159 Safari/537.36"
104.197.69.115 - - [25/Sep/2024:00:39:34 +0000] "GET /galleryimg/99defcefac2bba9c5f035de453384c76.jpg HTTP/1.1" 200 216407 "http://spreadinindia.markall.in/" "Mozilla/5.0 (X11; Linux x86_64) AppleWebKit/537.36 (KHTML, like Gecko) HeadlessChrome/92.0.4515.159 Safari/537.36"
34.122.147.229 - - [25/Sep/2024:00:39:34 +0000] "GET /galleryimg/98ac8b38324e89dee4d10603163da7f9.jpg HTTP/1.1" 200 194459 "http://spreadinindia.markall.in/" "Mozilla/5.0 (X11; Linux x86_64) AppleWebKit/537.36 (KHTML, like Gecko) HeadlessChrome/92.0.4515.159 Safari/537.36"
104.197.69.115 - - [25/Sep/2024:00:39:34 +0000] "GET /images/lightbox-next.png HTTP/1.1" 200 350 "http://spreadinindia.markall.in/" "Mozilla/5.0 (X11; Linux x86_64) AppleWebKit/537.36 (KHTML, like Gecko) HeadlessChrome/92.0.4515.159 Safari/537.36"
34.122.147.229 - - [25/Sep/2024:00:39:34 +0000] "GET /images/lightbox-prev.png HTTP/1.1" 200 352 "http://spreadinindia.markall.in/" "Mozilla/5.0 (X11; Linux x86_64) AppleWebKit/537.36 (KHTML, like Gecko) HeadlessChrome/92.0.4515.159 Safari/537.36"
34.72.176.129 - - [25/Sep/2024:00:39:34 +0000] "GET /images/close-box.png HTTP/1.1" 200 362 "http://spreadinindia.markall.in/" "Mozilla/5.0 (X11; Linux x86_64) AppleWebKit/537.36 (KHTML, like Gecko) HeadlessChrome/92.0.4515.159 Safari/537.36"
207.154.212.47 - - [25/Sep/2024:00:39:35 +0000] "GET / HTTP/1.1" 200 24075 "-" "-"
164.90.208.56 - - [25/Sep/2024:00:39:35 +0000] "GET / HTTP/1.1" 200 24083 "-" "-"
164.90.208.56 - - [25/Sep/2024:00:39:35 +0000] "GET / HTTP/1.1" 200 24075 "-" "Mozilla/5.0 (Linux; Android 6.0; HTC One M9 Build/MRA497214) AppleWebKit/537.36 (KHTML, like Gecko) Chrome/52.0.2783.98 Mobile Safari/537.3"
164.90.208.56 - - [25/Sep/2024:00:39:36 +0000] "GET /server HTTP/1.1" 404 196 "-" "Go-http-client/1.1"
164.90.208.56 - - [25/Sep/2024:00:39:36 +0000] "GET /.vscode/sftp.json HTTP/1.1" 404 196 "-" "Go-http-client/1.1"
164.90.208.56 - - [25/Sep/2024:00:39:36 +0000] "GET /about HTTP/1.1" 404 196 "-" "Go-http-client/1.1"
164.90.208.56 - - [25/Sep/2024:00:39:36 +0000] "GET /debug/default/view?panel=config HTTP/1.1" 404 196 "-" "Go-http-client/1.1"
164.90.208.56 - - [25/Sep/2024:00:39:37 +0000] "GET /v2/_catalog HTTP/1.1" 404 196 "-" "Go-http-client/1.1"
164.90.208.56 - - [25/Sep/2024:00:39:37 +0000] "GET /ecp/Current/exporttool/microsoft.exchange.ediscovery.exporttool.application HTTP/1.1" 404 196 "-" "Go-http-client/1.1"
164.90.208.56 - - [25/Sep/2024:00:39:37 +0000] "GET /server-status HTTP/1.1" 403 199 "-" "Go-http-client/1.1"
164.90.208.56 - - [25/Sep/2024:00:39:38 +0000] "GET /login.action HTTP/1.1" 404 196 "-" "Go-http-client/1.1"
164.90.208.56 - - [25/Sep/2024:00:39:38 +0000] "GET /_all_dbs HTTP/1.1" 404 196 "-" "Mozilla/5.0 (l9scan/2.0.834313e2039313e2233323e2536313; +https://leakix.net)"
164.90.208.56 - - [25/Sep/2024:00:39:38 +0000] "GET /.DS_Store HTTP/1.1" 404 196 "-" "Go-http-client/1.1"
207.154.212.47 - - [25/Sep/2024:00:39:38 +0000] "GET / HTTP/1.1" 200 24075 "-" "Mozilla/5.0 (Linux; Android 6.0; HTC One M9 Build/MRA497214) AppleWebKit/537.36 (KHTML, like Gecko) Chrome/52.0.2783.98 Mobile Safari/537.3"
164.90.208.56 - - [25/Sep/2024:00:39:38 +0000] "GET /.env HTTP/1.1" 404 196 "-" "Go-http-client/1.1"
164.90.208.56 - - [25/Sep/2024:00:39:39 +0000] "GET /.git/config HTTP/1.1" 403 153 "-" "Go-http-client/1.1"
207.154.212.47 - - [25/Sep/2024:00:39:39 +0000] "GET /server HTTP/1.1" 404 196 "-" "Go-http-client/1.1"
164.90.208.56 - - [25/Sep/2024:00:39:39 +0000] "GET /s/834313e2039313e2233323e2536313/_/;/META-INF/maven/com.atlassian.jira/jira-webapp-dist/pom.properties HTTP/1.1" 404 196 "-" "Go-http-client/1.1"
164.90.208.56 - - [25/Sep/2024:00:39:39 +0000] "GET /config.json HTTP/1.1" 404 196 "-" "Go-http-client/1.1"
207.154.212.47 - - [25/Sep/2024:00:39:39 +0000] "GET /.vscode/sftp.json HTTP/1.1" 404 196 "-" "Go-http-client/1.1"
164.90.208.56 - - [25/Sep/2024:00:39:40 +0000] "GET /telescope/requests HTTP/1.1" 404 196 "-" "Go-http-client/1.1"
205.169.39.250 - - [25/Sep/2024:00:39:40 +0000] "GET / HTTP/1.1" 200 3888 "-" "Mozilla/5.0 (Windows NT 6.1; Win64; x64) AppleWebKit/537.36 (KHTML, like Gecko) Chrome/83.0.4103.61 Safari/537.36"
207.154.212.47 - - [25/Sep/2024:00:39:40 +0000] "GET /about HTTP/1.1" 404 196 "-" "Go-http-client/1.1"
164.90.208.56 - - [25/Sep/2024:00:39:40 +0000] "GET /?rest_route=/wp/v2/users/ HTTP/1.1" 200 3885 "-" "Go-http-client/1.1"
207.154.212.47 - - [25/Sep/2024:00:39:40 +0000] "GET /debug/default/view?panel=config HTTP/1.1" 404 196 "-" "Go-http-client/1.1"
207.154.212.47 - - [25/Sep/2024:00:39:41 +0000] "GET /v2/_catalog HTTP/1.1" 404 196 "-" "Go-http-client/1.1"
205.169.39.250 - - [25/Sep/2024:00:39:41 +0000] "GET /js/bootstrap.min.js HTTP/1.1" 200 9850 "http://spreadinindia.markall.in/" "Mozilla/5.0 (Windows NT 6.1; Win64; x64) AppleWebKit/537.36 (KHTML, like Gecko) Chrome/83.0.4103.61 Safari/537.36"
207.154.212.47 - - [25/Sep/2024:00:39:41 +0000] "GET /ecp/Current/exporttool/microsoft.exchange.ediscovery.exporttool.application HTTP/1.1" 404 196 "-" "Go-http-client/1.1"
205.169.39.250 - - [25/Sep/2024:00:39:41 +0000] "GET /js/jquery.appear.js HTTP/1.1" 200 1318 "http://spreadinindia.markall.in/" "Mozilla/5.0 (Windows NT 6.1; Win64; x64) AppleWebKit/537.36 (KHTML, like Gecko) Chrome/83.0.4103.61 Safari/537.36"
205.169.39.250 - - [25/Sep/2024:00:39:42 +0000] "GET /js/swiper.jquery.min.js HTTP/1.1" 200 23614 "http://spreadinindia.markall.in/" "Mozilla/5.0 (Windows NT 6.1; Win64; x64) AppleWebKit/537.36 (KHTML, like Gecko) Chrome/83.0.4103.61 Safari/537.36"
207.154.212.47 - - [25/Sep/2024:00:39:42 +0000] "GET /server-status HTTP/1.1" 403 199 "-" "Go-http-client/1.1"
207.154.212.47 - - [25/Sep/2024:00:39:42 +0000] "GET /login.action HTTP/1.1" 404 196 "-" "Go-http-client/1.1"
205.169.39.250 - - [25/Sep/2024:00:39:42 +0000] "GET /js/owl.carousel.min.js HTTP/1.1" 200 10946 "http://spreadinindia.markall.in/" "Mozilla/5.0 (Windows NT 6.1; Win64; x64) AppleWebKit/537.36 (KHTML, like Gecko) Chrome/83.0.4103.61 Safari/537.36"
207.154.212.47 - - [25/Sep/2024:00:39:43 +0000] "GET /_all_dbs HTTP/1.1" 404 196 "-" "Mozilla/5.0 (l9scan/2.0.834313e2039313e2233323e2536313; +https://leakix.net)"
205.169.39.250 - - [25/Sep/2024:00:39:43 +0000] "GET /js/jquery-countTo.js HTTP/1.1" 200 1009 "http://spreadinindia.markall.in/" "Mozilla/5.0 (Windows NT 6.1; Win64; x64) AppleWebKit/537.36 (KHTML, like Gecko) Chrome/83.0.4103.61 Safari/537.36"
205.169.39.250 - - [25/Sep/2024:00:39:43 +0000] "GET /js/jquery.matchHeight-min.js HTTP/1.1" 200 1401 "http://spreadinindia.markall.in/" "Mozilla/5.0 (Windows NT 6.1; Win64; x64) AppleWebKit/537.36 (KHTML, like Gecko) Chrome/83.0.4103.61 Safari/537.36"
207.154.212.47 - - [25/Sep/2024:00:39:43 +0000] "GET /.DS_Store HTTP/1.1" 404 196 "-" "Go-http-client/1.1"
207.154.212.47 - - [25/Sep/2024:00:39:44 +0000] "GET /.env HTTP/1.1" 404 196 "-" "Go-http-client/1.1"
205.169.39.250 - - [25/Sep/2024:00:39:44 +0000] "GET /js/parallaxie.js HTTP/1.1" 200 691 "http://spreadinindia.markall.in/" "Mozilla/5.0 (Windows NT 6.1; Win64; x64) AppleWebKit/537.36 (KHTML, like Gecko) Chrome/83.0.4103.61 Safari/537.36"
207.154.212.47 - - [25/Sep/2024:00:39:44 +0000] "GET /.git/config HTTP/1.1" 403 153 "-" "Go-http-client/1.1"
205.169.39.250 - - [25/Sep/2024:00:39:44 +0000] "GET /js/dscountdown.min.js HTTP/1.1" 200 955 "http://spreadinindia.markall.in/" "Mozilla/5.0 (Windows NT 6.1; Win64; x64) AppleWebKit/537.36 (KHTML, like Gecko) Chrome/83.0.4103.61 Safari/537.36"
207.154.212.47 - - [25/Sep/2024:00:39:44 +0000] "GET /s/834313e2039313e2233323e2536313/_/;/META-INF/maven/com.atlassian.jira/jira-webapp-dist/pom.properties HTTP/1.1" 404 196 "-" "Go-http-client/1.1"
205.169.39.250 - - [25/Sep/2024:00:39:44 +0000] "GET /js/jquery.fancybox.min.js HTTP/1.1" 200 18803 "http://spreadinindia.markall.in/" "Mozilla/5.0 (Windows NT 6.1; Win64; x64) AppleWebKit/537.36 (KHTML, like Gecko) Chrome/83.0.4103.61 Safari/537.36"
207.154.212.47 - - [25/Sep/2024:00:39:45 +0000] "GET /config.json HTTP/1.1" 404 196 "-" "Go-http-client/1.1"
205.169.39.250 - - [25/Sep/2024:00:39:45 +0000] "GET /js/jquery.cubeportfolio.min.js HTTP/1.1" 200 18662 "http://spreadinindia.markall.in/" "Mozilla/5.0 (Windows NT 6.1; Win64; x64) AppleWebKit/537.36 (KHTML, like Gecko) Chrome/83.0.4103.61 Safari/537.36"
207.154.212.47 - - [25/Sep/2024:00:39:45 +0000] "GET /telescope/requests HTTP/1.1" 404 196 "-" "Go-http-client/1.1"
205.169.39.250 - - [25/Sep/2024:00:39:46 +0000] "GET /js/circle-progress.min.js HTTP/1.1" 200 1878 "http://spreadinindia.markall.in/" "Mozilla/5.0 (Windows NT 6.1; Win64; x64) AppleWebKit/537.36 (KHTML, like Gecko) Chrome/83.0.4103.61 Safari/537.36"
207.154.212.47 - - [25/Sep/2024:00:39:46 +0000] "GET /?rest_route=/wp/v2/users/ HTTP/1.1" 200 3888 "-" "Go-http-client/1.1"
205.169.39.250 - - [25/Sep/2024:00:39:46 +0000] "GET /js/simplebar.js HTTP/1.1" 200 27275 "http://spreadinindia.markall.in/" "Mozilla/5.0 (Windows NT 6.1; Win64; x64) AppleWebKit/537.36 (KHTML, like Gecko) Chrome/83.0.4103.61 Safari/537.36"
205.169.39.250 - - [25/Sep/2024:00:39:47 +0000] "GET /js/viedobox_video.js HTTP/1.1" 200 10961 "http://spreadinindia.markall.in/" "Mozilla/5.0 (Windows NT 6.1; Win64; x64) AppleWebKit/537.36 (KHTML, like Gecko) Chrome/83.0.4103.61 Safari/537.36"
205.169.39.250 - - [25/Sep/2024:00:39:48 +0000] "GET /js/jquery.mb.YTPlayer.min.js HTTP/1.1" 200 13534 "http://spreadinindia.markall.in/" "Mozilla/5.0 (Windows NT 6.1; Win64; x64) AppleWebKit/537.36 (KHTML, like Gecko) Chrome/83.0.4103.61 Safari/537.36"
205.169.39.250 - - [25/Sep/2024:00:39:48 +0000] "GET /js/wow.min.js HTTP/1.1" 200 2756 "http://spreadinindia.markall.in/" "Mozilla/5.0 (Windows NT 6.1; Win64; x64) AppleWebKit/537.36 (KHTML, like Gecko) Chrome/83.0.4103.61 Safari/537.36"
205.169.39.250 - - [25/Sep/2024:00:39:49 +0000] "GET /js/revolution/jquery.themepunch.tools.min.js HTTP/1.1" 200 37375 "http://spreadinindia.markall.in/" "Mozilla/5.0 (Windows NT 6.1; Win64; x64) AppleWebKit/537.36 (KHTML, like Gecko) Chrome/83.0.4103.61 Safari/537.36"
205.169.39.250 - - [25/Sep/2024:00:39:50 +0000] "GET /js/revolution/jquery.themepunch.revolution.min.js HTTP/1.1" 200 17568 "http://spreadinindia.markall.in/" "Mozilla/5.0 (Windows NT 6.1; Win64; x64) AppleWebKit/537.36 (KHTML, like Gecko) Chrome/83.0.4103.61 Safari/537.36"
205.169.39.250 - - [25/Sep/2024:00:39:50 +0000] "GET /js/revolution/extensions/revolution.extension.actions.min.js HTTP/1.1" 200 2706 "http://spreadinindia.markall.in/" "Mozilla/5.0 (Windows NT 6.1; Win64; x64) AppleWebKit/537.36 (KHTML, like Gecko) Chrome/83.0.4103.61 Safari/537.36"
205.169.39.250 - - [25/Sep/2024:00:39:50 +0000] "GET /js/revolution/extensions/revolution.extension.carousel.min.js HTTP/1.1" 200 2612 "http://spreadinindia.markall.in/" "Mozilla/5.0 (Windows NT 6.1; Win64; x64) AppleWebKit/537.36 (KHTML, like Gecko) Chrome/83.0.4103.61 Safari/537.36"
205.169.39.250 - - [25/Sep/2024:00:39:51 +0000] "GET /js/revolution/extensions/revolution.extension.kenburn.min.js HTTP/1.1" 200 1559 "http://spreadinindia.markall.in/" "Mozilla/5.0 (Windows NT 6.1; Win64; x64) AppleWebKit/537.36 (KHTML, like Gecko) Chrome/83.0.4103.61 Safari/537.36"
205.169.39.250 - - [25/Sep/2024:00:39:51 +0000] "GET /js/revolution/extensions/revolution.extension.layeranimation.min.js HTTP/1.1" 200 13994 "http://spreadinindia.markall.in/" "Mozilla/5.0 (Windows NT 6.1; Win64; x64) AppleWebKit/537.36 (KHTML, like Gecko) Chrome/83.0.4103.61 Safari/537.36"
205.169.39.250 - - [25/Sep/2024:00:39:51 +0000] "GET /js/revolution/extensions/revolution.extension.migration.min.js HTTP/1.1" 200 1769 "http://spreadinindia.markall.in/" "Mozilla/5.0 (Windows NT 6.1; Win64; x64) AppleWebKit/537.36 (KHTML, like Gecko) Chrome/83.0.4103.61 Safari/537.36"
205.169.39.250 - - [25/Sep/2024:00:39:52 +0000] "GET /js/revolution/extensions/revolution.extension.navigation.min.js HTTP/1.1" 200 7035 "http://spreadinindia.markall.in/" "Mozilla/5.0 (Windows NT 6.1; Win64; x64) AppleWebKit/537.36 (KHTML, like Gecko) Chrome/83.0.4103.61 Safari/537.36"
205.169.39.250 - - [25/Sep/2024:00:39:52 +0000] "GET /js/revolution/extensions/revolution.extension.parallax.min.js HTTP/1.1" 200 3164 "http://spreadinindia.markall.in/" "Mozilla/5.0 (Windows NT 6.1; Win64; x64) AppleWebKit/537.36 (KHTML, like Gecko) Chrome/83.0.4103.61 Safari/537.36"
205.169.39.250 - - [25/Sep/2024:00:39:52 +0000] "GET /js/revolution/extensions/revolution.extension.slideanims.min.js HTTP/1.1" 200 6811 "http://spreadinindia.markall.in/" "Mozilla/5.0 (Windows NT 6.1; Win64; x64) AppleWebKit/537.36 (KHTML, like Gecko) Chrome/83.0.4103.61 Safari/537.36"
195.211.77.140 - - [25/Sep/2024:00:39:53 +0000] "HEAD / HTTP/1.1" 200 0 "-" "Mozilla/5.0 (Windows NT 10.0; Win64; x64) AppleWebKit/537.36 (KHTML, like Gecko) Chrome/108.0.0.0 Safari/537.36"
205.169.39.250 - - [25/Sep/2024:00:39:53 +0000] "GET /js/revolution/extensions/revolution.extension.video.min.js HTTP/1.1" 200 6435 "http://spreadinindia.markall.in/" "Mozilla/5.0 (Windows NT 6.1; Win64; x64) AppleWebKit/537.36 (KHTML, like Gecko) Chrome/83.0.4103.61 Safari/537.36"
205.169.39.250 - - [25/Sep/2024:00:39:53 +0000] "GET /js/functions.js HTTP/1.1" 200 5439 "http://spreadinindia.markall.in/" "Mozilla/5.0 (Windows NT 6.1; Win64; x64) AppleWebKit/537.36 (KHTML, like Gecko) Chrome/83.0.4103.61 Safari/537.36"
195.211.77.142 - - [25/Sep/2024:00:40:04 +0000] "GET / HTTP/1.1" 200 3888 "-" "Mozilla/5.0 (Windows NT 10.0; Win64; x64) AppleWebKit/537.36 (KHTML, like Gecko) Chrome/108.0.0.0 Safari/537.36"
205.169.39.250 - - [25/Sep/2024:00:40:10 +0000] "GET / HTTP/1.1" 200 3888 "-" "Mozilla/5.0 (Windows NT 10.0; Win64; x64) AppleWebKit/537.36 (KHTML, like Gecko) Chrome/79.0.3945.79 Safari/537.36"
205.169.39.250 - - [25/Sep/2024:00:40:11 +0000] "GET /css/site.css HTTP/1.1" 200 277 "http://spreadinindia.markall.in/" "Mozilla/5.0 (Windows NT 10.0; Win64; x64) AppleWebKit/537.36 (KHTML, like Gecko) Chrome/79.0.3945.79 Safari/537.36"
205.169.39.250 - - [25/Sep/2024:00:40:11 +0000] "GET /css/style.css HTTP/1.1" 200 20854 "http://spreadinindia.markall.in/" "Mozilla/5.0 (Windows NT 10.0; Win64; x64) AppleWebKit/537.36 (KHTML, like Gecko) Chrome/79.0.3945.79 Safari/537.36"
205.169.39.250 - - [25/Sep/2024:00:40:11 +0000] "GET /css/typo1.css HTTP/1.1" 200 280 "http://spreadinindia.markall.in/" "Mozilla/5.0 (Windows NT 10.0; Win64; x64) AppleWebKit/537.36 (KHTML, like Gecko) Chrome/79.0.3945.79 Safari/537.36"
205.169.39.250 - - [25/Sep/2024:00:40:11 +0000] "GET /css/bootstrap.min.css HTTP/1.1" 200 19757 "http://spreadinindia.markall.in/css/site.css" "Mozilla/5.0 (Windows NT 10.0; Win64; x64) AppleWebKit/537.36 (KHTML, like Gecko) Chrome/79.0.3945.79 Safari/537.36"
205.169.39.250 - - [25/Sep/2024:00:40:11 +0000] "GET /css/font-awesome.min.css HTTP/1.1" 200 7166 "http://spreadinindia.markall.in/css/site.css" "Mozilla/5.0 (Windows NT 10.0; Win64; x64) AppleWebKit/537.36 (KHTML, like Gecko) Chrome/79.0.3945.79 Safari/537.36"
205.169.39.250 - - [25/Sep/2024:00:40:11 +0000] "GET /css/animate.min.css HTTP/1.1" 200 6083 "http://spreadinindia.markall.in/css/site.css" "Mozilla/5.0 (Windows NT 10.0; Win64; x64) AppleWebKit/537.36 (KHTML, like Gecko) Chrome/79.0.3945.79 Safari/537.36"
205.169.39.250 - - [25/Sep/2024:00:40:11 +0000] "GET /css/swiper.min.css HTTP/1.1" 200 2901 "http://spreadinindia.markall.in/css/site.css" "Mozilla/5.0 (Windows NT 10.0; Win64; x64) AppleWebKit/537.36 (KHTML, like Gecko) Chrome/79.0.3945.79 Safari/537.36"
205.169.39.250 - - [25/Sep/2024:00:40:11 +0000] "GET /css/settings.css HTTP/1.1" 200 7572 "http://spreadinindia.markall.in/css/site.css" "Mozilla/5.0 (Windows NT 10.0; Win64; x64) AppleWebKit/537.36 (KHTML, like Gecko) Chrome/79.0.3945.79 Safari/537.36"
205.169.39.250 - - [25/Sep/2024:00:40:11 +0000] "GET /css/owl.carousel.min.css HTTP/1.1" 200 929 "http://spreadinindia.markall.in/css/site.css" "Mozilla/5.0 (Windows NT 10.0; Win64; x64) AppleWebKit/537.36 (KHTML, like Gecko) Chrome/79.0.3945.79 Safari/537.36"
205.169.39.250 - - [25/Sep/2024:00:40:12 +0000] "GET /css/dscountdown.css HTTP/1.1" 200 1559 "http://spreadinindia.markall.in/css/site.css" "Mozilla/5.0 (Windows NT 10.0; Win64; x64) AppleWebKit/537.36 (KHTML, like Gecko) Chrome/79.0.3945.79 Safari/537.36"
205.169.39.250 - - [25/Sep/2024:00:40:12 +0000] "GET /css/jquery.fancybox.min.css HTTP/1.1" 200 2978 "http://spreadinindia.markall.in/css/site.css" "Mozilla/5.0 (Windows NT 10.0; Win64; x64) AppleWebKit/537.36 (KHTML, like Gecko) Chrome/79.0.3945.79 Safari/537.36"
205.169.39.250 - - [25/Sep/2024:00:40:12 +0000] "GET /css/simplebar.css HTTP/1.1" 200 538 "http://spreadinindia.markall.in/css/site.css" "Mozilla/5.0 (Windows NT 10.0; Win64; x64) AppleWebKit/537.36 (KHTML, like Gecko) Chrome/79.0.3945.79 Safari/537.36"
205.169.39.250 - - [25/Sep/2024:00:40:12 +0000] "GET /css/cubeportfolio.min.css HTTP/1.1" 200 13446 "http://spreadinindia.markall.in/css/site.css" "Mozilla/5.0 (Windows NT 10.0; Win64; x64) AppleWebKit/537.36 (KHTML, like Gecko) Chrome/79.0.3945.79 Safari/537.36"
205.169.39.250 - - [25/Sep/2024:00:40:12 +0000] "GET /css/jquery.mb.YTPlayer.min.css HTTP/1.1" 200 5110 "http://spreadinindia.markall.in/css/site.css" "Mozilla/5.0 (Windows NT 10.0; Win64; x64) AppleWebKit/537.36 (KHTML, like Gecko) Chrome/79.0.3945.79 Safari/537.36"
205.169.39.250 - - [25/Sep/2024:00:40:12 +0000] "GET /js/jquery.appear.js HTTP/1.1" 200 1318 "http://spreadinindia.markall.in/" "Mozilla/5.0 (Windows NT 10.0; Win64; x64) AppleWebKit/537.36 (KHTML, like Gecko) Chrome/79.0.3945.79 Safari/537.36"
205.169.39.250 - - [25/Sep/2024:00:40:12 +0000] "GET /js/bootstrap.min.js HTTP/1.1" 200 9850 "http://spreadinindia.markall.in/" "Mozilla/5.0 (Windows NT 10.0; Win64; x64) AppleWebKit/537.36 (KHTML, like Gecko) Chrome/79.0.3945.79 Safari/537.36"
205.169.39.250 - - [25/Sep/2024:00:40:12 +0000] "GET /js/owl.carousel.min.js HTTP/1.1" 200 10946 "http://spreadinindia.markall.in/" "Mozilla/5.0 (Windows NT 10.0; Win64; x64) AppleWebKit/537.36 (KHTML, like Gecko) Chrome/79.0.3945.79 Safari/537.36"
205.169.39.250 - - [25/Sep/2024:00:40:12 +0000] "GET /js/swiper.jquery.min.js HTTP/1.1" 200 23614 "http://spreadinindia.markall.in/" "Mozilla/5.0 (Windows NT 10.0; Win64; x64) AppleWebKit/537.36 (KHTML, like Gecko) Chrome/79.0.3945.79 Safari/537.36"
205.169.39.250 - - [25/Sep/2024:00:40:12 +0000] "GET /js/jquery.matchHeight-min.js HTTP/1.1" 200 1401 "http://spreadinindia.markall.in/" "Mozilla/5.0 (Windows NT 10.0; Win64; x64) AppleWebKit/537.36 (KHTML, like Gecko) Chrome/79.0.3945.79 Safari/537.36"
205.169.39.250 - - [25/Sep/2024:00:40:12 +0000] "GET /js/jquery-countTo.js HTTP/1.1" 200 1009 "http://spreadinindia.markall.in/" "Mozilla/5.0 (Windows NT 10.0; Win64; x64) AppleWebKit/537.36 (KHTML, like Gecko) Chrome/79.0.3945.79 Safari/537.36"
205.169.39.250 - - [25/Sep/2024:00:40:12 +0000] "GET /images/logo.png HTTP/1.1" 200 20129 "http://spreadinindia.markall.in/" "Mozilla/5.0 (Windows NT 10.0; Win64; x64) AppleWebKit/537.36 (KHTML, like Gecko) Chrome/79.0.3945.79 Safari/537.36"
205.169.39.250 - - [25/Sep/2024:00:40:13 +0000] "GET /galleryimg/3725d1ab87b032b284a0adda46bbcacf.jpg HTTP/1.1" 200 92905 "http://spreadinindia.markall.in/" "Mozilla/5.0 (Windows NT 10.0; Win64; x64) AppleWebKit/537.36 (KHTML, like Gecko) Chrome/79.0.3945.79 Safari/537.36"
205.169.39.250 - - [25/Sep/2024:00:40:13 +0000] "GET /fonts/fontawesome-webfont.woff2?v=4.7.0 HTTP/1.1" 200 77160 "http://spreadinindia.markall.in/css/font-awesome.min.css" "Mozilla/5.0 (Windows NT 10.0; Win64; x64) AppleWebKit/537.36 (KHTML, like Gecko) Chrome/79.0.3945.79 Safari/537.36"
205.169.39.250 - - [25/Sep/2024:00:40:13 +0000] "GET /js/parallaxie.js HTTP/1.1" 200 691 "http://spreadinindia.markall.in/" "Mozilla/5.0 (Windows NT 10.0; Win64; x64) AppleWebKit/537.36 (KHTML, like Gecko) Chrome/79.0.3945.79 Safari/537.36"
205.169.39.250 - - [25/Sep/2024:00:40:13 +0000] "GET /js/dscountdown.min.js HTTP/1.1" 200 955 "http://spreadinindia.markall.in/" "Mozilla/5.0 (Windows NT 10.0; Win64; x64) AppleWebKit/537.36 (KHTML, like Gecko) Chrome/79.0.3945.79 Safari/537.36"
205.169.39.250 - - [25/Sep/2024:00:40:13 +0000] "GET /js/jquery.fancybox.min.js HTTP/1.1" 200 18803 "http://spreadinindia.markall.in/" "Mozilla/5.0 (Windows NT 10.0; Win64; x64) AppleWebKit/537.36 (KHTML, like Gecko) Chrome/79.0.3945.79 Safari/537.36"
205.169.39.250 - - [25/Sep/2024:00:40:13 +0000] "GET /js/circle-progress.min.js HTTP/1.1" 200 1878 "http://spreadinindia.markall.in/" "Mozilla/5.0 (Windows NT 10.0; Win64; x64) AppleWebKit/537.36 (KHTML, like Gecko) Chrome/79.0.3945.79 Safari/537.36"
205.169.39.250 - - [25/Sep/2024:00:40:13 +0000] "GET /js/jquery.cubeportfolio.min.js HTTP/1.1" 200 18662 "http://spreadinindia.markall.in/" "Mozilla/5.0 (Windows NT 10.0; Win64; x64) AppleWebKit/537.36 (KHTML, like Gecko) Chrome/79.0.3945.79 Safari/537.36"
205.169.39.250 - - [25/Sep/2024:00:40:14 +0000] "GET /js/simplebar.js HTTP/1.1" 200 27275 "http://spreadinindia.markall.in/" "Mozilla/5.0 (Windows NT 10.0; Win64; x64) AppleWebKit/537.36 (KHTML, like Gecko) Chrome/79.0.3945.79 Safari/537.36"
205.169.39.250 - - [25/Sep/2024:00:40:14 +0000] "GET /js/viedobox_video.js HTTP/1.1" 200 10961 "http://spreadinindia.markall.in/" "Mozilla/5.0 (Windows NT 10.0; Win64; x64) AppleWebKit/537.36 (KHTML, like Gecko) Chrome/79.0.3945.79 Safari/537.36"
205.169.39.250 - - [25/Sep/2024:00:40:14 +0000] "GET /js/jquery.mb.YTPlayer.min.js HTTP/1.1" 200 13534 "http://spreadinindia.markall.in/" "Mozilla/5.0 (Windows NT 10.0; Win64; x64) AppleWebKit/537.36 (KHTML, like Gecko) Chrome/79.0.3945.79 Safari/537.36"
205.169.39.250 - - [25/Sep/2024:00:40:14 +0000] "GET /js/wow.min.js HTTP/1.1" 200 2756 "http://spreadinindia.markall.in/" "Mozilla/5.0 (Windows NT 10.0; Win64; x64) AppleWebKit/537.36 (KHTML, like Gecko) Chrome/79.0.3945.79 Safari/537.36"
205.169.39.250 - - [25/Sep/2024:00:40:14 +0000] "GET /js/revolution/jquery.themepunch.tools.min.js HTTP/1.1" 200 37375 "http://spreadinindia.markall.in/" "Mozilla/5.0 (Windows NT 10.0; Win64; x64) AppleWebKit/537.36 (KHTML, like Gecko) Chrome/79.0.3945.79 Safari/537.36"
205.169.39.250 - - [25/Sep/2024:00:40:15 +0000] "GET /js/revolution/extensions/revolution.extension.actions.min.js HTTP/1.1" 200 2706 "http://spreadinindia.markall.in/" "Mozilla/5.0 (Windows NT 10.0; Win64; x64) AppleWebKit/537.36 (KHTML, like Gecko) Chrome/79.0.3945.79 Safari/537.36"
205.169.39.250 - - [25/Sep/2024:00:40:15 +0000] "GET /js/revolution/jquery.themepunch.revolution.min.js HTTP/1.1" 200 17568 "http://spreadinindia.markall.in/" "Mozilla/5.0 (Windows NT 10.0; Win64; x64) AppleWebKit/537.36 (KHTML, like Gecko) Chrome/79.0.3945.79 Safari/537.36"
205.169.39.250 - - [25/Sep/2024:00:40:15 +0000] "GET /js/revolution/extensions/revolution.extension.carousel.min.js HTTP/1.1" 200 2612 "http://spreadinindia.markall.in/" "Mozilla/5.0 (Windows NT 10.0; Win64; x64) AppleWebKit/537.36 (KHTML, like Gecko) Chrome/79.0.3945.79 Safari/537.36"
