196.244.192.14 - - [12/Apr/2024:18:53:21 +0000] "GET /contents.php?url=Privacy-Policy%27%2F%2A%2A%2FAnd%2F%2A%2A%2FOrD%28mID%28%28sElecT%2F%2A%2A%2FIFNuLL%28CAst%28cOuNt%28%2A%29%2F%2A%2A%2FAs%2F%2A%2A%2FchAr%29%2C0x20%29%2F%2A%2A%2FfROM%2F%2A%2A%2Ftripperh_tripper.trainenq%29%2C2%2C1%29%29%2F%2A%2A%2FnOt%2F%2A%2A%2FbetWeeN%2F%2A%2A%2F0%2F%2A%2A%2FAnd%2F%2A%2A%2F9%2F%2A%2A%2FAnd%2F%2A%2A%2F%27pzHJ%27%3D%27pzHJ HTTP/1.1" 200 5993 "http://www.tripperhub.com/contents.php" "Mozilla/5.0 (Macintosh; U; Intel Mac OS X 10_5_8; fi-fi) AppleWebKit/531.9 (KHTML, like Gecko) Version/4.0.3 Safari/531.9"
130.185.85.106 - - [12/Apr/2024:19:17:27 +0000] "GET / HTTP/1.0" 200 58593 "http://tripperhub.com/" "Mozilla/5.0 (Windows NT 6.1; Win64; x64) AppleWebKit/537.36 (KHTML, like Gecko) Chrome/103.0.5060.66 Safari/537.36"
130.185.85.106 - - [12/Apr/2024:19:17:29 +0000] "POST /index.php HTTP/1.0" 200 58593 "http://tripperhub.com/" "Mozilla/5.0 (Windows NT 6.1; Win64; x64) AppleWebKit/537.36 (KHTML, like Gecko) Chrome/103.0.5060.66 Safari/537.36"
114.119.136.150 - - [12/Apr/2024:19:22:47 +0000] "GET /package-details.php?url=PattayaEasy HTTP/1.1" 200 9629 "http://www.tripperhub.com/packages.php?url=Malaysia" "Mozilla/5.0 (Linux; Android 7.0;) AppleWebKit/537.36 (KHTML, like Gecko) Mobile Safari/537.36 (compatible; PetalBot;+https://webmaster.petalsearch.com/site/petalbot)"
52.167.144.228 - - [12/Apr/2024:19:35:31 +0000] "GET /shimlakullumanalivolvo.html HTTP/1.1" 200 9621 "-" "Mozilla/5.0 AppleWebKit/537.36 (KHTML, like Gecko; compatible; bingbot/2.0; +http://www.bing.com/bingbot.htm) Chrome/116.0.1938.76 Safari/537.36"
40.77.167.32 - - [12/Apr/2024:20:02:51 +0000] "GET /tours/Malaysia.html HTTP/1.1" 200 6568 "-" "Mozilla/5.0 AppleWebKit/537.36 (KHTML, like Gecko; compatible; bingbot/2.0; +http://www.bing.com/bingbot.htm) Chrome/116.0.1938.76 Safari/537.36"
40.77.167.71 - - [12/Apr/2024:20:03:10 +0000] "GET /js/main.js HTTP/1.1" 200 2521 "-" "Mozilla/5.0 AppleWebKit/537.36 (KHTML, like Gecko; compatible; bingbot/2.0; +http://www.bing.com/bingbot.htm) Chrome/116.0.1938.76 Safari/537.36"
52.167.144.235 - - [12/Apr/2024:20:03:11 +0000] "GET /js/jquery-3.2.1.min.js HTTP/1.1" 200 29561 "-" "Mozilla/5.0 AppleWebKit/537.36 (KHTML, like Gecko; compatible; bingbot/2.0; +http://www.bing.com/bingbot.htm) Chrome/116.0.1938.76 Safari/537.36"
40.77.167.71 - - [12/Apr/2024:20:03:11 +0000] "GET /js/plugin.js HTTP/1.1" 200 121606 "-" "Mozilla/5.0 AppleWebKit/537.36 (KHTML, like Gecko; compatible; bingbot/2.0; +http://www.bing.com/bingbot.htm) Chrome/116.0.1938.76 Safari/537.36"
40.77.167.71 - - [12/Apr/2024:20:03:12 +0000] "GET /js/preloader.js HTTP/1.1" 200 310 "-" "Mozilla/5.0 AppleWebKit/537.36 (KHTML, like Gecko; compatible; bingbot/2.0; +http://www.bing.com/bingbot.htm) Chrome/116.0.1938.76 Safari/537.36"
40.77.167.71 - - [12/Apr/2024:20:03:12 +0000] "GET /tours/google-captcha/component/jquery/jquery-3.2.1.min.js HTTP/1.1" 404 9342 "-" "Mozilla/5.0 AppleWebKit/537.36 (KHTML, like Gecko; compatible; bingbot/2.0; +http://www.bing.com/bingbot.htm) Chrome/116.0.1938.76 Safari/537.36"
40.77.167.32 - - [12/Apr/2024:20:03:15 +0000] "GET /js/bootstrap.min.js HTTP/1.1" 200 9854 "-" "Mozilla/5.0 AppleWebKit/537.36 (KHTML, like Gecko; compatible; bingbot/2.0; +http://www.bing.com/bingbot.htm) Chrome/116.0.1938.76 Safari/537.36"
91.148.127.157 - - [12/Apr/2024:20:19:12 +0000] "GET // HTTP/1.0" 200 58593 "http://tripperhub.com/" "Mozilla/5.0 (Windows NT 10.0; WOW64) AppleWebKit/537.36 (KHTML, like Gecko) Chrome/103.0.5060.114 Safari/537.36"
91.148.127.157 - - [12/Apr/2024:20:19:13 +0000] "POST //index.php HTTP/1.0" 200 58593 "http://tripperhub.com/" "Mozilla/5.0 (Windows NT 10.0; WOW64) AppleWebKit/537.36 (KHTML, like Gecko) Chrome/103.0.5060.114 Safari/537.36"
91.148.127.157 - - [12/Apr/2024:20:19:14 +0000] "GET // HTTP/1.0" 200 58593 "http://tripperhub.com/" "Mozilla/5.0 (Windows NT 10.0; WOW64) AppleWebKit/537.36 (KHTML, like Gecko) Chrome/103.0.5060.114 Safari/537.36"
34.148.85.121 - - [12/Apr/2024:20:36:00 +0000] "GET /robots.txt HTTP/1.0" 404 58593 "-" "ZoominfoBot (zoominfobot at zoominfo dot com)"
34.148.85.121 - - [12/Apr/2024:20:36:01 +0000] "GET / HTTP/1.0" 200 58593 "-" "ZoominfoBot (zoominfobot at zoominfo dot com)"
34.148.85.121 - - [12/Apr/2024:20:38:13 +0000] "GET /robots.txt HTTP/1.0" 404 58593 "-" "ZoominfoBot (zoominfobot at zoominfo dot com)"
34.148.85.121 - - [12/Apr/2024:20:38:15 +0000] "GET / HTTP/1.0" 200 58593 "-" "ZoominfoBot (zoominfobot at zoominfo dot com)"
114.119.141.83 - - [12/Apr/2024:20:50:30 +0000] "GET /packages.php?url=Kashmir HTTP/1.1" 200 6973 "https://tripperhub.com/package-details.php?url=KASHMIRHOUSEBOATTOURWITHPAHALGAM" "Mozilla/5.0 (Linux; Android 7.0;) AppleWebKit/537.36 (KHTML, like Gecko) Mobile Safari/537.36 (compatible; PetalBot;+https://webmaster.petalsearch.com/site/petalbot)"
194.49.68.37 - - [12/Apr/2024:20:59:41 +0000] "GET / HTTP/1.0" 200 58593 "http://tripperhub.com/" "Mozilla/5.0 (Windows NT 10.0; Win64; x64) AppleWebKit/537.36 (KHTML, like Gecko) Chrome/120.0.6099.71 Safari/537.36"
194.49.68.37 - - [12/Apr/2024:20:59:43 +0000] "POST /index.php HTTP/1.0" 200 58593 "http://tripperhub.com/" "Mozilla/5.0 (Windows NT 10.0; Win64; x64) AppleWebKit/537.36 (KHTML, like Gecko) Chrome/120.0.6099.71 Safari/537.36"
172.111.131.44 - - [12/Apr/2024:21:02:59 +0000] "GET / HTTP/1.0" 200 58593 "http://tripperhub.com/" "Mozilla/5.0 (Windows NT 6.3; Win64; x64) AppleWebKit/537.36 (KHTML, like Gecko) Chrome/103.0.5060.53 Safari/537.36"
172.111.131.44 - - [12/Apr/2024:21:03:00 +0000] "POST /index.php HTTP/1.0" 200 58593 "http://tripperhub.com/" "Mozilla/5.0 (Windows NT 6.3; Win64; x64) AppleWebKit/537.36 (KHTML, like Gecko) Chrome/103.0.5060.53 Safari/537.36"
35.185.91.175 - - [12/Apr/2024:21:04:34 +0000] "GET /robots.txt HTTP/1.0" 404 58593 "-" "ZoominfoBot (zoominfobot at zoominfo dot com)"
35.185.91.175 - - [12/Apr/2024:21:04:35 +0000] "GET / HTTP/1.0" 200 58593 "-" "ZoominfoBot (zoominfobot at zoominfo dot com)"
35.185.91.175 - - [12/Apr/2024:21:06:54 +0000] "GET /robots.txt HTTP/1.0" 404 58593 "-" "ZoominfoBot (zoominfobot at zoominfo dot com)"
35.185.91.175 - - [12/Apr/2024:21:06:56 +0000] "GET / HTTP/1.0" 200 58593 "-" "ZoominfoBot (zoominfobot at zoominfo dot com)"
104.196.39.78 - - [12/Apr/2024:21:24:08 +0000] "GET /robots.txt HTTP/1.0" 404 58593 "-" "ZoominfoBot (zoominfobot at zoominfo dot com)"
104.196.39.78 - - [12/Apr/2024:21:24:09 +0000] "GET /BESTOFINDIANBEACHESTOUR.html HTTP/1.0" 200 96839 "-" "ZoominfoBot (zoominfobot at zoominfo dot com)"
104.196.39.78 - - [12/Apr/2024:21:27:06 +0000] "GET /contents.php?url=Disclaimer HTTP/1.0" 200 37594 "-" "ZoominfoBot (zoominfobot at zoominfo dot com)"
114.119.135.207 - - [12/Apr/2024:21:29:10 +0000] "GET /package-details.php?url=KULLUMANALIVOLVOTOUR HTTP/1.1" 200 9577 "http://www.tripperhub.com/packages.php?url=Malaysia" "Mozilla/5.0 (Linux; Android 7.0;) AppleWebKit/537.36 (KHTML, like Gecko) Mobile Safari/537.36 (compatible; PetalBot;+https://webmaster.petalsearch.com/site/petalbot)"
104.196.39.78 - - [12/Apr/2024:21:52:02 +0000] "GET /contents.php?url=Privacy-Policy HTTP/1.0" 200 45134 "-" "ZoominfoBot (zoominfobot at zoominfo dot com)"
114.119.148.10 - - [12/Apr/2024:21:54:30 +0000] "GET /galleryimg/2817897RT42.jpg HTTP/1.1" 404 9301 "http://www.tripperhub.com/packages.php?url=Rajasthan" "Mozilla/5.0 (Linux; Android 7.0;) AppleWebKit/537.36 (KHTML, like Gecko) Mobile Safari/537.36 (compatible; PetalBot;+https://webmaster.petalsearch.com/site/petalbot)"
35.229.33.83 - - [12/Apr/2024:21:56:08 +0000] "GET /robots.txt HTTP/1.0" 404 58593 "-" "ZoominfoBot (zoominfobot at zoominfo dot com)"
35.229.33.83 - - [12/Apr/2024:21:56:09 +0000] "GET /BESTOFINDIANBEACHESTOUR.html HTTP/1.0" 200 96839 "-" "ZoominfoBot (zoominfobot at zoominfo dot com)"
35.229.33.83 - - [12/Apr/2024:21:58:38 +0000] "GET /contents.php?url=Disclaimer HTTP/1.0" 200 37594 "-" "ZoominfoBot (zoominfobot at zoominfo dot com)"
35.196.40.229 - - [12/Apr/2024:22:02:18 +0000] "GET /robots.txt HTTP/1.0" 404 58593 "-" "ZoominfoBot (zoominfobot at zoominfo dot com)"
35.196.40.229 - - [12/Apr/2024:22:02:19 +0000] "GET /BESTOFINDIANBEACHESTOUR.html HTTP/1.0" 200 96839 "-" "ZoominfoBot (zoominfobot at zoominfo dot com)"
35.196.40.229 - - [12/Apr/2024:22:03:01 +0000] "GET /KASHMIRHOUSEBOATTOURWITHGULMARG.html HTTP/1.0" 200 76659 "-" "ZoominfoBot (zoominfobot at zoominfo dot com)"
35.196.40.229 - - [12/Apr/2024:22:07:16 +0000] "GET /robots.txt HTTP/1.0" 404 58593 "-" "ZoominfoBot (zoominfobot at zoominfo dot com)"
35.196.40.229 - - [12/Apr/2024:22:07:16 +0000] "GET /google-captcha/contact.php HTTP/1.0" 200 0 "-" "ZoominfoBot (zoominfobot at zoominfo dot com)"
35.196.40.229 - - [12/Apr/2024:22:09:05 +0000] "GET /KASHMIRHOUSEBOATPACKAGEWITHSONMARG.html HTTP/1.0" 200 76902 "-" "ZoominfoBot (zoominfobot at zoominfo dot com)"
35.196.40.229 - - [12/Apr/2024:22:10:14 +0000] "GET /BESTOFKERALAHONEYMOONTOUR.html HTTP/1.0" 200 85416 "-" "ZoominfoBot (zoominfobot at zoominfo dot com)"
35.196.40.229 - - [12/Apr/2024:22:12:27 +0000] "GET /KASHMIRHOUSEBOATTOURWITHSONMARGANDPAHALGAM.html HTTP/1.0" 200 81672 "-" "ZoominfoBot (zoominfobot at zoominfo dot com)"
35.196.40.229 - - [12/Apr/2024:22:12:35 +0000] "GET /ROMANTICGETAWAYTOKASHMIR.html HTTP/1.0" 200 72422 "-" "ZoominfoBot (zoominfobot at zoominfo dot com)"
35.196.40.229 - - [12/Apr/2024:22:12:56 +0000] "GET /booking.php HTTP/1.0" 200 41157 "-" "ZoominfoBot (zoominfobot at zoominfo dot com)"
101.44.250.24 - - [12/Apr/2024:22:15:35 +0000] "GET /JAIPURRANTHAMBOREWEEKENDTOUR.html HTTP/1.1" 200 8891 "http://tripperhub.com/JAIPURRANTHAMBOREWEEKENDTOUR.html" "Mozilla/5.0 (Macintosh; Intel Mac OS X 10_15_7) AppleWebKit/537.36 (KHTML, like Gecko) Chrome/114.0.0.0 Safari/537.36"
35.196.40.229 - - [12/Apr/2024:22:19:28 +0000] "GET /SHIMLAKULLUMANALIVOLVO.html HTTP/1.0" 200 71203 "-" "ZoominfoBot (zoominfobot at zoominfo dot com)"
35.196.40.229 - - [12/Apr/2024:22:20:43 +0000] "GET /contents.php?url=About-Us HTTP/1.0" 200 44972 "-" "ZoominfoBot (zoominfobot at zoominfo dot com)"
35.229.33.83 - - [12/Apr/2024:22:22:10 +0000] "GET /contents.php?url=Privacy-Policy HTTP/1.0" 200 45134 "-" "ZoominfoBot (zoominfobot at zoominfo dot com)"
35.196.40.229 - - [12/Apr/2024:22:25:52 +0000] "GET /MANALIHONEYMOONVOLVOTOUR.html HTTP/1.0" 200 68749 "-" "ZoominfoBot (zoominfobot at zoominfo dot com)"
35.196.40.229 - - [12/Apr/2024:22:26:39 +0000] "GET /HIMACHALWITHGOLDENTEMPLE.html HTTP/1.0" 200 86939 "-" "ZoominfoBot (zoominfobot at zoominfo dot com)"
35.196.40.229 - - [12/Apr/2024:22:26:45 +0000] "GET /SHIMLAMANALIHONEYMOONTOUR.html HTTP/1.0" 200 71742 "-" "ZoominfoBot (zoominfobot at zoominfo dot com)"
35.196.40.229 - - [12/Apr/2024:22:27:15 +0000] "GET / HTTP/1.0" 200 58593 "-" "ZoominfoBot (zoominfobot at zoominfo dot com)"
35.196.40.229 - - [12/Apr/2024:22:27:24 +0000] "GET /KASHMIRHOUSEBOATTOURWITHGULMARGANDPAHALGAM.html HTTP/1.0" 200 80338 "-" "ZoominfoBot (zoominfobot at zoominfo dot com)"
35.196.40.229 - - [12/Apr/2024:22:27:45 +0000] "GET /SHIMLAVOLVOTOURPACKAGE.html HTTP/1.0" 200 52399 "-" "ZoominfoBot (zoominfobot at zoominfo dot com)"
35.196.40.229 - - [12/Apr/2024:22:30:58 +0000] "GET /GOLDENTRIANGLEWITHGOATOUR.html HTTP/1.0" 200 97227 "-" "ZoominfoBot (zoominfobot at zoominfo dot com)"
35.196.40.229 - - [12/Apr/2024:22:34:49 +0000] "GET /ALLEPPEYHONEYMOONTOUR.html HTTP/1.0" 200 74083 "-" "ZoominfoBot (zoominfobot at zoominfo dot com)"
35.196.40.229 - - [12/Apr/2024:22:34:51 +0000] "GET /HIMACHALHONEYMOONPACKAGE.html HTTP/1.0" 200 77088 "-" "ZoominfoBot (zoominfobot at zoominfo dot com)"
35.196.40.229 - - [12/Apr/2024:22:35:27 +0000] "GET /JEWELLSOFKASHMIR.html HTTP/1.0" 200 73571 "-" "ZoominfoBot (zoominfobot at zoominfo dot com)"
35.196.40.229 - - [12/Apr/2024:22:37:13 +0000] "GET /tours/Kashmir.html HTTP/1.0" 200 60338 "-" "ZoominfoBot (zoominfobot at zoominfo dot com)"
35.196.40.229 - - [12/Apr/2024:22:37:16 +0000] "GET /KOVALAMMUNNARHONEYMOONTOUR.html HTTP/1.0" 200 86503 "-" "ZoominfoBot (zoominfobot at zoominfo dot com)"
35.196.40.229 - - [12/Apr/2024:22:38:30 +0000] "GET /contact-us.php HTTP/1.0" 200 42618 "-" "ZoominfoBot (zoominfobot at zoominfo dot com)"
35.196.40.229 - - [12/Apr/2024:22:39:19 +0000] "GET /tours/HimachalPradesh.html HTTP/1.0" 200 57092 "-" "ZoominfoBot (zoominfobot at zoominfo dot com)"
35.196.40.229 - - [12/Apr/2024:22:43:48 +0000] "GET /SHIMLAMANALIWITHCHANDIGARH.html HTTP/1.0" 200 60296 "-" "ZoominfoBot (zoominfobot at zoominfo dot com)"
35.196.40.229 - - [12/Apr/2024:22:43:49 +0000] "GET /ATHIRAPALLYHONEYMOONTOUR.html HTTP/1.0" 200 75307 "-" "ZoominfoBot (zoominfobot at zoominfo dot com)"
35.196.40.229 - - [12/Apr/2024:22:44:54 +0000] "GET /GOLDENBEACHESOFGOATOUR.html HTTP/1.0" 200 79851 "-" "ZoominfoBot (zoominfobot at zoominfo dot com)"
35.196.40.229 - - [12/Apr/2024:22:47:01 +0000] "GET /DHARAMSHALADALHOUSIEVOLVO.html HTTP/1.0" 200 70412 "-" "ZoominfoBot (zoominfobot at zoominfo dot com)"
66.249.79.97 - - [12/Apr/2024:22:48:06 +0000] "GET /ads.txt HTTP/1.1" 404 9299 "-" "Mozilla/5.0 (compatible; Googlebot/2.1; +http://www.google.com/bot.html)"
66.249.79.102 - - [12/Apr/2024:22:48:07 +0000] "GET /ads.txt HTTP/1.1" 404 9389 "-" "Mozilla/5.0 (compatible; Googlebot/2.1; +http://www.google.com/bot.html)"
35.196.40.229 - - [12/Apr/2024:22:49:57 +0000] "GET /MUMBAIGOABEACHESTOUR.html HTTP/1.0" 200 83884 "-" "ZoominfoBot (zoominfobot at zoominfo dot com)"
35.196.40.229 - - [12/Apr/2024:22:50:20 +0000] "GET /robots.txt HTTP/1.0" 404 58593 "-" "ZoominfoBot (zoominfobot at zoominfo dot com)"
35.196.40.229 - - [12/Apr/2024:22:50:22 +0000] "GET /google-captcha/contact.php HTTP/1.0" 200 0 "-" "ZoominfoBot (zoominfobot at zoominfo dot com)"
35.196.40.229 - - [12/Apr/2024:22:51:22 +0000] "GET /contents.php?url=Payment-Option HTTP/1.0" 200 37594 "-" "ZoominfoBot (zoominfobot at zoominfo dot com)"
114.119.141.83 - - [12/Apr/2024:22:52:35 +0000] "GET /package-details.php?url=MUMBAIGOABEACHESTOUR HTTP/1.1" 200 10186 "http://www.tripperhub.com/packages.php?url=Malaysia" "Mozilla/5.0 (Linux; Android 7.0;) AppleWebKit/537.36 (KHTML, like Gecko) Mobile Safari/537.36 (compatible; PetalBot;+https://webmaster.petalsearch.com/site/petalbot)"
35.196.40.229 - - [12/Apr/2024:22:58:34 +0000] "GET /MUNNARHONEYMOONTOUR.html HTTP/1.0" 200 75507 "-" "ZoominfoBot (zoominfobot at zoominfo dot com)"
40.77.167.32 - - [12/Apr/2024:23:00:49 +0000] "GET /galleryimg/4819343NE11.jpg HTTP/1.1" 404 9260 "-" "Mozilla/5.0 AppleWebKit/537.36 (KHTML, like Gecko; compatible; bingbot/2.0; +http://www.bing.com/bingbot.htm) Chrome/116.0.1938.76 Safari/537.36"
151.80.22.15 - - [12/Apr/2024:23:03:41 +0000] "GET /admin.php?520=1 HTTP/1.1" 404 58678 "tripperhub.com" "Mozilla/5.0#Boss# (Windows NT 10.0; Win64; x64) AppleWebKit/537.36 (KHTML, like Gecko) Chrome/121.0.0.0 Safari/537.36"
151.80.22.15 - - [12/Apr/2024:23:04:02 +0000] "GET /about.php?520=1 HTTP/1.1" 404 58678 "tripperhub.com" "Mozilla/5.0#Boss# (Windows NT 10.0; Win64; x64) AppleWebKit/537.36 (KHTML, like Gecko) Chrome/121.0.0.0 Safari/537.36"
35.196.40.229 - - [12/Apr/2024:23:04:05 +0000] "GET /tours/Kerala.html HTTP/1.0" 200 56990 "-" "ZoominfoBot (zoominfobot at zoominfo dot com)"
35.229.33.83 - - [12/Apr/2024:23:04:57 +0000] "GET /booking.php HTTP/1.0" 200 41157 "-" "ZoominfoBot (zoominfobot at zoominfo dot com)"
66.249.79.97 - - [12/Apr/2024:23:07:15 +0000] "GET / HTTP/1.1" 200 9342 "-" "Mozilla/5.0 (compatible; Googlebot/2.1; +http://www.google.com/bot.html)"
66.249.79.96 - - [12/Apr/2024:23:07:15 +0000] "GET /robots.txt HTTP/1.1" 404 9342 "-" "Mozilla/5.0 (compatible; Googlebot/2.1; +http://www.google.com/bot.html)"
35.196.40.229 - - [12/Apr/2024:23:07:29 +0000] "GET /KASHMIRHONEYMOONTOUR.html HTTP/1.0" 200 74958 "-" "ZoominfoBot (zoominfobot at zoominfo dot com)"
35.196.40.229 - - [12/Apr/2024:23:13:27 +0000] "GET /tours/Goa.html HTTP/1.0" 200 44079 "-" "ZoominfoBot (zoominfobot at zoominfo dot com)"
35.196.40.229 - - [12/Apr/2024:23:16:27 +0000] "GET /SHIMLAHONEYMOONBYCAR.html HTTP/1.0" 200 68863 "-" "ZoominfoBot (zoominfobot at zoominfo dot com)"
35.196.40.229 - - [12/Apr/2024:23:17:08 +0000] "GET /KOVALAMANDKANYAKUMARIHONEYMOONTOUR.html HTTP/1.0" 200 77221 "-" "ZoominfoBot (zoominfobot at zoominfo dot com)"
35.196.40.229 - - [12/Apr/2024:23:17:08 +0000] "GET /HOUSEBOATHONEYMOONTOUR.html HTTP/1.0" 200 72650 "-" "ZoominfoBot (zoominfobot at zoominfo dot com)"
35.196.40.229 - - [12/Apr/2024:23:17:14 +0000] "GET /VAGAMONHONEYMOONTOUR.html HTTP/1.0" 200 77588 "-" "ZoominfoBot (zoominfobot at zoominfo dot com)"
35.196.40.229 - - [12/Apr/2024:23:24:15 +0000] "GET /DELIGHTOFKASHMIR.html HTTP/1.0" 200 82148 "-" "ZoominfoBot (zoominfobot at zoominfo dot com)"
35.196.40.229 - - [12/Apr/2024:23:27:06 +0000] "GET /KOLLAMKOVALAMHONEYMOONTOUR.html HTTP/1.0" 200 78073 "-" "ZoominfoBot (zoominfobot at zoominfo dot com)"
35.196.40.229 - - [12/Apr/2024:23:27:08 +0000] "GET /BESTOFKASHMIRTOURPACKAGE.html HTTP/1.0" 200 75911 "-" "ZoominfoBot (zoominfobot at zoominfo dot com)"
35.196.40.229 - - [12/Apr/2024:23:28:00 +0000] "GET /KULLUMANALIVOLVOTOUR.html HTTP/1.0" 200 67529 "-" "ZoominfoBot (zoominfobot at zoominfo dot com)"
35.196.40.229 - - [12/Apr/2024:23:29:32 +0000] "GET /KASHMIRHOUSEBOATTOURWITHPAHALGAM.html HTTP/1.0" 200 76816 "-" "ZoominfoBot (zoominfobot at zoominfo dot com)"
35.196.40.229 - - [12/Apr/2024:23:29:32 +0000] "GET /KASHMIRHOUSEBOATTOURWITHGULMARGANDSONMARG.html HTTP/1.0" 200 72843 "-" "ZoominfoBot (zoominfobot at zoominfo dot com)"
35.196.40.229 - - [12/Apr/2024:23:31:39 +0000] "GET /himachal-packages/thank-you.php HTTP/1.0" 404 58593 "-" "ZoominfoBot (zoominfobot at zoominfo dot com)"
35.196.40.229 - - [12/Apr/2024:23:32:59 +0000] "GET /SHIMLAKULLUMANALICARTOUR.html HTTP/1.0" 200 68418 "-" "ZoominfoBot (zoominfobot at zoominfo dot com)"
35.229.33.83 - - [12/Apr/2024:23:33:33 +0000] "GET /contents.php?url=About-Us HTTP/1.0" 200 44972 "-" "ZoominfoBot (zoominfobot at zoominfo dot com)"
35.196.40.229 - - [12/Apr/2024:23:34:00 +0000] "GET /HIMACHALTOURPACKAGE.html HTTP/1.0" 200 76492 "-" "ZoominfoBot (zoominfobot at zoominfo dot com)"
35.196.40.229 - - [12/Apr/2024:23:34:03 +0000] "GET /MAGICALKASHMIR.html HTTP/1.0" 200 88400 "-" "ZoominfoBot (zoominfobot at zoominfo dot com)"
101.44.248.157 - - [12/Apr/2024:23:35:28 +0000] "GET /UDAIPURJAIPURTOUR5DAYS.html HTTP/1.1" 200 8814 "http://tripperhub.com/UDAIPURJAIPURTOUR5DAYS.html" "Mozilla/5.0 (Macintosh; Intel Mac OS X 10_15_7) AppleWebKit/537.36 (KHTML, like Gecko) Chrome/114.0.0.0 Safari/537.36"
34.75.120.163 - - [12/Apr/2024:23:42:42 +0000] "GET /robots.txt HTTP/1.0" 404 58593 "-" "ZoominfoBot (zoominfobot at zoominfo dot com)"
34.75.120.163 - - [12/Apr/2024:23:42:44 +0000] "GET /BESTOFINDIANBEACHESTOUR.html HTTP/1.0" 200 96839 "-" "ZoominfoBot (zoominfobot at zoominfo dot com)"
66.249.79.101 - - [12/Apr/2024:23:44:09 +0000] "GET /robots.txt HTTP/1.1" 404 9342 "-" "Mozilla/5.0 (compatible; Googlebot/2.1; +http://www.google.com/bot.html)"
66.249.79.101 - - [12/Apr/2024:23:44:10 +0000] "GET / HTTP/1.1" 200 9342 "-" "Mozilla/5.0 (compatible; Googlebot/2.1; +http://www.google.com/bot.html)"
34.75.120.163 - - [12/Apr/2024:23:45:30 +0000] "GET /contents.php?url=Disclaimer HTTP/1.0" 200 37594 "-" "ZoominfoBot (zoominfobot at zoominfo dot com)"
101.44.248.91 - - [12/Apr/2024:23:49:45 +0000] "GET /tours/Kerala.html HTTP/1.1" 200 6825 "http://tripperhub.com/tours/Kerala.html" "Mozilla/5.0 (Macintosh; Intel Mac OS X 10_15_7) AppleWebKit/537.36 (KHTML, like Gecko) Chrome/114.0.0.0 Safari/537.36"
104.196.178.59 - - [13/Apr/2024:00:08:11 +0000] "GET /robots.txt HTTP/1.0" 404 58593 "-" "ZoominfoBot (zoominfobot at zoominfo dot com)"
104.196.178.59 - - [13/Apr/2024:00:08:13 +0000] "GET /BESTOFINDIANBEACHESTOUR.html HTTP/1.0" 200 96839 "-" "ZoominfoBot (zoominfobot at zoominfo dot com)"
66.249.79.98 - - [13/Apr/2024:00:10:22 +0000] "GET / HTTP/1.1" 200 9389 "-" "Mozilla/5.0 (compatible; Googlebot/2.1; +http://www.google.com/bot.html)"
66.249.79.98 - - [13/Apr/2024:00:10:24 +0000] "GET /js/custom-countdown.js HTTP/1.1" 200 545 "http://tripperhub.com/" "Mozilla/5.0 AppleWebKit/537.36 (KHTML, like Gecko; compatible; Googlebot/2.1; +http://www.google.com/bot.html) Chrome/122.0.6261.94 Safari/537.36"
66.249.79.97 - - [13/Apr/2024:00:10:37 +0000] "GET /font/Flaticon.woff HTTP/1.1" 200 22356 "http://tripperhub.com/font/flaticon.css" "Mozilla/5.0 AppleWebKit/537.36 (KHTML, like Gecko; compatible; Googlebot/2.1; +http://www.google.com/bot.html) Chrome/122.0.6261.94 Safari/537.36"
104.196.178.59 - - [13/Apr/2024:00:11:03 +0000] "GET /contents.php?url=Disclaimer HTTP/1.0" 200 37594 "-" "ZoominfoBot (zoominfobot at zoominfo dot com)"
185.191.171.6 - - [13/Apr/2024:00:15:37 +0000] "GET /robots.txt HTTP/1.1" 404 9342 "-" "Mozilla/5.0 (compatible; SemrushBot/7~bl; +http://www.semrush.com/bot.html)"
185.191.171.8 - - [13/Apr/2024:00:15:39 +0000] "GET /booking.php?tourname=COLORS%20OF%20KERALA%20-HONEYMOON%20TOUR HTTP/1.1" 200 6736 "-" "Mozilla/5.0 (compatible; SemrushBot/7~bl; +http://www.semrush.com/bot.html)"
205.210.31.53 - - [13/Apr/2024:00:17:38 +0000] "GET / HTTP/1.1" 200 4980 "-" "-"
66.249.79.202 - - [13/Apr/2024:00:26:17 +0000] "GET / HTTP/1.1" 200 9342 "-" "Mozilla/5.0 (Linux; Android 6.0.1; Nexus 5X Build/MMB29P) AppleWebKit/537.36 (KHTML, like Gecko) Chrome/122.0.6261.94 Mobile Safari/537.36 (compatible; Googlebot/2.1; +http://www.google.com/bot.html)"
66.249.79.201 - - [13/Apr/2024:00:26:19 +0000] "GET /css/style.css HTTP/1.1" 200 19787 "http://www.tripperhub.com/" "Mozilla/5.0 (Linux; Android 6.0.1; Nexus 5X Build/MMB29P) AppleWebKit/537.36 (KHTML, like Gecko) Chrome/122.0.6261.94 Mobile Safari/537.36 (compatible; Googlebot/2.1; +http://www.google.com/bot.html)"
66.249.79.202 - - [13/Apr/2024:00:26:20 +0000] "GET /font/flaticon.css HTTP/1.1" 200 565 "http://www.tripperhub.com/" "Mozilla/5.0 (Linux; Android 6.0.1; Nexus 5X Build/MMB29P) AppleWebKit/537.36 (KHTML, like Gecko) Chrome/122.0.6261.94 Mobile Safari/537.36 (compatible; Googlebot/2.1; +http://www.google.com/bot.html)"
66.249.79.203 - - [13/Apr/2024:00:26:20 +0000] "GET /robots.txt HTTP/1.1" 404 9389 "-" "Mozilla/5.0 (compatible; Googlebot/2.1; +http://www.google.com/bot.html)"
66.249.79.203 - - [13/Apr/2024:00:26:21 +0000] "GET /js/plugin.js HTTP/1.1" 200 121606 "http://www.tripperhub.com/" "Mozilla/5.0 (Linux; Android 6.0.1; Nexus 5X Build/MMB29P) AppleWebKit/537.36 (KHTML, like Gecko) Chrome/122.0.6261.94 Mobile Safari/537.36 (compatible; Googlebot/2.1; +http://www.google.com/bot.html)"
66.249.79.201 - - [13/Apr/2024:00:26:21 +0000] "GET /js/main.js HTTP/1.1" 200 2521 "http://www.tripperhub.com/" "Mozilla/5.0 (Linux; Android 6.0.1; Nexus 5X Build/MMB29P) AppleWebKit/537.36 (KHTML, like Gecko) Chrome/122.0.6261.94 Mobile Safari/537.36 (compatible; Googlebot/2.1; +http://www.google.com/bot.html)"
66.249.79.201 - - [13/Apr/2024:00:26:22 +0000] "GET /js/custom-countdown.js HTTP/1.1" 200 545 "http://www.tripperhub.com/" "Mozilla/5.0 (Linux; Android 6.0.1; Nexus 5X Build/MMB29P) AppleWebKit/537.36 (KHTML, like Gecko) Chrome/122.0.6261.94 Mobile Safari/537.36 (compatible; Googlebot/2.1; +http://www.google.com/bot.html)"
66.249.79.202 - - [13/Apr/2024:00:26:22 +0000] "GET /css/plugin.css HTTP/1.1" 200 27783 "http://www.tripperhub.com/" "Mozilla/5.0 (Linux; Android 6.0.1; Nexus 5X Build/MMB29P) AppleWebKit/537.36 (KHTML, like Gecko) Chrome/122.0.6261.94 Mobile Safari/537.36 (compatible; Googlebot/2.1; +http://www.google.com/bot.html)"
66.249.79.201 - - [13/Apr/2024:00:26:22 +0000] "GET /js/main-1.js HTTP/1.1" 200 522 "http://www.tripperhub.com/" "Mozilla/5.0 (Linux; Android 6.0.1; Nexus 5X Build/MMB29P) AppleWebKit/537.36 (KHTML, like Gecko) Chrome/122.0.6261.94 Mobile Safari/537.36 (compatible; Googlebot/2.1; +http://www.google.com/bot.html)"
66.249.79.202 - - [13/Apr/2024:00:26:24 +0000] "GET /js/jquery-3.2.1.min.js HTTP/1.1" 200 29561 "http://www.tripperhub.com/" "Mozilla/5.0 (Linux; Android 6.0.1; Nexus 5X Build/MMB29P) AppleWebKit/537.36 (KHTML, like Gecko) Chrome/122.0.6261.94 Mobile Safari/537.36 (compatible; Googlebot/2.1; +http://www.google.com/bot.html)"
66.249.79.202 - - [13/Apr/2024:00:26:24 +0000] "GET /js/bootstrap.min.js HTTP/1.1" 200 9854 "http://www.tripperhub.com/" "Mozilla/5.0 (Linux; Android 6.0.1; Nexus 5X Build/MMB29P) AppleWebKit/537.36 (KHTML, like Gecko) Chrome/122.0.6261.94 Mobile Safari/537.36 (compatible; Googlebot/2.1; +http://www.google.com/bot.html)"
124.225.164.130 - - [13/Apr/2024:00:30:53 +0000] "GET / HTTP/1.1" 200 9301 "-" "Mozilla/5.0 (iPhone; CPU iPhone OS 13_2_3 like Mac OS X) AppleWebKit/605.1.15 (KHTML, like Gecko) Version/13.0.3 Mobile/15E148 Safari/604.1"
190.92.218.78 - - [13/Apr/2024:00:31:25 +0000] "GET /robots.txt HTTP/1.1" 404 9299 "https://tripperhub.com/robots.txt" "Mozilla/5.0 (Macintosh; Intel Mac OS X 10_15_7) AppleWebKit/537.36 (KHTML, like Gecko) Chrome/114.0.0.0 Safari/537.36"
104.196.178.59 - - [13/Apr/2024:00:37:30 +0000] "GET /contents.php?url=Privacy-Policy HTTP/1.0" 200 45134 "-" "ZoominfoBot (zoominfobot at zoominfo dot com)"
66.249.79.101 - - [13/Apr/2024:00:48:02 +0000] "GET / HTTP/1.1" 200 9342 "-" "Mozilla/5.0 (compatible; Googlebot/2.1; +http://www.google.com/bot.html)"
66.249.79.102 - - [13/Apr/2024:00:48:05 +0000] "GET /css/bootstrap.min.css HTTP/1.1" 200 19765 "https://tripperhub.com/" "Mozilla/5.0 AppleWebKit/537.36 (KHTML, like Gecko; compatible; Googlebot/2.1; +http://www.google.com/bot.html) Chrome/122.0.6261.94 Safari/537.36"
66.249.79.101 - - [13/Apr/2024:00:48:05 +0000] "GET /font/flaticon.css HTTP/1.1" 200 565 "https://tripperhub.com/" "Mozilla/5.0 AppleWebKit/537.36 (KHTML, like Gecko; compatible; Googlebot/2.1; +http://www.google.com/bot.html) Chrome/122.0.6261.94 Safari/537.36"
66.249.79.101 - - [13/Apr/2024:00:48:06 +0000] "GET /js/jquery-3.2.1.min.js HTTP/1.1" 200 29561 "https://tripperhub.com/" "Mozilla/5.0 AppleWebKit/537.36 (KHTML, like Gecko; compatible; Googlebot/2.1; +http://www.google.com/bot.html) Chrome/122.0.6261.94 Safari/537.36"
101.44.250.12 - - [13/Apr/2024:00:59:48 +0000] "GET /KohSamuiEasy.html HTTP/1.1" 200 8967 "http://tripperhub.com/KohSamuiEasy.html" "Mozilla/5.0 (Macintosh; Intel Mac OS X 10_15_7) AppleWebKit/537.36 (KHTML, like Gecko) Chrome/114.0.0.0 Safari/537.36"
114.119.135.207 - - [13/Apr/2024:01:15:44 +0000] "GET /booking.php?tourname=DELHI%20AGRA%20JAIPUR%2012%20DAYS%20TOUR HTTP/1.1" 200 6780 "http://www.tripperhub.com/packages.php?url=Rajasthan" "Mozilla/5.0 (Linux; Android 7.0;) AppleWebKit/537.36 (KHTML, like Gecko) Mobile Safari/537.36 (compatible; PetalBot;+https://webmaster.petalsearch.com/site/petalbot)"
104.196.178.59 - - [13/Apr/2024:01:24:58 +0000] "GET /booking.php HTTP/1.0" 200 41157 "-" "ZoominfoBot (zoominfobot at zoominfo dot com)"
192.185.4.69 - - [13/Apr/2024:01:25:22 +0000] "GET / HTTP/1.1" 200 58678 "-" "-"
95.108.213.143 - - [13/Apr/2024:01:31:07 +0000] "GET /robots.txt HTTP/1.1" 404 58678 "-" "Mozilla/5.0 (compatible; YandexBot/3.0; +http://yandex.com/bots)"
5.255.231.147 - - [13/Apr/2024:01:31:08 +0000] "GET /booking.php?tourname=ROMANTIC%20GETAWAY%20TO%20KASHMIR HTTP/1.1" 200 6780 "-" "Mozilla/5.0 (compatible; YandexBot/3.0; +http://yandex.com/bots)"
101.44.249.11 - - [13/Apr/2024:01:43:14 +0000] "GET /KOLLAMKOVALAMHONEYMOONTOUR.html HTTP/1.1" 200 9660 "http://tripperhub.com/KOLLAMKOVALAMHONEYMOONTOUR.html" "Mozilla/5.0 (Macintosh; Intel Mac OS X 10_15_7) AppleWebKit/537.36 (KHTML, like Gecko) Chrome/114.0.0.0 Safari/537.36"
104.196.178.59 - - [13/Apr/2024:01:55:10 +0000] "GET /contents.php?url=About-Us HTTP/1.0" 200 44972 "-" "ZoominfoBot (zoominfobot at zoominfo dot com)"
34.75.120.163 - - [13/Apr/2024:02:01:17 +0000] "GET /robots.txt HTTP/1.0" 404 58593 "-" "ZoominfoBot (zoominfobot at zoominfo dot com)"
34.75.120.163 - - [13/Apr/2024:02:01:19 +0000] "GET /BESTOFINDIANBEACHESTOUR.html HTTP/1.0" 200 96839 "-" "ZoominfoBot (zoominfobot at zoominfo dot com)"
34.75.120.163 - - [13/Apr/2024:02:04:05 +0000] "GET /contents.php?url=Disclaimer HTTP/1.0" 200 37594 "-" "ZoominfoBot (zoominfobot at zoominfo dot com)"
35.231.149.169 - - [13/Apr/2024:02:07:41 +0000] "GET /robots.txt HTTP/1.0" 404 58593 "-" "ZoominfoBot (zoominfobot at zoominfo dot com)"
35.231.149.169 - - [13/Apr/2024:02:07:44 +0000] "GET /BESTOFINDIANBEACHESTOUR.html HTTP/1.0" 200 96839 "-" "ZoominfoBot (zoominfobot at zoominfo dot com)"
35.231.149.169 - - [13/Apr/2024:02:09:50 +0000] "GET /KASHMIRHOUSEBOATTOURWITHGULMARG.html HTTP/1.0" 200 76659 "-" "ZoominfoBot (zoominfobot at zoominfo dot com)"
104.196.24.194 - - [13/Apr/2024:02:16:45 +0000] "GET /robots.txt HTTP/1.0" 404 58593 "-" "ZoominfoBot (zoominfobot at zoominfo dot com)"
104.196.24.194 - - [13/Apr/2024:02:16:46 +0000] "GET /BESTOFINDIANBEACHESTOUR.html HTTP/1.0" 200 96839 "-" "ZoominfoBot (zoominfobot at zoominfo dot com)"
35.231.149.169 - - [13/Apr/2024:02:19:01 +0000] "GET /robots.txt HTTP/1.0" 404 58593 "-" "ZoominfoBot (zoominfobot at zoominfo dot com)"
35.231.149.169 - - [13/Apr/2024:02:19:03 +0000] "GET /google-captcha/contact.php HTTP/1.0" 200 0 "-" "ZoominfoBot (zoominfobot at zoominfo dot com)"
104.196.24.194 - - [13/Apr/2024:02:19:30 +0000] "GET /contents.php?url=Disclaimer HTTP/1.0" 200 37594 "-" "ZoominfoBot (zoominfobot at zoominfo dot com)"
35.231.149.169 - - [13/Apr/2024:02:23:47 +0000] "GET /KASHMIRHOUSEBOATPACKAGEWITHSONMARG.html HTTP/1.0" 200 76902 "-" "ZoominfoBot (zoominfobot at zoominfo dot com)"
35.231.149.169 - - [13/Apr/2024:02:26:52 +0000] "GET /BESTOFKERALAHONEYMOONTOUR.html HTTP/1.0" 200 85416 "-" "ZoominfoBot (zoominfobot at zoominfo dot com)"
69.16.147.250 - - [13/Apr/2024:02:28:05 +0000] "GET / HTTP/1.0" 200 58593 "http://tripperhub.com/" "Mozilla/5.0 (Windows NT 10.0; Win64; x64) AppleWebKit/537.36 (KHTML, like Gecko) Chrome/117.0.0.0 Iron Safari/537.36"
69.16.147.250 - - [13/Apr/2024:02:28:05 +0000] "GET / HTTP/1.0" 200 58593 "http://tripperhub.com/" "Mozilla/5.0 (Windows NT 10.0; Win64; x64) AppleWebKit/537.36 (KHTML, like Gecko) Chrome/120.0.0.0 Iron Safari/537.36"
69.16.147.250 - - [13/Apr/2024:02:28:06 +0000] "POST /index.php HTTP/1.0" 200 58593 "http://tripperhub.com/" "Mozilla/5.0 (Windows NT 10.0; Win64; x64) AppleWebKit/537.36 (KHTML, like Gecko) Chrome/117.0.0.0 Iron Safari/537.36"
69.16.147.250 - - [13/Apr/2024:02:28:08 +0000] "POST /index.php HTTP/1.0" 200 58593 "http://tripperhub.com/" "Mozilla/5.0 (Windows NT 10.0; Win64; x64) AppleWebKit/537.36 (KHTML, like Gecko) Chrome/120.0.0.0 Iron Safari/537.36"
35.231.149.169 - - [13/Apr/2024:02:33:25 +0000] "GET /KASHMIRHOUSEBOATTOURWITHSONMARGANDPAHALGAM.html HTTP/1.0" 200 81672 "-" "ZoominfoBot (zoominfobot at zoominfo dot com)"
35.231.149.169 - - [13/Apr/2024:02:33:49 +0000] "GET /ROMANTICGETAWAYTOKASHMIR.html HTTP/1.0" 200 72422 "-" "ZoominfoBot (zoominfobot at zoominfo dot com)"
35.231.149.169 - - [13/Apr/2024:02:34:38 +0000] "GET /booking.php HTTP/1.0" 200 41157 "-" "ZoominfoBot (zoominfobot at zoominfo dot com)"
104.196.24.194 - - [13/Apr/2024:02:44:12 +0000] "GET /contents.php?url=Privacy-Policy HTTP/1.0" 200 45134 "-" "ZoominfoBot (zoominfobot at zoominfo dot com)"
159.138.98.152 - - [13/Apr/2024:02:46:46 +0000] "GET /tours/Indonesia.html HTTP/1.1" 200 6533 "http://tripperhub.com/tours/Indonesia.html" "Mozilla/5.0 (Macintosh; Intel Mac OS X 10_15_7) AppleWebKit/537.36 (KHTML, like Gecko) Chrome/114.0.0.0 Safari/537.36"
35.231.149.169 - - [13/Apr/2024:02:47:31 +0000] "GET /SHIMLAKULLUMANALIVOLVO.html HTTP/1.0" 200 71203 "-" "ZoominfoBot (zoominfobot at zoominfo dot com)"
35.231.149.169 - - [13/Apr/2024:02:49:45 +0000] "GET /contents.php?url=About-Us HTTP/1.0" 200 44972 "-" "ZoominfoBot (zoominfobot at zoominfo dot com)"
47.128.35.247 - - [13/Apr/2024:02:54:15 +0000] "GET /tours/Singapore.html HTTP/1.1" 200 6415 "-" "Mozilla/5.0 (compatible; Bytespider; spider-feedback@bytedance.com) AppleWebKit/537.36 (KHTML, like Gecko) Chrome/70.0.0.0 Safari/537.36"
47.128.35.247 - - [13/Apr/2024:02:54:15 +0000] "GET /tours/google-captcha/component/jquery/jquery-3.2.1.min.js HTTP/1.1" 404 9299 "https://tripperhub.com/tours/Singapore.html" "Mozilla/5.0 (compatible; Bytespider; spider-feedback@bytedance.com) AppleWebKit/537.36 (KHTML, like Gecko) Chrome/70.0.0.0 Safari/537.36"
47.128.35.247 - - [13/Apr/2024:02:54:15 +0000] "GET /images/Yatra-01.png HTTP/1.1" 200 19963 "https://tripperhub.com/tours/Singapore.html" "Mozilla/5.0 (compatible; Bytespider; spider-feedback@bytedance.com) AppleWebKit/537.36 (KHTML, like Gecko) Chrome/70.0.0.0 Safari/537.36"
47.128.35.247 - - [13/Apr/2024:02:54:16 +0000] "GET /images/Yatra-white.png HTTP/1.1" 200 19963 "https://tripperhub.com/tours/Singapore.html" "Mozilla/5.0 (compatible; Bytespider; spider-feedback@bytedance.com) AppleWebKit/537.36 (KHTML, like Gecko) Chrome/70.0.0.0 Safari/537.36"
47.128.35.247 - - [13/Apr/2024:02:54:16 +0000] "GET /images/payment1.png HTTP/1.1" 200 86137 "https://tripperhub.com/tours/Singapore.html" "Mozilla/5.0 (compatible; Bytespider; spider-feedback@bytedance.com) AppleWebKit/537.36 (KHTML, like Gecko) Chrome/70.0.0.0 Safari/537.36"
47.128.35.247 - - [13/Apr/2024:02:54:16 +0000] "GET /images/payment4.png HTTP/1.1" 200 77288 "https://tripperhub.com/tours/Singapore.html" "Mozilla/5.0 (compatible; Bytespider; spider-feedback@bytedance.com) AppleWebKit/537.36 (KHTML, like Gecko) Chrome/70.0.0.0 Safari/537.36"
47.128.35.247 - - [13/Apr/2024:02:54:16 +0000] "GET /images/payment2.png HTTP/1.1" 200 47466 "https://tripperhub.com/tours/Singapore.html" "Mozilla/5.0 (compatible; Bytespider; spider-feedback@bytedance.com) AppleWebKit/537.36 (KHTML, like Gecko) Chrome/70.0.0.0 Safari/537.36"
47.128.35.247 - - [13/Apr/2024:02:54:16 +0000] "GET /images/payment3.png HTTP/1.1" 200 40594 "https://tripperhub.com/tours/Singapore.html" "Mozilla/5.0 (compatible; Bytespider; spider-feedback@bytedance.com) AppleWebKit/537.36 (KHTML, like Gecko) Chrome/70.0.0.0 Safari/537.36"
114.119.130.109 - - [13/Apr/2024:02:56:43 +0000] "GET /package-details.php?url=KAZIRANGAWITHMEGHALAYA HTTP/1.1" 200 10847 "http://www.tripperhub.com/packages.php?url=Malaysia" "Mozilla/5.0 (Linux; Android 7.0;) AppleWebKit/537.36 (KHTML, like Gecko) Mobile Safari/537.36 (compatible; PetalBot;+https://webmaster.petalsearch.com/site/petalbot)"
35.231.149.169 - - [13/Apr/2024:03:01:38 +0000] "GET /MANALIHONEYMOONVOLVOTOUR.html HTTP/1.0" 200 68749 "-" "ZoominfoBot (zoominfobot at zoominfo dot com)"
35.231.149.169 - - [13/Apr/2024:03:03:28 +0000] "GET /HIMACHALWITHGOLDENTEMPLE.html HTTP/1.0" 200 86939 "-" "ZoominfoBot (zoominfobot at zoominfo dot com)"
35.231.149.169 - - [13/Apr/2024:03:03:43 +0000] "GET /SHIMLAMANALIHONEYMOONTOUR.html HTTP/1.0" 200 71742 "-" "ZoominfoBot (zoominfobot at zoominfo dot com)"
35.231.149.169 - - [13/Apr/2024:03:05:08 +0000] "GET / HTTP/1.0" 200 58593 "-" "ZoominfoBot (zoominfobot at zoominfo dot com)"
35.231.149.169 - - [13/Apr/2024:03:05:33 +0000] "GET /KASHMIRHOUSEBOATTOURWITHGULMARGANDPAHALGAM.html HTTP/1.0" 200 80338 "-" "ZoominfoBot (zoominfobot at zoominfo dot com)"
35.231.149.169 - - [13/Apr/2024:03:06:33 +0000] "GET /SHIMLAVOLVOTOURPACKAGE.html HTTP/1.0" 200 52399 "-" "ZoominfoBot (zoominfobot at zoominfo dot com)"
35.231.149.169 - - [13/Apr/2024:03:11:56 +0000] "GET /GOLDENTRIANGLEWITHGOATOUR.html HTTP/1.0" 200 97227 "-" "ZoominfoBot (zoominfobot at zoominfo dot com)"
35.231.149.169 - - [13/Apr/2024:03:19:01 +0000] "GET /ALLEPPEYHONEYMOONTOUR.html HTTP/1.0" 200 74083 "-" "ZoominfoBot (zoominfobot at zoominfo dot com)"
35.231.149.169 - - [13/Apr/2024:03:19:05 +0000] "GET /HIMACHALHONEYMOONPACKAGE.html HTTP/1.0" 200 77088 "-" "ZoominfoBot (zoominfobot at zoominfo dot com)"
34.73.225.172 - - [13/Apr/2024:03:20:48 +0000] "GET /robots.txt HTTP/1.0" 404 58593 "-" "ZoominfoBot (zoominfobot at zoominfo dot com)"
34.73.225.172 - - [13/Apr/2024:03:20:52 +0000] "GET /BESTOFINDIANBEACHESTOUR.html HTTP/1.0" 200 96839 "-" "ZoominfoBot (zoominfobot at zoominfo dot com)"
34.73.225.172 - - [13/Apr/2024:03:22:35 +0000] "GET /KASHMIRHOUSEBOATTOURWITHGULMARG.html HTTP/1.0" 200 76659 "-" "ZoominfoBot (zoominfobot at zoominfo dot com)"
34.138.248.254 - - [13/Apr/2024:03:23:50 +0000] "GET /robots.txt HTTP/1.0" 404 58593 "-" "ZoominfoBot (zoominfobot at zoominfo dot com)"
34.138.248.254 - - [13/Apr/2024:03:23:52 +0000] "GET /BESTOFINDIANBEACHESTOUR.html HTTP/1.0" 200 96839 "-" "ZoominfoBot (zoominfobot at zoominfo dot com)"
34.138.248.254 - - [13/Apr/2024:03:26:36 +0000] "GET /contents.php?url=Disclaimer HTTP/1.0" 200 37594 "-" "ZoominfoBot (zoominfobot at zoominfo dot com)"
34.73.225.172 - - [13/Apr/2024:03:30:30 +0000] "GET /KASHMIRHOUSEBOATTOURWITHSONMARGANDPAHALGAM.html HTTP/1.0" 200 81672 "-" "ZoominfoBot (zoominfobot at zoominfo dot com)"
34.73.225.172 - - [13/Apr/2024:03:30:38 +0000] "GET /ROMANTICGETAWAYTOKASHMIR.html HTTP/1.0" 200 72422 "-" "ZoominfoBot (zoominfobot at zoominfo dot com)"
34.73.225.172 - - [13/Apr/2024:03:30:55 +0000] "GET /booking.php HTTP/1.0" 200 41157 "-" "ZoominfoBot (zoominfobot at zoominfo dot com)"
114.119.135.207 - - [13/Apr/2024:03:32:19 +0000] "GET /package-details.php?url=KASHMIRHOUSEBOATTOURWITHGULMARG HTTP/1.1" 200 10061 "http://www.tripperhub.com/packages.php?url=Malaysia" "Mozilla/5.0 (Linux; Android 7.0;) AppleWebKit/537.36 (KHTML, like Gecko) Mobile Safari/537.36 (compatible; PetalBot;+https://webmaster.petalsearch.com/site/petalbot)"
34.73.225.172 - - [13/Apr/2024:03:35:05 +0000] "GET /SHIMLAKULLUMANALIVOLVO.html HTTP/1.0" 200 71203 "-" "ZoominfoBot (zoominfobot at zoominfo dot com)"
34.73.225.172 - - [13/Apr/2024:03:35:58 +0000] "GET /contents.php?url=About-Us HTTP/1.0" 200 44972 "-" "ZoominfoBot (zoominfobot at zoominfo dot com)"
34.73.225.172 - - [13/Apr/2024:03:41:01 +0000] "GET /MANALIHONEYMOONVOLVOTOUR.html HTTP/1.0" 200 68749 "-" "ZoominfoBot (zoominfobot at zoominfo dot com)"
34.73.225.172 - - [13/Apr/2024:03:41:55 +0000] "GET /HIMACHALWITHGOLDENTEMPLE.html HTTP/1.0" 200 86939 "-" "ZoominfoBot (zoominfobot at zoominfo dot com)"
34.73.225.172 - - [13/Apr/2024:03:42:03 +0000] "GET /SHIMLAMANALIHONEYMOONTOUR.html HTTP/1.0" 200 71742 "-" "ZoominfoBot (zoominfobot at zoominfo dot com)"
34.73.225.172 - - [13/Apr/2024:03:42:42 +0000] "GET / HTTP/1.0" 200 58593 "-" "ZoominfoBot (zoominfobot at zoominfo dot com)"
34.73.225.172 - - [13/Apr/2024:03:42:50 +0000] "GET /KASHMIRHOUSEBOATTOURWITHGULMARGANDPAHALGAM.html HTTP/1.0" 200 80338 "-" "ZoominfoBot (zoominfobot at zoominfo dot com)"
34.73.225.172 - - [13/Apr/2024:03:43:17 +0000] "GET /SHIMLAVOLVOTOURPACKAGE.html HTTP/1.0" 200 52399 "-" "ZoominfoBot (zoominfobot at zoominfo dot com)"
34.73.225.172 - - [13/Apr/2024:03:45:48 +0000] "GET /GOLDENTRIANGLEWITHGOATOUR.html HTTP/1.0" 200 97227 "-" "ZoominfoBot (zoominfobot at zoominfo dot com)"
34.73.225.172 - - [13/Apr/2024:03:49:37 +0000] "GET /ALLEPPEYHONEYMOONTOUR.html HTTP/1.0" 200 74083 "-" "ZoominfoBot (zoominfobot at zoominfo dot com)"
34.73.225.172 - - [13/Apr/2024:03:49:38 +0000] "GET /HIMACHALHONEYMOONPACKAGE.html HTTP/1.0" 200 77088 "-" "ZoominfoBot (zoominfobot at zoominfo dot com)"
34.73.225.172 - - [13/Apr/2024:03:50:07 +0000] "GET /JEWELLSOFKASHMIR.html HTTP/1.0" 200 73571 "-" "ZoominfoBot (zoominfobot at zoominfo dot com)"
34.73.225.172 - - [13/Apr/2024:03:51:38 +0000] "GET /robots.txt HTTP/1.0" 404 58593 "-" "ZoominfoBot (zoominfobot at zoominfo dot com)"
34.73.225.172 - - [13/Apr/2024:03:51:41 +0000] "GET /BESTOFINDIANBEACHESTOUR.html HTTP/1.0" 200 96839 "-" "ZoominfoBot (zoominfobot at zoominfo dot com)"
34.138.248.254 - - [13/Apr/2024:03:51:59 +0000] "GET /contents.php?url=Privacy-Policy HTTP/1.0" 200 45134 "-" "ZoominfoBot (zoominfobot at zoominfo dot com)"
34.73.225.172 - - [13/Apr/2024:03:52:23 +0000] "GET /KASHMIRHOUSEBOATTOURWITHGULMARG.html HTTP/1.0" 200 76659 "-" "ZoominfoBot (zoominfobot at zoominfo dot com)"
34.73.225.172 - - [13/Apr/2024:03:56:00 +0000] "GET /robots.txt HTTP/1.0" 404 58593 "-" "ZoominfoBot (zoominfobot at zoominfo dot com)"
34.73.225.172 - - [13/Apr/2024:03:56:01 +0000] "GET /google-captcha/contact.php HTTP/1.0" 200 0 "-" "ZoominfoBot (zoominfobot at zoominfo dot com)"
34.73.225.172 - - [13/Apr/2024:03:57:38 +0000] "GET /KASHMIRHOUSEBOATPACKAGEWITHSONMARG.html HTTP/1.0" 200 76902 "-" "ZoominfoBot (zoominfobot at zoominfo dot com)"
34.73.225.172 - - [13/Apr/2024:03:58:46 +0000] "GET /BESTOFKERALAHONEYMOONTOUR.html HTTP/1.0" 200 85416 "-" "ZoominfoBot (zoominfobot at zoominfo dot com)"
34.73.225.172 - - [13/Apr/2024:04:00:48 +0000] "GET /KASHMIRHOUSEBOATTOURWITHSONMARGANDPAHALGAM.html HTTP/1.0" 200 81672 "-" "ZoominfoBot (zoominfobot at zoominfo dot com)"
34.73.225.172 - - [13/Apr/2024:04:00:53 +0000] "GET /ROMANTICGETAWAYTOKASHMIR.html HTTP/1.0" 200 72422 "-" "ZoominfoBot (zoominfobot at zoominfo dot com)"
34.73.225.172 - - [13/Apr/2024:04:01:09 +0000] "GET /booking.php HTTP/1.0" 200 41157 "-" "ZoominfoBot (zoominfobot at zoominfo dot com)"
47.128.119.152 - - [13/Apr/2024:04:01:46 +0000] "GET /ATHIRAPALLYHONEYMOONTOUR.html HTTP/1.1" 200 9720 "-" "Mozilla/5.0 (compatible; Bytespider; spider-feedback@bytedance.com) AppleWebKit/537.36 (KHTML, like Gecko) Chrome/70.0.0.0 Safari/537.36"
47.128.119.152 - - [13/Apr/2024:04:01:47 +0000] "GET /images/Yatra-01.png HTTP/1.1" 200 19963 "https://tripperhub.com/ATHIRAPALLYHONEYMOONTOUR.html" "Mozilla/5.0 (compatible; Bytespider; spider-feedback@bytedance.com) AppleWebKit/537.36 (KHTML, like Gecko) Chrome/70.0.0.0 Safari/537.36"
47.128.119.152 - - [13/Apr/2024:04:01:48 +0000] "GET /images/detailslider1.jpg HTTP/1.1" 200 70368 "https://tripperhub.com/ATHIRAPALLYHONEYMOONTOUR.html" "Mozilla/5.0 (compatible; Bytespider; spider-feedback@bytedance.com) AppleWebKit/537.36 (KHTML, like Gecko) Chrome/70.0.0.0 Safari/537.36"
47.128.119.152 - - [13/Apr/2024:04:01:48 +0000] "GET /images/Yatra-white.png HTTP/1.1" 200 19963 "https://tripperhub.com/ATHIRAPALLYHONEYMOONTOUR.html" "Mozilla/5.0 (compatible; Bytespider; spider-feedback@bytedance.com) AppleWebKit/537.36 (KHTML, like Gecko) Chrome/70.0.0.0 Safari/537.36"
47.128.119.152 - - [13/Apr/2024:04:01:48 +0000] "GET /images/detailslider3.jpg HTTP/1.1" 200 93595 "https://tripperhub.com/ATHIRAPALLYHONEYMOONTOUR.html" "Mozilla/5.0 (compatible; Bytespider; spider-feedback@bytedance.com) AppleWebKit/537.36 (KHTML, like Gecko) Chrome/70.0.0.0 Safari/537.36"
47.128.119.152 - - [13/Apr/2024:04:01:48 +0000] "GET /images/payment1.png HTTP/1.1" 200 86137 "https://tripperhub.com/ATHIRAPALLYHONEYMOONTOUR.html" "Mozilla/5.0 (compatible; Bytespider; spider-feedback@bytedance.com) AppleWebKit/537.36 (KHTML, like Gecko) Chrome/70.0.0.0 Safari/537.36"
47.128.119.152 - - [13/Apr/2024:04:01:49 +0000] "GET /images/detailslider2.jpg HTTP/1.1" 200 103659 "https://tripperhub.com/ATHIRAPALLYHONEYMOONTOUR.html" "Mozilla/5.0 (compatible; Bytespider; spider-feedback@bytedance.com) AppleWebKit/537.36 (KHTML, like Gecko) Chrome/70.0.0.0 Safari/537.36"
47.128.119.152 - - [13/Apr/2024:04:01:49 +0000] "GET /images/detailslider4.jpg HTTP/1.1" 200 144462 "https://tripperhub.com/ATHIRAPALLYHONEYMOONTOUR.html" "Mozilla/5.0 (compatible; Bytespider; spider-feedback@bytedance.com) AppleWebKit/537.36 (KHTML, like Gecko) Chrome/70.0.0.0 Safari/537.36"
47.128.119.152 - - [13/Apr/2024:04:01:49 +0000] "GET /images/payment2.png HTTP/1.1" 200 47466 "https://tripperhub.com/ATHIRAPALLYHONEYMOONTOUR.html" "Mozilla/5.0 (compatible; Bytespider; spider-feedback@bytedance.com) AppleWebKit/537.36 (KHTML, like Gecko) Chrome/70.0.0.0 Safari/537.36"
47.128.119.152 - - [13/Apr/2024:04:01:50 +0000] "GET /images/payment3.png HTTP/1.1" 200 40594 "https://tripperhub.com/ATHIRAPALLYHONEYMOONTOUR.html" "Mozilla/5.0 (compatible; Bytespider; spider-feedback@bytedance.com) AppleWebKit/537.36 (KHTML, like Gecko) Chrome/70.0.0.0 Safari/537.36"
47.128.119.152 - - [13/Apr/2024:04:01:50 +0000] "GET /images/payment4.png HTTP/1.1" 200 77288 "https://tripperhub.com/ATHIRAPALLYHONEYMOONTOUR.html" "Mozilla/5.0 (compatible; Bytespider; spider-feedback@bytedance.com) AppleWebKit/537.36 (KHTML, like Gecko) Chrome/70.0.0.0 Safari/537.36"
34.73.225.172 - - [13/Apr/2024:04:04:47 +0000] "GET /SHIMLAKULLUMANALIVOLVO.html HTTP/1.0" 200 71203 "-" "ZoominfoBot (zoominfobot at zoominfo dot com)"
34.73.225.172 - - [13/Apr/2024:04:05:24 +0000] "GET /contents.php?url=About-Us HTTP/1.0" 200 44972 "-" "ZoominfoBot (zoominfobot at zoominfo dot com)"
47.128.40.170 - - [13/Apr/2024:04:05:45 +0000] "GET /robots.txt HTTP/1.1" 404 9342 "-" "Mozilla/5.0 (Linux; Android 5.0) AppleWebKit/537.36 (KHTML, like Gecko) Mobile Safari/537.36 (compatible; Bytespider; spider-feedback@bytedance.com)"
34.73.225.172 - - [13/Apr/2024:04:09:10 +0000] "GET /MANALIHONEYMOONVOLVOTOUR.html HTTP/1.0" 200 68749 "-" "ZoominfoBot (zoominfobot at zoominfo dot com)"
34.73.225.172 - - [13/Apr/2024:04:09:46 +0000] "GET /HIMACHALWITHGOLDENTEMPLE.html HTTP/1.0" 200 86939 "-" "ZoominfoBot (zoominfobot at zoominfo dot com)"
147.124.75.53 - - [13/Apr/2024:04:09:50 +0000] "GET /robots.txt HTTP/1.1" 404 9389 "-" "Mozilla/5.0 (iPhone; CPU iPhone OS 11_0 like Mac OS X) AppleWebKit/537.36 (KHTML, like Gecko) Chrome/48.0.9144.1149 Mobile Safari/537.36"
34.73.225.172 - - [13/Apr/2024:04:09:51 +0000] "GET /SHIMLAMANALIHONEYMOONTOUR.html HTTP/1.0" 200 71742 "-" "ZoominfoBot (zoominfobot at zoominfo dot com)"
34.73.225.172 - - [13/Apr/2024:04:10:13 +0000] "GET / HTTP/1.0" 200 58593 "-" "ZoominfoBot (zoominfobot at zoominfo dot com)"
34.73.225.172 - - [13/Apr/2024:04:10:23 +0000] "GET /KASHMIRHOUSEBOATTOURWITHGULMARGANDPAHALGAM.html HTTP/1.0" 200 80338 "-" "ZoominfoBot (zoominfobot at zoominfo dot com)"
34.73.225.172 - - [13/Apr/2024:04:10:41 +0000] "GET /SHIMLAVOLVOTOURPACKAGE.html HTTP/1.0" 200 52399 "-" "ZoominfoBot (zoominfobot at zoominfo dot com)"
34.73.225.172 - - [13/Apr/2024:04:13:21 +0000] "GET /GOLDENTRIANGLEWITHGOATOUR.html HTTP/1.0" 200 97227 "-" "ZoominfoBot (zoominfobot at zoominfo dot com)"
47.128.48.127 - - [13/Apr/2024:04:13:50 +0000] "GET /robots.txt HTTP/1.1" 404 9342 "-" "Mozilla/5.0 (Linux; Android 5.0) AppleWebKit/537.36 (KHTML, like Gecko) Mobile Safari/537.36 (compatible; Bytespider; spider-feedback@bytedance.com)"
34.73.225.172 - - [13/Apr/2024:04:16:39 +0000] "GET /ALLEPPEYHONEYMOONTOUR.html HTTP/1.0" 200 74083 "-" "ZoominfoBot (zoominfobot at zoominfo dot com)"
34.73.225.172 - - [13/Apr/2024:04:16:40 +0000] "GET /HIMACHALHONEYMOONPACKAGE.html HTTP/1.0" 200 77088 "-" "ZoominfoBot (zoominfobot at zoominfo dot com)"
34.73.225.172 - - [13/Apr/2024:04:17:10 +0000] "GET /JEWELLSOFKASHMIR.html HTTP/1.0" 200 73571 "-" "ZoominfoBot (zoominfobot at zoominfo dot com)"
122.56.196.131 - - [13/Apr/2024:04:17:55 +0000] "GET /robots.txt HTTP/1.1" 404 9342 "-" "Mozilla/5.0 (Linux; Android 5.0; SM-G900P Build/LRX21T) AppleWebKit/537.36 (KHTML, like Gecko) Chrome/56.0.7654.1753 Mobile Safari/537.36"
34.73.225.172 - - [13/Apr/2024:04:18:28 +0000] "GET /tours/Kashmir.html HTTP/1.0" 200 60338 "-" "ZoominfoBot (zoominfobot at zoominfo dot com)"
34.73.225.172 - - [13/Apr/2024:04:18:30 +0000] "GET /KOVALAMMUNNARHONEYMOONTOUR.html HTTP/1.0" 200 86503 "-" "ZoominfoBot (zoominfobot at zoominfo dot com)"
34.73.225.172 - - [13/Apr/2024:04:19:20 +0000] "GET /contact-us.php HTTP/1.0" 200 42618 "-" "ZoominfoBot (zoominfobot at zoominfo dot com)"
34.73.225.172 - - [13/Apr/2024:04:19:52 +0000] "GET /tours/HimachalPradesh.html HTTP/1.0" 200 57092 "-" "ZoominfoBot (zoominfobot at zoominfo dot com)"
34.73.225.172 - - [13/Apr/2024:04:22:56 +0000] "GET /SHIMLAMANALIWITHCHANDIGARH.html HTTP/1.0" 200 60296 "-" "ZoominfoBot (zoominfobot at zoominfo dot com)"
34.73.225.172 - - [13/Apr/2024:04:22:56 +0000] "GET /ATHIRAPALLYHONEYMOONTOUR.html HTTP/1.0" 200 75307 "-" "ZoominfoBot (zoominfobot at zoominfo dot com)"
34.73.225.172 - - [13/Apr/2024:04:23:37 +0000] "GET /GOLDENBEACHESOFGOATOUR.html HTTP/1.0" 200 79851 "-" "ZoominfoBot (zoominfobot at zoominfo dot com)"
34.73.225.172 - - [13/Apr/2024:04:24:55 +0000] "GET /DHARAMSHALADALHOUSIEVOLVO.html HTTP/1.0" 200 70412 "-" "ZoominfoBot (zoominfobot at zoominfo dot com)"
34.73.225.172 - - [13/Apr/2024:04:26:42 +0000] "GET /MUMBAIGOABEACHESTOUR.html HTTP/1.0" 200 83884 "-" "ZoominfoBot (zoominfobot at zoominfo dot com)"
34.73.225.172 - - [13/Apr/2024:04:26:52 +0000] "GET /robots.txt HTTP/1.0" 404 58593 "-" "ZoominfoBot (zoominfobot at zoominfo dot com)"
34.73.225.172 - - [13/Apr/2024:04:26:52 +0000] "GET /google-captcha/contact.php HTTP/1.0" 200 0 "-" "ZoominfoBot (zoominfobot at zoominfo dot com)"
34.73.225.172 - - [13/Apr/2024:04:27:28 +0000] "GET /contents.php?url=Payment-Option HTTP/1.0" 200 37594 "-" "ZoominfoBot (zoominfobot at zoominfo dot com)"
37.115.216.33 - - [13/Apr/2024:04:30:11 +0000] "GET / HTTP/1.0" 200 58593 "http://tripperhub.com/" "Mozilla/5.0 (Windows NT 10.0; Win64; x64) AppleWebKit/537.36 (KHTML, like Gecko) Chrome/120.0.6099.71 Safari/537.36"
37.115.216.33 - - [13/Apr/2024:04:30:15 +0000] "POST /index.php HTTP/1.0" 200 58593 "http://tripperhub.com/" "Mozilla/5.0 (Windows NT 10.0; Win64; x64) AppleWebKit/537.36 (KHTML, like Gecko) Chrome/120.0.6099.71 Safari/537.36"
34.73.225.172 - - [13/Apr/2024:04:30:18 +0000] "GET /MUNNARHONEYMOONTOUR.html HTTP/1.0" 200 75507 "-" "ZoominfoBot (zoominfobot at zoominfo dot com)"
34.73.225.172 - - [13/Apr/2024:04:33:06 +0000] "GET /tours/Kerala.html HTTP/1.0" 200 56990 "-" "ZoominfoBot (zoominfobot at zoominfo dot com)"
34.138.248.254 - - [13/Apr/2024:04:35:16 +0000] "GET /booking.php HTTP/1.0" 200 41157 "-" "ZoominfoBot (zoominfobot at zoominfo dot com)"
34.73.225.172 - - [13/Apr/2024:04:35:41 +0000] "GET /KASHMIRHONEYMOONTOUR.html HTTP/1.0" 200 74958 "-" "ZoominfoBot (zoominfobot at zoominfo dot com)"
34.73.225.172 - - [13/Apr/2024:04:42:55 +0000] "GET /tours/Goa.html HTTP/1.0" 200 44079 "-" "ZoominfoBot (zoominfobot at zoominfo dot com)"
34.73.225.172 - - [13/Apr/2024:04:45:39 +0000] "GET /SHIMLAHONEYMOONBYCAR.html HTTP/1.0" 200 68863 "-" "ZoominfoBot (zoominfobot at zoominfo dot com)"
