49.14.110.183 - - [13/Aug/2021:14:53:19 +0000] "GET /assets/img/slider/slider-2.jpg HTTP/1.1" 200 416547 "https://admission.europeankids.in/?gclid=EAIaIQobChMI9sysg6Cu8gIVDoWPCh3TtwbnEAEYASAAEgLdC_D_BwE" "Mozilla/5.0 (Linux; Android 7.0; vivo 1714 Build/NRD90M; wv) AppleWebKit/537.36 (KHTML, like Gecko) Version/4.0 Chrome/91.0.4472.101 Mobile Safari/537.36"
49.14.110.183 - - [13/Aug/2021:14:53:19 +0000] "GET /assets/img/slider/slider-3.jpg HTTP/1.1" 200 537835 "https://admission.europeankids.in/?gclid=EAIaIQobChMI9sysg6Cu8gIVDoWPCh3TtwbnEAEYASAAEgLdC_D_BwE" "Mozilla/5.0 (Linux; Android 7.0; vivo 1714 Build/NRD90M; wv) AppleWebKit/537.36 (KHTML, like Gecko) Version/4.0 Chrome/91.0.4472.101 Mobile Safari/537.36"
49.14.110.183 - - [13/Aug/2021:14:53:19 +0000] "GET /assets/img/slider/slider-4.jpg HTTP/1.1" 200 265153 "https://admission.europeankids.in/?gclid=EAIaIQobChMI9sysg6Cu8gIVDoWPCh3TtwbnEAEYASAAEgLdC_D_BwE" "Mozilla/5.0 (Linux; Android 7.0; vivo 1714 Build/NRD90M; wv) AppleWebKit/537.36 (KHTML, like Gecko) Version/4.0 Chrome/91.0.4472.101 Mobile Safari/537.36"
49.14.110.183 - - [13/Aug/2021:14:53:26 +0000] "GET /assets/img/slider/slider-6.jpg HTTP/1.1" 200 474078 "https://admission.europeankids.in/?gclid=EAIaIQobChMI9sysg6Cu8gIVDoWPCh3TtwbnEAEYASAAEgLdC_D_BwE" "Mozilla/5.0 (Linux; Android 7.0; vivo 1714 Build/NRD90M; wv) AppleWebKit/537.36 (KHTML, like Gecko) Version/4.0 Chrome/91.0.4472.101 Mobile Safari/537.36"
49.14.110.183 - - [13/Aug/2021:14:53:24 +0000] "GET /assets/img/slider/slider-5.jpg HTTP/1.1" 200 475724 "https://admission.europeankids.in/?gclid=EAIaIQobChMI9sysg6Cu8gIVDoWPCh3TtwbnEAEYASAAEgLdC_D_BwE" "Mozilla/5.0 (Linux; Android 7.0; vivo 1714 Build/NRD90M; wv) AppleWebKit/537.36 (KHTML, like Gecko) Version/4.0 Chrome/91.0.4472.101 Mobile Safari/537.36"
49.14.110.183 - - [13/Aug/2021:14:53:19 +0000] "GET /assets/img/slider/slider-1.jpg HTTP/1.1" 200 1133371 "https://admission.europeankids.in/?gclid=EAIaIQobChMI9sysg6Cu8gIVDoWPCh3TtwbnEAEYASAAEgLdC_D_BwE" "Mozilla/5.0 (Linux; Android 7.0; vivo 1714 Build/NRD90M; wv) AppleWebKit/537.36 (KHTML, like Gecko) Version/4.0 Chrome/91.0.4472.101 Mobile Safari/537.36"
49.14.110.183 - - [13/Aug/2021:14:53:41 +0000] "GET /assets/img/favicon.png HTTP/1.1" 404 220 "https://admission.europeankids.in/?gclid=EAIaIQobChMI9sysg6Cu8gIVDoWPCh3TtwbnEAEYASAAEgLdC_D_BwE" "Mozilla/5.0 (Linux; Android 7.0; vivo 1714 Build/NRD90M; wv) AppleWebKit/537.36 (KHTML, like Gecko) Version/4.0 Chrome/91.0.4472.101 Mobile Safari/537.36"
49.14.110.183 - - [13/Aug/2021:14:54:00 +0000] "GET /assets/img/gallery/gallery-3-3.png HTTP/1.1" 200 961380 "https://admission.europeankids.in/?gclid=EAIaIQobChMI9sysg6Cu8gIVDoWPCh3TtwbnEAEYASAAEgLdC_D_BwE" "Mozilla/5.0 (Linux; Android 7.0; vivo 1714 Build/NRD90M; wv) AppleWebKit/537.36 (KHTML, like Gecko) Version/4.0 Chrome/91.0.4472.101 Mobile Safari/537.36"
49.14.110.183 - - [13/Aug/2021:14:54:01 +0000] "GET /assets/img/gallery/gallery-5-5.png HTTP/1.1" 200 1356854 "https://admission.europeankids.in/?gclid=EAIaIQobChMI9sysg6Cu8gIVDoWPCh3TtwbnEAEYASAAEgLdC_D_BwE" "Mozilla/5.0 (Linux; Android 7.0; vivo 1714 Build/NRD90M; wv) AppleWebKit/537.36 (KHTML, like Gecko) Version/4.0 Chrome/91.0.4472.101 Mobile Safari/537.36"
49.14.110.183 - - [13/Aug/2021:14:54:21 +0000] "-" 408 - "-" "-"
49.14.110.183 - - [13/Aug/2021:14:54:21 +0000] "GET /favicon.ico HTTP/1.1" 404 209 "https://admission.europeankids.in/assets/img/gallery/gallery-5-5.png" "Mozilla/5.0 (Linux; Android 7.0; vivo 1714 Build/NRD90M; wv) AppleWebKit/537.36 (KHTML, like Gecko) Version/4.0 Chrome/91.0.4472.101 Mobile Safari/537.36"
47.29.38.117 - - [13/Aug/2021:14:56:23 +0000] "GET /?gclid=EAIaIQobChMIyu_6z6Cu8gIVox63AB3UDgDHEAEYASAAEgJSgPD_BwE HTTP/1.1" 200 30135 "https://googleads.g.doubleclick.net/pagead/html/r20210809/r20110914/zrt_lookup.html?fsb=1" "Mozilla/5.0 (Linux; Android 9; vivo 1904 Build/PPR1.180610.011; wv) AppleWebKit/537.36 (KHTML, like Gecko) Version/4.0 Chrome/74.0.3729.136 Mobile Safari/537.36"
47.29.38.117 - - [13/Aug/2021:14:56:23 +0000] "GET /assets/css/bootstrap.min.css HTTP/1.1" 200 155799 "https://admission.europeankids.in/?gclid=EAIaIQobChMIyu_6z6Cu8gIVox63AB3UDgDHEAEYASAAEgJSgPD_BwE" "Mozilla/5.0 (Linux; Android 9; vivo 1904 Build/PPR1.180610.011; wv) AppleWebKit/537.36 (KHTML, like Gecko) Version/4.0 Chrome/74.0.3729.136 Mobile Safari/537.36"
47.29.38.117 - - [13/Aug/2021:14:56:23 +0000] "GET /assets/css/icons.min.css HTTP/1.1" 200 98372 "https://admission.europeankids.in/?gclid=EAIaIQobChMIyu_6z6Cu8gIVox63AB3UDgDHEAEYASAAEgJSgPD_BwE" "Mozilla/5.0 (Linux; Android 9; vivo 1904 Build/PPR1.180610.011; wv) AppleWebKit/537.36 (KHTML, like Gecko) Version/4.0 Chrome/74.0.3729.136 Mobile Safari/537.36"
47.29.38.117 - - [13/Aug/2021:14:56:26 +0000] "GET /assets/css/plugins.css HTTP/1.1" 200 30035 "https://admission.europeankids.in/?gclid=EAIaIQobChMIyu_6z6Cu8gIVox63AB3UDgDHEAEYASAAEgJSgPD_BwE" "Mozilla/5.0 (Linux; Android 9; vivo 1904 Build/PPR1.180610.011; wv) AppleWebKit/537.36 (KHTML, like Gecko) Version/4.0 Chrome/74.0.3729.136 Mobile Safari/537.36"
47.29.38.117 - - [13/Aug/2021:14:56:26 +0000] "GET /assets/js/vendor/modernizr-3.11.7.min.js HTTP/1.1" 200 8620 "https://admission.europeankids.in/?gclid=EAIaIQobChMIyu_6z6Cu8gIVox63AB3UDgDHEAEYASAAEgJSgPD_BwE" "Mozilla/5.0 (Linux; Android 9; vivo 1904 Build/PPR1.180610.011; wv) AppleWebKit/537.36 (KHTML, like Gecko) Version/4.0 Chrome/74.0.3729.136 Mobile Safari/537.36"
47.29.38.117 - - [13/Aug/2021:14:56:26 +0000] "GET /gen_validatorv4.js HTTP/1.1" 200 30812 "https://admission.europeankids.in/?gclid=EAIaIQobChMIyu_6z6Cu8gIVox63AB3UDgDHEAEYASAAEgJSgPD_BwE" "Mozilla/5.0 (Linux; Android 9; vivo 1904 Build/PPR1.180610.011; wv) AppleWebKit/537.36 (KHTML, like Gecko) Version/4.0 Chrome/74.0.3729.136 Mobile Safari/537.36"
47.29.38.117 - - [13/Aug/2021:14:56:27 +0000] "GET /assets/js/vendor/jquery-v2.2.4.min.js HTTP/1.1" 200 85578 "https://admission.europeankids.in/?gclid=EAIaIQobChMIyu_6z6Cu8gIVox63AB3UDgDHEAEYASAAEgJSgPD_BwE" "Mozilla/5.0 (Linux; Android 9; vivo 1904 Build/PPR1.180610.011; wv) AppleWebKit/537.36 (KHTML, like Gecko) Version/4.0 Chrome/74.0.3729.136 Mobile Safari/537.36"
47.29.38.117 - - [13/Aug/2021:14:56:27 +0000] "GET /assets/img/banner/banner-3.png HTTP/1.1" 200 101562 "https://admission.europeankids.in/?gclid=EAIaIQobChMIyu_6z6Cu8gIVox63AB3UDgDHEAEYASAAEgJSgPD_BwE" "Mozilla/5.0 (Linux; Android 9; vivo 1904 Build/PPR1.180610.011; wv) AppleWebKit/537.36 (KHTML, like Gecko) Version/4.0 Chrome/74.0.3729.136 Mobile Safari/537.36"
47.29.38.117 - - [13/Aug/2021:14:56:29 +0000] "GET /assets/js/popper.min.js HTTP/1.1" 200 18556 "https://admission.europeankids.in/?gclid=EAIaIQobChMIyu_6z6Cu8gIVox63AB3UDgDHEAEYASAAEgJSgPD_BwE" "Mozilla/5.0 (Linux; Android 9; vivo 1904 Build/PPR1.180610.011; wv) AppleWebKit/537.36 (KHTML, like Gecko) Version/4.0 Chrome/74.0.3729.136 Mobile Safari/537.36"
106.217.20.115 - - [13/Aug/2021:14:56:30 +0000] "GET /?gclid=EAIaIQobChMI5abe2aCu8gIVkxRoCh3LVQIFEAEYASAAEgIAivD_BwE HTTP/1.1" 200 30135 "https://game.038505.com/" "Mozilla/5.0 (Linux; Android 7.0; INTEX AQUA SELFIE Build/NRD90M; wv) AppleWebKit/537.36 (KHTML, like Gecko) Version/4.0 Chrome/58.0.3029.83 Mobile Safari/537.36"
106.217.20.115 - - [13/Aug/2021:14:56:30 +0000] "GET /assets/css/plugins.css HTTP/1.1" 200 30035 "https://admission.europeankids.in/?gclid=EAIaIQobChMI5abe2aCu8gIVkxRoCh3LVQIFEAEYASAAEgIAivD_BwE" "Mozilla/5.0 (Linux; Android 7.0; INTEX AQUA SELFIE Build/NRD90M; wv) AppleWebKit/537.36 (KHTML, like Gecko) Version/4.0 Chrome/58.0.3029.83 Mobile Safari/537.36"
47.29.38.117 - - [13/Aug/2021:14:56:31 +0000] "GET /assets/js/bootstrap.min.js HTTP/1.1" 200 60048 "https://admission.europeankids.in/?gclid=EAIaIQobChMIyu_6z6Cu8gIVox63AB3UDgDHEAEYASAAEgJSgPD_BwE" "Mozilla/5.0 (Linux; Android 9; vivo 1904 Build/PPR1.180610.011; wv) AppleWebKit/537.36 (KHTML, like Gecko) Version/4.0 Chrome/74.0.3729.136 Mobile Safari/537.36"
106.217.20.115 - - [13/Aug/2021:14:56:31 +0000] "GET /gen_validatorv4.js HTTP/1.1" 200 30812 "https://admission.europeankids.in/?gclid=EAIaIQobChMI5abe2aCu8gIVkxRoCh3LVQIFEAEYASAAEgIAivD_BwE" "Mozilla/5.0 (Linux; Android 7.0; INTEX AQUA SELFIE Build/NRD90M; wv) AppleWebKit/537.36 (KHTML, like Gecko) Version/4.0 Chrome/58.0.3029.83 Mobile Safari/537.36"
106.217.20.115 - - [13/Aug/2021:14:56:31 +0000] "GET /assets/js/vendor/modernizr-3.11.7.min.js HTTP/1.1" 200 8620 "https://admission.europeankids.in/?gclid=EAIaIQobChMI5abe2aCu8gIVkxRoCh3LVQIFEAEYASAAEgIAivD_BwE" "Mozilla/5.0 (Linux; Android 7.0; INTEX AQUA SELFIE Build/NRD90M; wv) AppleWebKit/537.36 (KHTML, like Gecko) Version/4.0 Chrome/58.0.3029.83 Mobile Safari/537.36"
106.217.20.115 - - [13/Aug/2021:14:56:31 +0000] "GET /assets/css/bootstrap.min.css HTTP/1.1" 200 155799 "https://admission.europeankids.in/?gclid=EAIaIQobChMI5abe2aCu8gIVkxRoCh3LVQIFEAEYASAAEgIAivD_BwE" "Mozilla/5.0 (Linux; Android 7.0; INTEX AQUA SELFIE Build/NRD90M; wv) AppleWebKit/537.36 (KHTML, like Gecko) Version/4.0 Chrome/58.0.3029.83 Mobile Safari/537.36"
47.29.38.117 - - [13/Aug/2021:14:56:26 +0000] "GET /assets/css/style.css HTTP/1.1" 200 195655 "https://admission.europeankids.in/?gclid=EAIaIQobChMIyu_6z6Cu8gIVox63AB3UDgDHEAEYASAAEgJSgPD_BwE" "Mozilla/5.0 (Linux; Android 9; vivo 1904 Build/PPR1.180610.011; wv) AppleWebKit/537.36 (KHTML, like Gecko) Version/4.0 Chrome/74.0.3729.136 Mobile Safari/537.36"
106.217.20.115 - - [13/Aug/2021:14:56:31 +0000] "GET /assets/css/icons.min.css HTTP/1.1" 200 98372 "https://admission.europeankids.in/?gclid=EAIaIQobChMI5abe2aCu8gIVkxRoCh3LVQIFEAEYASAAEgIAivD_BwE" "Mozilla/5.0 (Linux; Android 7.0; INTEX AQUA SELFIE Build/NRD90M; wv) AppleWebKit/537.36 (KHTML, like Gecko) Version/4.0 Chrome/58.0.3029.83 Mobile Safari/537.36"
106.217.20.115 - - [13/Aug/2021:14:56:31 +0000] "GET /assets/css/style.css HTTP/1.1" 200 195655 "https://admission.europeankids.in/?gclid=EAIaIQobChMI5abe2aCu8gIVkxRoCh3LVQIFEAEYASAAEgIAivD_BwE" "Mozilla/5.0 (Linux; Android 7.0; INTEX AQUA SELFIE Build/NRD90M; wv) AppleWebKit/537.36 (KHTML, like Gecko) Version/4.0 Chrome/58.0.3029.83 Mobile Safari/537.36"
106.217.20.115 - - [13/Aug/2021:14:56:33 +0000] "GET /assets/js/vendor/jquery-v2.2.4.min.js HTTP/1.1" 200 85578 "https://admission.europeankids.in/?gclid=EAIaIQobChMI5abe2aCu8gIVkxRoCh3LVQIFEAEYASAAEgIAivD_BwE" "Mozilla/5.0 (Linux; Android 7.0; INTEX AQUA SELFIE Build/NRD90M; wv) AppleWebKit/537.36 (KHTML, like Gecko) Version/4.0 Chrome/58.0.3029.83 Mobile Safari/537.36"
106.217.20.115 - - [13/Aug/2021:14:56:34 +0000] "GET /assets/js/popper.min.js HTTP/1.1" 200 18556 "https://admission.europeankids.in/?gclid=EAIaIQobChMI5abe2aCu8gIVkxRoCh3LVQIFEAEYASAAEgIAivD_BwE" "Mozilla/5.0 (Linux; Android 7.0; INTEX AQUA SELFIE Build/NRD90M; wv) AppleWebKit/537.36 (KHTML, like Gecko) Version/4.0 Chrome/58.0.3029.83 Mobile Safari/537.36"
106.217.20.115 - - [13/Aug/2021:14:56:34 +0000] "GET /assets/img/banner/international.png HTTP/1.1" 200 147908 "https://admission.europeankids.in/?gclid=EAIaIQobChMI5abe2aCu8gIVkxRoCh3LVQIFEAEYASAAEgIAivD_BwE" "Mozilla/5.0 (Linux; Android 7.0; INTEX AQUA SELFIE Build/NRD90M; wv) AppleWebKit/537.36 (KHTML, like Gecko) Version/4.0 Chrome/58.0.3029.83 Mobile Safari/537.36"
47.29.38.117 - - [13/Aug/2021:14:56:31 +0000] "GET /assets/js/plugins.js HTTP/1.1" 200 172668 "https://admission.europeankids.in/?gclid=EAIaIQobChMIyu_6z6Cu8gIVox63AB3UDgDHEAEYASAAEgJSgPD_BwE" "Mozilla/5.0 (Linux; Android 9; vivo 1904 Build/PPR1.180610.011; wv) AppleWebKit/537.36 (KHTML, like Gecko) Version/4.0 Chrome/74.0.3729.136 Mobile Safari/537.36"
106.217.20.115 - - [13/Aug/2021:14:56:34 +0000] "GET /assets/js/plugins.js HTTP/1.1" 200 172668 "https://admission.europeankids.in/?gclid=EAIaIQobChMI5abe2aCu8gIVkxRoCh3LVQIFEAEYASAAEgIAivD_BwE" "Mozilla/5.0 (Linux; Android 7.0; INTEX AQUA SELFIE Build/NRD90M; wv) AppleWebKit/537.36 (KHTML, like Gecko) Version/4.0 Chrome/58.0.3029.83 Mobile Safari/537.36"
106.217.20.115 - - [13/Aug/2021:14:56:37 +0000] "GET /assets/js/ajax-mail.js HTTP/1.1" 200 1201 "https://admission.europeankids.in/?gclid=EAIaIQobChMI5abe2aCu8gIVkxRoCh3LVQIFEAEYASAAEgIAivD_BwE" "Mozilla/5.0 (Linux; Android 7.0; INTEX AQUA SELFIE Build/NRD90M; wv) AppleWebKit/537.36 (KHTML, like Gecko) Version/4.0 Chrome/58.0.3029.83 Mobile Safari/537.36"
106.217.20.115 - - [13/Aug/2021:14:56:37 +0000] "GET /assets/js/main.js HTTP/1.1" 200 18493 "https://admission.europeankids.in/?gclid=EAIaIQobChMI5abe2aCu8gIVkxRoCh3LVQIFEAEYASAAEgIAivD_BwE" "Mozilla/5.0 (Linux; Android 7.0; INTEX AQUA SELFIE Build/NRD90M; wv) AppleWebKit/537.36 (KHTML, like Gecko) Version/4.0 Chrome/58.0.3029.83 Mobile Safari/537.36"
106.217.20.115 - - [13/Aug/2021:14:56:37 +0000] "GET /assets/img/banner/kids.png HTTP/1.1" 200 127484 "https://admission.europeankids.in/?gclid=EAIaIQobChMI5abe2aCu8gIVkxRoCh3LVQIFEAEYASAAEgIAivD_BwE" "Mozilla/5.0 (Linux; Android 7.0; INTEX AQUA SELFIE Build/NRD90M; wv) AppleWebKit/537.36 (KHTML, like Gecko) Version/4.0 Chrome/58.0.3029.83 Mobile Safari/537.36"
106.217.20.115 - - [13/Aug/2021:14:56:37 +0000] "GET /assets/img/icon-img/1.png HTTP/1.1" 200 18952 "https://admission.europeankids.in/?gclid=EAIaIQobChMI5abe2aCu8gIVkxRoCh3LVQIFEAEYASAAEgIAivD_BwE" "Mozilla/5.0 (Linux; Android 7.0; INTEX AQUA SELFIE Build/NRD90M; wv) AppleWebKit/537.36 (KHTML, like Gecko) Version/4.0 Chrome/58.0.3029.83 Mobile Safari/537.36"
106.217.20.115 - - [13/Aug/2021:14:56:38 +0000] "GET /assets/img/icon-img/2.png HTTP/1.1" 200 5123 "https://admission.europeankids.in/?gclid=EAIaIQobChMI5abe2aCu8gIVkxRoCh3LVQIFEAEYASAAEgIAivD_BwE" "Mozilla/5.0 (Linux; Android 7.0; INTEX AQUA SELFIE Build/NRD90M; wv) AppleWebKit/537.36 (KHTML, like Gecko) Version/4.0 Chrome/58.0.3029.83 Mobile Safari/537.36"
106.217.20.115 - - [13/Aug/2021:14:56:38 +0000] "GET /assets/img/icon-img/3.png HTTP/1.1" 200 7218 "https://admission.europeankids.in/?gclid=EAIaIQobChMI5abe2aCu8gIVkxRoCh3LVQIFEAEYASAAEgIAivD_BwE" "Mozilla/5.0 (Linux; Android 7.0; INTEX AQUA SELFIE Build/NRD90M; wv) AppleWebKit/537.36 (KHTML, like Gecko) Version/4.0 Chrome/58.0.3029.83 Mobile Safari/537.36"
106.217.20.115 - - [13/Aug/2021:14:56:37 +0000] "GET /assets/img/banner/banner-3.png HTTP/1.1" 200 101562 "https://admission.europeankids.in/?gclid=EAIaIQobChMI5abe2aCu8gIVkxRoCh3LVQIFEAEYASAAEgIAivD_BwE" "Mozilla/5.0 (Linux; Android 7.0; INTEX AQUA SELFIE Build/NRD90M; wv) AppleWebKit/537.36 (KHTML, like Gecko) Version/4.0 Chrome/58.0.3029.83 Mobile Safari/537.36"
106.217.20.115 - - [13/Aug/2021:14:56:39 +0000] "GET /assets/img/icon-img/4.png HTTP/1.1" 200 5344 "https://admission.europeankids.in/?gclid=EAIaIQobChMI5abe2aCu8gIVkxRoCh3LVQIFEAEYASAAEgIAivD_BwE" "Mozilla/5.0 (Linux; Android 7.0; INTEX AQUA SELFIE Build/NRD90M; wv) AppleWebKit/537.36 (KHTML, like Gecko) Version/4.0 Chrome/58.0.3029.83 Mobile Safari/537.36"
106.217.20.115 - - [13/Aug/2021:14:56:37 +0000] "GET /assets/js/bootstrap.min.js HTTP/1.1" 200 60048 "https://admission.europeankids.in/?gclid=EAIaIQobChMI5abe2aCu8gIVkxRoCh3LVQIFEAEYASAAEgIAivD_BwE" "Mozilla/5.0 (Linux; Android 7.0; INTEX AQUA SELFIE Build/NRD90M; wv) AppleWebKit/537.36 (KHTML, like Gecko) Version/4.0 Chrome/58.0.3029.83 Mobile Safari/537.36"
106.217.20.115 - - [13/Aug/2021:14:56:39 +0000] "GET /assets/img/icon-img/5.png HTTP/1.1" 200 13686 "https://admission.europeankids.in/?gclid=EAIaIQobChMI5abe2aCu8gIVkxRoCh3LVQIFEAEYASAAEgIAivD_BwE" "Mozilla/5.0 (Linux; Android 7.0; INTEX AQUA SELFIE Build/NRD90M; wv) AppleWebKit/537.36 (KHTML, like Gecko) Version/4.0 Chrome/58.0.3029.83 Mobile Safari/537.36"
106.217.20.115 - - [13/Aug/2021:14:56:39 +0000] "GET /assets/img/icon-img/6.png HTTP/1.1" 200 8353 "https://admission.europeankids.in/?gclid=EAIaIQobChMI5abe2aCu8gIVkxRoCh3LVQIFEAEYASAAEgIAivD_BwE" "Mozilla/5.0 (Linux; Android 7.0; INTEX AQUA SELFIE Build/NRD90M; wv) AppleWebKit/537.36 (KHTML, like Gecko) Version/4.0 Chrome/58.0.3029.83 Mobile Safari/537.36"
106.217.20.115 - - [13/Aug/2021:14:56:39 +0000] "GET /assets/img/icon-img/7.png HTTP/1.1" 200 10858 "https://admission.europeankids.in/?gclid=EAIaIQobChMI5abe2aCu8gIVkxRoCh3LVQIFEAEYASAAEgIAivD_BwE" "Mozilla/5.0 (Linux; Android 7.0; INTEX AQUA SELFIE Build/NRD90M; wv) AppleWebKit/537.36 (KHTML, like Gecko) Version/4.0 Chrome/58.0.3029.83 Mobile Safari/537.36"
106.217.20.115 - - [13/Aug/2021:14:56:39 +0000] "GET /assets/img/icon-img/8.png HTTP/1.1" 200 16263 "https://admission.europeankids.in/?gclid=EAIaIQobChMI5abe2aCu8gIVkxRoCh3LVQIFEAEYASAAEgIAivD_BwE" "Mozilla/5.0 (Linux; Android 7.0; INTEX AQUA SELFIE Build/NRD90M; wv) AppleWebKit/537.36 (KHTML, like Gecko) Version/4.0 Chrome/58.0.3029.83 Mobile Safari/537.36"
106.217.20.115 - - [13/Aug/2021:14:56:39 +0000] "GET /assets/img/icon-img/achieve-2.png HTTP/1.1" 200 3224 "https://admission.europeankids.in/?gclid=EAIaIQobChMI5abe2aCu8gIVkxRoCh3LVQIFEAEYASAAEgIAivD_BwE" "Mozilla/5.0 (Linux; Android 7.0; INTEX AQUA SELFIE Build/NRD90M; wv) AppleWebKit/537.36 (KHTML, like Gecko) Version/4.0 Chrome/58.0.3029.83 Mobile Safari/537.36"
106.217.20.115 - - [13/Aug/2021:14:56:39 +0000] "GET /assets/img/icon-img/achieve-1.png HTTP/1.1" 200 2405 "https://admission.europeankids.in/?gclid=EAIaIQobChMI5abe2aCu8gIVkxRoCh3LVQIFEAEYASAAEgIAivD_BwE" "Mozilla/5.0 (Linux; Android 7.0; INTEX AQUA SELFIE Build/NRD90M; wv) AppleWebKit/537.36 (KHTML, like Gecko) Version/4.0 Chrome/58.0.3029.83 Mobile Safari/537.36"
106.217.20.115 - - [13/Aug/2021:14:56:40 +0000] "GET /assets/img/icon-img/achieve-3.png HTTP/1.1" 200 3360 "https://admission.europeankids.in/?gclid=EAIaIQobChMI5abe2aCu8gIVkxRoCh3LVQIFEAEYASAAEgIAivD_BwE" "Mozilla/5.0 (Linux; Android 7.0; INTEX AQUA SELFIE Build/NRD90M; wv) AppleWebKit/537.36 (KHTML, like Gecko) Version/4.0 Chrome/58.0.3029.83 Mobile Safari/537.36"
106.217.20.115 - - [13/Aug/2021:14:56:40 +0000] "GET /assets/img/gallery/gallery-1.png HTTP/1.1" 200 9253 "https://admission.europeankids.in/?gclid=EAIaIQobChMI5abe2aCu8gIVkxRoCh3LVQIFEAEYASAAEgIAivD_BwE" "Mozilla/5.0 (Linux; Android 7.0; INTEX AQUA SELFIE Build/NRD90M; wv) AppleWebKit/537.36 (KHTML, like Gecko) Version/4.0 Chrome/58.0.3029.83 Mobile Safari/537.36"
106.217.20.115 - - [13/Aug/2021:14:56:40 +0000] "GET /assets/img/gallery/gallery-2.png HTTP/1.1" 200 9957 "https://admission.europeankids.in/?gclid=EAIaIQobChMI5abe2aCu8gIVkxRoCh3LVQIFEAEYASAAEgIAivD_BwE" "Mozilla/5.0 (Linux; Android 7.0; INTEX AQUA SELFIE Build/NRD90M; wv) AppleWebKit/537.36 (KHTML, like Gecko) Version/4.0 Chrome/58.0.3029.83 Mobile Safari/537.36"
106.217.20.115 - - [13/Aug/2021:14:56:40 +0000] "GET /assets/fonts/fontawesome-webfont.woff2?v=4.5.0 HTTP/1.1" 200 66624 "https://admission.europeankids.in/assets/css/icons.min.css" "Mozilla/5.0 (Linux; Android 7.0; INTEX AQUA SELFIE Build/NRD90M; wv) AppleWebKit/537.36 (KHTML, like Gecko) Version/4.0 Chrome/58.0.3029.83 Mobile Safari/537.36"
106.217.20.115 - - [13/Aug/2021:14:56:40 +0000] "GET /assets/img/gallery/gallery-4.png HTTP/1.1" 200 11768 "https://admission.europeankids.in/?gclid=EAIaIQobChMI5abe2aCu8gIVkxRoCh3LVQIFEAEYASAAEgIAivD_BwE" "Mozilla/5.0 (Linux; Android 7.0; INTEX AQUA SELFIE Build/NRD90M; wv) AppleWebKit/537.36 (KHTML, like Gecko) Version/4.0 Chrome/58.0.3029.83 Mobile Safari/537.36"
47.29.38.117 - - [13/Aug/2021:14:56:40 +0000] "GET /assets/js/ajax-mail.js HTTP/1.1" 200 1201 "https://admission.europeankids.in/?gclid=EAIaIQobChMIyu_6z6Cu8gIVox63AB3UDgDHEAEYASAAEgJSgPD_BwE" "Mozilla/5.0 (Linux; Android 9; vivo 1904 Build/PPR1.180610.011; wv) AppleWebKit/537.36 (KHTML, like Gecko) Version/4.0 Chrome/74.0.3729.136 Mobile Safari/537.36"
106.217.20.115 - - [13/Aug/2021:14:56:40 +0000] "GET /assets/img/gallery/gallery-5.png HTTP/1.1" 200 10792 "https://admission.europeankids.in/?gclid=EAIaIQobChMI5abe2aCu8gIVkxRoCh3LVQIFEAEYASAAEgIAivD_BwE" "Mozilla/5.0 (Linux; Android 7.0; INTEX AQUA SELFIE Build/NRD90M; wv) AppleWebKit/537.36 (KHTML, like Gecko) Version/4.0 Chrome/58.0.3029.83 Mobile Safari/537.36"
106.217.20.115 - - [13/Aug/2021:14:56:40 +0000] "GET /assets/img/gallery/gallery-3.png HTTP/1.1" 200 9891 "https://admission.europeankids.in/?gclid=EAIaIQobChMI5abe2aCu8gIVkxRoCh3LVQIFEAEYASAAEgIAivD_BwE" "Mozilla/5.0 (Linux; Android 7.0; INTEX AQUA SELFIE Build/NRD90M; wv) AppleWebKit/537.36 (KHTML, like Gecko) Version/4.0 Chrome/58.0.3029.83 Mobile Safari/537.36"
106.217.20.115 - - [13/Aug/2021:14:56:40 +0000] "GET /assets/img/icon-img/section-shape-3.png HTTP/1.1" 200 1024 "https://admission.europeankids.in/assets/css/style.css" "Mozilla/5.0 (Linux; Android 7.0; INTEX AQUA SELFIE Build/NRD90M; wv) AppleWebKit/537.36 (KHTML, like Gecko) Version/4.0 Chrome/58.0.3029.83 Mobile Safari/537.36"
106.217.20.115 - - [13/Aug/2021:14:56:41 +0000] "GET /assets/img/icon-img/header-shape.png HTTP/1.1" 200 1577 "https://admission.europeankids.in/?gclid=EAIaIQobChMI5abe2aCu8gIVkxRoCh3LVQIFEAEYASAAEgIAivD_BwE" "Mozilla/5.0 (Linux; Android 7.0; INTEX AQUA SELFIE Build/NRD90M; wv) AppleWebKit/537.36 (KHTML, like Gecko) Version/4.0 Chrome/58.0.3029.83 Mobile Safari/537.36"
106.217.20.115 - - [13/Aug/2021:14:56:41 +0000] "GET /assets/img/gallery/gallery-6.png HTTP/1.1" 200 9741 "https://admission.europeankids.in/?gclid=EAIaIQobChMI5abe2aCu8gIVkxRoCh3LVQIFEAEYASAAEgIAivD_BwE" "Mozilla/5.0 (Linux; Android 7.0; INTEX AQUA SELFIE Build/NRD90M; wv) AppleWebKit/537.36 (KHTML, like Gecko) Version/4.0 Chrome/58.0.3029.83 Mobile Safari/537.36"
106.217.20.115 - - [13/Aug/2021:14:56:41 +0000] "GET /assets/img/slider/slider-4.jpg HTTP/1.1" 200 265153 "https://admission.europeankids.in/?gclid=EAIaIQobChMI5abe2aCu8gIVkxRoCh3LVQIFEAEYASAAEgIAivD_BwE" "Mozilla/5.0 (Linux; Android 7.0; INTEX AQUA SELFIE Build/NRD90M; wv) AppleWebKit/537.36 (KHTML, like Gecko) Version/4.0 Chrome/58.0.3029.83 Mobile Safari/537.36"
106.217.20.115 - - [13/Aug/2021:14:56:41 +0000] "GET /assets/img/icon-img/section-shape-4.png HTTP/1.1" 200 1024 "https://admission.europeankids.in/assets/css/style.css" "Mozilla/5.0 (Linux; Android 7.0; INTEX AQUA SELFIE Build/NRD90M; wv) AppleWebKit/537.36 (KHTML, like Gecko) Version/4.0 Chrome/58.0.3029.83 Mobile Safari/537.36"
47.29.38.117 - - [13/Aug/2021:14:56:42 +0000] "GET /assets/js/main.js HTTP/1.1" 200 18493 "https://admission.europeankids.in/?gclid=EAIaIQobChMIyu_6z6Cu8gIVox63AB3UDgDHEAEYASAAEgJSgPD_BwE" "Mozilla/5.0 (Linux; Android 9; vivo 1904 Build/PPR1.180610.011; wv) AppleWebKit/537.36 (KHTML, like Gecko) Version/4.0 Chrome/74.0.3729.136 Mobile Safari/537.36"
47.29.38.117 - - [13/Aug/2021:14:56:43 +0000] "GET /assets/img/banner/international.png HTTP/1.1" 200 147908 "https://admission.europeankids.in/?gclid=EAIaIQobChMIyu_6z6Cu8gIVox63AB3UDgDHEAEYASAAEgJSgPD_BwE" "Mozilla/5.0 (Linux; Android 9; vivo 1904 Build/PPR1.180610.011; wv) AppleWebKit/537.36 (KHTML, like Gecko) Version/4.0 Chrome/74.0.3729.136 Mobile Safari/537.36"
106.217.20.115 - - [13/Aug/2021:14:56:41 +0000] "GET /assets/img/bg/bg-6.jpg HTTP/1.1" 200 345311 "https://admission.europeankids.in/?gclid=EAIaIQobChMI5abe2aCu8gIVkxRoCh3LVQIFEAEYASAAEgIAivD_BwE" "Mozilla/5.0 (Linux; Android 7.0; INTEX AQUA SELFIE Build/NRD90M; wv) AppleWebKit/537.36 (KHTML, like Gecko) Version/4.0 Chrome/58.0.3029.83 Mobile Safari/537.36"
47.29.38.117 - - [13/Aug/2021:14:56:43 +0000] "GET /assets/img/banner/kids.png HTTP/1.1" 200 127484 "https://admission.europeankids.in/?gclid=EAIaIQobChMIyu_6z6Cu8gIVox63AB3UDgDHEAEYASAAEgJSgPD_BwE" "Mozilla/5.0 (Linux; Android 9; vivo 1904 Build/PPR1.180610.011; wv) AppleWebKit/537.36 (KHTML, like Gecko) Version/4.0 Chrome/74.0.3729.136 Mobile Safari/537.36"
106.217.20.115 - - [13/Aug/2021:14:56:41 +0000] "GET /assets/img/slider/slider-2.jpg HTTP/1.1" 200 416547 "https://admission.europeankids.in/?gclid=EAIaIQobChMI5abe2aCu8gIVkxRoCh3LVQIFEAEYASAAEgIAivD_BwE" "Mozilla/5.0 (Linux; Android 7.0; INTEX AQUA SELFIE Build/NRD90M; wv) AppleWebKit/537.36 (KHTML, like Gecko) Version/4.0 Chrome/58.0.3029.83 Mobile Safari/537.36"
106.217.20.115 - - [13/Aug/2021:14:56:42 +0000] "GET /assets/img/bg/bg-4.jpg HTTP/1.1" 200 355471 "https://admission.europeankids.in/?gclid=EAIaIQobChMI5abe2aCu8gIVkxRoCh3LVQIFEAEYASAAEgIAivD_BwE" "Mozilla/5.0 (Linux; Android 7.0; INTEX AQUA SELFIE Build/NRD90M; wv) AppleWebKit/537.36 (KHTML, like Gecko) Version/4.0 Chrome/58.0.3029.83 Mobile Safari/537.36"
47.29.38.117 - - [13/Aug/2021:14:56:49 +0000] "GET /assets/img/icon-img/1.png HTTP/1.1" 200 18952 "https://admission.europeankids.in/?gclid=EAIaIQobChMIyu_6z6Cu8gIVox63AB3UDgDHEAEYASAAEgJSgPD_BwE" "Mozilla/5.0 (Linux; Android 9; vivo 1904 Build/PPR1.180610.011; wv) AppleWebKit/537.36 (KHTML, like Gecko) Version/4.0 Chrome/74.0.3729.136 Mobile Safari/537.36"
47.29.38.117 - - [13/Aug/2021:14:56:49 +0000] "GET /assets/img/icon-img/2.png HTTP/1.1" 200 5123 "https://admission.europeankids.in/?gclid=EAIaIQobChMIyu_6z6Cu8gIVox63AB3UDgDHEAEYASAAEgJSgPD_BwE" "Mozilla/5.0 (Linux; Android 9; vivo 1904 Build/PPR1.180610.011; wv) AppleWebKit/537.36 (KHTML, like Gecko) Version/4.0 Chrome/74.0.3729.136 Mobile Safari/537.36"
47.29.38.117 - - [13/Aug/2021:14:56:49 +0000] "GET /assets/img/icon-img/3.png HTTP/1.1" 200 7218 "https://admission.europeankids.in/?gclid=EAIaIQobChMIyu_6z6Cu8gIVox63AB3UDgDHEAEYASAAEgJSgPD_BwE" "Mozilla/5.0 (Linux; Android 9; vivo 1904 Build/PPR1.180610.011; wv) AppleWebKit/537.36 (KHTML, like Gecko) Version/4.0 Chrome/74.0.3729.136 Mobile Safari/537.36"
47.29.38.117 - - [13/Aug/2021:14:56:49 +0000] "GET /assets/img/icon-img/4.png HTTP/1.1" 200 5344 "https://admission.europeankids.in/?gclid=EAIaIQobChMIyu_6z6Cu8gIVox63AB3UDgDHEAEYASAAEgJSgPD_BwE" "Mozilla/5.0 (Linux; Android 9; vivo 1904 Build/PPR1.180610.011; wv) AppleWebKit/537.36 (KHTML, like Gecko) Version/4.0 Chrome/74.0.3729.136 Mobile Safari/537.36"
47.29.38.117 - - [13/Aug/2021:14:56:50 +0000] "GET /assets/img/icon-img/5.png HTTP/1.1" 200 13686 "https://admission.europeankids.in/?gclid=EAIaIQobChMIyu_6z6Cu8gIVox63AB3UDgDHEAEYASAAEgJSgPD_BwE" "Mozilla/5.0 (Linux; Android 9; vivo 1904 Build/PPR1.180610.011; wv) AppleWebKit/537.36 (KHTML, like Gecko) Version/4.0 Chrome/74.0.3729.136 Mobile Safari/537.36"
47.29.38.117 - - [13/Aug/2021:14:56:50 +0000] "GET /assets/img/icon-img/6.png HTTP/1.1" 200 8353 "https://admission.europeankids.in/?gclid=EAIaIQobChMIyu_6z6Cu8gIVox63AB3UDgDHEAEYASAAEgJSgPD_BwE" "Mozilla/5.0 (Linux; Android 9; vivo 1904 Build/PPR1.180610.011; wv) AppleWebKit/537.36 (KHTML, like Gecko) Version/4.0 Chrome/74.0.3729.136 Mobile Safari/537.36"
47.29.38.117 - - [13/Aug/2021:14:56:50 +0000] "GET /assets/img/icon-img/7.png HTTP/1.1" 200 10858 "https://admission.europeankids.in/?gclid=EAIaIQobChMIyu_6z6Cu8gIVox63AB3UDgDHEAEYASAAEgJSgPD_BwE" "Mozilla/5.0 (Linux; Android 9; vivo 1904 Build/PPR1.180610.011; wv) AppleWebKit/537.36 (KHTML, like Gecko) Version/4.0 Chrome/74.0.3729.136 Mobile Safari/537.36"
47.29.38.117 - - [13/Aug/2021:14:56:50 +0000] "GET /assets/img/icon-img/8.png HTTP/1.1" 200 16263 "https://admission.europeankids.in/?gclid=EAIaIQobChMIyu_6z6Cu8gIVox63AB3UDgDHEAEYASAAEgJSgPD_BwE" "Mozilla/5.0 (Linux; Android 9; vivo 1904 Build/PPR1.180610.011; wv) AppleWebKit/537.36 (KHTML, like Gecko) Version/4.0 Chrome/74.0.3729.136 Mobile Safari/537.36"
47.29.38.117 - - [13/Aug/2021:14:56:50 +0000] "GET /assets/img/icon-img/achieve-2.png HTTP/1.1" 200 3224 "https://admission.europeankids.in/?gclid=EAIaIQobChMIyu_6z6Cu8gIVox63AB3UDgDHEAEYASAAEgJSgPD_BwE" "Mozilla/5.0 (Linux; Android 9; vivo 1904 Build/PPR1.180610.011; wv) AppleWebKit/537.36 (KHTML, like Gecko) Version/4.0 Chrome/74.0.3729.136 Mobile Safari/537.36"
47.29.38.117 - - [13/Aug/2021:14:56:50 +0000] "GET /assets/img/icon-img/achieve-1.png HTTP/1.1" 200 2405 "https://admission.europeankids.in/?gclid=EAIaIQobChMIyu_6z6Cu8gIVox63AB3UDgDHEAEYASAAEgJSgPD_BwE" "Mozilla/5.0 (Linux; Android 9; vivo 1904 Build/PPR1.180610.011; wv) AppleWebKit/537.36 (KHTML, like Gecko) Version/4.0 Chrome/74.0.3729.136 Mobile Safari/537.36"
47.29.38.117 - - [13/Aug/2021:14:56:50 +0000] "GET /assets/img/icon-img/achieve-3.png HTTP/1.1" 200 3360 "https://admission.europeankids.in/?gclid=EAIaIQobChMIyu_6z6Cu8gIVox63AB3UDgDHEAEYASAAEgJSgPD_BwE" "Mozilla/5.0 (Linux; Android 9; vivo 1904 Build/PPR1.180610.011; wv) AppleWebKit/537.36 (KHTML, like Gecko) Version/4.0 Chrome/74.0.3729.136 Mobile Safari/537.36"
47.29.38.117 - - [13/Aug/2021:14:56:50 +0000] "GET /assets/img/gallery/gallery-1.png HTTP/1.1" 200 9253 "https://admission.europeankids.in/?gclid=EAIaIQobChMIyu_6z6Cu8gIVox63AB3UDgDHEAEYASAAEgJSgPD_BwE" "Mozilla/5.0 (Linux; Android 9; vivo 1904 Build/PPR1.180610.011; wv) AppleWebKit/537.36 (KHTML, like Gecko) Version/4.0 Chrome/74.0.3729.136 Mobile Safari/537.36"
47.29.38.117 - - [13/Aug/2021:14:56:50 +0000] "GET /assets/img/gallery/gallery-2.png HTTP/1.1" 200 9957 "https://admission.europeankids.in/?gclid=EAIaIQobChMIyu_6z6Cu8gIVox63AB3UDgDHEAEYASAAEgJSgPD_BwE" "Mozilla/5.0 (Linux; Android 9; vivo 1904 Build/PPR1.180610.011; wv) AppleWebKit/537.36 (KHTML, like Gecko) Version/4.0 Chrome/74.0.3729.136 Mobile Safari/537.36"
47.29.38.117 - - [13/Aug/2021:14:56:50 +0000] "GET /assets/img/gallery/gallery-3.png HTTP/1.1" 200 9891 "https://admission.europeankids.in/?gclid=EAIaIQobChMIyu_6z6Cu8gIVox63AB3UDgDHEAEYASAAEgJSgPD_BwE" "Mozilla/5.0 (Linux; Android 9; vivo 1904 Build/PPR1.180610.011; wv) AppleWebKit/537.36 (KHTML, like Gecko) Version/4.0 Chrome/74.0.3729.136 Mobile Safari/537.36"
47.29.38.117 - - [13/Aug/2021:14:56:51 +0000] "GET /assets/img/gallery/gallery-4.png HTTP/1.1" 200 11768 "https://admission.europeankids.in/?gclid=EAIaIQobChMIyu_6z6Cu8gIVox63AB3UDgDHEAEYASAAEgJSgPD_BwE" "Mozilla/5.0 (Linux; Android 9; vivo 1904 Build/PPR1.180610.011; wv) AppleWebKit/537.36 (KHTML, like Gecko) Version/4.0 Chrome/74.0.3729.136 Mobile Safari/537.36"
47.29.38.117 - - [13/Aug/2021:14:56:51 +0000] "GET /assets/img/gallery/gallery-5.png HTTP/1.1" 200 10792 "https://admission.europeankids.in/?gclid=EAIaIQobChMIyu_6z6Cu8gIVox63AB3UDgDHEAEYASAAEgJSgPD_BwE" "Mozilla/5.0 (Linux; Android 9; vivo 1904 Build/PPR1.180610.011; wv) AppleWebKit/537.36 (KHTML, like Gecko) Version/4.0 Chrome/74.0.3729.136 Mobile Safari/537.36"
47.29.38.117 - - [13/Aug/2021:14:56:51 +0000] "GET /assets/fonts/fontawesome-webfont.woff2?v=4.5.0 HTTP/1.1" 200 66624 "https://admission.europeankids.in/assets/css/icons.min.css" "Mozilla/5.0 (Linux; Android 9; vivo 1904 Build/PPR1.180610.011; wv) AppleWebKit/537.36 (KHTML, like Gecko) Version/4.0 Chrome/74.0.3729.136 Mobile Safari/537.36"
47.29.38.117 - - [13/Aug/2021:14:56:52 +0000] "GET /assets/img/gallery/gallery-6.png HTTP/1.1" 200 9741 "https://admission.europeankids.in/?gclid=EAIaIQobChMIyu_6z6Cu8gIVox63AB3UDgDHEAEYASAAEgJSgPD_BwE" "Mozilla/5.0 (Linux; Android 9; vivo 1904 Build/PPR1.180610.011; wv) AppleWebKit/537.36 (KHTML, like Gecko) Version/4.0 Chrome/74.0.3729.136 Mobile Safari/537.36"
106.217.20.115 - - [13/Aug/2021:14:57:09 +0000] "-" 408 - "-" "-"
106.217.20.115 - - [13/Aug/2021:14:57:11 +0000] "-" 408 - "-" "-"
106.217.20.115 - - [13/Aug/2021:14:56:40 +0000] "GET /assets/img/slider/slider-1.jpg HTTP/1.1" 200 1133371 "https://admission.europeankids.in/?gclid=EAIaIQobChMI5abe2aCu8gIVkxRoCh3LVQIFEAEYASAAEgIAivD_BwE" "Mozilla/5.0 (Linux; Android 7.0; INTEX AQUA SELFIE Build/NRD90M; wv) AppleWebKit/537.36 (KHTML, like Gecko) Version/4.0 Chrome/58.0.3029.83 Mobile Safari/537.36"
106.217.20.115 - - [13/Aug/2021:14:56:48 +0000] "GET /assets/img/slider/slider-5.jpg HTTP/1.1" 200 475724 "https://admission.europeankids.in/?gclid=EAIaIQobChMI5abe2aCu8gIVkxRoCh3LVQIFEAEYASAAEgIAivD_BwE" "Mozilla/5.0 (Linux; Android 7.0; INTEX AQUA SELFIE Build/NRD90M; wv) AppleWebKit/537.36 (KHTML, like Gecko) Version/4.0 Chrome/58.0.3029.83 Mobile Safari/537.36"
106.217.20.115 - - [13/Aug/2021:14:56:49 +0000] "GET /assets/img/slider/slider-6.jpg HTTP/1.1" 200 474078 "https://admission.europeankids.in/?gclid=EAIaIQobChMI5abe2aCu8gIVkxRoCh3LVQIFEAEYASAAEgIAivD_BwE" "Mozilla/5.0 (Linux; Android 7.0; INTEX AQUA SELFIE Build/NRD90M; wv) AppleWebKit/537.36 (KHTML, like Gecko) Version/4.0 Chrome/58.0.3029.83 Mobile Safari/537.36"
106.217.20.115 - - [13/Aug/2021:14:56:47 +0000] "GET /assets/img/slider/slider-3.jpg HTTP/1.1" 200 537835 "https://admission.europeankids.in/?gclid=EAIaIQobChMI5abe2aCu8gIVkxRoCh3LVQIFEAEYASAAEgIAivD_BwE" "Mozilla/5.0 (Linux; Android 7.0; INTEX AQUA SELFIE Build/NRD90M; wv) AppleWebKit/537.36 (KHTML, like Gecko) Version/4.0 Chrome/58.0.3029.83 Mobile Safari/537.36"
27.60.51.144 - - [13/Aug/2021:14:58:30 +0000] "GET /?gclid=EAIaIQobChMIjevRqqGu8gIVnHxoCh3MjASyEAEYASAAEgJdYPD_BwE HTTP/1.1" 200 30135 "https://googleads.g.doubleclick.net/pagead/ads?client=ca-pub-3477029576294542&output=html&h=300&slotname=5334458592&adk=1782176908&adf=555483198&pi=t.ma~as.5334458592&w=360&lmt=1628587713&rafmt=1&psa=1&format=360x300&url=https%3A%2F%2Ffuwongame.com%2Fgames%2Fhechengqiangshou%2Findex_fuwon_auto.html&flash=0&fwr=1&fwrattr=true&rpe=1&resp_fmts=3&sfro=1&wgl=1&dt=1628866791403&bpp=12&bdt=112320&idt=12&shv=r20210809&mjsv=m202108100101&ptt=9&saldr=aa&abxe=1&cookie=ID%3D7a6ee582bfb00603-22204b87a8c900eb%3AT%3D1624517995%3ART%3D1624517995%3AS%3DALNI_MbihwUe8GX5iUnMZYEW3XNZqXXjQw&prev_fmts=0x0%2C360x300%2C360x568%2C360x568%2C360x300%2C360x300%2C360x568&nras=4&correlator=1385996970035&frm=20&pv=1&ga_vid=530777716.1628866679&ga_sid=1628866679&ga_hid=1985814916&ga_fc=0&u_tz=330&u_his=3&u_java=0&u_h=640&u_w=360&u_ah=640&u_aw=360&u_cd=24&u_nplug=0&u_nmime=0&adx=0&ady=357&biw=360&bih=568&scr_x=0&scr_y=90&eid=20211866%2C31060475%2C31062298&oid=3&psts=AGkb-H9TjB6kNGMOKSdShdRj0QTLSyY3LiPYonXiLoLZFCJZjMeTF2BPb1N6-m8glYvWRibN4_vnQtfreg%2CAGkb-H_Vn3I1nnvnaBsKwQz6QU4YOWvNGSO_GP7IV8SuiENcjH5p72-4PJk5NoTl4sifX63tuvNgSiVs8g%2CAGkb-H8IyhI2aLdO3jnsNqFT-e01maoSNpOe9yCsPjigeON3iL43OSBzCxUMfKwmyemaq90nSMJ8gQOZDsSF&pvsid=1206659573142874&pem=285&ref=https%3A%2F%2F0afefb2a4c85a306d95738bf659145db.safeframe.googlesyndication.com%2Fsafeframe%2F1-0-38%2Fhtml%2Fcontainer.html&eae=0&fc=1920&brdim=0%2C0%2C0%2C0%2C360%2C0%2C360%2C568%2C360%2C568&vis=1&rsz=%7C%7CeE%7C&abl=CS&pfx=0&fu=128&bc=31&ifi=8&uci=a!8&fsb=1&xpc=E32cWyREcG&p=https%3A//fuwongame.com&dtd=53" "Mozilla/5.0 (Linux; Android 7.0; vivo 1714 Build/NRD90M; wv) AppleWebKit/537.36 (KHTML, like Gecko) Version/4.0 Chrome/88.0.4324.181 Mobile Safari/537.36"
27.60.51.144 - - [13/Aug/2021:14:58:30 +0000] "GET /assets/css/bootstrap.min.css HTTP/1.1" 200 155799 "https://admission.europeankids.in/?gclid=EAIaIQobChMIjevRqqGu8gIVnHxoCh3MjASyEAEYASAAEgJdYPD_BwE" "Mozilla/5.0 (Linux; Android 7.0; vivo 1714 Build/NRD90M; wv) AppleWebKit/537.36 (KHTML, like Gecko) Version/4.0 Chrome/88.0.4324.181 Mobile Safari/537.36"
27.60.51.144 - - [13/Aug/2021:14:58:32 +0000] "GET /assets/css/style.css HTTP/1.1" 200 195655 "https://admission.europeankids.in/?gclid=EAIaIQobChMIjevRqqGu8gIVnHxoCh3MjASyEAEYASAAEgJdYPD_BwE" "Mozilla/5.0 (Linux; Android 7.0; vivo 1714 Build/NRD90M; wv) AppleWebKit/537.36 (KHTML, like Gecko) Version/4.0 Chrome/88.0.4324.181 Mobile Safari/537.36"
106.205.49.168 - - [13/Aug/2021:14:58:32 +0000] "GET /assets/css/plugins.css HTTP/1.1" 200 30035 "https://admission.europeankids.in/?gclid=EAIaIQobChMIjevRqqGu8gIVnHxoCh3MjASyEAEYASAAEgJdYPD_BwE" "Mozilla/5.0 (Linux; Android 7.0; vivo 1714 Build/NRD90M; wv) AppleWebKit/537.36 (KHTML, like Gecko) Version/4.0 Chrome/88.0.4324.181 Mobile Safari/537.36"
27.60.51.144 - - [13/Aug/2021:14:58:32 +0000] "GET /assets/js/vendor/modernizr-3.11.7.min.js HTTP/1.1" 200 8620 "https://admission.europeankids.in/?gclid=EAIaIQobChMIjevRqqGu8gIVnHxoCh3MjASyEAEYASAAEgJdYPD_BwE" "Mozilla/5.0 (Linux; Android 7.0; vivo 1714 Build/NRD90M; wv) AppleWebKit/537.36 (KHTML, like Gecko) Version/4.0 Chrome/88.0.4324.181 Mobile Safari/537.36"
106.205.49.168 - - [13/Aug/2021:14:58:32 +0000] "GET /gen_validatorv4.js HTTP/1.1" 200 30812 "https://admission.europeankids.in/?gclid=EAIaIQobChMIjevRqqGu8gIVnHxoCh3MjASyEAEYASAAEgJdYPD_BwE" "Mozilla/5.0 (Linux; Android 7.0; vivo 1714 Build/NRD90M; wv) AppleWebKit/537.36 (KHTML, like Gecko) Version/4.0 Chrome/88.0.4324.181 Mobile Safari/537.36"
106.205.49.168 - - [13/Aug/2021:14:58:32 +0000] "GET /assets/css/icons.min.css HTTP/1.1" 200 98372 "https://admission.europeankids.in/?gclid=EAIaIQobChMIjevRqqGu8gIVnHxoCh3MjASyEAEYASAAEgJdYPD_BwE" "Mozilla/5.0 (Linux; Android 7.0; vivo 1714 Build/NRD90M; wv) AppleWebKit/537.36 (KHTML, like Gecko) Version/4.0 Chrome/88.0.4324.181 Mobile Safari/537.36"
106.205.49.168 - - [13/Aug/2021:14:58:35 +0000] "GET /assets/js/vendor/jquery-v2.2.4.min.js HTTP/1.1" 200 85578 "https://admission.europeankids.in/?gclid=EAIaIQobChMIjevRqqGu8gIVnHxoCh3MjASyEAEYASAAEgJdYPD_BwE" "Mozilla/5.0 (Linux; Android 7.0; vivo 1714 Build/NRD90M; wv) AppleWebKit/537.36 (KHTML, like Gecko) Version/4.0 Chrome/88.0.4324.181 Mobile Safari/537.36"
106.205.49.168 - - [13/Aug/2021:14:58:36 +0000] "GET /assets/js/popper.min.js HTTP/1.1" 200 18556 "https://admission.europeankids.in/?gclid=EAIaIQobChMIjevRqqGu8gIVnHxoCh3MjASyEAEYASAAEgJdYPD_BwE" "Mozilla/5.0 (Linux; Android 7.0; vivo 1714 Build/NRD90M; wv) AppleWebKit/537.36 (KHTML, like Gecko) Version/4.0 Chrome/88.0.4324.181 Mobile Safari/537.36"
106.205.49.168 - - [13/Aug/2021:14:58:36 +0000] "GET /assets/js/bootstrap.min.js HTTP/1.1" 200 60048 "https://admission.europeankids.in/?gclid=EAIaIQobChMIjevRqqGu8gIVnHxoCh3MjASyEAEYASAAEgJdYPD_BwE" "Mozilla/5.0 (Linux; Android 7.0; vivo 1714 Build/NRD90M; wv) AppleWebKit/537.36 (KHTML, like Gecko) Version/4.0 Chrome/88.0.4324.181 Mobile Safari/537.36"
27.60.51.144 - - [13/Aug/2021:14:58:36 +0000] "GET /assets/js/ajax-mail.js HTTP/1.1" 200 1201 "https://admission.europeankids.in/?gclid=EAIaIQobChMIjevRqqGu8gIVnHxoCh3MjASyEAEYASAAEgJdYPD_BwE" "Mozilla/5.0 (Linux; Android 7.0; vivo 1714 Build/NRD90M; wv) AppleWebKit/537.36 (KHTML, like Gecko) Version/4.0 Chrome/88.0.4324.181 Mobile Safari/537.36"
27.60.51.144 - - [13/Aug/2021:14:58:36 +0000] "GET /assets/js/plugins.js HTTP/1.1" 200 172668 "https://admission.europeankids.in/?gclid=EAIaIQobChMIjevRqqGu8gIVnHxoCh3MjASyEAEYASAAEgJdYPD_BwE" "Mozilla/5.0 (Linux; Android 7.0; vivo 1714 Build/NRD90M; wv) AppleWebKit/537.36 (KHTML, like Gecko) Version/4.0 Chrome/88.0.4324.181 Mobile Safari/537.36"
27.60.51.144 - - [13/Aug/2021:14:58:36 +0000] "GET /assets/js/main.js HTTP/1.1" 200 18493 "https://admission.europeankids.in/?gclid=EAIaIQobChMIjevRqqGu8gIVnHxoCh3MjASyEAEYASAAEgJdYPD_BwE" "Mozilla/5.0 (Linux; Android 7.0; vivo 1714 Build/NRD90M; wv) AppleWebKit/537.36 (KHTML, like Gecko) Version/4.0 Chrome/88.0.4324.181 Mobile Safari/537.36"
106.205.49.168 - - [13/Aug/2021:14:58:36 +0000] "GET /assets/fonts/fontawesome-webfont.woff2?v=4.5.0 HTTP/1.1" 200 66624 "https://admission.europeankids.in/assets/css/icons.min.css" "Mozilla/5.0 (Linux; Android 7.0; vivo 1714 Build/NRD90M; wv) AppleWebKit/537.36 (KHTML, like Gecko) Version/4.0 Chrome/88.0.4324.181 Mobile Safari/537.36"
27.60.51.144 - - [13/Aug/2021:14:58:36 +0000] "GET /assets/img/icon-img/header-shape.png HTTP/1.1" 200 1577 "https://admission.europeankids.in/?gclid=EAIaIQobChMIjevRqqGu8gIVnHxoCh3MjASyEAEYASAAEgJdYPD_BwE" "Mozilla/5.0 (Linux; Android 7.0; vivo 1714 Build/NRD90M; wv) AppleWebKit/537.36 (KHTML, like Gecko) Version/4.0 Chrome/88.0.4324.181 Mobile Safari/537.36"
27.60.51.144 - - [13/Aug/2021:14:58:37 +0000] "GET /assets/img/icon-img/section-shape-3.png HTTP/1.1" 200 1024 "https://admission.europeankids.in/assets/css/style.css" "Mozilla/5.0 (Linux; Android 7.0; vivo 1714 Build/NRD90M; wv) AppleWebKit/537.36 (KHTML, like Gecko) Version/4.0 Chrome/88.0.4324.181 Mobile Safari/537.36"
106.205.49.168 - - [13/Aug/2021:14:58:36 +0000] "GET /assets/img/banner/banner-3.png HTTP/1.1" 200 101562 "https://admission.europeankids.in/?gclid=EAIaIQobChMIjevRqqGu8gIVnHxoCh3MjASyEAEYASAAEgJdYPD_BwE" "Mozilla/5.0 (Linux; Android 7.0; vivo 1714 Build/NRD90M; wv) AppleWebKit/537.36 (KHTML, like Gecko) Version/4.0 Chrome/88.0.4324.181 Mobile Safari/537.36"
27.60.51.144 - - [13/Aug/2021:14:58:38 +0000] "GET /assets/img/banner/international.png HTTP/1.1" 200 147908 "https://admission.europeankids.in/?gclid=EAIaIQobChMIjevRqqGu8gIVnHxoCh3MjASyEAEYASAAEgJdYPD_BwE" "Mozilla/5.0 (Linux; Android 7.0; vivo 1714 Build/NRD90M; wv) AppleWebKit/537.36 (KHTML, like Gecko) Version/4.0 Chrome/88.0.4324.181 Mobile Safari/537.36"
157.38.249.79 - - [13/Aug/2021:14:59:29 +0000] "GET /?gclid=EAIaIQobChMI0Puex6Gu8gIVRym8Ch298QGuEAEYASAAEgIq8fD_BwE HTTP/1.1" 200 30135 "https://googleads.g.doubleclick.net/" "Mozilla/5.0 (Linux; Android 9; vivo 1906 Build/PKQ1.190616.001; wv) AppleWebKit/537.36 (KHTML, like Gecko) Version/4.0 Chrome/91.0.4472.101 Mobile Safari/537.36"
157.38.249.79 - - [13/Aug/2021:14:59:30 +0000] "GET /assets/css/icons.min.css HTTP/1.1" 200 98372 "https://admission.europeankids.in/?gclid=EAIaIQobChMI0Puex6Gu8gIVRym8Ch298QGuEAEYASAAEgIq8fD_BwE" "Mozilla/5.0 (Linux; Android 9; vivo 1906 Build/PKQ1.190616.001; wv) AppleWebKit/537.36 (KHTML, like Gecko) Version/4.0 Chrome/91.0.4472.101 Mobile Safari/537.36"
157.38.249.79 - - [13/Aug/2021:14:59:30 +0000] "GET /assets/css/bootstrap.min.css HTTP/1.1" 200 155799 "https://admission.europeankids.in/?gclid=EAIaIQobChMI0Puex6Gu8gIVRym8Ch298QGuEAEYASAAEgIq8fD_BwE" "Mozilla/5.0 (Linux; Android 9; vivo 1906 Build/PKQ1.190616.001; wv) AppleWebKit/537.36 (KHTML, like Gecko) Version/4.0 Chrome/91.0.4472.101 Mobile Safari/537.36"
157.38.249.79 - - [13/Aug/2021:14:59:30 +0000] "GET /assets/css/plugins.css HTTP/1.1" 200 30035 "https://admission.europeankids.in/?gclid=EAIaIQobChMI0Puex6Gu8gIVRym8Ch298QGuEAEYASAAEgIq8fD_BwE" "Mozilla/5.0 (Linux; Android 9; vivo 1906 Build/PKQ1.190616.001; wv) AppleWebKit/537.36 (KHTML, like Gecko) Version/4.0 Chrome/91.0.4472.101 Mobile Safari/537.36"
157.38.249.79 - - [13/Aug/2021:14:59:30 +0000] "GET /assets/js/vendor/modernizr-3.11.7.min.js HTTP/1.1" 200 8620 "https://admission.europeankids.in/?gclid=EAIaIQobChMI0Puex6Gu8gIVRym8Ch298QGuEAEYASAAEgIq8fD_BwE" "Mozilla/5.0 (Linux; Android 9; vivo 1906 Build/PKQ1.190616.001; wv) AppleWebKit/537.36 (KHTML, like Gecko) Version/4.0 Chrome/91.0.4472.101 Mobile Safari/537.36"
157.38.249.79 - - [13/Aug/2021:14:59:30 +0000] "GET /gen_validatorv4.js HTTP/1.1" 200 30812 "https://admission.europeankids.in/?gclid=EAIaIQobChMI0Puex6Gu8gIVRym8Ch298QGuEAEYASAAEgIq8fD_BwE" "Mozilla/5.0 (Linux; Android 9; vivo 1906 Build/PKQ1.190616.001; wv) AppleWebKit/537.36 (KHTML, like Gecko) Version/4.0 Chrome/91.0.4472.101 Mobile Safari/537.36"
157.38.249.79 - - [13/Aug/2021:14:59:30 +0000] "GET /assets/js/vendor/jquery-v2.2.4.min.js HTTP/1.1" 200 85578 "https://admission.europeankids.in/?gclid=EAIaIQobChMI0Puex6Gu8gIVRym8Ch298QGuEAEYASAAEgIq8fD_BwE" "Mozilla/5.0 (Linux; Android 9; vivo 1906 Build/PKQ1.190616.001; wv) AppleWebKit/537.36 (KHTML, like Gecko) Version/4.0 Chrome/91.0.4472.101 Mobile Safari/537.36"
157.38.249.79 - - [13/Aug/2021:14:59:30 +0000] "GET /assets/css/style.css HTTP/1.1" 200 195655 "https://admission.europeankids.in/?gclid=EAIaIQobChMI0Puex6Gu8gIVRym8Ch298QGuEAEYASAAEgIq8fD_BwE" "Mozilla/5.0 (Linux; Android 9; vivo 1906 Build/PKQ1.190616.001; wv) AppleWebKit/537.36 (KHTML, like Gecko) Version/4.0 Chrome/91.0.4472.101 Mobile Safari/537.36"
157.38.249.79 - - [13/Aug/2021:14:59:31 +0000] "GET /assets/js/popper.min.js HTTP/1.1" 200 18556 "https://admission.europeankids.in/?gclid=EAIaIQobChMI0Puex6Gu8gIVRym8Ch298QGuEAEYASAAEgIq8fD_BwE" "Mozilla/5.0 (Linux; Android 9; vivo 1906 Build/PKQ1.190616.001; wv) AppleWebKit/537.36 (KHTML, like Gecko) Version/4.0 Chrome/91.0.4472.101 Mobile Safari/537.36"
157.38.249.79 - - [13/Aug/2021:14:59:31 +0000] "GET /assets/js/bootstrap.min.js HTTP/1.1" 200 60048 "https://admission.europeankids.in/?gclid=EAIaIQobChMI0Puex6Gu8gIVRym8Ch298QGuEAEYASAAEgIq8fD_BwE" "Mozilla/5.0 (Linux; Android 9; vivo 1906 Build/PKQ1.190616.001; wv) AppleWebKit/537.36 (KHTML, like Gecko) Version/4.0 Chrome/91.0.4472.101 Mobile Safari/537.36"
157.38.249.79 - - [13/Aug/2021:14:59:31 +0000] "GET /assets/js/plugins.js HTTP/1.1" 200 172668 "https://admission.europeankids.in/?gclid=EAIaIQobChMI0Puex6Gu8gIVRym8Ch298QGuEAEYASAAEgIq8fD_BwE" "Mozilla/5.0 (Linux; Android 9; vivo 1906 Build/PKQ1.190616.001; wv) AppleWebKit/537.36 (KHTML, like Gecko) Version/4.0 Chrome/91.0.4472.101 Mobile Safari/537.36"
157.38.249.79 - - [13/Aug/2021:14:59:31 +0000] "GET /assets/js/ajax-mail.js HTTP/1.1" 200 1201 "https://admission.europeankids.in/?gclid=EAIaIQobChMI0Puex6Gu8gIVRym8Ch298QGuEAEYASAAEgIq8fD_BwE" "Mozilla/5.0 (Linux; Android 9; vivo 1906 Build/PKQ1.190616.001; wv) AppleWebKit/537.36 (KHTML, like Gecko) Version/4.0 Chrome/91.0.4472.101 Mobile Safari/537.36"
157.38.249.79 - - [13/Aug/2021:14:59:31 +0000] "GET /assets/js/main.js HTTP/1.1" 200 18493 "https://admission.europeankids.in/?gclid=EAIaIQobChMI0Puex6Gu8gIVRym8Ch298QGuEAEYASAAEgIq8fD_BwE" "Mozilla/5.0 (Linux; Android 9; vivo 1906 Build/PKQ1.190616.001; wv) AppleWebKit/537.36 (KHTML, like Gecko) Version/4.0 Chrome/91.0.4472.101 Mobile Safari/537.36"
157.38.249.79 - - [13/Aug/2021:14:59:31 +0000] "GET /assets/img/banner/banner-3.png HTTP/1.1" 200 101562 "https://admission.europeankids.in/?gclid=EAIaIQobChMI0Puex6Gu8gIVRym8Ch298QGuEAEYASAAEgIq8fD_BwE" "Mozilla/5.0 (Linux; Android 9; vivo 1906 Build/PKQ1.190616.001; wv) AppleWebKit/537.36 (KHTML, like Gecko) Version/4.0 Chrome/91.0.4472.101 Mobile Safari/537.36"
157.38.249.79 - - [13/Aug/2021:14:59:31 +0000] "GET /assets/fonts/fontawesome-webfont.woff2?v=4.5.0 HTTP/1.1" 200 66624 "https://admission.europeankids.in/assets/css/icons.min.css" "Mozilla/5.0 (Linux; Android 9; vivo 1906 Build/PKQ1.190616.001; wv) AppleWebKit/537.36 (KHTML, like Gecko) Version/4.0 Chrome/91.0.4472.101 Mobile Safari/537.36"
157.38.249.79 - - [13/Aug/2021:14:59:31 +0000] "GET /assets/img/icon-img/header-shape.png HTTP/1.1" 200 1577 "https://admission.europeankids.in/?gclid=EAIaIQobChMI0Puex6Gu8gIVRym8Ch298QGuEAEYASAAEgIq8fD_BwE" "Mozilla/5.0 (Linux; Android 9; vivo 1906 Build/PKQ1.190616.001; wv) AppleWebKit/537.36 (KHTML, like Gecko) Version/4.0 Chrome/91.0.4472.101 Mobile Safari/537.36"
157.38.249.79 - - [13/Aug/2021:14:59:31 +0000] "GET /assets/img/icon-img/section-shape-3.png HTTP/1.1" 200 1024 "https://admission.europeankids.in/assets/css/style.css" "Mozilla/5.0 (Linux; Android 9; vivo 1906 Build/PKQ1.190616.001; wv) AppleWebKit/537.36 (KHTML, like Gecko) Version/4.0 Chrome/91.0.4472.101 Mobile Safari/537.36"
157.38.249.79 - - [13/Aug/2021:14:59:31 +0000] "GET /assets/img/icon-img/1.png HTTP/1.1" 200 18952 "https://admission.europeankids.in/?gclid=EAIaIQobChMI0Puex6Gu8gIVRym8Ch298QGuEAEYASAAEgIq8fD_BwE" "Mozilla/5.0 (Linux; Android 9; vivo 1906 Build/PKQ1.190616.001; wv) AppleWebKit/537.36 (KHTML, like Gecko) Version/4.0 Chrome/91.0.4472.101 Mobile Safari/537.36"
157.38.249.79 - - [13/Aug/2021:14:59:31 +0000] "GET /assets/img/icon-img/2.png HTTP/1.1" 200 5123 "https://admission.europeankids.in/?gclid=EAIaIQobChMI0Puex6Gu8gIVRym8Ch298QGuEAEYASAAEgIq8fD_BwE" "Mozilla/5.0 (Linux; Android 9; vivo 1906 Build/PKQ1.190616.001; wv) AppleWebKit/537.36 (KHTML, like Gecko) Version/4.0 Chrome/91.0.4472.101 Mobile Safari/537.36"
157.38.249.79 - - [13/Aug/2021:14:59:31 +0000] "GET /assets/img/icon-img/3.png HTTP/1.1" 200 7218 "https://admission.europeankids.in/?gclid=EAIaIQobChMI0Puex6Gu8gIVRym8Ch298QGuEAEYASAAEgIq8fD_BwE" "Mozilla/5.0 (Linux; Android 9; vivo 1906 Build/PKQ1.190616.001; wv) AppleWebKit/537.36 (KHTML, like Gecko) Version/4.0 Chrome/91.0.4472.101 Mobile Safari/537.36"
157.38.249.79 - - [13/Aug/2021:14:59:31 +0000] "GET /assets/img/banner/international.png HTTP/1.1" 200 147908 "https://admission.europeankids.in/?gclid=EAIaIQobChMI0Puex6Gu8gIVRym8Ch298QGuEAEYASAAEgIq8fD_BwE" "Mozilla/5.0 (Linux; Android 9; vivo 1906 Build/PKQ1.190616.001; wv) AppleWebKit/537.36 (KHTML, like Gecko) Version/4.0 Chrome/91.0.4472.101 Mobile Safari/537.36"
157.38.249.79 - - [13/Aug/2021:14:59:31 +0000] "GET /assets/img/banner/kids.png HTTP/1.1" 200 127484 "https://admission.europeankids.in/?gclid=EAIaIQobChMI0Puex6Gu8gIVRym8Ch298QGuEAEYASAAEgIq8fD_BwE" "Mozilla/5.0 (Linux; Android 9; vivo 1906 Build/PKQ1.190616.001; wv) AppleWebKit/537.36 (KHTML, like Gecko) Version/4.0 Chrome/91.0.4472.101 Mobile Safari/537.36"
157.38.249.79 - - [13/Aug/2021:14:59:31 +0000] "GET /assets/img/icon-img/4.png HTTP/1.1" 200 5344 "https://admission.europeankids.in/?gclid=EAIaIQobChMI0Puex6Gu8gIVRym8Ch298QGuEAEYASAAEgIq8fD_BwE" "Mozilla/5.0 (Linux; Android 9; vivo 1906 Build/PKQ1.190616.001; wv) AppleWebKit/537.36 (KHTML, like Gecko) Version/4.0 Chrome/91.0.4472.101 Mobile Safari/537.36"
157.38.249.79 - - [13/Aug/2021:14:59:31 +0000] "GET /assets/img/icon-img/5.png HTTP/1.1" 200 13686 "https://admission.europeankids.in/?gclid=EAIaIQobChMI0Puex6Gu8gIVRym8Ch298QGuEAEYASAAEgIq8fD_BwE" "Mozilla/5.0 (Linux; Android 9; vivo 1906 Build/PKQ1.190616.001; wv) AppleWebKit/537.36 (KHTML, like Gecko) Version/4.0 Chrome/91.0.4472.101 Mobile Safari/537.36"
157.38.249.79 - - [13/Aug/2021:14:59:31 +0000] "GET /assets/img/icon-img/6.png HTTP/1.1" 200 8353 "https://admission.europeankids.in/?gclid=EAIaIQobChMI0Puex6Gu8gIVRym8Ch298QGuEAEYASAAEgIq8fD_BwE" "Mozilla/5.0 (Linux; Android 9; vivo 1906 Build/PKQ1.190616.001; wv) AppleWebKit/537.36 (KHTML, like Gecko) Version/4.0 Chrome/91.0.4472.101 Mobile Safari/537.36"
157.38.249.79 - - [13/Aug/2021:14:59:31 +0000] "GET /assets/img/icon-img/7.png HTTP/1.1" 200 10858 "https://admission.europeankids.in/?gclid=EAIaIQobChMI0Puex6Gu8gIVRym8Ch298QGuEAEYASAAEgIq8fD_BwE" "Mozilla/5.0 (Linux; Android 9; vivo 1906 Build/PKQ1.190616.001; wv) AppleWebKit/537.36 (KHTML, like Gecko) Version/4.0 Chrome/91.0.4472.101 Mobile Safari/537.36"
157.38.249.79 - - [13/Aug/2021:14:59:31 +0000] "GET /assets/img/icon-img/achieve-2.png HTTP/1.1" 200 3224 "https://admission.europeankids.in/?gclid=EAIaIQobChMI0Puex6Gu8gIVRym8Ch298QGuEAEYASAAEgIq8fD_BwE" "Mozilla/5.0 (Linux; Android 9; vivo 1906 Build/PKQ1.190616.001; wv) AppleWebKit/537.36 (KHTML, like Gecko) Version/4.0 Chrome/91.0.4472.101 Mobile Safari/537.36"
