223.185.92.37 - - [13/Aug/2021:15:51:08 +0000] "GET /assets/img/gallery/gallery-2.png HTTP/1.1" 200 9957 "https://admission.europeankids.in/?gclid=EAIaIQobChMItIWw4ayu8gIVlI6PCh2rggPWEAEYASAAEgLljPD_BwE" "Mozilla/5.0 (Linux; Android 7.0; Micromax C2APLS Build/NRD90M; wv) AppleWebKit/537.36 (KHTML, like Gecko) Version/4.0 Chrome/64.0.3282.137 Mobile Safari/537.36"
223.185.92.37 - - [13/Aug/2021:15:51:08 +0000] "GET /assets/img/gallery/gallery-3.png HTTP/1.1" 200 9891 "https://admission.europeankids.in/?gclid=EAIaIQobChMItIWw4ayu8gIVlI6PCh2rggPWEAEYASAAEgLljPD_BwE" "Mozilla/5.0 (Linux; Android 7.0; Micromax C2APLS Build/NRD90M; wv) AppleWebKit/537.36 (KHTML, like Gecko) Version/4.0 Chrome/64.0.3282.137 Mobile Safari/537.36"
223.185.92.37 - - [13/Aug/2021:15:51:10 +0000] "GET /assets/img/gallery/gallery-4.png HTTP/1.1" 200 11768 "https://admission.europeankids.in/?gclid=EAIaIQobChMItIWw4ayu8gIVlI6PCh2rggPWEAEYASAAEgLljPD_BwE" "Mozilla/5.0 (Linux; Android 7.0; Micromax C2APLS Build/NRD90M; wv) AppleWebKit/537.36 (KHTML, like Gecko) Version/4.0 Chrome/64.0.3282.137 Mobile Safari/537.36"
223.185.92.37 - - [13/Aug/2021:15:51:11 +0000] "GET /assets/img/gallery/gallery-5.png HTTP/1.1" 200 10792 "https://admission.europeankids.in/?gclid=EAIaIQobChMItIWw4ayu8gIVlI6PCh2rggPWEAEYASAAEgLljPD_BwE" "Mozilla/5.0 (Linux; Android 7.0; Micromax C2APLS Build/NRD90M; wv) AppleWebKit/537.36 (KHTML, like Gecko) Version/4.0 Chrome/64.0.3282.137 Mobile Safari/537.36"
223.185.92.37 - - [13/Aug/2021:15:51:12 +0000] "GET /assets/img/gallery/gallery-6.png HTTP/1.1" 200 9741 "https://admission.europeankids.in/?gclid=EAIaIQobChMItIWw4ayu8gIVlI6PCh2rggPWEAEYASAAEgLljPD_BwE" "Mozilla/5.0 (Linux; Android 7.0; Micromax C2APLS Build/NRD90M; wv) AppleWebKit/537.36 (KHTML, like Gecko) Version/4.0 Chrome/64.0.3282.137 Mobile Safari/537.36"
223.185.92.37 - - [13/Aug/2021:15:51:02 +0000] "GET /assets/img/banner/international.png HTTP/1.1" 200 147908 "https://admission.europeankids.in/?gclid=EAIaIQobChMItIWw4ayu8gIVlI6PCh2rggPWEAEYASAAEgLljPD_BwE" "Mozilla/5.0 (Linux; Android 7.0; Micromax C2APLS Build/NRD90M; wv) AppleWebKit/537.36 (KHTML, like Gecko) Version/4.0 Chrome/64.0.3282.137 Mobile Safari/537.36"
223.185.92.37 - - [13/Aug/2021:15:51:27 +0000] "GET /assets/img/icon-img/header-shape.png HTTP/1.1" 200 1577 "https://admission.europeankids.in/?gclid=EAIaIQobChMItIWw4ayu8gIVlI6PCh2rggPWEAEYASAAEgLljPD_BwE" "Mozilla/5.0 (Linux; Android 7.0; Micromax C2APLS Build/NRD90M; wv) AppleWebKit/537.36 (KHTML, like Gecko) Version/4.0 Chrome/64.0.3282.137 Mobile Safari/537.36"
223.185.92.37 - - [13/Aug/2021:15:51:25 +0000] "GET /assets/fonts/fontawesome-webfont.woff2?v=4.5.0 HTTP/1.1" 200 66624 "https://admission.europeankids.in/assets/css/icons.min.css" "Mozilla/5.0 (Linux; Android 7.0; Micromax C2APLS Build/NRD90M; wv) AppleWebKit/537.36 (KHTML, like Gecko) Version/4.0 Chrome/64.0.3282.137 Mobile Safari/537.36"
223.185.92.37 - - [13/Aug/2021:15:51:27 +0000] "GET /assets/img/icon-img/section-shape-4.png HTTP/1.1" 200 1024 "https://admission.europeankids.in/assets/css/style.css" "Mozilla/5.0 (Linux; Android 7.0; Micromax C2APLS Build/NRD90M; wv) AppleWebKit/537.36 (KHTML, like Gecko) Version/4.0 Chrome/64.0.3282.137 Mobile Safari/537.36"
223.185.92.37 - - [13/Aug/2021:15:51:28 +0000] "GET /assets/img/icon-img/section-shape-3.png HTTP/1.1" 200 1024 "https://admission.europeankids.in/assets/css/style.css" "Mozilla/5.0 (Linux; Android 7.0; Micromax C2APLS Build/NRD90M; wv) AppleWebKit/537.36 (KHTML, like Gecko) Version/4.0 Chrome/64.0.3282.137 Mobile Safari/537.36"
223.185.92.37 - - [13/Aug/2021:15:51:26 +0000] "GET /assets/img/slider/slider-4.jpg HTTP/1.1" 200 265153 "https://admission.europeankids.in/?gclid=EAIaIQobChMItIWw4ayu8gIVlI6PCh2rggPWEAEYASAAEgLljPD_BwE" "Mozilla/5.0 (Linux; Android 7.0; Micromax C2APLS Build/NRD90M; wv) AppleWebKit/537.36 (KHTML, like Gecko) Version/4.0 Chrome/64.0.3282.137 Mobile Safari/537.36"
223.185.92.37 - - [13/Aug/2021:15:51:26 +0000] "GET /assets/img/slider/slider-2.jpg HTTP/1.1" 200 416547 "https://admission.europeankids.in/?gclid=EAIaIQobChMItIWw4ayu8gIVlI6PCh2rggPWEAEYASAAEgLljPD_BwE" "Mozilla/5.0 (Linux; Android 7.0; Micromax C2APLS Build/NRD90M; wv) AppleWebKit/537.36 (KHTML, like Gecko) Version/4.0 Chrome/64.0.3282.137 Mobile Safari/537.36"
223.185.92.37 - - [13/Aug/2021:15:51:30 +0000] "GET /assets/img/bg/bg-6.jpg HTTP/1.1" 200 345311 "https://admission.europeankids.in/?gclid=EAIaIQobChMItIWw4ayu8gIVlI6PCh2rggPWEAEYASAAEgLljPD_BwE" "Mozilla/5.0 (Linux; Android 7.0; Micromax C2APLS Build/NRD90M; wv) AppleWebKit/537.36 (KHTML, like Gecko) Version/4.0 Chrome/64.0.3282.137 Mobile Safari/537.36"
223.185.92.37 - - [13/Aug/2021:15:51:38 +0000] "GET /assets/img/slider/slider-5.jpg HTTP/1.1" 200 475724 "https://admission.europeankids.in/?gclid=EAIaIQobChMItIWw4ayu8gIVlI6PCh2rggPWEAEYASAAEgLljPD_BwE" "Mozilla/5.0 (Linux; Android 7.0; Micromax C2APLS Build/NRD90M; wv) AppleWebKit/537.36 (KHTML, like Gecko) Version/4.0 Chrome/64.0.3282.137 Mobile Safari/537.36"
223.185.92.37 - - [13/Aug/2021:15:51:32 +0000] "GET /assets/img/slider/slider-3.jpg HTTP/1.1" 200 537835 "https://admission.europeankids.in/?gclid=EAIaIQobChMItIWw4ayu8gIVlI6PCh2rggPWEAEYASAAEgLljPD_BwE" "Mozilla/5.0 (Linux; Android 7.0; Micromax C2APLS Build/NRD90M; wv) AppleWebKit/537.36 (KHTML, like Gecko) Version/4.0 Chrome/64.0.3282.137 Mobile Safari/537.36"
223.185.92.37 - - [13/Aug/2021:15:51:26 +0000] "GET /assets/img/slider/slider-1.jpg HTTP/1.1" 200 1133371 "https://admission.europeankids.in/?gclid=EAIaIQobChMItIWw4ayu8gIVlI6PCh2rggPWEAEYASAAEgLljPD_BwE" "Mozilla/5.0 (Linux; Android 7.0; Micromax C2APLS Build/NRD90M; wv) AppleWebKit/537.36 (KHTML, like Gecko) Version/4.0 Chrome/64.0.3282.137 Mobile Safari/537.36"
223.185.92.37 - - [13/Aug/2021:15:51:47 +0000] "GET /assets/img/slider/slider-6.jpg HTTP/1.1" 200 474078 "https://admission.europeankids.in/?gclid=EAIaIQobChMItIWw4ayu8gIVlI6PCh2rggPWEAEYASAAEgLljPD_BwE" "Mozilla/5.0 (Linux; Android 7.0; Micromax C2APLS Build/NRD90M; wv) AppleWebKit/537.36 (KHTML, like Gecko) Version/4.0 Chrome/64.0.3282.137 Mobile Safari/537.36"
223.185.92.37 - - [13/Aug/2021:15:51:28 +0000] "GET /assets/img/bg/bg-4.jpg HTTP/1.1" 200 355471 "https://admission.europeankids.in/?gclid=EAIaIQobChMItIWw4ayu8gIVlI6PCh2rggPWEAEYASAAEgLljPD_BwE" "Mozilla/5.0 (Linux; Android 7.0; Micromax C2APLS Build/NRD90M; wv) AppleWebKit/537.36 (KHTML, like Gecko) Version/4.0 Chrome/64.0.3282.137 Mobile Safari/537.36"
172.70.34.196 - - [13/Aug/2021:15:52:43 +0000] "GET /product-category/tools/wrenches HTTP/1.1" 404 229 "-" "Mozilla/5.0 (Linux; Android 6.0.1; Nexus 5X Build/MMB29P) AppleWebKit/537.36 (KHTML, like Gecko) Chrome/92.0.4515.119 Mobile Safari/537.36 (compatible; Googlebot/2.1; +http://www.google.com/bot.html)"
103.81.94.165 - - [13/Aug/2021:15:52:47 +0000] "-" 408 - "-" "-"
157.38.117.242 - - [13/Aug/2021:15:55:32 +0000] "-" 408 - "-" "-"
157.38.117.242 - - [13/Aug/2021:15:55:32 +0000] "-" 408 - "-" "-"
171.79.155.48 - - [13/Aug/2021:15:57:27 +0000] "-" 408 - "-" "-"
157.38.117.242 - - [13/Aug/2021:16:00:39 +0000] "-" 408 - "-" "-"
157.38.117.242 - - [13/Aug/2021:16:00:39 +0000] "-" 408 - "-" "-"
157.38.117.242 - - [13/Aug/2021:16:03:13 +0000] "-" 408 - "-" "-"
157.38.117.242 - - [13/Aug/2021:16:03:13 +0000] "-" 408 - "-" "-"
157.38.117.242 - - [13/Aug/2021:16:05:59 +0000] "-" 408 - "-" "-"
157.38.117.242 - - [13/Aug/2021:16:05:59 +0000] "-" 408 - "-" "-"
157.38.117.242 - - [13/Aug/2021:16:07:52 +0000] "-" 408 - "-" "-"
157.38.117.242 - - [13/Aug/2021:16:07:52 +0000] "-" 408 - "-" "-"
157.38.117.242 - - [13/Aug/2021:16:09:50 +0000] "-" 408 - "-" "-"
157.38.117.242 - - [13/Aug/2021:16:09:50 +0000] "-" 408 - "-" "-"
157.38.117.242 - - [13/Aug/2021:16:11:01 +0000] "-" 408 - "-" "-"
157.38.117.242 - - [13/Aug/2021:16:11:01 +0000] "-" 408 - "-" "-"
157.38.117.242 - - [13/Aug/2021:16:12:01 +0000] "-" 408 - "-" "-"
157.38.117.242 - - [13/Aug/2021:16:12:01 +0000] "-" 408 - "-" "-"
132.154.79.206 - - [13/Aug/2021:16:13:10 +0000] "-" 408 - "-" "-"
157.38.117.242 - - [13/Aug/2021:16:16:24 +0000] "-" 408 - "-" "-"
157.38.117.242 - - [13/Aug/2021:16:16:24 +0000] "-" 408 - "-" "-"
103.212.146.135 - - [13/Aug/2021:16:16:48 +0000] "-" 408 - "-" "-"
157.34.77.248 - - [13/Aug/2021:16:18:02 +0000] "GET /?gclid=EAIaIQobChMI7bf0-7Ku8gIVDaBmAh3jYAReEAEYASAAEgJhu_D_BwE HTTP/1.1" 200 30135 "https://game.shinegame.top/" "Mozilla/5.0 (Linux; Android 9; SM-J415F Build/PPR1.180610.011; wv) AppleWebKit/537.36 (KHTML, like Gecko) Version/4.0 Chrome/74.0.3729.136 Mobile Safari/537.36"
157.34.77.248 - - [13/Aug/2021:16:18:03 +0000] "GET /assets/css/icons.min.css HTTP/1.1" 200 98372 "https://admission.europeankids.in/?gclid=EAIaIQobChMI7bf0-7Ku8gIVDaBmAh3jYAReEAEYASAAEgJhu_D_BwE" "Mozilla/5.0 (Linux; Android 9; SM-J415F Build/PPR1.180610.011; wv) AppleWebKit/537.36 (KHTML, like Gecko) Version/4.0 Chrome/74.0.3729.136 Mobile Safari/537.36"
157.34.77.248 - - [13/Aug/2021:16:18:02 +0000] "GET /assets/css/bootstrap.min.css HTTP/1.1" 200 155799 "https://admission.europeankids.in/?gclid=EAIaIQobChMI7bf0-7Ku8gIVDaBmAh3jYAReEAEYASAAEgJhu_D_BwE" "Mozilla/5.0 (Linux; Android 9; SM-J415F Build/PPR1.180610.011; wv) AppleWebKit/537.36 (KHTML, like Gecko) Version/4.0 Chrome/74.0.3729.136 Mobile Safari/537.36"
157.38.117.242 - - [13/Aug/2021:16:18:05 +0000] "-" 408 - "-" "-"
157.38.117.242 - - [13/Aug/2021:16:18:05 +0000] "-" 408 - "-" "-"
157.34.77.248 - - [13/Aug/2021:16:18:05 +0000] "GET /assets/css/plugins.css HTTP/1.1" 200 30035 "https://admission.europeankids.in/?gclid=EAIaIQobChMI7bf0-7Ku8gIVDaBmAh3jYAReEAEYASAAEgJhu_D_BwE" "Mozilla/5.0 (Linux; Android 9; SM-J415F Build/PPR1.180610.011; wv) AppleWebKit/537.36 (KHTML, like Gecko) Version/4.0 Chrome/74.0.3729.136 Mobile Safari/537.36"
157.34.77.248 - - [13/Aug/2021:16:18:06 +0000] "GET /assets/js/vendor/modernizr-3.11.7.min.js HTTP/1.1" 200 8620 "https://admission.europeankids.in/?gclid=EAIaIQobChMI7bf0-7Ku8gIVDaBmAh3jYAReEAEYASAAEgJhu_D_BwE" "Mozilla/5.0 (Linux; Android 9; SM-J415F Build/PPR1.180610.011; wv) AppleWebKit/537.36 (KHTML, like Gecko) Version/4.0 Chrome/74.0.3729.136 Mobile Safari/537.36"
157.34.77.248 - - [13/Aug/2021:16:18:07 +0000] "GET /gen_validatorv4.js HTTP/1.1" 200 30812 "https://admission.europeankids.in/?gclid=EAIaIQobChMI7bf0-7Ku8gIVDaBmAh3jYAReEAEYASAAEgJhu_D_BwE" "Mozilla/5.0 (Linux; Android 9; SM-J415F Build/PPR1.180610.011; wv) AppleWebKit/537.36 (KHTML, like Gecko) Version/4.0 Chrome/74.0.3729.136 Mobile Safari/537.36"
157.34.77.248 - - [13/Aug/2021:16:18:09 +0000] "GET /assets/js/vendor/jquery-v2.2.4.min.js HTTP/1.1" 200 85578 "https://admission.europeankids.in/?gclid=EAIaIQobChMI7bf0-7Ku8gIVDaBmAh3jYAReEAEYASAAEgJhu_D_BwE" "Mozilla/5.0 (Linux; Android 9; SM-J415F Build/PPR1.180610.011; wv) AppleWebKit/537.36 (KHTML, like Gecko) Version/4.0 Chrome/74.0.3729.136 Mobile Safari/537.36"
157.34.77.248 - - [13/Aug/2021:16:18:05 +0000] "GET /assets/css/style.css HTTP/1.1" 200 195655 "https://admission.europeankids.in/?gclid=EAIaIQobChMI7bf0-7Ku8gIVDaBmAh3jYAReEAEYASAAEgJhu_D_BwE" "Mozilla/5.0 (Linux; Android 9; SM-J415F Build/PPR1.180610.011; wv) AppleWebKit/537.36 (KHTML, like Gecko) Version/4.0 Chrome/74.0.3729.136 Mobile Safari/537.36"
157.34.77.248 - - [13/Aug/2021:16:18:09 +0000] "GET /assets/js/popper.min.js HTTP/1.1" 200 18556 "https://admission.europeankids.in/?gclid=EAIaIQobChMI7bf0-7Ku8gIVDaBmAh3jYAReEAEYASAAEgJhu_D_BwE" "Mozilla/5.0 (Linux; Android 9; SM-J415F Build/PPR1.180610.011; wv) AppleWebKit/537.36 (KHTML, like Gecko) Version/4.0 Chrome/74.0.3729.136 Mobile Safari/537.36"
157.34.77.248 - - [13/Aug/2021:16:18:10 +0000] "GET /assets/js/bootstrap.min.js HTTP/1.1" 200 60048 "https://admission.europeankids.in/?gclid=EAIaIQobChMI7bf0-7Ku8gIVDaBmAh3jYAReEAEYASAAEgJhu_D_BwE" "Mozilla/5.0 (Linux; Android 9; SM-J415F Build/PPR1.180610.011; wv) AppleWebKit/537.36 (KHTML, like Gecko) Version/4.0 Chrome/74.0.3729.136 Mobile Safari/537.36"
157.34.77.248 - - [13/Aug/2021:16:18:11 +0000] "GET /assets/js/plugins.js HTTP/1.1" 200 172668 "https://admission.europeankids.in/?gclid=EAIaIQobChMI7bf0-7Ku8gIVDaBmAh3jYAReEAEYASAAEgJhu_D_BwE" "Mozilla/5.0 (Linux; Android 9; SM-J415F Build/PPR1.180610.011; wv) AppleWebKit/537.36 (KHTML, like Gecko) Version/4.0 Chrome/74.0.3729.136 Mobile Safari/537.36"
152.57.120.215 - - [13/Aug/2021:16:18:12 +0000] "GET /?gclid=EAIaIQobChMIsJrrkrOu8gIVS0iPCh12HAPXEAEYASAAEgJkOfD_BwE HTTP/1.1" 200 30135 "https://www.newsbytesapp.com/" "Mozilla/5.0 (Linux; Android 8.1.0; vivo 1803 Build/O11019; wv) AppleWebKit/537.36 (KHTML, like Gecko) Version/4.0 Chrome/91.0.4472.101 Mobile Safari/537.36"
157.34.77.248 - - [13/Aug/2021:16:18:12 +0000] "GET /assets/js/ajax-mail.js HTTP/1.1" 200 1201 "https://admission.europeankids.in/?gclid=EAIaIQobChMI7bf0-7Ku8gIVDaBmAh3jYAReEAEYASAAEgJhu_D_BwE" "Mozilla/5.0 (Linux; Android 9; SM-J415F Build/PPR1.180610.011; wv) AppleWebKit/537.36 (KHTML, like Gecko) Version/4.0 Chrome/74.0.3729.136 Mobile Safari/537.36"
152.57.120.215 - - [13/Aug/2021:16:18:12 +0000] "GET /assets/css/bootstrap.min.css HTTP/1.1" 200 155799 "https://admission.europeankids.in/?gclid=EAIaIQobChMIsJrrkrOu8gIVS0iPCh12HAPXEAEYASAAEgJkOfD_BwE" "Mozilla/5.0 (Linux; Android 8.1.0; vivo 1803 Build/O11019; wv) AppleWebKit/537.36 (KHTML, like Gecko) Version/4.0 Chrome/91.0.4472.101 Mobile Safari/537.36"
152.57.120.215 - - [13/Aug/2021:16:18:13 +0000] "GET /assets/css/icons.min.css HTTP/1.1" 200 98372 "https://admission.europeankids.in/?gclid=EAIaIQobChMIsJrrkrOu8gIVS0iPCh12HAPXEAEYASAAEgJkOfD_BwE" "Mozilla/5.0 (Linux; Android 8.1.0; vivo 1803 Build/O11019; wv) AppleWebKit/537.36 (KHTML, like Gecko) Version/4.0 Chrome/91.0.4472.101 Mobile Safari/537.36"
157.34.77.248 - - [13/Aug/2021:16:18:13 +0000] "GET /assets/js/main.js HTTP/1.1" 200 18493 "https://admission.europeankids.in/?gclid=EAIaIQobChMI7bf0-7Ku8gIVDaBmAh3jYAReEAEYASAAEgJhu_D_BwE" "Mozilla/5.0 (Linux; Android 9; SM-J415F Build/PPR1.180610.011; wv) AppleWebKit/537.36 (KHTML, like Gecko) Version/4.0 Chrome/74.0.3729.136 Mobile Safari/537.36"
152.57.120.215 - - [13/Aug/2021:16:18:13 +0000] "GET /assets/css/plugins.css HTTP/1.1" 200 30035 "https://admission.europeankids.in/?gclid=EAIaIQobChMIsJrrkrOu8gIVS0iPCh12HAPXEAEYASAAEgJkOfD_BwE" "Mozilla/5.0 (Linux; Android 8.1.0; vivo 1803 Build/O11019; wv) AppleWebKit/537.36 (KHTML, like Gecko) Version/4.0 Chrome/91.0.4472.101 Mobile Safari/537.36"
152.57.120.215 - - [13/Aug/2021:16:18:13 +0000] "GET /assets/js/vendor/modernizr-3.11.7.min.js HTTP/1.1" 200 8620 "https://admission.europeankids.in/?gclid=EAIaIQobChMIsJrrkrOu8gIVS0iPCh12HAPXEAEYASAAEgJkOfD_BwE" "Mozilla/5.0 (Linux; Android 8.1.0; vivo 1803 Build/O11019; wv) AppleWebKit/537.36 (KHTML, like Gecko) Version/4.0 Chrome/91.0.4472.101 Mobile Safari/537.36"
152.57.120.215 - - [13/Aug/2021:16:18:13 +0000] "GET /gen_validatorv4.js HTTP/1.1" 200 30812 "https://admission.europeankids.in/?gclid=EAIaIQobChMIsJrrkrOu8gIVS0iPCh12HAPXEAEYASAAEgJkOfD_BwE" "Mozilla/5.0 (Linux; Android 8.1.0; vivo 1803 Build/O11019; wv) AppleWebKit/537.36 (KHTML, like Gecko) Version/4.0 Chrome/91.0.4472.101 Mobile Safari/537.36"
152.57.120.215 - - [13/Aug/2021:16:18:13 +0000] "GET /assets/js/vendor/jquery-v2.2.4.min.js HTTP/1.1" 200 85578 "https://admission.europeankids.in/?gclid=EAIaIQobChMIsJrrkrOu8gIVS0iPCh12HAPXEAEYASAAEgJkOfD_BwE" "Mozilla/5.0 (Linux; Android 8.1.0; vivo 1803 Build/O11019; wv) AppleWebKit/537.36 (KHTML, like Gecko) Version/4.0 Chrome/91.0.4472.101 Mobile Safari/537.36"
152.57.120.215 - - [13/Aug/2021:16:18:13 +0000] "GET /assets/css/style.css HTTP/1.1" 200 195655 "https://admission.europeankids.in/?gclid=EAIaIQobChMIsJrrkrOu8gIVS0iPCh12HAPXEAEYASAAEgJkOfD_BwE" "Mozilla/5.0 (Linux; Android 8.1.0; vivo 1803 Build/O11019; wv) AppleWebKit/537.36 (KHTML, like Gecko) Version/4.0 Chrome/91.0.4472.101 Mobile Safari/537.36"
152.57.120.215 - - [13/Aug/2021:16:18:14 +0000] "GET /assets/js/popper.min.js HTTP/1.1" 200 18556 "https://admission.europeankids.in/?gclid=EAIaIQobChMIsJrrkrOu8gIVS0iPCh12HAPXEAEYASAAEgJkOfD_BwE" "Mozilla/5.0 (Linux; Android 8.1.0; vivo 1803 Build/O11019; wv) AppleWebKit/537.36 (KHTML, like Gecko) Version/4.0 Chrome/91.0.4472.101 Mobile Safari/537.36"
157.34.77.248 - - [13/Aug/2021:16:18:14 +0000] "GET /assets/fonts/fontawesome-webfont.woff2?v=4.5.0 HTTP/1.1" 200 66624 "https://admission.europeankids.in/assets/css/icons.min.css" "Mozilla/5.0 (Linux; Android 9; SM-J415F Build/PPR1.180610.011; wv) AppleWebKit/537.36 (KHTML, like Gecko) Version/4.0 Chrome/74.0.3729.136 Mobile Safari/537.36"
152.57.120.215 - - [13/Aug/2021:16:18:14 +0000] "GET /assets/js/bootstrap.min.js HTTP/1.1" 200 60048 "https://admission.europeankids.in/?gclid=EAIaIQobChMIsJrrkrOu8gIVS0iPCh12HAPXEAEYASAAEgJkOfD_BwE" "Mozilla/5.0 (Linux; Android 8.1.0; vivo 1803 Build/O11019; wv) AppleWebKit/537.36 (KHTML, like Gecko) Version/4.0 Chrome/91.0.4472.101 Mobile Safari/537.36"
152.57.120.215 - - [13/Aug/2021:16:18:14 +0000] "GET /assets/js/ajax-mail.js HTTP/1.1" 200 1201 "https://admission.europeankids.in/?gclid=EAIaIQobChMIsJrrkrOu8gIVS0iPCh12HAPXEAEYASAAEgJkOfD_BwE" "Mozilla/5.0 (Linux; Android 8.1.0; vivo 1803 Build/O11019; wv) AppleWebKit/537.36 (KHTML, like Gecko) Version/4.0 Chrome/91.0.4472.101 Mobile Safari/537.36"
152.57.120.215 - - [13/Aug/2021:16:18:14 +0000] "GET /assets/js/plugins.js HTTP/1.1" 200 172668 "https://admission.europeankids.in/?gclid=EAIaIQobChMIsJrrkrOu8gIVS0iPCh12HAPXEAEYASAAEgJkOfD_BwE" "Mozilla/5.0 (Linux; Android 8.1.0; vivo 1803 Build/O11019; wv) AppleWebKit/537.36 (KHTML, like Gecko) Version/4.0 Chrome/91.0.4472.101 Mobile Safari/537.36"
152.57.120.215 - - [13/Aug/2021:16:18:14 +0000] "GET /assets/js/main.js HTTP/1.1" 200 18493 "https://admission.europeankids.in/?gclid=EAIaIQobChMIsJrrkrOu8gIVS0iPCh12HAPXEAEYASAAEgJkOfD_BwE" "Mozilla/5.0 (Linux; Android 8.1.0; vivo 1803 Build/O11019; wv) AppleWebKit/537.36 (KHTML, like Gecko) Version/4.0 Chrome/91.0.4472.101 Mobile Safari/537.36"
152.57.120.215 - - [13/Aug/2021:16:18:14 +0000] "GET /assets/img/banner/banner-3.png HTTP/1.1" 200 101562 "https://admission.europeankids.in/?gclid=EAIaIQobChMIsJrrkrOu8gIVS0iPCh12HAPXEAEYASAAEgJkOfD_BwE" "Mozilla/5.0 (Linux; Android 8.1.0; vivo 1803 Build/O11019; wv) AppleWebKit/537.36 (KHTML, like Gecko) Version/4.0 Chrome/91.0.4472.101 Mobile Safari/537.36"
157.34.77.248 - - [13/Aug/2021:16:18:14 +0000] "GET /assets/img/icon-img/header-shape.png HTTP/1.1" 200 1577 "https://admission.europeankids.in/?gclid=EAIaIQobChMI7bf0-7Ku8gIVDaBmAh3jYAReEAEYASAAEgJhu_D_BwE" "Mozilla/5.0 (Linux; Android 9; SM-J415F Build/PPR1.180610.011; wv) AppleWebKit/537.36 (KHTML, like Gecko) Version/4.0 Chrome/74.0.3729.136 Mobile Safari/537.36"
152.57.120.215 - - [13/Aug/2021:16:18:14 +0000] "GET /assets/fonts/fontawesome-webfont.woff2?v=4.5.0 HTTP/1.1" 200 66624 "https://admission.europeankids.in/assets/css/icons.min.css" "Mozilla/5.0 (Linux; Android 8.1.0; vivo 1803 Build/O11019; wv) AppleWebKit/537.36 (KHTML, like Gecko) Version/4.0 Chrome/91.0.4472.101 Mobile Safari/537.36"
157.34.77.248 - - [13/Aug/2021:16:18:15 +0000] "GET /assets/img/icon-img/section-shape-3.png HTTP/1.1" 200 1024 "https://admission.europeankids.in/assets/css/style.css" "Mozilla/5.0 (Linux; Android 9; SM-J415F Build/PPR1.180610.011; wv) AppleWebKit/537.36 (KHTML, like Gecko) Version/4.0 Chrome/74.0.3729.136 Mobile Safari/537.36"
152.57.120.215 - - [13/Aug/2021:16:18:15 +0000] "GET /assets/img/icon-img/header-shape.png HTTP/1.1" 200 1577 "https://admission.europeankids.in/?gclid=EAIaIQobChMIsJrrkrOu8gIVS0iPCh12HAPXEAEYASAAEgJkOfD_BwE" "Mozilla/5.0 (Linux; Android 8.1.0; vivo 1803 Build/O11019; wv) AppleWebKit/537.36 (KHTML, like Gecko) Version/4.0 Chrome/91.0.4472.101 Mobile Safari/537.36"
152.57.120.215 - - [13/Aug/2021:16:18:15 +0000] "GET /assets/img/icon-img/section-shape-3.png HTTP/1.1" 200 1024 "https://admission.europeankids.in/assets/css/style.css" "Mozilla/5.0 (Linux; Android 8.1.0; vivo 1803 Build/O11019; wv) AppleWebKit/537.36 (KHTML, like Gecko) Version/4.0 Chrome/91.0.4472.101 Mobile Safari/537.36"
152.57.120.215 - - [13/Aug/2021:16:18:15 +0000] "GET /assets/img/banner/international.png HTTP/1.1" 200 147908 "https://admission.europeankids.in/?gclid=EAIaIQobChMIsJrrkrOu8gIVS0iPCh12HAPXEAEYASAAEgJkOfD_BwE" "Mozilla/5.0 (Linux; Android 8.1.0; vivo 1803 Build/O11019; wv) AppleWebKit/537.36 (KHTML, like Gecko) Version/4.0 Chrome/91.0.4472.101 Mobile Safari/537.36"
152.57.120.215 - - [13/Aug/2021:16:18:16 +0000] "GET /assets/img/slider/slider-4.jpg HTTP/1.1" 200 265153 "https://admission.europeankids.in/?gclid=EAIaIQobChMIsJrrkrOu8gIVS0iPCh12HAPXEAEYASAAEgJkOfD_BwE" "Mozilla/5.0 (Linux; Android 8.1.0; vivo 1803 Build/O11019; wv) AppleWebKit/537.36 (KHTML, like Gecko) Version/4.0 Chrome/91.0.4472.101 Mobile Safari/537.36"
152.57.120.215 - - [13/Aug/2021:16:18:15 +0000] "GET /assets/img/slider/slider-2.jpg HTTP/1.1" 200 416547 "https://admission.europeankids.in/?gclid=EAIaIQobChMIsJrrkrOu8gIVS0iPCh12HAPXEAEYASAAEgJkOfD_BwE" "Mozilla/5.0 (Linux; Android 8.1.0; vivo 1803 Build/O11019; wv) AppleWebKit/537.36 (KHTML, like Gecko) Version/4.0 Chrome/91.0.4472.101 Mobile Safari/537.36"
152.57.120.215 - - [13/Aug/2021:16:18:17 +0000] "GET /assets/img/banner/kids.png HTTP/1.1" 200 127484 "https://admission.europeankids.in/?gclid=EAIaIQobChMIsJrrkrOu8gIVS0iPCh12HAPXEAEYASAAEgJkOfD_BwE" "Mozilla/5.0 (Linux; Android 8.1.0; vivo 1803 Build/O11019; wv) AppleWebKit/537.36 (KHTML, like Gecko) Version/4.0 Chrome/91.0.4472.101 Mobile Safari/537.36"
157.34.77.248 - - [13/Aug/2021:16:18:15 +0000] "GET /assets/img/slider/slider-4.jpg HTTP/1.1" 200 265153 "https://admission.europeankids.in/?gclid=EAIaIQobChMI7bf0-7Ku8gIVDaBmAh3jYAReEAEYASAAEgJhu_D_BwE" "Mozilla/5.0 (Linux; Android 9; SM-J415F Build/PPR1.180610.011; wv) AppleWebKit/537.36 (KHTML, like Gecko) Version/4.0 Chrome/74.0.3729.136 Mobile Safari/537.36"
152.57.120.215 - - [13/Aug/2021:16:18:18 +0000] "GET /assets/img/icon-img/1.png HTTP/1.1" 200 18952 "https://admission.europeankids.in/?gclid=EAIaIQobChMIsJrrkrOu8gIVS0iPCh12HAPXEAEYASAAEgJkOfD_BwE" "Mozilla/5.0 (Linux; Android 8.1.0; vivo 1803 Build/O11019; wv) AppleWebKit/537.36 (KHTML, like Gecko) Version/4.0 Chrome/91.0.4472.101 Mobile Safari/537.36"
152.57.120.215 - - [13/Aug/2021:16:18:18 +0000] "GET /assets/img/icon-img/2.png HTTP/1.1" 200 5123 "https://admission.europeankids.in/?gclid=EAIaIQobChMIsJrrkrOu8gIVS0iPCh12HAPXEAEYASAAEgJkOfD_BwE" "Mozilla/5.0 (Linux; Android 8.1.0; vivo 1803 Build/O11019; wv) AppleWebKit/537.36 (KHTML, like Gecko) Version/4.0 Chrome/91.0.4472.101 Mobile Safari/537.36"
152.57.120.215 - - [13/Aug/2021:16:18:18 +0000] "GET /assets/img/icon-img/3.png HTTP/1.1" 200 7218 "https://admission.europeankids.in/?gclid=EAIaIQobChMIsJrrkrOu8gIVS0iPCh12HAPXEAEYASAAEgJkOfD_BwE" "Mozilla/5.0 (Linux; Android 8.1.0; vivo 1803 Build/O11019; wv) AppleWebKit/537.36 (KHTML, like Gecko) Version/4.0 Chrome/91.0.4472.101 Mobile Safari/537.36"
152.57.120.215 - - [13/Aug/2021:16:18:15 +0000] "GET /assets/img/slider/slider-1.jpg HTTP/1.1" 200 1133371 "https://admission.europeankids.in/?gclid=EAIaIQobChMIsJrrkrOu8gIVS0iPCh12HAPXEAEYASAAEgJkOfD_BwE" "Mozilla/5.0 (Linux; Android 8.1.0; vivo 1803 Build/O11019; wv) AppleWebKit/537.36 (KHTML, like Gecko) Version/4.0 Chrome/91.0.4472.101 Mobile Safari/537.36"
152.57.120.215 - - [13/Aug/2021:16:18:18 +0000] "GET /assets/img/icon-img/4.png HTTP/1.1" 200 5344 "https://admission.europeankids.in/?gclid=EAIaIQobChMIsJrrkrOu8gIVS0iPCh12HAPXEAEYASAAEgJkOfD_BwE" "Mozilla/5.0 (Linux; Android 8.1.0; vivo 1803 Build/O11019; wv) AppleWebKit/537.36 (KHTML, like Gecko) Version/4.0 Chrome/91.0.4472.101 Mobile Safari/537.36"
152.57.120.215 - - [13/Aug/2021:16:18:18 +0000] "GET /assets/img/icon-img/5.png HTTP/1.1" 200 13686 "https://admission.europeankids.in/?gclid=EAIaIQobChMIsJrrkrOu8gIVS0iPCh12HAPXEAEYASAAEgJkOfD_BwE" "Mozilla/5.0 (Linux; Android 8.1.0; vivo 1803 Build/O11019; wv) AppleWebKit/537.36 (KHTML, like Gecko) Version/4.0 Chrome/91.0.4472.101 Mobile Safari/537.36"
152.57.120.215 - - [13/Aug/2021:16:18:18 +0000] "GET /assets/img/icon-img/6.png HTTP/1.1" 200 8353 "https://admission.europeankids.in/?gclid=EAIaIQobChMIsJrrkrOu8gIVS0iPCh12HAPXEAEYASAAEgJkOfD_BwE" "Mozilla/5.0 (Linux; Android 8.1.0; vivo 1803 Build/O11019; wv) AppleWebKit/537.36 (KHTML, like Gecko) Version/4.0 Chrome/91.0.4472.101 Mobile Safari/537.36"
152.57.120.215 - - [13/Aug/2021:16:18:18 +0000] "GET /assets/img/icon-img/7.png HTTP/1.1" 200 10858 "https://admission.europeankids.in/?gclid=EAIaIQobChMIsJrrkrOu8gIVS0iPCh12HAPXEAEYASAAEgJkOfD_BwE" "Mozilla/5.0 (Linux; Android 8.1.0; vivo 1803 Build/O11019; wv) AppleWebKit/537.36 (KHTML, like Gecko) Version/4.0 Chrome/91.0.4472.101 Mobile Safari/537.36"
152.57.120.215 - - [13/Aug/2021:16:18:19 +0000] "GET /assets/img/icon-img/8.png HTTP/1.1" 200 16263 "https://admission.europeankids.in/?gclid=EAIaIQobChMIsJrrkrOu8gIVS0iPCh12HAPXEAEYASAAEgJkOfD_BwE" "Mozilla/5.0 (Linux; Android 8.1.0; vivo 1803 Build/O11019; wv) AppleWebKit/537.36 (KHTML, like Gecko) Version/4.0 Chrome/91.0.4472.101 Mobile Safari/537.36"
152.57.120.215 - - [13/Aug/2021:16:18:19 +0000] "GET /assets/img/icon-img/achieve-2.png HTTP/1.1" 200 3224 "https://admission.europeankids.in/?gclid=EAIaIQobChMIsJrrkrOu8gIVS0iPCh12HAPXEAEYASAAEgJkOfD_BwE" "Mozilla/5.0 (Linux; Android 8.1.0; vivo 1803 Build/O11019; wv) AppleWebKit/537.36 (KHTML, like Gecko) Version/4.0 Chrome/91.0.4472.101 Mobile Safari/537.36"
152.57.120.215 - - [13/Aug/2021:16:18:19 +0000] "GET /assets/img/icon-img/achieve-1.png HTTP/1.1" 200 2405 "https://admission.europeankids.in/?gclid=EAIaIQobChMIsJrrkrOu8gIVS0iPCh12HAPXEAEYASAAEgJkOfD_BwE" "Mozilla/5.0 (Linux; Android 8.1.0; vivo 1803 Build/O11019; wv) AppleWebKit/537.36 (KHTML, like Gecko) Version/4.0 Chrome/91.0.4472.101 Mobile Safari/537.36"
152.57.120.215 - - [13/Aug/2021:16:18:19 +0000] "GET /assets/img/gallery/gallery-1.png HTTP/1.1" 200 9253 "https://admission.europeankids.in/?gclid=EAIaIQobChMIsJrrkrOu8gIVS0iPCh12HAPXEAEYASAAEgJkOfD_BwE" "Mozilla/5.0 (Linux; Android 8.1.0; vivo 1803 Build/O11019; wv) AppleWebKit/537.36 (KHTML, like Gecko) Version/4.0 Chrome/91.0.4472.101 Mobile Safari/537.36"
152.57.120.215 - - [13/Aug/2021:16:18:19 +0000] "GET /assets/img/icon-img/achieve-3.png HTTP/1.1" 200 3360 "https://admission.europeankids.in/?gclid=EAIaIQobChMIsJrrkrOu8gIVS0iPCh12HAPXEAEYASAAEgJkOfD_BwE" "Mozilla/5.0 (Linux; Android 8.1.0; vivo 1803 Build/O11019; wv) AppleWebKit/537.36 (KHTML, like Gecko) Version/4.0 Chrome/91.0.4472.101 Mobile Safari/537.36"
152.57.120.215 - - [13/Aug/2021:16:18:19 +0000] "GET /assets/img/gallery/gallery-2.png HTTP/1.1" 200 9957 "https://admission.europeankids.in/?gclid=EAIaIQobChMIsJrrkrOu8gIVS0iPCh12HAPXEAEYASAAEgJkOfD_BwE" "Mozilla/5.0 (Linux; Android 8.1.0; vivo 1803 Build/O11019; wv) AppleWebKit/537.36 (KHTML, like Gecko) Version/4.0 Chrome/91.0.4472.101 Mobile Safari/537.36"
152.57.120.215 - - [13/Aug/2021:16:18:19 +0000] "GET /assets/img/gallery/gallery-3.png HTTP/1.1" 200 9891 "https://admission.europeankids.in/?gclid=EAIaIQobChMIsJrrkrOu8gIVS0iPCh12HAPXEAEYASAAEgJkOfD_BwE" "Mozilla/5.0 (Linux; Android 8.1.0; vivo 1803 Build/O11019; wv) AppleWebKit/537.36 (KHTML, like Gecko) Version/4.0 Chrome/91.0.4472.101 Mobile Safari/537.36"
152.57.120.215 - - [13/Aug/2021:16:18:19 +0000] "GET /assets/img/gallery/gallery-4.png HTTP/1.1" 200 11768 "https://admission.europeankids.in/?gclid=EAIaIQobChMIsJrrkrOu8gIVS0iPCh12HAPXEAEYASAAEgJkOfD_BwE" "Mozilla/5.0 (Linux; Android 8.1.0; vivo 1803 Build/O11019; wv) AppleWebKit/537.36 (KHTML, like Gecko) Version/4.0 Chrome/91.0.4472.101 Mobile Safari/537.36"
152.57.120.215 - - [13/Aug/2021:16:18:19 +0000] "GET /assets/img/gallery/gallery-5.png HTTP/1.1" 200 10792 "https://admission.europeankids.in/?gclid=EAIaIQobChMIsJrrkrOu8gIVS0iPCh12HAPXEAEYASAAEgJkOfD_BwE" "Mozilla/5.0 (Linux; Android 8.1.0; vivo 1803 Build/O11019; wv) AppleWebKit/537.36 (KHTML, like Gecko) Version/4.0 Chrome/91.0.4472.101 Mobile Safari/537.36"
152.57.120.215 - - [13/Aug/2021:16:18:19 +0000] "GET /assets/img/gallery/gallery-6.png HTTP/1.1" 200 9741 "https://admission.europeankids.in/?gclid=EAIaIQobChMIsJrrkrOu8gIVS0iPCh12HAPXEAEYASAAEgJkOfD_BwE" "Mozilla/5.0 (Linux; Android 8.1.0; vivo 1803 Build/O11019; wv) AppleWebKit/537.36 (KHTML, like Gecko) Version/4.0 Chrome/91.0.4472.101 Mobile Safari/537.36"
152.57.120.215 - - [13/Aug/2021:16:18:19 +0000] "GET /assets/img/icon-img/section-shape-4.png HTTP/1.1" 200 1024 "https://admission.europeankids.in/assets/css/style.css" "Mozilla/5.0 (Linux; Android 8.1.0; vivo 1803 Build/O11019; wv) AppleWebKit/537.36 (KHTML, like Gecko) Version/4.0 Chrome/91.0.4472.101 Mobile Safari/537.36"
152.57.120.215 - - [13/Aug/2021:16:18:19 +0000] "GET /assets/img/bg/bg-6.jpg HTTP/1.1" 200 345311 "https://admission.europeankids.in/?gclid=EAIaIQobChMIsJrrkrOu8gIVS0iPCh12HAPXEAEYASAAEgJkOfD_BwE" "Mozilla/5.0 (Linux; Android 8.1.0; vivo 1803 Build/O11019; wv) AppleWebKit/537.36 (KHTML, like Gecko) Version/4.0 Chrome/91.0.4472.101 Mobile Safari/537.36"
157.34.77.248 - - [13/Aug/2021:16:18:15 +0000] "GET /assets/img/slider/slider-2.jpg HTTP/1.1" 200 416547 "https://admission.europeankids.in/?gclid=EAIaIQobChMI7bf0-7Ku8gIVDaBmAh3jYAReEAEYASAAEgJhu_D_BwE" "Mozilla/5.0 (Linux; Android 9; SM-J415F Build/PPR1.180610.011; wv) AppleWebKit/537.36 (KHTML, like Gecko) Version/4.0 Chrome/74.0.3729.136 Mobile Safari/537.36"
152.57.120.215 - - [13/Aug/2021:16:18:19 +0000] "GET /assets/img/bg/bg-4.jpg HTTP/1.1" 200 355471 "https://admission.europeankids.in/?gclid=EAIaIQobChMIsJrrkrOu8gIVS0iPCh12HAPXEAEYASAAEgJkOfD_BwE" "Mozilla/5.0 (Linux; Android 8.1.0; vivo 1803 Build/O11019; wv) AppleWebKit/537.36 (KHTML, like Gecko) Version/4.0 Chrome/91.0.4472.101 Mobile Safari/537.36"
152.57.120.215 - - [13/Aug/2021:16:18:19 +0000] "GET /assets/img/slider/slider-3.jpg HTTP/1.1" 200 537835 "https://admission.europeankids.in/?gclid=EAIaIQobChMIsJrrkrOu8gIVS0iPCh12HAPXEAEYASAAEgJkOfD_BwE" "Mozilla/5.0 (Linux; Android 8.1.0; vivo 1803 Build/O11019; wv) AppleWebKit/537.36 (KHTML, like Gecko) Version/4.0 Chrome/91.0.4472.101 Mobile Safari/537.36"
157.34.77.248 - - [13/Aug/2021:16:18:21 +0000] "GET /assets/img/banner/banner-3.png HTTP/1.1" 200 101562 "https://admission.europeankids.in/?gclid=EAIaIQobChMI7bf0-7Ku8gIVDaBmAh3jYAReEAEYASAAEgJhu_D_BwE" "Mozilla/5.0 (Linux; Android 9; SM-J415F Build/PPR1.180610.011; wv) AppleWebKit/537.36 (KHTML, like Gecko) Version/4.0 Chrome/74.0.3729.136 Mobile Safari/537.36"
157.34.77.248 - - [13/Aug/2021:16:18:20 +0000] "GET /assets/img/slider/slider-3.jpg HTTP/1.1" 200 537835 "https://admission.europeankids.in/?gclid=EAIaIQobChMI7bf0-7Ku8gIVDaBmAh3jYAReEAEYASAAEgJhu_D_BwE" "Mozilla/5.0 (Linux; Android 9; SM-J415F Build/PPR1.180610.011; wv) AppleWebKit/537.36 (KHTML, like Gecko) Version/4.0 Chrome/74.0.3729.136 Mobile Safari/537.36"
152.57.120.215 - - [13/Aug/2021:16:18:21 +0000] "GET /assets/img/slider/slider-6.jpg HTTP/1.1" 200 474078 "https://admission.europeankids.in/?gclid=EAIaIQobChMIsJrrkrOu8gIVS0iPCh12HAPXEAEYASAAEgJkOfD_BwE" "Mozilla/5.0 (Linux; Android 8.1.0; vivo 1803 Build/O11019; wv) AppleWebKit/537.36 (KHTML, like Gecko) Version/4.0 Chrome/91.0.4472.101 Mobile Safari/537.36"
152.57.120.215 - - [13/Aug/2021:16:18:21 +0000] "GET /assets/img/slider/slider-5.jpg HTTP/1.1" 200 475724 "https://admission.europeankids.in/?gclid=EAIaIQobChMIsJrrkrOu8gIVS0iPCh12HAPXEAEYASAAEgJkOfD_BwE" "Mozilla/5.0 (Linux; Android 8.1.0; vivo 1803 Build/O11019; wv) AppleWebKit/537.36 (KHTML, like Gecko) Version/4.0 Chrome/91.0.4472.101 Mobile Safari/537.36"
157.34.77.248 - - [13/Aug/2021:16:18:23 +0000] "GET /assets/img/banner/international.png HTTP/1.1" 200 147908 "https://admission.europeankids.in/?gclid=EAIaIQobChMI7bf0-7Ku8gIVDaBmAh3jYAReEAEYASAAEgJhu_D_BwE" "Mozilla/5.0 (Linux; Android 9; SM-J415F Build/PPR1.180610.011; wv) AppleWebKit/537.36 (KHTML, like Gecko) Version/4.0 Chrome/74.0.3729.136 Mobile Safari/537.36"
152.57.120.215 - - [13/Aug/2021:16:18:23 +0000] "GET /assets/img/favicon.png HTTP/1.1" 404 220 "https://admission.europeankids.in/?gclid=EAIaIQobChMIsJrrkrOu8gIVS0iPCh12HAPXEAEYASAAEgJkOfD_BwE" "Mozilla/5.0 (Linux; Android 8.1.0; vivo 1803 Build/O11019; wv) AppleWebKit/537.36 (KHTML, like Gecko) Version/4.0 Chrome/91.0.4472.101 Mobile Safari/537.36"
157.34.77.248 - - [13/Aug/2021:16:18:23 +0000] "GET /assets/img/banner/kids.png HTTP/1.1" 200 127484 "https://admission.europeankids.in/?gclid=EAIaIQobChMI7bf0-7Ku8gIVDaBmAh3jYAReEAEYASAAEgJhu_D_BwE" "Mozilla/5.0 (Linux; Android 9; SM-J415F Build/PPR1.180610.011; wv) AppleWebKit/537.36 (KHTML, like Gecko) Version/4.0 Chrome/74.0.3729.136 Mobile Safari/537.36"
157.34.77.248 - - [13/Aug/2021:16:18:25 +0000] "GET /assets/img/icon-img/1.png HTTP/1.1" 200 18952 "https://admission.europeankids.in/?gclid=EAIaIQobChMI7bf0-7Ku8gIVDaBmAh3jYAReEAEYASAAEgJhu_D_BwE" "Mozilla/5.0 (Linux; Android 9; SM-J415F Build/PPR1.180610.011; wv) AppleWebKit/537.36 (KHTML, like Gecko) Version/4.0 Chrome/74.0.3729.136 Mobile Safari/537.36"
157.34.77.248 - - [13/Aug/2021:16:18:25 +0000] "GET /assets/img/icon-img/2.png HTTP/1.1" 200 5123 "https://admission.europeankids.in/?gclid=EAIaIQobChMI7bf0-7Ku8gIVDaBmAh3jYAReEAEYASAAEgJhu_D_BwE" "Mozilla/5.0 (Linux; Android 9; SM-J415F Build/PPR1.180610.011; wv) AppleWebKit/537.36 (KHTML, like Gecko) Version/4.0 Chrome/74.0.3729.136 Mobile Safari/537.36"
157.34.77.248 - - [13/Aug/2021:16:18:26 +0000] "GET /assets/img/icon-img/3.png HTTP/1.1" 200 7218 "https://admission.europeankids.in/?gclid=EAIaIQobChMI7bf0-7Ku8gIVDaBmAh3jYAReEAEYASAAEgJhu_D_BwE" "Mozilla/5.0 (Linux; Android 9; SM-J415F Build/PPR1.180610.011; wv) AppleWebKit/537.36 (KHTML, like Gecko) Version/4.0 Chrome/74.0.3729.136 Mobile Safari/537.36"
157.34.77.248 - - [13/Aug/2021:16:18:26 +0000] "GET /assets/img/icon-img/4.png HTTP/1.1" 200 5344 "https://admission.europeankids.in/?gclid=EAIaIQobChMI7bf0-7Ku8gIVDaBmAh3jYAReEAEYASAAEgJhu_D_BwE" "Mozilla/5.0 (Linux; Android 9; SM-J415F Build/PPR1.180610.011; wv) AppleWebKit/537.36 (KHTML, like Gecko) Version/4.0 Chrome/74.0.3729.136 Mobile Safari/537.36"
157.34.77.248 - - [13/Aug/2021:16:18:27 +0000] "GET /assets/img/icon-img/5.png HTTP/1.1" 200 13686 "https://admission.europeankids.in/?gclid=EAIaIQobChMI7bf0-7Ku8gIVDaBmAh3jYAReEAEYASAAEgJhu_D_BwE" "Mozilla/5.0 (Linux; Android 9; SM-J415F Build/PPR1.180610.011; wv) AppleWebKit/537.36 (KHTML, like Gecko) Version/4.0 Chrome/74.0.3729.136 Mobile Safari/537.36"
157.34.77.248 - - [13/Aug/2021:16:18:28 +0000] "GET /assets/img/icon-img/6.png HTTP/1.1" 200 8353 "https://admission.europeankids.in/?gclid=EAIaIQobChMI7bf0-7Ku8gIVDaBmAh3jYAReEAEYASAAEgJhu_D_BwE" "Mozilla/5.0 (Linux; Android 9; SM-J415F Build/PPR1.180610.011; wv) AppleWebKit/537.36 (KHTML, like Gecko) Version/4.0 Chrome/74.0.3729.136 Mobile Safari/537.36"
157.34.77.248 - - [13/Aug/2021:16:18:29 +0000] "GET /assets/img/icon-img/7.png HTTP/1.1" 200 10858 "https://admission.europeankids.in/?gclid=EAIaIQobChMI7bf0-7Ku8gIVDaBmAh3jYAReEAEYASAAEgJhu_D_BwE" "Mozilla/5.0 (Linux; Android 9; SM-J415F Build/PPR1.180610.011; wv) AppleWebKit/537.36 (KHTML, like Gecko) Version/4.0 Chrome/74.0.3729.136 Mobile Safari/537.36"
157.34.77.248 - - [13/Aug/2021:16:18:15 +0000] "GET /assets/img/slider/slider-1.jpg HTTP/1.1" 200 1133371 "https://admission.europeankids.in/?gclid=EAIaIQobChMI7bf0-7Ku8gIVDaBmAh3jYAReEAEYASAAEgJhu_D_BwE" "Mozilla/5.0 (Linux; Android 9; SM-J415F Build/PPR1.180610.011; wv) AppleWebKit/537.36 (KHTML, like Gecko) Version/4.0 Chrome/74.0.3729.136 Mobile Safari/537.36"
157.34.77.248 - - [13/Aug/2021:16:18:30 +0000] "GET /assets/img/icon-img/8.png HTTP/1.1" 200 16263 "https://admission.europeankids.in/?gclid=EAIaIQobChMI7bf0-7Ku8gIVDaBmAh3jYAReEAEYASAAEgJhu_D_BwE" "Mozilla/5.0 (Linux; Android 9; SM-J415F Build/PPR1.180610.011; wv) AppleWebKit/537.36 (KHTML, like Gecko) Version/4.0 Chrome/74.0.3729.136 Mobile Safari/537.36"
157.34.77.248 - - [13/Aug/2021:16:18:30 +0000] "GET /assets/img/icon-img/achieve-2.png HTTP/1.1" 200 3224 "https://admission.europeankids.in/?gclid=EAIaIQobChMI7bf0-7Ku8gIVDaBmAh3jYAReEAEYASAAEgJhu_D_BwE" "Mozilla/5.0 (Linux; Android 9; SM-J415F Build/PPR1.180610.011; wv) AppleWebKit/537.36 (KHTML, like Gecko) Version/4.0 Chrome/74.0.3729.136 Mobile Safari/537.36"
157.34.77.248 - - [13/Aug/2021:16:18:31 +0000] "GET /assets/img/icon-img/achieve-1.png HTTP/1.1" 200 2405 "https://admission.europeankids.in/?gclid=EAIaIQobChMI7bf0-7Ku8gIVDaBmAh3jYAReEAEYASAAEgJhu_D_BwE" "Mozilla/5.0 (Linux; Android 9; SM-J415F Build/PPR1.180610.011; wv) AppleWebKit/537.36 (KHTML, like Gecko) Version/4.0 Chrome/74.0.3729.136 Mobile Safari/537.36"
157.34.77.248 - - [13/Aug/2021:16:18:31 +0000] "GET /assets/img/icon-img/achieve-3.png HTTP/1.1" 200 3360 "https://admission.europeankids.in/?gclid=EAIaIQobChMI7bf0-7Ku8gIVDaBmAh3jYAReEAEYASAAEgJhu_D_BwE" "Mozilla/5.0 (Linux; Android 9; SM-J415F Build/PPR1.180610.011; wv) AppleWebKit/537.36 (KHTML, like Gecko) Version/4.0 Chrome/74.0.3729.136 Mobile Safari/537.36"
157.34.77.248 - - [13/Aug/2021:16:18:31 +0000] "GET /assets/img/gallery/gallery-1.png HTTP/1.1" 200 9253 "https://admission.europeankids.in/?gclid=EAIaIQobChMI7bf0-7Ku8gIVDaBmAh3jYAReEAEYASAAEgJhu_D_BwE" "Mozilla/5.0 (Linux; Android 9; SM-J415F Build/PPR1.180610.011; wv) AppleWebKit/537.36 (KHTML, like Gecko) Version/4.0 Chrome/74.0.3729.136 Mobile Safari/537.36"
157.34.77.248 - - [13/Aug/2021:16:18:31 +0000] "GET /assets/img/gallery/gallery-2.png HTTP/1.1" 200 9957 "https://admission.europeankids.in/?gclid=EAIaIQobChMI7bf0-7Ku8gIVDaBmAh3jYAReEAEYASAAEgJhu_D_BwE" "Mozilla/5.0 (Linux; Android 9; SM-J415F Build/PPR1.180610.011; wv) AppleWebKit/537.36 (KHTML, like Gecko) Version/4.0 Chrome/74.0.3729.136 Mobile Safari/537.36"
157.34.77.248 - - [13/Aug/2021:16:18:32 +0000] "GET /assets/img/gallery/gallery-3.png HTTP/1.1" 200 9891 "https://admission.europeankids.in/?gclid=EAIaIQobChMI7bf0-7Ku8gIVDaBmAh3jYAReEAEYASAAEgJhu_D_BwE" "Mozilla/5.0 (Linux; Android 9; SM-J415F Build/PPR1.180610.011; wv) AppleWebKit/537.36 (KHTML, like Gecko) Version/4.0 Chrome/74.0.3729.136 Mobile Safari/537.36"
157.34.77.248 - - [13/Aug/2021:16:18:32 +0000] "GET /assets/img/gallery/gallery-4.png HTTP/1.1" 200 11768 "https://admission.europeankids.in/?gclid=EAIaIQobChMI7bf0-7Ku8gIVDaBmAh3jYAReEAEYASAAEgJhu_D_BwE" "Mozilla/5.0 (Linux; Android 9; SM-J415F Build/PPR1.180610.011; wv) AppleWebKit/537.36 (KHTML, like Gecko) Version/4.0 Chrome/74.0.3729.136 Mobile Safari/537.36"
157.34.77.248 - - [13/Aug/2021:16:18:32 +0000] "GET /assets/img/gallery/gallery-5.png HTTP/1.1" 200 10792 "https://admission.europeankids.in/?gclid=EAIaIQobChMI7bf0-7Ku8gIVDaBmAh3jYAReEAEYASAAEgJhu_D_BwE" "Mozilla/5.0 (Linux; Android 9; SM-J415F Build/PPR1.180610.011; wv) AppleWebKit/537.36 (KHTML, like Gecko) Version/4.0 Chrome/74.0.3729.136 Mobile Safari/537.36"
157.34.77.248 - - [13/Aug/2021:16:18:32 +0000] "GET /assets/img/gallery/gallery-6.png HTTP/1.1" 200 9741 "https://admission.europeankids.in/?gclid=EAIaIQobChMI7bf0-7Ku8gIVDaBmAh3jYAReEAEYASAAEgJhu_D_BwE" "Mozilla/5.0 (Linux; Android 9; SM-J415F Build/PPR1.180610.011; wv) AppleWebKit/537.36 (KHTML, like Gecko) Version/4.0 Chrome/74.0.3729.136 Mobile Safari/537.36"
157.34.77.248 - - [13/Aug/2021:16:18:32 +0000] "GET /assets/img/icon-img/section-shape-4.png HTTP/1.1" 200 1024 "https://admission.europeankids.in/assets/css/style.css" "Mozilla/5.0 (Linux; Android 9; SM-J415F Build/PPR1.180610.011; wv) AppleWebKit/537.36 (KHTML, like Gecko) Version/4.0 Chrome/74.0.3729.136 Mobile Safari/537.36"
157.34.77.248 - - [13/Aug/2021:16:18:33 +0000] "GET /assets/img/bg/bg-6.jpg HTTP/1.1" 200 345311 "https://admission.europeankids.in/?gclid=EAIaIQobChMI7bf0-7Ku8gIVDaBmAh3jYAReEAEYASAAEgJhu_D_BwE" "Mozilla/5.0 (Linux; Android 9; SM-J415F Build/PPR1.180610.011; wv) AppleWebKit/537.36 (KHTML, like Gecko) Version/4.0 Chrome/74.0.3729.136 Mobile Safari/537.36"
157.34.77.248 - - [13/Aug/2021:16:18:33 +0000] "GET /assets/img/bg/bg-4.jpg HTTP/1.1" 200 355471 "https://admission.europeankids.in/?gclid=EAIaIQobChMI7bf0-7Ku8gIVDaBmAh3jYAReEAEYASAAEgJhu_D_BwE" "Mozilla/5.0 (Linux; Android 9; SM-J415F Build/PPR1.180610.011; wv) AppleWebKit/537.36 (KHTML, like Gecko) Version/4.0 Chrome/74.0.3729.136 Mobile Safari/537.36"
157.34.77.248 - - [13/Aug/2021:16:18:35 +0000] "GET /assets/img/slider/slider-5.jpg HTTP/1.1" 200 475724 "https://admission.europeankids.in/?gclid=EAIaIQobChMI7bf0-7Ku8gIVDaBmAh3jYAReEAEYASAAEgJhu_D_BwE" "Mozilla/5.0 (Linux; Android 9; SM-J415F Build/PPR1.180610.011; wv) AppleWebKit/537.36 (KHTML, like Gecko) Version/4.0 Chrome/74.0.3729.136 Mobile Safari/537.36"
157.34.77.248 - - [13/Aug/2021:16:18:36 +0000] "GET /assets/img/slider/slider-6.jpg HTTP/1.1" 200 474078 "https://admission.europeankids.in/?gclid=EAIaIQobChMI7bf0-7Ku8gIVDaBmAh3jYAReEAEYASAAEgJhu_D_BwE" "Mozilla/5.0 (Linux; Android 9; SM-J415F Build/PPR1.180610.011; wv) AppleWebKit/537.36 (KHTML, like Gecko) Version/4.0 Chrome/74.0.3729.136 Mobile Safari/537.36"
157.34.77.248 - - [13/Aug/2021:16:18:54 +0000] "GET /assets/img/favicon.png HTTP/1.1" 404 220 "https://admission.europeankids.in/?gclid=EAIaIQobChMI7bf0-7Ku8gIVDaBmAh3jYAReEAEYASAAEgJhu_D_BwE" "Mozilla/5.0 (Linux; Android 9; SM-J415F Build/PPR1.180610.011; wv) AppleWebKit/537.36 (KHTML, like Gecko) Version/4.0 Chrome/74.0.3729.136 Mobile Safari/537.36"
157.34.77.248 - - [13/Aug/2021:16:19:14 +0000] "-" 408 - "-" "-"
139.167.216.58 - - [13/Aug/2021:16:19:55 +0000] "GET /?gclid=EAIaIQobChMI_uu3w7Ou8gIVhoCsAh31gg8EEAEYASAAEgIb4PD_BwE HTTP/1.1" 200 30135 "https://imasdk.googleapis.com/js/core/bridge3.474.0_en.html" "Mozilla/5.0 (Linux; Android 9; vivo 1906 Build/PKQ1.190616.001; wv) AppleWebKit/537.36 (KHTML, like Gecko) Version/4.0 Chrome/74.0.3729.136 Mobile Safari/537.36"
139.167.216.58 - - [13/Aug/2021:16:19:55 +0000] "GET /assets/css/bootstrap.min.css HTTP/1.1" 200 155799 "https://admission.europeankids.in/?gclid=EAIaIQobChMI_uu3w7Ou8gIVhoCsAh31gg8EEAEYASAAEgIb4PD_BwE" "Mozilla/5.0 (Linux; Android 9; vivo 1906 Build/PKQ1.190616.001; wv) AppleWebKit/537.36 (KHTML, like Gecko) Version/4.0 Chrome/74.0.3729.136 Mobile Safari/537.36"
139.167.216.58 - - [13/Aug/2021:16:19:56 +0000] "GET /assets/css/plugins.css HTTP/1.1" 200 30035 "https://admission.europeankids.in/?gclid=EAIaIQobChMI_uu3w7Ou8gIVhoCsAh31gg8EEAEYASAAEgIb4PD_BwE" "Mozilla/5.0 (Linux; Android 9; vivo 1906 Build/PKQ1.190616.001; wv) AppleWebKit/537.36 (KHTML, like Gecko) Version/4.0 Chrome/74.0.3729.136 Mobile Safari/537.36"
139.167.216.58 - - [13/Aug/2021:16:19:56 +0000] "GET /assets/js/vendor/modernizr-3.11.7.min.js HTTP/1.1" 200 8620 "https://admission.europeankids.in/?gclid=EAIaIQobChMI_uu3w7Ou8gIVhoCsAh31gg8EEAEYASAAEgIb4PD_BwE" "Mozilla/5.0 (Linux; Android 9; vivo 1906 Build/PKQ1.190616.001; wv) AppleWebKit/537.36 (KHTML, like Gecko) Version/4.0 Chrome/74.0.3729.136 Mobile Safari/537.36"
139.167.216.58 - - [13/Aug/2021:16:19:56 +0000] "GET /gen_validatorv4.js HTTP/1.1" 200 30812 "https://admission.europeankids.in/?gclid=EAIaIQobChMI_uu3w7Ou8gIVhoCsAh31gg8EEAEYASAAEgIb4PD_BwE" "Mozilla/5.0 (Linux; Android 9; vivo 1906 Build/PKQ1.190616.001; wv) AppleWebKit/537.36 (KHTML, like Gecko) Version/4.0 Chrome/74.0.3729.136 Mobile Safari/537.36"
139.167.216.58 - - [13/Aug/2021:16:19:56 +0000] "GET /assets/img/banner/banner-3.png HTTP/1.1" 200 101562 "https://admission.europeankids.in/?gclid=EAIaIQobChMI_uu3w7Ou8gIVhoCsAh31gg8EEAEYASAAEgIb4PD_BwE" "Mozilla/5.0 (Linux; Android 9; vivo 1906 Build/PKQ1.190616.001; wv) AppleWebKit/537.36 (KHTML, like Gecko) Version/4.0 Chrome/74.0.3729.136 Mobile Safari/537.36"
139.167.216.58 - - [13/Aug/2021:16:19:56 +0000] "GET /assets/css/style.css HTTP/1.1" 200 195655 "https://admission.europeankids.in/?gclid=EAIaIQobChMI_uu3w7Ou8gIVhoCsAh31gg8EEAEYASAAEgIb4PD_BwE" "Mozilla/5.0 (Linux; Android 9; vivo 1906 Build/PKQ1.190616.001; wv) AppleWebKit/537.36 (KHTML, like Gecko) Version/4.0 Chrome/74.0.3729.136 Mobile Safari/537.36"
139.167.216.58 - - [13/Aug/2021:16:19:56 +0000] "GET /assets/css/icons.min.css HTTP/1.1" 200 98372 "https://admission.europeankids.in/?gclid=EAIaIQobChMI_uu3w7Ou8gIVhoCsAh31gg8EEAEYASAAEgIb4PD_BwE" "Mozilla/5.0 (Linux; Android 9; vivo 1906 Build/PKQ1.190616.001; wv) AppleWebKit/537.36 (KHTML, like Gecko) Version/4.0 Chrome/74.0.3729.136 Mobile Safari/537.36"
139.167.216.58 - - [13/Aug/2021:16:19:57 +0000] "GET /assets/js/vendor/jquery-v2.2.4.min.js HTTP/1.1" 200 85578 "https://admission.europeankids.in/?gclid=EAIaIQobChMI_uu3w7Ou8gIVhoCsAh31gg8EEAEYASAAEgIb4PD_BwE" "Mozilla/5.0 (Linux; Android 9; vivo 1906 Build/PKQ1.190616.001; wv) AppleWebKit/537.36 (KHTML, like Gecko) Version/4.0 Chrome/74.0.3729.136 Mobile Safari/537.36"
139.167.216.58 - - [13/Aug/2021:16:19:58 +0000] "GET /assets/js/popper.min.js HTTP/1.1" 200 18556 "https://admission.europeankids.in/?gclid=EAIaIQobChMI_uu3w7Ou8gIVhoCsAh31gg8EEAEYASAAEgIb4PD_BwE" "Mozilla/5.0 (Linux; Android 9; vivo 1906 Build/PKQ1.190616.001; wv) AppleWebKit/537.36 (KHTML, like Gecko) Version/4.0 Chrome/74.0.3729.136 Mobile Safari/537.36"
139.167.216.58 - - [13/Aug/2021:16:19:58 +0000] "GET /assets/js/bootstrap.min.js HTTP/1.1" 200 60048 "https://admission.europeankids.in/?gclid=EAIaIQobChMI_uu3w7Ou8gIVhoCsAh31gg8EEAEYASAAEgIb4PD_BwE" "Mozilla/5.0 (Linux; Android 9; vivo 1906 Build/PKQ1.190616.001; wv) AppleWebKit/537.36 (KHTML, like Gecko) Version/4.0 Chrome/74.0.3729.136 Mobile Safari/537.36"
139.167.216.58 - - [13/Aug/2021:16:19:58 +0000] "GET /assets/js/plugins.js HTTP/1.1" 200 172668 "https://admission.europeankids.in/?gclid=EAIaIQobChMI_uu3w7Ou8gIVhoCsAh31gg8EEAEYASAAEgIb4PD_BwE" "Mozilla/5.0 (Linux; Android 9; vivo 1906 Build/PKQ1.190616.001; wv) AppleWebKit/537.36 (KHTML, like Gecko) Version/4.0 Chrome/74.0.3729.136 Mobile Safari/537.36"
139.167.216.58 - - [13/Aug/2021:16:19:59 +0000] "GET /assets/js/ajax-mail.js HTTP/1.1" 200 1201 "https://admission.europeankids.in/?gclid=EAIaIQobChMI_uu3w7Ou8gIVhoCsAh31gg8EEAEYASAAEgIb4PD_BwE" "Mozilla/5.0 (Linux; Android 9; vivo 1906 Build/PKQ1.190616.001; wv) AppleWebKit/537.36 (KHTML, like Gecko) Version/4.0 Chrome/74.0.3729.136 Mobile Safari/537.36"
139.167.216.58 - - [13/Aug/2021:16:19:59 +0000] "GET /assets/js/main.js HTTP/1.1" 200 18493 "https://admission.europeankids.in/?gclid=EAIaIQobChMI_uu3w7Ou8gIVhoCsAh31gg8EEAEYASAAEgIb4PD_BwE" "Mozilla/5.0 (Linux; Android 9; vivo 1906 Build/PKQ1.190616.001; wv) AppleWebKit/537.36 (KHTML, like Gecko) Version/4.0 Chrome/74.0.3729.136 Mobile Safari/537.36"
139.167.216.58 - - [13/Aug/2021:16:19:59 +0000] "GET /assets/img/banner/international.png HTTP/1.1" 200 147908 "https://admission.europeankids.in/?gclid=EAIaIQobChMI_uu3w7Ou8gIVhoCsAh31gg8EEAEYASAAEgIb4PD_BwE" "Mozilla/5.0 (Linux; Android 9; vivo 1906 Build/PKQ1.190616.001; wv) AppleWebKit/537.36 (KHTML, like Gecko) Version/4.0 Chrome/74.0.3729.136 Mobile Safari/537.36"
139.167.216.58 - - [13/Aug/2021:16:20:00 +0000] "GET /assets/img/banner/kids.png HTTP/1.1" 200 127484 "https://admission.europeankids.in/?gclid=EAIaIQobChMI_uu3w7Ou8gIVhoCsAh31gg8EEAEYASAAEgIb4PD_BwE" "Mozilla/5.0 (Linux; Android 9; vivo 1906 Build/PKQ1.190616.001; wv) AppleWebKit/537.36 (KHTML, like Gecko) Version/4.0 Chrome/74.0.3729.136 Mobile Safari/537.36"
139.167.216.58 - - [13/Aug/2021:16:20:00 +0000] "GET /assets/img/icon-img/1.png HTTP/1.1" 200 18952 "https://admission.europeankids.in/?gclid=EAIaIQobChMI_uu3w7Ou8gIVhoCsAh31gg8EEAEYASAAEgIb4PD_BwE" "Mozilla/5.0 (Linux; Android 9; vivo 1906 Build/PKQ1.190616.001; wv) AppleWebKit/537.36 (KHTML, like Gecko) Version/4.0 Chrome/74.0.3729.136 Mobile Safari/537.36"
139.167.216.58 - - [13/Aug/2021:16:20:01 +0000] "GET /assets/img/icon-img/2.png HTTP/1.1" 200 5123 "https://admission.europeankids.in/?gclid=EAIaIQobChMI_uu3w7Ou8gIVhoCsAh31gg8EEAEYASAAEgIb4PD_BwE" "Mozilla/5.0 (Linux; Android 9; vivo 1906 Build/PKQ1.190616.001; wv) AppleWebKit/537.36 (KHTML, like Gecko) Version/4.0 Chrome/74.0.3729.136 Mobile Safari/537.36"
139.167.216.58 - - [13/Aug/2021:16:20:01 +0000] "GET /assets/img/icon-img/4.png HTTP/1.1" 200 5344 "https://admission.europeankids.in/?gclid=EAIaIQobChMI_uu3w7Ou8gIVhoCsAh31gg8EEAEYASAAEgIb4PD_BwE" "Mozilla/5.0 (Linux; Android 9; vivo 1906 Build/PKQ1.190616.001; wv) AppleWebKit/537.36 (KHTML, like Gecko) Version/4.0 Chrome/74.0.3729.136 Mobile Safari/537.36"
139.167.216.58 - - [13/Aug/2021:16:20:01 +0000] "GET /assets/img/icon-img/3.png HTTP/1.1" 200 7218 "https://admission.europeankids.in/?gclid=EAIaIQobChMI_uu3w7Ou8gIVhoCsAh31gg8EEAEYASAAEgIb4PD_BwE" "Mozilla/5.0 (Linux; Android 9; vivo 1906 Build/PKQ1.190616.001; wv) AppleWebKit/537.36 (KHTML, like Gecko) Version/4.0 Chrome/74.0.3729.136 Mobile Safari/537.36"
139.167.216.58 - - [13/Aug/2021:16:20:02 +0000] "GET /assets/fonts/fontawesome-webfont.woff2?v=4.5.0 HTTP/1.1" 200 66624 "https://admission.europeankids.in/assets/css/icons.min.css" "Mozilla/5.0 (Linux; Android 9; vivo 1906 Build/PKQ1.190616.001; wv) AppleWebKit/537.36 (KHTML, like Gecko) Version/4.0 Chrome/74.0.3729.136 Mobile Safari/537.36"
139.167.216.58 - - [13/Aug/2021:16:20:02 +0000] "GET /assets/img/icon-img/section-shape-3.png HTTP/1.1" 200 1024 "https://admission.europeankids.in/assets/css/style.css" "Mozilla/5.0 (Linux; Android 9; vivo 1906 Build/PKQ1.190616.001; wv) AppleWebKit/537.36 (KHTML, like Gecko) Version/4.0 Chrome/74.0.3729.136 Mobile Safari/537.36"
139.167.216.58 - - [13/Aug/2021:16:20:02 +0000] "GET /assets/img/icon-img/header-shape.png HTTP/1.1" 200 1577 "https://admission.europeankids.in/?gclid=EAIaIQobChMI_uu3w7Ou8gIVhoCsAh31gg8EEAEYASAAEgIb4PD_BwE" "Mozilla/5.0 (Linux; Android 9; vivo 1906 Build/PKQ1.190616.001; wv) AppleWebKit/537.36 (KHTML, like Gecko) Version/4.0 Chrome/74.0.3729.136 Mobile Safari/537.36"
