108.162.216.230 - - [12/Aug/2021:07:31:47 +0000] "GET /assets/img/bg/bg-4.jpg HTTP/1.1" 200 355471 "https://jobfacus.com/" "Mozilla/5.0 (compatible; MSIE 9.0; Windows NT 6.1; Trident/5.0; Trident/5.0)"
162.158.75.100 - - [12/Aug/2021:07:31:48 +0000] "GET /assets/img/bg/bg-6.jpg HTTP/1.1" 200 345311 "https://jobfacus.com/" "Mozilla/5.0 (compatible; MSIE 9.0; Windows NT 6.1; Trident/5.0; Trident/5.0)"
162.158.75.22 - - [12/Aug/2021:07:31:49 +0000] "GET /assets/img/slider/slider-1.jpg HTTP/1.1" 200 1133371 "https://jobfacus.com/" "Mozilla/5.0 (compatible; MSIE 9.0; Windows NT 6.1; Trident/5.0; Trident/5.0)"
108.162.216.248 - - [12/Aug/2021:07:31:50 +0000] "GET /assets/img/slider/slider-2.jpg HTTP/1.1" 200 416547 "https://jobfacus.com/" "Mozilla/5.0 (compatible; MSIE 9.0; Windows NT 6.1; Trident/5.0; Trident/5.0)"
162.158.74.213 - - [12/Aug/2021:07:31:52 +0000] "GET /assets/img/slider/slider-3.jpg HTTP/1.1" 200 537835 "https://jobfacus.com/" "Mozilla/5.0 (compatible; MSIE 9.0; Windows NT 6.1; Trident/5.0; Trident/5.0)"
162.158.75.172 - - [12/Aug/2021:07:31:52 +0000] "GET /assets/img/slider/slider-4.jpg HTTP/1.1" 200 265153 "https://jobfacus.com/" "Mozilla/5.0 (compatible; MSIE 9.0; Windows NT 6.1; Trident/5.0; Trident/5.0)"
162.158.74.179 - - [12/Aug/2021:07:31:54 +0000] "GET /assets/img/slider/slider-5.jpg HTTP/1.1" 200 475724 "https://jobfacus.com/" "Mozilla/5.0 (compatible; MSIE 9.0; Windows NT 6.1; Trident/5.0; Trident/5.0)"
162.158.74.191 - - [12/Aug/2021:07:31:54 +0000] "GET /assets/img/slider/slider-6.jpg HTTP/1.1" 200 474078 "https://jobfacus.com/" "Mozilla/5.0 (compatible; MSIE 9.0; Windows NT 6.1; Trident/5.0; Trident/5.0)"
162.158.74.247 - - [12/Aug/2021:07:31:56 +0000] "GET /assets/img/icon-img/section-shape-4.png HTTP/1.1" 200 1024 "https://jobfacus.com/" "Mozilla/5.0 (compatible; MSIE 9.0; Windows NT 6.1; Trident/5.0; Trident/5.0)"
157.38.82.137 - - [12/Aug/2021:07:31:58 +0000] "-" 408 - "-" "-"
157.38.82.137 - - [12/Aug/2021:07:31:58 +0000] "-" 408 - "-" "-"
47.31.197.34 - - [12/Aug/2021:07:32:35 +0000] "GET / HTTP/1.1" 200 28802 "-" "Mozilla/5.0 (Windows NT 6.1) AppleWebKit/537.36 (KHTML, like Gecko) Chrome/92.0.4515.131 Safari/537.36"
47.31.197.34 - - [12/Aug/2021:07:32:36 +0000] "GET /assets/css/plugins.css HTTP/1.1" 200 30035 "https://admission.europeankids.in/" "Mozilla/5.0 (Windows NT 6.1) AppleWebKit/537.36 (KHTML, like Gecko) Chrome/92.0.4515.131 Safari/537.36"
47.31.197.34 - - [12/Aug/2021:07:32:35 +0000] "GET /assets/css/bootstrap.min.css HTTP/1.1" 200 155799 "https://admission.europeankids.in/" "Mozilla/5.0 (Windows NT 6.1) AppleWebKit/537.36 (KHTML, like Gecko) Chrome/92.0.4515.131 Safari/537.36"
47.31.197.34 - - [12/Aug/2021:07:32:36 +0000] "GET /assets/css/icons.min.css HTTP/1.1" 200 98372 "https://admission.europeankids.in/" "Mozilla/5.0 (Windows NT 6.1) AppleWebKit/537.36 (KHTML, like Gecko) Chrome/92.0.4515.131 Safari/537.36"
47.31.197.34 - - [12/Aug/2021:07:32:36 +0000] "GET /assets/css/style.css HTTP/1.1" 200 195655 "https://admission.europeankids.in/" "Mozilla/5.0 (Windows NT 6.1) AppleWebKit/537.36 (KHTML, like Gecko) Chrome/92.0.4515.131 Safari/537.36"
1.39.205.244 - - [12/Aug/2021:07:32:40 +0000] "-" 408 - "-" "-"
157.38.82.137 - - [12/Aug/2021:07:32:59 +0000] "-" 408 - "-" "-"
157.38.82.137 - - [12/Aug/2021:07:32:59 +0000] "-" 408 - "-" "-"
157.38.82.137 - - [12/Aug/2021:07:33:59 +0000] "-" 408 - "-" "-"
157.38.82.137 - - [12/Aug/2021:07:33:59 +0000] "-" 408 - "-" "-"
157.38.82.137 - - [12/Aug/2021:07:35:04 +0000] "-" 408 - "-" "-"
157.38.82.137 - - [12/Aug/2021:07:35:59 +0000] "-" 408 - "-" "-"
157.38.82.137 - - [12/Aug/2021:07:35:59 +0000] "-" 408 - "-" "-"
72.14.199.117 - - [12/Aug/2021:07:36:53 +0000] "GET / HTTP/1.1" 200 28802 "-" "Mozilla/5.0 (iPhone; CPU iPhone OS 9_1 like Mac OS X) AppleWebKit/601.1.46 (KHTML, like Gecko) Version/9.0 Mobile/13B143 Safari/601.1 (compatible; AdsBot-Google-Mobile; +http://www.google.com/mobile/adsbot.html)"
72.14.199.117 - - [12/Aug/2021:07:37:01 +0000] "GET /assets/css/style.css HTTP/1.1" 200 195655 "https://admission.europeankids.in/" "Mozilla/5.0 (iPhone; CPU iPhone OS 9_1 like Mac OS X) AppleWebKit/601.1.46 (KHTML, like Gecko) Version/9.0 Mobile/13B143 Safari/601.1 (compatible; AdsBot-Google-Mobile; +http://www.google.com/mobile/adsbot.html)"
72.14.199.119 - - [12/Aug/2021:07:37:02 +0000] "GET /assets/css/bootstrap.min.css HTTP/1.1" 200 155799 "https://admission.europeankids.in/" "Mozilla/5.0 (iPhone; CPU iPhone OS 9_1 like Mac OS X) AppleWebKit/601.1.46 (KHTML, like Gecko) Version/9.0 Mobile/13B143 Safari/601.1 (compatible; AdsBot-Google-Mobile; +http://www.google.com/mobile/adsbot.html)"
72.14.199.115 - - [12/Aug/2021:07:37:04 +0000] "GET /assets/js/vendor/modernizr-3.11.7.min.js HTTP/1.1" 200 8620 "https://admission.europeankids.in/" "Mozilla/5.0 (iPhone; CPU iPhone OS 9_1 like Mac OS X) AppleWebKit/601.1.46 (KHTML, like Gecko) Version/9.0 Mobile/13B143 Safari/601.1 (compatible; AdsBot-Google-Mobile; +http://www.google.com/mobile/adsbot.html)"
72.14.199.117 - - [12/Aug/2021:07:37:04 +0000] "GET /gen_validatorv4.js HTTP/1.1" 200 30812 "https://admission.europeankids.in/" "Mozilla/5.0 (iPhone; CPU iPhone OS 9_1 like Mac OS X) AppleWebKit/601.1.46 (KHTML, like Gecko) Version/9.0 Mobile/13B143 Safari/601.1 (compatible; AdsBot-Google-Mobile; +http://www.google.com/mobile/adsbot.html)"
72.14.199.117 - - [12/Aug/2021:07:37:05 +0000] "GET /assets/css/plugins.css HTTP/1.1" 200 30035 "https://admission.europeankids.in/" "Mozilla/5.0 (iPhone; CPU iPhone OS 9_1 like Mac OS X) AppleWebKit/601.1.46 (KHTML, like Gecko) Version/9.0 Mobile/13B143 Safari/601.1 (compatible; AdsBot-Google-Mobile; +http://www.google.com/mobile/adsbot.html)"
72.14.199.117 - - [12/Aug/2021:07:37:06 +0000] "GET /assets/css/icons.min.css HTTP/1.1" 200 98372 "https://admission.europeankids.in/" "Mozilla/5.0 (iPhone; CPU iPhone OS 9_1 like Mac OS X) AppleWebKit/601.1.46 (KHTML, like Gecko) Version/9.0 Mobile/13B143 Safari/601.1 (compatible; AdsBot-Google-Mobile; +http://www.google.com/mobile/adsbot.html)"
72.14.199.115 - - [12/Aug/2021:07:37:08 +0000] "GET /assets/js/vendor/jquery-v2.2.4.min.js HTTP/1.1" 200 85578 "https://admission.europeankids.in/" "Mozilla/5.0 (iPhone; CPU iPhone OS 9_1 like Mac OS X) AppleWebKit/601.1.46 (KHTML, like Gecko) Version/9.0 Mobile/13B143 Safari/601.1 (compatible; AdsBot-Google-Mobile; +http://www.google.com/mobile/adsbot.html)"
72.14.199.115 - - [12/Aug/2021:07:37:09 +0000] "GET /assets/js/plugins.js HTTP/1.1" 200 172668 "https://admission.europeankids.in/" "Mozilla/5.0 (iPhone; CPU iPhone OS 9_1 like Mac OS X) AppleWebKit/601.1.46 (KHTML, like Gecko) Version/9.0 Mobile/13B143 Safari/601.1 (compatible; AdsBot-Google-Mobile; +http://www.google.com/mobile/adsbot.html)"
72.14.199.115 - - [12/Aug/2021:07:37:10 +0000] "GET /assets/js/main.js HTTP/1.1" 200 18493 "https://admission.europeankids.in/" "Mozilla/5.0 (iPhone; CPU iPhone OS 9_1 like Mac OS X) AppleWebKit/601.1.46 (KHTML, like Gecko) Version/9.0 Mobile/13B143 Safari/601.1 (compatible; AdsBot-Google-Mobile; +http://www.google.com/mobile/adsbot.html)"
72.14.199.115 - - [12/Aug/2021:07:37:11 +0000] "GET /assets/js/bootstrap.min.js HTTP/1.1" 200 60048 "https://admission.europeankids.in/" "Mozilla/5.0 (iPhone; CPU iPhone OS 9_1 like Mac OS X) AppleWebKit/601.1.46 (KHTML, like Gecko) Version/9.0 Mobile/13B143 Safari/601.1 (compatible; AdsBot-Google-Mobile; +http://www.google.com/mobile/adsbot.html)"
72.14.199.115 - - [12/Aug/2021:07:37:12 +0000] "GET /assets/js/popper.min.js HTTP/1.1" 200 18556 "https://admission.europeankids.in/" "Mozilla/5.0 (iPhone; CPU iPhone OS 9_1 like Mac OS X) AppleWebKit/601.1.46 (KHTML, like Gecko) Version/9.0 Mobile/13B143 Safari/601.1 (compatible; AdsBot-Google-Mobile; +http://www.google.com/mobile/adsbot.html)"
72.14.199.115 - - [12/Aug/2021:07:37:13 +0000] "GET /assets/js/ajax-mail.js HTTP/1.1" 200 1201 "https://admission.europeankids.in/" "Mozilla/5.0 (iPhone; CPU iPhone OS 9_1 like Mac OS X) AppleWebKit/601.1.46 (KHTML, like Gecko) Version/9.0 Mobile/13B143 Safari/601.1 (compatible; AdsBot-Google-Mobile; +http://www.google.com/mobile/adsbot.html)"
72.14.199.115 - - [12/Aug/2021:07:37:14 +0000] "GET /assets/fonts/fontawesome-webfont.woff2?v=4.5.0 HTTP/1.1" 200 66624 "https://admission.europeankids.in/assets/css/icons.min.css" "Mozilla/5.0 (iPhone; CPU iPhone OS 9_1 like Mac OS X) AppleWebKit/601.1.46 (KHTML, like Gecko) Version/9.0 Mobile/13B143 Safari/601.1 (compatible; AdsBot-Google-Mobile; +http://www.google.com/mobile/adsbot.html)"
103.12.134.229 - - [12/Aug/2021:07:38:40 +0000] "GET / HTTP/1.1" 200 28802 "https://www.google.com/url?sa=t&rct=j&q=&esrc=s&source=web&cd=1&ved=0CCQQFjAB&url=https%3A%2F%2Fadmission.europeankids.in%2F&ei=_s8UYa3dMpSPoAWeFw&usg=AFQjCNHBW8cRqxuZV0xDY9bBfP5E0i18_w" "Mozilla/5.0 (iPhone; CPU iPhone OS 14_6 like Mac OS X) AppleWebKit/605.1.15 (KHTML, like Gecko) Version/14.1.1 Mobile/15E148 Safari/604.1"
223.196.82.133 - - [12/Aug/2021:07:38:40 +0000] "GET / HTTP/1.1" 200 28802 "https://www.google.com/" "Mozilla/5.0 (Linux; Android 10; Redmi Note 7 Pro) AppleWebKit/537.36 (KHTML, like Gecko) Chrome/83.0.4103.101 Mobile Safari/537.36"
223.196.82.133 - - [12/Aug/2021:07:38:42 +0000] "GET /assets/css/plugins.css HTTP/1.1" 200 30035 "https://admission.europeankids.in/" "Mozilla/5.0 (Linux; Android 10; Redmi Note 7 Pro) AppleWebKit/537.36 (KHTML, like Gecko) Chrome/83.0.4103.101 Mobile Safari/537.36"
223.196.82.133 - - [12/Aug/2021:07:38:42 +0000] "GET /gen_validatorv4.js HTTP/1.1" 200 30812 "https://admission.europeankids.in/" "Mozilla/5.0 (Linux; Android 10; Redmi Note 7 Pro) AppleWebKit/537.36 (KHTML, like Gecko) Chrome/83.0.4103.101 Mobile Safari/537.36"
223.196.82.133 - - [12/Aug/2021:07:38:42 +0000] "GET /assets/js/vendor/modernizr-3.11.7.min.js HTTP/1.1" 200 8620 "https://admission.europeankids.in/" "Mozilla/5.0 (Linux; Android 10; Redmi Note 7 Pro) AppleWebKit/537.36 (KHTML, like Gecko) Chrome/83.0.4103.101 Mobile Safari/537.36"
103.12.134.229 - - [12/Aug/2021:07:38:42 +0000] "GET /gen_validatorv4.js HTTP/1.1" 200 30812 "https://admission.europeankids.in/" "Mozilla/5.0 (iPhone; CPU iPhone OS 14_6 like Mac OS X) AppleWebKit/605.1.15 (KHTML, like Gecko) Version/14.1.1 Mobile/15E148 Safari/604.1"
103.12.134.229 - - [12/Aug/2021:07:38:42 +0000] "GET /assets/css/plugins.css HTTP/1.1" 200 30035 "https://admission.europeankids.in/" "Mozilla/5.0 (iPhone; CPU iPhone OS 14_6 like Mac OS X) AppleWebKit/605.1.15 (KHTML, like Gecko) Version/14.1.1 Mobile/15E148 Safari/604.1"
223.196.82.133 - - [12/Aug/2021:07:38:42 +0000] "GET /assets/css/style.css HTTP/1.1" 200 195655 "https://admission.europeankids.in/" "Mozilla/5.0 (Linux; Android 10; Redmi Note 7 Pro) AppleWebKit/537.36 (KHTML, like Gecko) Chrome/83.0.4103.101 Mobile Safari/537.36"
223.196.82.133 - - [12/Aug/2021:07:38:42 +0000] "GET /assets/css/bootstrap.min.css HTTP/1.1" 200 155799 "https://admission.europeankids.in/" "Mozilla/5.0 (Linux; Android 10; Redmi Note 7 Pro) AppleWebKit/537.36 (KHTML, like Gecko) Chrome/83.0.4103.101 Mobile Safari/537.36"
103.12.134.229 - - [12/Aug/2021:07:38:42 +0000] "GET /assets/js/vendor/modernizr-3.11.7.min.js HTTP/1.1" 200 8620 "https://admission.europeankids.in/" "Mozilla/5.0 (iPhone; CPU iPhone OS 14_6 like Mac OS X) AppleWebKit/605.1.15 (KHTML, like Gecko) Version/14.1.1 Mobile/15E148 Safari/604.1"
223.196.82.133 - - [12/Aug/2021:07:38:42 +0000] "GET /assets/css/icons.min.css HTTP/1.1" 200 98372 "https://admission.europeankids.in/" "Mozilla/5.0 (Linux; Android 10; Redmi Note 7 Pro) AppleWebKit/537.36 (KHTML, like Gecko) Chrome/83.0.4103.101 Mobile Safari/537.36"
103.12.134.229 - - [12/Aug/2021:07:38:42 +0000] "GET /assets/css/bootstrap.min.css HTTP/1.1" 200 155799 "https://admission.europeankids.in/" "Mozilla/5.0 (iPhone; CPU iPhone OS 14_6 like Mac OS X) AppleWebKit/605.1.15 (KHTML, like Gecko) Version/14.1.1 Mobile/15E148 Safari/604.1"
103.12.134.229 - - [12/Aug/2021:07:38:42 +0000] "GET /assets/css/style.css HTTP/1.1" 200 195655 "https://admission.europeankids.in/" "Mozilla/5.0 (iPhone; CPU iPhone OS 14_6 like Mac OS X) AppleWebKit/605.1.15 (KHTML, like Gecko) Version/14.1.1 Mobile/15E148 Safari/604.1"
103.12.134.229 - - [12/Aug/2021:07:38:43 +0000] "GET /assets/css/icons.min.css HTTP/1.1" 200 98372 "https://admission.europeankids.in/" "Mozilla/5.0 (iPhone; CPU iPhone OS 14_6 like Mac OS X) AppleWebKit/605.1.15 (KHTML, like Gecko) Version/14.1.1 Mobile/15E148 Safari/604.1"
223.196.82.133 - - [12/Aug/2021:07:38:44 +0000] "GET /assets/js/vendor/jquery-v2.2.4.min.js HTTP/1.1" 200 85578 "https://admission.europeankids.in/" "Mozilla/5.0 (Linux; Android 10; Redmi Note 7 Pro) AppleWebKit/537.36 (KHTML, like Gecko) Chrome/83.0.4103.101 Mobile Safari/537.36"
103.12.134.229 - - [12/Aug/2021:07:38:44 +0000] "GET /assets/js/vendor/jquery-v2.2.4.min.js HTTP/1.1" 200 85578 "https://admission.europeankids.in/" "Mozilla/5.0 (iPhone; CPU iPhone OS 14_6 like Mac OS X) AppleWebKit/605.1.15 (KHTML, like Gecko) Version/14.1.1 Mobile/15E148 Safari/604.1"
223.196.82.133 - - [12/Aug/2021:07:38:45 +0000] "GET /assets/js/popper.min.js HTTP/1.1" 200 18556 "https://admission.europeankids.in/" "Mozilla/5.0 (Linux; Android 10; Redmi Note 7 Pro) AppleWebKit/537.36 (KHTML, like Gecko) Chrome/83.0.4103.101 Mobile Safari/537.36"
223.196.82.133 - - [12/Aug/2021:07:38:46 +0000] "GET /assets/js/main.js HTTP/1.1" 200 18493 "https://admission.europeankids.in/" "Mozilla/5.0 (Linux; Android 10; Redmi Note 7 Pro) AppleWebKit/537.36 (KHTML, like Gecko) Chrome/83.0.4103.101 Mobile Safari/537.36"
223.196.82.133 - - [12/Aug/2021:07:38:46 +0000] "GET /assets/js/ajax-mail.js HTTP/1.1" 200 1201 "https://admission.europeankids.in/" "Mozilla/5.0 (Linux; Android 10; Redmi Note 7 Pro) AppleWebKit/537.36 (KHTML, like Gecko) Chrome/83.0.4103.101 Mobile Safari/537.36"
223.196.82.133 - - [12/Aug/2021:07:38:46 +0000] "GET /assets/js/plugins.js HTTP/1.1" 200 172668 "https://admission.europeankids.in/" "Mozilla/5.0 (Linux; Android 10; Redmi Note 7 Pro) AppleWebKit/537.36 (KHTML, like Gecko) Chrome/83.0.4103.101 Mobile Safari/537.36"
223.196.82.133 - - [12/Aug/2021:07:38:46 +0000] "GET /assets/js/bootstrap.min.js HTTP/1.1" 200 60048 "https://admission.europeankids.in/" "Mozilla/5.0 (Linux; Android 10; Redmi Note 7 Pro) AppleWebKit/537.36 (KHTML, like Gecko) Chrome/83.0.4103.101 Mobile Safari/537.36"
223.196.82.133 - - [12/Aug/2021:07:38:46 +0000] "GET /assets/img/banner/banner-3.png HTTP/1.1" 200 101562 "https://admission.europeankids.in/" "Mozilla/5.0 (Linux; Android 10; Redmi Note 7 Pro) AppleWebKit/537.36 (KHTML, like Gecko) Chrome/83.0.4103.101 Mobile Safari/537.36"
103.12.134.229 - - [12/Aug/2021:07:38:46 +0000] "GET /assets/js/popper.min.js HTTP/1.1" 200 18556 "https://admission.europeankids.in/" "Mozilla/5.0 (iPhone; CPU iPhone OS 14_6 like Mac OS X) AppleWebKit/605.1.15 (KHTML, like Gecko) Version/14.1.1 Mobile/15E148 Safari/604.1"
103.12.134.229 - - [12/Aug/2021:07:38:46 +0000] "GET /assets/js/plugins.js HTTP/1.1" 200 172668 "https://admission.europeankids.in/" "Mozilla/5.0 (iPhone; CPU iPhone OS 14_6 like Mac OS X) AppleWebKit/605.1.15 (KHTML, like Gecko) Version/14.1.1 Mobile/15E148 Safari/604.1"
103.12.134.229 - - [12/Aug/2021:07:38:46 +0000] "GET /assets/img/banner/banner-3.png HTTP/1.1" 200 101562 "https://admission.europeankids.in/" "Mozilla/5.0 (iPhone; CPU iPhone OS 14_6 like Mac OS X) AppleWebKit/605.1.15 (KHTML, like Gecko) Version/14.1.1 Mobile/15E148 Safari/604.1"
103.12.134.229 - - [12/Aug/2021:07:38:47 +0000] "GET /assets/js/ajax-mail.js HTTP/1.1" 200 1201 "https://admission.europeankids.in/" "Mozilla/5.0 (iPhone; CPU iPhone OS 14_6 like Mac OS X) AppleWebKit/605.1.15 (KHTML, like Gecko) Version/14.1.1 Mobile/15E148 Safari/604.1"
103.12.134.229 - - [12/Aug/2021:07:38:47 +0000] "GET /assets/js/bootstrap.min.js HTTP/1.1" 200 60048 "https://admission.europeankids.in/" "Mozilla/5.0 (iPhone; CPU iPhone OS 14_6 like Mac OS X) AppleWebKit/605.1.15 (KHTML, like Gecko) Version/14.1.1 Mobile/15E148 Safari/604.1"
103.12.134.229 - - [12/Aug/2021:07:38:47 +0000] "GET /assets/js/main.js HTTP/1.1" 200 18493 "https://admission.europeankids.in/" "Mozilla/5.0 (iPhone; CPU iPhone OS 14_6 like Mac OS X) AppleWebKit/605.1.15 (KHTML, like Gecko) Version/14.1.1 Mobile/15E148 Safari/604.1"
223.196.82.133 - - [12/Aug/2021:07:38:47 +0000] "GET /assets/img/banner/international.png HTTP/1.1" 200 147908 "https://admission.europeankids.in/" "Mozilla/5.0 (Linux; Android 10; Redmi Note 7 Pro) AppleWebKit/537.36 (KHTML, like Gecko) Chrome/83.0.4103.101 Mobile Safari/537.36"
223.196.82.133 - - [12/Aug/2021:07:38:47 +0000] "GET /assets/img/icon-img/2.png HTTP/1.1" 200 5123 "https://admission.europeankids.in/" "Mozilla/5.0 (Linux; Android 10; Redmi Note 7 Pro) AppleWebKit/537.36 (KHTML, like Gecko) Chrome/83.0.4103.101 Mobile Safari/537.36"
223.196.82.133 - - [12/Aug/2021:07:38:47 +0000] "GET /assets/img/icon-img/1.png HTTP/1.1" 200 18952 "https://admission.europeankids.in/" "Mozilla/5.0 (Linux; Android 10; Redmi Note 7 Pro) AppleWebKit/537.36 (KHTML, like Gecko) Chrome/83.0.4103.101 Mobile Safari/537.36"
223.196.82.133 - - [12/Aug/2021:07:38:47 +0000] "GET /assets/img/banner/kids.png HTTP/1.1" 200 127484 "https://admission.europeankids.in/" "Mozilla/5.0 (Linux; Android 10; Redmi Note 7 Pro) AppleWebKit/537.36 (KHTML, like Gecko) Chrome/83.0.4103.101 Mobile Safari/537.36"
223.196.82.133 - - [12/Aug/2021:07:38:48 +0000] "GET /assets/img/icon-img/4.png HTTP/1.1" 200 5344 "https://admission.europeankids.in/" "Mozilla/5.0 (Linux; Android 10; Redmi Note 7 Pro) AppleWebKit/537.36 (KHTML, like Gecko) Chrome/83.0.4103.101 Mobile Safari/537.36"
103.12.134.229 - - [12/Aug/2021:07:38:48 +0000] "GET /assets/img/banner/international.png HTTP/1.1" 200 147908 "https://admission.europeankids.in/" "Mozilla/5.0 (iPhone; CPU iPhone OS 14_6 like Mac OS X) AppleWebKit/605.1.15 (KHTML, like Gecko) Version/14.1.1 Mobile/15E148 Safari/604.1"
103.12.134.229 - - [12/Aug/2021:07:38:48 +0000] "GET /assets/img/icon-img/1.png HTTP/1.1" 200 18952 "https://admission.europeankids.in/" "Mozilla/5.0 (iPhone; CPU iPhone OS 14_6 like Mac OS X) AppleWebKit/605.1.15 (KHTML, like Gecko) Version/14.1.1 Mobile/15E148 Safari/604.1"
103.12.134.229 - - [12/Aug/2021:07:38:48 +0000] "GET /assets/img/icon-img/2.png HTTP/1.1" 200 5123 "https://admission.europeankids.in/" "Mozilla/5.0 (iPhone; CPU iPhone OS 14_6 like Mac OS X) AppleWebKit/605.1.15 (KHTML, like Gecko) Version/14.1.1 Mobile/15E148 Safari/604.1"
223.196.82.133 - - [12/Aug/2021:07:38:48 +0000] "GET /assets/img/icon-img/3.png HTTP/1.1" 200 7218 "https://admission.europeankids.in/" "Mozilla/5.0 (Linux; Android 10; Redmi Note 7 Pro) AppleWebKit/537.36 (KHTML, like Gecko) Chrome/83.0.4103.101 Mobile Safari/537.36"
103.12.134.229 - - [12/Aug/2021:07:38:48 +0000] "GET /assets/img/icon-img/3.png HTTP/1.1" 200 7218 "https://admission.europeankids.in/" "Mozilla/5.0 (iPhone; CPU iPhone OS 14_6 like Mac OS X) AppleWebKit/605.1.15 (KHTML, like Gecko) Version/14.1.1 Mobile/15E148 Safari/604.1"
103.12.134.229 - - [12/Aug/2021:07:38:48 +0000] "GET /assets/img/banner/kids.png HTTP/1.1" 200 127484 "https://admission.europeankids.in/" "Mozilla/5.0 (iPhone; CPU iPhone OS 14_6 like Mac OS X) AppleWebKit/605.1.15 (KHTML, like Gecko) Version/14.1.1 Mobile/15E148 Safari/604.1"
49.44.85.199 - - [12/Aug/2021:07:38:49 +0000] "GET / HTTP/1.1" 200 28802 "https://www.google.com/url?sa=t&rct=j&q=&esrc=s&source=web&cd=1&ved=0CCAQFjAA&url=https%3A%2F%2Fadmission.europeankids.in%2F&ei=BNAUYYn-GPKIcp1F&usg=AFQjCNHBW8cRqxuZV0xDY9bBfP5E0i18_w" "Mozilla/5.0 (Windows NT 6.1; Trident/7.0; rv:11.0) like Gecko"
223.196.82.133 - - [12/Aug/2021:07:38:49 +0000] "GET /assets/img/icon-img/5.png HTTP/1.1" 200 13686 "https://admission.europeankids.in/" "Mozilla/5.0 (Linux; Android 10; Redmi Note 7 Pro) AppleWebKit/537.36 (KHTML, like Gecko) Chrome/83.0.4103.101 Mobile Safari/537.36"
223.196.82.133 - - [12/Aug/2021:07:38:49 +0000] "GET /assets/img/icon-img/6.png HTTP/1.1" 200 8353 "https://admission.europeankids.in/" "Mozilla/5.0 (Linux; Android 10; Redmi Note 7 Pro) AppleWebKit/537.36 (KHTML, like Gecko) Chrome/83.0.4103.101 Mobile Safari/537.36"
103.12.134.229 - - [12/Aug/2021:07:38:49 +0000] "GET /assets/img/icon-img/4.png HTTP/1.1" 200 5344 "https://admission.europeankids.in/" "Mozilla/5.0 (iPhone; CPU iPhone OS 14_6 like Mac OS X) AppleWebKit/605.1.15 (KHTML, like Gecko) Version/14.1.1 Mobile/15E148 Safari/604.1"
223.196.82.133 - - [12/Aug/2021:07:38:49 +0000] "GET /assets/img/icon-img/7.png HTTP/1.1" 200 10858 "https://admission.europeankids.in/" "Mozilla/5.0 (Linux; Android 10; Redmi Note 7 Pro) AppleWebKit/537.36 (KHTML, like Gecko) Chrome/83.0.4103.101 Mobile Safari/537.36"
223.196.82.133 - - [12/Aug/2021:07:38:49 +0000] "GET /assets/img/icon-img/8.png HTTP/1.1" 200 16263 "https://admission.europeankids.in/" "Mozilla/5.0 (Linux; Android 10; Redmi Note 7 Pro) AppleWebKit/537.36 (KHTML, like Gecko) Chrome/83.0.4103.101 Mobile Safari/537.36"
223.196.82.133 - - [12/Aug/2021:07:38:49 +0000] "GET /assets/img/icon-img/achieve-2.png HTTP/1.1" 200 3224 "https://admission.europeankids.in/" "Mozilla/5.0 (Linux; Android 10; Redmi Note 7 Pro) AppleWebKit/537.36 (KHTML, like Gecko) Chrome/83.0.4103.101 Mobile Safari/537.36"
103.12.134.229 - - [12/Aug/2021:07:38:49 +0000] "GET /assets/img/icon-img/5.png HTTP/1.1" 200 13686 "https://admission.europeankids.in/" "Mozilla/5.0 (iPhone; CPU iPhone OS 14_6 like Mac OS X) AppleWebKit/605.1.15 (KHTML, like Gecko) Version/14.1.1 Mobile/15E148 Safari/604.1"
103.12.134.229 - - [12/Aug/2021:07:38:50 +0000] "GET /assets/img/icon-img/7.png HTTP/1.1" 200 10858 "https://admission.europeankids.in/" "Mozilla/5.0 (iPhone; CPU iPhone OS 14_6 like Mac OS X) AppleWebKit/605.1.15 (KHTML, like Gecko) Version/14.1.1 Mobile/15E148 Safari/604.1"
223.196.82.133 - - [12/Aug/2021:07:38:50 +0000] "GET /assets/img/icon-img/achieve-1.png HTTP/1.1" 200 2405 "https://admission.europeankids.in/" "Mozilla/5.0 (Linux; Android 10; Redmi Note 7 Pro) AppleWebKit/537.36 (KHTML, like Gecko) Chrome/83.0.4103.101 Mobile Safari/537.36"
103.12.134.229 - - [12/Aug/2021:07:38:50 +0000] "GET /assets/img/icon-img/6.png HTTP/1.1" 200 8353 "https://admission.europeankids.in/" "Mozilla/5.0 (iPhone; CPU iPhone OS 14_6 like Mac OS X) AppleWebKit/605.1.15 (KHTML, like Gecko) Version/14.1.1 Mobile/15E148 Safari/604.1"
103.12.134.229 - - [12/Aug/2021:07:38:50 +0000] "GET /assets/img/icon-img/achieve-2.png HTTP/1.1" 200 3224 "https://admission.europeankids.in/" "Mozilla/5.0 (iPhone; CPU iPhone OS 14_6 like Mac OS X) AppleWebKit/605.1.15 (KHTML, like Gecko) Version/14.1.1 Mobile/15E148 Safari/604.1"
103.12.134.229 - - [12/Aug/2021:07:38:50 +0000] "GET /assets/img/icon-img/8.png HTTP/1.1" 200 16263 "https://admission.europeankids.in/" "Mozilla/5.0 (iPhone; CPU iPhone OS 14_6 like Mac OS X) AppleWebKit/605.1.15 (KHTML, like Gecko) Version/14.1.1 Mobile/15E148 Safari/604.1"
49.44.85.199 - - [12/Aug/2021:07:38:50 +0000] "GET /assets/css/plugins.css HTTP/1.1" 200 30035 "https://admission.europeankids.in/" "Mozilla/5.0 (Windows NT 6.1; Trident/7.0; rv:11.0) like Gecko"
223.196.82.133 - - [12/Aug/2021:07:38:50 +0000] "GET /assets/img/gallery/gallery-1.png HTTP/1.1" 200 9253 "https://admission.europeankids.in/" "Mozilla/5.0 (Linux; Android 10; Redmi Note 7 Pro) AppleWebKit/537.36 (KHTML, like Gecko) Chrome/83.0.4103.101 Mobile Safari/537.36"
49.44.85.199 - - [12/Aug/2021:07:38:50 +0000] "GET /gen_validatorv4.js HTTP/1.1" 200 30812 "https://admission.europeankids.in/" "Mozilla/5.0 (Windows NT 6.1; Trident/7.0; rv:11.0) like Gecko"
49.44.85.199 - - [12/Aug/2021:07:38:50 +0000] "GET /assets/js/vendor/modernizr-3.11.7.min.js HTTP/1.1" 200 8620 "https://admission.europeankids.in/" "Mozilla/5.0 (Windows NT 6.1; Trident/7.0; rv:11.0) like Gecko"
49.44.85.199 - - [12/Aug/2021:07:38:50 +0000] "GET /assets/css/bootstrap.min.css HTTP/1.1" 200 155799 "https://admission.europeankids.in/" "Mozilla/5.0 (Windows NT 6.1; Trident/7.0; rv:11.0) like Gecko"
49.44.85.199 - - [12/Aug/2021:07:38:50 +0000] "GET /assets/css/style.css HTTP/1.1" 200 195655 "https://admission.europeankids.in/" "Mozilla/5.0 (Windows NT 6.1; Trident/7.0; rv:11.0) like Gecko"
49.44.85.199 - - [12/Aug/2021:07:38:50 +0000] "GET /assets/css/icons.min.css HTTP/1.1" 200 98372 "https://admission.europeankids.in/" "Mozilla/5.0 (Windows NT 6.1; Trident/7.0; rv:11.0) like Gecko"
223.196.82.133 - - [12/Aug/2021:07:38:51 +0000] "GET /assets/img/gallery/gallery-2.png HTTP/1.1" 200 9957 "https://admission.europeankids.in/" "Mozilla/5.0 (Linux; Android 10; Redmi Note 7 Pro) AppleWebKit/537.36 (KHTML, like Gecko) Chrome/83.0.4103.101 Mobile Safari/537.36"
223.196.82.133 - - [12/Aug/2021:07:38:51 +0000] "GET /assets/img/icon-img/achieve-3.png HTTP/1.1" 200 3360 "https://admission.europeankids.in/" "Mozilla/5.0 (Linux; Android 10; Redmi Note 7 Pro) AppleWebKit/537.36 (KHTML, like Gecko) Chrome/83.0.4103.101 Mobile Safari/537.36"
223.196.82.133 - - [12/Aug/2021:07:38:51 +0000] "GET /assets/img/gallery/gallery-4.png HTTP/1.1" 200 11768 "https://admission.europeankids.in/" "Mozilla/5.0 (Linux; Android 10; Redmi Note 7 Pro) AppleWebKit/537.36 (KHTML, like Gecko) Chrome/83.0.4103.101 Mobile Safari/537.36"
223.196.82.133 - - [12/Aug/2021:07:38:51 +0000] "GET /assets/img/gallery/gallery-3.png HTTP/1.1" 200 9891 "https://admission.europeankids.in/" "Mozilla/5.0 (Linux; Android 10; Redmi Note 7 Pro) AppleWebKit/537.36 (KHTML, like Gecko) Chrome/83.0.4103.101 Mobile Safari/537.36"
103.12.134.229 - - [12/Aug/2021:07:38:51 +0000] "GET /assets/img/icon-img/achieve-3.png HTTP/1.1" 200 3360 "https://admission.europeankids.in/" "Mozilla/5.0 (iPhone; CPU iPhone OS 14_6 like Mac OS X) AppleWebKit/605.1.15 (KHTML, like Gecko) Version/14.1.1 Mobile/15E148 Safari/604.1"
223.196.82.133 - - [12/Aug/2021:07:38:51 +0000] "GET /assets/img/gallery/gallery-5.png HTTP/1.1" 200 10792 "https://admission.europeankids.in/" "Mozilla/5.0 (Linux; Android 10; Redmi Note 7 Pro) AppleWebKit/537.36 (KHTML, like Gecko) Chrome/83.0.4103.101 Mobile Safari/537.36"
103.12.134.229 - - [12/Aug/2021:07:38:51 +0000] "GET /assets/img/gallery/gallery-2.png HTTP/1.1" 200 9957 "https://admission.europeankids.in/" "Mozilla/5.0 (iPhone; CPU iPhone OS 14_6 like Mac OS X) AppleWebKit/605.1.15 (KHTML, like Gecko) Version/14.1.1 Mobile/15E148 Safari/604.1"
103.12.134.229 - - [12/Aug/2021:07:38:51 +0000] "GET /assets/img/gallery/gallery-1.png HTTP/1.1" 200 9253 "https://admission.europeankids.in/" "Mozilla/5.0 (iPhone; CPU iPhone OS 14_6 like Mac OS X) AppleWebKit/605.1.15 (KHTML, like Gecko) Version/14.1.1 Mobile/15E148 Safari/604.1"
103.12.134.229 - - [12/Aug/2021:07:38:52 +0000] "GET /assets/img/icon-img/achieve-1.png HTTP/1.1" 200 2405 "https://admission.europeankids.in/" "Mozilla/5.0 (iPhone; CPU iPhone OS 14_6 like Mac OS X) AppleWebKit/605.1.15 (KHTML, like Gecko) Version/14.1.1 Mobile/15E148 Safari/604.1"
103.12.134.229 - - [12/Aug/2021:07:38:52 +0000] "GET /assets/img/gallery/gallery-3.png HTTP/1.1" 200 9891 "https://admission.europeankids.in/" "Mozilla/5.0 (iPhone; CPU iPhone OS 14_6 like Mac OS X) AppleWebKit/605.1.15 (KHTML, like Gecko) Version/14.1.1 Mobile/15E148 Safari/604.1"
103.12.134.229 - - [12/Aug/2021:07:38:52 +0000] "GET /assets/img/gallery/gallery-4.png HTTP/1.1" 200 11768 "https://admission.europeankids.in/" "Mozilla/5.0 (iPhone; CPU iPhone OS 14_6 like Mac OS X) AppleWebKit/605.1.15 (KHTML, like Gecko) Version/14.1.1 Mobile/15E148 Safari/604.1"
223.196.82.133 - - [12/Aug/2021:07:38:52 +0000] "GET /assets/img/gallery/gallery-6.png HTTP/1.1" 200 9741 "https://admission.europeankids.in/" "Mozilla/5.0 (Linux; Android 10; Redmi Note 7 Pro) AppleWebKit/537.36 (KHTML, like Gecko) Chrome/83.0.4103.101 Mobile Safari/537.36"
49.44.85.199 - - [12/Aug/2021:07:38:52 +0000] "GET /assets/js/popper.min.js HTTP/1.1" 200 18556 "https://admission.europeankids.in/" "Mozilla/5.0 (Windows NT 6.1; Trident/7.0; rv:11.0) like Gecko"
49.44.85.199 - - [12/Aug/2021:07:38:52 +0000] "GET /assets/js/vendor/jquery-v2.2.4.min.js HTTP/1.1" 200 85578 "https://admission.europeankids.in/" "Mozilla/5.0 (Windows NT 6.1; Trident/7.0; rv:11.0) like Gecko"
49.44.85.199 - - [12/Aug/2021:07:38:52 +0000] "GET /assets/img/icon-img/1.png HTTP/1.1" 200 18952 "https://admission.europeankids.in/" "Mozilla/5.0 (Windows NT 6.1; Trident/7.0; rv:11.0) like Gecko"
49.44.85.199 - - [12/Aug/2021:07:38:52 +0000] "GET /assets/img/banner/banner-3.png HTTP/1.1" 200 101562 "https://admission.europeankids.in/" "Mozilla/5.0 (Windows NT 6.1; Trident/7.0; rv:11.0) like Gecko"
49.44.85.199 - - [12/Aug/2021:07:38:52 +0000] "GET /assets/img/banner/international.png HTTP/1.1" 200 147908 "https://admission.europeankids.in/" "Mozilla/5.0 (Windows NT 6.1; Trident/7.0; rv:11.0) like Gecko"
103.12.134.229 - - [12/Aug/2021:07:38:53 +0000] "GET /assets/img/gallery/gallery-5.png HTTP/1.1" 200 10792 "https://admission.europeankids.in/" "Mozilla/5.0 (iPhone; CPU iPhone OS 14_6 like Mac OS X) AppleWebKit/605.1.15 (KHTML, like Gecko) Version/14.1.1 Mobile/15E148 Safari/604.1"
103.12.134.229 - - [12/Aug/2021:07:38:53 +0000] "GET /assets/img/gallery/gallery-6.png HTTP/1.1" 200 9741 "https://admission.europeankids.in/" "Mozilla/5.0 (iPhone; CPU iPhone OS 14_6 like Mac OS X) AppleWebKit/605.1.15 (KHTML, like Gecko) Version/14.1.1 Mobile/15E148 Safari/604.1"
223.196.82.133 - - [12/Aug/2021:07:38:54 +0000] "GET /assets/img/icon-img/header-shape.png HTTP/1.1" 200 1577 "https://admission.europeankids.in/" "Mozilla/5.0 (Linux; Android 10; Redmi Note 7 Pro) AppleWebKit/537.36 (KHTML, like Gecko) Chrome/83.0.4103.101 Mobile Safari/537.36"
223.196.82.133 - - [12/Aug/2021:07:38:54 +0000] "GET /assets/img/bg/bg-6.jpg HTTP/1.1" 200 345311 "https://admission.europeankids.in/" "Mozilla/5.0 (Linux; Android 10; Redmi Note 7 Pro) AppleWebKit/537.36 (KHTML, like Gecko) Chrome/83.0.4103.101 Mobile Safari/537.36"
223.196.82.133 - - [12/Aug/2021:07:38:54 +0000] "GET /assets/img/icon-img/section-shape-4.png HTTP/1.1" 200 1024 "https://admission.europeankids.in/assets/css/style.css" "Mozilla/5.0 (Linux; Android 10; Redmi Note 7 Pro) AppleWebKit/537.36 (KHTML, like Gecko) Chrome/83.0.4103.101 Mobile Safari/537.36"
49.44.85.199 - - [12/Aug/2021:07:38:54 +0000] "GET /assets/js/bootstrap.min.js HTTP/1.1" 200 60048 "https://admission.europeankids.in/" "Mozilla/5.0 (Windows NT 6.1; Trident/7.0; rv:11.0) like Gecko"
223.196.82.133 - - [12/Aug/2021:07:38:54 +0000] "GET /assets/img/bg/bg-4.jpg HTTP/1.1" 200 355471 "https://admission.europeankids.in/" "Mozilla/5.0 (Linux; Android 10; Redmi Note 7 Pro) AppleWebKit/537.36 (KHTML, like Gecko) Chrome/83.0.4103.101 Mobile Safari/537.36"
223.196.82.133 - - [12/Aug/2021:07:38:54 +0000] "GET /assets/img/slider/slider-1.jpg HTTP/1.1" 200 1133371 "https://admission.europeankids.in/" "Mozilla/5.0 (Linux; Android 10; Redmi Note 7 Pro) AppleWebKit/537.36 (KHTML, like Gecko) Chrome/83.0.4103.101 Mobile Safari/537.36"
223.196.82.133 - - [12/Aug/2021:07:38:54 +0000] "GET /assets/img/icon-img/section-shape-3.png HTTP/1.1" 200 1024 "https://admission.europeankids.in/assets/css/style.css" "Mozilla/5.0 (Linux; Android 10; Redmi Note 7 Pro) AppleWebKit/537.36 (KHTML, like Gecko) Chrome/83.0.4103.101 Mobile Safari/537.36"
49.44.85.199 - - [12/Aug/2021:07:38:54 +0000] "GET /assets/img/icon-img/2.png HTTP/1.1" 200 5123 "https://admission.europeankids.in/" "Mozilla/5.0 (Windows NT 6.1; Trident/7.0; rv:11.0) like Gecko"
49.44.85.199 - - [12/Aug/2021:07:38:54 +0000] "GET /assets/img/banner/kids.png HTTP/1.1" 200 127484 "https://admission.europeankids.in/" "Mozilla/5.0 (Windows NT 6.1; Trident/7.0; rv:11.0) like Gecko"
49.44.85.199 - - [12/Aug/2021:07:38:54 +0000] "GET /assets/img/icon-img/5.png HTTP/1.1" 200 13686 "https://admission.europeankids.in/" "Mozilla/5.0 (Windows NT 6.1; Trident/7.0; rv:11.0) like Gecko"
49.44.85.199 - - [12/Aug/2021:07:38:54 +0000] "GET /assets/js/plugins.js HTTP/1.1" 200 172668 "https://admission.europeankids.in/" "Mozilla/5.0 (Windows NT 6.1; Trident/7.0; rv:11.0) like Gecko"
49.44.85.199 - - [12/Aug/2021:07:38:54 +0000] "GET /assets/js/ajax-mail.js HTTP/1.1" 200 1201 "https://admission.europeankids.in/" "Mozilla/5.0 (Windows NT 6.1; Trident/7.0; rv:11.0) like Gecko"
103.12.134.229 - - [12/Aug/2021:07:38:55 +0000] "GET /assets/img/icon-img/section-shape-3.png HTTP/1.1" 200 1024 "https://admission.europeankids.in/assets/css/style.css" "Mozilla/5.0 (iPhone; CPU iPhone OS 14_6 like Mac OS X) AppleWebKit/605.1.15 (KHTML, like Gecko) Version/14.1.1 Mobile/15E148 Safari/604.1"
103.12.134.229 - - [12/Aug/2021:07:38:55 +0000] "GET /assets/img/icon-img/section-shape-4.png HTTP/1.1" 200 1024 "https://admission.europeankids.in/assets/css/style.css" "Mozilla/5.0 (iPhone; CPU iPhone OS 14_6 like Mac OS X) AppleWebKit/605.1.15 (KHTML, like Gecko) Version/14.1.1 Mobile/15E148 Safari/604.1"
103.12.134.229 - - [12/Aug/2021:07:38:55 +0000] "GET /assets/img/slider/slider-1.jpg HTTP/1.1" 200 1133371 "https://admission.europeankids.in/" "Mozilla/5.0 (iPhone; CPU iPhone OS 14_6 like Mac OS X) AppleWebKit/605.1.15 (KHTML, like Gecko) Version/14.1.1 Mobile/15E148 Safari/604.1"
103.12.134.229 - - [12/Aug/2021:07:38:55 +0000] "GET /assets/img/bg/bg-6.jpg HTTP/1.1" 200 345311 "https://admission.europeankids.in/" "Mozilla/5.0 (iPhone; CPU iPhone OS 14_6 like Mac OS X) AppleWebKit/605.1.15 (KHTML, like Gecko) Version/14.1.1 Mobile/15E148 Safari/604.1"
103.12.134.229 - - [12/Aug/2021:07:38:55 +0000] "GET /assets/img/icon-img/header-shape.png HTTP/1.1" 200 1577 "https://admission.europeankids.in/" "Mozilla/5.0 (iPhone; CPU iPhone OS 14_6 like Mac OS X) AppleWebKit/605.1.15 (KHTML, like Gecko) Version/14.1.1 Mobile/15E148 Safari/604.1"
223.196.82.133 - - [12/Aug/2021:07:38:55 +0000] "GET /assets/fonts/fontawesome-webfont.woff2?v=4.5.0 HTTP/1.1" 200 66624 "https://admission.europeankids.in/assets/css/icons.min.css" "Mozilla/5.0 (Linux; Android 10; Redmi Note 7 Pro) AppleWebKit/537.36 (KHTML, like Gecko) Chrome/83.0.4103.101 Mobile Safari/537.36"
103.12.134.229 - - [12/Aug/2021:07:38:55 +0000] "GET /assets/img/bg/bg-4.jpg HTTP/1.1" 200 355471 "https://admission.europeankids.in/" "Mozilla/5.0 (iPhone; CPU iPhone OS 14_6 like Mac OS X) AppleWebKit/605.1.15 (KHTML, like Gecko) Version/14.1.1 Mobile/15E148 Safari/604.1"
223.196.82.133 - - [12/Aug/2021:07:38:55 +0000] "GET /assets/img/slider/slider-2.jpg HTTP/1.1" 200 416547 "https://admission.europeankids.in/" "Mozilla/5.0 (Linux; Android 10; Redmi Note 7 Pro) AppleWebKit/537.36 (KHTML, like Gecko) Chrome/83.0.4103.101 Mobile Safari/537.36"
223.196.82.133 - - [12/Aug/2021:07:38:55 +0000] "GET /assets/img/slider/slider-4.jpg HTTP/1.1" 200 265153 "https://admission.europeankids.in/" "Mozilla/5.0 (Linux; Android 10; Redmi Note 7 Pro) AppleWebKit/537.36 (KHTML, like Gecko) Chrome/83.0.4103.101 Mobile Safari/537.36"
49.44.85.199 - - [12/Aug/2021:07:38:55 +0000] "GET /assets/js/main.js HTTP/1.1" 200 18493 "https://admission.europeankids.in/" "Mozilla/5.0 (Windows NT 6.1; Trident/7.0; rv:11.0) like Gecko"
223.196.82.133 - - [12/Aug/2021:07:38:55 +0000] "GET /assets/img/slider/slider-3.jpg HTTP/1.1" 200 537835 "https://admission.europeankids.in/" "Mozilla/5.0 (Linux; Android 10; Redmi Note 7 Pro) AppleWebKit/537.36 (KHTML, like Gecko) Chrome/83.0.4103.101 Mobile Safari/537.36"
49.44.85.199 - - [12/Aug/2021:07:38:56 +0000] "GET /assets/img/icon-img/3.png HTTP/1.1" 200 7218 "https://admission.europeankids.in/" "Mozilla/5.0 (Windows NT 6.1; Trident/7.0; rv:11.0) like Gecko"
223.196.82.133 - - [12/Aug/2021:07:38:56 +0000] "GET /assets/img/slider/slider-6.jpg HTTP/1.1" 200 474078 "https://admission.europeankids.in/" "Mozilla/5.0 (Linux; Android 10; Redmi Note 7 Pro) AppleWebKit/537.36 (KHTML, like Gecko) Chrome/83.0.4103.101 Mobile Safari/537.36"
223.196.82.133 - - [12/Aug/2021:07:38:55 +0000] "GET /assets/img/slider/slider-5.jpg HTTP/1.1" 200 475724 "https://admission.europeankids.in/" "Mozilla/5.0 (Linux; Android 10; Redmi Note 7 Pro) AppleWebKit/537.36 (KHTML, like Gecko) Chrome/83.0.4103.101 Mobile Safari/537.36"
49.44.85.199 - - [12/Aug/2021:07:38:56 +0000] "GET /assets/img/icon-img/achieve-2.png HTTP/1.1" 200 3224 "https://admission.europeankids.in/" "Mozilla/5.0 (Windows NT 6.1; Trident/7.0; rv:11.0) like Gecko"
49.44.85.199 - - [12/Aug/2021:07:38:56 +0000] "GET /assets/img/gallery/gallery-5.png HTTP/1.1" 200 10792 "https://admission.europeankids.in/" "Mozilla/5.0 (Windows NT 6.1; Trident/7.0; rv:11.0) like Gecko"
49.44.85.199 - - [12/Aug/2021:07:38:56 +0000] "GET /assets/img/icon-img/achieve-1.png HTTP/1.1" 200 2405 "https://admission.europeankids.in/" "Mozilla/5.0 (Windows NT 6.1; Trident/7.0; rv:11.0) like Gecko"
103.12.134.229 - - [12/Aug/2021:07:38:57 +0000] "GET /assets/img/slider/slider-2.jpg HTTP/1.1" 200 416547 "https://admission.europeankids.in/" "Mozilla/5.0 (iPhone; CPU iPhone OS 14_6 like Mac OS X) AppleWebKit/605.1.15 (KHTML, like Gecko) Version/14.1.1 Mobile/15E148 Safari/604.1"
103.12.134.229 - - [12/Aug/2021:07:38:57 +0000] "GET /assets/img/slider/slider-3.jpg HTTP/1.1" 200 537835 "https://admission.europeankids.in/" "Mozilla/5.0 (iPhone; CPU iPhone OS 14_6 like Mac OS X) AppleWebKit/605.1.15 (KHTML, like Gecko) Version/14.1.1 Mobile/15E148 Safari/604.1"
103.12.134.229 - - [12/Aug/2021:07:38:57 +0000] "GET /assets/fonts/fontawesome-webfont.woff2?v=4.5.0 HTTP/1.1" 200 66624 "https://admission.europeankids.in/assets/css/icons.min.css" "Mozilla/5.0 (iPhone; CPU iPhone OS 14_6 like Mac OS X) AppleWebKit/605.1.15 (KHTML, like Gecko) Version/14.1.1 Mobile/15E148 Safari/604.1"
49.44.85.199 - - [12/Aug/2021:07:38:57 +0000] "GET /assets/img/icon-img/6.png HTTP/1.1" 200 8353 "https://admission.europeankids.in/" "Mozilla/5.0 (Windows NT 6.1; Trident/7.0; rv:11.0) like Gecko"
103.12.134.229 - - [12/Aug/2021:07:38:57 +0000] "GET /assets/img/slider/slider-6.jpg HTTP/1.1" 200 474078 "https://admission.europeankids.in/" "Mozilla/5.0 (iPhone; CPU iPhone OS 14_6 like Mac OS X) AppleWebKit/605.1.15 (KHTML, like Gecko) Version/14.1.1 Mobile/15E148 Safari/604.1"
49.44.85.199 - - [12/Aug/2021:07:38:57 +0000] "GET /assets/img/icon-img/7.png HTTP/1.1" 200 10858 "https://admission.europeankids.in/" "Mozilla/5.0 (Windows NT 6.1; Trident/7.0; rv:11.0) like Gecko"
49.44.85.199 - - [12/Aug/2021:07:38:57 +0000] "GET /assets/img/icon-img/achieve-3.png HTTP/1.1" 200 3360 "https://admission.europeankids.in/" "Mozilla/5.0 (Windows NT 6.1; Trident/7.0; rv:11.0) like Gecko"
103.12.134.229 - - [12/Aug/2021:07:38:57 +0000] "GET /assets/img/slider/slider-4.jpg HTTP/1.1" 200 265153 "https://admission.europeankids.in/" "Mozilla/5.0 (iPhone; CPU iPhone OS 14_6 like Mac OS X) AppleWebKit/605.1.15 (KHTML, like Gecko) Version/14.1.1 Mobile/15E148 Safari/604.1"
103.12.134.229 - - [12/Aug/2021:07:38:58 +0000] "GET /assets/img/slider/slider-5.jpg HTTP/1.1" 200 475724 "https://admission.europeankids.in/" "Mozilla/5.0 (iPhone; CPU iPhone OS 14_6 like Mac OS X) AppleWebKit/605.1.15 (KHTML, like Gecko) Version/14.1.1 Mobile/15E148 Safari/604.1"
49.44.85.199 - - [12/Aug/2021:07:38:58 +0000] "GET /assets/img/gallery/gallery-2.png HTTP/1.1" 200 9957 "https://admission.europeankids.in/" "Mozilla/5.0 (Windows NT 6.1; Trident/7.0; rv:11.0) like Gecko"
49.44.85.199 - - [12/Aug/2021:07:38:58 +0000] "GET /assets/img/gallery/gallery-3.png HTTP/1.1" 200 9891 "https://admission.europeankids.in/" "Mozilla/5.0 (Windows NT 6.1; Trident/7.0; rv:11.0) like Gecko"
49.44.85.199 - - [12/Aug/2021:07:38:58 +0000] "GET /assets/img/gallery/gallery-1.png HTTP/1.1" 200 9253 "https://admission.europeankids.in/" "Mozilla/5.0 (Windows NT 6.1; Trident/7.0; rv:11.0) like Gecko"
49.44.85.199 - - [12/Aug/2021:07:38:59 +0000] "GET /assets/img/icon-img/8.png HTTP/1.1" 200 16263 "https://admission.europeankids.in/" "Mozilla/5.0 (Windows NT 6.1; Trident/7.0; rv:11.0) like Gecko"
49.44.85.199 - - [12/Aug/2021:07:38:59 +0000] "GET /assets/img/bg/bg-6.jpg HTTP/1.1" 200 345311 "https://admission.europeankids.in/" "Mozilla/5.0 (Windows NT 6.1; Trident/7.0; rv:11.0) like Gecko"
49.44.85.199 - - [12/Aug/2021:07:38:59 +0000] "GET /assets/img/icon-img/4.png HTTP/1.1" 200 5344 "https://admission.europeankids.in/" "Mozilla/5.0 (Windows NT 6.1; Trident/7.0; rv:11.0) like Gecko"
49.44.85.199 - - [12/Aug/2021:07:38:59 +0000] "GET /assets/img/bg/bg-4.jpg HTTP/1.1" 200 355471 "https://admission.europeankids.in/" "Mozilla/5.0 (Windows NT 6.1; Trident/7.0; rv:11.0) like Gecko"
49.44.85.199 - - [12/Aug/2021:07:39:00 +0000] "GET /assets/img/icon-img/section-shape-3.png HTTP/1.1" 200 1024 "https://admission.europeankids.in/" "Mozilla/5.0 (Windows NT 6.1; Trident/7.0; rv:11.0) like Gecko"
49.44.85.199 - - [12/Aug/2021:07:39:00 +0000] "GET /assets/img/gallery/gallery-4.png HTTP/1.1" 200 11768 "https://admission.europeankids.in/" "Mozilla/5.0 (Windows NT 6.1; Trident/7.0; rv:11.0) like Gecko"
49.44.85.199 - - [12/Aug/2021:07:39:01 +0000] "GET /assets/img/slider/slider-2.jpg HTTP/1.1" 200 416547 "https://admission.europeankids.in/" "Mozilla/5.0 (Windows NT 6.1; Trident/7.0; rv:11.0) like Gecko"
49.44.85.199 - - [12/Aug/2021:07:39:01 +0000] "GET /assets/img/icon-img/header-shape.png HTTP/1.1" 200 1577 "https://admission.europeankids.in/" "Mozilla/5.0 (Windows NT 6.1; Trident/7.0; rv:11.0) like Gecko"
49.44.85.199 - - [12/Aug/2021:07:39:01 +0000] "GET /assets/img/slider/slider-3.jpg HTTP/1.1" 200 537835 "https://admission.europeankids.in/" "Mozilla/5.0 (Windows NT 6.1; Trident/7.0; rv:11.0) like Gecko"
49.44.85.199 - - [12/Aug/2021:07:39:01 +0000] "GET /assets/img/slider/slider-5.jpg HTTP/1.1" 200 475724 "https://admission.europeankids.in/" "Mozilla/5.0 (Windows NT 6.1; Trident/7.0; rv:11.0) like Gecko"
49.44.85.199 - - [12/Aug/2021:07:39:02 +0000] "GET /assets/img/slider/slider-6.jpg HTTP/1.1" 200 474078 "https://admission.europeankids.in/" "Mozilla/5.0 (Windows NT 6.1; Trident/7.0; rv:11.0) like Gecko"
49.44.85.199 - - [12/Aug/2021:07:39:02 +0000] "GET /assets/img/icon-img/section-shape-4.png HTTP/1.1" 200 1024 "https://admission.europeankids.in/" "Mozilla/5.0 (Windows NT 6.1; Trident/7.0; rv:11.0) like Gecko"
49.44.85.199 - - [12/Aug/2021:07:39:03 +0000] "GET /assets/img/gallery/gallery-6.png HTTP/1.1" 200 9741 "https://admission.europeankids.in/" "Mozilla/5.0 (Windows NT 6.1; Trident/7.0; rv:11.0) like Gecko"
49.44.85.199 - - [12/Aug/2021:07:39:03 +0000] "GET /assets/img/slider/slider-4.jpg HTTP/1.1" 200 265153 "https://admission.europeankids.in/" "Mozilla/5.0 (Windows NT 6.1; Trident/7.0; rv:11.0) like Gecko"
49.44.85.199 - - [12/Aug/2021:07:39:05 +0000] "GET /assets/fonts/fontawesome-webfont.eot? HTTP/1.1" 200 70807 "https://admission.europeankids.in/" "Mozilla/5.0 (Windows NT 6.1; Trident/7.0; rv:11.0) like Gecko"
49.44.85.199 - - [12/Aug/2021:07:39:06 +0000] "GET /assets/img/slider/slider-1.jpg HTTP/1.1" 200 1133371 "https://admission.europeankids.in/" "Mozilla/5.0 (Windows NT 6.1; Trident/7.0; rv:11.0) like Gecko"
49.44.85.199 - - [12/Aug/2021:07:39:16 +0000] "GET /assets/img/favicon.png HTTP/1.1" 404 220 "-" "Mozilla/5.0 (Windows NT 6.1; Trident/7.0; rv:11.0) like Gecko"
49.44.85.199 - - [12/Aug/2021:07:39:18 +0000] "GET /favicon.ico HTTP/1.1" 404 209 "-" "Mozilla/5.0 (Windows NT 6.1; Trident/7.0; rv:11.0) like Gecko"
223.228.249.166 - - [12/Aug/2021:07:39:25 +0000] "-" 408 - "-" "-"
223.228.249.166 - - [12/Aug/2021:07:39:25 +0000] "-" 408 - "-" "-"
106.206.133.231 - - [12/Aug/2021:07:40:08 +0000] "-" 408 - "-" "-"
106.206.133.231 - - [12/Aug/2021:07:40:08 +0000] "-" 408 - "-" "-"
171.79.148.220 - - [12/Aug/2021:07:40:08 +0000] "-" 408 - "-" "-"
185.191.171.23 - - [12/Aug/2021:07:43:03 +0000] "GET /robots.txt HTTP/1.1" 404 208 "-" "Mozilla/5.0 (compatible; SemrushBot/7~bl; +http://www.semrush.com/bot.html)"
185.191.171.2 - - [12/Aug/2021:07:43:04 +0000] "GET /submit-enquiry.php HTTP/1.1" 200 34 "-" "Mozilla/5.0 (compatible; SemrushBot/7~bl; +http://www.semrush.com/bot.html)"
185.191.171.41 - - [12/Aug/2021:07:43:05 +0000] "GET /sitemap.xml HTTP/1.1" 404 209 "-" "Mozilla/5.0 (compatible; SemrushBot/7~bl; +http://www.semrush.com/bot.html)"
117.248.224.104 - - [12/Aug/2021:07:43:46 +0000] "-" 408 - "-" "-"
157.38.76.125 - - [12/Aug/2021:07:44:58 +0000] "-" 408 - "-" "-"
157.38.76.125 - - [12/Aug/2021:07:45:17 +0000] "-" 408 - "-" "-"
114.119.155.115 - - [12/Aug/2021:07:45:44 +0000] "GET /robots.txt HTTP/1.1" 404 208 "-" "Mozilla/5.0 (compatible;PetalBot;+https://webmaster.petalsearch.com/site/petalbot)"
1.39.222.19 - - [12/Aug/2021:07:46:05 +0000] "-" 408 - "-" "-"
1.39.222.19 - - [12/Aug/2021:07:46:05 +0000] "-" 408 - "-" "-"
157.38.76.125 - - [12/Aug/2021:07:46:17 +0000] "-" 408 - "-" "-"
157.38.76.125 - - [12/Aug/2021:07:46:17 +0000] "-" 408 - "-" "-"
223.177.145.86 - - [12/Aug/2021:07:47:03 +0000] "-" 408 - "-" "-"
157.38.82.137 - - [12/Aug/2021:07:47:10 +0000] "-" 408 - "-" "-"
157.38.82.137 - - [12/Aug/2021:07:47:10 +0000] "-" 408 - "-" "-"
157.38.82.137 - - [12/Aug/2021:07:48:10 +0000] "-" 408 - "-" "-"
157.38.82.137 - - [12/Aug/2021:07:48:10 +0000] "-" 408 - "-" "-"
157.38.82.137 - - [12/Aug/2021:07:50:10 +0000] "-" 408 - "-" "-"
157.38.82.137 - - [12/Aug/2021:07:50:10 +0000] "-" 408 - "-" "-"
157.38.82.137 - - [12/Aug/2021:07:51:10 +0000] "-" 408 - "-" "-"
157.38.82.137 - - [12/Aug/2021:07:51:10 +0000] "-" 408 - "-" "-"
157.38.82.137 - - [12/Aug/2021:07:52:10 +0000] "-" 408 - "-" "-"
157.38.82.137 - - [12/Aug/2021:07:52:10 +0000] "-" 408 - "-" "-"
157.38.82.137 - - [12/Aug/2021:07:53:10 +0000] "-" 408 - "-" "-"
157.38.82.137 - - [12/Aug/2021:07:53:10 +0000] "-" 408 - "-" "-"
157.38.82.137 - - [12/Aug/2021:07:54:03 +0000] "-" 408 - "-" "-"
157.38.82.137 - - [12/Aug/2021:07:54:11 +0000] "-" 408 - "-" "-"
193.118.53.210 - - [12/Aug/2021:07:54:50 +0000] "GET / HTTP/1.1" 200 28802 "-" "Mozilla/5.0 (Windows NT 10.0; Win64; x64) AppleWebKit/537.36 (KHTML, like Gecko) Chrome/60.0.3112.113 Safari/537.36"
157.38.82.137 - - [12/Aug/2021:07:55:10 +0000] "-" 408 - "-" "-"
157.38.82.137 - - [12/Aug/2021:07:55:10 +0000] "-" 408 - "-" "-"
157.38.76.125 - - [12/Aug/2021:07:55:53 +0000] "-" 408 - "-" "-"
157.38.76.125 - - [12/Aug/2021:07:55:53 +0000] "-" 408 - "-" "-"
157.38.82.137 - - [12/Aug/2021:07:56:10 +0000] "-" 408 - "-" "-"
157.38.82.137 - - [12/Aug/2021:07:56:10 +0000] "-" 408 - "-" "-"
157.38.82.137 - - [12/Aug/2021:07:57:10 +0000] "-" 408 - "-" "-"
157.38.82.137 - - [12/Aug/2021:07:57:10 +0000] "-" 408 - "-" "-"
157.38.82.137 - - [12/Aug/2021:07:58:11 +0000] "-" 408 - "-" "-"
157.38.82.137 - - [12/Aug/2021:07:58:11 +0000] "-" 408 - "-" "-"
157.38.82.137 - - [12/Aug/2021:07:59:11 +0000] "-" 408 - "-" "-"
157.38.82.137 - - [12/Aug/2021:07:59:11 +0000] "-" 408 - "-" "-"
72.14.199.115 - - [12/Aug/2021:07:59:45 +0000] "GET /assets/css/plugins.css HTTP/1.1" 200 30035 "https://admission.europeankids.in/" "Mozilla/5.0 (iPhone; CPU iPhone OS 9_1 like Mac OS X) AppleWebKit/601.1.46 (KHTML, like Gecko) Version/9.0 Mobile/13B143 Safari/601.1 (compatible; AdsBot-Google-Mobile; +http://www.google.com/mobile/adsbot.html)"
72.14.199.115 - - [12/Aug/2021:07:59:46 +0000] "GET /gen_validatorv4.js HTTP/1.1" 200 30812 "https://admission.europeankids.in/" "Mozilla/5.0 (iPhone; CPU iPhone OS 9_1 like Mac OS X) AppleWebKit/601.1.46 (KHTML, like Gecko) Version/9.0 Mobile/13B143 Safari/601.1 (compatible; AdsBot-Google-Mobile; +http://www.google.com/mobile/adsbot.html)"
72.14.199.115 - - [12/Aug/2021:07:59:49 +0000] "GET /assets/js/vendor/modernizr-3.11.7.min.js HTTP/1.1" 200 8620 "https://admission.europeankids.in/" "Mozilla/5.0 (iPhone; CPU iPhone OS 9_1 like Mac OS X) AppleWebKit/601.1.46 (KHTML, like Gecko) Version/9.0 Mobile/13B143 Safari/601.1 (compatible; AdsBot-Google-Mobile; +http://www.google.com/mobile/adsbot.html)"
157.38.76.125 - - [12/Aug/2021:07:59:56 +0000] "-" 408 - "-" "-"
72.14.199.115 - - [12/Aug/2021:07:59:59 +0000] "GET /assets/css/style.css HTTP/1.1" 200 195655 "https://admission.europeankids.in/" "Mozilla/5.0 (iPhone; CPU iPhone OS 9_1 like Mac OS X) AppleWebKit/601.1.46 (KHTML, like Gecko) Version/9.0 Mobile/13B143 Safari/601.1 (compatible; AdsBot-Google-Mobile; +http://www.google.com/mobile/adsbot.html)"
72.14.199.115 - - [12/Aug/2021:08:00:02 +0000] "GET /assets/css/icons.min.css HTTP/1.1" 200 98372 "https://admission.europeankids.in/" "Mozilla/5.0 (iPhone; CPU iPhone OS 9_1 like Mac OS X) AppleWebKit/601.1.46 (KHTML, like Gecko) Version/9.0 Mobile/13B143 Safari/601.1 (compatible; AdsBot-Google-Mobile; +http://www.google.com/mobile/adsbot.html)"
157.38.82.137 - - [12/Aug/2021:08:00:11 +0000] "-" 408 - "-" "-"
157.38.82.137 - - [12/Aug/2021:08:00:11 +0000] "-" 408 - "-" "-"
72.14.199.115 - - [12/Aug/2021:08:00:16 +0000] "GET /assets/js/popper.min.js HTTP/1.1" 200 18556 "https://admission.europeankids.in/" "Mozilla/5.0 (iPhone; CPU iPhone OS 9_1 like Mac OS X) AppleWebKit/601.1.46 (KHTML, like Gecko) Version/9.0 Mobile/13B143 Safari/601.1 (compatible; AdsBot-Google-Mobile; +http://www.google.com/mobile/adsbot.html)"
72.14.199.115 - - [12/Aug/2021:08:00:19 +0000] "GET /assets/js/ajax-mail.js HTTP/1.1" 200 1201 "https://admission.europeankids.in/" "Mozilla/5.0 (iPhone; CPU iPhone OS 9_1 like Mac OS X) AppleWebKit/601.1.46 (KHTML, like Gecko) Version/9.0 Mobile/13B143 Safari/601.1 (compatible; AdsBot-Google-Mobile; +http://www.google.com/mobile/adsbot.html)"
72.14.199.115 - - [12/Aug/2021:08:00:25 +0000] "GET /assets/js/bootstrap.min.js HTTP/1.1" 200 60048 "https://admission.europeankids.in/" "Mozilla/5.0 (iPhone; CPU iPhone OS 9_1 like Mac OS X) AppleWebKit/601.1.46 (KHTML, like Gecko) Version/9.0 Mobile/13B143 Safari/601.1 (compatible; AdsBot-Google-Mobile; +http://www.google.com/mobile/adsbot.html)"
157.33.93.58 - - [12/Aug/2021:08:00:26 +0000] "-" 408 - "-" "-"
