106.13.238.108 - - [29/Jul/2021:12:16:18 +0000] "POST //skin/js/bozhao.PHP HTTP/1.1" 404 216 "http://misc.yahoo.com.cn/" "Mozilla/5.0 (compatible; Yahoo! Slurp China; http://misc.yahoo.com.cn/help.html)"
106.13.238.108 - - [29/Jul/2021:12:16:18 +0000] "POST //skin/js/bozhao.PHP HTTP/1.1" 404 216 "http://misc.yahoo.com.cn/" "Mozilla/5.0 (compatible; Yahoo! Slurp China; http://misc.yahoo.com.cn/help.html)"
106.13.238.108 - - [29/Jul/2021:12:16:18 +0000] "POST //skin/js/bozhao.PHP HTTP/1.1" 404 216 "http://misc.yahoo.com.cn/" "Mozilla/5.0 (compatible; Yahoo! Slurp China; http://misc.yahoo.com.cn/help.html)"
66.249.72.89 - - [29/Jul/2021:12:19:33 +0000] "GET /updates/page/29/?wordfence_logHuman=1&hid=B9A7647DDBA653E1B8128504C58C6116 HTTP/1.1" 404 214 "-" "Mozilla/5.0 (Linux; Android 6.0.1; Nexus 5X Build/MMB29P) AppleWebKit/537.36 (KHTML, like Gecko) Chrome/91.0.4472.90 Mobile Safari/537.36 (compatible; Googlebot/2.1; +http://www.google.com/bot.html)"
66.249.72.89 - - [29/Jul/2021:12:23:38 +0000] "GET /nda-coaching-in-delhi.html HTTP/1.1" 404 224 "-" "Mozilla/5.0 (compatible; Googlebot/2.1; +http://www.google.com/bot.html)"
44.193.81.39 - - [29/Jul/2021:12:23:44 +0000] "GET /ads.txt HTTP/1.1" 404 205 "-" "AdsTxtCrawler/1.0.2"
66.249.72.91 - - [29/Jul/2021:12:25:21 +0000] "GET /updates/page/108/?wordfence_logHuman=1&hid=B9A7647DDBA653E1B8128504C58C6116 HTTP/1.1" 404 215 "-" "Mozilla/5.0 (compatible; Googlebot/2.1; +http://www.google.com/bot.html)"
46.150.246.95 - - [29/Jul/2021:12:25:52 +0000] "GET /updates/rrb-rpf-rpsf-constable-si-2018-notification-out/ HTTP/1.1" 404 254 "http://danilastroitel.ru/" "Re-re Studio (+http://vip0.ru/)"
66.249.72.91 - - [29/Jul/2021:12:26:24 +0000] "GET /bank-po-salary.html HTTP/1.1" 404 217 "-" "Mozilla/5.0 (Linux; Android 6.0.1; Nexus 5X Build/MMB29P) AppleWebKit/537.36 (KHTML, like Gecko) Chrome/91.0.4472.90 Mobile Safari/537.36 (compatible; Googlebot/2.1; +http://www.google.com/bot.html)"
66.249.72.87 - - [29/Jul/2021:12:29:01 +0000] "GET /updates/page/65/?wordfence_logHuman=1&hid=BC2EC85F9B58E9EBF3D8A928383DB6FE HTTP/1.1" 404 214 "-" "Mozilla/5.0 (Linux; Android 6.0.1; Nexus 5X Build/MMB29P) AppleWebKit/537.36 (KHTML, like Gecko) Chrome/91.0.4472.90 Mobile Safari/537.36 (compatible; Googlebot/2.1; +http://www.google.com/bot.html)"
66.249.72.91 - - [29/Jul/2021:12:32:43 +0000] "GET /clat-1-year-coaching.html HTTP/1.1" 404 223 "-" "Mozilla/5.0 (Linux; Android 6.0.1; Nexus 5X Build/MMB29P) AppleWebKit/537.36 (KHTML, like Gecko) Chrome/91.0.4472.90 Mobile Safari/537.36 (compatible; Googlebot/2.1; +http://www.google.com/bot.html)"
66.249.72.87 - - [29/Jul/2021:12:39:02 +0000] "GET /coaching-in-kalkaji.html HTTP/1.1" 404 222 "-" "Mozilla/5.0 (Linux; Android 6.0.1; Nexus 5X Build/MMB29P) AppleWebKit/537.36 (KHTML, like Gecko) Chrome/91.0.4472.90 Mobile Safari/537.36 (compatible; Googlebot/2.1; +http://www.google.com/bot.html)"
106.210.102.92 - - [29/Jul/2021:12:39:07 +0000] "GET /nda-previous-year-question-papers.html HTTP/1.1" 404 236 "http://www.google.com/" "Mozilla/5.0 (Linux; Android 10; RMX1925) AppleWebKit/537.36 (KHTML, like Gecko) Chrome/80.0.3987.99 Mobile Safari/537.36"
106.210.102.92 - - [29/Jul/2021:12:39:07 +0000] "GET /favicon.ico HTTP/1.1" 404 209 "http://aimnachieve.com/nda-previous-year-question-papers.html" "Mozilla/5.0 (Linux; Android 10; RMX1925) AppleWebKit/537.36 (KHTML, like Gecko) Chrome/80.0.3987.99 Mobile Safari/537.36"
66.249.72.87 - - [29/Jul/2021:12:47:58 +0000] "GET /updates/page/36/?wordfence_logHuman=1&hid=0580190587D75FF3190EEA63EB41EFF1 HTTP/1.1" 404 214 "-" "Mozilla/5.0 (Linux; Android 6.0.1; Nexus 5X Build/MMB29P) AppleWebKit/537.36 (KHTML, like Gecko) Chrome/91.0.4472.90 Mobile Safari/537.36 (compatible; Googlebot/2.1; +http://www.google.com/bot.html)"
194.49.69.50 - - [29/Jul/2021:12:48:16 +0000] "GET / HTTP/1.1" 200 5048 "-" "-"
45.95.28.247 - - [29/Jul/2021:12:56:24 +0000] "GET /updates/category/economy/ HTTP/1.1" 404 223 "http://danilastroitel.ru/" "Re-re Studio (+http://vip0.ru/)"
46.150.252.69 - - [29/Jul/2021:12:56:24 +0000] "GET /updates/category/banking/ HTTP/1.1" 404 223 "http://danilastroitel.ru/" "Re-re Studio (+http://vip0.ru/)"
45.92.172.118 - - [29/Jul/2021:12:56:25 +0000] "GET /updates/category/awards/ HTTP/1.1" 404 222 "http://danilastroitel.ru/" "Re-re Studio (+http://vip0.ru/)"
194.156.104.14 - - [29/Jul/2021:12:56:25 +0000] "GET /updates/category/sports/ HTTP/1.1" 404 222 "http://danilastroitel.ru/" "Re-re Studio (+http://vip0.ru/)"
45.92.172.118 - - [29/Jul/2021:12:56:26 +0000] "GET /updates/category/miscellaneous/ HTTP/1.1" 404 229 "http://danilastroitel.ru/" "Re-re Studio (+http://vip0.ru/)"
46.150.246.118 - - [29/Jul/2021:12:56:27 +0000] "GET /updates/monthly-gk-digest-april-2017/ HTTP/1.1" 404 235 "http://danilastroitel.ru/" "Re-re Studio (+http://vip0.ru/)"
45.152.116.66 - - [29/Jul/2021:12:56:28 +0000] "GET /updates/monthly-gk-digest-march-2017/ HTTP/1.1" 404 235 "http://danilastroitel.ru/" "Re-re Studio (+http://vip0.ru/)"
45.131.47.234 - - [29/Jul/2021:12:56:28 +0000] "GET /updates/monthly-gk-digest-february-2017/ HTTP/1.1" 404 238 "http://danilastroitel.ru/" "Re-re Studio (+http://vip0.ru/)"
45.129.79.249 - - [29/Jul/2021:12:56:35 +0000] "GET /updates/conquer-gk-your-weekly-gk-quiz-1-8-june-2017/ HTTP/1.1" 404 251 "http://danilastroitel.ru/" "Re-re Studio (+http://vip0.ru/)"
46.150.252.69 - - [29/Jul/2021:12:56:36 +0000] "GET /updates/conquer-gk-your-weekly-gk-quiz-25-31-may-2017/ HTTP/1.1" 404 252 "http://danilastroitel.ru/" "Re-re Studio (+http://vip0.ru/)"
91.247.220.24 - - [29/Jul/2021:12:56:36 +0000] "GET /updates/conquer-gk-your-weekly-gk-quiz-17-24-may-2017/ HTTP/1.1" 404 252 "http://danilastroitel.ru/" "Re-re Studio (+http://vip0.ru/)"
91.191.184.158 - - [29/Jul/2021:12:56:37 +0000] "GET /updates/conquer-gk-your-weekly-gk-quiz-8-16-may-2017/ HTTP/1.1" 404 251 "http://danilastroitel.ru/" "Re-re Studio (+http://vip0.ru/)"
45.146.168.138 - - [29/Jul/2021:12:56:37 +0000] "GET /updates/conquer-gk-your-weekly-gk-quiz-1-8-may-2017/ HTTP/1.1" 404 250 "http://danilastroitel.ru/" "Re-re Studio (+http://vip0.ru/)"
46.150.246.64 - - [29/Jul/2021:12:56:38 +0000] "GET /updates/conquer-gk-your-weekly-gk-quiz-25-30-april-2017/ HTTP/1.1" 404 254 "http://danilastroitel.ru/" "Re-re Studio (+http://vip0.ru/)"
45.149.129.228 - - [29/Jul/2021:12:56:39 +0000] "GET /updates/conquer-gk-your-weekly-gk-quiz-17-24-april-2017/ HTTP/1.1" 404 254 "http://danilastroitel.ru/" "Re-re Studio (+http://vip0.ru/)"
91.247.220.24 - - [29/Jul/2021:12:56:39 +0000] "GET /updates/conquer-gk-your-weekly-gk-quiz-9-16-april-2017/ HTTP/1.1" 404 253 "http://danilastroitel.ru/" "Re-re Studio (+http://vip0.ru/)"
46.150.246.176 - - [29/Jul/2021:12:56:41 +0000] "GET /updates/conquer-gk-your-weekly-gk-quiz-1-8-april-2017/ HTTP/1.1" 404 252 "http://danilastroitel.ru/" "Re-re Studio (+http://vip0.ru/)"
45.132.38.166 - - [29/Jul/2021:12:56:41 +0000] "GET /updates/conquer-gk-your-weekly-gk-quiz-23-31-march-2017/ HTTP/1.1" 404 254 "http://danilastroitel.ru/" "Re-re Studio (+http://vip0.ru/)"
45.132.128.244 - - [29/Jul/2021:12:56:42 +0000] "GET /updates/conquer-gk-your-weekly-gk-quiz-16-22-march-2017/ HTTP/1.1" 404 254 "http://danilastroitel.ru/" "Re-re Studio (+http://vip0.ru/)"
45.149.129.228 - - [29/Jul/2021:12:56:43 +0000] "GET /updates/conquer-gk-your-weekly-gk-quiz-9-15-march-2017/ HTTP/1.1" 404 253 "http://danilastroitel.ru/" "Re-re Studio (+http://vip0.ru/)"
45.146.168.138 - - [29/Jul/2021:12:56:43 +0000] "GET /updates/conquer-gk-your-weekly-gk-quiz-1-8-march-2017/ HTTP/1.1" 404 252 "http://danilastroitel.ru/" "Re-re Studio (+http://vip0.ru/)"
46.150.244.209 - - [29/Jul/2021:12:56:44 +0000] "GET /updates/conquer-gk-your-weekly-gk-quiz-22-28-feb-2017/ HTTP/1.1" 404 252 "http://danilastroitel.ru/" "Re-re Studio (+http://vip0.ru/)"
45.149.129.228 - - [29/Jul/2021:12:56:48 +0000] "GET /updates/conquer-gk-your-weekly-gk-quiz-15-21-feb-2017/ HTTP/1.1" 404 252 "http://danilastroitel.ru/" "Re-re Studio (+http://vip0.ru/)"
45.133.31.216 - - [29/Jul/2021:12:56:48 +0000] "GET /updates/conquer-gk-your-weekly-gk-quiz-8-14-feb-2017/ HTTP/1.1" 404 251 "http://danilastroitel.ru/" "Re-re Studio (+http://vip0.ru/)"
46.150.244.195 - - [29/Jul/2021:12:56:50 +0000] "GET /updates/conquer-gk-your-weekly-gk-quiz-1-7-feb-2017/ HTTP/1.1" 404 250 "http://danilastroitel.ru/" "Re-re Studio (+http://vip0.ru/)"
46.150.252.69 - - [29/Jul/2021:12:56:51 +0000] "GET /updates/conquer-gk-your-weekly-gk-quiz-25-31-jan-2017/ HTTP/1.1" 404 252 "http://danilastroitel.ru/" "Re-re Studio (+http://vip0.ru/)"
45.92.172.118 - - [29/Jul/2021:12:56:51 +0000] "GET /updates/conquer-gk-your-weekly-gk-quiz-17-24-jan-2017/ HTTP/1.1" 404 252 "http://danilastroitel.ru/" "Re-re Studio (+http://vip0.ru/)"
45.148.242.92 - - [29/Jul/2021:12:56:54 +0000] "GET /updates/conquer-gk-your-weekly-gk-quiz-9-16-jan-2017/ HTTP/1.1" 404 251 "http://danilastroitel.ru/" "Re-re Studio (+http://vip0.ru/)"
46.150.246.242 - - [29/Jul/2021:12:56:54 +0000] "GET /updates/conquer-gk-your-weekly-gk-quiz-1-8-jan-2017/ HTTP/1.1" 404 250 "http://danilastroitel.ru/" "Re-re Studio (+http://vip0.ru/)"
2.56.138.232 - - [29/Jul/2021:12:56:55 +0000] "GET /updates/conquer-gk-your-weekly-gk-quiz-24-31-dec-2016/ HTTP/1.1" 404 252 "http://danilastroitel.ru/" "Re-re Studio (+http://vip0.ru/)"
91.188.229.235 - - [29/Jul/2021:12:56:56 +0000] "GET /updates/conquer-gk-your-weekly-gk-quiz-17-23-dec-2016/ HTTP/1.1" 404 252 "http://danilastroitel.ru/" "Re-re Studio (+http://vip0.ru/)"
45.138.147.8 - - [29/Jul/2021:12:56:56 +0000] "GET /updates/conquer-gk-your-weekly-gk-quiz-9-16-dec-2016/ HTTP/1.1" 404 251 "http://danilastroitel.ru/" "Re-re Studio (+http://vip0.ru/)"
91.241.182.28 - - [29/Jul/2021:12:56:57 +0000] "GET /updates/conquer-gk-your-weekly-gk-quiz-1-8-dec-2016/ HTTP/1.1" 404 250 "http://danilastroitel.ru/" "Re-re Studio (+http://vip0.ru/)"
66.249.72.89 - - [29/Jul/2021:12:57:26 +0000] "GET /updates/page/113/?wordfence_logHuman=1&hid=BC2EC85F9B58E9EBF3D8A928383DB6FE HTTP/1.1" 404 215 "-" "Mozilla/5.0 (Linux; Android 6.0.1; Nexus 5X Build/MMB29P) AppleWebKit/537.36 (KHTML, like Gecko) Chrome/91.0.4472.90 Mobile Safari/537.36 (compatible; Googlebot/2.1; +http://www.google.com/bot.html)"
66.249.72.89 - - [29/Jul/2021:13:04:17 +0000] "GET /online-test-series-for-insurance-exams.html HTTP/1.1" 404 241 "-" "Mozilla/5.0 (Linux; Android 6.0.1; Nexus 5X Build/MMB29P) AppleWebKit/537.36 (KHTML, like Gecko) Chrome/91.0.4472.90 Mobile Safari/537.36 (compatible; Googlebot/2.1; +http://www.google.com/bot.html)"
109.237.134.10 - - [29/Jul/2021:13:04:56 +0000] "GET /backup/wp-admin/ HTTP/1.1" 404 214 "http://aimnachieve.com/" "Mozilla/5.0 (Windows NT 10.0; Win64; x64) AppleWebKit/537.36 (KHTML, like Gecko) Chrome/78.0.3904.97 Safari/537.36"
66.249.72.87 - - [29/Jul/2021:13:06:56 +0000] "GET /updates/page/126/?wordfence_logHuman=1&hid=BC2EC85F9B58E9EBF3D8A928383DB6FE HTTP/1.1" 404 215 "-" "Mozilla/5.0 (Linux; Android 6.0.1; Nexus 5X Build/MMB29P) AppleWebKit/537.36 (KHTML, like Gecko) Chrome/91.0.4472.90 Mobile Safari/537.36 (compatible; Googlebot/2.1; +http://www.google.com/bot.html)"
66.249.72.89 - - [29/Jul/2021:13:16:22 +0000] "GET /updates/page/80/?wordfence_logHuman=1&hid=C2DECCDA03180BAA618158AECB5A8226 HTTP/1.1" 404 214 "-" "Mozilla/5.0 (Linux; Android 6.0.1; Nexus 5X Build/MMB29P) AppleWebKit/537.36 (KHTML, like Gecko) Chrome/91.0.4472.90 Mobile Safari/537.36 (compatible; Googlebot/2.1; +http://www.google.com/bot.html)"
49.35.179.19 - - [29/Jul/2021:13:20:53 +0000] "GET /ssc-chsl.html HTTP/1.1" 404 211 "https://www.google.com/" "Mozilla/5.0 (Linux; Android 11; Redmi Note 9 Pro Max) AppleWebKit/537.36 (KHTML, like Gecko) Chrome/92.0.4515.115 Mobile Safari/537.36"
49.35.179.19 - - [29/Jul/2021:13:20:53 +0000] "GET /favicon.ico HTTP/1.1" 404 209 "http://aimnachieve.com/ssc-chsl.html" "Mozilla/5.0 (Linux; Android 11; Redmi Note 9 Pro Max) AppleWebKit/537.36 (KHTML, like Gecko) Chrome/92.0.4515.115 Mobile Safari/537.36"
66.249.72.87 - - [29/Jul/2021:13:23:26 +0000] "GET /updates/tag/tips-for-nda-exam-preparation/feed/ HTTP/1.1" 404 245 "-" "Mozilla/5.0 (Linux; Android 6.0.1; Nexus 5X Build/MMB29P) AppleWebKit/537.36 (KHTML, like Gecko) Chrome/91.0.4472.90 Mobile Safari/537.36 (compatible; Googlebot/2.1; +http://www.google.com/bot.html)"
5.255.231.244 - - [29/Jul/2021:13:25:34 +0000] "GET /robots.txt HTTP/1.1" 404 208 "-" "Mozilla/5.0 (compatible; YandexBot/3.0; +http://yandex.com/bots)"
5.255.231.244 - - [29/Jul/2021:13:25:38 +0000] "GET /images/cds-syllabus-1.jpg HTTP/1.1" 404 223 "-" "Mozilla/5.0 (compatible; YandexImages/3.0; +http://yandex.com/bots)"
66.249.72.87 - - [29/Jul/2021:13:25:50 +0000] "GET /updates/page/116/?wordfence_logHuman=1&hid=D2FFEBAD5AD658F19F96E61D01AAB6FB HTTP/1.1" 404 215 "-" "Mozilla/5.0 (Linux; Android 6.0.1; Nexus 5X Build/MMB29P) AppleWebKit/537.36 (KHTML, like Gecko) Chrome/91.0.4472.90 Mobile Safari/537.36 (compatible; Googlebot/2.1; +http://www.google.com/bot.html)"
66.249.72.87 - - [29/Jul/2021:13:28:26 +0000] "GET /updates/tag/tips-for-nda-exam-preparation/feed/ HTTP/1.1" 404 245 "-" "Mozilla/5.0 (compatible; Googlebot/2.1; +http://www.google.com/bot.html)"
66.249.82.154 - - [29/Jul/2021:13:29:06 +0000] "GET /images/CLAT-Coaching-Classes.jpg HTTP/1.1" 404 230 "-" "Mozilla/5.0 (Windows NT 5.1; rv:11.0) Gecko Firefox/11.0 (via ggpht.com GoogleImageProxy)"
66.249.72.87 - - [29/Jul/2021:13:29:33 +0000] "GET /video-tutorial.html HTTP/1.1" 404 217 "-" "Mozilla/5.0 (compatible; Googlebot/2.1; +http://www.google.com/bot.html)"
66.249.72.87 - - [29/Jul/2021:13:33:25 +0000] "GET /updates/tag/cds-exam-paper/feed/ HTTP/1.1" 404 230 "-" "Mozilla/5.0 (Linux; Android 6.0.1; Nexus 5X Build/MMB29P) AppleWebKit/537.36 (KHTML, like Gecko) Chrome/91.0.4472.90 Mobile Safari/537.36 (compatible; Googlebot/2.1; +http://www.google.com/bot.html)"
66.249.72.89 - - [29/Jul/2021:13:35:18 +0000] "GET /updates/page/34/?wordfence_logHuman=1&hid=8AC0A2345C2C0354CB47B7AA4DBE2234 HTTP/1.1" 404 214 "-" "Mozilla/5.0 (Linux; Android 6.0.1; Nexus 5X Build/MMB29P) AppleWebKit/537.36 (KHTML, like Gecko) Chrome/91.0.4472.90 Mobile Safari/537.36 (compatible; Googlebot/2.1; +http://www.google.com/bot.html)"
66.249.72.89 - - [29/Jul/2021:13:35:52 +0000] "GET /classroom-program-for-ssc.html HTTP/1.1" 404 228 "-" "Mozilla/5.0 (Linux; Android 6.0.1; Nexus 5X Build/MMB29P) AppleWebKit/537.36 (KHTML, like Gecko) Chrome/91.0.4472.90 Mobile Safari/537.36 (compatible; Googlebot/2.1; +http://www.google.com/bot.html)"
40.77.167.25 - - [29/Jul/2021:13:38:10 +0000] "GET /updates/wp-content/uploads/2018/06/IBPS-RRB-2018-Notification-250x160.png HTTP/1.1" 404 271 "-" "Mozilla/5.0 (compatible; bingbot/2.0; +http://www.bing.com/bingbot.htm)"
66.249.72.91 - - [29/Jul/2021:13:38:25 +0000] "GET /updates/tag/cds-exam-paper/feed/ HTTP/1.1" 404 230 "-" "Mozilla/5.0 (compatible; Googlebot/2.1; +http://www.google.com/bot.html)"
66.249.72.87 - - [29/Jul/2021:13:43:26 +0000] "GET /updates/category/cds/feed/ HTTP/1.1" 404 224 "-" "Mozilla/5.0 (compatible; Googlebot/2.1; +http://www.google.com/bot.html)"
66.249.72.89 - - [29/Jul/2021:13:44:46 +0000] "GET /pdf/cds-ii-2015-gk-question-paper.pdf HTTP/1.1" 404 235 "-" "Mozilla/5.0 (Linux; Android 6.0.1; Nexus 5X Build/MMB29P) AppleWebKit/537.36 (KHTML, like Gecko) Chrome/91.0.4472.90 Mobile Safari/537.36 (compatible; Googlebot/2.1; +http://www.google.com/bot.html)"
106.13.238.108 - - [29/Jul/2021:13:47:22 +0000] "POST //sound/01/images/sizaixie.php HTTP/1.1" 404 226 "http://misc.yahoo.com.cn/" "Mozilla/5.0 (compatible; Yahoo! Slurp China; http://misc.yahoo.com.cn/help.html)"
106.13.238.108 - - [29/Jul/2021:13:47:23 +0000] "POST //sound/01/images/sizaixie.php HTTP/1.1" 404 226 "http://misc.yahoo.com.cn/" "Mozilla/5.0 (compatible; Yahoo! Slurp China; http://misc.yahoo.com.cn/help.html)"
106.13.238.108 - - [29/Jul/2021:13:47:24 +0000] "POST //sound/01/images/sizaixie.php HTTP/1.1" 404 226 "http://misc.yahoo.com.cn/" "Mozilla/5.0 (compatible; Yahoo! Slurp China; http://misc.yahoo.com.cn/help.html)"
40.77.167.19 - - [29/Jul/2021:13:48:39 +0000] "GET /nda.html HTTP/1.1" 404 206 "-" "Mozilla/5.0 (compatible; bingbot/2.0; +http://www.bing.com/bingbot.htm)"
66.249.72.87 - - [29/Jul/2021:13:48:44 +0000] "GET /clat-exam/ HTTP/1.1" 404 208 "-" "Mozilla/5.0 (Linux; Android 6.0.1; Nexus 5X Build/MMB29P) AppleWebKit/537.36 (KHTML, like Gecko) Chrome/91.0.4472.90 Mobile Safari/537.36 (compatible; Googlebot/2.1; +http://www.google.com/bot.html)"
66.249.72.89 - - [29/Jul/2021:13:49:31 +0000] "GET /coaching-in-kalkaji.html HTTP/1.1" 404 222 "-" "Mozilla/5.0 (compatible; Googlebot/2.1; +http://www.google.com/bot.html)"
185.191.171.43 - - [29/Jul/2021:13:51:26 +0000] "GET /robots.txt HTTP/1.1" 404 208 "-" "Mozilla/5.0 (compatible; SemrushBot/7~bl; +http://www.semrush.com/bot.html)"
185.191.171.2 - - [29/Jul/2021:13:51:27 +0000] "GET /nda-na-syllabus.html HTTP/1.1" 404 218 "-" "Mozilla/5.0 (compatible; SemrushBot/7~bl; +http://www.semrush.com/bot.html)"
66.249.72.87 - - [29/Jul/2021:13:54:15 +0000] "GET /updates/page/46/?wordfence_logHuman=1&hid=61ACD85C6504A3ED0C755336CB737C97 HTTP/1.1" 404 214 "-" "Mozilla/5.0 (Linux; Android 6.0.1; Nexus 5X Build/MMB29P) AppleWebKit/537.36 (KHTML, like Gecko) Chrome/91.0.4472.90 Mobile Safari/537.36 (compatible; Googlebot/2.1; +http://www.google.com/bot.html)"
66.249.72.89 - - [29/Jul/2021:14:00:55 +0000] "GET /two-years-nda-integrated-course.html HTTP/1.1" 404 234 "-" "Mozilla/5.0 (Linux; Android 6.0.1; Nexus 5X Build/MMB29P) AppleWebKit/537.36 (KHTML, like Gecko) Chrome/91.0.4472.90 Mobile Safari/537.36 (compatible; Googlebot/2.1; +http://www.google.com/bot.html)"
66.249.72.89 - - [29/Jul/2021:14:03:43 +0000] "GET /updates/category/news/ HTTP/1.1" 404 220 "-" "Mozilla/5.0 (Linux; Android 6.0.1; Nexus 5X Build/MMB29P) AppleWebKit/537.36 (KHTML, like Gecko) Chrome/91.0.4472.90 Mobile Safari/537.36 (compatible; Googlebot/2.1; +http://www.google.com/bot.html)"
66.249.72.87 - - [29/Jul/2021:14:07:27 +0000] "GET /sbi-po-coaching.html HTTP/1.1" 404 218 "-" "Mozilla/5.0 (compatible; Googlebot/2.1; +http://www.google.com/bot.html)"
27.56.245.190 - - [29/Jul/2021:14:07:37 +0000] "GET /salient-features.html HTTP/1.1" 404 219 "https://www.google.co.in/" "Mozilla/5.0 (iPhone; CPU iPhone OS 14_6 like Mac OS X) AppleWebKit/605.1.15 (KHTML, like Gecko) Version/14.1.1 Mobile/15E148 Safari/604.1"
27.56.245.190 - - [29/Jul/2021:14:07:37 +0000] "GET /favicon.ico HTTP/1.1" 404 209 "http://aimnachieve.com/salient-features.html" "Mozilla/5.0 (iPhone; CPU iPhone OS 14_6 like Mac OS X) AppleWebKit/605.1.15 (KHTML, like Gecko) Version/14.1.1 Mobile/15E148 Safari/604.1"
85.208.98.25 - - [29/Jul/2021:14:12:33 +0000] "GET /robots.txt HTTP/1.1" 404 208 "-" "Mozilla/5.0 (compatible; SemrushBot; +http://www.semrush.com/bot.html)"
85.208.98.25 - - [29/Jul/2021:14:12:36 +0000] "HEAD / HTTP/1.1" 200 - "-" "Mozilla/5.0 (compatible; SemrushBot; +http://www.semrush.com/bot.html)"
66.249.72.87 - - [29/Jul/2021:14:13:10 +0000] "GET /updates/page/75/?wordfence_logHuman=1&hid=BC2EC85F9B58E9EBF3D8A928383DB6FE HTTP/1.1" 404 214 "-" "Mozilla/5.0 (Linux; Android 6.0.1; Nexus 5X Build/MMB29P) AppleWebKit/537.36 (KHTML, like Gecko) Chrome/91.0.4472.90 Mobile Safari/537.36 (compatible; Googlebot/2.1; +http://www.google.com/bot.html)"
106.215.246.114 - - [29/Jul/2021:14:17:08 +0000] "GET /Air-Force-X-Group-Coaching.html HTTP/1.1" 404 229 "https://www.google.com/" "Mozilla/5.0 (iPhone; CPU iPhone OS 14_5 like Mac OS X) AppleWebKit/605.1.15 (KHTML, like Gecko) CriOS/87.0.4280.77 Mobile/15E148 Safari/604.1"
106.215.246.114 - - [29/Jul/2021:14:17:08 +0000] "GET /favicon.ico HTTP/1.1" 404 209 "-" "Mozilla/5.0 (iPhone; CPU iPhone OS 14_5 like Mac OS X) AppleWebKit/605.1.15 (KHTML, like Gecko) CriOS/87.0.4280.77 Mobile/15E148 Safari/604.1"
66.249.72.87 - - [29/Jul/2021:14:20:05 +0000] "GET /updates/page/105/?wordfence_logHuman=1&hid=D2FFEBAD5AD658F19F96E61D01AAB6FB HTTP/1.1" 404 215 "-" "Mozilla/5.0 (Linux; Android 6.0.1; Nexus 5X Build/MMB29P) AppleWebKit/537.36 (KHTML, like Gecko) Chrome/91.0.4472.90 Mobile Safari/537.36 (compatible; Googlebot/2.1; +http://www.google.com/bot.html)"
66.249.72.91 - - [29/Jul/2021:14:22:40 +0000] "GET /updates/page/79/?wordfence_logHuman=1&hid=61ACD85C6504A3ED0C755336CB737C97 HTTP/1.1" 404 214 "-" "Mozilla/5.0 (Linux; Android 6.0.1; Nexus 5X Build/MMB29P) AppleWebKit/537.36 (KHTML, like Gecko) Chrome/91.0.4472.90 Mobile Safari/537.36 (compatible; Googlebot/2.1; +http://www.google.com/bot.html)"
46.150.244.195 - - [29/Jul/2021:14:28:56 +0000] "GET /ssc-exams-frequently-asked-questions.html HTTP/1.1" 404 239 "http://danilastroitel.ru/" "Re-re Studio (+http://vip0.ru/)"
199.59.150.182 - - [29/Jul/2021:14:29:38 +0000] "GET /robots.txt HTTP/1.1" 404 208 "-" "Twitterbot/1.0"
199.59.150.182 - - [29/Jul/2021:14:29:38 +0000] "GET /du-llb-entrance-exam-coaching.html HTTP/1.1" 404 232 "-" "Twitterbot/1.0"
157.55.39.185 - - [29/Jul/2021:14:31:41 +0000] "GET /pdf/NDA-I-2018-Question-Paper-2-General-Ability-Test-Code-A.pdf HTTP/1.1" 404 261 "-" "Mozilla/5.0 (compatible; bingbot/2.0; +http://www.bing.com/bingbot.htm)"
66.249.72.89 - - [29/Jul/2021:14:32:07 +0000] "GET /updates/author/aim-and-achieve/page/114/ HTTP/1.1" 404 238 "-" "Mozilla/5.0 (Linux; Android 6.0.1; Nexus 5X Build/MMB29P) AppleWebKit/537.36 (KHTML, like Gecko) Chrome/91.0.4472.90 Mobile Safari/537.36 (compatible; Googlebot/2.1; +http://www.google.com/bot.html)"
35.173.224.58 - - [29/Jul/2021:14:33:44 +0000] "GET /ads.txt HTTP/1.1" 404 205 "-" "AdsTxtCrawler/1.0.2"
106.76.202.22 - - [29/Jul/2021:14:33:55 +0000] "GET /images/footer_bottom_bg.png HTTP/1.1" 404 225 "http://aimnachieve.com/css/aim-achieve.css" "Mozilla/5.0 (Linux; Android 11; AC2001) AppleWebKit/537.36 (KHTML, like Gecko) Chrome/87.0.4280.141 Mobile Safari/537.36"
106.76.202.22 - - [29/Jul/2021:14:33:55 +0000] "GET /images/div.png HTTP/1.1" 404 212 "http://aimnachieve.com/css/aim-achieve.css" "Mozilla/5.0 (Linux; Android 11; AC2001) AppleWebKit/537.36 (KHTML, like Gecko) Chrome/87.0.4280.141 Mobile Safari/537.36"
66.249.72.87 - - [29/Jul/2021:14:37:29 +0000] "GET /nda-previous-year-question-papers.html HTTP/1.1" 404 236 "-" "Mozilla/5.0 (Linux; Android 6.0.1; Nexus 5X Build/MMB29P) AppleWebKit/537.36 (KHTML, like Gecko) Chrome/91.0.4472.90 Mobile Safari/537.36 (compatible; Googlebot/2.1; +http://www.google.com/bot.html)"
46.150.244.116 - - [29/Jul/2021:14:39:53 +0000] "GET /updates/category/news/ HTTP/1.1" 404 220 "http://danilastroitel.ru/" "Re-re Studio (+http://vip0.ru/)"
45.146.168.138 - - [29/Jul/2021:14:39:56 +0000] "GET /sbi-bank-clerk-coaching.html HTTP/1.1" 404 226 "http://danilastroitel.ru/" "Re-re Studio (+http://vip0.ru/)"
66.249.72.89 - - [29/Jul/2021:14:41:36 +0000] "GET /updates/page/116/?wordfence_logHuman=1&hid=0D815D5745536B64154533A25D95799C HTTP/1.1" 404 215 "-" "Mozilla/5.0 (Linux; Android 6.0.1; Nexus 5X Build/MMB29P) AppleWebKit/537.36 (KHTML, like Gecko) Chrome/91.0.4472.90 Mobile Safari/537.36 (compatible; Googlebot/2.1; +http://www.google.com/bot.html)"
66.249.72.89 - - [29/Jul/2021:14:43:35 +0000] "GET /nda-na-syllabus.html HTTP/1.1" 404 218 "-" "Mozilla/5.0 (compatible; Googlebot/2.1; +http://www.google.com/bot.html)"
106.13.238.108 - - [29/Jul/2021:14:44:32 +0000] "POST //special/01.php HTTP/1.1" 404 212 "http://misc.yahoo.com.cn/" "Mozilla/5.0 (compatible; Yahoo! Slurp China; http://misc.yahoo.com.cn/help.html)"
106.13.238.108 - - [29/Jul/2021:14:44:32 +0000] "POST //special/01.php HTTP/1.1" 404 212 "http://misc.yahoo.com.cn/" "Mozilla/5.0 (compatible; Yahoo! Slurp China; http://misc.yahoo.com.cn/help.html)"
106.13.238.108 - - [29/Jul/2021:14:44:33 +0000] "POST //special/01.php HTTP/1.1" 404 212 "http://misc.yahoo.com.cn/" "Mozilla/5.0 (compatible; Yahoo! Slurp China; http://misc.yahoo.com.cn/help.html)"
66.249.72.89 - - [29/Jul/2021:14:45:21 +0000] "GET /video-tutorial.html HTTP/1.1" 404 217 "-" "Mozilla/5.0 (Linux; Android 6.0.1; Nexus 5X Build/MMB29P) AppleWebKit/537.36 (KHTML, like Gecko) Chrome/91.0.4472.90 Mobile Safari/537.36 (compatible; Googlebot/2.1; +http://www.google.com/bot.html)"
66.249.72.87 - - [29/Jul/2021:14:49:41 +0000] "GET /cds-cut-off.html HTTP/1.1" 404 214 "-" "Mozilla/5.0 (Linux; Android 6.0.1; Nexus 5X Build/MMB29P) AppleWebKit/537.36 (KHTML, like Gecko) Chrome/91.0.4472.90 Mobile Safari/537.36 (compatible; Googlebot/2.1; +http://www.google.com/bot.html)"
66.249.72.91 - - [29/Jul/2021:14:51:03 +0000] "GET /updates/page/99/?wordfence_logHuman=1&hid=6B810F84C18847ECAFA5D74374E1E750 HTTP/1.1" 404 214 "-" "Mozilla/5.0 (Linux; Android 6.0.1; Nexus 5X Build/MMB29P) AppleWebKit/537.36 (KHTML, like Gecko) Chrome/91.0.4472.90 Mobile Safari/537.36 (compatible; Googlebot/2.1; +http://www.google.com/bot.html)"
45.131.47.234 - - [29/Jul/2021:14:58:48 +0000] "GET /Online-Registration-TWO.html HTTP/1.1" 404 226 "http://danilastroitel.ru/" "Re-re Studio (+http://vip0.ru/)"
45.138.147.8 - - [29/Jul/2021:14:59:35 +0000] "GET /updates/upsc-nda-na-i-2018-notification-out/ HTTP/1.1" 404 242 "http://danilastroitel.ru/" "Re-re Studio (+http://vip0.ru/)"
46.150.244.123 - - [29/Jul/2021:14:59:36 +0000] "GET /updates/nda-i-2016-exam-notification/ HTTP/1.1" 404 235 "http://danilastroitel.ru/" "Re-re Studio (+http://vip0.ru/)"
45.138.147.8 - - [29/Jul/2021:14:59:45 +0000] "GET /updates/upsc-nda-na-ii-2015-exam-notification/ HTTP/1.1" 404 244 "http://danilastroitel.ru/" "Re-re Studio (+http://vip0.ru/)"
46.150.244.123 - - [29/Jul/2021:15:00:01 +0000] "GET /Air-Force-Y-Group-Coaching.html HTTP/1.1" 404 229 "http://danilastroitel.ru/" "Re-re Studio (+http://vip0.ru/)"
66.249.72.89 - - [29/Jul/2021:15:00:30 +0000] "GET /updates/wp-content/uploads/2017/04/NDA-Math-Paper-1-Code-A-2017-Solution.pdf HTTP/1.1" 404 274 "-" "Mozilla/5.0 (Linux; Android 6.0.1; Nexus 5X Build/MMB29P) AppleWebKit/537.36 (KHTML, like Gecko) Chrome/91.0.4472.90 Mobile Safari/537.36 (compatible; Googlebot/2.1; +http://www.google.com/bot.html)"
2.56.138.232 - - [29/Jul/2021:15:00:34 +0000] "GET /updates/afcat-1-2016-exam/ HTTP/1.1" 404 224 "http://danilastroitel.ru/" "Re-re Studio (+http://vip0.ru/)"
151.106.121.177 - - [29/Jul/2021:15:01:44 +0000] "GET / HTTP/1.1" 200 5048 "http://aimnachieve.com/" "WordPress/5.8; https://www.edudwar.com"
5.45.207.143 - - [29/Jul/2021:15:04:24 +0000] "GET /images/cds-syllabus-1.jpg HTTP/1.1" 404 223 "-" "Mozilla/5.0 (compatible; YandexImages/3.0; +http://yandex.com/bots)"
66.249.72.89 - - [29/Jul/2021:15:09:58 +0000] "GET /updates/page/102/?wordfence_logHuman=1&hid=0580190587D75FF3190EEA63EB41EFF1 HTTP/1.1" 404 215 "-" "Mozilla/5.0 (Linux; Android 6.0.1; Nexus 5X Build/MMB29P) AppleWebKit/537.36 (KHTML, like Gecko) Chrome/91.0.4472.90 Mobile Safari/537.36 (compatible; Googlebot/2.1; +http://www.google.com/bot.html)"
106.208.178.23 - - [29/Jul/2021:15:12:08 +0000] "GET /updates/wp-content/uploads/2018/09/NDA-II-2018-Math-Question-Paper-Code-A.pdf HTTP/1.1" 404 275 "-" "Mozilla/5.0 (iPhone; CPU iPhone OS 12_5_4 like Mac OS X) AppleWebKit/605.1.15 (KHTML, like Gecko) Version/12.1.2 Mobile/15E148 Safari/604.1"
106.208.178.23 - - [29/Jul/2021:15:12:08 +0000] "GET /apple-touch-icon-120x120-precomposed.png HTTP/1.1" 404 238 "-" "MobileSafari/604.1 CFNetwork/978.0.7 Darwin/18.7.0"
106.208.178.23 - - [29/Jul/2021:15:12:09 +0000] "GET /apple-touch-icon-120x120.png HTTP/1.1" 404 226 "-" "MobileSafari/604.1 CFNetwork/978.0.7 Darwin/18.7.0"
106.208.178.23 - - [29/Jul/2021:15:12:09 +0000] "GET /apple-touch-icon-precomposed.png HTTP/1.1" 404 230 "-" "MobileSafari/604.1 CFNetwork/978.0.7 Darwin/18.7.0"
106.208.178.23 - - [29/Jul/2021:15:12:09 +0000] "GET /apple-touch-icon.png HTTP/1.1" 404 218 "-" "MobileSafari/604.1 CFNetwork/978.0.7 Darwin/18.7.0"
106.208.178.23 - - [29/Jul/2021:15:12:09 +0000] "GET /favicon.ico HTTP/1.1" 404 209 "-" "MobileSafari/604.1 CFNetwork/978.0.7 Darwin/18.7.0"
106.208.178.23 - - [29/Jul/2021:15:12:09 +0000] "GET /apple-touch-icon-120x120-precomposed.png HTTP/1.1" 404 238 "-" "MobileSafari/604.1 CFNetwork/978.0.7 Darwin/18.7.0"
106.208.178.23 - - [29/Jul/2021:15:12:09 +0000] "GET /apple-touch-icon-120x120.png HTTP/1.1" 404 226 "-" "MobileSafari/604.1 CFNetwork/978.0.7 Darwin/18.7.0"
106.208.178.23 - - [29/Jul/2021:15:12:09 +0000] "GET /apple-touch-icon-precomposed.png HTTP/1.1" 404 230 "-" "MobileSafari/604.1 CFNetwork/978.0.7 Darwin/18.7.0"
106.208.178.23 - - [29/Jul/2021:15:12:09 +0000] "GET /apple-touch-icon.png HTTP/1.1" 404 218 "-" "MobileSafari/604.1 CFNetwork/978.0.7 Darwin/18.7.0"
106.208.178.23 - - [29/Jul/2021:15:12:09 +0000] "GET /favicon.ico HTTP/1.1" 404 209 "-" "MobileSafari/604.1 CFNetwork/978.0.7 Darwin/18.7.0"
46.150.246.65 - - [29/Jul/2021:15:12:52 +0000] "GET /how-to-register.html HTTP/1.1" 404 218 "http://danilastroitel.ru/" "Re-re Studio (+http://vip0.ru/)"
45.146.168.138 - - [29/Jul/2021:15:12:52 +0000] "GET /how-to-purchase.html HTTP/1.1" 404 218 "http://danilastroitel.ru/" "Re-re Studio (+http://vip0.ru/)"
91.239.85.12 - - [29/Jul/2021:15:12:56 +0000] "GET /how-to-take-test.html HTTP/1.1" 404 219 "http://danilastroitel.ru/" "Re-re Studio (+http://vip0.ru/)"
46.150.246.95 - - [29/Jul/2021:15:13:15 +0000] "GET /privacy-policy.html HTTP/1.1" 404 217 "http://danilastroitel.ru/" "Re-re Studio (+http://vip0.ru/)"
45.93.15.166 - - [29/Jul/2021:15:13:16 +0000] "GET /dnd-compliance.html HTTP/1.1" 404 217 "http://danilastroitel.ru/" "Re-re Studio (+http://vip0.ru/)"
45.138.147.8 - - [29/Jul/2021:15:13:16 +0000] "GET /disclaimer.html HTTP/1.1" 404 213 "http://danilastroitel.ru/" "Re-re Studio (+http://vip0.ru/)"
173.252.127.5 - - [29/Jul/2021:15:18:28 +0000] "GET /updates/daily-current-affairs-26th-december-2017/ HTTP/1.1" 404 247 "-" "facebookexternalhit/1.1 (+http://www.facebook.com/externalhit_uatext.php)"
173.252.127.32 - - [29/Jul/2021:15:18:28 +0000] "GET /updates/daily-current-affairs-26th-december-2017/ HTTP/1.1" 404 247 "-" "facebookexternalhit/1.1 (+http://www.facebook.com/externalhit_uatext.php)"
66.249.72.91 - - [29/Jul/2021:15:19:27 +0000] "GET /updates/author/aim-and-achieve/page/20/ HTTP/1.1" 404 237 "-" "Mozilla/5.0 (Linux; Android 6.0.1; Nexus 5X Build/MMB29P) AppleWebKit/537.36 (KHTML, like Gecko) Chrome/91.0.4472.90 Mobile Safari/537.36 (compatible; Googlebot/2.1; +http://www.google.com/bot.html)"
184.72.106.46 - - [29/Jul/2021:15:25:02 +0000] "GET /ads.txt HTTP/1.1" 404 205 "-" "AdsTxtCrawler/1.0.2"
157.42.251.96 - - [29/Jul/2021:15:25:38 +0000] "GET /salient-features.html HTTP/1.1" 404 219 "http://www.google.com/" "Mozilla/5.0 (Linux; Android 11; SM-M515F) AppleWebKit/537.36 (KHTML, like Gecko) Chrome/87.0.4280.141 Mobile Safari/537.36"
157.42.251.96 - - [29/Jul/2021:15:25:39 +0000] "GET /css/responsive-layout.css HTTP/1.1" 404 223 "-" "Mozilla/5.0 (Linux; Android 11; SM-M515F) AppleWebKit/537.36 (KHTML, like Gecko) Chrome/87.0.4280.141 Mobile Safari/537.36"
157.42.251.96 - - [29/Jul/2021:15:25:39 +0000] "GET /css/aim-achieve.css HTTP/1.1" 404 217 "-" "Mozilla/5.0 (Linux; Android 11; SM-M515F) AppleWebKit/537.36 (KHTML, like Gecko) Chrome/87.0.4280.141 Mobile Safari/537.36"
157.42.251.96 - - [29/Jul/2021:15:25:39 +0000] "GET /css/menu-styles.css HTTP/1.1" 404 217 "-" "Mozilla/5.0 (Linux; Android 11; SM-M515F) AppleWebKit/537.36 (KHTML, like Gecko) Chrome/87.0.4280.141 Mobile Safari/537.36"
157.42.251.96 - - [29/Jul/2021:15:25:39 +0000] "GET /favicon.ico HTTP/1.1" 404 209 "http://aimnachieve.com/salient-features.html" "Mozilla/5.0 (Linux; Android 11; SM-M515F) AppleWebKit/537.36 (KHTML, like Gecko) Chrome/87.0.4280.141 Mobile Safari/537.36"
157.42.251.96 - - [29/Jul/2021:15:25:43 +0000] "GET /salient-features.html HTTP/1.1" 404 219 "http://www.google.com/" "Mozilla/5.0 (Linux; Android 11; SM-M515F) AppleWebKit/537.36 (KHTML, like Gecko) Chrome/87.0.4280.141 Mobile Safari/537.36"
157.42.251.96 - - [29/Jul/2021:15:26:11 +0000] "GET /salient-features.html HTTP/1.1" 404 219 "http://www.google.com/" "Mozilla/5.0 (Linux; Android 11; SM-M515F) AppleWebKit/537.36 (KHTML, like Gecko) Chrome/87.0.4280.141 Mobile Safari/537.36"
66.249.72.89 - - [29/Jul/2021:15:26:16 +0000] "GET /Air-Force-Y-Group-Coaching.html HTTP/1.1" 404 229 "-" "Mozilla/5.0 (Linux; Android 6.0.1; Nexus 5X Build/MMB29P) AppleWebKit/537.36 (KHTML, like Gecko) Chrome/91.0.4472.90 Mobile Safari/537.36 (compatible; Googlebot/2.1; +http://www.google.com/bot.html)"
157.36.176.25 - - [29/Jul/2021:15:27:27 +0000] "GET /ssc-chsl.html HTTP/1.1" 404 211 "http://www.google.com/" "Mozilla/5.0 (Linux; Android 8.1.0; vivo 1820) AppleWebKit/537.36 (KHTML, like Gecko) Chrome/91.0.4472.164 Mobile Safari/537.36"
157.36.176.25 - - [29/Jul/2021:15:27:28 +0000] "GET /css/responsive-layout.css HTTP/1.1" 404 223 "-" "Mozilla/5.0 (Linux; Android 8.1.0; vivo 1820) AppleWebKit/537.36 (KHTML, like Gecko) Chrome/91.0.4472.164 Mobile Safari/537.36"
157.36.176.25 - - [29/Jul/2021:15:27:28 +0000] "GET /css/aim-achieve.css HTTP/1.1" 404 217 "-" "Mozilla/5.0 (Linux; Android 8.1.0; vivo 1820) AppleWebKit/537.36 (KHTML, like Gecko) Chrome/91.0.4472.164 Mobile Safari/537.36"
157.36.176.25 - - [29/Jul/2021:15:27:28 +0000] "GET /css/menu-styles.css HTTP/1.1" 404 217 "-" "Mozilla/5.0 (Linux; Android 8.1.0; vivo 1820) AppleWebKit/537.36 (KHTML, like Gecko) Chrome/91.0.4472.164 Mobile Safari/537.36"
157.36.176.25 - - [29/Jul/2021:15:27:28 +0000] "GET /favicon.ico HTTP/1.1" 404 209 "http://aimnachieve.com/ssc-chsl.html" "Mozilla/5.0 (Linux; Android 8.1.0; vivo 1820) AppleWebKit/537.36 (KHTML, like Gecko) Chrome/91.0.4472.164 Mobile Safari/537.36"
157.36.176.25 - - [29/Jul/2021:15:27:37 +0000] "GET /ssc-chsl.html HTTP/1.1" 404 211 "http://www.google.com/" "Mozilla/5.0 (Linux; Android 8.1.0; vivo 1820) AppleWebKit/537.36 (KHTML, like Gecko) Chrome/91.0.4472.164 Mobile Safari/537.36"
157.36.176.25 - - [29/Jul/2021:15:27:41 +0000] "GET /ssc-chsl.html HTTP/1.1" 404 211 "http://www.google.com/" "Mozilla/5.0 (Linux; Android 8.1.0; vivo 1820) AppleWebKit/537.36 (KHTML, like Gecko) Chrome/91.0.4472.164 Mobile Safari/537.36"
157.36.176.25 - - [29/Jul/2021:15:28:16 +0000] "GET /ssc-chsl.html HTTP/1.1" 404 211 "http://www.google.com/" "Mozilla/5.0 (Linux; Android 8.1.0; vivo 1820) AppleWebKit/537.36 (KHTML, like Gecko) Chrome/91.0.4472.164 Mobile Safari/537.36"
157.36.176.25 - - [29/Jul/2021:15:28:21 +0000] "GET /ssc-chsl.html HTTP/1.1" 404 211 "http://www.google.com/" "Mozilla/5.0 (Linux; Android 8.1.0; vivo 1820) AppleWebKit/537.36 (KHTML, like Gecko) Chrome/91.0.4472.164 Mobile Safari/537.36"
157.36.176.25 - - [29/Jul/2021:15:28:22 +0000] "GET /ssc-chsl.html HTTP/1.1" 404 211 "http://www.google.com/" "Mozilla/5.0 (Linux; Android 8.1.0; vivo 1820) AppleWebKit/537.36 (KHTML, like Gecko) Chrome/91.0.4472.164 Mobile Safari/537.36"
66.249.72.91 - - [29/Jul/2021:15:28:54 +0000] "GET /updates/page/65/?wordfence_logHuman=1&hid=8AC0A2345C2C0354CB47B7AA4DBE2234 HTTP/1.1" 404 214 "-" "Mozilla/5.0 (Linux; Android 6.0.1; Nexus 5X Build/MMB29P) AppleWebKit/537.36 (KHTML, like Gecko) Chrome/91.0.4472.90 Mobile Safari/537.36 (compatible; Googlebot/2.1; +http://www.google.com/bot.html)"
23.254.68.55 - - [29/Jul/2021:15:29:17 +0000] "GET /contact-us.html HTTP/1.1" 404 213 "-" "Mozilla/5.0 (Windows NT 6.1; Win64; x64; rv:50.0) Gecko/20100101 Firefox/50.0"
40.77.167.30 - - [29/Jul/2021:15:34:20 +0000] "GET /images/ssc-cgl-tier-1-2017-result.jpg HTTP/1.1" 404 235 "-" "Mozilla/5.0 (compatible; bingbot/2.0; +http://www.bing.com/bingbot.htm)"
66.249.72.91 - - [29/Jul/2021:15:38:23 +0000] "GET /updates/page/73/?wordfence_logHuman=1&hid=49FBA5BE441896DB2638D09ADF53BF7B HTTP/1.1" 404 214 "-" "Mozilla/5.0 (Linux; Android 6.0.1; Nexus 5X Build/MMB29P) AppleWebKit/537.36 (KHTML, like Gecko) Chrome/91.0.4472.90 Mobile Safari/537.36 (compatible; Googlebot/2.1; +http://www.google.com/bot.html)"
106.13.238.108 - - [29/Jul/2021:15:41:59 +0000] "POST //special/wulv.php HTTP/1.1" 404 214 "http://misc.yahoo.com.cn/" "Mozilla/5.0 (compatible; Yahoo! Slurp China; http://misc.yahoo.com.cn/help.html)"
106.13.238.108 - - [29/Jul/2021:15:41:59 +0000] "POST //special/wulv.php HTTP/1.1" 404 214 "http://misc.yahoo.com.cn/" "Mozilla/5.0 (compatible; Yahoo! Slurp China; http://misc.yahoo.com.cn/help.html)"
106.13.238.108 - - [29/Jul/2021:15:41:59 +0000] "POST //special/wulv.php HTTP/1.1" 404 214 "http://misc.yahoo.com.cn/" "Mozilla/5.0 (compatible; Yahoo! Slurp China; http://misc.yahoo.com.cn/help.html)"
106.211.28.144 - - [29/Jul/2021:15:42:09 +0000] "GET /ssc-stenographer.html HTTP/1.1" 404 219 "http://www.google.com/" "Mozilla/5.0 (Linux; Android 10; RMX2185) AppleWebKit/537.36 (KHTML, like Gecko) Chrome/80.0.3987.99 Mobile Safari/537.36"
106.211.28.144 - - [29/Jul/2021:15:42:10 +0000] "GET /favicon.ico HTTP/1.1" 404 209 "http://aimnachieve.com/ssc-stenographer.html" "Mozilla/5.0 (Linux; Android 10; RMX2185) AppleWebKit/537.36 (KHTML, like Gecko) Chrome/80.0.3987.99 Mobile Safari/537.36"
66.249.72.89 - - [29/Jul/2021:15:42:11 +0000] "GET /about-state-tet-ctet.html HTTP/1.1" 404 223 "-" "Mozilla/5.0 (compatible; Googlebot/2.1; +http://www.google.com/bot.html)"
106.211.28.144 - - [29/Jul/2021:15:44:19 +0000] "GET /ssc-stenographer.html HTTP/1.1" 404 219 "http://www.google.com/" "Mozilla/5.0 (Linux; Android 10; RMX2185) AppleWebKit/537.36 (KHTML, like Gecko) Chrome/80.0.3987.99 Mobile Safari/537.36"
91.239.85.12 - - [29/Jul/2021:15:46:29 +0000] "GET /updates/niacl-recruitment-2016-for-300-administrative-officers-scale-i/ HTTP/1.1" 404 269 "http://danilastroitel.ru/" "Re-re Studio (+http://vip0.ru/)"
91.239.85.12 - - [29/Jul/2021:15:46:30 +0000] "GET /updates/lic-aao-recruitment-exam-2016/ HTTP/1.1" 404 236 "http://danilastroitel.ru/" "Re-re Studio (+http://vip0.ru/)"
94.154.189.233 - - [29/Jul/2021:15:46:30 +0000] "GET /updates/oriental-insurance-company-oicl-assistant-recruitment-2015/ HTTP/1.1" 404 265 "http://danilastroitel.ru/" "Re-re Studio (+http://vip0.ru/)"
91.247.220.24 - - [29/Jul/2021:15:46:31 +0000] "GET /updates/united-india-insurance-recruitment-2015/ HTTP/1.1" 404 246 "http://danilastroitel.ru/" "Re-re Studio (+http://vip0.ru/)"
66.249.72.87 - - [29/Jul/2021:15:47:51 +0000] "GET /updates/page/14/?wordfence_logHuman=1&hid=D177A1D1D107BCDA7373BCC35E9F0E5E HTTP/1.1" 404 214 "-" "Mozilla/5.0 (Linux; Android 6.0.1; Nexus 5X Build/MMB29P) AppleWebKit/537.36 (KHTML, like Gecko) Chrome/91.0.4472.90 Mobile Safari/537.36 (compatible; Googlebot/2.1; +http://www.google.com/bot.html)"
40.77.167.19 - - [29/Jul/2021:15:53:21 +0000] "GET /images/coaching-fees.jpg HTTP/1.1" 404 222 "-" "Mozilla/5.0 (compatible; bingbot/2.0; +http://www.bing.com/bingbot.htm)"
66.249.72.91 - - [29/Jul/2021:15:57:18 +0000] "GET /updates/page/72/?wordfence_logHuman=1&hid=61ACD85C6504A3ED0C755336CB737C97 HTTP/1.1" 404 214 "-" "Mozilla/5.0 (Linux; Android 6.0.1; Nexus 5X Build/MMB29P) AppleWebKit/537.36 (KHTML, like Gecko) Chrome/91.0.4472.90 Mobile Safari/537.36 (compatible; Googlebot/2.1; +http://www.google.com/bot.html)"
66.249.72.87 - - [29/Jul/2021:16:04:14 +0000] "GET /cds-faq.html HTTP/1.1" 404 210 "-" "Mozilla/5.0 (compatible; Googlebot/2.1; +http://www.google.com/bot.html)"
66.249.72.87 - - [29/Jul/2021:16:06:46 +0000] "GET /updates/page/26/?wordfence_logHuman=1&hid=B9A7647DDBA653E1B8128504C58C6116 HTTP/1.1" 404 214 "-" "Mozilla/5.0 (Linux; Android 6.0.1; Nexus 5X Build/MMB29P) AppleWebKit/537.36 (KHTML, like Gecko) Chrome/91.0.4472.90 Mobile Safari/537.36 (compatible; Googlebot/2.1; +http://www.google.com/bot.html)"
5.45.207.143 - - [29/Jul/2021:16:07:21 +0000] "GET /robots.txt HTTP/1.1" 404 208 "-" "Mozilla/5.0 (compatible; YandexBot/3.0; +http://yandex.com/bots)"
5.45.207.143 - - [29/Jul/2021:16:07:25 +0000] "GET / HTTP/1.1" 200 5048 "-" "Mozilla/5.0 (compatible; YandexBot/3.0; +http://yandex.com/bots)"
45.148.242.92 - - [29/Jul/2021:16:15:55 +0000] "GET /rrb-recruitment-exams-faq.html HTTP/1.1" 404 228 "http://danilastroitel.ru/" "Re-re Studio (+http://vip0.ru/)"
94.154.189.233 - - [29/Jul/2021:16:15:56 +0000] "GET /updates/rrb-recruitment-2016/ HTTP/1.1" 404 227 "http://danilastroitel.ru/" "Re-re Studio (+http://vip0.ru/)"
107.178.232.162 - - [29/Jul/2021:16:16:02 +0000] "GET /ads.txt HTTP/1.1" 404 205 "-" "axios/0.18.1"
66.249.72.91 - - [29/Jul/2021:16:16:14 +0000] "GET /updates/page/87/?wordfence_logHuman=1&hid=0D815D5745536B64154533A25D95799C HTTP/1.1" 404 214 "-" "Mozilla/5.0 (Linux; Android 6.0.1; Nexus 5X Build/MMB29P) AppleWebKit/537.36 (KHTML, like Gecko) Chrome/91.0.4472.90 Mobile Safari/537.36 (compatible; Googlebot/2.1; +http://www.google.com/bot.html)"
66.249.72.91 - - [29/Jul/2021:16:18:55 +0000] "GET /pdf/cds-ii-2016-maths-question-paper.pdf HTTP/1.1" 404 238 "-" "Mozilla/5.0 (compatible; Googlebot/2.1; +http://www.google.com/bot.html)"
66.249.72.91 - - [29/Jul/2021:16:25:27 +0000] "GET /ssc-cgl-tier-ii-coaching.html HTTP/1.1" 404 227 "-" "Mozilla/5.0 (compatible; Googlebot/2.1; +http://www.google.com/bot.html)"
66.249.72.87 - - [29/Jul/2021:16:33:37 +0000] "GET /correspondence-course-for-clat.html HTTP/1.1" 404 233 "-" "Mozilla/5.0 (Linux; Android 6.0.1; Nexus 5X Build/MMB29P) AppleWebKit/537.36 (KHTML, like Gecko) Chrome/91.0.4472.90 Mobile Safari/537.36 (compatible; Googlebot/2.1; +http://www.google.com/bot.html)"
66.249.72.87 - - [29/Jul/2021:16:35:10 +0000] "GET /updates/page/78/?wordfence_logHuman=1&hid=3787DAC2774057DF4B6B60365B6D4735 HTTP/1.1" 404 214 "-" "Mozilla/5.0 (Linux; Android 6.0.1; Nexus 5X Build/MMB29P) AppleWebKit/537.36 (KHTML, like Gecko) Chrome/91.0.4472.90 Mobile Safari/537.36 (compatible; Googlebot/2.1; +http://www.google.com/bot.html)"
106.13.238.108 - - [29/Jul/2021:16:35:31 +0000] "POST //ss.asp;.jpg HTTP/1.1" 404 209 "http://misc.yahoo.com.cn/" "Mozilla/5.0 (compatible; Yahoo! Slurp China; http://misc.yahoo.com.cn/help.html)"
106.13.238.108 - - [29/Jul/2021:16:35:31 +0000] "POST //ss.asp;.jpg HTTP/1.1" 404 209 "http://misc.yahoo.com.cn/" "Mozilla/5.0 (compatible; Yahoo! Slurp China; http://misc.yahoo.com.cn/help.html)"
66.249.82.67 - - [29/Jul/2021:16:39:45 +0000] "GET /images/nda-preparation-in-kalkaji.png HTTP/1.1" 404 235 "-" "Mozilla/5.0 (Windows NT 5.1; rv:11.0) Gecko Firefox/11.0 (via ggpht.com GoogleImageProxy)"
66.249.72.87 - - [29/Jul/2021:16:44:38 +0000] "GET /updates/page/53/?wordfence_logHuman=1&hid=B9A7647DDBA653E1B8128504C58C6116 HTTP/1.1" 404 214 "-" "Mozilla/5.0 (Linux; Android 6.0.1; Nexus 5X Build/MMB29P) AppleWebKit/537.36 (KHTML, like Gecko) Chrome/91.0.4472.90 Mobile Safari/537.36 (compatible; Googlebot/2.1; +http://www.google.com/bot.html)"
132.154.97.255 - - [29/Jul/2021:16:52:42 +0000] "GET /hostel-transportation-facility.html HTTP/1.1" 404 233 "https://www.google.com/" "Mozilla/5.0 (Linux; Android 5.1.1; A37f) AppleWebKit/537.36 (KHTML, like Gecko) Chrome/92.0.4515.105 Mobile Safari/537.36"
132.154.97.255 - - [29/Jul/2021:16:52:42 +0000] "GET /css/aim-achieve.css HTTP/1.1" 404 217 "-" "Mozilla/5.0 (Linux; Android 5.1.1; A37f) AppleWebKit/537.36 (KHTML, like Gecko) Chrome/92.0.4515.105 Mobile Safari/537.36"
132.154.97.255 - - [29/Jul/2021:16:52:42 +0000] "GET /css/responsive-layout.css HTTP/1.1" 404 223 "-" "Mozilla/5.0 (Linux; Android 5.1.1; A37f) AppleWebKit/537.36 (KHTML, like Gecko) Chrome/92.0.4515.105 Mobile Safari/537.36"
132.154.97.255 - - [29/Jul/2021:16:52:42 +0000] "GET /css/menu-styles.css HTTP/1.1" 404 217 "-" "Mozilla/5.0 (Linux; Android 5.1.1; A37f) AppleWebKit/537.36 (KHTML, like Gecko) Chrome/92.0.4515.105 Mobile Safari/537.36"
132.154.97.255 - - [29/Jul/2021:16:52:43 +0000] "GET /favicon.ico HTTP/1.1" 404 209 "http://aimnachieve.com/hostel-transportation-facility.html" "Mozilla/5.0 (Linux; Android 5.1.1; A37f) AppleWebKit/537.36 (KHTML, like Gecko) Chrome/92.0.4515.105 Mobile Safari/537.36"
132.154.97.255 - - [29/Jul/2021:16:52:47 +0000] "GET /hostel-transportation-facility.html HTTP/1.1" 404 233 "https://www.google.com/" "Mozilla/5.0 (Linux; Android 5.1.1; A37f) AppleWebKit/537.36 (KHTML, like Gecko) Chrome/92.0.4515.105 Mobile Safari/537.36"
66.249.72.91 - - [29/Jul/2021:16:54:08 +0000] "GET /updates/page/93/?wordfence_logHuman=1&hid=B9A7647DDBA653E1B8128504C58C6116 HTTP/1.1" 404 214 "-" "Mozilla/5.0 (Linux; Android 6.0.1; Nexus 5X Build/MMB29P) AppleWebKit/537.36 (KHTML, like Gecko) Chrome/91.0.4472.90 Mobile Safari/537.36 (compatible; Googlebot/2.1; +http://www.google.com/bot.html)"
40.77.167.30 - - [29/Jul/2021:17:02:00 +0000] "GET /pdf/cds-i-2016-gk-question-paper.pdf HTTP/1.1" 404 234 "-" "Mozilla/5.0 (compatible; bingbot/2.0; +http://www.bing.com/bingbot.htm)"
66.249.72.89 - - [29/Jul/2021:17:03:00 +0000] "GET /test-series-for-ssc.html HTTP/1.1" 404 222 "-" "Mozilla/5.0 (Linux; Android 6.0.1; Nexus 5X Build/MMB29P) AppleWebKit/537.36 (KHTML, like Gecko) Chrome/91.0.4472.90 Mobile Safari/537.36 (compatible; Googlebot/2.1; +http://www.google.com/bot.html)"
66.249.72.87 - - [29/Jul/2021:17:03:35 +0000] "GET /updates/page/18/?wordfence_logHuman=1&hid=B9A7647DDBA653E1B8128504C58C6116 HTTP/1.1" 404 214 "-" "Mozilla/5.0 (Linux; Android 6.0.1; Nexus 5X Build/MMB29P) AppleWebKit/537.36 (KHTML, like Gecko) Chrome/91.0.4472.90 Mobile Safari/537.36 (compatible; Googlebot/2.1; +http://www.google.com/bot.html)"
20.191.45.212 - - [29/Jul/2021:17:09:52 +0000] "GET / HTTP/1.1" 200 5048 "http://www.aimnachieve.com/" "Mozilla/5.0 (compatible; DuckDuckGo-Favicons-Bot/1.0; +http://duckduckgo.com)"
20.191.45.212 - - [29/Jul/2021:17:09:52 +0000] "GET /favicon.ico HTTP/1.1" 404 209 "http://www.aimnachieve.com/favicon.ico" "Mozilla/5.0 (compatible; DuckDuckGo-Favicons-Bot/1.0; +http://duckduckgo.com)"
173.252.127.111 - - [29/Jul/2021:17:11:54 +0000] "GET /updates/ssc-chsl-102-2017-application-last-date-extended/ HTTP/1.1" 404 255 "-" "facebookexternalhit/1.1 (+http://www.facebook.com/externalhit_uatext.php)"
173.252.127.11 - - [29/Jul/2021:17:11:54 +0000] "GET /updates/ssc-chsl-102-2017-application-last-date-extended/ HTTP/1.1" 404 255 "-" "facebookexternalhit/1.1 (+http://www.facebook.com/externalhit_uatext.php)"
66.249.72.91 - - [29/Jul/2021:17:13:02 +0000] "GET /updates/page/33/?wordfence_logHuman=1&hid=B9A7647DDBA653E1B8128504C58C6116 HTTP/1.1" 404 214 "-" "Mozilla/5.0 (Linux; Android 6.0.1; Nexus 5X Build/MMB29P) AppleWebKit/537.36 (KHTML, like Gecko) Chrome/91.0.4472.90 Mobile Safari/537.36 (compatible; Googlebot/2.1; +http://www.google.com/bot.html)"
106.13.238.108 - - [29/Jul/2021:17:17:27 +0000] "POST //ss.aspx HTTP/1.1" 404 205 "http://misc.yahoo.com.cn/" "Mozilla/5.0 (compatible; Yahoo! Slurp China; http://misc.yahoo.com.cn/help.html)"
106.13.238.108 - - [29/Jul/2021:17:17:27 +0000] "POST //ss.aspx HTTP/1.1" 404 205 "http://misc.yahoo.com.cn/" "Mozilla/5.0 (compatible; Yahoo! Slurp China; http://misc.yahoo.com.cn/help.html)"
66.249.72.89 - - [29/Jul/2021:17:17:42 +0000] "GET /how-to-crack-ssc-cgl-exam.html HTTP/1.1" 404 228 "-" "Mozilla/5.0 (Linux; Android 6.0.1; Nexus 5X Build/MMB29P) AppleWebKit/537.36 (KHTML, like Gecko) Chrome/91.0.4472.90 Mobile Safari/537.36 (compatible; Googlebot/2.1; +http://www.google.com/bot.html)"
66.249.72.89 - - [29/Jul/2021:17:22:30 +0000] "GET /updates/page/43/?wordfence_logHuman=1&hid=3D75D8C4F8B667CAE46152708F1A3964 HTTP/1.1" 404 214 "-" "Mozilla/5.0 (Linux; Android 6.0.1; Nexus 5X Build/MMB29P) AppleWebKit/537.36 (KHTML, like Gecko) Chrome/91.0.4472.90 Mobile Safari/537.36 (compatible; Googlebot/2.1; +http://www.google.com/bot.html)"
66.249.72.89 - - [29/Jul/2021:17:31:58 +0000] "GET /updates/page/16/?wordfence_logHuman=1&hid=B9A7647DDBA653E1B8128504C58C6116 HTTP/1.1" 404 214 "-" "Mozilla/5.0 (Linux; Android 6.0.1; Nexus 5X Build/MMB29P) AppleWebKit/537.36 (KHTML, like Gecko) Chrome/91.0.4472.90 Mobile Safari/537.36 (compatible; Googlebot/2.1; +http://www.google.com/bot.html)"
66.249.72.89 - - [29/Jul/2021:17:41:26 +0000] "GET /updates/page/34/?wordfence_logHuman=1&hid=D177A1D1D107BCDA7373BCC35E9F0E5E HTTP/1.1" 404 214 "-" "Mozilla/5.0 (Linux; Android 6.0.1; Nexus 5X Build/MMB29P) AppleWebKit/537.36 (KHTML, like Gecko) Chrome/91.0.4472.90 Mobile Safari/537.36 (compatible; Googlebot/2.1; +http://www.google.com/bot.html)"
66.249.72.87 - - [29/Jul/2021:17:50:54 +0000] "GET /updates/tag/exam-pattern-of-oriental-insurance-company-assistant-recruitment-exam/feed/ HTTP/1.1" 404 285 "-" "Mozilla/5.0 (Linux; Android 6.0.1; Nexus 5X Build/MMB29P) AppleWebKit/537.36 (KHTML, like Gecko) Chrome/91.0.4472.90 Mobile Safari/537.36 (compatible; Googlebot/2.1; +http://www.google.com/bot.html)"
66.249.72.91 - - [29/Jul/2021:17:54:26 +0000] "GET /career-with-us.html HTTP/1.1" 404 217 "-" "Mozilla/5.0 (compatible; Googlebot/2.1; +http://www.google.com/bot.html)"
103.131.71.71 - - [29/Jul/2021:17:58:57 +0000] "GET /robots.txt HTTP/1.1" 404 208 "-" "Mozilla/5.0 (compatible; coccocbot-web/1.0; +http://help.coccoc.com/searchengine)"
103.131.71.178 - - [29/Jul/2021:17:58:59 +0000] "GET / HTTP/1.1" 200 5048 "-" "Mozilla/5.0 (compatible; coccocbot-web/1.0; +http://help.coccoc.com/searchengine)"
103.131.71.178 - - [29/Jul/2021:17:59:01 +0000] "GET /ssc-bank-course-fees-new-batch.html HTTP/1.1" 404 233 "-" "Mozilla/5.0 (compatible; coccocbot-web/1.0; +http://help.coccoc.com/searchengine)"
66.249.72.91 - - [29/Jul/2021:18:00:22 +0000] "GET /updates/page/77/?wordfence_logHuman=1&hid=61ACD85C6504A3ED0C755336CB737C97 HTTP/1.1" 404 214 "-" "Mozilla/5.0 (Linux; Android 6.0.1; Nexus 5X Build/MMB29P) AppleWebKit/537.36 (KHTML, like Gecko) Chrome/91.0.4472.90 Mobile Safari/537.36 (compatible; Googlebot/2.1; +http://www.google.com/bot.html)"
106.13.238.108 - - [29/Jul/2021:18:03:05 +0000] "POST //sss.php HTTP/1.1" 404 205 "http://misc.yahoo.com.cn/" "Mozilla/5.0 (compatible; Yahoo! Slurp China; http://misc.yahoo.com.cn/help.html)"
106.13.238.108 - - [29/Jul/2021:18:03:06 +0000] "POST //sss.php HTTP/1.1" 404 205 "http://misc.yahoo.com.cn/" "Mozilla/5.0 (compatible; Yahoo! Slurp China; http://misc.yahoo.com.cn/help.html)"
