157.38.249.46 - - [03/Aug/2021:08:36:20 +0000] "-" 408 - "-" "-"
106.207.132.153 - - [03/Aug/2021:08:36:51 +0000] "-" 408 - "-" "-"
106.207.132.153 - - [03/Aug/2021:08:36:51 +0000] "-" 408 - "-" "-"
106.207.132.153 - - [03/Aug/2021:08:36:52 +0000] "-" 408 - "-" "-"
157.38.63.194 - - [03/Aug/2021:08:37:53 +0000] "-" 408 - "-" "-"
157.38.63.194 - - [03/Aug/2021:08:37:53 +0000] "-" 408 - "-" "-"
171.79.145.95 - - [03/Aug/2021:08:38:02 +0000] "-" 408 - "-" "-"
171.79.145.95 - - [03/Aug/2021:08:38:02 +0000] "-" 408 - "-" "-"
158.69.53.191 - - [03/Aug/2021:08:38:29 +0000] "GET / HTTP/1.1" 403 209 "-" "Mozilla/5.0 (X11; Linux x86_64) AppleWebKit/537.36 (KHTML, like Gecko) Chrome/50.0.2661.75 Safari/537.36"
106.207.132.153 - - [03/Aug/2021:08:38:42 +0000] "-" 408 - "-" "-"
106.207.132.153 - - [03/Aug/2021:08:38:42 +0000] "-" 408 - "-" "-"
106.207.132.153 - - [03/Aug/2021:08:38:42 +0000] "-" 408 - "-" "-"
106.207.132.153 - - [03/Aug/2021:08:38:42 +0000] "-" 408 - "-" "-"
106.207.132.153 - - [03/Aug/2021:08:38:42 +0000] "-" 408 - "-" "-"
157.38.229.7 - - [03/Aug/2021:08:38:55 +0000] "-" 408 - "-" "-"
106.207.132.153 - - [03/Aug/2021:08:39:39 +0000] "-" 408 - "-" "-"
106.207.132.153 - - [03/Aug/2021:08:39:39 +0000] "-" 408 - "-" "-"
106.207.132.153 - - [03/Aug/2021:08:39:39 +0000] "-" 408 - "-" "-"
106.207.132.153 - - [03/Aug/2021:08:39:39 +0000] "-" 408 - "-" "-"
106.207.132.153 - - [03/Aug/2021:08:40:17 +0000] "-" 408 - "-" "-"
106.207.132.153 - - [03/Aug/2021:08:40:17 +0000] "-" 408 - "-" "-"
106.207.132.153 - - [03/Aug/2021:08:40:17 +0000] "-" 408 - "-" "-"
106.207.132.153 - - [03/Aug/2021:08:40:17 +0000] "-" 408 - "-" "-"
122.179.98.110 - - [03/Aug/2021:08:40:22 +0000] "-" 408 - "-" "-"
157.55.39.64 - - [03/Aug/2021:08:40:30 +0000] "GET /updates/sbi-specialist-cadre-officers-in-regular-and-contract-basis-marks-out/ HTTP/1.1" 404 276 "-" "Mozilla/5.0 (compatible; bingbot/2.0; +http://www.bing.com/bingbot.htm)"
66.249.66.25 - - [03/Aug/2021:08:40:31 +0000] "GET /robots.txt HTTP/1.1" 404 208 "-" "Mozilla/5.0 (compatible; Googlebot/2.1; +http://www.google.com/bot.html)"
66.249.66.21 - - [03/Aug/2021:08:40:33 +0000] "GET /updates/daily-current-affairs-16th-april-2018/ HTTP/1.1" 404 244 "-" "Mozilla/5.0 (Linux; Android 6.0.1; Nexus 5X Build/MMB29P) AppleWebKit/537.36 (KHTML, like Gecko) Chrome/92.0.4515.119 Mobile Safari/537.36 (compatible; Googlebot/2.1; +http://www.google.com/bot.html)"
157.55.39.65 - - [03/Aug/2021:08:42:00 +0000] "GET /cds-syllabus.html HTTP/1.1" 404 215 "-" "Mozilla/5.0 (compatible; bingbot/2.0; +http://www.bing.com/bingbot.htm)"
106.207.132.153 - - [03/Aug/2021:08:42:01 +0000] "-" 408 - "-" "-"
106.207.132.153 - - [03/Aug/2021:08:42:01 +0000] "-" 408 - "-" "-"
106.207.132.153 - - [03/Aug/2021:08:42:01 +0000] "-" 408 - "-" "-"
106.207.132.153 - - [03/Aug/2021:08:42:01 +0000] "-" 408 - "-" "-"
114.119.131.2 - - [03/Aug/2021:08:42:05 +0000] "GET /clat-online-video-classes.html HTTP/1.1" 404 228 "-" "Mozilla/5.0 (Linux; Android 7.0;) AppleWebKit/537.36 (KHTML, like Gecko) Mobile Safari/537.36 (compatible; PetalBot;+https://webmaster.petalsearch.com/site/petalbot)"
157.47.254.26 - - [03/Aug/2021:08:42:49 +0000] "-" 408 - "-" "-"
157.47.254.26 - - [03/Aug/2021:08:42:49 +0000] "-" 408 - "-" "-"
117.234.177.117 - - [03/Aug/2021:08:45:43 +0000] "-" 408 - "-" "-"
223.225.21.184 - - [03/Aug/2021:08:47:45 +0000] "-" 408 - "-" "-"
171.79.151.36 - - [03/Aug/2021:08:47:56 +0000] "-" 408 - "-" "-"
171.79.151.36 - - [03/Aug/2021:08:47:56 +0000] "-" 408 - "-" "-"
114.119.143.214 - - [03/Aug/2021:08:48:04 +0000] "GET /images/clat-coaching-in-delhi.jpg HTTP/1.1" 404 231 "-" "Mozilla/5.0 (Linux; Android 7.0;) AppleWebKit/537.36 (KHTML, like Gecko) Mobile Safari/537.36 (compatible; PetalBot;+https://webmaster.petalsearch.com/site/petalbot)"
171.79.151.36 - - [03/Aug/2021:08:48:56 +0000] "-" 408 - "-" "-"
171.79.151.36 - - [03/Aug/2021:08:48:56 +0000] "-" 408 - "-" "-"
108.174.5.113 - - [03/Aug/2021:08:49:19 +0000] "GET /robots.txt HTTP/1.1" 404 208 "-" "LinkedInBot/1.0 (compatible; Mozilla/5.0; Apache-HttpClient +http://www.linkedin.com)"
108.174.5.113 - - [03/Aug/2021:08:49:19 +0000] "GET / HTTP/1.1" 403 209 "-" "LinkedInBot/1.0 (compatible; Mozilla/5.0; Apache-HttpClient +http://www.linkedin.com)"
106.13.224.148 - - [03/Aug/2021:08:49:49 +0000] "POST //wocao.aspx HTTP/1.1" 404 208 "http://misc.yahoo.com.cn/" "Mozilla/5.0 (compatible; Yahoo! Slurp China; http://misc.yahoo.com.cn/help.html)"
66.249.92.20 - - [03/Aug/2021:08:51:14 +0000] "GET /contact-us.html HTTP/1.1" 404 213 "-" "AdsBot-Google (+http://www.google.com/adsbot.html)"
157.38.122.210 - - [03/Aug/2021:08:52:00 +0000] "-" 408 - "-" "-"
157.38.122.210 - - [03/Aug/2021:08:52:00 +0000] "-" 408 - "-" "-"
114.119.160.248 - - [03/Aug/2021:08:54:11 +0000] "GET /online-test-series-for-clat.html HTTP/1.1" 404 230 "-" "Mozilla/5.0 (Linux; Android 7.0;) AppleWebKit/537.36 (KHTML, like Gecko) Mobile Safari/537.36 (compatible; PetalBot;+https://webmaster.petalsearch.com/site/petalbot)"
106.205.78.63 - - [03/Aug/2021:08:55:25 +0000] "-" 408 - "-" "-"
207.46.13.111 - - [03/Aug/2021:08:58:31 +0000] "GET /updates/daily-current-affairs-12th-september-2017/ HTTP/1.1" 404 248 "-" "Mozilla/5.0 (compatible; bingbot/2.0; +http://www.bing.com/bingbot.htm)"
207.46.13.111 - - [03/Aug/2021:08:58:31 +0000] "GET /updates/ibps-cwe-so-vii-mains-result-out/ HTTP/1.1" 404 239 "-" "Mozilla/5.0 (compatible; bingbot/2.0; +http://www.bing.com/bingbot.htm)"
207.46.13.111 - - [03/Aug/2021:08:58:31 +0000] "GET /updates/category/answer-key/ HTTP/1.1" 404 226 "-" "Mozilla/5.0 (compatible; bingbot/2.0; +http://www.bing.com/bingbot.htm)"
207.46.13.111 - - [03/Aug/2021:08:58:33 +0000] "GET /updates/category/analysis/ HTTP/1.1" 404 224 "-" "Mozilla/5.0 (compatible; bingbot/2.0; +http://www.bing.com/bingbot.htm)"
114.119.134.232 - - [03/Aug/2021:09:00:18 +0000] "GET /updates/ib-acio-2017-tier-i-exam-result-out HTTP/1.1" 404 241 "-" "Mozilla/5.0 (Linux; Android 7.0;) AppleWebKit/537.36 (KHTML, like Gecko) Mobile Safari/537.36 (compatible; PetalBot;+https://webmaster.petalsearch.com/site/petalbot)"
157.55.39.65 - - [03/Aug/2021:09:00:32 +0000] "GET /pdf/RRB-Mock-Test-Sample-Paper-1-Answer-keys.pdf HTTP/1.1" 404 246 "-" "Mozilla/5.0 (compatible; bingbot/2.0; +http://www.bing.com/bingbot.htm)"
42.105.48.57 - - [03/Aug/2021:09:03:20 +0000] "-" 408 - "-" "-"
42.105.48.57 - - [03/Aug/2021:09:03:20 +0000] "-" 408 - "-" "-"
42.105.48.57 - - [03/Aug/2021:09:04:11 +0000] "-" 408 - "-" "-"
157.47.198.193 - - [03/Aug/2021:09:06:18 +0000] "-" 408 - "-" "-"
114.119.154.26 - - [03/Aug/2021:09:06:28 +0000] "GET /updates/indian-air-force-2018-airmen-group-x-and-y-notification-out HTTP/1.1" 404 265 "-" "Mozilla/5.0 (Linux; Android 7.0;) AppleWebKit/537.36 (KHTML, like Gecko) Mobile Safari/537.36 (compatible; PetalBot;+https://webmaster.petalsearch.com/site/petalbot)"
106.207.150.51 - - [03/Aug/2021:09:07:01 +0000] "-" 408 - "-" "-"
106.207.150.51 - - [03/Aug/2021:09:07:01 +0000] "-" 408 - "-" "-"
106.207.150.51 - - [03/Aug/2021:09:07:01 +0000] "-" 408 - "-" "-"
106.207.150.51 - - [03/Aug/2021:09:07:01 +0000] "-" 408 - "-" "-"
157.47.245.77 - - [03/Aug/2021:09:08:09 +0000] "-" 408 - "-" "-"
117.234.177.117 - - [03/Aug/2021:09:08:14 +0000] "-" 408 - "-" "-"
117.234.177.117 - - [03/Aug/2021:09:08:14 +0000] "-" 408 - "-" "-"
106.207.150.51 - - [03/Aug/2021:09:09:08 +0000] "-" 408 - "-" "-"
106.207.150.51 - - [03/Aug/2021:09:09:08 +0000] "-" 408 - "-" "-"
106.207.150.51 - - [03/Aug/2021:09:09:08 +0000] "-" 408 - "-" "-"
106.207.150.51 - - [03/Aug/2021:09:09:08 +0000] "-" 408 - "-" "-"
106.207.150.51 - - [03/Aug/2021:09:09:08 +0000] "-" 408 - "-" "-"
45.146.164.110 - - [03/Aug/2021:09:09:31 +0000] "POST /api/jsonws/invoke HTTP/1.1" 404 215 "-" "Mozilla/5.0 (Windows NT 10.0; Win64; x64) AppleWebKit/537.36 (KHTML, like Gecko) Chrome/78.0.3904.108 Safari/537.36"
45.146.164.110 - - [03/Aug/2021:09:09:32 +0000] "POST /vendor/phpunit/phpunit/src/Util/PHP/eval-stdin.php HTTP/1.1" 404 248 "-" "Mozilla/5.0 (Windows NT 10.0; Win64; x64) AppleWebKit/537.36 (KHTML, like Gecko) Chrome/78.0.3904.108 Safari/537.36"
66.249.66.21 - - [03/Aug/2021:09:09:35 +0000] "GET /ads.txt HTTP/1.1" 404 205 "-" "Mozilla/5.0 (compatible; Googlebot/2.1; +http://www.google.com/bot.html)"
45.146.164.110 - - [03/Aug/2021:09:09:35 +0000] "GET /vendor/phpunit/phpunit/src/Util/PHP/eval-stdin.php HTTP/1.1" 404 248 "-" "Mozilla/5.0 (Windows NT 10.0; Win64; x64) AppleWebKit/537.36 (KHTML, like Gecko) Chrome/78.0.3904.108 Safari/537.36"
45.146.164.110 - - [03/Aug/2021:09:09:38 +0000] "GET /index.php?s=/Index/\\think\\app/invokefunction&function=call_user_func_array&vars[0]=md5&vars[1][]=HelloThinkPHP21 HTTP/1.1" 404 207 "-" "Mozilla/5.0 (Windows NT 10.0; Win64; x64) AppleWebKit/537.36 (KHTML, like Gecko) Chrome/78.0.3904.108 Safari/537.36"
45.146.164.110 - - [03/Aug/2021:09:09:42 +0000] "GET /?XDEBUG_SESSION_START=phpstorm HTTP/1.1" 403 209 "-" "Mozilla/5.0 (Windows NT 10.0; Win64; x64) AppleWebKit/537.36 (KHTML, like Gecko) Chrome/78.0.3904.108 Safari/537.36"
45.146.164.110 - - [03/Aug/2021:09:09:42 +0000] "POST /mifs/.;/services/LogService HTTP/1.1" 404 225 "https://165.232.190.148:443" "Mozilla/5.0 (Windows NT 10.0; Win64; x64) AppleWebKit/537.36 (KHTML, like Gecko) Chrome/78.0.3904.108 Safari/537.36"
45.146.164.110 - - [03/Aug/2021:09:09:45 +0000] "GET /console/ HTTP/1.1" 404 206 "-" "Mozilla/5.0 (Windows NT 10.0; Win64; x64) AppleWebKit/537.36 (KHTML, like Gecko) Chrome/78.0.3904.108 Safari/537.36"
45.146.164.110 - - [03/Aug/2021:09:09:46 +0000] "GET /wp-content/plugins/wp-file-manager/readme.txt HTTP/1.1" 404 243 "-" "Mozilla/5.0 (Windows NT 10.0; Win64; x64) AppleWebKit/537.36 (KHTML, like Gecko) Chrome/78.0.3904.108 Safari/537.36"
66.249.66.21 - - [03/Aug/2021:09:11:33 +0000] "GET /updates/ecgc-probationary-officers-2018-final-result-out/ HTTP/1.1" 404 255 "-" "Mozilla/5.0 (Linux; Android 6.0.1; Nexus 5X Build/MMB29P) AppleWebKit/537.36 (KHTML, like Gecko) Chrome/92.0.4515.119 Mobile Safari/537.36 (compatible; Googlebot/2.1; +http://www.google.com/bot.html)"
42.105.48.22 - - [03/Aug/2021:09:11:48 +0000] "-" 408 - "-" "-"
42.105.48.22 - - [03/Aug/2021:09:11:48 +0000] "-" 408 - "-" "-"
114.119.150.210 - - [03/Aug/2021:09:12:46 +0000] "GET /Am-I-eligible-for-IBPS-PO-Exams.html HTTP/1.1" 404 234 "-" "Mozilla/5.0 (Linux; Android 7.0;) AppleWebKit/537.36 (KHTML, like Gecko) Mobile Safari/537.36 (compatible; PetalBot;+https://webmaster.petalsearch.com/site/petalbot)"
167.114.156.15 - - [03/Aug/2021:09:13:56 +0000] "GET / HTTP/1.1" 403 209 "https://www.google.com" "Mozilla/5.0 (Windows NT 10.0) AppleWebKit/537.36 (KHTML, like Gecko) Chrome/85.0.4183.83 Safari/537.36"
207.46.13.30 - - [03/Aug/2021:09:13:58 +0000] "GET /latest-exam-news-updates.html HTTP/1.1" 404 227 "-" "Mozilla/5.0 (compatible; bingbot/2.0; +http://www.bing.com/bingbot.htm)"
223.238.193.33 - - [03/Aug/2021:09:14:00 +0000] "-" 408 - "-" "-"
223.238.193.33 - - [03/Aug/2021:09:14:00 +0000] "-" 408 - "-" "-"
223.238.193.33 - - [03/Aug/2021:09:15:01 +0000] "-" 408 - "-" "-"
223.238.193.33 - - [03/Aug/2021:09:15:01 +0000] "-" 408 - "-" "-"
157.32.111.229 - - [03/Aug/2021:09:15:51 +0000] "-" 408 - "-" "-"
106.207.190.168 - - [03/Aug/2021:09:15:56 +0000] "-" 408 - "-" "-"
106.207.190.168 - - [03/Aug/2021:09:15:56 +0000] "-" 408 - "-" "-"
106.207.190.168 - - [03/Aug/2021:09:15:56 +0000] "-" 408 - "-" "-"
106.207.190.168 - - [03/Aug/2021:09:15:56 +0000] "-" 408 - "-" "-"
106.207.190.168 - - [03/Aug/2021:09:15:56 +0000] "-" 408 - "-" "-"
128.14.141.34 - - [03/Aug/2021:09:16:39 +0000] "GET / HTTP/1.1" 403 209 "-" "Mozilla/5.0 (Windows NT 10.0; Win64; x64) AppleWebKit/537.36 (KHTML, like Gecko) Chrome/60.0.3112.113 Safari/537.36"
5.45.207.143 - - [03/Aug/2021:09:17:54 +0000] "GET /robots.txt HTTP/1.1" 404 208 "-" "Mozilla/5.0 (compatible; YandexBot/3.0; +http://yandex.com/bots)"
5.45.207.143 - - [03/Aug/2021:09:17:58 +0000] "GET /updates/wp-content/uploads/2017/09/NDA-Paper-1-Code-A-Answer-Key-10-September-2017.pdf HTTP/1.1" 404 284 "-" "Mozilla/5.0 (compatible; YandexBot/3.0; +http://yandex.com/bots)"
114.119.146.145 - - [03/Aug/2021:09:18:40 +0000] "GET /updates/nabard-grade-a-b-prelims-exam-2017-dates-out HTTP/1.1" 404 250 "-" "Mozilla/5.0 (Linux; Android 7.0;) AppleWebKit/537.36 (KHTML, like Gecko) Mobile Safari/537.36 (compatible; PetalBot;+https://webmaster.petalsearch.com/site/petalbot)"
66.249.66.22 - - [03/Aug/2021:09:20:09 +0000] "GET /updates/wp-content/uploads/2018/09/NDA-II-2018-Maths-Solutions-Code-A.pdf HTTP/1.1" 404 271 "-" "Mozilla/5.0 (Linux; Android 6.0.1; Nexus 5X Build/MMB29P) AppleWebKit/537.36 (KHTML, like Gecko) Chrome/92.0.4515.119 Mobile Safari/537.36 (compatible; Googlebot/2.1; +http://www.google.com/bot.html)"
223.233.64.147 - - [03/Aug/2021:09:21:26 +0000] "-" 408 - "-" "-"
223.233.64.147 - - [03/Aug/2021:09:21:26 +0000] "-" 408 - "-" "-"
114.119.160.248 - - [03/Aug/2021:09:24:58 +0000] "GET /updates/category/rrb-exams HTTP/1.1" 404 224 "-" "Mozilla/5.0 (Linux; Android 7.0;) AppleWebKit/537.36 (KHTML, like Gecko) Mobile Safari/537.36 (compatible; PetalBot;+https://webmaster.petalsearch.com/site/petalbot)"
157.36.223.251 - - [03/Aug/2021:09:25:01 +0000] "-" 408 - "-" "-"
157.36.185.0 - - [03/Aug/2021:09:25:01 +0000] "-" 408 - "-" "-"
40.77.167.30 - - [03/Aug/2021:09:26:03 +0000] "GET /images/ssc-cgl-tier-1-2017-result.jpg HTTP/1.1" 404 235 "-" "Mozilla/5.0 (compatible; bingbot/2.0; +http://www.bing.com/bingbot.htm)"
66.249.66.70 - - [03/Aug/2021:09:27:27 +0000] "GET /disclaimer.html HTTP/1.1" 404 213 "-" "Mozilla/5.0 (Linux; Android 6.0.1; Nexus 5X Build/MMB29P) AppleWebKit/537.36 (KHTML, like Gecko) Chrome/92.0.4515.119 Mobile Safari/537.36 (compatible; Googlebot/2.1; +http://www.google.com/bot.html)"
49.7.20.68 - - [03/Aug/2021:09:29:10 +0000] "GET / HTTP/1.1" 403 209 "-" "Sogou web spider/4.0(+http://www.sogou.com/docs/help/webmasters.htm#07)"
114.119.134.232 - - [03/Aug/2021:09:31:23 +0000] "GET /updates/rrb-ntpc-cen-032015-notice-for-downloading-of-e-call-letters-for-2nd-stage-exam-cbt/ HTTP/1.1" 404 290 "-" "Mozilla/5.0 (Linux; Android 7.0;) AppleWebKit/537.36 (KHTML, like Gecko) Mobile Safari/537.36 (compatible; PetalBot;+https://webmaster.petalsearch.com/site/petalbot)"
106.13.224.148 - - [03/Aug/2021:09:34:50 +0000] "POST //wooyun.php HTTP/1.1" 404 208 "http://misc.yahoo.com.cn/" "Mozilla/5.0 (compatible; Yahoo! Slurp China; http://misc.yahoo.com.cn/help.html)"
106.13.224.148 - - [03/Aug/2021:09:34:50 +0000] "POST //wooyun.php HTTP/1.1" 404 208 "http://misc.yahoo.com.cn/" "Mozilla/5.0 (compatible; Yahoo! Slurp China; http://misc.yahoo.com.cn/help.html)"
106.13.224.148 - - [03/Aug/2021:09:34:51 +0000] "POST //wooyun.php HTTP/1.1" 404 208 "http://misc.yahoo.com.cn/" "Mozilla/5.0 (compatible; Yahoo! Slurp China; http://misc.yahoo.com.cn/help.html)"
114.119.146.145 - - [03/Aug/2021:09:37:47 +0000] "GET /nda-na-written-exam-tips-tricks.html HTTP/1.1" 404 234 "-" "Mozilla/5.0 (Linux; Android 7.0;) AppleWebKit/537.36 (KHTML, like Gecko) Mobile Safari/537.36 (compatible; PetalBot;+https://webmaster.petalsearch.com/site/petalbot)"
157.38.86.144 - - [03/Aug/2021:09:38:34 +0000] "-" 408 - "-" "-"
157.38.86.144 - - [03/Aug/2021:09:38:34 +0000] "-" 408 - "-" "-"
66.249.66.22 - - [03/Aug/2021:09:39:18 +0000] "GET /robots.txt HTTP/1.1" 404 208 "-" "Mozilla/5.0 (compatible; Googlebot/2.1; +http://www.google.com/bot.html)"
66.249.66.20 - - [03/Aug/2021:09:39:20 +0000] "GET /classroom-program-for-ssc.html HTTP/1.1" 404 228 "-" "Mozilla/5.0 (compatible; Googlebot/2.1; +http://www.google.com/bot.html)"
66.249.66.24 - - [03/Aug/2021:09:39:20 +0000] "GET /classroom-program-for-ssc.html HTTP/1.1" 404 228 "-" "Mozilla/5.0 (Linux; Android 6.0.1; Nexus 5X Build/MMB29P) AppleWebKit/537.36 (KHTML, like Gecko) Chrome/92.0.4515.119 Mobile Safari/537.36 (compatible; Googlebot/2.1; +http://www.google.com/bot.html)"
117.225.91.135 - - [03/Aug/2021:09:39:54 +0000] "-" 408 - "-" "-"
157.55.39.116 - - [03/Aug/2021:09:41:38 +0000] "GET /why-aim-achieve.html HTTP/1.1" 404 218 "-" "Mozilla/5.0 (compatible; bingbot/2.0; +http://www.bing.com/bingbot.htm)"
66.249.66.20 - - [03/Aug/2021:09:42:04 +0000] "GET /updates/wp-content/uploads/2018/09/NDA-II-2018-GAT-English-Answer-Key-with-Detailed-Explanations.pdf HTTP/1.1" 404 298 "-" "Mozilla/5.0 (Linux; Android 6.0.1; Nexus 5X Build/MMB29P) AppleWebKit/537.36 (KHTML, like Gecko) Chrome/92.0.4515.119 Mobile Safari/537.36 (compatible; Googlebot/2.1; +http://www.google.com/bot.html)"
114.119.134.232 - - [03/Aug/2021:09:43:57 +0000] "GET /updates/daily-current-affairs-19th-january-2018/ HTTP/1.1" 404 246 "-" "Mozilla/5.0 (Linux; Android 7.0;) AppleWebKit/537.36 (KHTML, like Gecko) Mobile Safari/537.36 (compatible; PetalBot;+https://webmaster.petalsearch.com/site/petalbot)"
108.174.2.216 - - [03/Aug/2021:09:45:42 +0000] "GET /robots.txt HTTP/1.1" 404 208 "-" "LinkedInBot/1.0 (compatible; Mozilla/5.0; Apache-HttpClient +http://www.linkedin.com)"
108.174.2.216 - - [03/Aug/2021:09:45:43 +0000] "GET / HTTP/1.1" 403 209 "-" "LinkedInBot/1.0 (compatible; Mozilla/5.0; Apache-HttpClient +http://www.linkedin.com)"
157.38.122.210 - - [03/Aug/2021:09:49:50 +0000] "-" 408 - "-" "-"
157.38.122.210 - - [03/Aug/2021:09:49:50 +0000] "-" 408 - "-" "-"
114.119.136.155 - - [03/Aug/2021:09:50:07 +0000] "GET /updates/daily-current-affairs-10th-december-2016 HTTP/1.1" 404 246 "-" "Mozilla/5.0 (Linux; Android 7.0;) AppleWebKit/537.36 (KHTML, like Gecko) Mobile Safari/537.36 (compatible; PetalBot;+https://webmaster.petalsearch.com/site/petalbot)"
40.77.167.19 - - [03/Aug/2021:09:50:47 +0000] "GET /clat-faq.html HTTP/1.1" 404 211 "-" "Mozilla/5.0 (compatible; bingbot/2.0; +http://www.bing.com/bingbot.htm)"
157.47.159.159 - - [03/Aug/2021:09:51:02 +0000] "-" 408 - "-" "-"
157.47.159.159 - - [03/Aug/2021:09:51:02 +0000] "-" 408 - "-" "-"
66.249.66.24 - - [03/Aug/2021:09:52:42 +0000] "GET /updates/niacl-recruitment-2016-for-300-administrative-officers-scale-i/ HTTP/1.1" 404 269 "-" "Mozilla/5.0 (Linux; Android 6.0.1; Nexus 5X Build/MMB29P) AppleWebKit/537.36 (KHTML, like Gecko) Chrome/92.0.4515.119 Mobile Safari/537.36 (compatible; Googlebot/2.1; +http://www.google.com/bot.html)"
66.249.66.23 - - [03/Aug/2021:09:55:00 +0000] "GET /test-series-for-bank.html HTTP/1.1" 404 223 "-" "Mozilla/5.0 (Linux; Android 6.0.1; Nexus 5X Build/MMB29P) AppleWebKit/537.36 (KHTML, like Gecko) Chrome/92.0.4515.119 Mobile Safari/537.36 (compatible; Googlebot/2.1; +http://www.google.com/bot.html)"
1.38.76.161 - - [03/Aug/2021:09:55:24 +0000] "-" 408 - "-" "-"
114.119.150.210 - - [03/Aug/2021:09:56:14 +0000] "GET /images/cds-syllabus.png HTTP/1.1" 404 221 "-" "Mozilla/5.0 (Linux; Android 7.0;) AppleWebKit/537.36 (KHTML, like Gecko) Mobile Safari/537.36 (compatible; PetalBot;+https://webmaster.petalsearch.com/site/petalbot)"
114.119.154.26 - - [03/Aug/2021:10:02:17 +0000] "GET /images/Successful-Candidate/12.jpg HTTP/1.1" 404 232 "-" "Mozilla/5.0 (Linux; Android 7.0;) AppleWebKit/537.36 (KHTML, like Gecko) Mobile Safari/537.36 (compatible; PetalBot;+https://webmaster.petalsearch.com/site/petalbot)"
157.38.122.210 - - [03/Aug/2021:10:02:21 +0000] "-" 408 - "-" "-"
157.38.122.210 - - [03/Aug/2021:10:02:21 +0000] "-" 408 - "-" "-"
144.86.173.133 - - [03/Aug/2021:10:02:56 +0000] "GET / HTTP/1.1" 403 209 "-" "Expanse, a Palo Alto Networks company, searches across the global IPv4 space multiple times per day to identify customers' presences on the Internet. If you would like to be excluded from our scans, please send IP addresses/domains to: scaninfo@paloaltonetworks.com"
132.154.119.113 - - [03/Aug/2021:10:03:25 +0000] "-" 408 - "-" "-"
132.154.119.113 - - [03/Aug/2021:10:03:25 +0000] "-" 408 - "-" "-"
192.241.218.58 - - [03/Aug/2021:10:04:09 +0000] "GET /owa/auth/logon.aspx?url=https%3a%2f%2f1%2fecp%2f HTTP/1.1" 404 217 "-" "Mozilla/5.0 zgrab/0.x"
106.207.221.27 - - [03/Aug/2021:10:04:13 +0000] "GET /updates/wp-content/uploads/2018/09/NDA-II-2018-Math-Question-Paper-Code-A.pdf HTTP/1.1" 404 275 "-" "Mozilla/5.0 (iPhone; CPU iPhone OS 12_5_4 like Mac OS X) AppleWebKit/605.1.15 (KHTML, like Gecko) Version/12.1.2 Mobile/15E148 Safari/604.1"
106.207.221.27 - - [03/Aug/2021:10:04:14 +0000] "GET /apple-touch-icon-120x120-precomposed.png HTTP/1.1" 404 238 "-" "MobileSafari/604.1 CFNetwork/978.0.7 Darwin/18.7.0"
106.207.221.27 - - [03/Aug/2021:10:04:15 +0000] "GET /apple-touch-icon-120x120.png HTTP/1.1" 404 226 "-" "MobileSafari/604.1 CFNetwork/978.0.7 Darwin/18.7.0"
106.207.221.27 - - [03/Aug/2021:10:04:15 +0000] "GET /apple-touch-icon-precomposed.png HTTP/1.1" 404 230 "-" "MobileSafari/604.1 CFNetwork/978.0.7 Darwin/18.7.0"
106.207.221.27 - - [03/Aug/2021:10:04:15 +0000] "GET /apple-touch-icon.png HTTP/1.1" 404 218 "-" "MobileSafari/604.1 CFNetwork/978.0.7 Darwin/18.7.0"
106.207.221.27 - - [03/Aug/2021:10:04:15 +0000] "GET /favicon.ico HTTP/1.1" 404 209 "-" "MobileSafari/604.1 CFNetwork/978.0.7 Darwin/18.7.0"
106.207.221.27 - - [03/Aug/2021:10:04:15 +0000] "GET /apple-touch-icon-120x120-precomposed.png HTTP/1.1" 404 238 "-" "MobileSafari/604.1 CFNetwork/978.0.7 Darwin/18.7.0"
106.207.221.27 - - [03/Aug/2021:10:04:16 +0000] "GET /apple-touch-icon-120x120.png HTTP/1.1" 404 226 "-" "MobileSafari/604.1 CFNetwork/978.0.7 Darwin/18.7.0"
106.207.221.27 - - [03/Aug/2021:10:04:16 +0000] "GET /apple-touch-icon-precomposed.png HTTP/1.1" 404 230 "-" "MobileSafari/604.1 CFNetwork/978.0.7 Darwin/18.7.0"
106.207.221.27 - - [03/Aug/2021:10:04:16 +0000] "GET /apple-touch-icon.png HTTP/1.1" 404 218 "-" "MobileSafari/604.1 CFNetwork/978.0.7 Darwin/18.7.0"
106.207.221.27 - - [03/Aug/2021:10:04:16 +0000] "GET /favicon.ico HTTP/1.1" 404 209 "-" "MobileSafari/604.1 CFNetwork/978.0.7 Darwin/18.7.0"
106.192.89.196 - - [03/Aug/2021:10:05:57 +0000] "-" 408 - "-" "-"
202.168.147.70 - - [03/Aug/2021:10:06:17 +0000] "-" 408 - "-" "-"
106.192.219.4 - - [03/Aug/2021:10:06:59 +0000] "-" 408 - "-" "-"
106.192.89.196 - - [03/Aug/2021:10:06:59 +0000] "-" 408 - "-" "-"
106.192.219.4 - - [03/Aug/2021:10:07:25 +0000] "-" 408 - "-" "-"
106.192.219.4 - - [03/Aug/2021:10:07:25 +0000] "-" 408 - "-" "-"
157.55.39.116 - - [03/Aug/2021:10:07:59 +0000] "GET /updates/ibps-cwe-rrb-v-officer-scale-office-assistant-state-wise-reserve-list-released/ HTTP/1.1" 404 285 "-" "Mozilla/5.0 (compatible; bingbot/2.0; +http://www.bing.com/bingbot.htm)"
114.119.146.145 - - [03/Aug/2021:10:08:26 +0000] "GET /campus-infrastructure.html HTTP/1.1" 404 224 "-" "Mozilla/5.0 (Linux; Android 7.0;) AppleWebKit/537.36 (KHTML, like Gecko) Mobile Safari/537.36 (compatible; PetalBot;+https://webmaster.petalsearch.com/site/petalbot)"
157.47.246.208 - - [03/Aug/2021:10:09:14 +0000] "-" 408 - "-" "-"
117.225.91.135 - - [03/Aug/2021:10:09:24 +0000] "-" 408 - "-" "-"
157.47.246.208 - - [03/Aug/2021:10:09:32 +0000] "-" 408 - "-" "-"
106.207.149.118 - - [03/Aug/2021:10:09:43 +0000] "-" 408 - "-" "-"
106.207.149.118 - - [03/Aug/2021:10:09:43 +0000] "-" 408 - "-" "-"
106.207.149.118 - - [03/Aug/2021:10:09:43 +0000] "-" 408 - "-" "-"
106.207.149.118 - - [03/Aug/2021:10:09:43 +0000] "-" 408 - "-" "-"
106.207.149.118 - - [03/Aug/2021:10:09:43 +0000] "-" 408 - "-" "-"
223.185.60.200 - - [03/Aug/2021:10:10:34 +0000] "GET /contact-us.html HTTP/1.1" 404 213 "http://www.google.com/" "Mozilla/5.0 (Linux; Android 8.1.0; Redmi Y2) AppleWebKit/537.36 (KHTML, like Gecko) Chrome/86.0.4240.110 Mobile Safari/537.36"
223.185.60.200 - - [03/Aug/2021:10:10:34 +0000] "GET /favicon.ico HTTP/1.1" 404 209 "http://aimnachieve.com/contact-us.html" "Mozilla/5.0 (Linux; Android 8.1.0; Redmi Y2) AppleWebKit/537.36 (KHTML, like Gecko) Chrome/86.0.4240.110 Mobile Safari/537.36"
223.185.60.200 - - [03/Aug/2021:10:10:36 +0000] "GET /contact-us.html HTTP/1.1" 404 213 "http://www.google.com/" "Mozilla/5.0 (Linux; Android 8.1.0; Redmi Y2) AppleWebKit/537.36 (KHTML, like Gecko) Chrome/86.0.4240.110 Mobile Safari/537.36"
157.38.122.210 - - [03/Aug/2021:10:13:43 +0000] "-" 408 - "-" "-"
157.38.122.210 - - [03/Aug/2021:10:13:43 +0000] "-" 408 - "-" "-"
106.207.149.118 - - [03/Aug/2021:10:13:52 +0000] "-" 408 - "-" "-"
106.207.149.118 - - [03/Aug/2021:10:13:52 +0000] "-" 408 - "-" "-"
106.207.149.118 - - [03/Aug/2021:10:13:52 +0000] "-" 408 - "-" "-"
106.207.149.118 - - [03/Aug/2021:10:13:52 +0000] "-" 408 - "-" "-"
106.207.149.118 - - [03/Aug/2021:10:13:52 +0000] "-" 408 - "-" "-"
114.119.160.195 - - [03/Aug/2021:10:14:42 +0000] "GET /about-cds-exams.html HTTP/1.1" 404 218 "-" "Mozilla/5.0 (Linux; Android 7.0;) AppleWebKit/537.36 (KHTML, like Gecko) Mobile Safari/537.36 (compatible; PetalBot;+https://webmaster.petalsearch.com/site/petalbot)"
157.38.215.91 - - [03/Aug/2021:10:15:23 +0000] "-" 408 - "-" "-"
76.72.172.165 - - [03/Aug/2021:10:20:14 +0000] "\n" 400 226 "-" "-"
114.119.143.214 - - [03/Aug/2021:10:20:55 +0000] "GET /updates/uiic-assistant-2017-shortlisted-candidates-from-contingency-list-out/ HTTP/1.1" 404 275 "-" "Mozilla/5.0 (Linux; Android 7.0;) AppleWebKit/537.36 (KHTML, like Gecko) Mobile Safari/537.36 (compatible; PetalBot;+https://webmaster.petalsearch.com/site/petalbot)"
1.39.196.25 - - [03/Aug/2021:10:21:25 +0000] "-" 408 - "-" "-"
1.39.196.25 - - [03/Aug/2021:10:21:46 +0000] "-" 408 - "-" "-"
1.39.196.25 - - [03/Aug/2021:10:21:46 +0000] "-" 408 - "-" "-"
40.77.167.30 - - [03/Aug/2021:10:22:20 +0000] "GET /images/Test-Papers-Preparation-Team-at-Aim-&-Achieve.JPG HTTP/1.1" 404 258 "-" "Mozilla/5.0 (compatible; bingbot/2.0; +http://www.bing.com/bingbot.htm)"
1.39.196.25 - - [03/Aug/2021:10:23:08 +0000] "-" 408 - "-" "-"
207.46.13.111 - - [03/Aug/2021:10:23:29 +0000] "GET /updates/wp-content/uploads/2017/01/Monthly_GK_Digest_December_2016.pdf HTTP/1.1" 404 268 "-" "Mozilla/5.0 (compatible; bingbot/2.0; +http://www.bing.com/bingbot.htm)"
1.39.196.25 - - [03/Aug/2021:10:25:34 +0000] "-" 408 - "-" "-"
106.206.150.242 - - [03/Aug/2021:10:26:24 +0000] "-" 408 - "-" "-"
106.206.150.242 - - [03/Aug/2021:10:26:24 +0000] "-" 408 - "-" "-"
114.119.131.2 - - [03/Aug/2021:10:27:04 +0000] "GET /aim-achieve-success-mantra.html HTTP/1.1" 404 229 "-" "Mozilla/5.0 (Linux; Android 7.0;) AppleWebKit/537.36 (KHTML, like Gecko) Mobile Safari/537.36 (compatible; PetalBot;+https://webmaster.petalsearch.com/site/petalbot)"
171.79.187.16 - - [03/Aug/2021:10:27:32 +0000] "-" 408 - "-" "-"
171.79.187.16 - - [03/Aug/2021:10:27:32 +0000] "-" 408 - "-" "-"
83.229.75.113 - - [03/Aug/2021:10:28:30 +0000] "GET /.env HTTP/1.1" 404 202 "-" "Mozilla/5.0 (X11; Linux x86_64) AppleWebKit/537.36 (KHTML, like Gecko) Chrome/81.0.4044.129 Safari/537.36"
83.229.75.113 - - [03/Aug/2021:10:28:31 +0000] "POST / HTTP/1.1" 404 198 "-" "Mozilla/5.0 (X11; Linux x86_64) AppleWebKit/537.36 (KHTML, like Gecko) Chrome/81.0.4044.129 Safari/537.36"
157.55.39.116 - - [03/Aug/2021:10:30:12 +0000] "GET /updates/daily-current-affairs-19th-may-2018/ HTTP/1.1" 404 242 "-" "Mozilla/5.0 (compatible; bingbot/2.0; +http://www.bing.com/bingbot.htm)"
106.13.224.148 - - [03/Aug/2021:10:31:00 +0000] "POST //wp-content/plugins/cache/css.php HTTP/1.1" 404 230 "http://misc.yahoo.com.cn/" "Mozilla/5.0 (compatible; Yahoo! Slurp China; http://misc.yahoo.com.cn/help.html)"
106.13.224.148 - - [03/Aug/2021:10:31:01 +0000] "POST //wp-content/plugins/cache/css.php HTTP/1.1" 404 230 "http://misc.yahoo.com.cn/" "Mozilla/5.0 (compatible; Yahoo! Slurp China; http://misc.yahoo.com.cn/help.html)"
106.13.224.148 - - [03/Aug/2021:10:31:01 +0000] "POST //wp-content/plugins/cache/css.php HTTP/1.1" 404 230 "http://misc.yahoo.com.cn/" "Mozilla/5.0 (compatible; Yahoo! Slurp China; http://misc.yahoo.com.cn/help.html)"
157.47.232.191 - - [03/Aug/2021:10:31:39 +0000] "-" 408 - "-" "-"
157.47.232.191 - - [03/Aug/2021:10:31:39 +0000] "-" 408 - "-" "-"
66.249.66.22 - - [03/Aug/2021:10:32:14 +0000] "GET /cds-faq.html HTTP/1.1" 404 210 "-" "Mozilla/5.0 (Linux; Android 6.0.1; Nexus 5X Build/MMB29P) AppleWebKit/537.36 (KHTML, like Gecko) Chrome/92.0.4515.119 Mobile Safari/537.36 (compatible; Googlebot/2.1; +http://www.google.com/bot.html)"
157.47.232.191 - - [03/Aug/2021:10:32:39 +0000] "-" 408 - "-" "-"
157.47.232.191 - - [03/Aug/2021:10:32:39 +0000] "-" 408 - "-" "-"
114.119.154.26 - - [03/Aug/2021:10:33:15 +0000] "GET /ssc-cgl-si-cpo.html HTTP/1.1" 404 217 "-" "Mozilla/5.0 (Linux; Android 7.0;) AppleWebKit/537.36 (KHTML, like Gecko) Mobile Safari/537.36 (compatible; PetalBot;+https://webmaster.petalsearch.com/site/petalbot)"
157.47.232.191 - - [03/Aug/2021:10:33:39 +0000] "-" 408 - "-" "-"
157.47.232.191 - - [03/Aug/2021:10:33:39 +0000] "-" 408 - "-" "-"
223.188.171.219 - - [03/Aug/2021:10:34:36 +0000] "-" 408 - "-" "-"
157.47.232.191 - - [03/Aug/2021:10:34:39 +0000] "-" 408 - "-" "-"
157.47.232.191 - - [03/Aug/2021:10:34:39 +0000] "-" 408 - "-" "-"
157.47.255.92 - - [03/Aug/2021:10:35:14 +0000] "-" 408 - "-" "-"
157.47.255.92 - - [03/Aug/2021:10:35:14 +0000] "-" 408 - "-" "-"
157.47.232.191 - - [03/Aug/2021:10:35:45 +0000] "-" 408 - "-" "-"
157.47.232.191 - - [03/Aug/2021:10:35:45 +0000] "-" 408 - "-" "-"
1.39.196.25 - - [03/Aug/2021:10:36:36 +0000] "-" 408 - "-" "-"
157.47.232.191 - - [03/Aug/2021:10:36:42 +0000] "-" 408 - "-" "-"
223.188.171.219 - - [03/Aug/2021:10:37:05 +0000] "-" 408 - "-" "-"
40.77.167.25 - - [03/Aug/2021:10:37:25 +0000] "GET / HTTP/1.1" 403 209 "-" "Mozilla/5.0 (compatible; bingbot/2.0; +http://www.bing.com/bingbot.htm)"
20.83.88.192 - - [03/Aug/2021:10:37:34 +0000] "-" 408 - "-" "-"
157.38.122.210 - - [03/Aug/2021:10:37:43 +0000] "-" 408 - "-" "-"
157.38.122.210 - - [03/Aug/2021:10:37:43 +0000] "-" 408 - "-" "-"
66.249.66.20 - - [03/Aug/2021:10:38:27 +0000] "GET /ibps.html HTTP/1.1" 404 207 "-" "Mozilla/5.0 (Linux; Android 6.0.1; Nexus 5X Build/MMB29P) AppleWebKit/537.36 (KHTML, like Gecko) Chrome/92.0.4515.119 Mobile Safari/537.36 (compatible; Googlebot/2.1; +http://www.google.com/bot.html)"
223.188.171.219 - - [03/Aug/2021:10:38:30 +0000] "-" 408 - "-" "-"
223.188.171.219 - - [03/Aug/2021:10:38:30 +0000] "-" 408 - "-" "-"
1.39.196.25 - - [03/Aug/2021:10:38:31 +0000] "-" 408 - "-" "-"
1.39.222.70 - - [03/Aug/2021:10:38:48 +0000] "-" 408 - "-" "-"
223.188.171.219 - - [03/Aug/2021:10:38:52 +0000] "-" 408 - "-" "-"
223.188.171.219 - - [03/Aug/2021:10:38:52 +0000] "-" 408 - "-" "-"
106.207.206.177 - - [03/Aug/2021:10:38:53 +0000] "-" 408 - "-" "-"
106.207.206.177 - - [03/Aug/2021:10:38:53 +0000] "-" 408 - "-" "-"
106.207.206.177 - - [03/Aug/2021:10:38:53 +0000] "-" 408 - "-" "-"
106.207.206.177 - - [03/Aug/2021:10:38:53 +0000] "-" 408 - "-" "-"
157.55.39.116 - - [03/Aug/2021:10:39:11 +0000] "GET /faq.html HTTP/1.1" 404 206 "-" "Mozilla/5.0 (compatible; bingbot/2.0; +http://www.bing.com/bingbot.htm)"
114.119.131.2 - - [03/Aug/2021:10:39:28 +0000] "GET /updates/daily-current-affairs-2nd-may-2017/ HTTP/1.1" 404 241 "-" "Mozilla/5.0 (Linux; Android 7.0;) AppleWebKit/537.36 (KHTML, like Gecko) Mobile Safari/537.36 (compatible; PetalBot;+https://webmaster.petalsearch.com/site/petalbot)"
1.39.196.25 - - [03/Aug/2021:10:39:42 +0000] "-" 408 - "-" "-"
1.39.196.25 - - [03/Aug/2021:10:39:42 +0000] "-" 408 - "-" "-"
159.65.202.40 - - [03/Aug/2021:10:39:55 +0000] "GET / HTTP/1.1" 403 209 "-" "Mozilla/5.0 (Macintosh; Intel Mac OS X 10_13_1) AppleWebKit/604.3.5 (KHTML, like Gecko) Version/11.0.1 Safari/604.3.5"
106.207.206.177 - - [03/Aug/2021:10:40:19 +0000] "-" 408 - "-" "-"
106.207.206.177 - - [03/Aug/2021:10:40:19 +0000] "-" 408 - "-" "-"
106.207.206.177 - - [03/Aug/2021:10:40:19 +0000] "-" 408 - "-" "-"
106.207.206.177 - - [03/Aug/2021:10:40:19 +0000] "-" 408 - "-" "-"
106.207.206.177 - - [03/Aug/2021:10:40:19 +0000] "-" 408 - "-" "-"
1.39.196.25 - - [03/Aug/2021:10:40:44 +0000] "-" 408 - "-" "-"
1.39.196.25 - - [03/Aug/2021:10:40:44 +0000] "-" 408 - "-" "-"
52.240.159.47 - - [03/Aug/2021:10:40:58 +0000] "GET /robots.txt HTTP/1.1" 404 208 "-" "Mozilla/5.0 (compatible; bingbot/2.0; +http://www.bing.com/bingbot.htm)"
157.55.39.116 - - [03/Aug/2021:10:42:02 +0000] "GET /classroom-program-for-ssc.html HTTP/1.1" 404 228 "-" "Mozilla/5.0 (compatible; bingbot/2.0; +http://www.bing.com/bingbot.htm)"
106.207.206.177 - - [03/Aug/2021:10:42:25 +0000] "-" 408 - "-" "-"
106.207.206.177 - - [03/Aug/2021:10:42:25 +0000] "-" 408 - "-" "-"
106.207.206.177 - - [03/Aug/2021:10:42:25 +0000] "-" 408 - "-" "-"
106.207.206.177 - - [03/Aug/2021:10:42:25 +0000] "-" 408 - "-" "-"
185.191.171.9 - - [03/Aug/2021:10:43:19 +0000] "GET /robots.txt HTTP/1.1" 404 208 "-" "Mozilla/5.0 (compatible; SemrushBot/7~bl; +http://www.semrush.com/bot.html)"
185.191.171.14 - - [03/Aug/2021:10:43:20 +0000] "GET /railway-exams-coaching.html HTTP/1.1" 404 225 "-" "Mozilla/5.0 (compatible; SemrushBot/7~bl; +http://www.semrush.com/bot.html)"
52.162.161.148 - - [03/Aug/2021:10:44:13 +0000] "GET /pdf/NDA-I-2018-Question-Paper-2-General-Ability-Test-Code-B.pdf HTTP/1.1" 404 261 "-" "Mozilla/5.0 (compatible; bingbot/2.0; +http://www.bing.com/bingbot.htm)"
106.207.206.177 - - [03/Aug/2021:10:45:05 +0000] "-" 408 - "-" "-"
66.249.66.22 - - [03/Aug/2021:10:45:50 +0000] "GET /nda-crash-course.html HTTP/1.1" 404 219 "-" "Mozilla/5.0 (Linux; Android 6.0.1; Nexus 5X Build/MMB29P) AppleWebKit/537.36 (KHTML, like Gecko) Chrome/92.0.4515.119 Mobile Safari/537.36 (compatible; Googlebot/2.1; +http://www.google.com/bot.html)"
114.119.150.210 - - [03/Aug/2021:10:45:56 +0000] "GET /pdf/SSC-Posts-and-Age-Criteria.pdf HTTP/1.1" 404 232 "-" "Mozilla/5.0 (Linux; Android 7.0;) AppleWebKit/537.36 (KHTML, like Gecko) Mobile Safari/537.36 (compatible; PetalBot;+https://webmaster.petalsearch.com/site/petalbot)"
157.38.80.84 - - [03/Aug/2021:10:46:01 +0000] "-" 408 - "-" "-"
117.234.154.153 - - [03/Aug/2021:10:50:00 +0000] "-" 408 - "-" "-"
223.225.48.184 - - [03/Aug/2021:10:51:55 +0000] "-" 408 - "-" "-"
114.119.162.33 - - [03/Aug/2021:10:52:06 +0000] "GET /testimonials.html HTTP/1.1" 404 215 "-" "Mozilla/5.0 (Linux; Android 7.0;) AppleWebKit/537.36 (KHTML, like Gecko) Mobile Safari/537.36 (compatible; PetalBot;+https://webmaster.petalsearch.com/site/petalbot)"
207.46.13.30 - - [03/Aug/2021:10:55:58 +0000] "GET /updates/crpf-asi-steno-recruitment-2016/ HTTP/1.1" 404 238 "-" "Mozilla/5.0 (compatible; bingbot/2.0; +http://www.bing.com/bingbot.htm)"
106.207.147.226 - - [03/Aug/2021:10:58:16 +0000] "-" 408 - "-" "-"
106.207.147.226 - - [03/Aug/2021:10:58:16 +0000] "-" 408 - "-" "-"
106.207.147.226 - - [03/Aug/2021:10:58:16 +0000] "-" 408 - "-" "-"
106.207.147.226 - - [03/Aug/2021:10:58:16 +0000] "-" 408 - "-" "-"
114.119.160.195 - - [03/Aug/2021:10:58:24 +0000] "GET /images/Successful-Candidate/Tarun_Kumar_NDA_II_2018_Result.jpeg HTTP/1.1" 404 261 "-" "Mozilla/5.0 (Linux; Android 7.0;) AppleWebKit/537.36 (KHTML, like Gecko) Mobile Safari/537.36 (compatible; PetalBot;+https://webmaster.petalsearch.com/site/petalbot)"
66.249.66.24 - - [03/Aug/2021:10:59:08 +0000] "GET /classroom-program-for-bank.html HTTP/1.1" 404 229 "-" "Mozilla/5.0 (compatible; Googlebot/2.1; +http://www.google.com/bot.html)"
66.249.66.20 - - [03/Aug/2021:10:59:09 +0000] "GET /classroom-program-for-bank.html HTTP/1.1" 404 229 "-" "Mozilla/5.0 (Linux; Android 6.0.1; Nexus 5X Build/MMB29P) AppleWebKit/537.36 (KHTML, like Gecko) Chrome/92.0.4515.119 Mobile Safari/537.36 (compatible; Googlebot/2.1; +http://www.google.com/bot.html)"
167.88.61.151 - - [03/Aug/2021:11:02:33 +0000] "GET /favicon.ico HTTP/1.1" 404 209 "-" "Dalvik/2.1.0 (Linux; U; Android 10; SM-J600G Build/QP1A.190711.020)"
167.88.61.151 - - [03/Aug/2021:11:02:46 +0000] "GET /favicon.ico HTTP/1.1" 404 209 "-" "Dalvik/2.1.0 (Linux; U; Android 10; SM-J600G Build/QP1A.190711.020)"
167.88.61.151 - - [03/Aug/2021:11:02:47 +0000] "GET /favicon.ico HTTP/1.1" 404 209 "-" "Dalvik/2.1.0 (Linux; U; Android 10; SM-J600G Build/QP1A.190711.020)"
167.88.61.151 - - [03/Aug/2021:11:02:47 +0000] "GET /favicon.ico HTTP/1.1" 404 209 "-" "Dalvik/2.1.0 (Linux; U; Android 10; SM-J600G Build/QP1A.190711.020)"
157.37.139.6 - - [03/Aug/2021:11:02:50 +0000] "-" 408 - "-" "-"
157.37.139.6 - - [03/Aug/2021:11:02:50 +0000] "-" 408 - "-" "-"
167.88.61.151 - - [03/Aug/2021:11:02:56 +0000] "GET /favicon.ico HTTP/1.1" 404 209 "-" "Dalvik/2.1.0 (Linux; U; Android 10; SM-J600G Build/QP1A.190711.020)"
167.88.61.151 - - [03/Aug/2021:11:03:04 +0000] "GET /favicon.ico HTTP/1.1" 404 209 "-" "Dalvik/2.1.0 (Linux; U; Android 10; SM-J600G Build/QP1A.190711.020)"
66.249.66.24 - - [03/Aug/2021:11:03:16 +0000] "GET /career-with-us.html HTTP/1.1" 404 217 "-" "Mozilla/5.0 (Linux; Android 6.0.1; Nexus 5X Build/MMB29P) AppleWebKit/537.36 (KHTML, like Gecko) Chrome/92.0.4515.119 Mobile Safari/537.36 (compatible; Googlebot/2.1; +http://www.google.com/bot.html)"
106.206.190.143 - - [03/Aug/2021:11:03:27 +0000] "-" 408 - "-" "-"
167.88.61.151 - - [03/Aug/2021:11:03:37 +0000] "GET /favicon.ico HTTP/1.1" 404 209 "-" "Dalvik/2.1.0 (Linux; U; Android 10; SM-J600G Build/QP1A.190711.020)"
114.119.146.145 - - [03/Aug/2021:11:04:42 +0000] "GET /updates/daily-current-affairs-5th-march-2017/ HTTP/1.1" 404 243 "-" "Mozilla/5.0 (Linux; Android 7.0;) AppleWebKit/537.36 (KHTML, like Gecko) Mobile Safari/537.36 (compatible; PetalBot;+https://webmaster.petalsearch.com/site/petalbot)"
157.37.139.6 - - [03/Aug/2021:11:04:50 +0000] "-" 408 - "-" "-"
157.37.139.6 - - [03/Aug/2021:11:04:50 +0000] "-" 408 - "-" "-"
1.39.206.16 - - [03/Aug/2021:11:05:20 +0000] "-" 408 - "-" "-"
1.39.206.16 - - [03/Aug/2021:11:06:48 +0000] "-" 408 - "-" "-"
106.206.190.143 - - [03/Aug/2021:11:06:50 +0000] "-" 408 - "-" "-"
167.88.61.151 - - [03/Aug/2021:11:07:19 +0000] "GET /favicon.ico HTTP/1.1" 404 209 "-" "Dalvik/2.1.0 (Linux; U; Android 10; SM-J600G Build/QP1A.190711.020)"
167.88.61.151 - - [03/Aug/2021:11:07:20 +0000] "GET /favicon.ico HTTP/1.1" 404 209 "-" "Dalvik/2.1.0 (Linux; U; Android 10; SM-J600G Build/QP1A.190711.020)"
106.207.188.240 - - [03/Aug/2021:11:07:26 +0000] "-" 408 - "-" "-"
106.207.188.240 - - [03/Aug/2021:11:07:26 +0000] "-" 408 - "-" "-"
106.207.188.240 - - [03/Aug/2021:11:07:26 +0000] "-" 408 - "-" "-"
1.39.206.16 - - [03/Aug/2021:11:08:21 +0000] "-" 408 - "-" "-"
1.39.206.16 - - [03/Aug/2021:11:08:22 +0000] "-" 408 - "-" "-"
167.88.61.151 - - [03/Aug/2021:11:08:42 +0000] "GET /favicon.ico HTTP/1.1" 404 209 "-" "Dalvik/2.1.0 (Linux; U; Android 10; SM-J600G Build/QP1A.190711.020)"
167.88.61.151 - - [03/Aug/2021:11:08:52 +0000] "GET /favicon.ico HTTP/1.1" 404 209 "-" "Dalvik/2.1.0 (Linux; U; Android 10; SM-J600G Build/QP1A.190711.020)"
167.88.61.151 - - [03/Aug/2021:11:09:15 +0000] "GET /favicon.ico HTTP/1.1" 404 209 "-" "Dalvik/2.1.0 (Linux; U; Android 10; SM-J600G Build/QP1A.190711.020)"
40.77.167.25 - - [03/Aug/2021:11:09:16 +0000] "GET / HTTP/1.1" 403 209 "-" "Mozilla/5.0 (compatible; bingbot/2.0; +http://www.bing.com/bingbot.htm)"
167.88.61.151 - - [03/Aug/2021:11:09:18 +0000] "GET /favicon.ico HTTP/1.1" 404 209 "-" "Dalvik/2.1.0 (Linux; U; Android 10; SM-J600G Build/QP1A.190711.020)"
157.55.39.65 - - [03/Aug/2021:11:10:04 +0000] "GET /updates/wp-content/uploads/2017/09/NDA-Paper-1-2017-Math-Solutions-10-September-2017-Code-D.pdf HTTP/1.1" 404 293 "-" "Mozilla/5.0 (compatible; bingbot/2.0; +http://www.bing.com/bingbot.htm)"
106.207.206.105 - - [03/Aug/2021:11:10:04 +0000] "-" 408 - "-" "-"
106.207.206.105 - - [03/Aug/2021:11:10:05 +0000] "-" 408 - "-" "-"
106.207.206.105 - - [03/Aug/2021:11:10:05 +0000] "-" 408 - "-" "-"
106.207.206.105 - - [03/Aug/2021:11:10:05 +0000] "-" 408 - "-" "-"
157.38.84.13 - - [03/Aug/2021:11:10:16 +0000] "-" 408 - "-" "-"
114.119.154.26 - - [03/Aug/2021:11:11:01 +0000] "GET /updates/ssc-cpo-si-2017-paper-i-paper-ii-marks-out HTTP/1.1" 404 248 "-" "Mozilla/5.0 (Linux; Android 7.0;) AppleWebKit/537.36 (KHTML, like Gecko) Mobile Safari/537.36 (compatible; PetalBot;+https://webmaster.petalsearch.com/site/petalbot)"
223.237.28.37 - - [03/Aug/2021:11:11:16 +0000] "-" 408 - "-" "-"
157.47.253.211 - - [03/Aug/2021:11:13:57 +0000] "-" 408 - "-" "-"
157.47.253.211 - - [03/Aug/2021:11:14:29 +0000] "-" 408 - "-" "-"
157.47.253.211 - - [03/Aug/2021:11:14:51 +0000] "-" 408 - "-" "-"
157.47.253.211 - - [03/Aug/2021:11:15:12 +0000] "-" 408 - "-" "-"
106.207.206.105 - - [03/Aug/2021:11:15:29 +0000] "-" 408 - "-" "-"
106.207.206.105 - - [03/Aug/2021:11:15:29 +0000] "-" 408 - "-" "-"
117.234.154.153 - - [03/Aug/2021:11:16:38 +0000] "-" 408 - "-" "-"
157.47.253.211 - - [03/Aug/2021:11:16:42 +0000] "-" 408 - "-" "-"
167.88.61.151 - - [03/Aug/2021:11:17:21 +0000] "GET /favicon.ico HTTP/1.1" 404 209 "-" "Dalvik/2.1.0 (Linux; U; Android 10; SM-J600G Build/QP1A.190711.020)"
114.119.160.248 - - [03/Aug/2021:11:17:23 +0000] "GET /updates/daily-current-affairs-6th-october-2017/ HTTP/1.1" 404 245 "-" "Mozilla/5.0 (Linux; Android 7.0;) AppleWebKit/537.36 (KHTML, like Gecko) Mobile Safari/537.36 (compatible; PetalBot;+https://webmaster.petalsearch.com/site/petalbot)"
167.88.61.151 - - [03/Aug/2021:11:17:25 +0000] "GET /favicon.ico HTTP/1.1" 404 209 "-" "Dalvik/2.1.0 (Linux; U; Android 10; SM-J600G Build/QP1A.190711.020)"
106.207.206.105 - - [03/Aug/2021:11:19:21 +0000] "-" 408 - "-" "-"
106.207.206.105 - - [03/Aug/2021:11:19:21 +0000] "-" 408 - "-" "-"
106.207.206.105 - - [03/Aug/2021:11:19:21 +0000] "-" 408 - "-" "-"
106.207.206.105 - - [03/Aug/2021:11:19:21 +0000] "-" 408 - "-" "-"
157.47.253.211 - - [03/Aug/2021:11:19:49 +0000] "-" 408 - "-" "-"
195.154.122.8 - - [03/Aug/2021:11:19:52 +0000] "-" 408 - "-" "-"
157.55.39.65 - - [03/Aug/2021:11:22:45 +0000] "GET /nda-weekend-batch.html HTTP/1.1" 404 220 "-" "Mozilla/5.0 (compatible; bingbot/2.0; +http://www.bing.com/bingbot.htm)"
106.207.206.105 - - [03/Aug/2021:11:23:08 +0000] "-" 408 - "-" "-"
106.207.206.105 - - [03/Aug/2021:11:23:08 +0000] "-" 408 - "-" "-"
106.207.206.105 - - [03/Aug/2021:11:23:08 +0000] "-" 408 - "-" "-"
106.207.206.105 - - [03/Aug/2021:11:23:08 +0000] "-" 408 - "-" "-"
114.119.160.248 - - [03/Aug/2021:11:23:43 +0000] "GET /pdf/SSC-CGL-Tier1-16th-August-2015-Quantitative-Aptitude-Solution.pdf HTTP/1.1" 404 267 "-" "Mozilla/5.0 (Linux; Android 7.0;) AppleWebKit/537.36 (KHTML, like Gecko) Mobile Safari/537.36 (compatible; PetalBot;+https://webmaster.petalsearch.com/site/petalbot)"
157.38.122.210 - - [03/Aug/2021:11:24:30 +0000] "-" 408 - "-" "-"
157.38.122.210 - - [03/Aug/2021:11:24:30 +0000] "-" 408 - "-" "-"
106.206.150.242 - - [03/Aug/2021:11:25:39 +0000] "-" 408 - "-" "-"
106.206.150.242 - - [03/Aug/2021:11:25:39 +0000] "-" 408 - "-" "-"
144.86.173.14 - - [03/Aug/2021:11:26:22 +0000] "GET / HTTP/1.1" 403 209 "-" "Expanse, a Palo Alto Networks company, searches across the global IPv4 space multiple times per day to identify customers' presences on the Internet. If you would like to be excluded from our scans, please send IP addresses/domains to: scaninfo@paloaltonetworks.com"
106.13.224.148 - - [03/Aug/2021:11:27:31 +0000] "POST //wp-content/plugins/cons.php HTTP/1.1" 404 225 "http://misc.yahoo.com.cn/" "Mozilla/5.0 (compatible; Yahoo! Slurp China; http://misc.yahoo.com.cn/help.html)"
106.13.224.148 - - [03/Aug/2021:11:27:32 +0000] "POST //wp-content/plugins/cons.php HTTP/1.1" 404 225 "http://misc.yahoo.com.cn/" "Mozilla/5.0 (compatible; Yahoo! Slurp China; http://misc.yahoo.com.cn/help.html)"
106.13.224.148 - - [03/Aug/2021:11:27:32 +0000] "POST //wp-content/plugins/cons.php HTTP/1.1" 404 225 "http://misc.yahoo.com.cn/" "Mozilla/5.0 (compatible; Yahoo! Slurp China; http://misc.yahoo.com.cn/help.html)"
66.249.66.20 - - [03/Aug/2021:11:28:21 +0000] "GET /updates/canara-bank-pgdbf-po-2018-19-interview-gd-schedule-out/ HTTP/1.1" 404 261 "-" "Mozilla/5.0 (compatible; Googlebot/2.1; +http://www.google.com/bot.html)"
114.119.136.155 - - [03/Aug/2021:11:30:06 +0000] "GET /updates/sbi-po-2017-main-exam-result-deferred/ HTTP/1.1" 404 244 "-" "Mozilla/5.0 (Linux; Android 7.0;) AppleWebKit/537.36 (KHTML, like Gecko) Mobile Safari/537.36 (compatible; PetalBot;+https://webmaster.petalsearch.com/site/petalbot)"
142.93.78.243 - - [03/Aug/2021:11:32:03 +0000] "POST /cart/add.js HTTP/1.1" 404 209 "-" "Mozilla/5.0 (Macintosh; Intel Mac OS X 10_9_5) AppleWebKit/537.36 (KHTML, like Gecko) Chrome/56.0.2924.87 Safari/537.36"
106.79.200.56 - - [03/Aug/2021:11:32:29 +0000] "-" 408 - "-" "-"
66.249.66.21 - - [03/Aug/2021:11:34:24 +0000] "GET /dsssb-coaching.html HTTP/1.1" 404 217 "-" "Mozilla/5.0 (Linux; Android 6.0.1; Nexus 5X Build/MMB29P) AppleWebKit/537.36 (KHTML, like Gecko) Chrome/92.0.4515.119 Mobile Safari/537.36 (compatible; Googlebot/2.1; +http://www.google.com/bot.html)"
114.119.143.214 - - [03/Aug/2021:11:36:25 +0000] "GET /updates/daily-current-affairs-10th-november-2017 HTTP/1.1" 404 246 "-" "Mozilla/5.0 (Linux; Android 7.0;) AppleWebKit/537.36 (KHTML, like Gecko) Mobile Safari/537.36 (compatible; PetalBot;+https://webmaster.petalsearch.com/site/petalbot)"
157.47.231.182 - - [03/Aug/2021:11:36:33 +0000] "-" 408 - "-" "-"
157.36.143.31 - - [03/Aug/2021:11:37:12 +0000] "-" 408 - "-" "-"
106.207.177.247 - - [03/Aug/2021:11:37:14 +0000] "-" 408 - "-" "-"
106.207.177.247 - - [03/Aug/2021:11:37:14 +0000] "-" 408 - "-" "-"
106.207.177.247 - - [03/Aug/2021:11:37:14 +0000] "-" 408 - "-" "-"
106.207.177.247 - - [03/Aug/2021:11:37:14 +0000] "-" 408 - "-" "-"
93.158.66.18 - - [03/Aug/2021:11:37:50 +0000] "HEAD /.git/config HTTP/1.1" 404 - "-" "python-requests/2.26.0"
157.36.143.31 - - [03/Aug/2021:11:37:59 +0000] "-" 408 - "-" "-"
157.36.205.214 - - [03/Aug/2021:11:37:59 +0000] "-" 408 - "-" "-"
157.38.81.96 - - [03/Aug/2021:11:38:25 +0000] "-" 408 - "-" "-"
117.234.154.153 - - [03/Aug/2021:11:38:41 +0000] "-" 408 - "-" "-"
117.234.154.153 - - [03/Aug/2021:11:38:41 +0000] "-" 408 - "-" "-"
106.207.177.247 - - [03/Aug/2021:11:39:00 +0000] "-" 408 - "-" "-"
106.207.177.247 - - [03/Aug/2021:11:39:00 +0000] "-" 408 - "-" "-"
106.207.177.247 - - [03/Aug/2021:11:39:00 +0000] "-" 408 - "-" "-"
106.207.177.247 - - [03/Aug/2021:11:39:00 +0000] "-" 408 - "-" "-"
106.207.177.247 - - [03/Aug/2021:11:39:26 +0000] "-" 408 - "-" "-"
106.207.177.247 - - [03/Aug/2021:11:39:26 +0000] "-" 408 - "-" "-"
106.207.177.247 - - [03/Aug/2021:11:39:26 +0000] "-" 408 - "-" "-"
106.207.177.247 - - [03/Aug/2021:11:39:26 +0000] "-" 408 - "-" "-"
66.249.66.70 - - [03/Aug/2021:11:40:01 +0000] "GET / HTTP/1.1" 403 209 "-" "Mozilla/5.0 (compatible; Googlebot/2.1; +http://www.google.com/bot.html)"
157.37.139.6 - - [03/Aug/2021:11:40:07 +0000] "-" 408 - "-" "-"
157.37.139.6 - - [03/Aug/2021:11:40:07 +0000] "-" 408 - "-" "-"
66.249.66.24 - - [03/Aug/2021:11:40:31 +0000] "GET /sbi-po-coaching.html HTTP/1.1" 404 218 "-" "Mozilla/5.0 (compatible; Googlebot/2.1; +http://www.google.com/bot.html)"
157.47.225.52 - - [03/Aug/2021:11:40:52 +0000] "-" 408 - "-" "-"
157.47.225.52 - - [03/Aug/2021:11:40:52 +0000] "-" 408 - "-" "-"
157.37.139.6 - - [03/Aug/2021:11:41:30 +0000] "-" 408 - "-" "-"
157.37.139.6 - - [03/Aug/2021:11:41:30 +0000] "-" 408 - "-" "-"
40.77.167.25 - - [03/Aug/2021:11:42:21 +0000] "GET / HTTP/1.1" 403 209 "-" "Mozilla/5.0 (compatible; bingbot/2.0; +http://www.bing.com/bingbot.htm)"
114.119.146.145 - - [03/Aug/2021:11:42:51 +0000] "GET /updates/daily-current-affairs-1st-november-2017 HTTP/1.1" 404 245 "-" "Mozilla/5.0 (Linux; Android 7.0;) AppleWebKit/537.36 (KHTML, like Gecko) Mobile Safari/537.36 (compatible; PetalBot;+https://webmaster.petalsearch.com/site/petalbot)"
44.231.229.144 - - [03/Aug/2021:11:43:25 +0000] "GET /ads.txt HTTP/1.1" 404 205 "-" "Apache-HttpClient/4.5.12 (Java/1.8.0_282)"
157.37.139.6 - - [03/Aug/2021:11:43:30 +0000] "-" 408 - "-" "-"
157.37.139.6 - - [03/Aug/2021:11:43:30 +0000] "-" 408 - "-" "-"
184.168.126.206 - - [03/Aug/2021:11:43:56 +0000] "GET /wp-login.php HTTP/1.1" 404 210 "-" "Mozilla/5.0 (X11; Ubuntu; Linux x86_64; rv:62.0) Gecko/20100101 Firefox/62.0"
157.37.139.6 - - [03/Aug/2021:11:45:30 +0000] "-" 408 - "-" "-"
157.37.139.6 - - [03/Aug/2021:11:45:30 +0000] "-" 408 - "-" "-"
157.47.244.92 - - [03/Aug/2021:11:46:40 +0000] "-" 408 - "-" "-"
157.47.244.92 - - [03/Aug/2021:11:46:41 +0000] "-" 408 - "-" "-"
157.38.27.248 - - [03/Aug/2021:11:49:15 +0000] "-" 408 - "-" "-"
157.55.39.116 - - [03/Aug/2021:11:51:01 +0000] "GET /updates/tag/eligibility-criteria-for-afcat-exam/ HTTP/1.1" 404 246 "-" "Mozilla/5.0 (compatible; bingbot/2.0; +http://www.bing.com/bingbot.htm)"
114.119.162.33 - - [03/Aug/2021:11:55:33 +0000] "GET /updates/daily-current-affairs-15th-april-2018/ HTTP/1.1" 404 244 "-" "Mozilla/5.0 (Linux; Android 7.0;) AppleWebKit/537.36 (KHTML, like Gecko) Mobile Safari/537.36 (compatible; PetalBot;+https://webmaster.petalsearch.com/site/petalbot)"
106.79.201.26 - - [03/Aug/2021:11:56:23 +0000] "-" 408 - "-" "-"
66.249.66.22 - - [03/Aug/2021:11:59:08 +0000] "GET /nda-weekend-batch.html HTTP/1.1" 404 220 "-" "Mozilla/5.0 (Linux; Android 6.0.1; Nexus 5X Build/MMB29P) AppleWebKit/537.36 (KHTML, like Gecko) Chrome/92.0.4515.119 Mobile Safari/537.36 (compatible; Googlebot/2.1; +http://www.google.com/bot.html)"
93.158.66.18 - - [03/Aug/2021:11:59:51 +0000] "HEAD /c99.php HTTP/1.1" 404 - "-" "python-requests/2.26.0"
93.158.66.18 - - [03/Aug/2021:12:00:02 +0000] "HEAD /c99.php HTTP/1.1" 404 - "-" "python-requests/2.26.0"
114.119.136.155 - - [03/Aug/2021:12:01:59 +0000] "GET /updates/category/nda-exams HTTP/1.1" 404 224 "-" "Mozilla/5.0 (Linux; Android 7.0;) AppleWebKit/537.36 (KHTML, like Gecko) Mobile Safari/537.36 (compatible; PetalBot;+https://webmaster.petalsearch.com/site/petalbot)"
157.55.39.116 - - [03/Aug/2021:12:03:19 +0000] "GET /updates/daily-current-affairs-7th-march-2017/ HTTP/1.1" 404 243 "-" "Mozilla/5.0 (compatible; bingbot/2.0; +http://www.bing.com/bingbot.htm)"
106.79.201.26 - - [03/Aug/2021:12:04:46 +0000] "-" 408 - "-" "-"
106.79.201.26 - - [03/Aug/2021:12:04:46 +0000] "-" 408 - "-" "-"
106.79.201.26 - - [03/Aug/2021:12:05:22 +0000] "-" 408 - "-" "-"
106.79.201.26 - - [03/Aug/2021:12:05:22 +0000] "-" 408 - "-" "-"
34.222.245.151 - - [03/Aug/2021:12:05:28 +0000] "GET / HTTP/1.1" 403 209 "-" "Mozilla/5.0 (X11; Linux x86_64) AppleWebKit/537.36 (KHTML, like Gecko) Chrome/83.0.4103.97 Safari/537.36"
