106.13.224.148 - - [03/Aug/2021:01:17:05 +0000] "POST //WEB-INF/Gujun.jsp HTTP/1.1" 404 215 "http://misc.yahoo.com.cn/" "Mozilla/5.0 (compatible; Yahoo! Slurp China; http://misc.yahoo.com.cn/help.html)"
106.13.224.148 - - [03/Aug/2021:01:17:05 +0000] "POST //WEB-INF/Gujun.jsp HTTP/1.1" 404 215 "http://misc.yahoo.com.cn/" "Mozilla/5.0 (compatible; Yahoo! Slurp China; http://misc.yahoo.com.cn/help.html)"
114.119.160.248 - - [03/Aug/2021:01:18:13 +0000] "GET /online-test-series.html HTTP/1.1" 404 221 "-" "Mozilla/5.0 (Linux; Android 7.0;) AppleWebKit/537.36 (KHTML, like Gecko) Mobile Safari/537.36 (compatible; PetalBot;+https://webmaster.petalsearch.com/site/petalbot)"
40.77.167.30 - - [03/Aug/2021:01:19:50 +0000] "GET /CTET-Coaching.html HTTP/1.1" 404 216 "-" "Mozilla/5.0 (compatible; bingbot/2.0; +http://www.bing.com/bingbot.htm)"
93.158.66.18 - - [03/Aug/2021:01:24:38 +0000] "HEAD /.env HTTP/1.1" 404 - "-" "python-requests/2.26.0"
93.158.66.18 - - [03/Aug/2021:01:24:50 +0000] "HEAD /.env HTTP/1.1" 404 - "-" "python-requests/2.26.0"
114.119.160.195 - - [03/Aug/2021:01:25:56 +0000] "GET /updates/wp-content/uploads/2017/11/AA-Call-Letter-250x160.jpg HTTP/1.1" 404 259 "-" "Mozilla/5.0 (Linux; Android 7.0;) AppleWebKit/537.36 (KHTML, like Gecko) Mobile Safari/537.36 (compatible; PetalBot;+https://webmaster.petalsearch.com/site/petalbot)"
139.167.188.100 - - [03/Aug/2021:01:27:12 +0000] "-" 408 - "-" "-"
139.167.188.100 - - [03/Aug/2021:01:27:12 +0000] "-" 408 - "-" "-"
139.167.188.100 - - [03/Aug/2021:01:27:49 +0000] "-" 408 - "-" "-"
139.167.188.100 - - [03/Aug/2021:01:27:49 +0000] "-" 408 - "-" "-"
114.119.160.248 - - [03/Aug/2021:01:33:34 +0000] "GET /updates/daily-current-affairs-18th-january-2017 HTTP/1.1" 404 245 "-" "Mozilla/5.0 (Linux; Android 7.0;) AppleWebKit/537.36 (KHTML, like Gecko) Mobile Safari/537.36 (compatible; PetalBot;+https://webmaster.petalsearch.com/site/petalbot)"
157.55.39.65 - - [03/Aug/2021:01:35:20 +0000] "GET /updates/daily-current-affairs-12th-november-2017/ HTTP/1.1" 404 247 "-" "Mozilla/5.0 (compatible; bingbot/2.0; +http://www.bing.com/bingbot.htm)"
185.191.171.10 - - [03/Aug/2021:01:37:38 +0000] "GET /robots.txt HTTP/1.1" 404 208 "-" "Mozilla/5.0 (compatible; SemrushBot/7~bl; +http://www.semrush.com/bot.html)"
185.191.171.4 - - [03/Aug/2021:01:37:39 +0000] "GET /interview-classes.html HTTP/1.1" 404 220 "-" "Mozilla/5.0 (compatible; SemrushBot/7~bl; +http://www.semrush.com/bot.html)"
157.55.39.116 - - [03/Aug/2021:01:39:48 +0000] "GET /images/NDA-Crash-Course.jpg HTTP/1.1" 404 225 "-" "Mozilla/5.0 (compatible; bingbot/2.0; +http://www.bing.com/bingbot.htm)"
114.119.136.155 - - [03/Aug/2021:01:41:01 +0000] "GET /updates/page/109 HTTP/1.1" 404 214 "-" "Mozilla/5.0 (Linux; Android 7.0;) AppleWebKit/537.36 (KHTML, like Gecko) Mobile Safari/537.36 (compatible; PetalBot;+https://webmaster.petalsearch.com/site/petalbot)"
157.55.39.185 - - [03/Aug/2021:01:42:47 +0000] "GET /updates/tag/ibps-rrb-admit-card/ HTTP/1.1" 404 230 "-" "Mozilla/5.0 (compatible; bingbot/2.0; +http://www.bing.com/bingbot.htm)"
162.158.78.41 - - [03/Aug/2021:01:43:02 +0000] "GET /product-category/tools/wrenches HTTP/1.1" 404 229 "-" "Mozilla/5.0 (Linux; Android 6.0.1; Nexus 5X Build/MMB29P) AppleWebKit/537.36 (KHTML, like Gecko) Chrome/92.0.4515.119 Mobile Safari/537.36 (compatible; Googlebot/2.1; +http://www.google.com/bot.html)"
66.249.66.20 - - [03/Aug/2021:01:44:39 +0000] "GET /Indian-Banking-Scenario.html HTTP/1.1" 404 226 "-" "Mozilla/5.0 (Linux; Android 6.0.1; Nexus 5X Build/MMB29P) AppleWebKit/537.36 (KHTML, like Gecko) Chrome/92.0.4515.119 Mobile Safari/537.36 (compatible; Googlebot/2.1; +http://www.google.com/bot.html)"
131.220.6.152 - - [03/Aug/2021:01:46:11 +0000] "GET / HTTP/1.1" 403 209 "-" "Mozilla/5.0 (X11; Linux x86_64) AppleWebKit/537.36 (KHTML, like Gecko) Chrome/79.0.3945.79 Safari/537.36"
114.119.154.26 - - [03/Aug/2021:01:48:18 +0000] "GET /cds-faq.html HTTP/1.1" 404 210 "-" "Mozilla/5.0 (Linux; Android 7.0;) AppleWebKit/537.36 (KHTML, like Gecko) Mobile Safari/537.36 (compatible; PetalBot;+https://webmaster.petalsearch.com/site/petalbot)"
40.77.167.25 - - [03/Aug/2021:01:49:15 +0000] "GET / HTTP/1.1" 403 209 "-" "Mozilla/5.0 (compatible; bingbot/2.0; +http://www.bing.com/bingbot.htm)"
157.38.228.169 - - [03/Aug/2021:01:50:12 +0000] "-" 408 - "-" "-"
157.38.228.169 - - [03/Aug/2021:01:54:36 +0000] "-" 408 - "-" "-"
157.38.228.169 - - [03/Aug/2021:01:54:36 +0000] "-" 408 - "-" "-"
114.119.154.26 - - [03/Aug/2021:01:55:32 +0000] "GET /updates/daily-current-affairs-14th-may-2017 HTTP/1.1" 404 241 "-" "Mozilla/5.0 (Linux; Android 7.0;) AppleWebKit/537.36 (KHTML, like Gecko) Mobile Safari/537.36 (compatible; PetalBot;+https://webmaster.petalsearch.com/site/petalbot)"
157.38.228.169 - - [03/Aug/2021:01:56:44 +0000] "-" 408 - "-" "-"
157.38.228.169 - - [03/Aug/2021:01:57:18 +0000] "-" 408 - "-" "-"
114.119.154.26 - - [03/Aug/2021:02:02:42 +0000] "GET /updates/category/current-affairs/page/40 HTTP/1.1" 404 238 "-" "Mozilla/5.0 (Linux; Android 7.0;) AppleWebKit/537.36 (KHTML, like Gecko) Mobile Safari/537.36 (compatible; PetalBot;+https://webmaster.petalsearch.com/site/petalbot)"
114.119.143.214 - - [03/Aug/2021:02:09:50 +0000] "GET /updates/daily-current-affairs-9th-august-2017/ HTTP/1.1" 404 244 "-" "Mozilla/5.0 (Linux; Android 7.0;) AppleWebKit/537.36 (KHTML, like Gecko) Mobile Safari/537.36 (compatible; PetalBot;+https://webmaster.petalsearch.com/site/petalbot)"
34.210.69.182 - - [03/Aug/2021:02:13:36 +0000] "GET / HTTP/1.1" 403 209 "-" "Mozilla/5.0 (X11; Linux x86_64) AppleWebKit/537.36 (KHTML, like Gecko) Chrome/83.0.4103.97 Safari/537.36"
114.119.146.145 - - [03/Aug/2021:02:16:41 +0000] "GET /updates/daily-current-affairs-30th-november-2017 HTTP/1.1" 404 246 "-" "Mozilla/5.0 (Linux; Android 7.0;) AppleWebKit/537.36 (KHTML, like Gecko) Mobile Safari/537.36 (compatible; PetalBot;+https://webmaster.petalsearch.com/site/petalbot)"
157.38.9.98 - - [03/Aug/2021:02:18:58 +0000] "-" 408 - "-" "-"
157.38.9.98 - - [03/Aug/2021:02:18:58 +0000] "-" 408 - "-" "-"
157.38.9.98 - - [03/Aug/2021:02:19:42 +0000] "-" 408 - "-" "-"
157.38.9.98 - - [03/Aug/2021:02:19:42 +0000] "-" 408 - "-" "-"
157.38.9.98 - - [03/Aug/2021:02:20:42 +0000] "-" 408 - "-" "-"
157.38.9.98 - - [03/Aug/2021:02:20:42 +0000] "-" 408 - "-" "-"
40.77.167.19 - - [03/Aug/2021:02:20:53 +0000] "GET /updates/tag/cds-2-2019-official-cutoff/ HTTP/1.1" 404 237 "-" "Mozilla/5.0 (compatible; bingbot/2.0; +http://www.bing.com/bingbot.htm)"
157.38.9.98 - - [03/Aug/2021:02:21:42 +0000] "-" 408 - "-" "-"
157.38.9.98 - - [03/Aug/2021:02:21:42 +0000] "-" 408 - "-" "-"
114.119.150.210 - - [03/Aug/2021:02:23:42 +0000] "GET /updates/ibps-cwe-po-mt-vii-clerk-vii-so-vii-final-result-out HTTP/1.1" 404 258 "-" "Mozilla/5.0 (Linux; Android 7.0;) AppleWebKit/537.36 (KHTML, like Gecko) Mobile Safari/537.36 (compatible; PetalBot;+https://webmaster.petalsearch.com/site/petalbot)"
107.178.236.26 - - [03/Aug/2021:02:23:58 +0000] "GET /ads.txt HTTP/1.1" 404 205 "-" "axios/0.18.1"
107.178.236.26 - - [03/Aug/2021:02:23:58 +0000] "GET /ads.txt HTTP/1.1" 404 205 "-" "axios/0.18.1"
157.40.112.43 - - [03/Aug/2021:02:28:24 +0000] "GET /images/CLAT-Coaching-Classes.jpg HTTP/1.1" 404 230 "https://www.google.com/blank.html" "Mozilla/5.0 (Linux; Android 10; Redmi Note 9 Pro Build/QKQ1.191215.002; wv) AppleWebKit/537.36 (KHTML, like Gecko) Version/4.0 Chrome/83.0.4103.101 Mobile Safari/537.36 GSA/12.23.14.23.arm64"
40.77.167.30 - - [03/Aug/2021:02:28:34 +0000] "GET /ssc-cgl-2015.html HTTP/1.1" 404 215 "-" "Mozilla/5.0 (compatible; bingbot/2.0; +http://www.bing.com/bingbot.htm)"
66.249.66.28 - - [03/Aug/2021:02:29:32 +0000] "GET /ads.txt HTTP/1.1" 404 205 "-" "Mozilla/5.0 (compatible; Googlebot/2.1; +http://www.google.com/bot.html)"
114.119.143.214 - - [03/Aug/2021:02:30:38 +0000] "GET /updates/daily-current-affairs-18th-november-2017/ HTTP/1.1" 404 247 "-" "Mozilla/5.0 (Linux; Android 7.0;) AppleWebKit/537.36 (KHTML, like Gecko) Mobile Safari/537.36 (compatible; PetalBot;+https://webmaster.petalsearch.com/site/petalbot)"
66.249.66.24 - - [03/Aug/2021:02:34:18 +0000] "GET /nda.html HTTP/1.1" 404 206 "-" "Mozilla/5.0 (Linux; Android 6.0.1; Nexus 5X Build/MMB29P) AppleWebKit/537.36 (KHTML, like Gecko) Chrome/92.0.4515.119 Mobile Safari/537.36 (compatible; Googlebot/2.1; +http://www.google.com/bot.html)"
157.55.39.129 - - [03/Aug/2021:02:35:17 +0000] "GET /nda-na-syllabus.html HTTP/1.1" 404 218 "-" "Mozilla/5.0 (compatible; bingbot/2.0; +http://www.bing.com/bingbot.htm)"
207.46.13.30 - - [03/Aug/2021:02:36:25 +0000] "GET /latest-exam-news-updates.html HTTP/1.1" 404 227 "-" "Mozilla/5.0 (compatible; bingbot/2.0; +http://www.bing.com/bingbot.htm)"
114.119.160.195 - - [03/Aug/2021:02:37:22 +0000] "GET /updates/ssc-chsl-102-2016-final-marks-declared-check-here HTTP/1.1" 404 255 "-" "Mozilla/5.0 (Linux; Android 7.0;) AppleWebKit/537.36 (KHTML, like Gecko) Mobile Safari/537.36 (compatible; PetalBot;+https://webmaster.petalsearch.com/site/petalbot)"
172.70.34.164 - - [03/Aug/2021:02:43:02 +0000] "GET /robots.txt HTTP/1.1" 404 208 "-" "Mozilla/5.0 (compatible; Googlebot/2.1; +http://www.google.com/bot.html)"
172.70.35.26 - - [03/Aug/2021:02:43:04 +0000] "GET / HTTP/1.1" 403 209 "-" "Mozilla/5.0 (compatible; Googlebot/2.1; +http://www.google.com/bot.html)"
114.119.154.26 - - [03/Aug/2021:02:44:18 +0000] "GET /updates/daily-current-affairs-13th-may-2018 HTTP/1.1" 404 241 "-" "Mozilla/5.0 (Linux; Android 7.0;) AppleWebKit/537.36 (KHTML, like Gecko) Mobile Safari/537.36 (compatible; PetalBot;+https://webmaster.petalsearch.com/site/petalbot)"
157.55.39.65 - - [03/Aug/2021:02:44:57 +0000] "GET /images/twitter.png HTTP/1.1" 404 216 "-" "Mozilla/5.0 (compatible; bingbot/2.0; +http://www.bing.com/bingbot.htm)"
114.119.146.145 - - [03/Aug/2021:02:51:07 +0000] "GET /updates/daily-current-affairs-26th-january-2018 HTTP/1.1" 404 245 "-" "Mozilla/5.0 (Linux; Android 7.0;) AppleWebKit/537.36 (KHTML, like Gecko) Mobile Safari/537.36 (compatible; PetalBot;+https://webmaster.petalsearch.com/site/petalbot)"
117.225.2.20 - - [03/Aug/2021:02:52:06 +0000] "-" 408 - "-" "-"
117.225.2.20 - - [03/Aug/2021:02:52:27 +0000] "-" 408 - "-" "-"
207.46.13.111 - - [03/Aug/2021:02:54:38 +0000] "GET /pdf/cds-i-2017-english-question-paper.pdf HTTP/1.1" 404 239 "-" "Mozilla/5.0 (compatible; bingbot/2.0; +http://www.bing.com/bingbot.htm)"
114.119.154.26 - - [03/Aug/2021:02:57:42 +0000] "GET /updates/wp-content/uploads/2017/01/NABARD-Officers-in-Grade-A-B-2016-Wait-List-Out-300x251.jpg HTTP/1.1" 404 292 "-" "Mozilla/5.0 (Linux; Android 7.0;) AppleWebKit/537.36 (KHTML, like Gecko) Mobile Safari/537.36 (compatible; PetalBot;+https://webmaster.petalsearch.com/site/petalbot)"
40.77.167.25 - - [03/Aug/2021:03:00:41 +0000] "GET /nda-crash-course.html HTTP/1.1" 404 219 "-" "Mozilla/5.0 (compatible; bingbot/2.0; +http://www.bing.com/bingbot.htm)"
106.13.224.148 - - [03/Aug/2021:03:02:33 +0000] "POST //webmaster/downloadfiles/1.cer HTTP/1.1" 404 227 "http://misc.yahoo.com.cn/" "Mozilla/5.0 (compatible; Yahoo! Slurp China; http://misc.yahoo.com.cn/help.html)"
106.13.224.148 - - [03/Aug/2021:03:02:33 +0000] "POST //webmaster/downloadfiles/1.cer HTTP/1.1" 404 227 "http://misc.yahoo.com.cn/" "Mozilla/5.0 (compatible; Yahoo! Slurp China; http://misc.yahoo.com.cn/help.html)"
106.13.224.148 - - [03/Aug/2021:03:02:33 +0000] "POST //webmaster/downloadfiles/1.cer HTTP/1.1" 404 227 "http://misc.yahoo.com.cn/" "Mozilla/5.0 (compatible; Yahoo! Slurp China; http://misc.yahoo.com.cn/help.html)"
106.207.163.245 - - [03/Aug/2021:03:02:33 +0000] "-" 408 - "-" "-"
106.13.224.148 - - [03/Aug/2021:03:02:34 +0000] "POST //webmaster/downloadfiles/1.cer HTTP/1.1" 404 227 "http://misc.yahoo.com.cn/" "Mozilla/5.0 (compatible; Yahoo! Slurp China; http://misc.yahoo.com.cn/help.html)"
106.13.224.148 - - [03/Aug/2021:03:02:34 +0000] "POST //webmaster/downloadfiles/1.cer HTTP/1.1" 404 227 "http://misc.yahoo.com.cn/" "Mozilla/5.0 (compatible; Yahoo! Slurp China; http://misc.yahoo.com.cn/help.html)"
106.13.224.148 - - [03/Aug/2021:03:02:34 +0000] "POST //webmaster/downloadfiles/1.cer HTTP/1.1" 404 227 "http://misc.yahoo.com.cn/" "Mozilla/5.0 (compatible; Yahoo! Slurp China; http://misc.yahoo.com.cn/help.html)"
114.119.136.155 - - [03/Aug/2021:03:04:22 +0000] "GET /updates/wp-content/uploads/2018/02/AA-Important-Notice-5-250x160.jpg HTTP/1.1" 404 266 "-" "Mozilla/5.0 (Linux; Android 7.0;) AppleWebKit/537.36 (KHTML, like Gecko) Mobile Safari/537.36 (compatible; PetalBot;+https://webmaster.petalsearch.com/site/petalbot)"
66.249.66.5 - - [03/Aug/2021:03:05:21 +0000] "GET /test-series-for-bank.html HTTP/1.1" 404 223 "-" "Mozilla/5.0 (Linux; Android 6.0.1; Nexus 5X Build/MMB29P) AppleWebKit/537.36 (KHTML, like Gecko) Chrome/92.0.4515.119 Mobile Safari/537.36 (compatible; Googlebot/2.1; +http://www.google.com/bot.html)"
106.208.101.31 - - [03/Aug/2021:03:10:54 +0000] "-" 408 - "-" "-"
114.119.154.26 - - [03/Aug/2021:03:10:55 +0000] "GET /robots.txt HTTP/1.1" 404 208 "-" "Mozilla/5.0 (compatible;PetalBot;+https://webmaster.petalsearch.com/site/petalbot)"
66.249.66.24 - - [03/Aug/2021:03:11:02 +0000] "GET /updates/ssc-chsl-102-2017-application-last-date-extended/ HTTP/1.1" 404 255 "-" "Mozilla/5.0 (Linux; Android 6.0.1; Nexus 5X Build/MMB29P) AppleWebKit/537.36 (KHTML, like Gecko) Chrome/92.0.4515.119 Mobile Safari/537.36 (compatible; Googlebot/2.1; +http://www.google.com/bot.html)"
106.208.101.31 - - [03/Aug/2021:03:11:17 +0000] "-" 408 - "-" "-"
106.208.101.31 - - [03/Aug/2021:03:11:17 +0000] "-" 408 - "-" "-"
66.249.66.26 - - [03/Aug/2021:03:11:33 +0000] "GET /clat.html HTTP/1.1" 404 207 "-" "Mozilla/5.0 (Linux; Android 6.0.1; Nexus 5X Build/MMB29P) AppleWebKit/537.36 (KHTML, like Gecko) Chrome/92.0.4515.119 Mobile Safari/537.36 (compatible; Googlebot/2.1; +http://www.google.com/bot.html)"
66.249.66.24 - - [03/Aug/2021:03:11:57 +0000] "GET /updates/daily-current-affairs-2nd-march-2018/ HTTP/1.1" 404 243 "-" "Mozilla/5.0 (Linux; Android 6.0.1; Nexus 5X Build/MMB29P) AppleWebKit/537.36 (KHTML, like Gecko) Chrome/92.0.4515.119 Mobile Safari/537.36 (compatible; Googlebot/2.1; +http://www.google.com/bot.html)"
171.79.149.124 - - [03/Aug/2021:03:12:40 +0000] "GET /css/responsive-layout.css HTTP/1.1" 404 223 "-" "Mozilla/5.0 (Linux; Android 8.1.0; vivo 1820) AppleWebKit/537.36 (KHTML, like Gecko) Chrome/91.0.4472.164 Mobile Safari/537.36"
171.79.149.124 - - [03/Aug/2021:03:12:40 +0000] "GET / HTTP/1.1" 403 209 "https://www.google.com/" "Mozilla/5.0 (Linux; Android 8.1.0; vivo 1820) AppleWebKit/537.36 (KHTML, like Gecko) Chrome/91.0.4472.164 Mobile Safari/537.36"
171.79.149.124 - - [03/Aug/2021:03:12:40 +0000] "GET /css/aim-achieve.css HTTP/1.1" 404 217 "-" "Mozilla/5.0 (Linux; Android 8.1.0; vivo 1820) AppleWebKit/537.36 (KHTML, like Gecko) Chrome/91.0.4472.164 Mobile Safari/537.36"
171.79.149.124 - - [03/Aug/2021:03:12:40 +0000] "GET /css/jquery.bxslider.css HTTP/1.1" 404 221 "-" "Mozilla/5.0 (Linux; Android 8.1.0; vivo 1820) AppleWebKit/537.36 (KHTML, like Gecko) Chrome/91.0.4472.164 Mobile Safari/537.36"
171.79.149.124 - - [03/Aug/2021:03:12:40 +0000] "GET /css/menu-styles.css HTTP/1.1" 404 217 "-" "Mozilla/5.0 (Linux; Android 8.1.0; vivo 1820) AppleWebKit/537.36 (KHTML, like Gecko) Chrome/91.0.4472.164 Mobile Safari/537.36"
171.79.149.124 - - [03/Aug/2021:03:12:40 +0000] "GET /favicon.ico HTTP/1.1" 404 209 "http://aimnachieve.com/" "Mozilla/5.0 (Linux; Android 8.1.0; vivo 1820) AppleWebKit/537.36 (KHTML, like Gecko) Chrome/91.0.4472.164 Mobile Safari/537.36"
171.79.149.124 - - [03/Aug/2021:03:13:46 +0000] "GET / HTTP/1.1" 403 209 "https://www.google.com/" "Mozilla/5.0 (Linux; Android 8.1.0; vivo 1820) AppleWebKit/537.36 (KHTML, like Gecko) Chrome/91.0.4472.164 Mobile Safari/537.36"
207.46.13.111 - - [03/Aug/2021:03:16:03 +0000] "GET /updates/canara-bank-pgdbf-po-2018-19-final-result-out/ HTTP/1.1" 404 252 "-" "Mozilla/5.0 (compatible; bingbot/2.0; +http://www.bing.com/bingbot.htm)"
114.119.150.210 - - [03/Aug/2021:03:17:31 +0000] "GET /updates/author/aim-and-achieve HTTP/1.1" 404 228 "-" "Mozilla/5.0 (Linux; Android 7.0;) AppleWebKit/537.36 (KHTML, like Gecko) Mobile Safari/537.36 (compatible; PetalBot;+https://webmaster.petalsearch.com/site/petalbot)"
144.86.173.2 - - [03/Aug/2021:03:17:53 +0000] "GET / HTTP/1.1" 403 209 "-" "Expanse, a Palo Alto Networks company, searches across the global IPv4 space multiple times per day to identify customers' presences on the Internet. If you would like to be excluded from our scans, please send IP addresses/domains to: scaninfo@paloaltonetworks.com"
49.7.20.68 - - [03/Aug/2021:03:18:22 +0000] "GET / HTTP/1.1" 403 209 "-" "Sogou web spider/4.0(+http://www.sogou.com/docs/help/webmasters.htm#07)"
111.202.100.82 - - [03/Aug/2021:03:18:24 +0000] "GET / HTTP/1.1" 403 209 "-" "Sogou web spider/4.0(+http://www.sogou.com/docs/help/webmasters.htm#07)"
49.7.20.28 - - [03/Aug/2021:03:18:24 +0000] "GET / HTTP/1.1" 403 209 "-" "Sogou web spider/4.0(+http://www.sogou.com/docs/help/webmasters.htm#07)"
111.202.100.82 - - [03/Aug/2021:03:18:24 +0000] "GET / HTTP/1.1" 403 209 "-" "Mozilla/5.0 (Macintosh; Intel Mac OS X 10_15_1) AppleWebKit/537.36 (KHTML, like Gecko) Chrome/78.0.3904.97 Safari/537.36"
49.7.20.28 - - [03/Aug/2021:03:18:24 +0000] "GET / HTTP/1.1" 403 209 "-" "Mozilla/5.0 (Macintosh; Intel Mac OS X 10_15_1) AppleWebKit/537.36 (KHTML, like Gecko) Chrome/78.0.3904.97 Safari/537.36"
157.38.65.104 - - [03/Aug/2021:03:18:34 +0000] "-" 408 - "-" "-"
157.38.65.104 - - [03/Aug/2021:03:18:34 +0000] "-" 408 - "-" "-"
66.249.92.24 - - [03/Aug/2021:03:21:55 +0000] "GET /clat-exam/ HTTP/1.1" 404 208 "-" "Mozilla/5.0 (iPhone; CPU iPhone OS 9_1 like Mac OS X) AppleWebKit/601.1.46 (KHTML, like Gecko) Version/9.0 Mobile/13B143 Safari/601.1 (compatible; AdsBot-Google-Mobile; +http://www.google.com/mobile/adsbot.html)"
157.55.39.129 - - [03/Aug/2021:03:22:04 +0000] "GET /updates/tag/nda-2017-math-solutions/ HTTP/1.1" 404 234 "-" "Mozilla/5.0 (compatible; bingbot/2.0; +http://www.bing.com/bingbot.htm)"
34.229.145.138 - - [03/Aug/2021:03:23:19 +0000] "GET /ads.txt HTTP/1.1" 404 205 "-" "Jersey/2.25.1 (HttpUrlConnection 1.8.0_141)"
34.229.145.138 - - [03/Aug/2021:03:23:19 +0000] "GET /ads.txt HTTP/1.1" 404 205 "-" "Jersey/2.25.1 (HttpUrlConnection 1.8.0_141)"
34.229.145.138 - - [03/Aug/2021:03:23:20 +0000] "GET /ads.txt HTTP/1.1" 404 205 "-" "Jersey/2.25.1 (HttpUrlConnection 1.8.0_141)"
34.229.145.138 - - [03/Aug/2021:03:23:21 +0000] "GET /ads.txt HTTP/1.1" 404 205 "-" "Jersey/2.25.1 (HttpUrlConnection 1.8.0_141)"
114.119.160.195 - - [03/Aug/2021:03:24:01 +0000] "GET /updates/tag/ssc-ldc-coaching-in-delhi HTTP/1.1" 404 235 "-" "Mozilla/5.0 (Linux; Android 7.0;) AppleWebKit/537.36 (KHTML, like Gecko) Mobile Safari/537.36 (compatible; PetalBot;+https://webmaster.petalsearch.com/site/petalbot)"
207.46.13.111 - - [03/Aug/2021:03:24:52 +0000] "GET /clat-cut-off.html HTTP/1.1" 404 215 "-" "Mozilla/5.0 (compatible; bingbot/2.0; +http://www.bing.com/bingbot.htm)"
207.46.13.111 - - [03/Aug/2021:03:24:54 +0000] "GET /Air-Force-Y-Group-Coaching.html HTTP/1.1" 404 229 "-" "Mozilla/5.0 (compatible; bingbot/2.0; +http://www.bing.com/bingbot.htm)"
108.162.246.64 - - [03/Aug/2021:03:25:29 +0000] "GET / HTTP/1.1" 403 209 "-" "Mozilla/5.0 (X11; Linux x86_64) AppleWebKit/537.36 (KHTML, like Gecko) Chrome/83.0.4103.97 Safari/537.36"
157.38.24.232 - - [03/Aug/2021:03:25:44 +0000] "-" 408 - "-" "-"
157.38.24.232 - - [03/Aug/2021:03:25:44 +0000] "-" 408 - "-" "-"
144.76.71.176 - - [03/Aug/2021:03:26:03 +0000] "GET /robots.txt HTTP/1.1" 404 208 "-" "Mozilla/5.0 (compatible; MJ12bot/v1.4.8; http://mj12bot.com/)"
144.76.71.176 - - [03/Aug/2021:03:26:05 +0000] "GET /disclaimer.html HTTP/1.1" 404 213 "-" "Mozilla/5.0 (compatible; MJ12bot/v1.4.8; http://mj12bot.com/)"
144.76.71.176 - - [03/Aug/2021:03:26:07 +0000] "GET /dnd-compliance.html HTTP/1.1" 404 217 "-" "Mozilla/5.0 (compatible; MJ12bot/v1.4.8; http://mj12bot.com/)"
144.76.71.176 - - [03/Aug/2021:03:26:09 +0000] "GET /how-to-register.html HTTP/1.1" 404 218 "-" "Mozilla/5.0 (compatible; MJ12bot/v1.4.8; http://mj12bot.com/)"
144.76.71.176 - - [03/Aug/2021:03:26:11 +0000] "GET /how-to-take-test.html HTTP/1.1" 404 219 "-" "Mozilla/5.0 (compatible; MJ12bot/v1.4.8; http://mj12bot.com/)"
193.142.146.42 - - [03/Aug/2021:03:26:41 +0000] "GET /wp-login.php HTTP/1.1" 404 210 "-" "Mozilla/5.0 (compatible; MSIE 9.0; Windows NT 6.1; Trident/5.0)"
193.142.146.42 - - [03/Aug/2021:03:26:41 +0000] "GET /updates/wp-login.php HTTP/1.1" 404 218 "-" "Mozilla/5.0 (compatible; MSIE 9.0; Windows NT 6.1; Trident/5.0)"
157.38.24.232 - - [03/Aug/2021:03:26:44 +0000] "-" 408 - "-" "-"
157.38.24.232 - - [03/Aug/2021:03:26:44 +0000] "-" 408 - "-" "-"
157.38.24.232 - - [03/Aug/2021:03:27:44 +0000] "-" 408 - "-" "-"
157.38.24.232 - - [03/Aug/2021:03:27:44 +0000] "-" 408 - "-" "-"
157.38.24.232 - - [03/Aug/2021:03:28:44 +0000] "-" 408 - "-" "-"
157.38.24.232 - - [03/Aug/2021:03:28:44 +0000] "-" 408 - "-" "-"
157.38.24.232 - - [03/Aug/2021:03:29:44 +0000] "-" 408 - "-" "-"
157.38.24.232 - - [03/Aug/2021:03:29:44 +0000] "-" 408 - "-" "-"
114.119.160.195 - - [03/Aug/2021:03:30:34 +0000] "GET /updates/daily-current-affairs-12th-february-2017 HTTP/1.1" 404 246 "-" "Mozilla/5.0 (Linux; Android 7.0;) AppleWebKit/537.36 (KHTML, like Gecko) Mobile Safari/537.36 (compatible; PetalBot;+https://webmaster.petalsearch.com/site/petalbot)"
106.207.194.104 - - [03/Aug/2021:03:35:51 +0000] "-" 408 - "-" "-"
106.207.194.104 - - [03/Aug/2021:03:35:51 +0000] "-" 408 - "-" "-"
106.207.194.104 - - [03/Aug/2021:03:35:51 +0000] "-" 408 - "-" "-"
106.207.194.104 - - [03/Aug/2021:03:35:51 +0000] "-" 408 - "-" "-"
106.207.194.104 - - [03/Aug/2021:03:35:51 +0000] "-" 408 - "-" "-"
114.119.162.33 - - [03/Aug/2021:03:36:55 +0000] "GET /updates/daily-current-affairs-27th-september-2017 HTTP/1.1" 404 247 "-" "Mozilla/5.0 (Linux; Android 7.0;) AppleWebKit/537.36 (KHTML, like Gecko) Mobile Safari/537.36 (compatible; PetalBot;+https://webmaster.petalsearch.com/site/petalbot)"
66.249.66.28 - - [03/Aug/2021:03:38:50 +0000] "GET /two-years-nda-integrated-course.html HTTP/1.1" 404 234 "-" "Mozilla/5.0 (Linux; Android 6.0.1; Nexus 5X Build/MMB29P) AppleWebKit/537.36 (KHTML, like Gecko) Chrome/92.0.4515.119 Mobile Safari/537.36 (compatible; Googlebot/2.1; +http://www.google.com/bot.html)"
106.207.194.104 - - [03/Aug/2021:03:40:07 +0000] "-" 408 - "-" "-"
106.207.194.104 - - [03/Aug/2021:03:40:07 +0000] "-" 408 - "-" "-"
106.207.194.104 - - [03/Aug/2021:03:40:07 +0000] "-" 408 - "-" "-"
106.207.194.104 - - [03/Aug/2021:03:40:07 +0000] "-" 408 - "-" "-"
157.55.39.185 - - [03/Aug/2021:03:41:37 +0000] "GET /updates/tag/clat-syllabus/ HTTP/1.1" 404 224 "-" "Mozilla/5.0 (compatible; bingbot/2.0; +http://www.bing.com/bingbot.htm)"
172.70.34.59 - - [03/Aug/2021:03:43:02 +0000] "GET /product-tag/adjustable-wrench HTTP/1.1" 404 227 "-" "Mozilla/5.0 (Linux; Android 6.0.1; Nexus 5X Build/MMB29P) AppleWebKit/537.36 (KHTML, like Gecko) Chrome/92.0.4515.119 Mobile Safari/537.36 (compatible; Googlebot/2.1; +http://www.google.com/bot.html)"
114.119.146.145 - - [03/Aug/2021:03:43:22 +0000] "GET /updates/ibps-rrbs-psbs-calendar-2018-19-tentative-exam-dates-out HTTP/1.1" 404 262 "-" "Mozilla/5.0 (Linux; Android 7.0;) AppleWebKit/537.36 (KHTML, like Gecko) Mobile Safari/537.36 (compatible; PetalBot;+https://webmaster.petalsearch.com/site/petalbot)"
106.66.10.121 - - [03/Aug/2021:03:44:12 +0000] "-" 408 - "-" "-"
157.245.66.185 - - [03/Aug/2021:03:44:31 +0000] "GET / HTTP/1.1" 403 209 "-" "Mozilla/5.0 (Windows NT 10.0; Win64; x64) AppleWebKit/537.36 (KHTML, like Gecko) Chrome/63.0.3239.132 Safari/537.36"
157.245.66.185 - - [03/Aug/2021:03:44:31 +0000] "GET /wp-includes/wlwmanifest.xml HTTP/1.1" 404 225 "-" "Mozilla/5.0 (Windows NT 10.0; Win64; x64) AppleWebKit/537.36 (KHTML, like Gecko) Chrome/63.0.3239.132 Safari/537.36"
157.245.66.185 - - [03/Aug/2021:03:44:32 +0000] "GET /xmlrpc.php?rsd HTTP/1.1" 404 208 "-" "Mozilla/5.0 (Windows NT 10.0; Win64; x64) AppleWebKit/537.36 (KHTML, like Gecko) Chrome/63.0.3239.132 Safari/537.36"
157.245.66.185 - - [03/Aug/2021:03:44:32 +0000] "GET / HTTP/1.1" 403 209 "-" "Mozilla/5.0 (Windows NT 10.0; Win64; x64) AppleWebKit/537.36 (KHTML, like Gecko) Chrome/63.0.3239.132 Safari/537.36"
157.245.66.185 - - [03/Aug/2021:03:44:32 +0000] "GET /blog/wp-includes/wlwmanifest.xml HTTP/1.1" 404 230 "-" "Mozilla/5.0 (Windows NT 10.0; Win64; x64) AppleWebKit/537.36 (KHTML, like Gecko) Chrome/63.0.3239.132 Safari/537.36"
157.245.66.185 - - [03/Aug/2021:03:44:32 +0000] "GET /web/wp-includes/wlwmanifest.xml HTTP/1.1" 404 229 "-" "Mozilla/5.0 (Windows NT 10.0; Win64; x64) AppleWebKit/537.36 (KHTML, like Gecko) Chrome/63.0.3239.132 Safari/537.36"
157.245.66.185 - - [03/Aug/2021:03:44:32 +0000] "GET /wordpress/wp-includes/wlwmanifest.xml HTTP/1.1" 404 235 "-" "Mozilla/5.0 (Windows NT 10.0; Win64; x64) AppleWebKit/537.36 (KHTML, like Gecko) Chrome/63.0.3239.132 Safari/537.36"
157.245.66.185 - - [03/Aug/2021:03:44:32 +0000] "GET /website/wp-includes/wlwmanifest.xml HTTP/1.1" 404 233 "-" "Mozilla/5.0 (Windows NT 10.0; Win64; x64) AppleWebKit/537.36 (KHTML, like Gecko) Chrome/63.0.3239.132 Safari/537.36"
157.245.66.185 - - [03/Aug/2021:03:44:32 +0000] "GET /wp/wp-includes/wlwmanifest.xml HTTP/1.1" 404 228 "-" "Mozilla/5.0 (Windows NT 10.0; Win64; x64) AppleWebKit/537.36 (KHTML, like Gecko) Chrome/63.0.3239.132 Safari/537.36"
157.245.66.185 - - [03/Aug/2021:03:44:32 +0000] "GET /news/wp-includes/wlwmanifest.xml HTTP/1.1" 404 230 "-" "Mozilla/5.0 (Windows NT 10.0; Win64; x64) AppleWebKit/537.36 (KHTML, like Gecko) Chrome/63.0.3239.132 Safari/537.36"
157.245.66.185 - - [03/Aug/2021:03:44:33 +0000] "GET /2015/wp-includes/wlwmanifest.xml HTTP/1.1" 404 230 "-" "Mozilla/5.0 (Windows NT 10.0; Win64; x64) AppleWebKit/537.36 (KHTML, like Gecko) Chrome/63.0.3239.132 Safari/537.36"
157.245.66.185 - - [03/Aug/2021:03:44:33 +0000] "GET /2016/wp-includes/wlwmanifest.xml HTTP/1.1" 404 230 "-" "Mozilla/5.0 (Windows NT 10.0; Win64; x64) AppleWebKit/537.36 (KHTML, like Gecko) Chrome/63.0.3239.132 Safari/537.36"
157.245.66.185 - - [03/Aug/2021:03:44:33 +0000] "GET /2017/wp-includes/wlwmanifest.xml HTTP/1.1" 404 230 "-" "Mozilla/5.0 (Windows NT 10.0; Win64; x64) AppleWebKit/537.36 (KHTML, like Gecko) Chrome/63.0.3239.132 Safari/537.36"
157.245.66.185 - - [03/Aug/2021:03:44:33 +0000] "GET /2018/wp-includes/wlwmanifest.xml HTTP/1.1" 404 230 "-" "Mozilla/5.0 (Windows NT 10.0; Win64; x64) AppleWebKit/537.36 (KHTML, like Gecko) Chrome/63.0.3239.132 Safari/537.36"
157.245.66.185 - - [03/Aug/2021:03:44:33 +0000] "GET /shop/wp-includes/wlwmanifest.xml HTTP/1.1" 404 230 "-" "Mozilla/5.0 (Windows NT 10.0; Win64; x64) AppleWebKit/537.36 (KHTML, like Gecko) Chrome/63.0.3239.132 Safari/537.36"
157.245.66.185 - - [03/Aug/2021:03:44:33 +0000] "GET /wp1/wp-includes/wlwmanifest.xml HTTP/1.1" 404 229 "-" "Mozilla/5.0 (Windows NT 10.0; Win64; x64) AppleWebKit/537.36 (KHTML, like Gecko) Chrome/63.0.3239.132 Safari/537.36"
157.245.66.185 - - [03/Aug/2021:03:44:33 +0000] "GET /test/wp-includes/wlwmanifest.xml HTTP/1.1" 404 230 "-" "Mozilla/5.0 (Windows NT 10.0; Win64; x64) AppleWebKit/537.36 (KHTML, like Gecko) Chrome/63.0.3239.132 Safari/537.36"
157.245.66.185 - - [03/Aug/2021:03:44:34 +0000] "GET /media/wp-includes/wlwmanifest.xml HTTP/1.1" 404 231 "-" "Mozilla/5.0 (Windows NT 10.0; Win64; x64) AppleWebKit/537.36 (KHTML, like Gecko) Chrome/63.0.3239.132 Safari/537.36"
157.245.66.185 - - [03/Aug/2021:03:44:34 +0000] "GET /wp2/wp-includes/wlwmanifest.xml HTTP/1.1" 404 229 "-" "Mozilla/5.0 (Windows NT 10.0; Win64; x64) AppleWebKit/537.36 (KHTML, like Gecko) Chrome/63.0.3239.132 Safari/537.36"
157.245.66.185 - - [03/Aug/2021:03:44:34 +0000] "GET /site/wp-includes/wlwmanifest.xml HTTP/1.1" 404 230 "-" "Mozilla/5.0 (Windows NT 10.0; Win64; x64) AppleWebKit/537.36 (KHTML, like Gecko) Chrome/63.0.3239.132 Safari/537.36"
157.245.66.185 - - [03/Aug/2021:03:44:34 +0000] "GET /cms/wp-includes/wlwmanifest.xml HTTP/1.1" 404 229 "-" "Mozilla/5.0 (Windows NT 10.0; Win64; x64) AppleWebKit/537.36 (KHTML, like Gecko) Chrome/63.0.3239.132 Safari/537.36"
157.245.66.185 - - [03/Aug/2021:03:44:34 +0000] "GET /sito/wp-includes/wlwmanifest.xml HTTP/1.1" 404 230 "-" "Mozilla/5.0 (Windows NT 10.0; Win64; x64) AppleWebKit/537.36 (KHTML, like Gecko) Chrome/63.0.3239.132 Safari/537.36"
106.207.194.104 - - [03/Aug/2021:03:45:56 +0000] "-" 408 - "-" "-"
106.207.194.104 - - [03/Aug/2021:03:45:56 +0000] "-" 408 - "-" "-"
106.207.194.104 - - [03/Aug/2021:03:45:56 +0000] "-" 408 - "-" "-"
106.207.194.104 - - [03/Aug/2021:03:45:56 +0000] "-" 408 - "-" "-"
114.119.131.2 - - [03/Aug/2021:03:49:43 +0000] "GET /updates/page/114/?wordfence_logHuman=1 HTTP/1.1" 404 215 "-" "Mozilla/5.0 (Linux; Android 7.0;) AppleWebKit/537.36 (KHTML, like Gecko) Mobile Safari/537.36 (compatible; PetalBot;+https://webmaster.petalsearch.com/site/petalbot)"
117.209.139.31 - - [03/Aug/2021:03:49:47 +0000] "GET /Indian-Banking-Scenario.html HTTP/1.1" 404 226 "http://www.google.com/" "Mozilla/5.0 (Linux; Android 9; vivo 1901) AppleWebKit/537.36 (KHTML, like Gecko) Chrome/80.0.3987.149 Mobile Safari/537.36"
117.209.139.31 - - [03/Aug/2021:03:49:48 +0000] "GET /favicon.ico HTTP/1.1" 404 209 "http://aimnachieve.com/Indian-Banking-Scenario.html" "Mozilla/5.0 (Linux; Android 9; vivo 1901) AppleWebKit/537.36 (KHTML, like Gecko) Chrome/80.0.3987.149 Mobile Safari/537.36"
92.118.160.17 - - [03/Aug/2021:03:50:25 +0000] "GET / HTTP/1.1" 403 209 "-" "NetSystemsResearch studies the availability of various services across the internet. Our website is netsystemsresearch.com"
157.55.39.116 - - [03/Aug/2021:03:51:30 +0000] "GET /updates/category/crpf-exams/ HTTP/1.1" 404 226 "-" "Mozilla/5.0 (compatible; bingbot/2.0; +http://www.bing.com/bingbot.htm)"
106.202.218.252 - - [03/Aug/2021:03:53:35 +0000] "-" 408 - "-" "-"
114.119.136.155 - - [03/Aug/2021:03:56:02 +0000] "GET /updates/wp-content/uploads/2017/09/NDA-Paper-2-Code-C-Answer-Key-10-September-2017.pdf HTTP/1.1" 404 284 "-" "Mozilla/5.0 (Linux; Android 7.0;) AppleWebKit/537.36 (KHTML, like Gecko) Mobile Safari/537.36 (compatible; PetalBot;+https://webmaster.petalsearch.com/site/petalbot)"
123.201.248.151 - - [03/Aug/2021:03:56:46 +0000] "GET /Indian-Banking-Scenario.html HTTP/1.1" 404 226 "http://www.google.com/" "Mozilla/5.0 (Linux; Android 9; vivo 1727) AppleWebKit/537.36 (KHTML, like Gecko) Chrome/92.0.4515.115 Mobile Safari/537.36"
123.201.248.151 - - [03/Aug/2021:03:56:46 +0000] "GET /css/aim-achieve.css HTTP/1.1" 404 217 "-" "Mozilla/5.0 (Linux; Android 9; vivo 1727) AppleWebKit/537.36 (KHTML, like Gecko) Chrome/92.0.4515.115 Mobile Safari/537.36"
123.201.248.151 - - [03/Aug/2021:03:56:46 +0000] "GET /css/responsive-layout.css HTTP/1.1" 404 223 "-" "Mozilla/5.0 (Linux; Android 9; vivo 1727) AppleWebKit/537.36 (KHTML, like Gecko) Chrome/92.0.4515.115 Mobile Safari/537.36"
123.201.248.151 - - [03/Aug/2021:03:56:46 +0000] "GET /css/menu-styles.css HTTP/1.1" 404 217 "-" "Mozilla/5.0 (Linux; Android 9; vivo 1727) AppleWebKit/537.36 (KHTML, like Gecko) Chrome/92.0.4515.115 Mobile Safari/537.36"
123.201.248.151 - - [03/Aug/2021:03:56:46 +0000] "GET /favicon.ico HTTP/1.1" 404 209 "http://aimnachieve.com/Indian-Banking-Scenario.html" "Mozilla/5.0 (Linux; Android 9; vivo 1727) AppleWebKit/537.36 (KHTML, like Gecko) Chrome/92.0.4515.115 Mobile Safari/537.36"
157.47.154.48 - - [03/Aug/2021:03:56:47 +0000] "-" 408 - "-" "-"
114.119.160.248 - - [03/Aug/2021:04:02:15 +0000] "GET /rrb.html HTTP/1.1" 404 206 "-" "Mozilla/5.0 (Linux; Android 7.0;) AppleWebKit/537.36 (KHTML, like Gecko) Mobile Safari/537.36 (compatible; PetalBot;+https://webmaster.petalsearch.com/site/petalbot)"
157.55.39.65 - - [03/Aug/2021:04:05:03 +0000] "GET /updates/tag/cds-2020-question-paper/ HTTP/1.1" 404 234 "-" "Mozilla/5.0 (compatible; bingbot/2.0; +http://www.bing.com/bingbot.htm)"
114.119.134.232 - - [03/Aug/2021:04:08:31 +0000] "GET /updates/ibps-cwe-po-mt-vi-clerk-vi-so-vi-reserve-list-out HTTP/1.1" 404 255 "-" "Mozilla/5.0 (Linux; Android 7.0;) AppleWebKit/537.36 (KHTML, like Gecko) Mobile Safari/537.36 (compatible; PetalBot;+https://webmaster.petalsearch.com/site/petalbot)"
157.55.39.185 - - [03/Aug/2021:04:12:33 +0000] "GET /updates/tag/how-to-crack-ctet/ HTTP/1.1" 404 228 "-" "Mozilla/5.0 (compatible; bingbot/2.0; +http://www.bing.com/bingbot.htm)"
114.119.160.195 - - [03/Aug/2021:04:14:38 +0000] "GET /updates/ssc-stenographer-grade-c-d-2017-written-result-out/ HTTP/1.1" 404 257 "-" "Mozilla/5.0 (Linux; Android 7.0;) AppleWebKit/537.36 (KHTML, like Gecko) Mobile Safari/537.36 (compatible; PetalBot;+https://webmaster.petalsearch.com/site/petalbot)"
61.219.11.151 - - [03/Aug/2021:04:17:17 +0000] "GET / HTTP/1.0" 400 362 "-" "-"
40.77.167.19 - - [03/Aug/2021:04:19:16 +0000] "GET /salient-features.html HTTP/1.1" 404 219 "-" "Mozilla/5.0 (compatible; bingbot/2.0; +http://www.bing.com/bingbot.htm)"
40.77.167.19 - - [03/Aug/2021:04:19:18 +0000] "GET /nda.html HTTP/1.1" 404 206 "-" "Mozilla/5.0 (compatible; bingbot/2.0; +http://www.bing.com/bingbot.htm)"
114.119.154.26 - - [03/Aug/2021:04:20:52 +0000] "GET /updates/gic-scale-i-officers-2017-final-result-out HTTP/1.1" 404 248 "-" "Mozilla/5.0 (Linux; Android 7.0;) AppleWebKit/537.36 (KHTML, like Gecko) Mobile Safari/537.36 (compatible; PetalBot;+https://webmaster.petalsearch.com/site/petalbot)"
171.79.146.125 - - [03/Aug/2021:04:23:09 +0000] "-" 408 - "-" "-"
171.79.146.125 - - [03/Aug/2021:04:23:09 +0000] "-" 408 - "-" "-"
185.191.171.17 - - [03/Aug/2021:04:23:30 +0000] "GET /robots.txt HTTP/1.1" 404 208 "-" "Mozilla/5.0 (compatible; SemrushBot/7~bl; +http://www.semrush.com/bot.html)"
185.191.171.34 - - [03/Aug/2021:04:23:31 +0000] "GET /insurance-exams.html HTTP/1.1" 404 218 "-" "Mozilla/5.0 (compatible; SemrushBot/7~bl; +http://www.semrush.com/bot.html)"
157.55.39.64 - - [03/Aug/2021:04:23:46 +0000] "GET / HTTP/1.1" 403 209 "-" "Mozilla/5.0 (compatible; bingbot/2.0; +http://www.bing.com/bingbot.htm)"
157.55.39.129 - - [03/Aug/2021:04:24:37 +0000] "GET /updates/category/current-affairs/page/16/ HTTP/1.1" 404 239 "-" "Mozilla/5.0 (compatible; bingbot/2.0; +http://www.bing.com/bingbot.htm)"
114.119.160.195 - - [03/Aug/2021:04:27:00 +0000] "GET /updates/wp-content/uploads/2018/09/NDA-II-2018-Maths-Answer-Key-of-Paper-1-Code-A.pdf HTTP/1.1" 404 283 "-" "Mozilla/5.0 (Linux; Android 7.0;) AppleWebKit/537.36 (KHTML, like Gecko) Mobile Safari/537.36 (compatible; PetalBot;+https://webmaster.petalsearch.com/site/petalbot)"
172.70.34.164 - - [03/Aug/2021:04:27:13 +0000] "GET /robots.txt HTTP/1.1" 404 208 "-" "Mozilla/5.0 (compatible; bingbot/2.0; +http://www.bing.com/bingbot.htm)"
157.55.39.116 - - [03/Aug/2021:04:28:44 +0000] "GET /cds-coaching.html HTTP/1.1" 404 215 "-" "Mozilla/5.0 (compatible; bingbot/2.0; +http://www.bing.com/bingbot.htm)"
106.208.101.7 - - [03/Aug/2021:04:28:49 +0000] "-" 408 - "-" "-"
106.208.101.7 - - [03/Aug/2021:04:29:55 +0000] "-" 408 - "-" "-"
106.208.101.7 - - [03/Aug/2021:04:29:55 +0000] "-" 408 - "-" "-"
157.55.39.129 - - [03/Aug/2021:04:29:59 +0000] "GET /updates/daily-current-affairs-17th-november-2017/ HTTP/1.1" 404 247 "-" "Mozilla/5.0 (compatible; bingbot/2.0; +http://www.bing.com/bingbot.htm)"
66.249.66.25 - - [03/Aug/2021:04:32:15 +0000] "GET /Indian-Banking-Scenario.html HTTP/1.1" 404 226 "-" "Mozilla/5.0 (Linux; Android 6.0.1; Nexus 5X Build/MMB29P) AppleWebKit/537.36 (KHTML, like Gecko) Chrome/92.0.4515.119 Mobile Safari/537.36 (compatible; Googlebot/2.1; +http://www.google.com/bot.html)"
114.119.131.2 - - [03/Aug/2021:04:33:04 +0000] "GET /updates/tag/ssc-si-asi-exam-pattern HTTP/1.1" 404 233 "-" "Mozilla/5.0 (Linux; Android 7.0;) AppleWebKit/537.36 (KHTML, like Gecko) Mobile Safari/537.36 (compatible; PetalBot;+https://webmaster.petalsearch.com/site/petalbot)"
106.13.224.148 - - [03/Aug/2021:04:34:29 +0000] "POST //website.php HTTP/1.1" 404 209 "http://misc.yahoo.com.cn/" "Mozilla/5.0 (compatible; Yahoo! Slurp China; http://misc.yahoo.com.cn/help.html)"
106.13.224.148 - - [03/Aug/2021:04:34:29 +0000] "POST //website.php HTTP/1.1" 404 209 "http://misc.yahoo.com.cn/" "Mozilla/5.0 (compatible; Yahoo! Slurp China; http://misc.yahoo.com.cn/help.html)"
106.13.224.148 - - [03/Aug/2021:04:34:29 +0000] "POST //website.php HTTP/1.1" 404 209 "http://misc.yahoo.com.cn/" "Mozilla/5.0 (compatible; Yahoo! Slurp China; http://misc.yahoo.com.cn/help.html)"
40.77.167.19 - - [03/Aug/2021:04:35:10 +0000] "GET /updates/author/aimandachieve/ HTTP/1.1" 404 227 "-" "Mozilla/5.0 (compatible; bingbot/2.0; +http://www.bing.com/bingbot.htm)"
106.208.157.140 - - [03/Aug/2021:04:36:20 +0000] "-" 408 - "-" "-"
157.38.7.51 - - [03/Aug/2021:04:36:33 +0000] "-" 408 - "-" "-"
157.38.7.51 - - [03/Aug/2021:04:37:02 +0000] "-" 408 - "-" "-"
117.234.199.208 - - [03/Aug/2021:04:37:29 +0000] "-" 408 - "-" "-"
114.119.146.145 - - [03/Aug/2021:04:39:10 +0000] "GET /updates/bob-manipal-po-2017-scorecard-and-cut-off-released/ HTTP/1.1" 404 257 "-" "Mozilla/5.0 (Linux; Android 7.0;) AppleWebKit/537.36 (KHTML, like Gecko) Mobile Safari/537.36 (compatible; PetalBot;+https://webmaster.petalsearch.com/site/petalbot)"
157.38.15.198 - - [03/Aug/2021:04:41:28 +0000] "-" 408 - "-" "-"
157.38.15.198 - - [03/Aug/2021:04:41:28 +0000] "-" 408 - "-" "-"
223.228.237.152 - - [03/Aug/2021:04:42:17 +0000] "-" 408 - "-" "-"
172.70.35.25 - - [03/Aug/2021:04:43:03 +0000] "GET / HTTP/1.1" 403 209 "-" "Mozilla/5.0 (Linux; Android 6.0.1; Nexus 5X Build/MMB29P) AppleWebKit/537.36 (KHTML, like Gecko) Chrome/92.0.4515.119 Mobile Safari/537.36 (compatible; Googlebot/2.1; +http://www.google.com/bot.html)"
157.38.25.175 - - [03/Aug/2021:04:43:28 +0000] "-" 408 - "-" "-"
106.207.194.104 - - [03/Aug/2021:04:43:36 +0000] "-" 408 - "-" "-"
171.79.146.125 - - [03/Aug/2021:04:44:53 +0000] "-" 408 - "-" "-"
171.79.146.125 - - [03/Aug/2021:04:44:53 +0000] "-" 408 - "-" "-"
114.119.136.155 - - [03/Aug/2021:04:45:12 +0000] "GET /updates/tag/chapter-wise-weightage-for-nda HTTP/1.1" 404 240 "-" "Mozilla/5.0 (Linux; Android 7.0;) AppleWebKit/537.36 (KHTML, like Gecko) Mobile Safari/537.36 (compatible; PetalBot;+https://webmaster.petalsearch.com/site/petalbot)"
171.79.179.209 - - [03/Aug/2021:04:45:46 +0000] "-" 408 - "-" "-"
103.50.151.138 - - [03/Aug/2021:04:47:00 +0000] "-" 408 - "-" "-"
157.55.39.116 - - [03/Aug/2021:04:49:59 +0000] "GET /updates/upsc-nda-2020-notification/ HTTP/1.1" 404 233 "-" "Mozilla/5.0 (compatible; bingbot/2.0; +http://www.bing.com/bingbot.htm)"
157.38.198.233 - - [03/Aug/2021:04:50:29 +0000] "-" 408 - "-" "-"
157.38.198.233 - - [03/Aug/2021:04:50:29 +0000] "-" 408 - "-" "-"
157.38.198.233 - - [03/Aug/2021:04:50:29 +0000] "-" 408 - "-" "-"
66.249.66.22 - - [03/Aug/2021:04:50:51 +0000] "GET /classroom-program-for-bank.html HTTP/1.1" 404 229 "-" "Mozilla/5.0 (Linux; Android 6.0.1; Nexus 5X Build/MMB29P) AppleWebKit/537.36 (KHTML, like Gecko) Chrome/92.0.4515.119 Mobile Safari/537.36 (compatible; Googlebot/2.1; +http://www.google.com/bot.html)"
43.239.206.194 - - [03/Aug/2021:04:51:07 +0000] "-" 408 - "-" "-"
114.119.154.26 - - [03/Aug/2021:04:51:23 +0000] "GET /updates/conquer-gk-your-weekly-gk-quiz-17-24-may-2017 HTTP/1.1" 404 251 "-" "Mozilla/5.0 (Linux; Android 7.0;) AppleWebKit/537.36 (KHTML, like Gecko) Mobile Safari/537.36 (compatible; PetalBot;+https://webmaster.petalsearch.com/site/petalbot)"
157.38.109.77 - - [03/Aug/2021:04:51:43 +0000] "-" 408 - "-" "-"
157.38.109.77 - - [03/Aug/2021:04:51:43 +0000] "-" 408 - "-" "-"
157.55.39.65 - - [03/Aug/2021:04:51:59 +0000] "GET /updates/daily-current-affairs-8th-february-2018/ HTTP/1.1" 404 246 "-" "Mozilla/5.0 (compatible; bingbot/2.0; +http://www.bing.com/bingbot.htm)"
114.119.160.195 - - [03/Aug/2021:04:57:10 +0000] "GET /updates/page/15 HTTP/1.1" 404 213 "-" "Mozilla/5.0 (Linux; Android 7.0;) AppleWebKit/537.36 (KHTML, like Gecko) Mobile Safari/537.36 (compatible; PetalBot;+https://webmaster.petalsearch.com/site/petalbot)"
165.225.124.105 - - [03/Aug/2021:04:58:31 +0000] "-" 408 - "-" "-"
106.207.194.104 - - [03/Aug/2021:05:00:03 +0000] "-" 408 - "-" "-"
106.207.194.104 - - [03/Aug/2021:05:00:03 +0000] "-" 408 - "-" "-"
106.207.194.104 - - [03/Aug/2021:05:00:26 +0000] "-" 408 - "-" "-"
106.207.194.104 - - [03/Aug/2021:05:00:26 +0000] "-" 408 - "-" "-"
106.207.194.104 - - [03/Aug/2021:05:00:26 +0000] "-" 408 - "-" "-"
106.207.194.104 - - [03/Aug/2021:05:00:26 +0000] "-" 408 - "-" "-"
106.207.194.104 - - [03/Aug/2021:05:00:26 +0000] "-" 408 - "-" "-"
157.38.107.210 - - [03/Aug/2021:05:01:02 +0000] "-" 408 - "-" "-"
114.119.154.26 - - [03/Aug/2021:05:03:04 +0000] "GET /updates/tag/cds-2020-solutions HTTP/1.1" 404 228 "-" "Mozilla/5.0 (Linux; Android 7.0;) AppleWebKit/537.36 (KHTML, like Gecko) Mobile Safari/537.36 (compatible; PetalBot;+https://webmaster.petalsearch.com/site/petalbot)"
66.249.66.21 - - [03/Aug/2021:05:03:17 +0000] "GET /updates/tag/india-post-bank-exam-notification/ HTTP/1.1" 404 244 "-" "Mozilla/5.0 (Linux; Android 6.0.1; Nexus 5X Build/MMB29P) AppleWebKit/537.36 (KHTML, like Gecko) Chrome/92.0.4515.119 Mobile Safari/537.36 (compatible; Googlebot/2.1; +http://www.google.com/bot.html)"
114.119.134.232 - - [03/Aug/2021:05:09:03 +0000] "GET /updates/page/44 HTTP/1.1" 404 213 "-" "Mozilla/5.0 (Linux; Android 7.0;) AppleWebKit/537.36 (KHTML, like Gecko) Mobile Safari/537.36 (compatible; PetalBot;+https://webmaster.petalsearch.com/site/petalbot)"
132.154.187.72 - - [03/Aug/2021:05:11:11 +0000] "GET /sbi-po-coaching.html HTTP/1.1" 404 218 "-" "Mozilla/5.0 (Linux; Android 10;) AppleWebKit/537.36 (KHTML, like Gecko) Chrome/72.0.3626.121 Mobile Safari/537.36"
132.154.187.72 - - [03/Aug/2021:05:11:11 +0000] "GET /favicon.ico HTTP/1.1" 404 209 "http://aimnachieve.com/sbi-po-coaching.html" "Mozilla/5.0 (Linux; Android 10;) AppleWebKit/537.36 (KHTML, like Gecko) Chrome/72.0.3626.121 Mobile Safari/537.36"
132.154.187.72 - - [03/Aug/2021:05:12:03 +0000] "GET /sbi-po-coaching.html HTTP/1.1" 404 218 "-" "Mozilla/5.0 (Linux; Android 10;) AppleWebKit/537.36 (KHTML, like Gecko) Chrome/72.0.3626.121 Mobile Safari/537.36"
132.154.187.72 - - [03/Aug/2021:05:12:04 +0000] "GET /favicon.ico HTTP/1.1" 404 209 "http://aimnachieve.com/sbi-po-coaching.html" "Mozilla/5.0 (Linux; Android 10;) AppleWebKit/537.36 (KHTML, like Gecko) Chrome/72.0.3626.121 Mobile Safari/537.36"
106.207.179.78 - - [03/Aug/2021:05:12:14 +0000] "-" 408 - "-" "-"
106.207.179.78 - - [03/Aug/2021:05:12:14 +0000] "-" 408 - "-" "-"
106.207.179.78 - - [03/Aug/2021:05:12:14 +0000] "-" 408 - "-" "-"
117.234.56.0 - - [03/Aug/2021:05:12:54 +0000] "-" 408 - "-" "-"
117.234.56.0 - - [03/Aug/2021:05:12:55 +0000] "-" 408 - "-" "-"
157.55.39.65 - - [03/Aug/2021:05:13:21 +0000] "GET /updates/daily-current-affairs-16th-january-2017/ HTTP/1.1" 404 246 "-" "Mozilla/5.0 (compatible; bingbot/2.0; +http://www.bing.com/bingbot.htm)"
157.47.194.240 - - [03/Aug/2021:05:14:04 +0000] "-" 408 - "-" "-"
157.55.39.185 - - [03/Aug/2021:05:14:08 +0000] "GET /About-IBPS-RRB-Exam.html HTTP/1.1" 404 222 "-" "Mozilla/5.0 (compatible; bingbot/2.0; +http://www.bing.com/bingbot.htm)"
106.66.235.34 - - [03/Aug/2021:05:14:34 +0000] "-" 408 - "-" "-"
114.119.143.214 - - [03/Aug/2021:05:15:04 +0000] "GET /updates/page/56?wordfence_logHuman=1 HTTP/1.1" 404 213 "-" "Mozilla/5.0 (Linux; Android 7.0;) AppleWebKit/537.36 (KHTML, like Gecko) Mobile Safari/537.36 (compatible; PetalBot;+https://webmaster.petalsearch.com/site/petalbot)"
66.249.66.21 - - [03/Aug/2021:05:15:42 +0000] "GET /test-series-for-bank.html HTTP/1.1" 404 223 "-" "Mozilla/5.0 (Linux; Android 6.0.1; Nexus 5X Build/MMB29P) AppleWebKit/537.36 (KHTML, like Gecko) Chrome/92.0.4515.119 Mobile Safari/537.36 (compatible; Googlebot/2.1; +http://www.google.com/bot.html)"
64.62.197.32 - - [03/Aug/2021:05:16:13 +0000] "GET / HTTP/1.1" 403 209 "-" "-"
223.228.236.147 - - [03/Aug/2021:05:16:23 +0000] "-" 408 - "-" "-"
106.207.154.110 - - [03/Aug/2021:05:16:27 +0000] "-" 408 - "-" "-"
106.207.154.110 - - [03/Aug/2021:05:16:27 +0000] "-" 408 - "-" "-"
106.207.154.110 - - [03/Aug/2021:05:16:27 +0000] "-" 408 - "-" "-"
106.207.154.110 - - [03/Aug/2021:05:16:27 +0000] "-" 408 - "-" "-"
157.55.39.64 - - [03/Aug/2021:05:16:32 +0000] "GET /index.html/js/jquery.bxslider.min.js HTTP/1.1" 404 234 "-" "Mozilla/5.0 (compatible; MSIE 9.0; Windows NT 6.1; Trident/5.0)"
157.38.15.198 - - [03/Aug/2021:05:16:39 +0000] "-" 408 - "-" "-"
157.38.15.198 - - [03/Aug/2021:05:16:40 +0000] "-" 408 - "-" "-"
157.38.7.51 - - [03/Aug/2021:05:17:02 +0000] "-" 408 - "-" "-"
106.207.154.110 - - [03/Aug/2021:05:17:06 +0000] "-" 408 - "-" "-"
106.207.154.110 - - [03/Aug/2021:05:17:06 +0000] "-" 408 - "-" "-"
106.207.154.110 - - [03/Aug/2021:05:17:06 +0000] "-" 408 - "-" "-"
106.207.154.110 - - [03/Aug/2021:05:17:06 +0000] "-" 408 - "-" "-"
106.207.154.110 - - [03/Aug/2021:05:17:06 +0000] "-" 408 - "-" "-"
103.206.51.243 - - [03/Aug/2021:05:17:27 +0000] "GET /cwe.html HTTP/1.1" 404 206 "http://www.google.com/" "Mozilla/5.0 (Linux; Android 10; SM-A107F) AppleWebKit/537.36 (KHTML, like Gecko) Chrome/80.0.3987.99 Mobile Safari/537.36"
103.206.51.243 - - [03/Aug/2021:05:17:29 +0000] "GET /favicon.ico HTTP/1.1" 404 209 "http://aimnachieve.com/cwe.html" "Mozilla/5.0 (Linux; Android 10; SM-A107F) AppleWebKit/537.36 (KHTML, like Gecko) Chrome/80.0.3987.99 Mobile Safari/537.36"
157.55.39.129 - - [03/Aug/2021:05:18:54 +0000] "GET /updates/daily-current-affairs-20th-march-2018/ HTTP/1.1" 404 244 "-" "Mozilla/5.0 (compatible; bingbot/2.0; +http://www.bing.com/bingbot.htm)"
114.119.160.248 - - [03/Aug/2021:05:21:02 +0000] "GET /test-series-for-ssc.html HTTP/1.1" 404 222 "-" "Mozilla/5.0 (Linux; Android 7.0;) AppleWebKit/537.36 (KHTML, like Gecko) Mobile Safari/537.36 (compatible; PetalBot;+https://webmaster.petalsearch.com/site/petalbot)"
106.66.235.34 - - [03/Aug/2021:05:21:43 +0000] "-" 408 - "-" "-"
106.66.235.34 - - [03/Aug/2021:05:21:43 +0000] "-" 408 - "-" "-"
103.206.51.243 - - [03/Aug/2021:05:22:09 +0000] "GET /cwe.html HTTP/1.1" 404 206 "http://www.google.com/" "Mozilla/5.0 (Linux; Android 10; SM-A107F) AppleWebKit/537.36 (KHTML, like Gecko) Chrome/80.0.3987.99 Mobile Safari/537.36"
103.206.51.243 - - [03/Aug/2021:05:22:09 +0000] "GET /favicon.ico HTTP/1.1" 404 209 "http://aimnachieve.com/cwe.html" "Mozilla/5.0 (Linux; Android 10; SM-A107F) AppleWebKit/537.36 (KHTML, like Gecko) Chrome/80.0.3987.99 Mobile Safari/537.36"
157.38.15.198 - - [03/Aug/2021:05:23:10 +0000] "-" 408 - "-" "-"
106.207.141.187 - - [03/Aug/2021:05:23:20 +0000] "-" 408 - "-" "-"
106.207.141.187 - - [03/Aug/2021:05:23:20 +0000] "-" 408 - "-" "-"
106.207.141.187 - - [03/Aug/2021:05:23:20 +0000] "-" 408 - "-" "-"
106.207.141.187 - - [03/Aug/2021:05:23:20 +0000] "-" 408 - "-" "-"
106.207.141.187 - - [03/Aug/2021:05:23:20 +0000] "-" 408 - "-" "-"
168.119.68.189 - - [03/Aug/2021:05:23:43 +0000] "GET /EnqSubmit_contact.html HTTP/1.1" 404 220 "http://aimnachieve.blogspot.com/" "Mozilla/5.0 (compatible; AhrefsBot/7.0; +http://ahrefs.com/robot/)"
54.36.148.188 - - [03/Aug/2021:05:23:48 +0000] "GET /robots.txt HTTP/1.1" 404 208 "-" "Mozilla/5.0 (compatible; AhrefsBot/7.0; +http://ahrefs.com/robot/)"
114.119.154.26 - - [03/Aug/2021:05:26:56 +0000] "GET /images/clat-online-test-series-package-details.png HTTP/1.1" 404 248 "-" "Mozilla/5.0 (Linux; Android 7.0;) AppleWebKit/537.36 (KHTML, like Gecko) Mobile Safari/537.36 (compatible; PetalBot;+https://webmaster.petalsearch.com/site/petalbot)"
157.38.13.229 - - [03/Aug/2021:05:28:13 +0000] "-" 408 - "-" "-"
157.38.13.229 - - [03/Aug/2021:05:28:13 +0000] "-" 408 - "-" "-"
157.55.39.185 - - [03/Aug/2021:05:28:21 +0000] "GET /dsssb-coaching.html HTTP/1.1" 404 217 "-" "Mozilla/5.0 (compatible; bingbot/2.0; +http://www.bing.com/bingbot.htm)"
210.89.58.127 - - [03/Aug/2021:05:30:10 +0000] "GET /images/CLAT-Coaching-Classes.jpg HTTP/1.1" 404 230 "https://www.google.com/" "Mozilla/5.0 (Windows NT 6.1; Win64; x64) AppleWebKit/537.36 (KHTML, like Gecko) Chrome/92.0.4515.107 Safari/537.36"
66.249.82.67 - - [03/Aug/2021:05:30:11 +0000] "GET /images/CLAT-Coaching-Classes.jpg HTTP/1.1" 404 230 "-" "Mozilla/5.0 (Windows NT 5.1; rv:11.0) Gecko Firefox/11.0 (via ggpht.com GoogleImageProxy)"
171.79.179.209 - - [03/Aug/2021:05:30:18 +0000] "-" 408 - "-" "-"
114.119.154.26 - - [03/Aug/2021:05:32:54 +0000] "GET /updates/conquer-gk-your-weekly-gk-quiz-1-8-june-2017 HTTP/1.1" 404 250 "-" "Mozilla/5.0 (Linux; Android 7.0;) AppleWebKit/537.36 (KHTML, like Gecko) Mobile Safari/537.36 (compatible; PetalBot;+https://webmaster.petalsearch.com/site/petalbot)"
157.38.13.229 - - [03/Aug/2021:05:33:39 +0000] "-" 408 - "-" "-"
157.38.13.229 - - [03/Aug/2021:05:33:39 +0000] "-" 408 - "-" "-"
157.38.13.229 - - [03/Aug/2021:05:34:38 +0000] "-" 408 - "-" "-"
157.38.13.229 - - [03/Aug/2021:05:34:38 +0000] "-" 408 - "-" "-"
157.38.13.229 - - [03/Aug/2021:05:35:39 +0000] "-" 408 - "-" "-"
157.38.13.229 - - [03/Aug/2021:05:35:39 +0000] "-" 408 - "-" "-"
207.46.13.30 - - [03/Aug/2021:05:35:48 +0000] "GET /index.html/enqsubmit.html HTTP/1.1" 404 223 "-" "Mozilla/5.0 (compatible; MSIE 9.0; Windows NT 6.1; Trident/5.0)"
157.38.13.229 - - [03/Aug/2021:05:36:47 +0000] "-" 408 - "-" "-"
157.38.13.229 - - [03/Aug/2021:05:36:47 +0000] "-" 408 - "-" "-"
117.234.56.0 - - [03/Aug/2021:05:37:12 +0000] "-" 408 - "-" "-"
117.234.56.0 - - [03/Aug/2021:05:37:14 +0000] "-" 408 - "-" "-"
117.234.56.0 - - [03/Aug/2021:05:37:14 +0000] "-" 408 - "-" "-"
76.72.172.167 - - [03/Aug/2021:05:37:37 +0000] "\n" 400 226 "-" "-"
223.228.253.69 - - [03/Aug/2021:05:37:39 +0000] "-" 408 - "-" "-"
223.228.253.69 - - [03/Aug/2021:05:37:39 +0000] "-" 408 - "-" "-"
42.105.57.84 - - [03/Aug/2021:05:37:48 +0000] "-" 408 - "-" "-"
117.234.56.0 - - [03/Aug/2021:05:38:30 +0000] "-" 408 - "-" "-"
