114.119.143.214 - - [02/Aug/2021:02:36:54 +0000] "GET /updates/tag/cds-1-2020-official-cutoff HTTP/1.1" 404 236 "-" "Mozilla/5.0 (Linux; Android 7.0;) AppleWebKit/537.36 (KHTML, like Gecko) Mobile Safari/537.36 (compatible; PetalBot;+https://webmaster.petalsearch.com/site/petalbot)"
157.38.4.146 - - [02/Aug/2021:02:38:38 +0000] "-" 408 - "-" "-"
157.38.4.146 - - [02/Aug/2021:02:38:38 +0000] "-" 408 - "-" "-"
157.38.4.146 - - [02/Aug/2021:02:39:59 +0000] "-" 408 - "-" "-"
157.38.4.146 - - [02/Aug/2021:02:39:59 +0000] "-" 408 - "-" "-"
157.38.4.146 - - [02/Aug/2021:02:40:59 +0000] "-" 408 - "-" "-"
157.38.4.146 - - [02/Aug/2021:02:40:59 +0000] "-" 408 - "-" "-"
40.77.167.74 - - [02/Aug/2021:02:41:05 +0000] "GET /images/IAF-AFCAT.jpg HTTP/1.1" 404 218 "-" "Mozilla/5.0 (compatible; bingbot/2.0; +http://www.bing.com/bingbot.htm)"
66.249.66.22 - - [02/Aug/2021:02:43:14 +0000] "GET /ads.txt HTTP/1.1" 404 205 "-" "Mozilla/5.0 (compatible; Googlebot/2.1; +http://www.google.com/bot.html)"
114.119.131.2 - - [02/Aug/2021:02:43:27 +0000] "GET /updates/ippb-scale-i-ii-iii-2017-interview-call-letter-out HTTP/1.1" 404 256 "-" "Mozilla/5.0 (Linux; Android 7.0;) AppleWebKit/537.36 (KHTML, like Gecko) Mobile Safari/537.36 (compatible; PetalBot;+https://webmaster.petalsearch.com/site/petalbot)"
66.249.66.145 - - [02/Aug/2021:02:45:45 +0000] "GET / HTTP/1.1" 403 209 "-" "Mozilla/5.0 (compatible; Googlebot/2.1; +http://www.google.com/bot.html)"
207.46.13.30 - - [02/Aug/2021:02:46:57 +0000] "GET /updates/ibps-specialist-officer-coaching/ HTTP/1.1" 404 239 "-" "Mozilla/5.0 (compatible; bingbot/2.0; +http://www.bing.com/bingbot.htm)"
114.119.162.33 - - [02/Aug/2021:02:50:25 +0000] "GET /updates/daily-current-affairs-8th-january-2017 HTTP/1.1" 404 244 "-" "Mozilla/5.0 (Linux; Android 7.0;) AppleWebKit/537.36 (KHTML, like Gecko) Mobile Safari/537.36 (compatible; PetalBot;+https://webmaster.petalsearch.com/site/petalbot)"
66.249.66.25 - - [02/Aug/2021:02:52:54 +0000] "GET /updates/ssc-stenographer-exam-2015-notification/ HTTP/1.1" 404 246 "-" "Mozilla/5.0 (Linux; Android 6.0.1; Nexus 5X Build/MMB29P) AppleWebKit/537.36 (KHTML, like Gecko) Chrome/92.0.4515.119 Mobile Safari/537.36 (compatible; Googlebot/2.1; +http://www.google.com/bot.html)"
157.55.39.185 - - [02/Aug/2021:02:54:16 +0000] "GET /updates/page/119/ HTTP/1.1" 404 215 "-" "Mozilla/5.0 (compatible; bingbot/2.0; +http://www.bing.com/bingbot.htm)"
114.119.156.72 - - [02/Aug/2021:02:55:46 +0000] "GET /robots.txt HTTP/1.1" 404 208 "-" "Mozilla/5.0 (compatible;PetalBot;+https://webmaster.petalsearch.com/site/petalbot)"
20.83.89.240 - - [02/Aug/2021:02:58:51 +0000] "-" 408 - "-" "-"
3.15.216.211 - - [02/Aug/2021:02:58:57 +0000] "GET / HTTP/1.1" 403 209 "-" "Mozilla/5.0 (Windows NT 10.0; Win64; x64) AppleWebKit/537.36 (KHTML, like Gecko) Chrome/88.0.4240.193 Safari/537.36"
3.15.216.211 - - [02/Aug/2021:02:58:57 +0000] "GET / HTTP/1.1" 403 209 "-" "Mozilla/5.0 (Windows NT 10.0; Win64; x64) AppleWebKit/537.36 (KHTML, like Gecko) Chrome/88.0.4240.193 Safari/537.36"
3.15.216.211 - - [02/Aug/2021:02:58:57 +0000] "GET /wp-includes/wlwmanifest.xml HTTP/1.1" 404 225 "-" "Mozilla/5.0 (Windows NT 10.0; Win64; x64) AppleWebKit/537.36 (KHTML, like Gecko) Chrome/88.0.4240.193 Safari/537.36"
3.15.216.211 - - [02/Aug/2021:02:58:58 +0000] "GET /xmlrpc.php?rsd HTTP/1.1" 404 208 "-" "Mozilla/5.0 (Windows NT 10.0; Win64; x64) AppleWebKit/537.36 (KHTML, like Gecko) Chrome/88.0.4240.193 Safari/537.36"
3.15.216.211 - - [02/Aug/2021:02:58:58 +0000] "GET / HTTP/1.1" 403 209 "-" "Mozilla/5.0 (Windows NT 10.0; Win64; x64) AppleWebKit/537.36 (KHTML, like Gecko) Chrome/88.0.4240.193 Safari/537.36"
3.15.216.211 - - [02/Aug/2021:02:58:58 +0000] "GET /blog/wp-includes/wlwmanifest.xml HTTP/1.1" 404 230 "-" "Mozilla/5.0 (Windows NT 10.0; Win64; x64) AppleWebKit/537.36 (KHTML, like Gecko) Chrome/88.0.4240.193 Safari/537.36"
3.15.216.211 - - [02/Aug/2021:02:58:59 +0000] "GET /web/wp-includes/wlwmanifest.xml HTTP/1.1" 404 229 "-" "Mozilla/5.0 (Windows NT 10.0; Win64; x64) AppleWebKit/537.36 (KHTML, like Gecko) Chrome/88.0.4240.193 Safari/537.36"
3.15.216.211 - - [02/Aug/2021:02:58:59 +0000] "GET /wordpress/wp-includes/wlwmanifest.xml HTTP/1.1" 404 235 "-" "Mozilla/5.0 (Windows NT 10.0; Win64; x64) AppleWebKit/537.36 (KHTML, like Gecko) Chrome/88.0.4240.193 Safari/537.36"
3.15.216.211 - - [02/Aug/2021:02:58:59 +0000] "GET /website/wp-includes/wlwmanifest.xml HTTP/1.1" 404 233 "-" "Mozilla/5.0 (Windows NT 10.0; Win64; x64) AppleWebKit/537.36 (KHTML, like Gecko) Chrome/88.0.4240.193 Safari/537.36"
3.15.216.211 - - [02/Aug/2021:02:58:59 +0000] "GET /wp/wp-includes/wlwmanifest.xml HTTP/1.1" 404 228 "-" "Mozilla/5.0 (Windows NT 10.0; Win64; x64) AppleWebKit/537.36 (KHTML, like Gecko) Chrome/88.0.4240.193 Safari/537.36"
3.15.216.211 - - [02/Aug/2021:02:59:00 +0000] "GET /news/wp-includes/wlwmanifest.xml HTTP/1.1" 404 230 "-" "Mozilla/5.0 (Windows NT 10.0; Win64; x64) AppleWebKit/537.36 (KHTML, like Gecko) Chrome/88.0.4240.193 Safari/537.36"
3.15.216.211 - - [02/Aug/2021:02:59:00 +0000] "GET /2020/wp-includes/wlwmanifest.xml HTTP/1.1" 404 230 "-" "Mozilla/5.0 (Windows NT 10.0; Win64; x64) AppleWebKit/537.36 (KHTML, like Gecko) Chrome/88.0.4240.193 Safari/537.36"
3.15.216.211 - - [02/Aug/2021:02:59:00 +0000] "GET /2019/wp-includes/wlwmanifest.xml HTTP/1.1" 404 230 "-" "Mozilla/5.0 (Windows NT 10.0; Win64; x64) AppleWebKit/537.36 (KHTML, like Gecko) Chrome/88.0.4240.193 Safari/537.36"
3.15.216.211 - - [02/Aug/2021:02:59:00 +0000] "GET /shop/wp-includes/wlwmanifest.xml HTTP/1.1" 404 230 "-" "Mozilla/5.0 (Windows NT 10.0; Win64; x64) AppleWebKit/537.36 (KHTML, like Gecko) Chrome/88.0.4240.193 Safari/537.36"
3.15.216.211 - - [02/Aug/2021:02:59:01 +0000] "GET /wp1/wp-includes/wlwmanifest.xml HTTP/1.1" 404 229 "-" "Mozilla/5.0 (Windows NT 10.0; Win64; x64) AppleWebKit/537.36 (KHTML, like Gecko) Chrome/88.0.4240.193 Safari/537.36"
3.15.216.211 - - [02/Aug/2021:02:59:02 +0000] "GET /test/wp-includes/wlwmanifest.xml HTTP/1.1" 404 230 "-" "Mozilla/5.0 (Windows NT 10.0; Win64; x64) AppleWebKit/537.36 (KHTML, like Gecko) Chrome/88.0.4240.193 Safari/537.36"
3.15.216.211 - - [02/Aug/2021:02:59:02 +0000] "GET /wp2/wp-includes/wlwmanifest.xml HTTP/1.1" 404 229 "-" "Mozilla/5.0 (Windows NT 10.0; Win64; x64) AppleWebKit/537.36 (KHTML, like Gecko) Chrome/88.0.4240.193 Safari/537.36"
3.15.216.211 - - [02/Aug/2021:02:59:03 +0000] "GET /site/wp-includes/wlwmanifest.xml HTTP/1.1" 404 230 "-" "Mozilla/5.0 (Windows NT 10.0; Win64; x64) AppleWebKit/537.36 (KHTML, like Gecko) Chrome/88.0.4240.193 Safari/537.36"
3.15.216.211 - - [02/Aug/2021:02:59:04 +0000] "GET /cms/wp-includes/wlwmanifest.xml HTTP/1.1" 404 229 "-" "Mozilla/5.0 (Windows NT 10.0; Win64; x64) AppleWebKit/537.36 (KHTML, like Gecko) Chrome/88.0.4240.193 Safari/537.36"
3.15.216.211 - - [02/Aug/2021:02:59:04 +0000] "GET /sito/wp-includes/wlwmanifest.xml HTTP/1.1" 404 230 "-" "Mozilla/5.0 (Windows NT 10.0; Win64; x64) AppleWebKit/537.36 (KHTML, like Gecko) Chrome/88.0.4240.193 Safari/537.36"
66.249.66.82 - - [02/Aug/2021:02:59:17 +0000] "GET /robots.txt HTTP/1.1" 404 208 "-" "Mozilla/5.0 (compatible; Googlebot/2.1; +http://www.google.com/bot.html)"
66.249.66.83 - - [02/Aug/2021:02:59:18 +0000] "GET /our-introduction.html HTTP/1.1" 404 219 "-" "Mozilla/5.0 (Linux; Android 6.0.1; Nexus 5X Build/MMB29P) AppleWebKit/537.36 (KHTML, like Gecko) Chrome/92.0.4515.119 Mobile Safari/537.36 (compatible; Googlebot/2.1; +http://www.google.com/bot.html)"
66.249.92.22 - - [02/Aug/2021:03:00:25 +0000] "GET /clat-exam/ HTTP/1.1" 404 208 "-" "Mozilla/5.0 (iPhone; CPU iPhone OS 9_1 like Mac OS X) AppleWebKit/601.1.46 (KHTML, like Gecko) Version/9.0 Mobile/13B143 Safari/601.1 (compatible; AdsBot-Google-Mobile; +http://www.google.com/mobile/adsbot.html)"
40.77.167.25 - - [02/Aug/2021:03:01:53 +0000] "GET / HTTP/1.1" 403 209 "-" "Mozilla/5.0 (compatible; bingbot/2.0; +http://www.bing.com/bingbot.htm)"
114.119.146.145 - - [02/Aug/2021:03:02:20 +0000] "GET /updates/ssc-stenographer-2017-application-status-call-letter-out HTTP/1.1" 404 262 "-" "Mozilla/5.0 (Linux; Android 7.0;) AppleWebKit/537.36 (KHTML, like Gecko) Mobile Safari/537.36 (compatible; PetalBot;+https://webmaster.petalsearch.com/site/petalbot)"
106.38.241.120 - - [02/Aug/2021:03:04:33 +0000] "-" 408 - "-" "-"
207.46.13.30 - - [02/Aug/2021:03:04:57 +0000] "GET /Air-Force-X-Group-Coaching.html HTTP/1.1" 404 229 "-" "Mozilla/5.0 (compatible; bingbot/2.0; +http://www.bing.com/bingbot.htm)"
157.55.39.185 - - [02/Aug/2021:03:04:57 +0000] "GET /updates/nda-i-2019-question-papers-answer-key-solutions/ HTTP/1.1" 404 254 "-" "Mozilla/5.0 (compatible; bingbot/2.0; +http://www.bing.com/bingbot.htm)"
66.249.66.72 - - [02/Aug/2021:03:07:34 +0000] "GET /participating-law-schools-universities-in-clat.html HTTP/1.1" 404 249 "-" "Mozilla/5.0 (Linux; Android 6.0.1; Nexus 5X Build/MMB29P) AppleWebKit/537.36 (KHTML, like Gecko) Chrome/91.0.4472.90 Mobile Safari/537.36 (compatible; Googlebot/2.1; +http://www.google.com/bot.html)"
114.119.146.145 - - [02/Aug/2021:03:08:56 +0000] "GET /updates/daily-current-affairs-10th-june-2018 HTTP/1.1" 404 242 "-" "Mozilla/5.0 (Linux; Android 7.0;) AppleWebKit/537.36 (KHTML, like Gecko) Mobile Safari/537.36 (compatible; PetalBot;+https://webmaster.petalsearch.com/site/petalbot)"
106.13.238.108 - - [02/Aug/2021:03:10:55 +0000] "POST //userfiles/file/1.asp/4.jpg HTTP/1.1" 404 224 "http://misc.yahoo.com.cn/" "Mozilla/5.0 (compatible; Yahoo! Slurp China; http://misc.yahoo.com.cn/help.html)"
106.13.238.108 - - [02/Aug/2021:03:10:56 +0000] "POST //userfiles/file/1.asp/4.jpg HTTP/1.1" 404 224 "http://misc.yahoo.com.cn/" "Mozilla/5.0 (compatible; Yahoo! Slurp China; http://misc.yahoo.com.cn/help.html)"
77.75.79.95 - - [02/Aug/2021:03:13:30 +0000] "GET /robots.txt HTTP/1.1" 404 208 "-" "Mozilla/5.0 (compatible; SeznamBot/3.2; +http://napoveda.seznam.cz/en/seznambot-intro/)"
77.75.79.95 - - [02/Aug/2021:03:13:31 +0000] "GET /campus-infrastructure.html HTTP/1.1" 404 224 "-" "Mozilla/5.0 (compatible; SeznamBot/3.2; +http://napoveda.seznam.cz/en/seznambot-intro/)"
49.7.20.73 - - [02/Aug/2021:03:15:12 +0000] "GET / HTTP/1.1" 403 209 "-" "Sogou web spider/4.0(+http://www.sogou.com/docs/help/webmasters.htm#07)"
114.119.150.210 - - [02/Aug/2021:03:15:38 +0000] "GET /updates/tag/ssc-exams-coaching-in-delhi HTTP/1.1" 404 237 "-" "Mozilla/5.0 (Linux; Android 7.0;) AppleWebKit/537.36 (KHTML, like Gecko) Mobile Safari/537.36 (compatible; PetalBot;+https://webmaster.petalsearch.com/site/petalbot)"
114.119.136.155 - - [02/Aug/2021:03:22:05 +0000] "GET /updates/ibps-cwe-rrb-v-officer-scale-office-assistant-state-wise-reserve-list-released HTTP/1.1" 404 284 "-" "Mozilla/5.0 (Linux; Android 7.0;) AppleWebKit/537.36 (KHTML, like Gecko) Mobile Safari/537.36 (compatible; PetalBot;+https://webmaster.petalsearch.com/site/petalbot)"
157.37.177.49 - - [02/Aug/2021:03:23:39 +0000] "-" 408 - "-" "-"
169.149.39.167 - - [02/Aug/2021:03:24:16 +0000] "GET /favicon.ico HTTP/1.1" 404 209 "https://aimnachieve.com/updates/nda-1-2017-paper-analysis/" "Mozilla/5.0 (Linux; Android 9; Redmi 8) AppleWebKit/537.36 (KHTML, like Gecko) Chrome/84.0.4147.111 Mobile Safari/537.36"
169.149.39.167 - - [02/Aug/2021:03:24:36 +0000] "-" 408 - "-" "-"
169.149.1.85 - - [02/Aug/2021:03:24:36 +0000] "-" 408 - "-" "-"
169.149.1.85 - - [02/Aug/2021:03:24:36 +0000] "-" 408 - "-" "-"
108.162.245.149 - - [02/Aug/2021:03:27:15 +0000] "GET / HTTP/1.1" 403 209 "-" "Mozilla/5.0 (X11; Linux x86_64) AppleWebKit/537.36 (KHTML, like Gecko) Chrome/83.0.4103.97 Safari/537.36"
74.125.212.85 - - [02/Aug/2021:03:27:38 +0000] "GET / HTTP/1.1" 403 209 "-" "Mozilla/5.0 (X11; Linux x86_64) AppleWebKit/537.36 (KHTML, like Gecko) Chrome/49.0.2623.75 Safari/537.36 Google Favicon"
207.46.13.30 - - [02/Aug/2021:03:27:43 +0000] "GET /updates/tag/solutions-for-cds-2020/ HTTP/1.1" 404 233 "-" "Mozilla/5.0 (compatible; bingbot/2.0; +http://www.bing.com/bingbot.htm)"
40.77.167.19 - - [02/Aug/2021:03:28:14 +0000] "GET /nda.html HTTP/1.1" 404 206 "-" "Mozilla/5.0 (compatible; bingbot/2.0; +http://www.bing.com/bingbot.htm)"
114.119.131.180 - - [02/Aug/2021:03:28:54 +0000] "GET /robots.txt HTTP/1.1" 404 208 "-" "Mozilla/5.0 (compatible;PetalBot;+https://webmaster.petalsearch.com/site/petalbot)"
66.249.66.20 - - [02/Aug/2021:03:31:03 +0000] "GET /ctet-coaching.html HTTP/1.1" 404 216 "-" "Mozilla/5.0 (Linux; Android 6.0.1; Nexus 5X Build/MMB29P) AppleWebKit/537.36 (KHTML, like Gecko) Chrome/92.0.4515.119 Mobile Safari/537.36 (compatible; Googlebot/2.1; +http://www.google.com/bot.html)"
64.62.197.212 - - [02/Aug/2021:03:34:02 +0000] "GET / HTTP/1.1" 403 209 "-" "-"
5.45.207.143 - - [02/Aug/2021:03:34:24 +0000] "GET /robots.txt HTTP/1.1" 404 208 "-" "Mozilla/5.0 (compatible; YandexBot/3.0; +http://yandex.com/bots)"
5.45.207.143 - - [02/Aug/2021:03:34:28 +0000] "GET /updates/wp-content/themes/updates/images/favicon.ico HTTP/1.1" 404 250 "-" "Mozilla/5.0 (compatible; YandexFavicons/1.0; +http://yandex.com/bots)"
114.119.154.26 - - [02/Aug/2021:03:34:52 +0000] "GET /updates/rbi-office-attendant-2017-online-exam-result-out/ HTTP/1.1" 404 255 "-" "Mozilla/5.0 (Linux; Android 7.0;) AppleWebKit/537.36 (KHTML, like Gecko) Mobile Safari/537.36 (compatible; PetalBot;+https://webmaster.petalsearch.com/site/petalbot)"
40.77.167.25 - - [02/Aug/2021:03:37:14 +0000] "GET /test-series-for-bank.html HTTP/1.1" 404 223 "-" "Mozilla/5.0 (compatible; bingbot/2.0; +http://www.bing.com/bingbot.htm)"
223.188.51.8 - - [02/Aug/2021:03:40:02 +0000] "-" 408 - "-" "-"
157.55.39.185 - - [02/Aug/2021:03:41:00 +0000] "GET /updates/rbi-assistants-2016-main-exam-marks-out/ HTTP/1.1" 404 246 "-" "Mozilla/5.0 (compatible; bingbot/2.0; +http://www.bing.com/bingbot.htm)"
66.249.70.59 - - [02/Aug/2021:03:43:46 +0000] "GET /nda-previous-year-question-papers.html HTTP/1.1" 404 236 "-" "Mozilla/5.0 (Linux; Android 6.0.1; Nexus 5X Build/MMB29P) AppleWebKit/537.36 (KHTML, like Gecko) Chrome/92.0.4515.119 Mobile Safari/537.36 (compatible; Googlebot/2.1; +http://www.google.com/bot.html)"
157.38.61.141 - - [02/Aug/2021:03:46:48 +0000] "-" 408 - "-" "-"
157.38.61.141 - - [02/Aug/2021:03:46:48 +0000] "-" 408 - "-" "-"
211.249.246.198 - - [02/Aug/2021:03:47:54 +0000] "GET /robots.txt HTTP/1.1" 404 208 "-" "Mozilla/5.0 (compatible; Daum/4.1; +http://cs.daum.net/faq/15/4118.html?faqId=28966)"
211.249.246.198 - - [02/Aug/2021:03:47:54 +0000] "GET /updates/wp-content/uploads/2019/11/NDA-II-2019-GAT-Question-Paper-Code-C.pdf HTTP/1.1" 404 274 "-" "Mozilla/5.0 (compatible; Daum/4.1; +http://cs.daum.net/faq/15/4118.html?faqId=28966)"
211.249.246.198 - - [02/Aug/2021:03:48:06 +0000] "GET /updates/wp-content/uploads/2019/11/NDA-II-2019-GAT-Question-Paper-Code-C.pdf HTTP/1.1" 404 274 "-" "Mozilla/5.0 (compatible; Daum/4.1; +http://cs.daum.net/faq/15/4118.html?faqId=28966)"
114.119.131.2 - - [02/Aug/2021:03:48:07 +0000] "GET /updates/daily-current-affairs-27th-december-2017/ HTTP/1.1" 404 247 "-" "Mozilla/5.0 (Linux; Android 7.0;) AppleWebKit/537.36 (KHTML, like Gecko) Mobile Safari/537.36 (compatible; PetalBot;+https://webmaster.petalsearch.com/site/petalbot)"
211.249.246.198 - - [02/Aug/2021:03:48:18 +0000] "GET /updates/wp-content/uploads/2019/11/NDA-II-2019-GAT-Question-Paper-Code-C.pdf HTTP/1.1" 404 274 "-" "Mozilla/5.0 (compatible; Daum/4.1; +http://cs.daum.net/faq/15/4118.html?faqId=28966)"
106.13.238.108 - - [02/Aug/2021:03:53:05 +0000] "POST //userfiles/file/1.asp/asp.jpg HTTP/1.1" 404 226 "http://misc.yahoo.com.cn/" "Mozilla/5.0 (compatible; Yahoo! Slurp China; http://misc.yahoo.com.cn/help.html)"
106.13.238.108 - - [02/Aug/2021:03:53:06 +0000] "POST //userfiles/file/1.asp/asp.jpg HTTP/1.1" 404 226 "http://misc.yahoo.com.cn/" "Mozilla/5.0 (compatible; Yahoo! Slurp China; http://misc.yahoo.com.cn/help.html)"
157.38.220.237 - - [02/Aug/2021:03:53:15 +0000] "-" 408 - "-" "-"
157.38.220.237 - - [02/Aug/2021:03:53:15 +0000] "-" 408 - "-" "-"
114.119.143.214 - - [02/Aug/2021:03:54:50 +0000] "GET /updates/category/current-affairs/page/7 HTTP/1.1" 404 237 "-" "Mozilla/5.0 (Linux; Android 7.0;) AppleWebKit/537.36 (KHTML, like Gecko) Mobile Safari/537.36 (compatible; PetalBot;+https://webmaster.petalsearch.com/site/petalbot)"
207.46.13.168 - - [02/Aug/2021:03:55:02 +0000] "GET /Air-Force-Y-Group-Coaching.html HTTP/1.1" 404 229 "-" "Mozilla/5.0 (compatible; bingbot/2.0; +http://www.bing.com/bingbot.htm)"
185.191.171.5 - - [02/Aug/2021:03:56:19 +0000] "GET /robots.txt HTTP/1.1" 404 208 "-" "Mozilla/5.0 (compatible; SemrushBot/7~bl; +http://www.semrush.com/bot.html)"
185.191.171.45 - - [02/Aug/2021:03:56:20 +0000] "GET /classroom-program-for-bank.html HTTP/1.1" 404 229 "-" "Mozilla/5.0 (compatible; SemrushBot/7~bl; +http://www.semrush.com/bot.html)"
207.46.13.30 - - [02/Aug/2021:03:59:19 +0000] "GET /images/Selection-Procedure-for-AFCAT.jpg HTTP/1.1" 404 238 "-" "Mozilla/5.0 (compatible; bingbot/2.0; +http://www.bing.com/bingbot.htm)"
40.77.167.30 - - [02/Aug/2021:04:00:33 +0000] "GET /updates/daily-current-affairs-30th-august-2017/ HTTP/1.1" 404 245 "-" "Mozilla/5.0 (compatible; bingbot/2.0; +http://www.bing.com/bingbot.htm)"
114.119.150.210 - - [02/Aug/2021:04:01:34 +0000] "GET /updates/daily-current-affairs-8th-january-2018 HTTP/1.1" 404 244 "-" "Mozilla/5.0 (Linux; Android 7.0;) AppleWebKit/537.36 (KHTML, like Gecko) Mobile Safari/537.36 (compatible; PetalBot;+https://webmaster.petalsearch.com/site/petalbot)"
66.249.66.70 - - [02/Aug/2021:04:02:07 +0000] "GET /cds-syllabus.html HTTP/1.1" 404 215 "-" "Mozilla/5.0 (Linux; Android 6.0.1; Nexus 5X Build/MMB29P) AppleWebKit/537.36 (KHTML, like Gecko) Chrome/91.0.4472.90 Mobile Safari/537.36 (compatible; Googlebot/2.1; +http://www.google.com/bot.html)"
106.206.182.254 - - [02/Aug/2021:04:06:33 +0000] "-" 408 - "-" "-"
106.206.182.254 - - [02/Aug/2021:04:06:33 +0000] "-" 408 - "-" "-"
77.75.78.168 - - [02/Aug/2021:04:06:34 +0000] "GET /robots.txt HTTP/1.1" 404 208 "-" "Mozilla/5.0 (compatible; SeznamBot/3.2; +http://napoveda.seznam.cz/en/seznambot-intro/)"
77.75.78.168 - - [02/Aug/2021:04:06:35 +0000] "GET /cwe.html HTTP/1.1" 404 206 "-" "Mozilla/5.0 (compatible; SeznamBot/3.2; +http://napoveda.seznam.cz/en/seznambot-intro/)"
54.36.148.175 - - [02/Aug/2021:04:08:12 +0000] "GET /robots.txt HTTP/1.1" 404 208 "-" "Mozilla/5.0 (compatible; AhrefsBot/7.0; +http://ahrefs.com/robot/)"
114.119.160.195 - - [02/Aug/2021:04:08:18 +0000] "GET /updates/ssc-cpo-si-2016-appointment-letter-released-download-now/ HTTP/1.1" 404 263 "-" "Mozilla/5.0 (Linux; Android 7.0;) AppleWebKit/537.36 (KHTML, like Gecko) Mobile Safari/537.36 (compatible; PetalBot;+https://webmaster.petalsearch.com/site/petalbot)"
114.119.143.214 - - [02/Aug/2021:04:15:11 +0000] "GET /updates/conquer-gk-your-weekly-gk-quiz-1-8-jan-2017 HTTP/1.1" 404 249 "-" "Mozilla/5.0 (Linux; Android 7.0;) AppleWebKit/537.36 (KHTML, like Gecko) Mobile Safari/537.36 (compatible; PetalBot;+https://webmaster.petalsearch.com/site/petalbot)"
157.38.224.123 - - [02/Aug/2021:04:16:10 +0000] "-" 408 - "-" "-"
157.38.224.123 - - [02/Aug/2021:04:16:10 +0000] "-" 408 - "-" "-"
20.83.89.240 - - [02/Aug/2021:04:17:35 +0000] "-" 408 - "-" "-"
157.38.61.141 - - [02/Aug/2021:04:18:20 +0000] "-" 408 - "-" "-"
157.38.61.141 - - [02/Aug/2021:04:18:20 +0000] "-" 408 - "-" "-"
40.77.167.74 - - [02/Aug/2021:04:18:32 +0000] "GET /nda-cut-off.html HTTP/1.1" 404 214 "-" "Mozilla/5.0 (compatible; bingbot/2.0; +http://www.bing.com/bingbot.htm)"
114.119.154.26 - - [02/Aug/2021:04:21:59 +0000] "GET /updates/ibps-po-coaching HTTP/1.1" 404 222 "-" "Mozilla/5.0 (Linux; Android 7.0;) AppleWebKit/537.36 (KHTML, like Gecko) Mobile Safari/537.36 (compatible; PetalBot;+https://webmaster.petalsearch.com/site/petalbot)"
3.236.234.97 - - [02/Aug/2021:04:24:36 +0000] "GET /3index.php HTTP/1.1" 404 208 "-" "Mozilla/5.0 (Windows NT 10.0; Win64; x64) AppleWebKit/537.36 (KHTML, like Gecko) Chrome/85.0.4183.102 Safari/537.36"
3.236.234.97 - - [02/Aug/2021:04:24:36 +0000] "GET /2index.php HTTP/1.1" 404 208 "-" "Mozilla/5.0 (Windows NT 10.0; Win64; x64) AppleWebKit/537.36 (KHTML, like Gecko) Chrome/85.0.4183.102 Safari/537.36"
3.236.234.97 - - [02/Aug/2021:04:24:37 +0000] "GET /1index.php HTTP/1.1" 404 208 "-" "Mozilla/5.0 (Windows NT 10.0; Win64; x64) AppleWebKit/537.36 (KHTML, like Gecko) Chrome/85.0.4183.102 Safari/537.36"
117.211.222.16 - - [02/Aug/2021:04:27:17 +0000] "-" 408 - "-" "-"
117.211.222.16 - - [02/Aug/2021:04:27:18 +0000] "-" 408 - "-" "-"
114.119.162.33 - - [02/Aug/2021:04:28:53 +0000] "GET /updates/wp-content/uploads/2017/03/DMRC-Exam-2017-CRA-Maintainer-and-Other-Post-Official-Answer-Key-Out.jpg HTTP/1.1" 404 305 "-" "Mozilla/5.0 (Linux; Android 7.0;) AppleWebKit/537.36 (KHTML, like Gecko) Mobile Safari/537.36 (compatible; PetalBot;+https://webmaster.petalsearch.com/site/petalbot)"
40.77.167.106 - - [02/Aug/2021:04:30:38 +0000] "GET /updates/daily-current-affairs-24th-february-2017/ HTTP/1.1" 404 247 "-" "Mozilla/5.0 (compatible; bingbot/2.0; +http://www.bing.com/bingbot.htm)"
106.13.238.108 - - [02/Aug/2021:04:34:15 +0000] "POST //userfiles/file/1.asp/asp_asp.jpg HTTP/1.1" 404 230 "http://misc.yahoo.com.cn/" "Mozilla/5.0 (compatible; Yahoo! Slurp China; http://misc.yahoo.com.cn/help.html)"
106.13.238.108 - - [02/Aug/2021:04:34:17 +0000] "POST //userfiles/file/1.asp/asp_asp.jpg HTTP/1.1" 404 230 "http://misc.yahoo.com.cn/" "Mozilla/5.0 (compatible; Yahoo! Slurp China; http://misc.yahoo.com.cn/help.html)"
157.38.220.237 - - [02/Aug/2021:04:35:19 +0000] "-" 408 - "-" "-"
157.38.220.237 - - [02/Aug/2021:04:35:19 +0000] "-" 408 - "-" "-"
114.119.162.33 - - [02/Aug/2021:04:35:38 +0000] "GET /updates/others-weekly-current-affairs-26-september-2-october-2016 HTTP/1.1" 404 263 "-" "Mozilla/5.0 (Linux; Android 7.0;) AppleWebKit/537.36 (KHTML, like Gecko) Mobile Safari/537.36 (compatible; PetalBot;+https://webmaster.petalsearch.com/site/petalbot)"
157.38.12.164 - - [02/Aug/2021:04:36:35 +0000] "-" 408 - "-" "-"
185.191.171.42 - - [02/Aug/2021:04:38:42 +0000] "GET /nda-entrance-examination.html HTTP/1.1" 404 227 "-" "Mozilla/5.0 (compatible; SemrushBot/7~bl; +http://www.semrush.com/bot.html)"
157.38.4.146 - - [02/Aug/2021:04:40:41 +0000] "-" 408 - "-" "-"
157.38.4.146 - - [02/Aug/2021:04:40:41 +0000] "-" 408 - "-" "-"
66.249.66.21 - - [02/Aug/2021:04:41:00 +0000] "GET /india-post-bank-exam-coaching.html HTTP/1.1" 404 232 "-" "Mozilla/5.0 (Linux; Android 6.0.1; Nexus 5X Build/MMB29P) AppleWebKit/537.36 (KHTML, like Gecko) Chrome/92.0.4515.119 Mobile Safari/537.36 (compatible; Googlebot/2.1; +http://www.google.com/bot.html)"
157.38.224.123 - - [02/Aug/2021:04:41:07 +0000] "-" 408 - "-" "-"
114.119.160.195 - - [02/Aug/2021:04:42:26 +0000] "GET /updates/daily-current-affairs-29th-july-2017 HTTP/1.1" 404 242 "-" "Mozilla/5.0 (Linux; Android 7.0;) AppleWebKit/537.36 (KHTML, like Gecko) Mobile Safari/537.36 (compatible; PetalBot;+https://webmaster.petalsearch.com/site/petalbot)"
66.249.66.24 - - [02/Aug/2021:04:43:41 +0000] "GET /nda-coaching-in-delhi.html HTTP/1.1" 404 224 "-" "Mozilla/5.0 (compatible; Googlebot/2.1; +http://www.google.com/bot.html)"
1.39.222.4 - - [02/Aug/2021:04:43:52 +0000] "-" 408 - "-" "-"
207.46.13.168 - - [02/Aug/2021:04:44:47 +0000] "GET / HTTP/1.1" 403 209 "-" "Mozilla/5.0 (compatible; bingbot/2.0; +http://www.bing.com/bingbot.htm)"
178.128.194.144 - - [02/Aug/2021:04:47:03 +0000] "GET / HTTP/1.0" 400 362 "-" "-"
178.128.194.144 - - [02/Aug/2021:04:47:04 +0000] "GET / HTTP/1.1" 403 209 "-" "Mozilla/5.0 (Macintosh; Intel Mac OS X 10.13; rv:61.0) Gecko/20100101 Firefox/72.0"
42.105.48.234 - - [02/Aug/2021:04:47:46 +0000] "-" 408 - "-" "-"
157.38.119.86 - - [02/Aug/2021:04:48:38 +0000] "-" 408 - "-" "-"
157.38.119.86 - - [02/Aug/2021:04:48:52 +0000] "-" 408 - "-" "-"
114.119.154.26 - - [02/Aug/2021:04:49:12 +0000] "GET /updates/tag/railway-2016-exam-date HTTP/1.1" 404 232 "-" "Mozilla/5.0 (Linux; Android 7.0;) AppleWebKit/537.36 (KHTML, like Gecko) Mobile Safari/537.36 (compatible; PetalBot;+https://webmaster.petalsearch.com/site/petalbot)"
158.69.53.191 - - [02/Aug/2021:04:49:33 +0000] "GET / HTTP/1.1" 403 209 "-" "Mozilla/5.0 (X11; Linux x86_64) AppleWebKit/537.36 (KHTML, like Gecko) Chrome/50.0.2661.75 Safari/537.36"
1.39.199.228 - - [02/Aug/2021:04:52:17 +0000] "-" 408 - "-" "-"
1.39.199.228 - - [02/Aug/2021:04:52:17 +0000] "-" 408 - "-" "-"
157.38.202.234 - - [02/Aug/2021:04:52:34 +0000] "-" 408 - "-" "-"
157.38.202.234 - - [02/Aug/2021:04:53:34 +0000] "-" 408 - "-" "-"
157.38.202.234 - - [02/Aug/2021:04:53:34 +0000] "-" 408 - "-" "-"
185.191.171.24 - - [02/Aug/2021:04:53:48 +0000] "GET /online-test-series.html HTTP/1.1" 404 221 "-" "Mozilla/5.0 (compatible; SemrushBot/7~bl; +http://www.semrush.com/bot.html)"
157.38.202.234 - - [02/Aug/2021:04:54:21 +0000] "-" 408 - "-" "-"
157.38.202.234 - - [02/Aug/2021:04:54:21 +0000] "-" 408 - "-" "-"
114.119.134.232 - - [02/Aug/2021:04:56:07 +0000] "GET /updates/others-weekly-current-affairs-august-29-september-4-2016/ HTTP/1.1" 404 263 "-" "Mozilla/5.0 (Linux; Android 7.0;) AppleWebKit/537.36 (KHTML, like Gecko) Mobile Safari/537.36 (compatible; PetalBot;+https://webmaster.petalsearch.com/site/petalbot)"
77.75.79.72 - - [02/Aug/2021:04:58:46 +0000] "GET /robots.txt HTTP/1.1" 404 208 "-" "Mozilla/5.0 (compatible; SeznamBot/3.2; +http://napoveda.seznam.cz/en/seznambot-intro/)"
77.75.79.72 - - [02/Aug/2021:04:58:47 +0000] "GET /about-cds-exams.html HTTP/1.1" 404 218 "-" "Mozilla/5.0 (compatible; SeznamBot/3.2; +http://napoveda.seznam.cz/en/seznambot-intro/)"
171.79.152.15 - - [02/Aug/2021:05:01:50 +0000] "-" 408 - "-" "-"
171.79.152.15 - - [02/Aug/2021:05:02:25 +0000] "-" 408 - "-" "-"
171.79.152.15 - - [02/Aug/2021:05:02:25 +0000] "-" 408 - "-" "-"
114.119.136.155 - - [02/Aug/2021:05:02:51 +0000] "GET /updates/daily-current-affairs-5th-june-2017 HTTP/1.1" 404 241 "-" "Mozilla/5.0 (Linux; Android 7.0;) AppleWebKit/537.36 (KHTML, like Gecko) Mobile Safari/537.36 (compatible; PetalBot;+https://webmaster.petalsearch.com/site/petalbot)"
157.38.4.146 - - [02/Aug/2021:05:03:50 +0000] "-" 408 - "-" "-"
157.38.202.234 - - [02/Aug/2021:05:04:28 +0000] "-" 408 - "-" "-"
157.38.202.234 - - [02/Aug/2021:05:04:28 +0000] "-" 408 - "-" "-"
157.38.4.146 - - [02/Aug/2021:05:04:45 +0000] "-" 408 - "-" "-"
157.38.4.146 - - [02/Aug/2021:05:04:45 +0000] "-" 408 - "-" "-"
157.38.4.146 - - [02/Aug/2021:05:05:45 +0000] "-" 408 - "-" "-"
157.38.4.146 - - [02/Aug/2021:05:05:45 +0000] "-" 408 - "-" "-"
157.38.4.146 - - [02/Aug/2021:05:06:46 +0000] "-" 408 - "-" "-"
157.38.4.146 - - [02/Aug/2021:05:06:46 +0000] "-" 408 - "-" "-"
157.55.39.65 - - [02/Aug/2021:05:07:13 +0000] "GET /updates/tag/upsc-nda-exam/ HTTP/1.1" 404 224 "-" "Mozilla/5.0 (compatible; bingbot/2.0; +http://www.bing.com/bingbot.htm)"
157.38.220.237 - - [02/Aug/2021:05:08:04 +0000] "-" 408 - "-" "-"
157.38.220.237 - - [02/Aug/2021:05:08:04 +0000] "-" 408 - "-" "-"
157.38.246.84 - - [02/Aug/2021:05:08:06 +0000] "-" 408 - "-" "-"
114.119.162.33 - - [02/Aug/2021:05:09:35 +0000] "GET /pdf/NDA-I-2018-Maths-Answer-Key-of-Paper-Code-A.pdf HTTP/1.1" 404 249 "-" "Mozilla/5.0 (Linux; Android 7.0;) AppleWebKit/537.36 (KHTML, like Gecko) Mobile Safari/537.36 (compatible; PetalBot;+https://webmaster.petalsearch.com/site/petalbot)"
157.38.247.123 - - [02/Aug/2021:05:09:58 +0000] "-" 408 - "-" "-"
157.38.247.123 - - [02/Aug/2021:05:09:58 +0000] "-" 408 - "-" "-"
157.38.85.12 - - [02/Aug/2021:05:10:27 +0000] "-" 408 - "-" "-"
157.38.245.54 - - [02/Aug/2021:05:11:56 +0000] "-" 408 - "-" "-"
157.38.245.54 - - [02/Aug/2021:05:11:56 +0000] "-" 408 - "-" "-"
157.38.247.123 - - [02/Aug/2021:05:13:14 +0000] "-" 408 - "-" "-"
157.38.61.87 - - [02/Aug/2021:05:15:24 +0000] "-" 408 - "-" "-"
122.173.31.30 - - [02/Aug/2021:05:16:08 +0000] "-" 408 - "-" "-"
157.38.245.54 - - [02/Aug/2021:05:16:16 +0000] "-" 408 - "-" "-"
157.38.245.54 - - [02/Aug/2021:05:16:16 +0000] "-" 408 - "-" "-"
114.119.143.214 - - [02/Aug/2021:05:16:23 +0000] "GET /updates/wp-content/uploads/2016/10/India_Post_Payments_Bank_IPPB_Exam_2016_Notification.pdf HTTP/1.1" 404 289 "-" "Mozilla/5.0 (Linux; Android 7.0;) AppleWebKit/537.36 (KHTML, like Gecko) Mobile Safari/537.36 (compatible; PetalBot;+https://webmaster.petalsearch.com/site/petalbot)"
207.46.13.30 - - [02/Aug/2021:05:19:03 +0000] "GET /Air-Force-X-Group-Coaching.html HTTP/1.1" 404 229 "-" "Mozilla/5.0 (compatible; bingbot/2.0; +http://www.bing.com/bingbot.htm)"
83.229.75.113 - - [02/Aug/2021:05:19:24 +0000] "GET /.env HTTP/1.1" 404 202 "-" "Mozilla/5.0 (X11; Linux x86_64) AppleWebKit/537.36 (KHTML, like Gecko) Chrome/81.0.4044.129 Safari/537.36"
83.229.75.113 - - [02/Aug/2021:05:19:24 +0000] "POST / HTTP/1.1" 404 198 "-" "Mozilla/5.0 (X11; Linux x86_64) AppleWebKit/537.36 (KHTML, like Gecko) Chrome/81.0.4044.129 Safari/537.36"
40.77.167.25 - - [02/Aug/2021:05:20:38 +0000] "GET /updates/category/ssc-exams/page/7/ HTTP/1.1" 404 232 "-" "Mozilla/5.0 (compatible; bingbot/2.0; +http://www.bing.com/bingbot.htm)"
185.191.171.22 - - [02/Aug/2021:05:21:51 +0000] "GET /robots.txt HTTP/1.1" 404 208 "-" "Mozilla/5.0 (compatible; SemrushBot/7~bl; +http://www.semrush.com/bot.html)"
185.191.171.26 - - [02/Aug/2021:05:21:52 +0000] "GET /nda-previous-year-question-papers.html HTTP/1.1" 404 236 "-" "Mozilla/5.0 (compatible; SemrushBot/7~bl; +http://www.semrush.com/bot.html)"
114.119.134.232 - - [02/Aug/2021:05:23:12 +0000] "GET /updates/page/100 HTTP/1.1" 404 214 "-" "Mozilla/5.0 (Linux; Android 7.0;) AppleWebKit/537.36 (KHTML, like Gecko) Mobile Safari/537.36 (compatible; PetalBot;+https://webmaster.petalsearch.com/site/petalbot)"
167.248.133.38 - - [02/Aug/2021:05:24:13 +0000] "GET / HTTP/1.1" 403 209 "-" "-"
167.248.133.38 - - [02/Aug/2021:05:24:14 +0000] "GET / HTTP/1.1" 403 209 "-" "Mozilla/5.0 (compatible; CensysInspect/1.1; +https://about.censys.io/)"
157.47.140.231 - - [02/Aug/2021:05:25:11 +0000] "-" 408 - "-" "-"
157.38.64.241 - - [02/Aug/2021:05:26:22 +0000] "-" 408 - "-" "-"
157.38.64.241 - - [02/Aug/2021:05:26:22 +0000] "-" 408 - "-" "-"
157.47.140.231 - - [02/Aug/2021:05:26:49 +0000] "-" 408 - "-" "-"
34.216.244.120 - - [02/Aug/2021:05:30:03 +0000] "GET /.env HTTP/1.1" 404 202 "-" "Mozilla/5.0 (X11; Linux x86_64) AppleWebKit/537.36 (KHTML, like Gecko) Chrome/81.0.4044.129 Safari/537.36"
34.216.244.120 - - [02/Aug/2021:05:30:04 +0000] "POST / HTTP/1.1" 404 198 "-" "Mozilla/5.0 (X11; Linux x86_64) AppleWebKit/537.36 (KHTML, like Gecko) Chrome/81.0.4044.129 Safari/537.36"
114.119.146.145 - - [02/Aug/2021:05:30:10 +0000] "GET /updates/dena-bank-pgdbf-po-2017-notification-out HTTP/1.1" 404 246 "-" "Mozilla/5.0 (Linux; Android 7.0;) AppleWebKit/537.36 (KHTML, like Gecko) Mobile Safari/537.36 (compatible; PetalBot;+https://webmaster.petalsearch.com/site/petalbot)"
106.13.238.108 - - [02/Aug/2021:05:33:30 +0000] "POST //UserFiles/File/2.cer HTTP/1.1" 404 218 "http://misc.yahoo.com.cn/" "Mozilla/5.0 (compatible; Yahoo! Slurp China; http://misc.yahoo.com.cn/help.html)"
106.13.238.108 - - [02/Aug/2021:05:33:31 +0000] "POST //UserFiles/File/2.cer HTTP/1.1" 404 218 "http://misc.yahoo.com.cn/" "Mozilla/5.0 (compatible; Yahoo! Slurp China; http://misc.yahoo.com.cn/help.html)"
106.13.238.108 - - [02/Aug/2021:05:33:31 +0000] "POST //UserFiles/File/2.cer HTTP/1.1" 404 218 "http://misc.yahoo.com.cn/" "Mozilla/5.0 (compatible; Yahoo! Slurp China; http://misc.yahoo.com.cn/help.html)"
106.13.238.108 - - [02/Aug/2021:05:33:31 +0000] "POST //UserFiles/File/2.cer HTTP/1.1" 404 218 "http://misc.yahoo.com.cn/" "Mozilla/5.0 (compatible; Yahoo! Slurp China; http://misc.yahoo.com.cn/help.html)"
106.13.238.108 - - [02/Aug/2021:05:33:32 +0000] "POST //UserFiles/File/2.cer HTTP/1.1" 404 218 "http://misc.yahoo.com.cn/" "Mozilla/5.0 (compatible; Yahoo! Slurp China; http://misc.yahoo.com.cn/help.html)"
106.13.238.108 - - [02/Aug/2021:05:33:32 +0000] "POST //UserFiles/File/2.cer HTTP/1.1" 404 218 "http://misc.yahoo.com.cn/" "Mozilla/5.0 (compatible; Yahoo! Slurp China; http://misc.yahoo.com.cn/help.html)"
157.38.4.146 - - [02/Aug/2021:05:33:54 +0000] "-" 408 - "-" "-"
157.38.4.146 - - [02/Aug/2021:05:34:21 +0000] "-" 408 - "-" "-"
157.38.4.146 - - [02/Aug/2021:05:34:46 +0000] "-" 408 - "-" "-"
157.38.4.146 - - [02/Aug/2021:05:34:46 +0000] "-" 408 - "-" "-"
42.105.48.235 - - [02/Aug/2021:05:34:58 +0000] "-" 408 - "-" "-"
157.38.4.146 - - [02/Aug/2021:05:35:46 +0000] "-" 408 - "-" "-"
157.38.4.146 - - [02/Aug/2021:05:35:46 +0000] "-" 408 - "-" "-"
157.38.4.146 - - [02/Aug/2021:05:36:46 +0000] "-" 408 - "-" "-"
157.38.4.146 - - [02/Aug/2021:05:36:46 +0000] "-" 408 - "-" "-"
114.119.131.2 - - [02/Aug/2021:05:37:00 +0000] "GET /updates/tag/ssc-cgl-coaching-in-yusuf-sarai-delhi/ HTTP/1.1" 404 248 "-" "Mozilla/5.0 (Linux; Android 7.0;) AppleWebKit/537.36 (KHTML, like Gecko) Mobile Safari/537.36 (compatible; PetalBot;+https://webmaster.petalsearch.com/site/petalbot)"
157.38.4.146 - - [02/Aug/2021:05:37:46 +0000] "-" 408 - "-" "-"
157.47.153.33 - - [02/Aug/2021:05:38:36 +0000] "-" 408 - "-" "-"
207.46.13.168 - - [02/Aug/2021:05:38:43 +0000] "GET / HTTP/1.1" 403 209 "-" "Mozilla/5.0 (compatible; bingbot/2.0; +http://www.bing.com/bingbot.htm)"
157.38.234.180 - - [02/Aug/2021:05:38:45 +0000] "-" 408 - "-" "-"
106.206.182.254 - - [02/Aug/2021:05:39:20 +0000] "-" 408 - "-" "-"
106.206.182.254 - - [02/Aug/2021:05:39:20 +0000] "-" 408 - "-" "-"
157.38.220.237 - - [02/Aug/2021:05:42:04 +0000] "-" 408 - "-" "-"
157.38.220.237 - - [02/Aug/2021:05:42:04 +0000] "-" 408 - "-" "-"
108.162.246.127 - - [02/Aug/2021:05:42:13 +0000] "GET / HTTP/1.1" 403 209 "-" "Mozilla/5.0 (compatible; bingbot/2.0; +http://www.bing.com/bingbot.htm)"
40.64.67.32 - - [02/Aug/2021:05:42:22 +0000] "-" 408 - "-" "-"
223.238.205.58 - - [02/Aug/2021:05:42:46 +0000] "-" 408 - "-" "-"
114.119.136.155 - - [02/Aug/2021:05:43:54 +0000] "GET /updates/category/current-affairs/page/50 HTTP/1.1" 404 238 "-" "Mozilla/5.0 (Linux; Android 7.0;) AppleWebKit/537.36 (KHTML, like Gecko) Mobile Safari/537.36 (compatible; PetalBot;+https://webmaster.petalsearch.com/site/petalbot)"
40.77.167.74 - - [02/Aug/2021:05:44:57 +0000] "GET /nda-cut-off.html HTTP/1.1" 404 214 "-" "Mozilla/5.0 (compatible; bingbot/2.0; +http://www.bing.com/bingbot.htm)"
42.105.48.235 - - [02/Aug/2021:05:45:33 +0000] "-" 408 - "-" "-"
42.105.48.235 - - [02/Aug/2021:05:45:33 +0000] "-" 408 - "-" "-"
207.46.13.168 - - [02/Aug/2021:05:49:01 +0000] "GET /updates/indian-bank-manipal-pgdbf-po-2017-notification-out/ HTTP/1.1" 404 257 "-" "Mozilla/5.0 (compatible; bingbot/2.0; +http://www.bing.com/bingbot.htm)"
114.119.134.232 - - [02/Aug/2021:05:50:45 +0000] "GET /updates/ssc-cgl-2016-tentative-vacancy-out HTTP/1.1" 404 240 "-" "Mozilla/5.0 (Linux; Android 7.0;) AppleWebKit/537.36 (KHTML, like Gecko) Mobile Safari/537.36 (compatible; PetalBot;+https://webmaster.petalsearch.com/site/petalbot)"
66.249.66.22 - - [02/Aug/2021:05:51:46 +0000] "GET /ssc-stenographer.html HTTP/1.1" 404 219 "-" "Mozilla/5.0 (Linux; Android 6.0.1; Nexus 5X Build/MMB29P) AppleWebKit/537.36 (KHTML, like Gecko) Chrome/92.0.4515.119 Mobile Safari/537.36 (compatible; Googlebot/2.1; +http://www.google.com/bot.html)"
157.47.207.254 - - [02/Aug/2021:05:54:58 +0000] "-" 408 - "-" "-"
77.75.77.11 - - [02/Aug/2021:05:55:44 +0000] "GET /robots.txt HTTP/1.1" 404 208 "-" "Mozilla/5.0 (compatible; SeznamBot/3.2; +http://napoveda.seznam.cz/en/seznambot-intro/)"
77.75.77.11 - - [02/Aug/2021:05:55:45 +0000] "GET /SBI-Bank-PO-Exams.html HTTP/1.1" 404 220 "-" "Mozilla/5.0 (compatible; SeznamBot/3.2; +http://napoveda.seznam.cz/en/seznambot-intro/)"
182.64.132.95 - - [02/Aug/2021:05:55:47 +0000] "-" 408 - "-" "-"
31.13.103.12 - - [02/Aug/2021:05:57:05 +0000] "GET /updates/nda-i-2019-question-papers-answer-key-solutions/ HTTP/1.1" 404 254 "-" "facebookexternalhit/1.1 (+http://www.facebook.com/externalhit_uatext.php)"
66.220.149.48 - - [02/Aug/2021:05:57:09 +0000] "GET /updates/wp-content/uploads/2019/04/NDA-2019-Answer-Key.jpg HTTP/1.1" 404 256 "-" "facebookexternalhit/1.1 (+http://www.facebook.com/externalhit_uatext.php)"
114.119.134.232 - - [02/Aug/2021:05:57:37 +0000] "GET /updates/tag/eligibility-criteria-for-rbi-assistant HTTP/1.1" 404 248 "-" "Mozilla/5.0 (Linux; Android 7.0;) AppleWebKit/537.36 (KHTML, like Gecko) Mobile Safari/537.36 (compatible; PetalBot;+https://webmaster.petalsearch.com/site/petalbot)"
31.13.103.17 - - [02/Aug/2021:05:57:50 +0000] "GET /updates/nda-i-2019-question-papers-answer-key-solutions/ HTTP/1.1" 404 254 "-" "facebookexternalhit/1.1 (+http://www.facebook.com/externalhit_uatext.php)"
106.38.241.120 - - [02/Aug/2021:05:58:33 +0000] "-" 408 - "-" "-"
114.119.154.26 - - [02/Aug/2021:06:04:27 +0000] "GET /updates/sebi-officer-grade-a-assistant-manager-2017-call-letter-out HTTP/1.1" 404 265 "-" "Mozilla/5.0 (Linux; Android 7.0;) AppleWebKit/537.36 (KHTML, like Gecko) Mobile Safari/537.36 (compatible; PetalBot;+https://webmaster.petalsearch.com/site/petalbot)"
223.188.117.78 - - [02/Aug/2021:06:04:33 +0000] "-" 408 - "-" "-"
223.188.117.78 - - [02/Aug/2021:06:04:33 +0000] "-" 408 - "-" "-"
157.47.220.89 - - [02/Aug/2021:06:05:25 +0000] "-" 408 - "-" "-"
162.55.175.76 - - [02/Aug/2021:06:06:14 +0000] "GET /afcat.html HTTP/1.1" 404 208 "-" "Mozilla/5.0 (Windows NT 10.0; Win64; x64) AppleWebKit/537.36 (KHTML, like Gecko) Chrome/84.0.4147.105 Safari/537.36"
223.188.117.78 - - [02/Aug/2021:06:06:45 +0000] "-" 408 - "-" "-"
223.188.117.78 - - [02/Aug/2021:06:06:45 +0000] "-" 408 - "-" "-"
157.38.4.146 - - [02/Aug/2021:06:07:47 +0000] "-" 408 - "-" "-"
157.38.4.146 - - [02/Aug/2021:06:07:47 +0000] "-" 408 - "-" "-"
157.38.4.146 - - [02/Aug/2021:06:08:47 +0000] "-" 408 - "-" "-"
157.38.4.146 - - [02/Aug/2021:06:08:47 +0000] "-" 408 - "-" "-"
157.38.4.146 - - [02/Aug/2021:06:09:47 +0000] "-" 408 - "-" "-"
157.38.4.146 - - [02/Aug/2021:06:09:47 +0000] "-" 408 - "-" "-"
157.38.4.146 - - [02/Aug/2021:06:10:47 +0000] "-" 408 - "-" "-"
157.38.4.146 - - [02/Aug/2021:06:10:47 +0000] "-" 408 - "-" "-"
40.77.167.106 - - [02/Aug/2021:06:11:09 +0000] "GET /updates/wp-content/uploads/2017/09/NDA-Paper-1-Code-B-Answer-Key-10-September-2017.pdf HTTP/1.1" 404 284 "-" "Mozilla/5.0 (iPhone; CPU iPhone OS 7_0 like Mac OS X) AppleWebKit/537.51.1 (KHTML, like Gecko) Version/7.0 Mobile/11A465 Safari/9537.53 (compatible; bingbot/2.0; +http://www.bing.com/bingbot.htm)"
114.119.131.2 - - [02/Aug/2021:06:11:16 +0000] "GET /updates/dmrc-exam-2018-various-posts-official-answer-key-out HTTP/1.1" 404 258 "-" "Mozilla/5.0 (Linux; Android 7.0;) AppleWebKit/537.36 (KHTML, like Gecko) Mobile Safari/537.36 (compatible; PetalBot;+https://webmaster.petalsearch.com/site/petalbot)"
66.249.66.25 - - [02/Aug/2021:06:11:55 +0000] "GET /cds-previous-year-question-papers.html HTTP/1.1" 404 236 "-" "Mozilla/5.0 (Linux; Android 6.0.1; Nexus 5X Build/MMB29P) AppleWebKit/537.36 (KHTML, like Gecko) Chrome/92.0.4515.119 Mobile Safari/537.36 (compatible; Googlebot/2.1; +http://www.google.com/bot.html)"
157.38.4.146 - - [02/Aug/2021:06:12:25 +0000] "-" 408 - "-" "-"
157.38.4.146 - - [02/Aug/2021:06:12:25 +0000] "-" 408 - "-" "-"
114.119.154.26 - - [02/Aug/2021:06:18:07 +0000] "GET /nda-na-syllabus.html HTTP/1.1" 404 218 "-" "Mozilla/5.0 (Linux; Android 7.0;) AppleWebKit/537.36 (KHTML, like Gecko) Mobile Safari/537.36 (compatible; PetalBot;+https://webmaster.petalsearch.com/site/petalbot)"
157.38.233.252 - - [02/Aug/2021:06:18:13 +0000] "-" 408 - "-" "-"
157.38.4.146 - - [02/Aug/2021:06:19:21 +0000] "-" 408 - "-" "-"
157.38.4.146 - - [02/Aug/2021:06:19:21 +0000] "-" 408 - "-" "-"
157.38.4.146 - - [02/Aug/2021:06:20:03 +0000] "-" 408 - "-" "-"
157.38.4.146 - - [02/Aug/2021:06:20:03 +0000] "-" 408 - "-" "-"
157.38.4.146 - - [02/Aug/2021:06:21:03 +0000] "-" 408 - "-" "-"
157.38.4.146 - - [02/Aug/2021:06:21:03 +0000] "-" 408 - "-" "-"
157.38.4.146 - - [02/Aug/2021:06:22:03 +0000] "-" 408 - "-" "-"
157.38.4.146 - - [02/Aug/2021:06:22:03 +0000] "-" 408 - "-" "-"
192.241.218.149 - - [02/Aug/2021:06:22:27 +0000] "GET / HTTP/1.1" 403 209 "-" "Mozilla/5.0 zgrab/0.x"
157.38.4.146 - - [02/Aug/2021:06:23:03 +0000] "-" 408 - "-" "-"
157.38.4.146 - - [02/Aug/2021:06:23:03 +0000] "-" 408 - "-" "-"
223.188.117.78 - - [02/Aug/2021:06:23:47 +0000] "-" 408 - "-" "-"
223.188.117.78 - - [02/Aug/2021:06:23:47 +0000] "-" 408 - "-" "-"
66.249.66.24 - - [02/Aug/2021:06:24:16 +0000] "GET / HTTP/1.1" 403 209 "-" "Mozilla/5.0 (Linux; Android 6.0.1; Nexus 5X Build/MMB29P) AppleWebKit/537.36 (KHTML, like Gecko) Chrome/92.0.4515.119 Mobile Safari/537.36 (compatible; Googlebot/2.1; +http://www.google.com/bot.html)"
157.38.4.146 - - [02/Aug/2021:06:24:19 +0000] "-" 408 - "-" "-"
157.38.4.146 - - [02/Aug/2021:06:24:19 +0000] "-" 408 - "-" "-"
157.38.64.241 - - [02/Aug/2021:06:24:40 +0000] "-" 408 - "-" "-"
157.38.64.241 - - [02/Aug/2021:06:24:40 +0000] "-" 408 - "-" "-"
114.119.146.145 - - [02/Aug/2021:06:25:02 +0000] "GET /updates/ibps-cwe-clerk-vii-prelim-exam-marks-cut-off-out HTTP/1.1" 404 254 "-" "Mozilla/5.0 (Linux; Android 7.0;) AppleWebKit/537.36 (KHTML, like Gecko) Mobile Safari/537.36 (compatible; PetalBot;+https://webmaster.petalsearch.com/site/petalbot)"
157.38.4.146 - - [02/Aug/2021:06:25:22 +0000] "-" 408 - "-" "-"
157.38.4.146 - - [02/Aug/2021:06:25:22 +0000] "-" 408 - "-" "-"
157.38.4.146 - - [02/Aug/2021:06:26:03 +0000] "-" 408 - "-" "-"
157.38.4.146 - - [02/Aug/2021:06:26:03 +0000] "-" 408 - "-" "-"
157.38.4.146 - - [02/Aug/2021:06:27:04 +0000] "-" 408 - "-" "-"
157.38.4.146 - - [02/Aug/2021:06:27:04 +0000] "-" 408 - "-" "-"
66.249.66.24 - - [02/Aug/2021:06:27:42 +0000] "GET /updates/wp-content/uploads/2018/09/NDA-II-2018-GAT-Question-Paper-Code-B.pdf HTTP/1.1" 404 274 "-" "Mozilla/5.0 (Linux; Android 6.0.1; Nexus 5X Build/MMB29P) AppleWebKit/537.36 (KHTML, like Gecko) Chrome/92.0.4515.119 Mobile Safari/537.36 (compatible; Googlebot/2.1; +http://www.google.com/bot.html)"
157.38.4.146 - - [02/Aug/2021:06:28:04 +0000] "-" 408 - "-" "-"
157.38.4.146 - - [02/Aug/2021:06:28:04 +0000] "-" 408 - "-" "-"
157.38.4.146 - - [02/Aug/2021:06:29:04 +0000] "-" 408 - "-" "-"
157.38.4.146 - - [02/Aug/2021:06:29:04 +0000] "-" 408 - "-" "-"
157.38.4.146 - - [02/Aug/2021:06:30:04 +0000] "-" 408 - "-" "-"
157.38.4.146 - - [02/Aug/2021:06:30:04 +0000] "-" 408 - "-" "-"
157.38.4.146 - - [02/Aug/2021:06:31:04 +0000] "-" 408 - "-" "-"
157.38.4.146 - - [02/Aug/2021:06:31:04 +0000] "-" 408 - "-" "-"
66.249.66.21 - - [02/Aug/2021:06:32:01 +0000] "GET /updates/ssc-cgl-new-exam-pattern-notification-announced-by-ssc/ HTTP/1.1" 404 261 "-" "Mozilla/5.0 (Linux; Android 6.0.1; Nexus 5X Build/MMB29P) AppleWebKit/537.36 (KHTML, like Gecko) Chrome/92.0.4515.119 Mobile Safari/537.36 (compatible; Googlebot/2.1; +http://www.google.com/bot.html)"
66.249.66.25 - - [02/Aug/2021:06:32:01 +0000] "GET /robots.txt HTTP/1.1" 404 208 "-" "Mozilla/5.0 (compatible; Googlebot/2.1; +http://www.google.com/bot.html)"
157.38.4.146 - - [02/Aug/2021:06:32:04 +0000] "-" 408 - "-" "-"
157.38.4.146 - - [02/Aug/2021:06:32:04 +0000] "-" 408 - "-" "-"
40.77.167.106 - - [02/Aug/2021:06:32:10 +0000] "GET /updates/daily-current-affairs-23rd-january-2017/ HTTP/1.1" 404 246 "-" "Mozilla/5.0 (compatible; bingbot/2.0; +http://www.bing.com/bingbot.htm)"
157.38.4.146 - - [02/Aug/2021:06:33:04 +0000] "-" 408 - "-" "-"
157.38.4.146 - - [02/Aug/2021:06:33:04 +0000] "-" 408 - "-" "-"
157.38.4.146 - - [02/Aug/2021:06:34:04 +0000] "-" 408 - "-" "-"
157.38.4.146 - - [02/Aug/2021:06:34:04 +0000] "-" 408 - "-" "-"
157.38.4.146 - - [02/Aug/2021:06:35:04 +0000] "-" 408 - "-" "-"
157.38.4.146 - - [02/Aug/2021:06:35:04 +0000] "-" 408 - "-" "-"
157.38.4.146 - - [02/Aug/2021:06:36:04 +0000] "-" 408 - "-" "-"
157.38.4.146 - - [02/Aug/2021:06:36:04 +0000] "-" 408 - "-" "-"
157.38.4.146 - - [02/Aug/2021:06:37:05 +0000] "-" 408 - "-" "-"
157.38.4.146 - - [02/Aug/2021:06:37:05 +0000] "-" 408 - "-" "-"
157.38.221.194 - - [02/Aug/2021:06:37:15 +0000] "-" 408 - "-" "-"
157.38.221.194 - - [02/Aug/2021:06:37:15 +0000] "-" 408 - "-" "-"
157.38.233.252 - - [02/Aug/2021:06:37:17 +0000] "-" 408 - "-" "-"
207.46.13.124 - - [02/Aug/2021:06:37:48 +0000] "GET /pdf/cds-ii-2016-english-question-paper.pdf HTTP/1.1" 404 240 "-" "Mozilla/5.0 (compatible; bingbot/2.0; +http://www.bing.com/bingbot.htm)"
223.228.245.100 - - [02/Aug/2021:06:37:49 +0000] "-" 408 - "-" "-"
223.228.245.100 - - [02/Aug/2021:06:37:49 +0000] "-" 408 - "-" "-"
157.38.4.146 - - [02/Aug/2021:06:37:56 +0000] "-" 408 - "-" "-"
157.38.4.146 - - [02/Aug/2021:06:38:04 +0000] "-" 408 - "-" "-"
114.119.160.248 - - [02/Aug/2021:06:38:26 +0000] "GET /updates/daily-current-affairs-7th-may-2017 HTTP/1.1" 404 240 "-" "Mozilla/5.0 (Linux; Android 7.0;) AppleWebKit/537.36 (KHTML, like Gecko) Mobile Safari/537.36 (compatible; PetalBot;+https://webmaster.petalsearch.com/site/petalbot)"
157.38.4.146 - - [02/Aug/2021:06:39:04 +0000] "-" 408 - "-" "-"
157.38.4.146 - - [02/Aug/2021:06:39:04 +0000] "-" 408 - "-" "-"
157.38.4.146 - - [02/Aug/2021:06:40:04 +0000] "-" 408 - "-" "-"
157.38.4.146 - - [02/Aug/2021:06:40:04 +0000] "-" 408 - "-" "-"
157.38.4.146 - - [02/Aug/2021:06:41:04 +0000] "-" 408 - "-" "-"
157.38.4.146 - - [02/Aug/2021:06:41:04 +0000] "-" 408 - "-" "-"
171.79.178.34 - - [02/Aug/2021:06:41:13 +0000] "-" 408 - "-" "-"
171.79.178.34 - - [02/Aug/2021:06:41:13 +0000] "-" 408 - "-" "-"
157.38.4.146 - - [02/Aug/2021:06:42:04 +0000] "-" 408 - "-" "-"
157.38.4.146 - - [02/Aug/2021:06:42:04 +0000] "-" 408 - "-" "-"
157.38.4.146 - - [02/Aug/2021:06:43:04 +0000] "-" 408 - "-" "-"
157.38.4.146 - - [02/Aug/2021:06:43:04 +0000] "-" 408 - "-" "-"
157.38.4.146 - - [02/Aug/2021:06:44:04 +0000] "-" 408 - "-" "-"
157.38.4.146 - - [02/Aug/2021:06:44:04 +0000] "-" 408 - "-" "-"
157.38.4.146 - - [02/Aug/2021:06:45:04 +0000] "-" 408 - "-" "-"
157.38.4.146 - - [02/Aug/2021:06:45:04 +0000] "-" 408 - "-" "-"
114.119.134.232 - - [02/Aug/2021:06:45:28 +0000] "GET /updates/daily-current-affairs-8th-march-2017 HTTP/1.1" 404 242 "-" "Mozilla/5.0 (Linux; Android 7.0;) AppleWebKit/537.36 (KHTML, like Gecko) Mobile Safari/537.36 (compatible; PetalBot;+https://webmaster.petalsearch.com/site/petalbot)"
157.38.4.146 - - [02/Aug/2021:06:45:39 +0000] "-" 408 - "-" "-"
157.38.4.146 - - [02/Aug/2021:06:46:04 +0000] "-" 408 - "-" "-"
157.38.4.146 - - [02/Aug/2021:06:46:04 +0000] "-" 408 - "-" "-"
157.38.233.252 - - [02/Aug/2021:06:47:03 +0000] "-" 408 - "-" "-"
157.38.4.146 - - [02/Aug/2021:06:47:04 +0000] "-" 408 - "-" "-"
157.38.4.146 - - [02/Aug/2021:06:47:04 +0000] "-" 408 - "-" "-"
106.206.152.155 - - [02/Aug/2021:06:47:38 +0000] "-" 408 - "-" "-"
157.38.4.146 - - [02/Aug/2021:06:48:05 +0000] "-" 408 - "-" "-"
157.38.4.146 - - [02/Aug/2021:06:48:05 +0000] "-" 408 - "-" "-"
157.38.97.169 - - [02/Aug/2021:06:48:28 +0000] "-" 408 - "-" "-"
157.55.39.65 - - [02/Aug/2021:06:48:53 +0000] "GET /updates/wp-content/uploads/2017/09/NDA-Paper-1-2017-Math-Solutions-10-September-2017-Code-D.pdf HTTP/1.1" 404 293 "-" "Mozilla/5.0 (compatible; bingbot/2.0; +http://www.bing.com/bingbot.htm)"
157.38.4.146 - - [02/Aug/2021:06:49:05 +0000] "-" 408 - "-" "-"
157.38.4.146 - - [02/Aug/2021:06:49:05 +0000] "-" 408 - "-" "-"
157.38.97.169 - - [02/Aug/2021:06:49:16 +0000] "-" 408 - "-" "-"
157.38.97.169 - - [02/Aug/2021:06:49:16 +0000] "-" 408 - "-" "-"
207.46.13.168 - - [02/Aug/2021:06:49:20 +0000] "GET /updates/tag/sbi-clerical-cadre-exam-date/ HTTP/1.1" 404 239 "-" "Mozilla/5.0 (compatible; bingbot/2.0; +http://www.bing.com/bingbot.htm)"
192.227.134.73 - - [02/Aug/2021:06:49:38 +0000] "POST /GponForm/diag_Form?style/ HTTP/1.1" 404 216 "-" "curl/7.3.2"
157.38.97.169 - - [02/Aug/2021:06:49:40 +0000] "-" 408 - "-" "-"
157.38.97.169 - - [02/Aug/2021:06:49:40 +0000] "-" 408 - "-" "-"
157.38.4.146 - - [02/Aug/2021:06:50:05 +0000] "-" 408 - "-" "-"
157.38.4.146 - - [02/Aug/2021:06:50:05 +0000] "-" 408 - "-" "-"
157.38.4.146 - - [02/Aug/2021:06:52:05 +0000] "-" 408 - "-" "-"
157.38.4.146 - - [02/Aug/2021:06:52:05 +0000] "-" 408 - "-" "-"
114.119.154.26 - - [02/Aug/2021:06:52:23 +0000] "GET /updates/tag/nda-solution/ HTTP/1.1" 404 223 "-" "Mozilla/5.0 (Linux; Android 7.0;) AppleWebKit/537.36 (KHTML, like Gecko) Mobile Safari/537.36 (compatible; PetalBot;+https://webmaster.petalsearch.com/site/petalbot)"
157.38.4.146 - - [02/Aug/2021:06:53:10 +0000] "-" 408 - "-" "-"
157.38.4.146 - - [02/Aug/2021:06:53:11 +0000] "-" 408 - "-" "-"
157.38.4.146 - - [02/Aug/2021:06:54:19 +0000] "-" 408 - "-" "-"
157.38.4.146 - - [02/Aug/2021:06:54:21 +0000] "-" 408 - "-" "-"
40.77.167.25 - - [02/Aug/2021:06:54:27 +0000] "GET /updates/daily-current-affairs-24th-october-2017/ HTTP/1.1" 404 246 "-" "Mozilla/5.0 (iPhone; CPU iPhone OS 7_0 like Mac OS X) AppleWebKit/537.51.1 (KHTML, like Gecko) Version/7.0 Mobile/11A465 Safari/9537.53 (compatible; bingbot/2.0; +http://www.bing.com/bingbot.htm)"
157.38.4.146 - - [02/Aug/2021:06:55:36 +0000] "-" 408 - "-" "-"
157.55.39.185 - - [02/Aug/2021:06:56:18 +0000] "GET /updates/wp-content/uploads/2019/11/NDA-II-2019-Math-Answerkey-Paper-Code-A.pdf HTTP/1.1" 404 276 "-" "Mozilla/5.0 (compatible; bingbot/2.0; +http://www.bing.com/bingbot.htm)"
157.38.4.146 - - [02/Aug/2021:06:56:56 +0000] "-" 408 - "-" "-"
66.249.66.21 - - [02/Aug/2021:06:57:11 +0000] "GET /updates/ssc-chsl-102-2015-final-marks-out/ HTTP/1.1" 404 240 "-" "Mozilla/5.0 (Linux; Android 6.0.1; Nexus 5X Build/MMB29P) AppleWebKit/537.36 (KHTML, like Gecko) Chrome/92.0.4515.119 Mobile Safari/537.36 (compatible; Googlebot/2.1; +http://www.google.com/bot.html)"
157.38.4.146 - - [02/Aug/2021:06:57:11 +0000] "-" 408 - "-" "-"
157.38.4.146 - - [02/Aug/2021:06:58:05 +0000] "-" 408 - "-" "-"
157.38.4.146 - - [02/Aug/2021:06:58:05 +0000] "-" 408 - "-" "-"
157.38.4.146 - - [02/Aug/2021:06:59:11 +0000] "-" 408 - "-" "-"
