114.119.146.145 - - [02/Aug/2021:06:59:18 +0000] "GET /updates/tag/ssc-chsl-exams HTTP/1.1" 404 224 "-" "Mozilla/5.0 (Linux; Android 7.0;) AppleWebKit/537.36 (KHTML, like Gecko) Mobile Safari/537.36 (compatible; PetalBot;+https://webmaster.petalsearch.com/site/petalbot)"
157.38.4.146 - - [02/Aug/2021:06:59:23 +0000] "-" 408 - "-" "-"
157.38.4.146 - - [02/Aug/2021:07:00:09 +0000] "-" 408 - "-" "-"
157.38.4.146 - - [02/Aug/2021:07:00:11 +0000] "-" 408 - "-" "-"
157.55.39.185 - - [02/Aug/2021:07:02:49 +0000] "GET /ssc-examinations-result-2015.html HTTP/1.1" 404 231 "-" "Mozilla/5.0 (compatible; bingbot/2.0; +http://www.bing.com/bingbot.htm)"
40.77.167.74 - - [02/Aug/2021:07:05:49 +0000] "GET /updates/cds-ii-2019-question-papers-answer-key-solutions/ HTTP/1.1" 404 255 "-" "Mozilla/5.0 (compatible; bingbot/2.0; +http://www.bing.com/bingbot.htm)"
114.119.150.210 - - [02/Aug/2021:07:06:11 +0000] "GET /updates/canara-bank-pgdbf-po-2018-19-online-exam-call-letter-out HTTP/1.1" 404 262 "-" "Mozilla/5.0 (Linux; Android 7.0;) AppleWebKit/537.36 (KHTML, like Gecko) Mobile Safari/537.36 (compatible; PetalBot;+https://webmaster.petalsearch.com/site/petalbot)"
106.13.238.108 - - [02/Aug/2021:07:06:40 +0000] "POST //UserFiles/File/2.php.pjpg HTTP/1.1" 404 223 "http://misc.yahoo.com.cn/" "Mozilla/5.0 (compatible; Yahoo! Slurp China; http://misc.yahoo.com.cn/help.html)"
106.13.238.108 - - [02/Aug/2021:07:06:40 +0000] "POST //UserFiles/File/2.php.pjpg HTTP/1.1" 404 223 "http://misc.yahoo.com.cn/" "Mozilla/5.0 (compatible; Yahoo! Slurp China; http://misc.yahoo.com.cn/help.html)"
106.13.238.108 - - [02/Aug/2021:07:06:41 +0000] "POST //UserFiles/File/2.php.pjpg HTTP/1.1" 404 223 "http://misc.yahoo.com.cn/" "Mozilla/5.0 (compatible; Yahoo! Slurp China; http://misc.yahoo.com.cn/help.html)"
66.249.66.83 - - [02/Aug/2021:07:06:42 +0000] "GET /ads.txt HTTP/1.1" 404 205 "-" "Mozilla/5.0 (compatible; Googlebot/2.1; +http://www.google.com/bot.html)"
66.249.66.70 - - [02/Aug/2021:07:06:42 +0000] "GET /ads.txt HTTP/1.1" 404 205 "-" "Mozilla/5.0 (compatible; Googlebot/2.1; +http://www.google.com/bot.html)"
157.55.39.65 - - [02/Aug/2021:07:07:25 +0000] "GET /updates/wp-content/uploads/2019/11/NDA-II-2019-Math-Answerkey-Paper-Code-D.pdf HTTP/1.1" 404 276 "-" "Mozilla/5.0 (compatible; bingbot/2.0; +http://www.bing.com/bingbot.htm)"
157.38.76.137 - - [02/Aug/2021:07:07:58 +0000] "-" 408 - "-" "-"
157.38.233.252 - - [02/Aug/2021:07:08:30 +0000] "-" 408 - "-" "-"
157.38.97.169 - - [02/Aug/2021:07:09:14 +0000] "-" 408 - "-" "-"
157.38.97.169 - - [02/Aug/2021:07:09:14 +0000] "-" 408 - "-" "-"
122.176.48.242 - - [02/Aug/2021:07:09:50 +0000] "-" 408 - "-" "-"
42.105.49.199 - - [02/Aug/2021:07:10:31 +0000] "-" 408 - "-" "-"
157.38.97.169 - - [02/Aug/2021:07:10:39 +0000] "-" 408 - "-" "-"
106.206.153.70 - - [02/Aug/2021:07:10:50 +0000] "-" 408 - "-" "-"
114.119.160.195 - - [02/Aug/2021:07:12:33 +0000] "GET /updates/tag/cwe-clerk-coaching-in-delhi HTTP/1.1" 404 237 "-" "Mozilla/5.0 (Linux; Android 7.0;) AppleWebKit/537.36 (KHTML, like Gecko) Mobile Safari/537.36 (compatible; PetalBot;+https://webmaster.petalsearch.com/site/petalbot)"
157.38.115.48 - - [02/Aug/2021:07:15:15 +0000] "-" 408 - "-" "-"
171.79.149.230 - - [02/Aug/2021:07:15:21 +0000] "-" 408 - "-" "-"
171.79.149.230 - - [02/Aug/2021:07:15:21 +0000] "-" 408 - "-" "-"
157.38.115.48 - - [02/Aug/2021:07:15:45 +0000] "-" 408 - "-" "-"
157.38.115.48 - - [02/Aug/2021:07:16:50 +0000] "-" 408 - "-" "-"
157.38.115.48 - - [02/Aug/2021:07:16:50 +0000] "-" 408 - "-" "-"
207.46.13.124 - - [02/Aug/2021:07:16:52 +0000] "GET /images/ssc-exam-coaching.png HTTP/1.1" 404 226 "-" "Mozilla/5.0 (compatible; bingbot/2.0; +http://www.bing.com/bingbot.htm)"
157.55.39.185 - - [02/Aug/2021:07:17:39 +0000] "GET /bank-clerk-coaching.html HTTP/1.1" 404 222 "-" "Mozilla/5.0 (compatible; bingbot/2.0; +http://www.bing.com/bingbot.htm)"
95.91.74.94 - - [02/Aug/2021:07:18:37 +0000] "GET /robots.txt HTTP/1.1" 404 208 "-" "Mozilla/5.0 (compatible; MJ12bot/v1.4.8; http://mj12bot.com/)"
95.91.74.94 - - [02/Aug/2021:07:18:39 +0000] "GET /sitemap.html HTTP/1.1" 404 210 "-" "Mozilla/5.0 (compatible; MJ12bot/v1.4.8; http://mj12bot.com/)"
114.119.134.238 - - [02/Aug/2021:07:19:02 +0000] "GET /updates/tag/si-in-delhi-police/ HTTP/1.1" 404 229 "-" "Mozilla/5.0 (Linux; Android 7.0;) AppleWebKit/537.36 (KHTML, like Gecko) Mobile Safari/537.36 (compatible; PetalBot;+https://webmaster.petalsearch.com/site/petalbot)"
107.178.239.215 - - [02/Aug/2021:07:20:57 +0000] "GET /ads.txt HTTP/1.1" 404 205 "-" "axios/0.18.1"
107.178.239.215 - - [02/Aug/2021:07:20:57 +0000] "GET /ads.txt HTTP/1.1" 404 205 "-" "axios/0.18.1"
66.249.66.20 - - [02/Aug/2021:07:21:58 +0000] "GET /du-llb-entrance-exam-coaching.html HTTP/1.1" 404 232 "-" "Mozilla/5.0 (Linux; Android 6.0.1; Nexus 5X Build/MMB29P) AppleWebKit/537.36 (KHTML, like Gecko) Chrome/92.0.4515.119 Mobile Safari/537.36 (compatible; Googlebot/2.1; +http://www.google.com/bot.html)"
223.228.253.176 - - [02/Aug/2021:07:23:29 +0000] "-" 408 - "-" "-"
157.55.39.185 - - [02/Aug/2021:07:25:13 +0000] "GET /updates/ssc-result-status-as-on-22-12-2017-to-be-declared-by-the-commission/ HTTP/1.1" 404 274 "-" "Mozilla/5.0 (compatible; bingbot/2.0; +http://www.bing.com/bingbot.htm)"
114.119.150.210 - - [02/Aug/2021:07:25:16 +0000] "GET /updates/tag/how-to-apply-ibps-po HTTP/1.1" 404 230 "-" "Mozilla/5.0 (Linux; Android 7.0;) AppleWebKit/537.36 (KHTML, like Gecko) Mobile Safari/537.36 (compatible; PetalBot;+https://webmaster.petalsearch.com/site/petalbot)"
66.249.66.24 - - [02/Aug/2021:07:27:11 +0000] "GET /updates/nda-ii-2017-question-papers-answer-key-solutions/ HTTP/1.1" 404 255 "-" "Mozilla/5.0 (compatible; Googlebot/2.1; +http://www.google.com/bot.html)"
5.45.207.143 - - [02/Aug/2021:07:28:25 +0000] "GET /robots.txt HTTP/1.1" 404 208 "-" "Mozilla/5.0 (compatible; YandexBot/3.0; +http://yandex.com/bots)"
5.45.207.143 - - [02/Aug/2021:07:28:29 +0000] "GET /images/logo.ico HTTP/1.1" 404 213 "-" "Mozilla/5.0 (compatible; YandexFavicons/1.0; +http://yandex.com/bots)"
77.75.76.167 - - [02/Aug/2021:07:28:29 +0000] "GET /robots.txt HTTP/1.1" 404 208 "-" "Mozilla/5.0 (compatible; SeznamBot/3.2; +http://napoveda.seznam.cz/en/seznambot-intro/)"
77.75.76.167 - - [02/Aug/2021:07:28:31 +0000] "GET /nda-na-syllabus.html HTTP/1.1" 404 218 "-" "Mozilla/5.0 (compatible; SeznamBot/3.2; +http://napoveda.seznam.cz/en/seznambot-intro/)"
157.47.192.233 - - [02/Aug/2021:07:28:55 +0000] "-" 408 - "-" "-"
114.119.143.214 - - [02/Aug/2021:07:31:43 +0000] "GET /updates/daily-current-affairs-10th-february-2017 HTTP/1.1" 404 246 "-" "Mozilla/5.0 (Linux; Android 7.0;) AppleWebKit/537.36 (KHTML, like Gecko) Mobile Safari/537.36 (compatible; PetalBot;+https://webmaster.petalsearch.com/site/petalbot)"
157.55.39.65 - - [02/Aug/2021:07:37:57 +0000] "GET /updates/indian-bank-pgdbf-manipal-po-2017-prelim-result-out/ HTTP/1.1" 404 258 "-" "Mozilla/5.0 (compatible; bingbot/2.0; +http://www.bing.com/bingbot.htm)"
114.119.136.155 - - [02/Aug/2021:07:38:50 +0000] "GET /updates/page/20?wordfence_logHuman=1 HTTP/1.1" 404 213 "-" "Mozilla/5.0 (Linux; Android 7.0;) AppleWebKit/537.36 (KHTML, like Gecko) Mobile Safari/537.36 (compatible; PetalBot;+https://webmaster.petalsearch.com/site/petalbot)"
157.55.39.185 - - [02/Aug/2021:07:39:43 +0000] "GET /pdf/cds-i-2018-gk-question-paper.pdf HTTP/1.1" 404 234 "-" "Mozilla/5.0 (compatible; bingbot/2.0; +http://www.bing.com/bingbot.htm)"
117.225.55.34 - - [02/Aug/2021:07:39:49 +0000] "-" 408 - "-" "-"
157.38.97.169 - - [02/Aug/2021:07:39:56 +0000] "-" 408 - "-" "-"
223.238.222.155 - - [02/Aug/2021:07:40:04 +0000] "-" 408 - "-" "-"
223.238.222.155 - - [02/Aug/2021:07:40:21 +0000] "-" 408 - "-" "-"
49.7.20.74 - - [02/Aug/2021:07:41:27 +0000] "GET / HTTP/1.1" 403 209 "-" "Sogou web spider/4.0(+http://www.sogou.com/docs/help/webmasters.htm#07)"
157.38.246.126 - - [02/Aug/2021:07:41:31 +0000] "-" 408 - "-" "-"
157.47.192.233 - - [02/Aug/2021:07:41:56 +0000] "-" 408 - "-" "-"
132.154.108.55 - - [02/Aug/2021:07:42:14 +0000] "-" 408 - "-" "-"
157.38.246.126 - - [02/Aug/2021:07:42:31 +0000] "-" 408 - "-" "-"
157.38.246.126 - - [02/Aug/2021:07:42:31 +0000] "-" 408 - "-" "-"
157.47.192.233 - - [02/Aug/2021:07:42:35 +0000] "-" 408 - "-" "-"
157.38.246.126 - - [02/Aug/2021:07:43:04 +0000] "-" 408 - "-" "-"
157.38.246.126 - - [02/Aug/2021:07:43:31 +0000] "-" 408 - "-" "-"
157.38.246.126 - - [02/Aug/2021:07:43:31 +0000] "-" 408 - "-" "-"
171.79.149.230 - - [02/Aug/2021:07:43:53 +0000] "-" 408 - "-" "-"
171.79.149.230 - - [02/Aug/2021:07:43:53 +0000] "-" 408 - "-" "-"
157.38.246.126 - - [02/Aug/2021:07:44:31 +0000] "-" 408 - "-" "-"
157.38.246.126 - - [02/Aug/2021:07:44:31 +0000] "-" 408 - "-" "-"
114.119.150.210 - - [02/Aug/2021:07:44:51 +0000] "GET /updates/sbi-po-2017-main-exam-result-deferred HTTP/1.1" 404 243 "-" "Mozilla/5.0 (Linux; Android 7.0;) AppleWebKit/537.36 (KHTML, like Gecko) Mobile Safari/537.36 (compatible; PetalBot;+https://webmaster.petalsearch.com/site/petalbot)"
157.38.246.126 - - [02/Aug/2021:07:45:31 +0000] "-" 408 - "-" "-"
157.38.246.126 - - [02/Aug/2021:07:45:31 +0000] "-" 408 - "-" "-"
157.38.246.126 - - [02/Aug/2021:07:46:31 +0000] "-" 408 - "-" "-"
157.38.246.126 - - [02/Aug/2021:07:46:31 +0000] "-" 408 - "-" "-"
40.77.167.30 - - [02/Aug/2021:07:46:43 +0000] "GET /updates/daily-current-affairs-26th-may-2017/ HTTP/1.1" 404 242 "-" "Mozilla/5.0 (compatible; bingbot/2.0; +http://www.bing.com/bingbot.htm)"
157.38.246.126 - - [02/Aug/2021:07:47:31 +0000] "-" 408 - "-" "-"
157.38.246.126 - - [02/Aug/2021:07:47:31 +0000] "-" 408 - "-" "-"
157.38.224.110 - - [02/Aug/2021:07:47:35 +0000] "-" 408 - "-" "-"
74.125.210.55 - - [02/Aug/2021:07:47:50 +0000] "GET /images/bank-test-series.png HTTP/1.1" 404 225 "-" "Mozilla/5.0 (Windows NT 5.1; rv:11.0) Gecko Firefox/11.0 (via ggpht.com GoogleImageProxy)"
74.125.210.51 - - [02/Aug/2021:07:47:50 +0000] "GET /images/bank-test-series.png HTTP/1.1" 404 225 "-" "Mozilla/5.0 (Windows NT 5.1; rv:11.0) Gecko Firefox/11.0 (via ggpht.com GoogleImageProxy)"
66.249.88.191 - - [02/Aug/2021:07:47:58 +0000] "GET /images/bank-test-series.png HTTP/1.1" 404 225 "-" "Mozilla/5.0 (Windows NT 5.1; rv:11.0) Gecko Firefox/11.0 (via ggpht.com GoogleImageProxy)"
66.249.88.191 - - [02/Aug/2021:07:47:58 +0000] "GET /images/bank-test-series.png HTTP/1.1" 404 225 "-" "Mozilla/5.0 (Windows NT 5.1; rv:11.0) Gecko Firefox/11.0 (via ggpht.com GoogleImageProxy)"
192.0.101.144 - - [02/Aug/2021:07:48:00 +0000] "GET /images/bank-test-series.png HTTP/1.1" 404 225 "-" "Photon/1.0"
114.119.136.155 - - [02/Aug/2021:07:51:16 +0000] "GET /index.html HTTP/1.1" 404 208 "-" "Mozilla/5.0 (Linux; Android 7.0;) AppleWebKit/537.36 (KHTML, like Gecko) Mobile Safari/537.36 (compatible; PetalBot;+https://webmaster.petalsearch.com/site/petalbot)"
207.46.13.168 - - [02/Aug/2021:07:51:35 +0000] "GET /two-years-nda-integrated-course.html HTTP/1.1" 404 234 "-" "Mozilla/5.0 (compatible; bingbot/2.0; +http://www.bing.com/bingbot.htm)"
27.6.201.38 - - [02/Aug/2021:07:56:29 +0000] "GET /CTET-Coaching.html HTTP/1.1" 404 216 "-" "Mozilla/5.0 (Linux; Android 11; SM-A505F) AppleWebKit/537.36 (KHTML, like Gecko) Chrome/92.0.4515.115 Mobile Safari/537.36"
27.6.201.38 - - [02/Aug/2021:07:56:30 +0000] "GET /favicon.ico HTTP/1.1" 404 209 "http://aimnachieve.com/CTET-Coaching.html" "Mozilla/5.0 (Linux; Android 11; SM-A505F) AppleWebKit/537.36 (KHTML, like Gecko) Chrome/92.0.4515.115 Mobile Safari/537.36"
114.119.160.195 - - [02/Aug/2021:07:56:59 +0000] "GET /updates/daily-current-affairs-17th-june-2017 HTTP/1.1" 404 242 "-" "Mozilla/5.0 (Linux; Android 7.0;) AppleWebKit/537.36 (KHTML, like Gecko) Mobile Safari/537.36 (compatible; PetalBot;+https://webmaster.petalsearch.com/site/petalbot)"
66.249.66.22 - - [02/Aug/2021:07:57:11 +0000] "GET /updates/nda-ii-2017-question-papers-answer-key-solutions/ HTTP/1.1" 404 255 "-" "Mozilla/5.0 (Linux; Android 6.0.1; Nexus 5X Build/MMB29P) AppleWebKit/537.36 (KHTML, like Gecko) Chrome/92.0.4515.119 Mobile Safari/537.36 (compatible; Googlebot/2.1; +http://www.google.com/bot.html)"
123.58.210.77 - - [02/Aug/2021:07:58:35 +0000] "-" 408 - "-" "-"
123.58.210.77 - - [02/Aug/2021:07:59:02 +0000] "-" 408 - "-" "-"
123.58.210.77 - - [02/Aug/2021:07:59:29 +0000] "-" 408 - "-" "-"
123.58.210.77 - - [02/Aug/2021:07:59:37 +0000] "-" 408 - "-" "-"
123.58.210.77 - - [02/Aug/2021:07:59:49 +0000] "-" 408 - "-" "-"
106.13.238.108 - - [02/Aug/2021:07:59:53 +0000] "POST //userfiles/file/haihai.asp/4.jpg HTTP/1.1" 404 229 "http://misc.yahoo.com.cn/" "Mozilla/5.0 (compatible; Yahoo! Slurp China; http://misc.yahoo.com.cn/help.html)"
106.13.238.108 - - [02/Aug/2021:07:59:54 +0000] "POST //userfiles/file/haihai.asp/4.jpg HTTP/1.1" 404 229 "http://misc.yahoo.com.cn/" "Mozilla/5.0 (compatible; Yahoo! Slurp China; http://misc.yahoo.com.cn/help.html)"
123.58.210.77 - - [02/Aug/2021:07:59:57 +0000] "-" 408 - "-" "-"
123.58.210.77 - - [02/Aug/2021:08:00:03 +0000] "-" 408 - "-" "-"
123.58.210.77 - - [02/Aug/2021:08:00:08 +0000] "-" 408 - "-" "-"
123.58.210.77 - - [02/Aug/2021:08:00:14 +0000] "-" 408 - "-" "-"
123.58.210.77 - - [02/Aug/2021:08:00:31 +0000] "-" 408 - "-" "-"
123.58.210.77 - - [02/Aug/2021:08:00:56 +0000] "-" 408 - "-" "-"
123.58.210.77 - - [02/Aug/2021:08:01:00 +0000] "-" 408 - "-" "-"
123.58.210.77 - - [02/Aug/2021:08:01:00 +0000] "-" 408 - "-" "-"
123.58.210.77 - - [02/Aug/2021:08:01:04 +0000] "-" 408 - "-" "-"
123.58.210.77 - - [02/Aug/2021:08:01:06 +0000] "-" 408 - "-" "-"
123.58.210.77 - - [02/Aug/2021:08:01:10 +0000] "-" 408 - "-" "-"
123.58.210.77 - - [02/Aug/2021:08:01:29 +0000] "-" 408 - "-" "-"
123.58.210.77 - - [02/Aug/2021:08:01:36 +0000] "-" 408 - "-" "-"
123.58.210.77 - - [02/Aug/2021:08:01:45 +0000] "-" 408 - "-" "-"
66.249.66.22 - - [02/Aug/2021:08:01:45 +0000] "GET /updates/ssc-chsl-102-2016-call-letters-out/ HTTP/1.1" 404 241 "-" "Mozilla/5.0 (Linux; Android 6.0.1; Nexus 5X Build/MMB29P) AppleWebKit/537.36 (KHTML, like Gecko) Chrome/92.0.4515.119 Mobile Safari/537.36 (compatible; Googlebot/2.1; +http://www.google.com/bot.html)"
123.58.210.77 - - [02/Aug/2021:08:01:53 +0000] "-" 408 - "-" "-"
123.58.210.77 - - [02/Aug/2021:08:01:57 +0000] "-" 408 - "-" "-"
123.58.210.77 - - [02/Aug/2021:08:02:02 +0000] "-" 408 - "-" "-"
157.38.234.7 - - [02/Aug/2021:08:02:11 +0000] "-" 408 - "-" "-"
114.119.131.2 - - [02/Aug/2021:08:02:39 +0000] "GET /updates/ssc-cgle-2017-tier-i-revised-marks-out HTTP/1.1" 404 244 "-" "Mozilla/5.0 (Linux; Android 7.0;) AppleWebKit/537.36 (KHTML, like Gecko) Mobile Safari/537.36 (compatible; PetalBot;+https://webmaster.petalsearch.com/site/petalbot)"
157.38.234.7 - - [02/Aug/2021:08:03:11 +0000] "-" 408 - "-" "-"
207.46.13.124 - - [02/Aug/2021:08:03:17 +0000] "GET /updates/south-indian-bank-probationary-clerk-2018-notification-out/ HTTP/1.1" 404 265 "-" "Mozilla/5.0 (compatible; bingbot/2.0; +http://www.bing.com/bingbot.htm)"
157.38.234.7 - - [02/Aug/2021:08:03:41 +0000] "-" 408 - "-" "-"
157.38.234.7 - - [02/Aug/2021:08:07:03 +0000] "-" 408 - "-" "-"
157.38.234.7 - - [02/Aug/2021:08:07:03 +0000] "-" 408 - "-" "-"
157.38.234.7 - - [02/Aug/2021:08:07:23 +0000] "-" 408 - "-" "-"
157.38.97.169 - - [02/Aug/2021:08:07:34 +0000] "-" 408 - "-" "-"
157.38.97.169 - - [02/Aug/2021:08:07:34 +0000] "-" 408 - "-" "-"
157.55.39.65 - - [02/Aug/2021:08:08:50 +0000] "GET /updates/daily-current-affairs-21st-march-2017/ HTTP/1.1" 404 244 "-" "Mozilla/5.0 (compatible; bingbot/2.0; +http://www.bing.com/bingbot.htm)"
114.119.131.2 - - [02/Aug/2021:08:09:19 +0000] "GET /updates/ibps-cwe-rrb-vi-officers-scale-i-ii-iii-mainsingle-exam-marks-out HTTP/1.1" 404 271 "-" "Mozilla/5.0 (Linux; Android 7.0;) AppleWebKit/537.36 (KHTML, like Gecko) Mobile Safari/537.36 (compatible; PetalBot;+https://webmaster.petalsearch.com/site/petalbot)"
157.38.234.7 - - [02/Aug/2021:08:09:34 +0000] "-" 408 - "-" "-"
157.38.234.7 - - [02/Aug/2021:08:09:35 +0000] "-" 408 - "-" "-"
157.38.234.7 - - [02/Aug/2021:08:10:34 +0000] "-" 408 - "-" "-"
157.38.234.7 - - [02/Aug/2021:08:10:34 +0000] "-" 408 - "-" "-"
157.38.234.7 - - [02/Aug/2021:08:11:34 +0000] "-" 408 - "-" "-"
157.38.234.7 - - [02/Aug/2021:08:11:34 +0000] "-" 408 - "-" "-"
157.38.234.7 - - [02/Aug/2021:08:12:44 +0000] "-" 408 - "-" "-"
66.249.66.20 - - [02/Aug/2021:08:13:01 +0000] "GET /disclaimer.html HTTP/1.1" 404 213 "-" "Mozilla/5.0 (Linux; Android 6.0.1; Nexus 5X Build/MMB29P) AppleWebKit/537.36 (KHTML, like Gecko) Chrome/91.0.4472.90 Mobile Safari/537.36 (compatible; Googlebot/2.1; +http://www.google.com/bot.html)"
157.38.234.7 - - [02/Aug/2021:08:13:32 +0000] "-" 408 - "-" "-"
157.38.14.145 - - [02/Aug/2021:08:13:51 +0000] "-" 408 - "-" "-"
157.38.234.7 - - [02/Aug/2021:08:14:44 +0000] "-" 408 - "-" "-"
157.38.234.7 - - [02/Aug/2021:08:14:45 +0000] "-" 408 - "-" "-"
157.38.234.7 - - [02/Aug/2021:08:15:37 +0000] "-" 408 - "-" "-"
157.38.234.7 - - [02/Aug/2021:08:15:38 +0000] "-" 408 - "-" "-"
106.79.212.54 - - [02/Aug/2021:08:16:10 +0000] "-" 408 - "-" "-"
114.119.134.232 - - [02/Aug/2021:08:16:30 +0000] "GET /updates/daily-current-affairs-3rd-may-2017 HTTP/1.1" 404 240 "-" "Mozilla/5.0 (Linux; Android 7.0;) AppleWebKit/537.36 (KHTML, like Gecko) Mobile Safari/537.36 (compatible; PetalBot;+https://webmaster.petalsearch.com/site/petalbot)"
157.38.234.7 - - [02/Aug/2021:08:16:41 +0000] "-" 408 - "-" "-"
157.38.234.7 - - [02/Aug/2021:08:16:41 +0000] "-" 408 - "-" "-"
157.38.234.7 - - [02/Aug/2021:08:17:36 +0000] "-" 408 - "-" "-"
157.38.234.7 - - [02/Aug/2021:08:17:36 +0000] "-" 408 - "-" "-"
77.75.76.161 - - [02/Aug/2021:08:18:10 +0000] "GET /robots.txt HTTP/1.1" 404 208 "-" "Mozilla/5.0 (compatible; SeznamBot/3.2; +http://napoveda.seznam.cz/en/seznambot-intro/)"
77.75.76.161 - - [02/Aug/2021:08:18:11 +0000] "GET /cds-previous-year-question-papers.html HTTP/1.1" 404 236 "-" "Mozilla/5.0 (compatible; SeznamBot/3.2; +http://napoveda.seznam.cz/en/seznambot-intro/)"
157.55.39.65 - - [02/Aug/2021:08:18:21 +0000] "GET /lic-exams-coaching.html HTTP/1.1" 404 221 "-" "Mozilla/5.0 (compatible; bingbot/2.0; +http://www.bing.com/bingbot.htm)"
157.38.234.7 - - [02/Aug/2021:08:18:37 +0000] "-" 408 - "-" "-"
157.38.234.7 - - [02/Aug/2021:08:18:37 +0000] "-" 408 - "-" "-"
157.38.234.7 - - [02/Aug/2021:08:19:43 +0000] "-" 408 - "-" "-"
157.38.234.7 - - [02/Aug/2021:08:19:46 +0000] "-" 408 - "-" "-"
171.79.144.136 - - [02/Aug/2021:08:21:40 +0000] "-" 408 - "-" "-"
171.79.144.136 - - [02/Aug/2021:08:21:40 +0000] "-" 408 - "-" "-"
40.77.167.19 - - [02/Aug/2021:08:22:12 +0000] "GET /images/how-to-download-admit-card.png HTTP/1.1" 404 235 "-" "Mozilla/5.0 (compatible; bingbot/2.0; +http://www.bing.com/bingbot.htm)"
114.119.136.155 - - [02/Aug/2021:08:23:29 +0000] "GET /updates/ssc-junior-engineer-2017-know-your-roll-no-check-your-application-status HTTP/1.1" 404 278 "-" "Mozilla/5.0 (Linux; Android 7.0;) AppleWebKit/537.36 (KHTML, like Gecko) Mobile Safari/537.36 (compatible; PetalBot;+https://webmaster.petalsearch.com/site/petalbot)"
66.249.66.25 - - [02/Aug/2021:08:23:41 +0000] "GET /dsssb-coaching.html HTTP/1.1" 404 217 "-" "Mozilla/5.0 (Linux; Android 6.0.1; Nexus 5X Build/MMB29P) AppleWebKit/537.36 (KHTML, like Gecko) Chrome/92.0.4515.119 Mobile Safari/537.36 (compatible; Googlebot/2.1; +http://www.google.com/bot.html)"
66.249.66.83 - - [02/Aug/2021:08:23:56 +0000] "GET /cds-previous-year-question-papers.html HTTP/1.1" 404 236 "-" "Mozilla/5.0 (Linux; Android 6.0.1; Nexus 5X Build/MMB29P) AppleWebKit/537.36 (KHTML, like Gecko) Chrome/91.0.4472.90 Mobile Safari/537.36 (compatible; Googlebot/2.1; +http://www.google.com/bot.html)"
131.220.6.152 - - [02/Aug/2021:08:24:07 +0000] "GET / HTTP/1.1" 403 209 "-" "Mozilla/5.0 (X11; Linux x86_64) AppleWebKit/537.36 (KHTML, like Gecko) Chrome/79.0.3945.79 Safari/537.36"
106.38.241.100 - - [02/Aug/2021:08:28:22 +0000] "GET / HTTP/1.1" 403 209 "-" "Sogou web spider/4.0(+http://www.sogou.com/docs/help/webmasters.htm#07)"
66.249.66.24 - - [02/Aug/2021:08:29:43 +0000] "GET /ctet-coaching.html HTTP/1.1" 404 216 "-" "Mozilla/5.0 (Linux; Android 6.0.1; Nexus 5X Build/MMB29P) AppleWebKit/537.36 (KHTML, like Gecko) Chrome/92.0.4515.119 Mobile Safari/537.36 (compatible; Googlebot/2.1; +http://www.google.com/bot.html)"
114.119.150.210 - - [02/Aug/2021:08:30:54 +0000] "GET /updates/page/129/ HTTP/1.1" 404 215 "-" "Mozilla/5.0 (Linux; Android 7.0;) AppleWebKit/537.36 (KHTML, like Gecko) Mobile Safari/537.36 (compatible; PetalBot;+https://webmaster.petalsearch.com/site/petalbot)"
40.77.167.106 - - [02/Aug/2021:08:35:12 +0000] "GET /updates/tag/nda-2019-cut-off/ HTTP/1.1" 404 227 "-" "Mozilla/5.0 (compatible; bingbot/2.0; +http://www.bing.com/bingbot.htm)"
106.198.228.6 - - [02/Aug/2021:08:36:44 +0000] "-" 408 - "-" "-"
147.135.6.154 - - [02/Aug/2021:08:36:49 +0000] "GET / HTTP/1.1" 403 209 "-" "-"
157.38.231.201 - - [02/Aug/2021:08:37:48 +0000] "-" 408 - "-" "-"
157.38.231.201 - - [02/Aug/2021:08:37:48 +0000] "-" 408 - "-" "-"
114.119.150.210 - - [02/Aug/2021:08:38:09 +0000] "GET /updates/daily-current-affairs-7th-june-2018 HTTP/1.1" 404 241 "-" "Mozilla/5.0 (Linux; Android 7.0;) AppleWebKit/537.36 (KHTML, like Gecko) Mobile Safari/537.36 (compatible; PetalBot;+https://webmaster.petalsearch.com/site/petalbot)"
106.13.238.108 - - [02/Aug/2021:08:40:53 +0000] "POST //userfiles/file/opp.asp/4.jpg HTTP/1.1" 404 226 "http://misc.yahoo.com.cn/" "Mozilla/5.0 (compatible; Yahoo! Slurp China; http://misc.yahoo.com.cn/help.html)"
106.13.238.108 - - [02/Aug/2021:08:40:53 +0000] "POST //userfiles/file/opp.asp/4.jpg HTTP/1.1" 404 226 "http://misc.yahoo.com.cn/" "Mozilla/5.0 (compatible; Yahoo! Slurp China; http://misc.yahoo.com.cn/help.html)"
157.38.247.221 - - [02/Aug/2021:08:43:59 +0000] "-" 408 - "-" "-"
66.249.66.20 - - [02/Aug/2021:08:44:03 +0000] "GET /ctet-coaching.html HTTP/1.1" 404 216 "-" "Mozilla/5.0 (compatible; Googlebot/2.1; +http://www.google.com/bot.html)"
114.119.146.145 - - [02/Aug/2021:08:45:16 +0000] "GET /updates/nabard-grade-a-b-prelims-exam-2017-call-letter-out HTTP/1.1" 404 256 "-" "Mozilla/5.0 (Linux; Android 7.0;) AppleWebKit/537.36 (KHTML, like Gecko) Mobile Safari/537.36 (compatible; PetalBot;+https://webmaster.petalsearch.com/site/petalbot)"
5.255.231.244 - - [02/Aug/2021:08:46:26 +0000] "GET /current-affairs.html HTTP/1.1" 404 218 "-" "Mozilla/5.0 (compatible; YandexBot/3.0; +http://yandex.com/bots)"
66.249.92.22 - - [02/Aug/2021:08:49:08 +0000] "GET /contact-us.html HTTP/1.1" 404 213 "-" "AdsBot-Google (+http://www.google.com/adsbot.html)"
171.79.147.171 - - [02/Aug/2021:08:51:02 +0000] "-" 408 - "-" "-"
171.79.147.171 - - [02/Aug/2021:08:51:02 +0000] "-" 408 - "-" "-"
106.206.178.90 - - [02/Aug/2021:08:51:50 +0000] "-" 408 - "-" "-"
106.206.178.90 - - [02/Aug/2021:08:51:50 +0000] "-" 408 - "-" "-"
54.172.136.72 - - [02/Aug/2021:08:52:21 +0000] "GET /ads.txt HTTP/1.1" 404 205 "-" "Jersey/2.25.1 (HttpUrlConnection 1.8.0_141)"
54.172.136.72 - - [02/Aug/2021:08:52:21 +0000] "GET /ads.txt HTTP/1.1" 404 205 "-" "Jersey/2.25.1 (HttpUrlConnection 1.8.0_141)"
54.172.136.72 - - [02/Aug/2021:08:52:22 +0000] "GET /ads.txt HTTP/1.1" 404 205 "-" "Jersey/2.25.1 (HttpUrlConnection 1.8.0_141)"
54.172.136.72 - - [02/Aug/2021:08:52:23 +0000] "GET /ads.txt HTTP/1.1" 404 205 "-" "Jersey/2.25.1 (HttpUrlConnection 1.8.0_141)"
157.38.198.42 - - [02/Aug/2021:08:52:23 +0000] "-" 408 - "-" "-"
114.119.134.232 - - [02/Aug/2021:08:52:26 +0000] "GET /nda-cut-off.html HTTP/1.1" 404 214 "-" "Mozilla/5.0 (Linux; Android 7.0;) AppleWebKit/537.36 (KHTML, like Gecko) Mobile Safari/537.36 (compatible; PetalBot;+https://webmaster.petalsearch.com/site/petalbot)"
157.47.247.116 - - [02/Aug/2021:08:58:36 +0000] "-" 408 - "-" "-"
157.47.247.116 - - [02/Aug/2021:08:58:36 +0000] "-" 408 - "-" "-"
5.255.253.138 - - [02/Aug/2021:08:59:02 +0000] "GET /current-affairs.html HTTP/1.1" 404 218 "-" "Mozilla/5.0 (compatible; YandexBot/3.0; +http://yandex.com/bots)"
114.119.150.210 - - [02/Aug/2021:08:59:23 +0000] "GET /updates/daily-current-affairs-2nd-may-2018 HTTP/1.1" 404 240 "-" "Mozilla/5.0 (Linux; Android 7.0;) AppleWebKit/537.36 (KHTML, like Gecko) Mobile Safari/537.36 (compatible; PetalBot;+https://webmaster.petalsearch.com/site/petalbot)"
157.47.247.116 - - [02/Aug/2021:08:59:36 +0000] "-" 408 - "-" "-"
157.47.247.116 - - [02/Aug/2021:08:59:36 +0000] "-" 408 - "-" "-"
49.7.20.74 - - [02/Aug/2021:08:59:46 +0000] "GET / HTTP/1.1" 403 209 "-" "Sogou web spider/4.0(+http://www.sogou.com/docs/help/webmasters.htm#07)"
157.55.39.185 - - [02/Aug/2021:09:00:19 +0000] "GET /updates/wp-content/uploads/2019/11/NDA-II-2019-Math-Answerkey-Paper-Code-A.pdf HTTP/1.1" 404 276 "-" "Mozilla/5.0 (compatible; bingbot/2.0; +http://www.bing.com/bingbot.htm)"
1.39.213.92 - - [02/Aug/2021:09:00:23 +0000] "-" 408 - "-" "-"
157.47.247.116 - - [02/Aug/2021:09:00:36 +0000] "-" 408 - "-" "-"
157.47.247.116 - - [02/Aug/2021:09:00:36 +0000] "-" 408 - "-" "-"
47.11.119.164 - - [02/Aug/2021:09:00:44 +0000] "-" 408 - "-" "-"
47.11.119.164 - - [02/Aug/2021:09:00:53 +0000] "-" 408 - "-" "-"
103.83.149.245 - - [02/Aug/2021:09:01:17 +0000] "-" 408 - "-" "-"
157.47.247.116 - - [02/Aug/2021:09:01:36 +0000] "-" 408 - "-" "-"
157.47.247.116 - - [02/Aug/2021:09:01:36 +0000] "-" 408 - "-" "-"
157.47.247.116 - - [02/Aug/2021:09:02:44 +0000] "-" 408 - "-" "-"
157.47.247.116 - - [02/Aug/2021:09:02:44 +0000] "-" 408 - "-" "-"
157.47.247.116 - - [02/Aug/2021:09:03:44 +0000] "-" 408 - "-" "-"
157.47.247.116 - - [02/Aug/2021:09:03:44 +0000] "-" 408 - "-" "-"
157.38.13.26 - - [02/Aug/2021:09:03:58 +0000] "-" 408 - "-" "-"
157.38.13.26 - - [02/Aug/2021:09:03:58 +0000] "-" 408 - "-" "-"
157.47.247.116 - - [02/Aug/2021:09:04:44 +0000] "-" 408 - "-" "-"
157.47.247.116 - - [02/Aug/2021:09:04:44 +0000] "-" 408 - "-" "-"
157.47.247.116 - - [02/Aug/2021:09:05:44 +0000] "-" 408 - "-" "-"
157.47.247.116 - - [02/Aug/2021:09:05:44 +0000] "-" 408 - "-" "-"
1.39.213.92 - - [02/Aug/2021:09:05:57 +0000] "-" 408 - "-" "-"
114.119.134.232 - - [02/Aug/2021:09:06:20 +0000] "GET /Air-Force-Y-Group-Coaching.html HTTP/1.1" 404 229 "-" "Mozilla/5.0 (Linux; Android 7.0;) AppleWebKit/537.36 (KHTML, like Gecko) Mobile Safari/537.36 (compatible; PetalBot;+https://webmaster.petalsearch.com/site/petalbot)"
157.47.247.116 - - [02/Aug/2021:09:06:44 +0000] "-" 408 - "-" "-"
1.39.213.92 - - [02/Aug/2021:09:07:36 +0000] "-" 408 - "-" "-"
157.47.247.116 - - [02/Aug/2021:09:07:44 +0000] "-" 408 - "-" "-"
157.47.247.116 - - [02/Aug/2021:09:07:44 +0000] "-" 408 - "-" "-"
207.46.13.168 - - [02/Aug/2021:09:07:51 +0000] "GET / HTTP/1.1" 403 209 "-" "Mozilla/5.0 (compatible; bingbot/2.0; +http://www.bing.com/bingbot.htm)"
157.38.198.42 - - [02/Aug/2021:09:08:01 +0000] "-" 408 - "-" "-"
157.38.198.42 - - [02/Aug/2021:09:08:03 +0000] "-" 408 - "-" "-"
158.174.82.143 - - [02/Aug/2021:09:08:10 +0000] "-" 408 - "-" "-"
1.39.213.92 - - [02/Aug/2021:09:09:02 +0000] "-" 408 - "-" "-"
157.38.67.224 - - [02/Aug/2021:09:09:55 +0000] "-" 408 - "-" "-"
157.38.67.224 - - [02/Aug/2021:09:10:37 +0000] "-" 408 - "-" "-"
157.38.67.224 - - [02/Aug/2021:09:10:37 +0000] "-" 408 - "-" "-"
157.38.67.224 - - [02/Aug/2021:09:11:37 +0000] "-" 408 - "-" "-"
157.38.67.224 - - [02/Aug/2021:09:11:37 +0000] "-" 408 - "-" "-"
157.38.67.224 - - [02/Aug/2021:09:12:38 +0000] "-" 408 - "-" "-"
157.38.67.224 - - [02/Aug/2021:09:12:38 +0000] "-" 408 - "-" "-"
66.249.66.20 - - [02/Aug/2021:09:12:41 +0000] "GET /updates/wp-content/uploads/2018/09/NDA-II-2018-Maths-Solutions-Code-A.pdf HTTP/1.1" 404 271 "-" "Mozilla/5.0 (Linux; Android 6.0.1; Nexus 5X Build/MMB29P) AppleWebKit/537.36 (KHTML, like Gecko) Chrome/92.0.4515.119 Mobile Safari/537.36 (compatible; Googlebot/2.1; +http://www.google.com/bot.html)"
66.249.66.20 - - [02/Aug/2021:09:12:41 +0000] "GET /robots.txt HTTP/1.1" 404 208 "-" "Mozilla/5.0 (compatible; Googlebot/2.1; +http://www.google.com/bot.html)"
157.47.154.97 - - [02/Aug/2021:09:14:02 +0000] "-" 408 - "-" "-"
157.38.67.224 - - [02/Aug/2021:09:16:11 +0000] "-" 408 - "-" "-"
157.38.67.224 - - [02/Aug/2021:09:16:11 +0000] "-" 408 - "-" "-"
157.55.39.65 - - [02/Aug/2021:09:17:07 +0000] "GET /updates/wp-content/uploads/2018/09/NDA-II-2018-GAT-Question-Paper-Code-C.pdf HTTP/1.1" 404 274 "-" "Mozilla/5.0 (compatible; bingbot/2.0; +http://www.bing.com/bingbot.htm)"
157.38.67.224 - - [02/Aug/2021:09:19:46 +0000] "-" 408 - "-" "-"
157.38.67.224 - - [02/Aug/2021:09:19:46 +0000] "-" 408 - "-" "-"
114.119.162.33 - - [02/Aug/2021:09:20:13 +0000] "GET /updates/ecgc-probationary-officers-2018-online-exam-result-out HTTP/1.1" 404 260 "-" "Mozilla/5.0 (Linux; Android 7.0;) AppleWebKit/537.36 (KHTML, like Gecko) Mobile Safari/537.36 (compatible; PetalBot;+https://webmaster.petalsearch.com/site/petalbot)"
157.38.67.224 - - [02/Aug/2021:09:20:46 +0000] "-" 408 - "-" "-"
66.249.66.84 - - [02/Aug/2021:09:22:54 +0000] "GET /cds-notification.html HTTP/1.1" 404 219 "-" "Mozilla/5.0 (Linux; Android 6.0.1; Nexus 5X Build/MMB29P) AppleWebKit/537.36 (KHTML, like Gecko) Chrome/92.0.4515.119 Mobile Safari/537.36 (compatible; Googlebot/2.1; +http://www.google.com/bot.html)"
66.249.66.20 - - [02/Aug/2021:09:23:42 +0000] "GET /updates/conquer-gk-your-weekly-gk-quiz-9-16-april-2017/ HTTP/1.1" 404 253 "-" "Mozilla/5.0 (compatible; Googlebot/2.1; +http://www.google.com/bot.html)"
114.119.150.210 - - [02/Aug/2021:09:27:05 +0000] "GET /updates/tag/nda-2018-video-solutions HTTP/1.1" 404 234 "-" "Mozilla/5.0 (Linux; Android 7.0;) AppleWebKit/537.36 (KHTML, like Gecko) Mobile Safari/537.36 (compatible; PetalBot;+https://webmaster.petalsearch.com/site/petalbot)"
103.83.149.245 - - [02/Aug/2021:09:27:51 +0000] "-" 408 - "-" "-"
42.111.17.154 - - [02/Aug/2021:09:28:26 +0000] "-" 408 - "-" "-"
42.111.17.154 - - [02/Aug/2021:09:28:26 +0000] "-" 408 - "-" "-"
207.46.13.168 - - [02/Aug/2021:09:29:52 +0000] "GET /updates/wp-content/uploads/2020/02/CDS-I-2020-English-Question-Paper-Code-B.pdf HTTP/1.1" 404 277 "-" "Mozilla/5.0 (compatible; bingbot/2.0; +http://www.bing.com/bingbot.htm)"
106.207.154.244 - - [02/Aug/2021:09:30:58 +0000] "-" 408 - "-" "-"
160.153.246.233 - - [02/Aug/2021:09:31:02 +0000] "GET /wp-login.php HTTP/1.1" 404 210 "-" "Mozilla/5.0 (X11; Ubuntu; Linux x86_64; rv:62.0) Gecko/20100101 Firefox/62.0"
40.77.167.30 - - [02/Aug/2021:09:31:43 +0000] "GET /updates/daily-current-affairs-27th-january-2018/ HTTP/1.1" 404 246 "-" "Mozilla/5.0 (compatible; bingbot/2.0; +http://www.bing.com/bingbot.htm)"
157.38.194.28 - - [02/Aug/2021:09:32:48 +0000] "-" 408 - "-" "-"
157.38.194.28 - - [02/Aug/2021:09:32:48 +0000] "-" 408 - "-" "-"
157.38.194.28 - - [02/Aug/2021:09:32:48 +0000] "-" 408 - "-" "-"
114.119.146.145 - - [02/Aug/2021:09:34:12 +0000] "GET /updates/ibps-so-vi-scores-for-shortlisted-candidates-out HTTP/1.1" 404 254 "-" "Mozilla/5.0 (Linux; Android 7.0;) AppleWebKit/537.36 (KHTML, like Gecko) Mobile Safari/537.36 (compatible; PetalBot;+https://webmaster.petalsearch.com/site/petalbot)"
1.39.222.4 - - [02/Aug/2021:09:36:08 +0000] "-" 408 - "-" "-"
106.207.154.244 - - [02/Aug/2021:09:36:33 +0000] "-" 408 - "-" "-"
66.249.66.23 - - [02/Aug/2021:09:36:42 +0000] "GET /ads.txt HTTP/1.1" 404 205 "-" "Mozilla/5.0 (compatible; Googlebot/2.1; +http://www.google.com/bot.html)"
40.77.167.74 - - [02/Aug/2021:09:37:13 +0000] "GET /updates/cds-ii-2019-question-papers-answer-key-solutions/ HTTP/1.1" 404 255 "-" "Mozilla/5.0 (compatible; bingbot/2.0; +http://www.bing.com/bingbot.htm)"
66.249.66.24 - - [02/Aug/2021:09:38:24 +0000] "GET /updates/page/127/?wordfence_logHuman=1&hid=B9A7647DDBA653E1B8128504C58C6116 HTTP/1.1" 404 215 "-" "Mozilla/5.0 (compatible; Googlebot/2.1; +http://www.google.com/bot.html)"
157.47.192.233 - - [02/Aug/2021:09:38:48 +0000] "-" 408 - "-" "-"
157.47.192.233 - - [02/Aug/2021:09:38:48 +0000] "-" 408 - "-" "-"
1.39.222.4 - - [02/Aug/2021:09:39:21 +0000] "-" 408 - "-" "-"
1.39.222.4 - - [02/Aug/2021:09:39:21 +0000] "-" 408 - "-" "-"
157.38.1.20 - - [02/Aug/2021:09:39:21 +0000] "-" 408 - "-" "-"
1.39.222.4 - - [02/Aug/2021:09:39:57 +0000] "-" 408 - "-" "-"
106.13.238.108 - - [02/Aug/2021:09:40:09 +0000] "POST //UserFiles/File/twphp.cer HTTP/1.1" 404 222 "http://misc.yahoo.com.cn/" "Mozilla/5.0 (compatible; Yahoo! Slurp China; http://misc.yahoo.com.cn/help.html)"
106.13.238.108 - - [02/Aug/2021:09:40:10 +0000] "POST //UserFiles/File/twphp.cer HTTP/1.1" 404 222 "http://misc.yahoo.com.cn/" "Mozilla/5.0 (compatible; Yahoo! Slurp China; http://misc.yahoo.com.cn/help.html)"
106.13.238.108 - - [02/Aug/2021:09:40:14 +0000] "POST //UserFiles/File/twphp.cer HTTP/1.1" 404 222 "http://misc.yahoo.com.cn/" "Mozilla/5.0 (compatible; Yahoo! Slurp China; http://misc.yahoo.com.cn/help.html)"
106.13.238.108 - - [02/Aug/2021:09:40:15 +0000] "POST //UserFiles/File/twphp.cer HTTP/1.1" 404 222 "http://misc.yahoo.com.cn/" "Mozilla/5.0 (compatible; Yahoo! Slurp China; http://misc.yahoo.com.cn/help.html)"
106.13.238.108 - - [02/Aug/2021:09:40:15 +0000] "POST //UserFiles/File/twphp.cer HTTP/1.1" 404 222 "http://misc.yahoo.com.cn/" "Mozilla/5.0 (compatible; Yahoo! Slurp China; http://misc.yahoo.com.cn/help.html)"
106.13.238.108 - - [02/Aug/2021:09:40:15 +0000] "POST //UserFiles/File/twphp.cer HTTP/1.1" 404 222 "http://misc.yahoo.com.cn/" "Mozilla/5.0 (compatible; Yahoo! Slurp China; http://misc.yahoo.com.cn/help.html)"
114.119.146.145 - - [02/Aug/2021:09:41:10 +0000] "GET /updates/indian-bank-pgdbf-manipal-po-2017-prelim-result-out HTTP/1.1" 404 257 "-" "Mozilla/5.0 (Linux; Android 7.0;) AppleWebKit/537.36 (KHTML, like Gecko) Mobile Safari/537.36 (compatible; PetalBot;+https://webmaster.petalsearch.com/site/petalbot)"
5.196.153.59 - - [02/Aug/2021:09:41:37 +0000] "GET /.env HTTP/1.1" 404 202 "-" "Mozilla/5.0 (Linux; U; Android 4.4.2; en-US; HM NOTE 1W Build/KOT49H) AppleWebKit/534.30 (KHTML, like Gecko) Version/4.0 UCBrowser/11.0.5.850 U3/0.8.0 Mobile Safari/534.30"
5.196.153.59 - - [02/Aug/2021:09:41:37 +0000] "POST / HTTP/1.1" 404 198 "-" "Mozilla/5.0 (Linux; U; Android 4.4.2; en-US; HM NOTE 1W Build/KOT49H) AppleWebKit/534.30 (KHTML, like Gecko) Version/4.0 UCBrowser/11.0.5.850 U3/0.8.0 Mobile Safari/534.30"
5.196.153.59 - - [02/Aug/2021:09:41:41 +0000] "GET /.env HTTP/1.1" 404 202 "-" "Mozilla/5.0 (Linux; U; Android 4.4.2; en-US; HM NOTE 1W Build/KOT49H) AppleWebKit/534.30 (KHTML, like Gecko) Version/4.0 UCBrowser/11.0.5.850 U3/0.8.0 Mobile Safari/534.30"
5.196.153.59 - - [02/Aug/2021:09:41:42 +0000] "POST / HTTP/1.1" 404 198 "-" "Mozilla/5.0 (Linux; U; Android 4.4.2; en-US; HM NOTE 1W Build/KOT49H) AppleWebKit/534.30 (KHTML, like Gecko) Version/4.0 UCBrowser/11.0.5.850 U3/0.8.0 Mobile Safari/534.30"
77.75.78.161 - - [02/Aug/2021:09:41:50 +0000] "GET /robots.txt HTTP/1.1" 404 208 "-" "Mozilla/5.0 (compatible; SeznamBot/3.2; +http://napoveda.seznam.cz/en/seznambot-intro/)"
77.75.78.161 - - [02/Aug/2021:09:41:51 +0000] "GET /IBPS-Bank-Clerk.html HTTP/1.1" 404 218 "-" "Mozilla/5.0 (compatible; SeznamBot/3.2; +http://napoveda.seznam.cz/en/seznambot-intro/)"
77.75.78.161 - - [02/Aug/2021:09:41:52 +0000] "GET /ibps.html HTTP/1.1" 404 207 "-" "Mozilla/5.0 (compatible; SeznamBot/3.2; +http://napoveda.seznam.cz/en/seznambot-intro/)"
157.38.105.20 - - [02/Aug/2021:09:42:06 +0000] "-" 408 - "-" "-"
157.38.105.20 - - [02/Aug/2021:09:42:06 +0000] "-" 408 - "-" "-"
157.38.105.20 - - [02/Aug/2021:09:42:46 +0000] "-" 408 - "-" "-"
157.38.105.20 - - [02/Aug/2021:09:42:46 +0000] "-" 408 - "-" "-"
171.79.145.95 - - [02/Aug/2021:09:43:30 +0000] "-" 408 - "-" "-"
171.79.145.95 - - [02/Aug/2021:09:43:30 +0000] "-" 408 - "-" "-"
157.47.131.232 - - [02/Aug/2021:09:43:51 +0000] "-" 408 - "-" "-"
157.47.131.232 - - [02/Aug/2021:09:44:15 +0000] "-" 408 - "-" "-"
185.142.236.38 - - [02/Aug/2021:09:44:27 +0000] "GET / HTTP/1.1" 403 209 "-" "Mozilla/5.0 (X11; Linux x86_64) AppleWebKit/537.36 (KHTML, like Gecko) Chrome/34.0.1847.137 Safari/537.36"
185.142.236.38 - - [02/Aug/2021:09:44:31 +0000] "\n" 400 226 "-" "-"
185.142.236.38 - - [02/Aug/2021:09:44:32 +0000] "\n" 400 226 "-" "-"
185.142.236.38 - - [02/Aug/2021:09:44:33 +0000] "\n" 400 226 "-" "-"
185.142.236.38 - - [02/Aug/2021:09:44:34 +0000] "\n" 400 226 "-" "-"
185.142.236.38 - - [02/Aug/2021:09:44:34 +0000] "\n" 400 226 "-" "-"
185.142.236.38 - - [02/Aug/2021:09:44:38 +0000] "quit\n" 400 226 "-" "-"
185.142.236.38 - - [02/Aug/2021:09:44:38 +0000] "GET /robots.txt HTTP/1.1" 404 208 "-" "-"
185.142.236.38 - - [02/Aug/2021:09:44:39 +0000] "GET /sitemap.xml HTTP/1.1" 404 209 "-" "-"
185.142.236.38 - - [02/Aug/2021:09:44:39 +0000] "GET /.well-known/security.txt HTTP/1.1" 404 222 "-" "-"
185.142.236.38 - - [02/Aug/2021:09:44:40 +0000] "GET /favicon.ico HTTP/1.1" 404 209 "-" "Mozilla/5.0 (Macintosh; Intel Mac OS X 10.15; rv:80.0) Gecko/20100101 Firefox/80.0"
157.38.231.201 - - [02/Aug/2021:09:47:11 +0000] "-" 408 - "-" "-"
157.38.231.201 - - [02/Aug/2021:09:47:11 +0000] "-" 408 - "-" "-"
34.79.68.246 - - [02/Aug/2021:09:47:53 +0000] "GET / HTTP/1.1" 403 209 "-" "python-requests/2.26.0"
114.119.154.26 - - [02/Aug/2021:09:48:18 +0000] "GET /updates/ssc-cgle-2017-tier-i-final-answer-key-out HTTP/1.1" 404 247 "-" "Mozilla/5.0 (Linux; Android 7.0;) AppleWebKit/537.36 (KHTML, like Gecko) Mobile Safari/537.36 (compatible; PetalBot;+https://webmaster.petalsearch.com/site/petalbot)"
40.77.167.74 - - [02/Aug/2021:09:52:46 +0000] "GET /updates/daily-current-affairs-9th-march-2017/ HTTP/1.1" 404 243 "-" "Mozilla/5.0 (compatible; bingbot/2.0; +http://www.bing.com/bingbot.htm)"
66.249.66.22 - - [02/Aug/2021:09:53:31 +0000] "GET /updates/wp-content/uploads/2018/09/NDA-II-2018-GAT-English-Answer-Key-with-Detailed-Explanations.pdf HTTP/1.1" 404 298 "-" "Mozilla/5.0 (Linux; Android 6.0.1; Nexus 5X Build/MMB29P) AppleWebKit/537.36 (KHTML, like Gecko) Chrome/92.0.4515.119 Mobile Safari/537.36 (compatible; Googlebot/2.1; +http://www.google.com/bot.html)"
66.249.66.20 - - [02/Aug/2021:09:53:41 +0000] "GET /updates/daily-current-affairs-19th-march-2018/ HTTP/1.1" 404 244 "-" "Mozilla/5.0 (compatible; Googlebot/2.1; +http://www.google.com/bot.html)"
157.38.231.201 - - [02/Aug/2021:09:55:16 +0000] "-" 408 - "-" "-"
157.38.231.201 - - [02/Aug/2021:09:55:16 +0000] "-" 408 - "-" "-"
114.119.162.33 - - [02/Aug/2021:09:55:17 +0000] "GET /updates/dmrc-exam-2017-cra-maintainer-and-other-post-official-answer-key-out HTTP/1.1" 404 274 "-" "Mozilla/5.0 (Linux; Android 7.0;) AppleWebKit/537.36 (KHTML, like Gecko) Mobile Safari/537.36 (compatible; PetalBot;+https://webmaster.petalsearch.com/site/petalbot)"
1.187.247.224 - - [02/Aug/2021:09:55:27 +0000] "-" 408 - "-" "-"
1.187.240.105 - - [02/Aug/2021:09:55:27 +0000] "-" 408 - "-" "-"
157.38.35.172 - - [02/Aug/2021:09:56:23 +0000] "-" 408 - "-" "-"
157.38.35.172 - - [02/Aug/2021:09:57:17 +0000] "-" 408 - "-" "-"
157.38.35.172 - - [02/Aug/2021:09:57:17 +0000] "-" 408 - "-" "-"
157.33.13.67 - - [02/Aug/2021:09:58:08 +0000] "-" 408 - "-" "-"
157.38.35.172 - - [02/Aug/2021:09:58:17 +0000] "-" 408 - "-" "-"
157.38.35.172 - - [02/Aug/2021:09:58:17 +0000] "-" 408 - "-" "-"
157.38.35.172 - - [02/Aug/2021:09:59:17 +0000] "-" 408 - "-" "-"
157.38.35.172 - - [02/Aug/2021:09:59:17 +0000] "-" 408 - "-" "-"
157.38.35.172 - - [02/Aug/2021:10:00:17 +0000] "-" 408 - "-" "-"
157.38.35.172 - - [02/Aug/2021:10:00:17 +0000] "-" 408 - "-" "-"
157.38.35.172 - - [02/Aug/2021:10:01:18 +0000] "-" 408 - "-" "-"
157.38.35.172 - - [02/Aug/2021:10:01:18 +0000] "-" 408 - "-" "-"
3.15.4.77 - - [02/Aug/2021:10:01:33 +0000] "GET / HTTP/1.1" 403 209 "-" "Mozilla/5.0 (Macintosh; Intel Mac OS X 10_15_7) AppleWebKit/537.36 (KHTML, like Gecko) Chrome/91.0.4472.114 Safari/537.36"
3.15.4.77 - - [02/Aug/2021:10:01:33 +0000] "GET / HTTP/1.1" 403 209 "-" "Mozilla/5.0 (Macintosh; Intel Mac OS X 10_15_7) AppleWebKit/537.36 (KHTML, like Gecko) Chrome/91.0.4472.114 Safari/537.36"
3.15.4.77 - - [02/Aug/2021:10:01:34 +0000] "GET / HTTP/1.1" 403 209 "-" "Mozilla/5.0 (Macintosh; Intel Mac OS X 10_15_7) AppleWebKit/537.36 (KHTML, like Gecko) Chrome/91.0.4472.114 Safari/537.36"
3.15.4.77 - - [02/Aug/2021:10:01:34 +0000] "GET / HTTP/1.1" 403 209 "-" "Mozilla/5.0 (Macintosh; Intel Mac OS X 10_15_7) AppleWebKit/537.36 (KHTML, like Gecko) Chrome/91.0.4472.114 Safari/537.36"
3.15.4.77 - - [02/Aug/2021:10:01:35 +0000] "GET / HTTP/1.1" 403 209 "-" "Mozilla/5.0 (Macintosh; Intel Mac OS X 10_15_7) AppleWebKit/537.36 (KHTML, like Gecko) Chrome/91.0.4472.114 Safari/537.36"
3.15.4.77 - - [02/Aug/2021:10:01:36 +0000] "GET /favicon.ico HTTP/1.1" 404 209 "http://aimnachieve.com/" "Mozilla/5.0 (Macintosh; Intel Mac OS X 10_15_7) AppleWebKit/537.36 (KHTML, like Gecko) Chrome/91.0.4472.114 Safari/537.36"
157.38.35.172 - - [02/Aug/2021:10:01:55 +0000] "-" 408 - "-" "-"
157.38.35.172 - - [02/Aug/2021:10:02:04 +0000] "-" 408 - "-" "-"
114.119.160.248 - - [02/Aug/2021:10:02:17 +0000] "GET /updates/tag/cds-1-2020-solutions HTTP/1.1" 404 230 "-" "Mozilla/5.0 (Linux; Android 7.0;) AppleWebKit/537.36 (KHTML, like Gecko) Mobile Safari/537.36 (compatible; PetalBot;+https://webmaster.petalsearch.com/site/petalbot)"
157.38.35.172 - - [02/Aug/2021:10:02:17 +0000] "-" 408 - "-" "-"
212.86.102.106 - - [02/Aug/2021:10:02:48 +0000] "GET / HTTP/1.0" 403 209 "http://aimnachieve.com/" "Mozilla/5.0 (Windows NT 6.1; WOW64) AppleWebKit/537.36 (KHTML, like Gecko) Chrome/83.0.4103.61 Safari/537.36"
212.86.102.106 - - [02/Aug/2021:10:02:48 +0000] "GET / HTTP/1.0" 403 209 "http://aimnachieve.com/" "Mozilla/5.0 (Windows NT 6.1; WOW64) AppleWebKit/537.36 (KHTML, like Gecko) Chrome/83.0.4103.61 Safari/537.36"
91.102.155.145 - - [02/Aug/2021:10:02:50 +0000] "GET / HTTP/1.1" 403 209 "http://aimnachieve.com/" "Mozilla/5.0 (Windows NT 6.1; WOW64) AppleWebKit/537.36 (KHTML, like Gecko) Chrome/83.0.4103.61 Safari/537.36"
157.38.35.172 - - [02/Aug/2021:10:03:18 +0000] "-" 408 - "-" "-"
157.38.35.172 - - [02/Aug/2021:10:03:18 +0000] "-" 408 - "-" "-"
66.249.66.21 - - [02/Aug/2021:10:03:44 +0000] "GET /updates/tag/crpf-physical-standard/ HTTP/1.1" 404 233 "-" "Mozilla/5.0 (Linux; Android 6.0.1; Nexus 5X Build/MMB29P) AppleWebKit/537.36 (KHTML, like Gecko) Chrome/92.0.4515.119 Mobile Safari/537.36 (compatible; Googlebot/2.1; +http://www.google.com/bot.html)"
157.38.35.172 - - [02/Aug/2021:10:04:00 +0000] "-" 408 - "-" "-"
157.38.35.172 - - [02/Aug/2021:10:04:18 +0000] "-" 408 - "-" "-"
192.241.216.221 - - [02/Aug/2021:10:05:27 +0000] "GET /owa/auth/logon.aspx?url=https%3a%2f%2f1%2fecp%2f HTTP/1.1" 404 217 "-" "Mozilla/5.0 zgrab/0.x"
157.47.135.211 - - [02/Aug/2021:10:05:31 +0000] "-" 408 - "-" "-"
157.47.135.211 - - [02/Aug/2021:10:05:31 +0000] "-" 408 - "-" "-"
106.207.154.244 - - [02/Aug/2021:10:06:13 +0000] "-" 408 - "-" "-"
106.207.154.244 - - [02/Aug/2021:10:06:15 +0000] "-" 408 - "-" "-"
171.79.145.95 - - [02/Aug/2021:10:07:41 +0000] "-" 408 - "-" "-"
171.79.145.95 - - [02/Aug/2021:10:07:41 +0000] "-" 408 - "-" "-"
157.38.35.172 - - [02/Aug/2021:10:07:53 +0000] "-" 408 - "-" "-"
157.38.35.172 - - [02/Aug/2021:10:08:14 +0000] "-" 408 - "-" "-"
157.38.194.28 - - [02/Aug/2021:10:09:10 +0000] "-" 408 - "-" "-"
157.38.194.28 - - [02/Aug/2021:10:09:10 +0000] "-" 408 - "-" "-"
157.38.194.28 - - [02/Aug/2021:10:09:11 +0000] "-" 408 - "-" "-"
157.38.194.28 - - [02/Aug/2021:10:09:11 +0000] "-" 408 - "-" "-"
157.38.194.28 - - [02/Aug/2021:10:09:11 +0000] "-" 408 - "-" "-"
157.38.194.28 - - [02/Aug/2021:10:09:52 +0000] "-" 408 - "-" "-"
171.79.145.95 - - [02/Aug/2021:10:10:18 +0000] "-" 408 - "-" "-"
171.79.145.95 - - [02/Aug/2021:10:10:18 +0000] "-" 408 - "-" "-"
66.249.66.70 - - [02/Aug/2021:10:13:57 +0000] "GET /our-introduction.html HTTP/1.1" 404 219 "-" "Mozilla/5.0 (Linux; Android 6.0.1; Nexus 5X Build/MMB29P) AppleWebKit/537.36 (KHTML, like Gecko) Chrome/92.0.4515.119 Mobile Safari/537.36 (compatible; Googlebot/2.1; +http://www.google.com/bot.html)"
157.38.35.172 - - [02/Aug/2021:10:15:30 +0000] "-" 408 - "-" "-"
114.119.162.33 - - [02/Aug/2021:10:17:34 +0000] "GET /updates/wp-content/uploads/2017/10/AA-Current-Affairs-14-250x160.jpg HTTP/1.1" 404 266 "-" "Mozilla/5.0 (Linux; Android 7.0;) AppleWebKit/537.36 (KHTML, like Gecko) Mobile Safari/537.36 (compatible; PetalBot;+https://webmaster.petalsearch.com/site/petalbot)"
1.187.245.137 - - [02/Aug/2021:10:17:35 +0000] "-" 408 - "-" "-"
1.187.240.105 - - [02/Aug/2021:10:17:35 +0000] "-" 408 - "-" "-"
157.38.35.172 - - [02/Aug/2021:10:19:17 +0000] "-" 408 - "-" "-"
66.249.66.70 - - [02/Aug/2021:10:21:25 +0000] "GET /cds-faq.html HTTP/1.1" 404 210 "-" "Mozilla/5.0 (Linux; Android 6.0.1; Nexus 5X Build/MMB29P) AppleWebKit/537.36 (KHTML, like Gecko) Chrome/92.0.4515.119 Mobile Safari/537.36 (compatible; Googlebot/2.1; +http://www.google.com/bot.html)"
1.39.218.100 - - [02/Aug/2021:10:21:55 +0000] "-" 408 - "-" "-"
1.39.218.100 - - [02/Aug/2021:10:22:36 +0000] "-" 408 - "-" "-"
1.39.218.100 - - [02/Aug/2021:10:22:36 +0000] "-" 408 - "-" "-"
114.119.150.210 - - [02/Aug/2021:10:23:25 +0000] "GET /updates/category/current-affairs/page/21 HTTP/1.1" 404 238 "-" "Mozilla/5.0 (Linux; Android 7.0;) AppleWebKit/537.36 (KHTML, like Gecko) Mobile Safari/537.36 (compatible; PetalBot;+https://webmaster.petalsearch.com/site/petalbot)"
66.249.66.20 - - [02/Aug/2021:10:23:41 +0000] "GET /updates/daily-current-affairs-25th-june-2018/ HTTP/1.1" 404 243 "-" "Mozilla/5.0 (compatible; Googlebot/2.1; +http://www.google.com/bot.html)"
66.249.66.82 - - [02/Aug/2021:10:23:56 +0000] "GET /disclaimer.html HTTP/1.1" 404 213 "-" "Mozilla/5.0 (Linux; Android 6.0.1; Nexus 5X Build/MMB29P) AppleWebKit/537.36 (KHTML, like Gecko) Chrome/91.0.4472.90 Mobile Safari/537.36 (compatible; Googlebot/2.1; +http://www.google.com/bot.html)"
157.47.159.179 - - [02/Aug/2021:10:26:05 +0000] "-" 408 - "-" "-"
40.77.167.19 - - [02/Aug/2021:10:29:05 +0000] "GET /updates/author/aimandachieve/page/6/ HTTP/1.1" 404 234 "-" "Mozilla/5.0 (compatible; bingbot/2.0; +http://www.bing.com/bingbot.htm)"
114.119.146.145 - - [02/Aug/2021:10:30:25 +0000] "GET /updates/category/current-affairs/page/54 HTTP/1.1" 404 238 "-" "Mozilla/5.0 (Linux; Android 7.0;) AppleWebKit/537.36 (KHTML, like Gecko) Mobile Safari/537.36 (compatible; PetalBot;+https://webmaster.petalsearch.com/site/petalbot)"
207.46.13.45 - - [02/Aug/2021:10:30:53 +0000] "GET /robots.txt HTTP/1.1" 404 208 "-" "Mozilla/5.0 (compatible; bingbot/2.0; +http://www.bing.com/bingbot.htm)"
40.77.167.19 - - [02/Aug/2021:10:31:03 +0000] "GET /updates/tag/ctet-preparation-tips/ HTTP/1.1" 404 232 "-" "Mozilla/5.0 (compatible; bingbot/2.0; +http://www.bing.com/bingbot.htm)"
157.38.35.172 - - [02/Aug/2021:10:36:38 +0000] "-" 408 - "-" "-"
183.83.45.15 - - [02/Aug/2021:10:37:27 +0000] "-" 408 - "-" "-"
157.38.35.172 - - [02/Aug/2021:10:37:35 +0000] "-" 408 - "-" "-"
157.38.35.172 - - [02/Aug/2021:10:37:39 +0000] "-" 408 - "-" "-"
114.119.134.232 - - [02/Aug/2021:10:37:40 +0000] "GET /updates/daily-current-affairs-16th-april-2018 HTTP/1.1" 404 243 "-" "Mozilla/5.0 (Linux; Android 7.0;) AppleWebKit/537.36 (KHTML, like Gecko) Mobile Safari/537.36 (compatible; PetalBot;+https://webmaster.petalsearch.com/site/petalbot)"
223.238.213.62 - - [02/Aug/2021:10:39:04 +0000] "-" 408 - "-" "-"
223.238.213.62 - - [02/Aug/2021:10:39:04 +0000] "-" 408 - "-" "-"
223.233.121.162 - - [02/Aug/2021:10:41:12 +0000] "-" 408 - "-" "-"
157.38.206.17 - - [02/Aug/2021:10:42:05 +0000] "-" 408 - "-" "-"
157.38.206.17 - - [02/Aug/2021:10:42:05 +0000] "-" 408 - "-" "-"
114.119.143.214 - - [02/Aug/2021:10:45:16 +0000] "GET /updates/category/current-affairs/page/3 HTTP/1.1" 404 237 "-" "Mozilla/5.0 (Linux; Android 7.0;) AppleWebKit/537.36 (KHTML, like Gecko) Mobile Safari/537.36 (compatible; PetalBot;+https://webmaster.petalsearch.com/site/petalbot)"
157.55.39.65 - - [02/Aug/2021:10:50:26 +0000] "GET /updates/daily-current-affairs-11th-february-2018/ HTTP/1.1" 404 247 "-" "Mozilla/5.0 (compatible; bingbot/2.0; +http://www.bing.com/bingbot.htm)"
157.38.35.172 - - [02/Aug/2021:10:50:47 +0000] "-" 408 - "-" "-"
114.119.146.145 - - [02/Aug/2021:10:52:41 +0000] "GET /updates/page/125 HTTP/1.1" 404 214 "-" "Mozilla/5.0 (Linux; Android 7.0;) AppleWebKit/537.36 (KHTML, like Gecko) Mobile Safari/537.36 (compatible; PetalBot;+https://webmaster.petalsearch.com/site/petalbot)"
49.36.124.164 - - [02/Aug/2021:10:58:01 +0000] "-" 408 - "-" "-"
223.238.213.62 - - [02/Aug/2021:10:59:08 +0000] "-" 408 - "-" "-"
114.119.134.232 - - [02/Aug/2021:10:59:48 +0000] "GET /updates/conquer-gk-your-weekly-gk-quiz-24-31-dec-2016 HTTP/1.1" 404 251 "-" "Mozilla/5.0 (Linux; Android 7.0;) AppleWebKit/537.36 (KHTML, like Gecko) Mobile Safari/537.36 (compatible; PetalBot;+https://webmaster.petalsearch.com/site/petalbot)"
23.80.97.124 - - [02/Aug/2021:11:00:53 +0000] "GET /contact-us.php HTTP/1.0" 404 212 "-" "Mozilla/5.0 (Macintosh; Intel Mac OS X 10_9_5) AppleWebKit/537.36 (KHTML, like Gecko) Chrome/68.0.3397.0 Safari/537.36"
40.77.167.106 - - [02/Aug/2021:11:02:26 +0000] "GET /updates/tag/united-india-insurance-ltd/ HTTP/1.1" 404 237 "-" "Mozilla/5.0 (compatible; bingbot/2.0; +http://www.bing.com/bingbot.htm)"
207.46.13.124 - - [02/Aug/2021:11:02:45 +0000] "GET /updates/karur-vysya-bank-po-scale-i-2017-online-exam-call-letter-out/ HTTP/1.1" 404 267 "-" "Mozilla/5.0 (compatible; bingbot/2.0; +http://www.bing.com/bingbot.htm)"
77.75.79.17 - - [02/Aug/2021:11:04:36 +0000] "GET /robots.txt HTTP/1.1" 404 208 "-" "Mozilla/5.0 (compatible; SeznamBot/3.2; +http://napoveda.seznam.cz/en/seznambot-intro/)"
77.75.79.17 - - [02/Aug/2021:11:04:38 +0000] "GET /how-to-take-test.html HTTP/1.1" 404 219 "-" "Mozilla/5.0 (compatible; SeznamBot/3.2; +http://napoveda.seznam.cz/en/seznambot-intro/)"
157.38.35.172 - - [02/Aug/2021:11:04:38 +0000] "-" 408 - "-" "-"
157.38.35.172 - - [02/Aug/2021:11:05:02 +0000] "-" 408 - "-" "-"
157.38.35.172 - - [02/Aug/2021:11:06:23 +0000] "-" 408 - "-" "-"
183.83.45.15 - - [02/Aug/2021:11:06:47 +0000] "-" 408 - "-" "-"
157.38.35.172 - - [02/Aug/2021:11:07:02 +0000] "-" 408 - "-" "-"
157.38.35.172 - - [02/Aug/2021:11:07:17 +0000] "-" 408 - "-" "-"
