40.77.167.106 - - [31/Jul/2021:17:08:16 +0000] "GET /updates/daily-current-affairs-29th-september-2017/ HTTP/1.1" 404 248 "-" "Mozilla/5.0 (compatible; bingbot/2.0; +http://www.bing.com/bingbot.htm)"
17.121.114.184 - - [31/Jul/2021:17:08:38 +0000] "GET / HTTP/1.1" 403 209 "-" "Mozilla/5.0 (Macintosh; Intel Mac OS X 10_15_5) AppleWebKit/605.1.15 (KHTML, like Gecko) Version/13.1.1 Safari/605.1.15 (Applebot/0.1; +http://www.apple.com/go/applebot)"
49.36.185.188 - - [31/Jul/2021:17:10:53 +0000] "-" 408 - "-" "-"
114.119.134.232 - - [31/Jul/2021:17:11:30 +0000] "GET /updates/conquer-gk-your-weekly-gk-quiz-17-23-dec-2016 HTTP/1.1" 404 251 "-" "Mozilla/5.0 (Linux; Android 7.0;) AppleWebKit/537.36 (KHTML, like Gecko) Mobile Safari/537.36 (compatible; PetalBot;+https://webmaster.petalsearch.com/site/petalbot)"
157.38.117.100 - - [31/Jul/2021:17:11:40 +0000] "-" 408 - "-" "-"
157.38.117.100 - - [31/Jul/2021:17:11:40 +0000] "-" 408 - "-" "-"
157.55.39.65 - - [31/Jul/2021:17:12:39 +0000] "GET /updates/tag/ibps-specialist-officer-exam-date/ HTTP/1.1" 404 244 "-" "Mozilla/5.0 (compatible; bingbot/2.0; +http://www.bing.com/bingbot.htm)"
210.16.189.8 - - [31/Jul/2021:17:16:06 +0000] "GET /wp-login.php HTTP/1.1" 404 210 "-" "Apache-HttpClient/4.5.2 (Java/1.8.0_161)"
210.16.189.8 - - [31/Jul/2021:17:16:09 +0000] "GET /?author=1 HTTP/1.1" 403 209 "-" "Apache-HttpClient/4.5.2 (Java/1.8.0_161)"
210.16.189.8 - - [31/Jul/2021:17:16:10 +0000] "GET /?author=2 HTTP/1.1" 403 209 "-" "Apache-HttpClient/4.5.2 (Java/1.8.0_161)"
210.16.189.8 - - [31/Jul/2021:17:16:10 +0000] "GET /?author=3 HTTP/1.1" 403 209 "-" "Apache-HttpClient/4.5.2 (Java/1.8.0_161)"
210.16.189.8 - - [31/Jul/2021:17:16:11 +0000] "GET /?author=4 HTTP/1.1" 403 209 "-" "Apache-HttpClient/4.5.2 (Java/1.8.0_161)"
210.16.189.8 - - [31/Jul/2021:17:16:11 +0000] "GET /?author=5 HTTP/1.1" 403 209 "-" "Apache-HttpClient/4.5.2 (Java/1.8.0_161)"
210.16.189.8 - - [31/Jul/2021:17:16:12 +0000] "GET /?author=6 HTTP/1.1" 403 209 "-" "Apache-HttpClient/4.5.2 (Java/1.8.0_161)"
210.16.189.8 - - [31/Jul/2021:17:16:12 +0000] "GET /?author=7 HTTP/1.1" 403 209 "-" "Apache-HttpClient/4.5.2 (Java/1.8.0_161)"
210.16.189.8 - - [31/Jul/2021:17:16:13 +0000] "GET /?author=8 HTTP/1.1" 403 209 "-" "Apache-HttpClient/4.5.2 (Java/1.8.0_161)"
210.16.189.8 - - [31/Jul/2021:17:16:13 +0000] "GET /?author=9 HTTP/1.1" 403 209 "-" "Apache-HttpClient/4.5.2 (Java/1.8.0_161)"
210.16.189.8 - - [31/Jul/2021:17:16:19 +0000] "GET /?author=10 HTTP/1.1" 403 209 "-" "Apache-HttpClient/4.5.2 (Java/1.8.0_161)"
210.16.189.8 - - [31/Jul/2021:17:16:19 +0000] "GET /?author=11 HTTP/1.1" 403 209 "-" "Apache-HttpClient/4.5.2 (Java/1.8.0_161)"
210.16.189.8 - - [31/Jul/2021:17:16:20 +0000] "GET /?author=12 HTTP/1.1" 403 209 "-" "Apache-HttpClient/4.5.2 (Java/1.8.0_161)"
210.16.189.8 - - [31/Jul/2021:17:16:20 +0000] "GET /?author=13 HTTP/1.1" 403 209 "-" "Apache-HttpClient/4.5.2 (Java/1.8.0_161)"
210.16.189.8 - - [31/Jul/2021:17:16:20 +0000] "GET /?author=14 HTTP/1.1" 403 209 "-" "Apache-HttpClient/4.5.2 (Java/1.8.0_161)"
210.16.189.8 - - [31/Jul/2021:17:16:21 +0000] "GET /?author=15 HTTP/1.1" 403 209 "-" "Apache-HttpClient/4.5.2 (Java/1.8.0_161)"
210.16.189.8 - - [31/Jul/2021:17:16:21 +0000] "GET /?author=16 HTTP/1.1" 403 209 "-" "Apache-HttpClient/4.5.2 (Java/1.8.0_161)"
210.16.189.8 - - [31/Jul/2021:17:16:21 +0000] "GET /?author=17 HTTP/1.1" 403 209 "-" "Apache-HttpClient/4.5.2 (Java/1.8.0_161)"
210.16.189.8 - - [31/Jul/2021:17:16:22 +0000] "GET /?author=18 HTTP/1.1" 403 209 "-" "Apache-HttpClient/4.5.2 (Java/1.8.0_161)"
210.16.189.8 - - [31/Jul/2021:17:16:22 +0000] "GET /?author=19 HTTP/1.1" 403 209 "-" "Apache-HttpClient/4.5.2 (Java/1.8.0_161)"
210.16.189.8 - - [31/Jul/2021:17:16:22 +0000] "GET /?author=20 HTTP/1.1" 403 209 "-" "Apache-HttpClient/4.5.2 (Java/1.8.0_161)"
114.119.146.145 - - [31/Jul/2021:17:17:11 +0000] "GET /how-did-clat-come-into-existence.html HTTP/1.1" 404 235 "-" "Mozilla/5.0 (Linux; Android 7.0;) AppleWebKit/537.36 (KHTML, like Gecko) Mobile Safari/537.36 (compatible; PetalBot;+https://webmaster.petalsearch.com/site/petalbot)"
114.119.131.2 - - [31/Jul/2021:17:22:52 +0000] "GET /updates/page/16 HTTP/1.1" 404 213 "-" "Mozilla/5.0 (Linux; Android 7.0;) AppleWebKit/537.36 (KHTML, like Gecko) Mobile Safari/537.36 (compatible; PetalBot;+https://webmaster.petalsearch.com/site/petalbot)"
66.249.66.74 - - [31/Jul/2021:17:23:38 +0000] "GET /ssc-chsl.html HTTP/1.1" 404 211 "-" "Mozilla/5.0 (Linux; Android 6.0.1; Nexus 5X Build/MMB29P) AppleWebKit/537.36 (KHTML, like Gecko) Chrome/92.0.4515.119 Mobile Safari/537.36 (compatible; Googlebot/2.1; +http://www.google.com/bot.html)"
40.77.167.19 - - [31/Jul/2021:17:26:18 +0000] "GET /updates/tag/nda-solutions-2018/ HTTP/1.1" 404 229 "-" "Mozilla/5.0 (compatible; bingbot/2.0; +http://www.bing.com/bingbot.htm)"
114.119.150.210 - - [31/Jul/2021:17:28:40 +0000] "GET /updates/wp-content/uploads/2018/04/AA-Written-Result-250x160.jpg HTTP/1.1" 404 262 "-" "Mozilla/5.0 (Linux; Android 7.0;) AppleWebKit/537.36 (KHTML, like Gecko) Mobile Safari/537.36 (compatible; PetalBot;+https://webmaster.petalsearch.com/site/petalbot)"
40.77.167.19 - - [31/Jul/2021:17:28:47 +0000] "GET /images/SBI-Probationary-Officers.png HTTP/1.1" 404 234 "-" "Mozilla/5.0 (compatible; bingbot/2.0; +http://www.bing.com/bingbot.htm)"
114.119.150.210 - - [31/Jul/2021:17:34:24 +0000] "GET /updates/wp-content/uploads/2017/05/SSC-CHSL-102-2016-Educational-Qualification-Changed-250x160.jpg HTTP/1.1" 404 296 "-" "Mozilla/5.0 (Linux; Android 7.0;) AppleWebKit/537.36 (KHTML, like Gecko) Mobile Safari/537.36 (compatible; PetalBot;+https://webmaster.petalsearch.com/site/petalbot)"
74.125.212.83 - - [31/Jul/2021:17:36:44 +0000] "GET / HTTP/1.1" 403 209 "-" "Mozilla/5.0 (X11; Linux x86_64) AppleWebKit/537.36 (KHTML, like Gecko) Chrome/49.0.2623.75 Safari/537.36 Google Favicon"
73.114.70.69 - - [31/Jul/2021:17:37:09 +0000] "POST / HTTP/1.1" 404 198 "-" "Mozilla/4.0 (compatible; MSIE 7.0; Windows NT 6.1; WOW64; Trident/7.0; SLCC2; .NET CLR 2.0.50727; .NET CLR 3.5.30729; .NET CLR 3.0.30729; Media Center PC 6.0; .NET4.0C; MAGW; .NET4.0E)"
66.249.66.22 - - [31/Jul/2021:17:38:25 +0000] "GET / HTTP/1.1" 403 209 "-" "Mozilla/5.0 (compatible; Googlebot/2.1; +http://www.google.com/bot.html)"
73.114.70.69 - - [31/Jul/2021:17:39:10 +0000] "POST / HTTP/1.1" 404 198 "-" "Mozilla/4.0 (compatible; MSIE 7.0; Windows NT 6.1; WOW64; Trident/7.0; SLCC2; .NET CLR 2.0.50727; .NET CLR 3.5.30729; .NET CLR 3.0.30729; Media Center PC 6.0; .NET4.0C; MAGW; .NET4.0E)"
114.119.136.155 - - [31/Jul/2021:17:40:09 +0000] "GET /updates/conquer-gk-your-weekly-gk-quiz-1-8-jan-2017/ HTTP/1.1" 404 250 "-" "Mozilla/5.0 (Linux; Android 7.0;) AppleWebKit/537.36 (KHTML, like Gecko) Mobile Safari/537.36 (compatible; PetalBot;+https://webmaster.petalsearch.com/site/petalbot)"
128.14.133.58 - - [31/Jul/2021:17:40:36 +0000] "GET / HTTP/1.1" 403 209 "-" "Mozilla/5.0 (Windows NT 10.0; Win64; x64) AppleWebKit/537.36 (KHTML, like Gecko) Chrome/60.0.3112.113 Safari/537.36"
223.233.69.1 - - [31/Jul/2021:17:40:53 +0000] "-" 408 - "-" "-"
73.114.70.69 - - [31/Jul/2021:17:41:11 +0000] "POST / HTTP/1.1" 404 198 "-" "Mozilla/5.0 (Windows NT 6.1; WOW64; Trident/7.0; rv:11.0) like Gecko"
40.77.167.74 - - [31/Jul/2021:17:41:54 +0000] "GET /updates/wp-content/uploads/2016/12/Karur-Vysya-Bank-Clerk-2017-Online-Exam-Call-Letters-Out-300x251.jpg HTTP/1.1" 404 301 "-" "Mozilla/5.0 (compatible; bingbot/2.0; +http://www.bing.com/bingbot.htm)"
73.114.70.69 - - [31/Jul/2021:17:43:12 +0000] "POST / HTTP/1.1" 404 198 "-" "Mozilla/5.0 (Windows NT 6.1; WOW64; Trident/7.0; rv:11.0) like Gecko"
207.46.13.168 - - [31/Jul/2021:17:44:58 +0000] "GET / HTTP/1.1" 403 209 "-" "Mozilla/5.0 (compatible; bingbot/2.0; +http://www.bing.com/bingbot.htm)"
73.114.70.69 - - [31/Jul/2021:17:45:13 +0000] "POST / HTTP/1.1" 404 198 "-" "Mozilla/5.0 (Windows NT 6.1; WOW64; Trident/7.0; rv:11.0) like Gecko"
114.119.134.232 - - [31/Jul/2021:17:46:02 +0000] "GET /updates/daily-current-affairs-10th-april-2018/ HTTP/1.1" 404 244 "-" "Mozilla/5.0 (Linux; Android 7.0;) AppleWebKit/537.36 (KHTML, like Gecko) Mobile Safari/537.36 (compatible; PetalBot;+https://webmaster.petalsearch.com/site/petalbot)"
73.114.70.69 - - [31/Jul/2021:17:47:14 +0000] "POST / HTTP/1.1" 404 198 "-" "Mozilla/5.0 (Windows NT 6.1; WOW64; Trident/7.0; rv:11.0) like Gecko"
73.114.70.69 - - [31/Jul/2021:17:49:15 +0000] "POST / HTTP/1.1" 404 198 "-" "Mozilla/5.0 (Windows NT 6.1; WOW64; Trident/7.0; rv:11.0) like Gecko"
66.249.66.22 - - [31/Jul/2021:17:51:12 +0000] "GET /online-test-series-for-clat.html HTTP/1.1" 404 230 "-" "Mozilla/5.0 (Linux; Android 6.0.1; Nexus 5X Build/MMB29P) AppleWebKit/537.36 (KHTML, like Gecko) Chrome/91.0.4472.90 Mobile Safari/537.36 (compatible; Googlebot/2.1; +http://www.google.com/bot.html)"
73.114.70.69 - - [31/Jul/2021:17:51:16 +0000] "POST / HTTP/1.1" 404 198 "-" "Mozilla/5.0 (Windows NT 6.1; WOW64; Trident/7.0; rv:11.0) like Gecko"
114.119.160.248 - - [31/Jul/2021:17:51:52 +0000] "GET /updates/daily-current-affairs-7th-december-2017/ HTTP/1.1" 404 246 "-" "Mozilla/5.0 (Linux; Android 7.0;) AppleWebKit/537.36 (KHTML, like Gecko) Mobile Safari/537.36 (compatible; PetalBot;+https://webmaster.petalsearch.com/site/petalbot)"
73.114.70.69 - - [31/Jul/2021:17:53:17 +0000] "POST / HTTP/1.1" 404 198 "-" "Mozilla/5.0 (Windows NT 6.1; WOW64; Trident/7.0; rv:11.0) like Gecko"
73.114.70.69 - - [31/Jul/2021:17:55:18 +0000] "POST / HTTP/1.1" 404 198 "-" "Mozilla/5.0 (Windows NT 6.1; WOW64; Trident/7.0; rv:11.0) like Gecko"
20.185.151.26 - - [31/Jul/2021:17:56:39 +0000] "GET /dsssb-coaching.html HTTP/1.1" 404 217 "-" "Mozilla/5.0 (Windows NT 10.0; WOW64; Trident/7.0; rv:11.0) like Gecko"
66.249.66.25 - - [31/Jul/2021:17:56:55 +0000] "GET / HTTP/1.1" 403 209 "-" "Mozilla/5.0 (Linux; Android 6.0.1; Nexus 5X Build/MMB29P) AppleWebKit/537.36 (KHTML, like Gecko) Chrome/92.0.4515.119 Mobile Safari/537.36 (compatible; Googlebot/2.1; +http://www.google.com/bot.html)"
73.114.70.69 - - [31/Jul/2021:17:57:19 +0000] "POST / HTTP/1.1" 404 198 "-" "Mozilla/5.0 (Windows NT 6.1; WOW64; Trident/7.0; rv:11.0) like Gecko"
114.119.160.248 - - [31/Jul/2021:17:57:45 +0000] "GET /updates/ssc-chsl-102-2016-examination-tier-i-marks-out HTTP/1.1" 404 252 "-" "Mozilla/5.0 (Linux; Android 7.0;) AppleWebKit/537.36 (KHTML, like Gecko) Mobile Safari/537.36 (compatible; PetalBot;+https://webmaster.petalsearch.com/site/petalbot)"
40.77.167.106 - - [31/Jul/2021:17:58:20 +0000] "GET /updates/preference-for-postal-circle-of-pasa-of-ssc-chsl-102-2015-out/ HTTP/1.1" 404 268 "-" "Mozilla/5.0 (compatible; bingbot/2.0; +http://www.bing.com/bingbot.htm)"
103.105.209.250 - - [31/Jul/2021:17:58:40 +0000] "-" 408 - "-" "-"
106.13.238.108 - - [31/Jul/2021:17:59:55 +0000] "POST //upload/a123a.php HTTP/1.1" 404 214 "http://misc.yahoo.com.cn/" "Mozilla/5.0 (compatible; Yahoo! Slurp China; http://misc.yahoo.com.cn/help.html)"
106.13.238.108 - - [31/Jul/2021:17:59:56 +0000] "POST //upload/a123a.php HTTP/1.1" 404 214 "http://misc.yahoo.com.cn/" "Mozilla/5.0 (compatible; Yahoo! Slurp China; http://misc.yahoo.com.cn/help.html)"
106.13.238.108 - - [31/Jul/2021:17:59:56 +0000] "POST //upload/a123a.php HTTP/1.1" 404 214 "http://misc.yahoo.com.cn/" "Mozilla/5.0 (compatible; Yahoo! Slurp China; http://misc.yahoo.com.cn/help.html)"
157.55.39.185 - - [31/Jul/2021:18:02:47 +0000] "GET /images/online-test-series-package.png HTTP/1.1" 404 235 "-" "Mozilla/5.0 (compatible; bingbot/2.0; +http://www.bing.com/bingbot.htm)"
114.119.146.145 - - [31/Jul/2021:18:03:42 +0000] "GET /updates/category/railway-recruitment/page/3 HTTP/1.1" 404 241 "-" "Mozilla/5.0 (Linux; Android 7.0;) AppleWebKit/537.36 (KHTML, like Gecko) Mobile Safari/537.36 (compatible; PetalBot;+https://webmaster.petalsearch.com/site/petalbot)"
49.36.218.199 - - [31/Jul/2021:18:03:44 +0000] "-" 408 - "-" "-"
207.46.13.124 - - [31/Jul/2021:18:06:29 +0000] "GET /aim-achieve-success-mantra.html HTTP/1.1" 404 229 "-" "Mozilla/5.0 (compatible; bingbot/2.0; +http://www.bing.com/bingbot.htm)"
114.119.134.232 - - [31/Jul/2021:18:09:50 +0000] "GET /updates/daily-current-affairs-19th-december-2016 HTTP/1.1" 404 246 "-" "Mozilla/5.0 (Linux; Android 7.0;) AppleWebKit/537.36 (KHTML, like Gecko) Mobile Safari/537.36 (compatible; PetalBot;+https://webmaster.petalsearch.com/site/petalbot)"
34.134.19.199 - - [31/Jul/2021:18:12:49 +0000] "GET / HTTP/1.1" 403 209 "-" "Mozilla/5.0 (X11; NetBSD) AppleWebKit/537.36 (KHTML, like Gecko) Chrome/27.0.1453.116 Safari/537.36"
34.134.19.199 - - [31/Jul/2021:18:12:50 +0000] "GET /ads.txt HTTP/1.1" 404 205 "-" "Mozilla/5.0 (X11; NetBSD) AppleWebKit/537.36 (KHTML, like Gecko) Chrome/27.0.1453.116 Safari/537.36"
172.69.69.111 - - [31/Jul/2021:18:15:16 +0000] "GET /shop-2 HTTP/1.1" 404 204 "-" "Mozilla/5.0 (Linux; Android 6.0.1; Nexus 5X Build/MMB29P) AppleWebKit/537.36 (KHTML, like Gecko) Chrome/92.0.4515.119 Mobile Safari/537.36 (compatible; Googlebot/2.1; +http://www.google.com/bot.html)"
66.249.66.23 - - [31/Jul/2021:18:15:22 +0000] "GET /successful-candidate.html HTTP/1.1" 404 223 "-" "Mozilla/5.0 (Linux; Android 6.0.1; Nexus 5X Build/MMB29P) AppleWebKit/537.36 (KHTML, like Gecko) Chrome/92.0.4515.119 Mobile Safari/537.36 (compatible; Googlebot/2.1; +http://www.google.com/bot.html)"
114.119.131.2 - - [31/Jul/2021:18:15:52 +0000] "GET /updates/tag/ssc-stenographer-syllabus HTTP/1.1" 404 235 "-" "Mozilla/5.0 (Linux; Android 7.0;) AppleWebKit/537.36 (KHTML, like Gecko) Mobile Safari/537.36 (compatible; PetalBot;+https://webmaster.petalsearch.com/site/petalbot)"
49.32.171.114 - - [31/Jul/2021:18:21:13 +0000] "-" 408 - "-" "-"
54.244.174.11 - - [31/Jul/2021:18:21:33 +0000] "GET / HTTP/1.1" 403 209 "-" "Mozilla/5.0 (X11; Linux x86_64) AppleWebKit/537.36 (KHTML, like Gecko) Chrome/83.0.4103.97 Safari/537.36"
114.119.160.248 - - [31/Jul/2021:18:21:41 +0000] "GET /updates/ecgc-probationary-officers-2018-online-exam-call-letter-out HTTP/1.1" 404 265 "-" "Mozilla/5.0 (Linux; Android 7.0;) AppleWebKit/537.36 (KHTML, like Gecko) Mobile Safari/537.36 (compatible; PetalBot;+https://webmaster.petalsearch.com/site/petalbot)"
141.94.66.229 - - [31/Jul/2021:18:22:52 +0000] "GET /x.php HTTP/1.1" 404 203 "-" "Mozilla/5.0 (Windows NT 10.0; Win64; x64) AppleWebKit/537.36 (KHTML, like Gecko) Chrome/85.0.4183.102 Safari/537.36"
141.94.66.229 - - [31/Jul/2021:18:22:52 +0000] "GET /wso.php HTTP/1.1" 404 205 "-" "Mozilla/5.0 (Windows NT 10.0; Win64; x64) AppleWebKit/537.36 (KHTML, like Gecko) Chrome/85.0.4183.102 Safari/537.36"
141.94.66.229 - - [31/Jul/2021:18:22:52 +0000] "GET /srx.php HTTP/1.1" 404 205 "-" "Mozilla/5.0 (Windows NT 10.0; Win64; x64) AppleWebKit/537.36 (KHTML, like Gecko) Chrome/85.0.4183.102 Safari/537.36"
141.94.66.229 - - [31/Jul/2021:18:22:52 +0000] "GET /1337.php HTTP/1.1" 404 206 "-" "Mozilla/5.0 (Windows NT 10.0; Win64; x64) AppleWebKit/537.36 (KHTML, like Gecko) Chrome/85.0.4183.102 Safari/537.36"
141.94.66.229 - - [31/Jul/2021:18:22:52 +0000] "GET /xx.php HTTP/1.1" 404 204 "-" "Mozilla/5.0 (Windows NT 10.0; Win64; x64) AppleWebKit/537.36 (KHTML, like Gecko) Chrome/85.0.4183.102 Safari/537.36"
141.94.66.229 - - [31/Jul/2021:18:22:52 +0000] "GET /XxX.php HTTP/1.1" 404 205 "-" "Mozilla/5.0 (Windows NT 10.0; Win64; x64) AppleWebKit/537.36 (KHTML, like Gecko) Chrome/85.0.4183.102 Safari/537.36"
141.94.66.229 - - [31/Jul/2021:18:22:53 +0000] "GET /leaf.php HTTP/1.1" 404 206 "-" "Mozilla/5.0 (Windows NT 10.0; Win64; x64) AppleWebKit/537.36 (KHTML, like Gecko) Chrome/85.0.4183.102 Safari/537.36"
141.94.66.229 - - [31/Jul/2021:18:22:53 +0000] "GET /leafmailer2.8.php HTTP/1.1" 404 215 "-" "Mozilla/5.0 (Windows NT 10.0; Win64; x64) AppleWebKit/537.36 (KHTML, like Gecko) Chrome/85.0.4183.102 Safari/537.36"
141.94.66.229 - - [31/Jul/2021:18:22:53 +0000] "GET /bb.php HTTP/1.1" 404 204 "-" "Mozilla/5.0 (Windows NT 10.0; Win64; x64) AppleWebKit/537.36 (KHTML, like Gecko) Chrome/85.0.4183.102 Safari/537.36"
141.94.66.229 - - [31/Jul/2021:18:22:53 +0000] "GET /m.php HTTP/1.1" 404 203 "-" "Mozilla/5.0 (Windows NT 10.0; Win64; x64) AppleWebKit/537.36 (KHTML, like Gecko) Chrome/85.0.4183.102 Safari/537.36"
157.38.94.193 - - [31/Jul/2021:18:23:35 +0000] "-" 408 - "-" "-"
157.38.94.193 - - [31/Jul/2021:18:23:35 +0000] "-" 408 - "-" "-"
207.46.13.168 - - [31/Jul/2021:18:23:41 +0000] "GET /updates/upsc-cds-i-2017-marks-of-recommended-candidates-out/ HTTP/1.1" 404 258 "-" "Mozilla/5.0 (compatible; bingbot/2.0; +http://www.bing.com/bingbot.htm)"
66.249.66.20 - - [31/Jul/2021:18:23:56 +0000] "GET /hostel-transportation-facility.html HTTP/1.1" 404 233 "-" "Mozilla/5.0 (Linux; Android 6.0.1; Nexus 5X Build/MMB29P) AppleWebKit/537.36 (KHTML, like Gecko) Chrome/91.0.4472.90 Mobile Safari/537.36 (compatible; Googlebot/2.1; +http://www.google.com/bot.html)"
171.79.177.178 - - [31/Jul/2021:18:24:28 +0000] "-" 408 - "-" "-"
157.37.147.231 - - [31/Jul/2021:18:25:50 +0000] "GET /cds-coaching.html HTTP/1.1" 404 215 "https://www.google.co.in/" "Mozilla/5.0 (iPhone; CPU iPhone OS 12_4_1 like Mac OS X) AppleWebKit/605.1.15 (KHTML, like Gecko) Version/12.1.2 Mobile/15E148 Safari/604.1"
157.37.147.231 - - [31/Jul/2021:18:25:50 +0000] "GET /favicon.ico HTTP/1.1" 404 209 "http://aimnachieve.com/cds-coaching.html" "Mozilla/5.0 (iPhone; CPU iPhone OS 12_4_1 like Mac OS X) AppleWebKit/605.1.15 (KHTML, like Gecko) Version/12.1.2 Mobile/15E148 Safari/604.1"
157.37.147.231 - - [31/Jul/2021:18:25:53 +0000] "GET /cds-coaching.html HTTP/1.1" 404 215 "https://www.google.co.in/" "Mozilla/5.0 (iPhone; CPU iPhone OS 12_4_1 like Mac OS X) AppleWebKit/605.1.15 (KHTML, like Gecko) Version/12.1.2 Mobile/15E148 Safari/604.1"
114.119.154.26 - - [31/Jul/2021:18:27:50 +0000] "GET /updates/wp-content/uploads/2017/08/AA-Current-Affairs-2-1-250x160.jpg HTTP/1.1" 404 267 "-" "Mozilla/5.0 (Linux; Android 7.0;) AppleWebKit/537.36 (KHTML, like Gecko) Mobile Safari/537.36 (compatible; PetalBot;+https://webmaster.petalsearch.com/site/petalbot)"
40.77.167.30 - - [31/Jul/2021:18:28:27 +0000] "GET /updates/south-indian-bank-clerks-interview-call-letters-out/ HTTP/1.1" 404 258 "-" "Mozilla/5.0 (compatible; bingbot/2.0; +http://www.bing.com/bingbot.htm)"
40.77.167.74 - - [31/Jul/2021:18:32:08 +0000] "GET /updates/daily-current-affairs-1st-april-2018/ HTTP/1.1" 404 243 "-" "Mozilla/5.0 (compatible; bingbot/2.0; +http://www.bing.com/bingbot.htm)"
171.79.177.178 - - [31/Jul/2021:18:32:24 +0000] "-" 408 - "-" "-"
52.88.58.80 - - [31/Jul/2021:18:32:56 +0000] "GET / HTTP/1.1" 403 209 "-" "Mozilla/5.0 (X11; Linux x86_64) AppleWebKit/537.36 (KHTML, like Gecko) Chrome/83.0.4103.97 Safari/537.36"
66.249.66.25 - - [31/Jul/2021:18:34:51 +0000] "GET /nda-previous-year-question-papers.html HTTP/1.1" 404 236 "-" "Mozilla/5.0 (Linux; Android 6.0.1; Nexus 5X Build/MMB29P) AppleWebKit/537.36 (KHTML, like Gecko) Chrome/91.0.4472.90 Mobile Safari/537.36 (compatible; Googlebot/2.1; +http://www.google.com/bot.html)"
40.77.167.106 - - [31/Jul/2021:18:35:55 +0000] "GET /updates/tag/ibps-bank-clerk-eligibility-criteria/ HTTP/1.1" 404 247 "-" "Mozilla/5.0 (compatible; bingbot/2.0; +http://www.bing.com/bingbot.htm)"
108.162.221.97 - - [31/Jul/2021:18:39:29 +0000] "GET /product-category/uncategorized HTTP/1.1" 404 228 "-" "Mozilla/5.0 (Linux; Android 6.0.1; Nexus 5X Build/MMB29P) AppleWebKit/537.36 (KHTML, like Gecko) Chrome/92.0.4515.119 Mobile Safari/537.36 (compatible; Googlebot/2.1; +http://www.google.com/bot.html)"
34.222.0.238 - - [31/Jul/2021:18:39:48 +0000] "GET / HTTP/1.1" 403 209 "-" "Mozilla/5.0 (X11; Linux x86_64) AppleWebKit/537.36 (KHTML, like Gecko) Chrome/83.0.4103.97 Safari/537.36"
114.119.162.33 - - [31/Jul/2021:18:39:58 +0000] "GET /updates/wp-content/uploads/2018/04/AA-Current-Affairs-15-250x160.jpg HTTP/1.1" 404 266 "-" "Mozilla/5.0 (Linux; Android 7.0;) AppleWebKit/537.36 (KHTML, like Gecko) Mobile Safari/537.36 (compatible; PetalBot;+https://webmaster.petalsearch.com/site/petalbot)"
34.217.138.35 - - [31/Jul/2021:18:42:25 +0000] "GET / HTTP/1.1" 403 209 "-" "Mozilla/5.0 (X11; Linux x86_64) AppleWebKit/537.36 (KHTML, like Gecko) Chrome/83.0.4103.97 Safari/537.36"
34.214.117.43 - - [31/Jul/2021:18:43:20 +0000] "GET / HTTP/1.1" 403 209 "-" "Mozilla/5.0 (X11; Linux x86_64) AppleWebKit/537.36 (KHTML, like Gecko) Chrome/83.0.4103.97 Safari/537.36"
66.249.66.24 - - [31/Jul/2021:18:45:45 +0000] "GET /online-test-series-for-insurance-exams.html HTTP/1.1" 404 241 "-" "Mozilla/5.0 (Linux; Android 6.0.1; Nexus 5X Build/MMB29P) AppleWebKit/537.36 (KHTML, like Gecko) Chrome/91.0.4472.90 Mobile Safari/537.36 (compatible; Googlebot/2.1; +http://www.google.com/bot.html)"
114.119.150.210 - - [31/Jul/2021:18:45:56 +0000] "GET /updates/author/aim-and-achieve/page/38 HTTP/1.1" 404 236 "-" "Mozilla/5.0 (Linux; Android 7.0;) AppleWebKit/537.36 (KHTML, like Gecko) Mobile Safari/537.36 (compatible; PetalBot;+https://webmaster.petalsearch.com/site/petalbot)"
114.119.160.195 - - [31/Jul/2021:18:52:04 +0000] "GET /updates/sbi-po-2017-exam-final-result-out HTTP/1.1" 404 239 "-" "Mozilla/5.0 (Linux; Android 7.0;) AppleWebKit/537.36 (KHTML, like Gecko) Mobile Safari/537.36 (compatible; PetalBot;+https://webmaster.petalsearch.com/site/petalbot)"
106.13.238.108 - - [31/Jul/2021:18:52:56 +0000] "POST //UpLoad/Class/cong.aspx HTTP/1.1" 404 220 "http://misc.yahoo.com.cn/" "Mozilla/5.0 (compatible; Yahoo! Slurp China; http://misc.yahoo.com.cn/help.html)"
106.13.238.108 - - [31/Jul/2021:18:52:56 +0000] "POST //UpLoad/Class/cong.aspx HTTP/1.1" 404 220 "http://misc.yahoo.com.cn/" "Mozilla/5.0 (compatible; Yahoo! Slurp China; http://misc.yahoo.com.cn/help.html)"
66.249.66.20 - - [31/Jul/2021:18:56:39 +0000] "GET /how-to-crack-ssc-cgl-exam.html HTTP/1.1" 404 228 "-" "Mozilla/5.0 (Linux; Android 6.0.1; Nexus 5X Build/MMB29P) AppleWebKit/537.36 (KHTML, like Gecko) Chrome/91.0.4472.90 Mobile Safari/537.36 (compatible; Googlebot/2.1; +http://www.google.com/bot.html)"
114.119.131.2 - - [31/Jul/2021:18:58:18 +0000] "GET /updates/category/ippb HTTP/1.1" 404 219 "-" "Mozilla/5.0 (Linux; Android 7.0;) AppleWebKit/537.36 (KHTML, like Gecko) Mobile Safari/537.36 (compatible; PetalBot;+https://webmaster.petalsearch.com/site/petalbot)"
58.53.128.88 - - [31/Jul/2021:18:59:01 +0000] "GET / HTTP/1.1" 403 209 "-" "GRequests/0.10"
223.177.63.57 - - [31/Jul/2021:19:01:39 +0000] "-" 408 - "-" "-"
66.249.66.22 - - [31/Jul/2021:19:02:51 +0000] "GET /updates/page/67/?wordfence_logHuman=1&hid=D2ABBBAF7432C92057C63DF6D206FC7B HTTP/1.1" 404 214 "-" "Mozilla/5.0 (Linux; Android 6.0.1; Nexus 5X Build/MMB29P) AppleWebKit/537.36 (KHTML, like Gecko) Chrome/92.0.4515.119 Mobile Safari/537.36 (compatible; Googlebot/2.1; +http://www.google.com/bot.html)"
207.46.13.30 - - [31/Jul/2021:19:03:16 +0000] "GET /updates/daily-current-affairs-2nd-april-2017/ HTTP/1.1" 404 243 "-" "Mozilla/5.0 (compatible; bingbot/2.0; +http://www.bing.com/bingbot.htm)"
40.77.167.30 - - [31/Jul/2021:19:03:36 +0000] "GET /images/app.jpg HTTP/1.1" 404 212 "-" "Mozilla/5.0 (compatible; bingbot/2.0; +http://www.bing.com/bingbot.htm)"
108.162.221.47 - - [31/Jul/2021:19:03:42 +0000] "GET /product-category/tools/wrenches HTTP/1.1" 404 229 "-" "Mozilla/5.0 (Linux; Android 6.0.1; Nexus 5X Build/MMB29P) AppleWebKit/537.36 (KHTML, like Gecko) Chrome/92.0.4515.119 Mobile Safari/537.36 (compatible; Googlebot/2.1; +http://www.google.com/bot.html)"
114.119.160.195 - - [31/Jul/2021:19:04:32 +0000] "GET /updates/daily-current-affairs-25th-april-2017/ HTTP/1.1" 404 244 "-" "Mozilla/5.0 (Linux; Android 7.0;) AppleWebKit/537.36 (KHTML, like Gecko) Mobile Safari/537.36 (compatible; PetalBot;+https://webmaster.petalsearch.com/site/petalbot)"
66.249.66.22 - - [31/Jul/2021:19:07:34 +0000] "GET /correspondence-course-for-clat.html HTTP/1.1" 404 233 "-" "Mozilla/5.0 (Linux; Android 6.0.1; Nexus 5X Build/MMB29P) AppleWebKit/537.36 (KHTML, like Gecko) Chrome/91.0.4472.90 Mobile Safari/537.36 (compatible; Googlebot/2.1; +http://www.google.com/bot.html)"
103.58.153.150 - - [31/Jul/2021:19:08:41 +0000] "GET /wp-login.php HTTP/1.1" 404 210 "-" "Mozilla/5.0 (Windows NT 10.0; WOW64; Trident/7.0; rv:11.0) like Gecko"
103.58.153.150 - - [31/Jul/2021:19:08:41 +0000] "GET /xmlrpc.php HTTP/1.1" 404 208 "-" "Mozilla/5.0 (Windows NT 10.0; WOW64; Trident/7.0; rv:11.0) like Gecko"
103.58.153.150 - - [31/Jul/2021:19:08:41 +0000] "GET /wp-login.php HTTP/1.1" 404 210 "-" "Mozilla/5.0 (Windows NT 10.0; WOW64; Trident/7.0; rv:11.0) like Gecko"
103.58.153.150 - - [31/Jul/2021:19:08:41 +0000] "GET /xmlrpc.php HTTP/1.1" 404 208 "-" "Mozilla/5.0 (Windows NT 10.0; WOW64; Trident/7.0; rv:11.0) like Gecko"
73.114.70.69 - - [31/Jul/2021:19:10:10 +0000] "POST / HTTP/1.1" 404 198 "-" "Mozilla/5.0 (Windows NT 6.1; WOW64; Trident/7.0; rv:11.0) like Gecko"
114.119.160.248 - - [31/Jul/2021:19:10:43 +0000] "GET /images/south-ex-delhi.png HTTP/1.1" 404 223 "-" "Mozilla/5.0 (Linux; Android 7.0;) AppleWebKit/537.36 (KHTML, like Gecko) Mobile Safari/537.36 (compatible; PetalBot;+https://webmaster.petalsearch.com/site/petalbot)"
73.114.70.69 - - [31/Jul/2021:19:12:11 +0000] "POST / HTTP/1.1" 404 198 "-" "Mozilla/5.0 (Windows NT 6.1; WOW64; Trident/7.0; rv:11.0) like Gecko"
73.114.70.69 - - [31/Jul/2021:19:14:12 +0000] "POST / HTTP/1.1" 404 198 "-" "Mozilla/5.0 (Windows NT 6.1; WOW64; Trident/7.0; rv:11.0) like Gecko"
73.114.70.69 - - [31/Jul/2021:19:16:13 +0000] "POST / HTTP/1.1" 404 198 "-" "Mozilla/5.0 (Windows NT 6.1; WOW64; Trident/7.0; rv:11.0) like Gecko"
114.119.162.33 - - [31/Jul/2021:19:17:03 +0000] "GET /updates/tag/cds-2-2019-result HTTP/1.1" 404 227 "-" "Mozilla/5.0 (Linux; Android 7.0;) AppleWebKit/537.36 (KHTML, like Gecko) Mobile Safari/537.36 (compatible; PetalBot;+https://webmaster.petalsearch.com/site/petalbot)"
40.77.167.19 - - [31/Jul/2021:19:18:07 +0000] "GET /updates/2018/03/page/7/ HTTP/1.1" 404 221 "-" "Mozilla/5.0 (compatible; bingbot/2.0; +http://www.bing.com/bingbot.htm)"
73.114.70.69 - - [31/Jul/2021:19:18:14 +0000] "POST / HTTP/1.1" 404 198 "-" "Mozilla/5.0 (Windows NT 6.1; WOW64; Trident/7.0; rv:11.0) like Gecko"
73.114.70.69 - - [31/Jul/2021:19:20:15 +0000] "POST / HTTP/1.1" 404 198 "-" "Mozilla/5.0 (Windows NT 6.1; WOW64; Trident/7.0; rv:11.0) like Gecko"
73.114.70.69 - - [31/Jul/2021:19:22:16 +0000] "POST / HTTP/1.1" 404 198 "-" "Mozilla/5.0 (Windows NT 6.1; WOW64; Trident/7.0; rv:11.0) like Gecko"
207.46.13.30 - - [31/Jul/2021:19:22:36 +0000] "GET /updates/wp-content/uploads/2020/02/unnamed.gif HTTP/1.1" 404 244 "-" "Mozilla/5.0 (compatible; bingbot/2.0; +http://www.bing.com/bingbot.htm)"
114.119.143.214 - - [31/Jul/2021:19:23:21 +0000] "GET /updates/daily-current-affairs-9th-april-2017/ HTTP/1.1" 404 243 "-" "Mozilla/5.0 (Linux; Android 7.0;) AppleWebKit/537.36 (KHTML, like Gecko) Mobile Safari/537.36 (compatible; PetalBot;+https://webmaster.petalsearch.com/site/petalbot)"
73.114.70.69 - - [31/Jul/2021:19:24:17 +0000] "POST / HTTP/1.1" 404 198 "-" "Mozilla/5.0 (Windows NT 6.1; WOW64; Trident/7.0; rv:11.0) like Gecko"
73.114.70.69 - - [31/Jul/2021:19:26:18 +0000] "POST / HTTP/1.1" 404 198 "-" "Mozilla/5.0 (Windows NT 6.1; WOW64; Trident/7.0; rv:11.0) like Gecko"
40.77.167.30 - - [31/Jul/2021:19:26:47 +0000] "GET /updates/tag/nda-online-application/ HTTP/1.1" 404 233 "-" "Mozilla/5.0 (compatible; bingbot/2.0; +http://www.bing.com/bingbot.htm)"
20.75.128.100 - - [31/Jul/2021:19:27:59 +0000] "GET /images/footer_top_bg.png HTTP/1.1" 404 222 "-" "Mozilla/5.0 (Windows NT 10.0; Win64; x64) AppleWebKit/537.36 (KHTML, like Gecko) Chrome/76.0.3809.100 Safari/537.36"
73.114.70.69 - - [31/Jul/2021:19:28:19 +0000] "POST / HTTP/1.1" 404 198 "-" "Mozilla/5.0 (Windows NT 6.1; WOW64; Trident/7.0; rv:11.0) like Gecko"
123.58.210.104 - - [31/Jul/2021:19:29:27 +0000] "GET / HTTP/1.1" 403 209 "-" "Mozilla/5.0 (Macintosh; Intel Mac OS X 10_15_7) AppleWebKit/537.36 (KHTML, like Gecko) Chrome/85.0.4183.121 Safari/537.36"
114.119.162.33 - - [31/Jul/2021:19:29:34 +0000] "GET /updates/wp-content/uploads/2018/03/AA-Current-Affairs-14-250x160.jpg HTTP/1.1" 404 266 "-" "Mozilla/5.0 (Linux; Android 7.0;) AppleWebKit/537.36 (KHTML, like Gecko) Mobile Safari/537.36 (compatible; PetalBot;+https://webmaster.petalsearch.com/site/petalbot)"
123.58.210.104 - - [31/Jul/2021:19:29:42 +0000] "GET /user/userlist HTTP/1.1" 404 211 "-" "Mozilla/5.0 (Macintosh; Intel Mac OS X 10_15_7) AppleWebKit/537.36 (KHTML, like Gecko) Chrome/85.0.4183.121 Safari/537.36"
123.58.210.104 - - [31/Jul/2021:19:29:58 +0000] "GET /static/index/js/lk/order.js HTTP/1.1" 404 225 "-" "Mozilla/5.0 (Macintosh; Intel Mac OS X 10_15_7) AppleWebKit/537.36 (KHTML, like Gecko) Chrome/85.0.4183.121 Safari/537.36"
123.58.210.104 - - [31/Jul/2021:19:29:58 +0000] "GET /static/login/js/lk/order.js HTTP/1.1" 404 225 "-" "Mozilla/5.0 (Macintosh; Intel Mac OS X 10_15_7) AppleWebKit/537.36 (KHTML, like Gecko) Chrome/85.0.4183.121 Safari/537.36"
123.58.210.104 - - [31/Jul/2021:19:30:03 +0000] "GET /config.php?_=3283&1922563758 HTTP/1.1" 404 208 "-" "Mozilla/5.0 (Macintosh; Intel Mac OS X 10_15_7) AppleWebKit/537.36 (KHTML, like Gecko) Chrome/85.0.4183.121 Safari/537.36"
123.58.210.104 - - [31/Jul/2021:19:30:03 +0000] "GET /admin_user/m_tixian.php HTTP/1.1" 404 221 "-" "Mozilla/5.0 (Macintosh; Intel Mac OS X 10_15_7) AppleWebKit/537.36 (KHTML, like Gecko) Chrome/85.0.4183.121 Safari/537.36"
123.58.210.104 - - [31/Jul/2021:19:30:03 +0000] "GET / HTTP/1.1" 403 209 "-" "Mozilla/5.0 (Macintosh; Intel Mac OS X 10_15_7) AppleWebKit/537.36 (KHTML, like Gecko) Chrome/85.0.4183.121 Safari/537.36"
123.58.210.104 - - [31/Jul/2021:19:30:03 +0000] "GET /room/getRoomBangFans HTTP/1.1" 404 218 "-" "Mozilla/5.0 (Macintosh; Intel Mac OS X 10_15_7) AppleWebKit/537.36 (KHTML, like Gecko) Chrome/85.0.4183.121 Safari/537.36"
123.58.210.104 - - [31/Jul/2021:19:30:03 +0000] "GET /Pc/Lang/index.html HTTP/1.1" 404 216 "-" "Mozilla/5.0 (Macintosh; Intel Mac OS X 10_15_7) AppleWebKit/537.36 (KHTML, like Gecko) Chrome/85.0.4183.121 Safari/537.36"
123.58.210.104 - - [31/Jul/2021:19:30:18 +0000] "GET /static/xianyu/js/bankCheck.js HTTP/1.1" 404 227 "-" "Mozilla/5.0 (Macintosh; Intel Mac OS X 10_15_7) AppleWebKit/537.36 (KHTML, like Gecko) Chrome/85.0.4183.121 Safari/537.36"
123.58.210.104 - - [31/Jul/2021:19:30:18 +0000] "GET /xy/ HTTP/1.1" 404 201 "-" "Mozilla/5.0 (Macintosh; Intel Mac OS X 10_15_7) AppleWebKit/537.36 (KHTML, like Gecko) Chrome/85.0.4183.121 Safari/537.36"
123.58.210.104 - - [31/Jul/2021:19:30:18 +0000] "GET /xy/image/jiantou.png HTTP/1.1" 404 218 "-" "Mozilla/5.0 (Macintosh; Intel Mac OS X 10_15_7) AppleWebKit/537.36 (KHTML, like Gecko) Chrome/85.0.4183.121 Safari/537.36"
73.114.70.69 - - [31/Jul/2021:19:30:20 +0000] "POST / HTTP/1.1" 404 198 "-" "Mozilla/5.0 (Windows NT 6.1; WOW64; Trident/7.0; rv:11.0) like Gecko"
207.46.13.168 - - [31/Jul/2021:19:30:28 +0000] "GET /nda-coaching-in-kalkaji.html HTTP/1.1" 404 226 "-" "Mozilla/5.0 (compatible; bingbot/2.0; +http://www.bing.com/bingbot.htm)"
123.58.210.104 - - [31/Jul/2021:19:30:29 +0000] "GET /static/data/gamedatas.js HTTP/1.1" 404 222 "-" "Mozilla/5.0 (Macintosh; Intel Mac OS X 10_15_7) AppleWebKit/537.36 (KHTML, like Gecko) Chrome/85.0.4183.121 Safari/537.36"
123.58.210.104 - - [31/Jul/2021:19:30:44 +0000] "-" 408 - "-" "-"
123.58.210.104 - - [31/Jul/2021:19:30:44 +0000] "GET /js/basic.js HTTP/1.1" 404 209 "-" "Mozilla/5.0 (Macintosh; Intel Mac OS X 10_15_7) AppleWebKit/537.36 (KHTML, like Gecko) Chrome/85.0.4183.121 Safari/537.36"
123.58.210.104 - - [31/Jul/2021:19:30:44 +0000] "GET /api/v1/member/kefu HTTP/1.1" 404 216 "-" "Mozilla/5.0 (Macintosh; Intel Mac OS X 10_15_7) AppleWebKit/537.36 (KHTML, like Gecko) Chrome/85.0.4183.121 Safari/537.36"
123.58.210.104 - - [31/Jul/2021:19:30:49 +0000] "GET /fePublicInfo/ HTTP/1.1" 404 211 "-" "Mozilla/5.0 (Macintosh; Intel Mac OS X 10_15_7) AppleWebKit/537.36 (KHTML, like Gecko) Chrome/85.0.4183.121 Safari/537.36"
123.58.210.104 - - [31/Jul/2021:19:30:49 +0000] "-" 408 - "-" "-"
123.58.210.104 - - [31/Jul/2021:19:30:52 +0000] "-" 408 - "-" "-"
123.58.210.104 - - [31/Jul/2021:19:30:55 +0000] "GET /myConfig.js HTTP/1.1" 404 209 "-" "Mozilla/5.0 (Macintosh; Intel Mac OS X 10_15_7) AppleWebKit/537.36 (KHTML, like Gecko) Chrome/85.0.4183.121 Safari/537.36"
123.58.210.104 - - [31/Jul/2021:19:30:55 +0000] "GET /langConfig.js HTTP/1.1" 404 211 "-" "Mozilla/5.0 (Macintosh; Intel Mac OS X 10_15_7) AppleWebKit/537.36 (KHTML, like Gecko) Chrome/85.0.4183.121 Safari/537.36"
123.58.210.104 - - [31/Jul/2021:19:30:56 +0000] "-" 408 - "-" "-"
123.58.210.104 - - [31/Jul/2021:19:31:04 +0000] "GET /api/ApiHub/fetchJinse HTTP/1.1" 404 219 "-" "Mozilla/5.0 (Macintosh; Intel Mac OS X 10_15_7) AppleWebKit/537.36 (KHTML, like Gecko) Chrome/85.0.4183.121 Safari/537.36"
123.58.210.104 - - [31/Jul/2021:19:31:04 +0000] "GET /resources/css/headernav.css HTTP/1.1" 404 225 "-" "Mozilla/5.0 (Macintosh; Intel Mac OS X 10_15_7) AppleWebKit/537.36 (KHTML, like Gecko) Chrome/85.0.4183.121 Safari/537.36"
123.58.210.104 - - [31/Jul/2021:19:31:04 +0000] "GET /resources/main/common.js HTTP/1.1" 404 222 "-" "Mozilla/5.0 (Macintosh; Intel Mac OS X 10_15_7) AppleWebKit/537.36 (KHTML, like Gecko) Chrome/85.0.4183.121 Safari/537.36"
123.58.210.104 - - [31/Jul/2021:19:31:04 +0000] "GET /Template/Mobile/js/main.js HTTP/1.1" 404 224 "-" "Mozilla/5.0 (Macintosh; Intel Mac OS X 10_15_7) AppleWebKit/537.36 (KHTML, like Gecko) Chrome/85.0.4183.121 Safari/537.36"
123.58.210.104 - - [31/Jul/2021:19:31:04 +0000] "GET /static/index/css/iindex.css HTTP/1.1" 404 225 "-" "Mozilla/5.0 (Macintosh; Intel Mac OS X 10_15_7) AppleWebKit/537.36 (KHTML, like Gecko) Chrome/85.0.4183.121 Safari/537.36"
123.58.210.104 - - [31/Jul/2021:19:31:05 +0000] "GET /static/home/css2/login--1.css HTTP/1.1" 404 227 "-" "Mozilla/5.0 (Macintosh; Intel Mac OS X 10_15_7) AppleWebKit/537.36 (KHTML, like Gecko) Chrome/85.0.4183.121 Safari/537.36"
123.58.210.104 - - [31/Jul/2021:19:31:05 +0000] "GET /Public/Wchat/css/index.css HTTP/1.1" 404 224 "-" "Mozilla/5.0 (Macintosh; Intel Mac OS X 10_15_7) AppleWebKit/537.36 (KHTML, like Gecko) Chrome/85.0.4183.121 Safari/537.36"
123.58.210.104 - - [31/Jul/2021:19:31:30 +0000] "-" 408 - "-" "-"
123.58.210.104 - - [31/Jul/2021:19:31:31 +0000] "GET /favicon.ico HTTP/1.1" 404 209 "-" "Mozilla/5.0 (Macintosh; Intel Mac OS X 10_15_7) AppleWebKit/537.36 (KHTML, like Gecko) Chrome/85.0.4183.121 Safari/537.36"
123.58.210.104 - - [31/Jul/2021:19:31:31 +0000] "GET /public/img/cz1.png HTTP/1.1" 404 216 "-" "Mozilla/5.0 (Macintosh; Intel Mac OS X 10_15_7) AppleWebKit/537.36 (KHTML, like Gecko) Chrome/85.0.4183.121 Safari/537.36"
123.58.210.104 - - [31/Jul/2021:19:31:31 +0000] "GET / HTTP/1.1" 403 209 "-" "Mozilla/5.0 (Macintosh; Intel Mac OS X 10_15_7) AppleWebKit/537.36 (KHTML, like Gecko) Chrome/85.0.4183.121 Safari/537.36"
123.58.210.104 - - [31/Jul/2021:19:32:07 +0000] "-" 408 - "-" "-"
123.58.210.104 - - [31/Jul/2021:19:32:17 +0000] "GET /ws/index/getTheLotteryInitList HTTP/1.1" 404 228 "-" "Mozilla/5.0 (Macintosh; Intel Mac OS X 10_15_7) AppleWebKit/537.36 (KHTML, like Gecko) Chrome/85.0.4183.121 Safari/537.36"
73.114.70.69 - - [31/Jul/2021:19:32:21 +0000] "POST / HTTP/1.1" 404 198 "-" "Mozilla/5.0 (Windows NT 6.1; WOW64; Trident/7.0; rv:11.0) like Gecko"
123.58.210.104 - - [31/Jul/2021:19:32:31 +0000] "-" 408 - "-" "-"
123.58.210.104 - - [31/Jul/2021:19:32:33 +0000] "GET /template/js/comm/Confrim.js HTTP/1.1" 404 225 "-" "Mozilla/5.0 (Macintosh; Intel Mac OS X 10_15_7) AppleWebKit/537.36 (KHTML, like Gecko) Chrome/85.0.4183.121 Safari/537.36"
123.58.210.104 - - [31/Jul/2021:19:32:34 +0000] "GET /template/css/login.css HTTP/1.1" 404 220 "-" "Mozilla/5.0 (Macintosh; Intel Mac OS X 10_15_7) AppleWebKit/537.36 (KHTML, like Gecko) Chrome/85.0.4183.121 Safari/537.36"
123.58.210.104 - - [31/Jul/2021:19:32:37 +0000] "GET /script/public.js HTTP/1.1" 404 214 "-" "Mozilla/5.0 (Macintosh; Intel Mac OS X 10_15_7) AppleWebKit/537.36 (KHTML, like Gecko) Chrome/85.0.4183.121 Safari/537.36"
123.58.210.104 - - [31/Jul/2021:19:33:13 +0000] "GET /public/web/js/add/com.js HTTP/1.1" 404 222 "-" "Mozilla/5.0 (Macintosh; Intel Mac OS X 10_15_7) AppleWebKit/537.36 (KHTML, like Gecko) Chrome/85.0.4183.121 Safari/537.36"
123.58.210.104 - - [31/Jul/2021:19:33:13 +0000] "GET /api/currency/quotation_new HTTP/1.1" 404 224 "-" "Mozilla/5.0 (Macintosh; Intel Mac OS X 10_15_7) AppleWebKit/537.36 (KHTML, like Gecko) Chrome/85.0.4183.121 Safari/537.36"
123.58.210.104 - - [31/Jul/2021:19:33:13 +0000] "GET /Content/css/wzwstylel.css HTTP/1.1" 404 223 "-" "Mozilla/5.0 (Macintosh; Intel Mac OS X 10_15_7) AppleWebKit/537.36 (KHTML, like Gecko) Chrome/85.0.4183.121 Safari/537.36"
123.58.210.104 - - [31/Jul/2021:19:33:19 +0000] "GET /api/apps HTTP/1.1" 404 206 "-" "Mozilla/5.0 (Macintosh; Intel Mac OS X 10_15_7) AppleWebKit/537.36 (KHTML, like Gecko) Chrome/85.0.4183.121 Safari/537.36"
123.58.210.104 - - [31/Jul/2021:19:33:22 +0000] "-" 408 - "-" "-"
123.58.210.104 - - [31/Jul/2021:19:33:27 +0000] "-" 408 - "-" "-"
123.58.210.104 - - [31/Jul/2021:19:33:29 +0000] "GET /kkrps/im_group/show_members HTTP/1.1" 404 225 "-" "Mozilla/5.0 (Macintosh; Intel Mac OS X 10_15_7) AppleWebKit/537.36 (KHTML, like Gecko) Chrome/85.0.4183.121 Safari/537.36"
123.58.210.104 - - [31/Jul/2021:19:33:30 +0000] "GET /img/zllqdk.png HTTP/1.1" 404 212 "-" "Mozilla/5.0 (Macintosh; Intel Mac OS X 10_15_7) AppleWebKit/537.36 (KHTML, like Gecko) Chrome/85.0.4183.121 Safari/537.36"
123.58.210.104 - - [31/Jul/2021:19:33:35 +0000] "-" 408 - "-" "-"
123.58.210.104 - - [31/Jul/2021:19:33:47 +0000] "GET /guess/list.php?pageNum=1 HTTP/1.1" 404 212 "-" "Mozilla/5.0 (Macintosh; Intel Mac OS X 10_15_7) AppleWebKit/537.36 (KHTML, like Gecko) Chrome/85.0.4183.121 Safari/537.36"
123.58.210.104 - - [31/Jul/2021:19:33:47 +0000] "GET /portal/index/protocol.html HTTP/1.1" 404 224 "-" "Mozilla/5.0 (Macintosh; Intel Mac OS X 10_15_7) AppleWebKit/537.36 (KHTML, like Gecko) Chrome/85.0.4183.121 Safari/537.36"
123.58.210.104 - - [31/Jul/2021:19:33:49 +0000] "-" 408 - "-" "-"
123.58.210.104 - - [31/Jul/2021:19:33:54 +0000] "-" 408 - "-" "-"
123.58.210.104 - - [31/Jul/2021:19:33:55 +0000] "-" 408 - "-" "-"
123.58.210.104 - - [31/Jul/2021:19:34:07 +0000] "-" 408 - "-" "-"
123.58.210.104 - - [31/Jul/2021:19:34:13 +0000] "-" 408 - "-" "-"
123.58.210.104 - - [31/Jul/2021:19:34:16 +0000] "-" 408 - "-" "-"
73.114.70.69 - - [31/Jul/2021:19:34:22 +0000] "POST / HTTP/1.1" 404 198 "-" "Mozilla/5.0 (Windows NT 6.1; WOW64; Trident/7.0; rv:11.0) like Gecko"
66.249.66.21 - - [31/Jul/2021:19:34:31 +0000] "GET /hostel-transportation-facility.html HTTP/1.1" 404 233 "-" "Mozilla/5.0 (Linux; Android 6.0.1; Nexus 5X Build/MMB29P) AppleWebKit/537.36 (KHTML, like Gecko) Chrome/92.0.4515.119 Mobile Safari/537.36 (compatible; Googlebot/2.1; +http://www.google.com/bot.html)"
114.119.150.210 - - [31/Jul/2021:19:35:53 +0000] "GET /updates/daily-current-affairs-19th-november-2017 HTTP/1.1" 404 246 "-" "Mozilla/5.0 (Linux; Android 7.0;) AppleWebKit/537.36 (KHTML, like Gecko) Mobile Safari/537.36 (compatible; PetalBot;+https://webmaster.petalsearch.com/site/petalbot)"
73.114.70.69 - - [31/Jul/2021:19:36:22 +0000] "POST / HTTP/1.1" 404 198 "-" "Mozilla/5.0 (Windows NT 6.1; WOW64; Trident/7.0; rv:11.0) like Gecko"
106.217.142.110 - - [31/Jul/2021:19:37:14 +0000] "-" 408 - "-" "-"
106.217.142.110 - - [31/Jul/2021:19:37:14 +0000] "-" 408 - "-" "-"
40.77.167.74 - - [31/Jul/2021:19:37:25 +0000] "GET /images/GC-online-test-series.jpg HTTP/1.1" 404 230 "-" "Mozilla/5.0 (compatible; bingbot/2.0; +http://www.bing.com/bingbot.htm)"
106.13.238.108 - - [31/Jul/2021:19:37:31 +0000] "POST //upload/ddisfheruhtfg.php HTTP/1.1" 404 222 "http://misc.yahoo.com.cn/" "Mozilla/5.0 (compatible; Yahoo! Slurp China; http://misc.yahoo.com.cn/help.html)"
106.13.238.108 - - [31/Jul/2021:19:37:31 +0000] "POST //upload/ddisfheruhtfg.php HTTP/1.1" 404 222 "http://misc.yahoo.com.cn/" "Mozilla/5.0 (compatible; Yahoo! Slurp China; http://misc.yahoo.com.cn/help.html)"
106.13.238.108 - - [31/Jul/2021:19:37:31 +0000] "POST //upload/ddisfheruhtfg.php HTTP/1.1" 404 222 "http://misc.yahoo.com.cn/" "Mozilla/5.0 (compatible; Yahoo! Slurp China; http://misc.yahoo.com.cn/help.html)"
73.114.70.69 - - [31/Jul/2021:19:38:23 +0000] "POST / HTTP/1.1" 404 198 "-" "Mozilla/5.0 (Windows NT 6.1; WOW64; Trident/7.0; rv:11.0) like Gecko"
157.55.39.185 - - [31/Jul/2021:19:39:59 +0000] "GET /updates/tag/ssc-chsl-exam-pattern/ HTTP/1.1" 404 232 "-" "Mozilla/5.0 (compatible; bingbot/2.0; +http://www.bing.com/bingbot.htm)"
73.114.70.69 - - [31/Jul/2021:19:40:24 +0000] "POST / HTTP/1.1" 404 198 "-" "Mozilla/5.0 (Windows NT 6.1; WOW64; Trident/7.0; rv:11.0) like Gecko"
114.119.131.2 - - [31/Jul/2021:19:42:06 +0000] "GET /updates/nabard-officers-in-grade-a-b-2016-wait-list-out HTTP/1.1" 404 253 "-" "Mozilla/5.0 (Linux; Android 7.0;) AppleWebKit/537.36 (KHTML, like Gecko) Mobile Safari/537.36 (compatible; PetalBot;+https://webmaster.petalsearch.com/site/petalbot)"
106.78.35.169 - - [31/Jul/2021:19:42:08 +0000] "-" 408 - "-" "-"
73.114.70.69 - - [31/Jul/2021:19:42:25 +0000] "POST / HTTP/1.1" 404 198 "-" "Mozilla/5.0 (Windows NT 6.1; WOW64; Trident/7.0; rv:11.0) like Gecko"
73.114.70.69 - - [31/Jul/2021:19:44:26 +0000] "POST / HTTP/1.1" 404 198 "-" "Mozilla/5.0 (Windows NT 6.1; WOW64; Trident/7.0; rv:11.0) like Gecko"
98.194.77.61 - - [31/Jul/2021:19:44:39 +0000] "GET /nda.html HTTP/1.1" 404 206 "https://www.bing.com/" "Mozilla/5.0 (Windows NT 10.0; Win64; x64) AppleWebKit/537.36 (KHTML, like Gecko) Chrome/89.0.4389.82 Safari/537.36"
98.194.77.61 - - [31/Jul/2021:19:44:39 +0000] "GET /favicon.ico HTTP/1.1" 404 209 "http://www.aimnachieve.com/nda.html" "Mozilla/5.0 (Windows NT 10.0; Win64; x64) AppleWebKit/537.36 (KHTML, like Gecko) Chrome/89.0.4389.82 Safari/537.36"
73.114.70.69 - - [31/Jul/2021:19:46:27 +0000] "POST / HTTP/1.1" 404 198 "-" "Mozilla/5.0 (Windows NT 6.1; WOW64; Trident/7.0; rv:11.0) like Gecko"
114.119.136.155 - - [31/Jul/2021:19:48:20 +0000] "GET /updates/daily-current-affairs-5th-september-2017 HTTP/1.1" 404 246 "-" "Mozilla/5.0 (Linux; Android 7.0;) AppleWebKit/537.36 (KHTML, like Gecko) Mobile Safari/537.36 (compatible; PetalBot;+https://webmaster.petalsearch.com/site/petalbot)"
73.114.70.69 - - [31/Jul/2021:19:48:28 +0000] "POST / HTTP/1.1" 404 198 "-" "Mozilla/5.0 (Windows NT 6.1; WOW64; Trident/7.0; rv:11.0) like Gecko"
66.249.66.22 - - [31/Jul/2021:19:50:20 +0000] "GET /updates/page/105/?wordfence_logHuman=1&hid=3D75D8C4F8B667CAE46152708F1A3964 HTTP/1.1" 404 215 "-" "Mozilla/5.0 (compatible; Googlebot/2.1; +http://www.google.com/bot.html)"
73.114.70.69 - - [31/Jul/2021:19:50:29 +0000] "POST / HTTP/1.1" 404 198 "-" "Mozilla/5.0 (Windows NT 6.1; WOW64; Trident/7.0; rv:11.0) like Gecko"
66.249.66.20 - - [31/Jul/2021:19:51:17 +0000] "GET /images/Free-Bank-PO-Mock-Test.png HTTP/1.1" 404 231 "-" "Googlebot-Image/1.0"
172.69.71.147 - - [31/Jul/2021:19:52:08 +0000] "GET /product-tag/adjustable-wrench HTTP/1.1" 404 227 "-" "Mozilla/5.0 (Linux; Android 6.0.1; Nexus 5X Build/MMB29P) AppleWebKit/537.36 (KHTML, like Gecko) Chrome/92.0.4515.119 Mobile Safari/537.36 (compatible; Googlebot/2.1; +http://www.google.com/bot.html)"
73.114.70.69 - - [31/Jul/2021:19:52:30 +0000] "POST / HTTP/1.1" 404 198 "-" "Mozilla/5.0 (Windows NT 6.1; WOW64; Trident/7.0; rv:11.0) like Gecko"
114.119.150.210 - - [31/Jul/2021:19:54:29 +0000] "GET /updates/ippb-assistant-manager-territory-jmgs-i-2016-final-waiting-list-out HTTP/1.1" 404 273 "-" "Mozilla/5.0 (Linux; Android 7.0;) AppleWebKit/537.36 (KHTML, like Gecko) Mobile Safari/537.36 (compatible; PetalBot;+https://webmaster.petalsearch.com/site/petalbot)"
73.114.70.69 - - [31/Jul/2021:19:54:31 +0000] "POST / HTTP/1.1" 404 198 "-" "Mozilla/5.0 (Windows NT 6.1; WOW64; Trident/7.0; rv:11.0) like Gecko"
73.114.70.69 - - [31/Jul/2021:19:56:32 +0000] "POST / HTTP/1.1" 404 198 "-" "Mozilla/5.0 (Windows NT 6.1; WOW64; Trident/7.0; rv:11.0) like Gecko"
73.114.70.69 - - [31/Jul/2021:19:58:33 +0000] "POST / HTTP/1.1" 404 198 "-" "Mozilla/5.0 (Windows NT 6.1; WOW64; Trident/7.0; rv:11.0) like Gecko"
73.114.70.69 - - [31/Jul/2021:20:00:34 +0000] "POST / HTTP/1.1" 404 198 "-" "Mozilla/5.0 (Windows NT 6.1; WOW64; Trident/7.0; rv:11.0) like Gecko"
114.119.160.248 - - [31/Jul/2021:20:00:45 +0000] "GET /updates/category/bank-exams/page/8 HTTP/1.1" 404 232 "-" "Mozilla/5.0 (Linux; Android 7.0;) AppleWebKit/537.36 (KHTML, like Gecko) Mobile Safari/537.36 (compatible; PetalBot;+https://webmaster.petalsearch.com/site/petalbot)"
66.249.66.20 - - [31/Jul/2021:20:02:06 +0000] "GET /how-to-crack-cds.html HTTP/1.1" 404 219 "-" "Mozilla/5.0 (Linux; Android 6.0.1; Nexus 5X Build/MMB29P) AppleWebKit/537.36 (KHTML, like Gecko) Chrome/91.0.4472.90 Mobile Safari/537.36 (compatible; Googlebot/2.1; +http://www.google.com/bot.html)"
73.114.70.69 - - [31/Jul/2021:20:02:35 +0000] "POST / HTTP/1.1" 404 198 "-" "Mozilla/5.0 (Windows NT 6.1; WOW64; Trident/7.0; rv:11.0) like Gecko"
73.114.70.69 - - [31/Jul/2021:20:04:37 +0000] "POST / HTTP/1.1" 404 198 "-" "Mozilla/5.0 (Windows NT 6.1; WOW64; Trident/7.0; rv:11.0) like Gecko"
40.77.167.19 - - [31/Jul/2021:20:05:15 +0000] "GET /updates/conquer-gk-your-weekly-gk-quiz-23-31-march-2017/ HTTP/1.1" 404 254 "-" "Mozilla/5.0 (compatible; bingbot/2.0; +http://www.bing.com/bingbot.htm)"
73.114.70.69 - - [31/Jul/2021:20:06:38 +0000] "POST / HTTP/1.1" 404 198 "-" "Mozilla/5.0 (Windows NT 6.1; WOW64; Trident/7.0; rv:11.0) like Gecko"
114.119.143.214 - - [31/Jul/2021:20:06:55 +0000] "GET /updates/daily-current-affairs-7th-july-2018 HTTP/1.1" 404 241 "-" "Mozilla/5.0 (Linux; Android 7.0;) AppleWebKit/537.36 (KHTML, like Gecko) Mobile Safari/537.36 (compatible; PetalBot;+https://webmaster.petalsearch.com/site/petalbot)"
73.114.70.69 - - [31/Jul/2021:20:08:38 +0000] "POST / HTTP/1.1" 404 198 "-" "Mozilla/5.0 (Windows NT 6.1; WOW64; Trident/7.0; rv:11.0) like Gecko"
40.77.167.30 - - [31/Jul/2021:20:09:22 +0000] "GET /images/facebook.png HTTP/1.1" 404 217 "-" "Mozilla/5.0 (compatible; bingbot/2.0; +http://www.bing.com/bingbot.htm)"
66.220.149.13 - - [31/Jul/2021:20:10:24 +0000] "GET /updates/daily-current-affairs-10th-june-2018/ HTTP/1.1" 404 243 "-" "facebookexternalhit/1.1 (+http://www.facebook.com/externalhit_uatext.php)"
66.220.149.13 - - [31/Jul/2021:20:10:24 +0000] "GET /updates/daily-current-affairs-10th-june-2018/ HTTP/1.1" 404 243 "-" "facebookexternalhit/1.1 (+http://www.facebook.com/externalhit_uatext.php)"
73.114.70.69 - - [31/Jul/2021:20:10:39 +0000] "POST / HTTP/1.1" 404 198 "-" "Mozilla/5.0 (Windows NT 6.1; WOW64; Trident/7.0; rv:11.0) like Gecko"
73.114.70.69 - - [31/Jul/2021:20:12:40 +0000] "POST / HTTP/1.1" 404 198 "-" "Mozilla/5.0 (Windows NT 6.1; WOW64; Trident/7.0; rv:11.0) like Gecko"
114.119.153.237 - - [31/Jul/2021:20:12:49 +0000] "GET /robots.txt HTTP/1.1" 404 208 "-" "Mozilla/5.0 (compatible;PetalBot;+https://webmaster.petalsearch.com/site/petalbot)"
23.100.232.233 - - [31/Jul/2021:20:12:53 +0000] "GET /updates/wp-content/uploads/2017/09/NDA-2-2017-GAT-Question-Paper-Code-A.pdf HTTP/1.1" 404 273 "-" "Mozilla/5.0 (compatible; MSIE 9.0; Windows NT 6.1; Trident/5.0; Trident/5.0)"
114.119.129.190 - - [31/Jul/2021:20:13:41 +0000] "GET /robots.txt HTTP/1.1" 404 208 "-" "Mozilla/5.0 (compatible;PetalBot;+https://webmaster.petalsearch.com/site/petalbot)"
73.114.70.69 - - [31/Jul/2021:20:14:41 +0000] "POST / HTTP/1.1" 404 198 "-" "Mozilla/5.0 (Windows NT 6.1; WOW64; Trident/7.0; rv:11.0) like Gecko"
172.69.68.146 - - [31/Jul/2021:20:16:21 +0000] "GET /robots.txt HTTP/1.1" 404 208 "-" "Mozilla/5.0 (compatible; Googlebot/2.1; +http://www.google.com/bot.html)"
73.114.70.69 - - [31/Jul/2021:20:16:43 +0000] "POST / HTTP/1.1" 404 198 "-" "Mozilla/5.0 (Windows NT 6.1; WOW64; Trident/7.0; rv:11.0) like Gecko"
114.119.157.166 - - [31/Jul/2021:20:18:27 +0000] "GET /robots.txt HTTP/1.1" 404 208 "-" "Mozilla/5.0 (compatible;PetalBot;+https://webmaster.petalsearch.com/site/petalbot)"
73.114.70.69 - - [31/Jul/2021:20:18:44 +0000] "POST / HTTP/1.1" 404 198 "-" "Mozilla/5.0 (Windows NT 6.1; WOW64; Trident/7.0; rv:11.0) like Gecko"
66.249.66.22 - - [31/Jul/2021:20:20:27 +0000] "GET /updates/author/aimandachieve/ HTTP/1.1" 404 227 "-" "Mozilla/5.0 (Linux; Android 6.0.1; Nexus 5X Build/MMB29P) AppleWebKit/537.36 (KHTML, like Gecko) Chrome/91.0.4472.90 Mobile Safari/537.36 (compatible; Googlebot/2.1; +http://www.google.com/bot.html)"
73.114.70.69 - - [31/Jul/2021:20:20:45 +0000] "POST / HTTP/1.1" 404 198 "-" "Mozilla/5.0 (Windows NT 6.1; WOW64; Trident/7.0; rv:11.0) like Gecko"
73.114.70.69 - - [31/Jul/2021:20:22:46 +0000] "POST / HTTP/1.1" 404 198 "-" "Mozilla/5.0 (Windows NT 6.1; WOW64; Trident/7.0; rv:11.0) like Gecko"
114.119.160.195 - - [31/Jul/2021:20:24:47 +0000] "GET /updates/category/economy HTTP/1.1" 404 222 "-" "Mozilla/5.0 (Linux; Android 7.0;) AppleWebKit/537.36 (KHTML, like Gecko) Mobile Safari/537.36 (compatible; PetalBot;+https://webmaster.petalsearch.com/site/petalbot)"
106.13.238.108 - - [31/Jul/2021:20:28:14 +0000] "POST //upload/file/1.asp;(1).jpg HTTP/1.1" 404 223 "http://misc.yahoo.com.cn/" "Mozilla/5.0 (compatible; Yahoo! Slurp China; http://misc.yahoo.com.cn/help.html)"
106.13.238.108 - - [31/Jul/2021:20:28:14 +0000] "POST //upload/file/1.asp;(1).jpg HTTP/1.1" 404 223 "http://misc.yahoo.com.cn/" "Mozilla/5.0 (compatible; Yahoo! Slurp China; http://misc.yahoo.com.cn/help.html)"
66.249.66.199 - - [31/Jul/2021:20:29:03 +0000] "GET /robots.txt HTTP/1.1" 404 208 "-" "Mozilla/5.0 (compatible; Googlebot/2.1; +http://www.google.com/bot.html)"
66.249.66.205 - - [31/Jul/2021:20:29:04 +0000] "GET /wp-content/uploads/2019/03/edge_cutter_4-100x100.jpg HTTP/1.1" 404 250 "-" "Googlebot-Image/1.0"
40.77.167.25 - - [31/Jul/2021:20:30:57 +0000] "GET /images/clat-course.jpg HTTP/1.1" 404 220 "-" "Mozilla/5.0 (compatible; bingbot/2.0; +http://www.bing.com/bingbot.htm)"
