183.83.45.15 - - [02/Aug/2021:11:07:28 +0000] "-" 408 - "-" "-"
183.83.45.15 - - [02/Aug/2021:11:07:28 +0000] "-" 408 - "-" "-"
157.55.39.185 - - [02/Aug/2021:11:07:31 +0000] "GET /updates/rrb-rpf-rpsf-constable-si-2018-notification-out/ HTTP/1.1" 404 254 "-" "Mozilla/5.0 (compatible; bingbot/2.0; +http://www.bing.com/bingbot.htm)"
66.249.66.72 - - [02/Aug/2021:11:07:34 +0000] "GET /cds-previous-year-question-papers.html HTTP/1.1" 404 236 "-" "Mozilla/5.0 (Linux; Android 6.0.1; Nexus 5X Build/MMB29P) AppleWebKit/537.36 (KHTML, like Gecko) Chrome/91.0.4472.90 Mobile Safari/537.36 (compatible; Googlebot/2.1; +http://www.google.com/bot.html)"
114.119.131.2 - - [02/Aug/2021:11:07:43 +0000] "GET /ssc-chsl.html HTTP/1.1" 404 211 "-" "Mozilla/5.0 (Linux; Android 7.0;) AppleWebKit/537.36 (KHTML, like Gecko) Mobile Safari/537.36 (compatible; PetalBot;+https://webmaster.petalsearch.com/site/petalbot)"
106.13.238.108 - - [02/Aug/2021:11:08:19 +0000] "POST //UserFiles/File/x(3).aspx HTTP/1.1" 404 222 "http://misc.yahoo.com.cn/" "Mozilla/5.0 (compatible; Yahoo! Slurp China; http://misc.yahoo.com.cn/help.html)"
106.13.238.108 - - [02/Aug/2021:11:08:19 +0000] "POST //UserFiles/File/x(3).aspx HTTP/1.1" 404 222 "http://misc.yahoo.com.cn/" "Mozilla/5.0 (compatible; Yahoo! Slurp China; http://misc.yahoo.com.cn/help.html)"
183.83.45.15 - - [02/Aug/2021:11:08:24 +0000] "-" 408 - "-" "-"
157.38.35.172 - - [02/Aug/2021:11:08:31 +0000] "-" 408 - "-" "-"
157.38.35.172 - - [02/Aug/2021:11:09:41 +0000] "-" 408 - "-" "-"
171.79.149.230 - - [02/Aug/2021:11:11:43 +0000] "-" 408 - "-" "-"
171.79.149.230 - - [02/Aug/2021:11:11:43 +0000] "-" 408 - "-" "-"
157.38.1.20 - - [02/Aug/2021:11:11:55 +0000] "-" 408 - "-" "-"
114.119.162.33 - - [02/Aug/2021:11:14:10 +0000] "GET /images/Successful-Candidate/Jainendra_ssc_cgl_2017.jpg HTTP/1.1" 404 252 "-" "Mozilla/5.0 (Linux; Android 7.0;) AppleWebKit/537.36 (KHTML, like Gecko) Mobile Safari/537.36 (compatible; PetalBot;+https://webmaster.petalsearch.com/site/petalbot)"
157.47.156.124 - - [02/Aug/2021:11:17:57 +0000] "-" 408 - "-" "-"
117.97.233.47 - - [02/Aug/2021:11:20:45 +0000] "-" 408 - "-" "-"
106.206.168.242 - - [02/Aug/2021:11:20:57 +0000] "-" 408 - "-" "-"
114.119.136.155 - - [02/Aug/2021:11:21:19 +0000] "GET /updates/ibps-cwe-so-vii-prelims-result-out HTTP/1.1" 404 240 "-" "Mozilla/5.0 (Linux; Android 7.0;) AppleWebKit/537.36 (KHTML, like Gecko) Mobile Safari/537.36 (compatible; PetalBot;+https://webmaster.petalsearch.com/site/petalbot)"
66.249.66.25 - - [02/Aug/2021:11:23:41 +0000] "GET /updates/rbi-assistant-special-drive-for-pwd-2018-prelim-exam-call-letter-out/ HTTP/1.1" 404 275 "-" "Mozilla/5.0 (Linux; Android 6.0.1; Nexus 5X Build/MMB29P) AppleWebKit/537.36 (KHTML, like Gecko) Chrome/92.0.4515.119 Mobile Safari/537.36 (compatible; Googlebot/2.1; +http://www.google.com/bot.html)"
171.79.149.230 - - [02/Aug/2021:11:23:42 +0000] "-" 408 - "-" "-"
171.79.149.230 - - [02/Aug/2021:11:23:42 +0000] "-" 408 - "-" "-"
157.38.35.172 - - [02/Aug/2021:11:25:45 +0000] "-" 408 - "-" "-"
157.38.35.172 - - [02/Aug/2021:11:25:45 +0000] "-" 408 - "-" "-"
157.38.35.172 - - [02/Aug/2021:11:26:45 +0000] "-" 408 - "-" "-"
157.38.35.172 - - [02/Aug/2021:11:26:45 +0000] "-" 408 - "-" "-"
157.38.35.172 - - [02/Aug/2021:11:27:45 +0000] "-" 408 - "-" "-"
157.38.35.172 - - [02/Aug/2021:11:27:45 +0000] "-" 408 - "-" "-"
157.38.35.172 - - [02/Aug/2021:11:28:45 +0000] "-" 408 - "-" "-"
157.38.35.172 - - [02/Aug/2021:11:28:45 +0000] "-" 408 - "-" "-"
95.12.236.51 - - [02/Aug/2021:11:29:24 +0000] "-" 408 - "-" "-"
157.38.35.172 - - [02/Aug/2021:11:29:45 +0000] "-" 408 - "-" "-"
157.38.35.172 - - [02/Aug/2021:11:30:07 +0000] "-" 408 - "-" "-"
157.38.35.172 - - [02/Aug/2021:11:30:45 +0000] "-" 408 - "-" "-"
157.38.35.172 - - [02/Aug/2021:11:30:45 +0000] "-" 408 - "-" "-"
157.47.156.75 - - [02/Aug/2021:11:31:21 +0000] "-" 408 - "-" "-"
157.47.156.75 - - [02/Aug/2021:11:31:25 +0000] "-" 408 - "-" "-"
157.38.35.172 - - [02/Aug/2021:11:31:46 +0000] "-" 408 - "-" "-"
157.38.35.172 - - [02/Aug/2021:11:31:46 +0000] "-" 408 - "-" "-"
66.249.66.20 - - [02/Aug/2021:11:32:42 +0000] "GET /pdf/NDA-2015-Question-Paper-Mathematics.pdf HTTP/1.1" 404 241 "-" "Mozilla/5.0 (compatible; Googlebot/2.1; +http://www.google.com/bot.html)"
157.38.35.172 - - [02/Aug/2021:11:32:50 +0000] "-" 408 - "-" "-"
157.38.35.172 - - [02/Aug/2021:11:32:50 +0000] "-" 408 - "-" "-"
20.69.150.214 - - [02/Aug/2021:11:33:23 +0000] "-" 408 - "-" "-"
157.38.35.172 - - [02/Aug/2021:11:33:56 +0000] "-" 408 - "-" "-"
157.38.35.172 - - [02/Aug/2021:11:33:56 +0000] "-" 408 - "-" "-"
1.38.140.52 - - [02/Aug/2021:11:34:00 +0000] "-" 408 - "-" "-"
40.77.167.74 - - [02/Aug/2021:11:35:27 +0000] "GET /updates/south-indian-bank-probationary-clerk-2018-call-letter-out/ HTTP/1.1" 404 264 "-" "Mozilla/5.0 (compatible; bingbot/2.0; +http://www.bing.com/bingbot.htm)"
1.39.222.4 - - [02/Aug/2021:11:36:00 +0000] "-" 408 - "-" "-"
157.47.139.148 - - [02/Aug/2021:11:36:06 +0000] "-" 408 - "-" "-"
106.207.154.244 - - [02/Aug/2021:11:36:41 +0000] "-" 408 - "-" "-"
157.38.35.172 - - [02/Aug/2021:11:36:42 +0000] "-" 408 - "-" "-"
106.207.154.244 - - [02/Aug/2021:11:37:08 +0000] "-" 408 - "-" "-"
106.207.154.244 - - [02/Aug/2021:11:37:08 +0000] "-" 408 - "-" "-"
157.38.35.172 - - [02/Aug/2021:11:37:14 +0000] "-" 408 - "-" "-"
106.207.154.244 - - [02/Aug/2021:11:37:45 +0000] "-" 408 - "-" "-"
157.38.35.172 - - [02/Aug/2021:11:38:12 +0000] "-" 408 - "-" "-"
1.39.222.4 - - [02/Aug/2021:11:38:45 +0000] "-" 408 - "-" "-"
42.107.228.42 - - [02/Aug/2021:11:40:19 +0000] "-" 408 - "-" "-"
157.38.206.17 - - [02/Aug/2021:11:40:26 +0000] "-" 408 - "-" "-"
157.38.206.17 - - [02/Aug/2021:11:40:26 +0000] "-" 408 - "-" "-"
45.115.176.139 - - [02/Aug/2021:11:40:27 +0000] "-" 408 - "-" "-"
45.115.176.139 - - [02/Aug/2021:11:40:27 +0000] "-" 408 - "-" "-"
114.119.131.2 - - [02/Aug/2021:11:41:08 +0000] "GET /updates/ssc-stenographer-grade-c-d-2017-paper-i-final-answer-out HTTP/1.1" 404 262 "-" "Mozilla/5.0 (Linux; Android 7.0;) AppleWebKit/537.36 (KHTML, like Gecko) Mobile Safari/537.36 (compatible; PetalBot;+https://webmaster.petalsearch.com/site/petalbot)"
106.193.250.15 - - [02/Aug/2021:11:43:31 +0000] "-" 408 - "-" "-"
207.46.13.30 - - [02/Aug/2021:11:43:41 +0000] "GET /updates/daily-current-affairs-25th-december-2017/ HTTP/1.1" 404 247 "-" "Mozilla/5.0 (compatible; bingbot/2.0; +http://www.bing.com/bingbot.htm)"
195.154.123.34 - - [02/Aug/2021:11:45:15 +0000] "-" 408 - "-" "-"
157.38.35.172 - - [02/Aug/2021:11:47:11 +0000] "-" 408 - "-" "-"
207.46.13.168 - - [02/Aug/2021:11:47:16 +0000] "GET /updates/wp-content/uploads/2020/02/CDS-I-2020-English-Question-Paper-Code-B.pdf HTTP/1.1" 404 277 "-" "Mozilla/5.0 (compatible; bingbot/2.0; +http://www.bing.com/bingbot.htm)"
114.119.136.155 - - [02/Aug/2021:11:48:25 +0000] "GET /updates/wp-content/uploads/2017/12/AA-Current-Affairs-13-250x160.jpg HTTP/1.1" 404 266 "-" "Mozilla/5.0 (Linux; Android 7.0;) AppleWebKit/537.36 (KHTML, like Gecko) Mobile Safari/537.36 (compatible; PetalBot;+https://webmaster.petalsearch.com/site/petalbot)"
157.55.39.185 - - [02/Aug/2021:11:51:08 +0000] "GET /updates/ssc-cgle-tier-iv-exam-dates-announced/ HTTP/1.1" 404 244 "-" "Mozilla/5.0 (compatible; bingbot/2.0; +http://www.bing.com/bingbot.htm)"
66.249.66.74 - - [02/Aug/2021:11:51:12 +0000] "GET /robots.txt HTTP/1.1" 404 208 "-" "Mozilla/5.0 (compatible; Googlebot/2.1; +http://www.google.com/bot.html)"
66.249.66.74 - - [02/Aug/2021:11:51:12 +0000] "GET /cds-notification.html HTTP/1.1" 404 219 "-" "Mozilla/5.0 (Linux; Android 6.0.1; Nexus 5X Build/MMB29P) AppleWebKit/537.36 (KHTML, like Gecko) Chrome/91.0.4472.90 Mobile Safari/537.36 (compatible; Googlebot/2.1; +http://www.google.com/bot.html)"
207.46.13.45 - - [02/Aug/2021:11:52:59 +0000] "GET /robots.txt HTTP/1.1" 404 208 "-" "Mozilla/5.0 (compatible; bingbot/2.0; +http://www.bing.com/bingbot.htm)"
40.77.167.25 - - [02/Aug/2021:11:53:04 +0000] "GET / HTTP/1.1" 403 209 "-" "Mozilla/5.0 (compatible; bingbot/2.0; +http://www.bing.com/bingbot.htm)"
157.38.97.169 - - [02/Aug/2021:11:53:20 +0000] "-" 408 - "-" "-"
106.203.144.121 - - [02/Aug/2021:11:54:01 +0000] "-" 408 - "-" "-"
44.231.229.144 - - [02/Aug/2021:11:54:20 +0000] "GET /ads.txt HTTP/1.1" 404 205 "-" "Apache-HttpClient/4.5.12 (Java/1.8.0_282)"
106.13.238.108 - - [02/Aug/2021:11:54:34 +0000] "POST //userr.php HTTP/1.1" 404 207 "http://misc.yahoo.com.cn/" "Mozilla/5.0 (compatible; Yahoo! Slurp China; http://misc.yahoo.com.cn/help.html)"
106.13.238.108 - - [02/Aug/2021:11:54:34 +0000] "POST //userr.php HTTP/1.1" 404 207 "http://misc.yahoo.com.cn/" "Mozilla/5.0 (compatible; Yahoo! Slurp China; http://misc.yahoo.com.cn/help.html)"
106.13.238.108 - - [02/Aug/2021:11:54:37 +0000] "POST //userr.php HTTP/1.1" 404 207 "http://misc.yahoo.com.cn/" "Mozilla/5.0 (compatible; Yahoo! Slurp China; http://misc.yahoo.com.cn/help.html)"
114.119.147.15 - - [02/Aug/2021:11:55:40 +0000] "GET /updates/ctet-february-2016/ HTTP/1.1" 404 225 "-" "Mozilla/5.0 (Linux; Android 7.0;) AppleWebKit/537.36 (KHTML, like Gecko) Mobile Safari/537.36 (compatible; PetalBot;+https://webmaster.petalsearch.com/site/petalbot)"
77.75.78.160 - - [02/Aug/2021:11:56:03 +0000] "GET /robots.txt HTTP/1.1" 404 208 "-" "Mozilla/5.0 (compatible; SeznamBot/3.2; +http://napoveda.seznam.cz/en/seznambot-intro/)"
77.75.78.160 - - [02/Aug/2021:11:56:04 +0000] "GET /lic-exams-coaching.html HTTP/1.1" 404 221 "-" "Mozilla/5.0 (compatible; SeznamBot/3.2; +http://napoveda.seznam.cz/en/seznambot-intro/)"
114.119.136.155 - - [02/Aug/2021:12:02:45 +0000] "GET /updates/niacl-officers-scale-i-generalists-phase-i-exam-marks-out HTTP/1.1" 404 263 "-" "Mozilla/5.0 (Linux; Android 7.0;) AppleWebKit/537.36 (KHTML, like Gecko) Mobile Safari/537.36 (compatible; PetalBot;+https://webmaster.petalsearch.com/site/petalbot)"
31.148.21.253 - - [02/Aug/2021:12:03:51 +0000] "GET /?utm=semalt.com HTTP/1.1" 403 209 "https://semalt.com-----google.com/?q=semalt" "Mozilla/5.0 (Windows NT 10.0; Win64; x64) AppleWebKit/537.36 (KHTML, like Gecko) Chrome/74.0.3729.169 Safari/537.36"
173.252.127.5 - - [02/Aug/2021:12:04:45 +0000] "GET /updates/wp-content/uploads/2019/09/CDS-2019-Answer-Key.png HTTP/1.1" 404 256 "-" "facebookexternalhit/1.1 (+http://www.facebook.com/externalhit_uatext.php)"
106.196.56.177 - - [02/Aug/2021:12:05:11 +0000] "GET /nda-crash-course.html HTTP/1.1" 404 219 "android-app://com.google.android.googlequicksearchbox" "Mozilla/5.0 (Linux; Android 6.0.1; Redmi 3S Build/MMB29M) AppleWebKit/537.36 (KHTML, like Gecko) Chrome/56.0.2924.87 Mobile Safari/537.36"
106.196.56.177 - - [02/Aug/2021:12:05:12 +0000] "GET /favicon.ico HTTP/1.1" 404 209 "http://aimnachieve.com/nda-crash-course.html" "Mozilla/5.0 (Linux; Android 6.0.1; Redmi 3S Build/MMB29M) AppleWebKit/537.36 (KHTML, like Gecko) Chrome/56.0.2924.87 Mobile Safari/537.36"
106.213.220.42 - - [02/Aug/2021:12:05:44 +0000] "GET /updates/cds-ii-2019-question-papers-answer-key-solutions/ HTTP/1.1" 404 255 "http://m.facebook.com/" "Mozilla/5.0 (Linux; Android 8.1.0; TECNO ID3k Build/O11019; wv) AppleWebKit/537.36 (KHTML, like Gecko) Version/4.0 Chrome/70.0.3538.110 Mobile Safari/537.36 [FB_IAB/FB4A;FBAV/326.0.0.34.120;]"
106.213.220.42 - - [02/Aug/2021:12:05:44 +0000] "GET /favicon.ico HTTP/1.1" 404 209 "http://aimnachieve.com/updates/cds-ii-2019-question-papers-answer-key-solutions/" "Mozilla/5.0 (Linux; Android 8.1.0; TECNO ID3k Build/O11019; wv) AppleWebKit/537.36 (KHTML, like Gecko) Version/4.0 Chrome/70.0.3538.110 Mobile Safari/537.36 [FB_IAB/FB4A;FBAV/326.0.0.34.120;]"
157.47.254.203 - - [02/Aug/2021:12:05:54 +0000] "-" 408 - "-" "-"
106.207.220.167 - - [02/Aug/2021:12:06:34 +0000] "-" 408 - "-" "-"
106.207.220.167 - - [02/Aug/2021:12:08:15 +0000] "-" 408 - "-" "-"
114.119.146.145 - - [02/Aug/2021:12:09:56 +0000] "GET /ibps.html HTTP/1.1" 404 207 "-" "Mozilla/5.0 (Linux; Android 7.0;) AppleWebKit/537.36 (KHTML, like Gecko) Mobile Safari/537.36 (compatible; PetalBot;+https://webmaster.petalsearch.com/site/petalbot)"
20.69.150.214 - - [02/Aug/2021:12:13:18 +0000] "-" 408 - "-" "-"
114.119.160.195 - - [02/Aug/2021:12:17:07 +0000] "GET /updates/ssc-chsl-102-2016-state-wise-vacancy-released HTTP/1.1" 404 251 "-" "Mozilla/5.0 (Linux; Android 7.0;) AppleWebKit/537.36 (KHTML, like Gecko) Mobile Safari/537.36 (compatible; PetalBot;+https://webmaster.petalsearch.com/site/petalbot)"
40.77.167.30 - - [02/Aug/2021:12:17:59 +0000] "GET /updates/tag/ibps-bank-po-exam-pattern/ HTTP/1.1" 404 236 "-" "Mozilla/5.0 (compatible; bingbot/2.0; +http://www.bing.com/bingbot.htm)"
40.77.167.106 - - [02/Aug/2021:12:22:04 +0000] "GET /cds-cut-off.html HTTP/1.1" 404 214 "-" "Mozilla/5.0 (compatible; bingbot/2.0; +http://www.bing.com/bingbot.htm)"
157.55.39.185 - - [02/Aug/2021:12:25:01 +0000] "GET /updates/ibps-rrb-2018-exam-notification/ HTTP/1.1" 404 238 "-" "Mozilla/5.0 (compatible; bingbot/2.0; +http://www.bing.com/bingbot.htm)"
114.119.160.195 - - [02/Aug/2021:12:25:08 +0000] "GET /updates/tag/how-to-crack-bank-po-exam/ HTTP/1.1" 404 236 "-" "Mozilla/5.0 (Linux; Android 7.0;) AppleWebKit/537.36 (KHTML, like Gecko) Mobile Safari/537.36 (compatible; PetalBot;+https://webmaster.petalsearch.com/site/petalbot)"
106.206.147.238 - - [02/Aug/2021:12:28:14 +0000] "-" 408 - "-" "-"
106.66.36.66 - - [02/Aug/2021:12:28:19 +0000] "-" 408 - "-" "-"
106.66.36.66 - - [02/Aug/2021:12:28:19 +0000] "-" 408 - "-" "-"
157.38.85.223 - - [02/Aug/2021:12:29:07 +0000] "-" 408 - "-" "-"
157.38.85.223 - - [02/Aug/2021:12:29:07 +0000] "-" 408 - "-" "-"
114.119.162.33 - - [02/Aug/2021:12:31:45 +0000] "GET /updates/tag/cds-2020-exam-analysis HTTP/1.1" 404 232 "-" "Mozilla/5.0 (Linux; Android 7.0;) AppleWebKit/537.36 (KHTML, like Gecko) Mobile Safari/537.36 (compatible; PetalBot;+https://webmaster.petalsearch.com/site/petalbot)"
54.36.148.224 - - [02/Aug/2021:12:31:57 +0000] "GET / HTTP/1.1" 403 209 "-" "Mozilla/5.0 (compatible; AhrefsBot/7.0; +http://ahrefs.com/robot/)"
44.195.77.60 - - [02/Aug/2021:12:32:44 +0000] "GET /ads.txt HTTP/1.1" 404 205 "-" "AdsTxtCrawler/1.0.2"
122.161.67.156 - - [02/Aug/2021:12:33:23 +0000] "-" 408 - "-" "-"
122.161.67.156 - - [02/Aug/2021:12:33:45 +0000] "-" 408 - "-" "-"
122.161.67.156 - - [02/Aug/2021:12:33:45 +0000] "-" 408 - "-" "-"
122.161.67.156 - - [02/Aug/2021:12:36:29 +0000] "-" 408 - "-" "-"
40.77.167.19 - - [02/Aug/2021:12:38:04 +0000] "GET /afcat.html HTTP/1.1" 404 208 "-" "Mozilla/5.0 (compatible; bingbot/2.0; +http://www.bing.com/bingbot.htm)"
3.215.117.24 - - [02/Aug/2021:12:38:52 +0000] "GET /ads.txt HTTP/1.1" 404 205 "-" "AdsTxtCrawler/1.0.2"
114.119.154.26 - - [02/Aug/2021:12:39:57 +0000] "GET /updates/page/74?wordfence_logHuman=1 HTTP/1.1" 404 213 "-" "Mozilla/5.0 (Linux; Android 7.0;) AppleWebKit/537.36 (KHTML, like Gecko) Mobile Safari/537.36 (compatible; PetalBot;+https://webmaster.petalsearch.com/site/petalbot)"
103.139.171.122 - - [02/Aug/2021:12:43:54 +0000] "-" 408 - "-" "-"
49.36.187.179 - - [02/Aug/2021:12:45:40 +0000] "-" 408 - "-" "-"
49.36.187.179 - - [02/Aug/2021:12:45:40 +0000] "-" 408 - "-" "-"
66.249.66.24 - - [02/Aug/2021:12:45:45 +0000] "GET /Am-I-eligible-for-IBPS-Specialist-Officer-Exams.html HTTP/1.1" 404 250 "-" "Mozilla/5.0 (Linux; Android 6.0.1; Nexus 5X Build/MMB29P) AppleWebKit/537.36 (KHTML, like Gecko) Chrome/91.0.4472.90 Mobile Safari/537.36 (compatible; Googlebot/2.1; +http://www.google.com/bot.html)"
103.112.169.12 - - [02/Aug/2021:12:45:52 +0000] "-" 408 - "-" "-"
103.112.169.12 - - [02/Aug/2021:12:45:52 +0000] "-" 408 - "-" "-"
103.112.169.12 - - [02/Aug/2021:12:45:52 +0000] "-" 408 - "-" "-"
103.112.169.12 - - [02/Aug/2021:12:45:52 +0000] "-" 408 - "-" "-"
103.112.169.12 - - [02/Aug/2021:12:45:52 +0000] "-" 408 - "-" "-"
40.77.167.74 - - [02/Aug/2021:12:47:32 +0000] "GET /images/cds-faq.jpg HTTP/1.1" 404 216 "-" "Mozilla/5.0 (compatible; bingbot/2.0; +http://www.bing.com/bingbot.htm)"
27.56.208.115 - - [02/Aug/2021:12:47:34 +0000] "GET /updates/wp-content/uploads/2018/09/NDA-II-2018-Math-Question-Paper-Code-A.pdf HTTP/1.1" 404 275 "-" "Mozilla/5.0 (iPhone; CPU iPhone OS 12_5_4 like Mac OS X) AppleWebKit/605.1.15 (KHTML, like Gecko) Version/12.1.2 Mobile/15E148 Safari/604.1"
27.56.208.115 - - [02/Aug/2021:12:47:34 +0000] "GET /apple-touch-icon-120x120-precomposed.png HTTP/1.1" 404 238 "-" "MobileSafari/604.1 CFNetwork/978.0.7 Darwin/18.7.0"
27.56.208.115 - - [02/Aug/2021:12:47:35 +0000] "GET /apple-touch-icon-120x120.png HTTP/1.1" 404 226 "-" "MobileSafari/604.1 CFNetwork/978.0.7 Darwin/18.7.0"
27.56.208.115 - - [02/Aug/2021:12:47:35 +0000] "GET /apple-touch-icon-precomposed.png HTTP/1.1" 404 230 "-" "MobileSafari/604.1 CFNetwork/978.0.7 Darwin/18.7.0"
27.56.208.115 - - [02/Aug/2021:12:47:35 +0000] "GET /apple-touch-icon.png HTTP/1.1" 404 218 "-" "MobileSafari/604.1 CFNetwork/978.0.7 Darwin/18.7.0"
27.56.208.115 - - [02/Aug/2021:12:47:35 +0000] "GET /favicon.ico HTTP/1.1" 404 209 "-" "MobileSafari/604.1 CFNetwork/978.0.7 Darwin/18.7.0"
27.56.208.115 - - [02/Aug/2021:12:47:35 +0000] "GET /apple-touch-icon-120x120-precomposed.png HTTP/1.1" 404 238 "-" "MobileSafari/604.1 CFNetwork/978.0.7 Darwin/18.7.0"
27.56.208.115 - - [02/Aug/2021:12:47:36 +0000] "GET /apple-touch-icon-120x120.png HTTP/1.1" 404 226 "-" "MobileSafari/604.1 CFNetwork/978.0.7 Darwin/18.7.0"
27.56.208.115 - - [02/Aug/2021:12:47:36 +0000] "GET /apple-touch-icon-precomposed.png HTTP/1.1" 404 230 "-" "MobileSafari/604.1 CFNetwork/978.0.7 Darwin/18.7.0"
27.56.208.115 - - [02/Aug/2021:12:47:36 +0000] "GET /apple-touch-icon.png HTTP/1.1" 404 218 "-" "MobileSafari/604.1 CFNetwork/978.0.7 Darwin/18.7.0"
27.56.208.115 - - [02/Aug/2021:12:47:36 +0000] "GET /favicon.ico HTTP/1.1" 404 209 "-" "MobileSafari/604.1 CFNetwork/978.0.7 Darwin/18.7.0"
106.13.238.108 - - [02/Aug/2021:12:52:46 +0000] "POST //utf8.php HTTP/1.1" 404 206 "http://misc.yahoo.com.cn/" "Mozilla/5.0 (compatible; Yahoo! Slurp China; http://misc.yahoo.com.cn/help.html)"
106.13.238.108 - - [02/Aug/2021:12:52:47 +0000] "POST //utf8.php HTTP/1.1" 404 206 "http://misc.yahoo.com.cn/" "Mozilla/5.0 (compatible; Yahoo! Slurp China; http://misc.yahoo.com.cn/help.html)"
106.13.238.108 - - [02/Aug/2021:12:52:47 +0000] "POST //utf8.php HTTP/1.1" 404 206 "http://misc.yahoo.com.cn/" "Mozilla/5.0 (compatible; Yahoo! Slurp China; http://misc.yahoo.com.cn/help.html)"
157.55.39.185 - - [02/Aug/2021:12:53:03 +0000] "GET /our-introduction.html HTTP/1.1" 404 219 "-" "Mozilla/5.0 (compatible; bingbot/2.0; +http://www.bing.com/bingbot.htm)"
114.119.160.248 - - [02/Aug/2021:12:55:54 +0000] "GET /updates/daily-current-affairs-20th-december-2017 HTTP/1.1" 404 246 "-" "Mozilla/5.0 (Linux; Android 7.0;) AppleWebKit/537.36 (KHTML, like Gecko) Mobile Safari/537.36 (compatible; PetalBot;+https://webmaster.petalsearch.com/site/petalbot)"
5.45.207.143 - - [02/Aug/2021:12:59:04 +0000] "GET /robots.txt HTTP/1.1" 404 208 "-" "Mozilla/5.0 (compatible; YandexBot/3.0; +http://yandex.com/bots)"
5.45.207.143 - - [02/Aug/2021:12:59:08 +0000] "GET /updates/wp-content/uploads/2017/04/NDA-I-2017-Solutions-Upcoming.pdf HTTP/1.1" 404 266 "-" "Mozilla/5.0 (compatible; YandexBot/3.0; +http://yandex.com/bots)"
40.77.167.19 - - [02/Aug/2021:12:59:16 +0000] "GET /updates/daily-current-affairs-14th-december-2016/ HTTP/1.1" 404 247 "-" "Mozilla/5.0 (compatible; bingbot/2.0; +http://www.bing.com/bingbot.htm)"
168.119.11.187 - - [02/Aug/2021:12:59:19 +0000] "GET /updates/conquer-gk-your-weekly-gk-quiz-17-24-may-2017/ HTTP/1.1" 404 252 "-" "Mozilla/5.0 (Windows NT 6.1; Win64; x64) AppleWebKit/537.36 (KHTML, like Gecko) Chrome/86.0.4240.198 Safari/537.36 OPR/72.0.3815.400"
138.201.11.237 - - [02/Aug/2021:12:59:34 +0000] "GET /updates/conquer-gk-your-weekly-gk-quiz-17-24-may-2017/ HTTP/1.1" 404 252 "-" "Mozilla/5.0 (X11; Ubuntu; Linux x86_64; rv:84.0) Gecko/20100101 Firefox/84.0"
168.119.69.91 - - [02/Aug/2021:12:59:50 +0000] "GET /updates/conquer-gk-your-weekly-gk-quiz-17-24-may-2017/ HTTP/1.1" 404 252 "-" "Mozilla/5.0 (Windows NT 10.0; Win64; x64; rv:82.0) Gecko/20100101 Firefox/82.0"
103.117.33.68 - - [02/Aug/2021:12:59:50 +0000] "-" 408 - "-" "-"
157.33.81.87 - - [02/Aug/2021:13:05:00 +0000] "-" 408 - "-" "-"
40.77.167.25 - - [02/Aug/2021:13:06:11 +0000] "GET / HTTP/1.1" 403 209 "-" "Mozilla/5.0 (compatible; bingbot/2.0; +http://www.bing.com/bingbot.htm)"
23.80.97.15 - - [02/Aug/2021:13:06:12 +0000] "GET /contact-us.php HTTP/1.0" 404 212 "-" "Mozilla/5.0 (Macintosh; Intel Mac OS X 10_9_5) AppleWebKit/537.36 (KHTML, like Gecko) Chrome/68.0.3397.0 Safari/537.36"
207.46.13.168 - - [02/Aug/2021:13:07:27 +0000] "GET /updates/no-interview-for-rbi-assistants-2016/ HTTP/1.1" 404 243 "-" "Mozilla/5.0 (compatible; bingbot/2.0; +http://www.bing.com/bingbot.htm)"
43.250.156.240 - - [02/Aug/2021:13:09:34 +0000] "-" 408 - "-" "-"
5.255.231.244 - - [02/Aug/2021:13:10:26 +0000] "GET /updates/wp-content/uploads/2017/04/NDA-I-2017-Solutions-Upcoming.pdf HTTP/1.1" 404 266 "-" "Mozilla/5.0 (compatible; YandexBot/3.0; +http://yandex.com/bots)"
66.249.66.20 - - [02/Aug/2021:13:11:03 +0000] "GET /updates/ssc-chairmans-message-regarding-cbi-enquiry-for-cgle-tier-ii-exam/ HTTP/1.1" 404 272 "-" "Mozilla/5.0 (Linux; Android 6.0.1; Nexus 5X Build/MMB29P) AppleWebKit/537.36 (KHTML, like Gecko) Chrome/91.0.4472.90 Mobile Safari/537.36 (compatible; Googlebot/2.1; +http://www.google.com/bot.html)"
223.187.251.9 - - [02/Aug/2021:13:13:08 +0000] "-" 408 - "-" "-"
223.187.251.9 - - [02/Aug/2021:13:13:21 +0000] "-" 408 - "-" "-"
157.47.141.147 - - [02/Aug/2021:13:13:50 +0000] "-" 408 - "-" "-"
157.47.141.147 - - [02/Aug/2021:13:13:50 +0000] "-" 408 - "-" "-"
157.38.35.172 - - [02/Aug/2021:13:13:57 +0000] "-" 408 - "-" "-"
157.38.35.172 - - [02/Aug/2021:13:13:57 +0000] "-" 408 - "-" "-"
47.29.146.73 - - [02/Aug/2021:13:17:56 +0000] "-" 408 - "-" "-"
47.29.146.73 - - [02/Aug/2021:13:18:23 +0000] "-" 408 - "-" "-"
47.29.146.73 - - [02/Aug/2021:13:18:24 +0000] "-" 408 - "-" "-"
157.38.35.172 - - [02/Aug/2021:13:20:57 +0000] "-" 408 - "-" "-"
157.38.35.172 - - [02/Aug/2021:13:20:57 +0000] "-" 408 - "-" "-"
40.77.167.30 - - [02/Aug/2021:13:21:08 +0000] "GET /du-llb-entrance-exam-coaching.html HTTP/1.1" 404 232 "-" "Mozilla/5.0 (compatible; bingbot/2.0; +http://www.bing.com/bingbot.htm)"
40.77.167.30 - - [02/Aug/2021:13:21:08 +0000] "GET /du-llb-entrance-exam-coaching.html HTTP/1.1" 404 232 "-" "Mozilla/5.0 (compatible; bingbot/2.0; +http://www.bing.com/bingbot.htm)"
157.55.39.65 - - [02/Aug/2021:13:21:12 +0000] "GET /lic-exams-coaching.html HTTP/1.1" 404 221 "-" "Mozilla/5.0 (compatible; bingbot/2.0; +http://www.bing.com/bingbot.htm)"
157.42.98.225 - - [02/Aug/2021:13:21:39 +0000] "-" 408 - "-" "-"
157.38.35.172 - - [02/Aug/2021:13:21:57 +0000] "-" 408 - "-" "-"
157.38.35.172 - - [02/Aug/2021:13:21:57 +0000] "-" 408 - "-" "-"
106.193.250.15 - - [02/Aug/2021:13:22:37 +0000] "-" 408 - "-" "-"
114.119.160.195 - - [02/Aug/2021:13:22:52 +0000] "GET /robots.txt HTTP/1.1" 404 208 "-" "Mozilla/5.0 (compatible;PetalBot;+https://webmaster.petalsearch.com/site/petalbot)"
157.38.35.172 - - [02/Aug/2021:13:22:57 +0000] "-" 408 - "-" "-"
157.38.35.172 - - [02/Aug/2021:13:22:57 +0000] "-" 408 - "-" "-"
17.121.113.185 - - [02/Aug/2021:13:23:24 +0000] "GET /updates/tag/educational-qualification-for-rbi-assistant/ HTTP/1.1" 404 254 "-" "Mozilla/5.0 (Macintosh; Intel Mac OS X 10_15_5) AppleWebKit/605.1.15 (KHTML, like Gecko) Version/13.1.1 Safari/605.1.15 (Applebot/0.1; +http://www.apple.com/go/applebot)"
146.196.44.51 - - [02/Aug/2021:13:23:33 +0000] "-" 408 - "-" "-"
106.193.250.15 - - [02/Aug/2021:13:23:39 +0000] "-" 408 - "-" "-"
106.193.250.15 - - [02/Aug/2021:13:23:39 +0000] "-" 408 - "-" "-"
47.29.146.73 - - [02/Aug/2021:13:23:41 +0000] "-" 408 - "-" "-"
47.29.146.73 - - [02/Aug/2021:13:23:41 +0000] "-" 408 - "-" "-"
157.38.35.172 - - [02/Aug/2021:13:23:58 +0000] "-" 408 - "-" "-"
157.38.35.172 - - [02/Aug/2021:13:23:58 +0000] "-" 408 - "-" "-"
157.38.35.172 - - [02/Aug/2021:13:24:58 +0000] "-" 408 - "-" "-"
157.38.35.172 - - [02/Aug/2021:13:24:58 +0000] "-" 408 - "-" "-"
40.77.167.25 - - [02/Aug/2021:13:26:11 +0000] "GET /images/nda-ii-2019-exam-answer-key-and-solutions.jpg HTTP/1.1" 404 250 "-" "Mozilla/5.0 (compatible; bingbot/2.0; +http://www.bing.com/bingbot.htm)"
192.227.134.73 - - [02/Aug/2021:13:28:11 +0000] "POST /GponForm/diag_Form?style/ HTTP/1.1" 404 216 "-" "curl/7.3.2"
114.119.150.210 - - [02/Aug/2021:13:31:33 +0000] "GET /updates/wp-content/uploads/2018/09/NDA-II-2018-GAT-Answer-Key-of-Paper-2-Code-A.pdf HTTP/1.1" 404 281 "-" "Mozilla/5.0 (Linux; Android 7.0;) AppleWebKit/537.36 (KHTML, like Gecko) Mobile Safari/537.36 (compatible; PetalBot;+https://webmaster.petalsearch.com/site/petalbot)"
106.193.250.15 - - [02/Aug/2021:13:32:13 +0000] "-" 408 - "-" "-"
106.193.250.15 - - [02/Aug/2021:13:32:13 +0000] "-" 408 - "-" "-"
47.29.146.73 - - [02/Aug/2021:13:32:54 +0000] "-" 408 - "-" "-"
157.36.96.54 - - [02/Aug/2021:13:34:15 +0000] "-" 408 - "-" "-"
157.36.96.54 - - [02/Aug/2021:13:35:20 +0000] "-" 408 - "-" "-"
157.37.182.249 - - [02/Aug/2021:13:35:37 +0000] "-" 408 - "-" "-"
157.37.182.249 - - [02/Aug/2021:13:35:37 +0000] "-" 408 - "-" "-"
157.37.182.249 - - [02/Aug/2021:13:36:16 +0000] "-" 408 - "-" "-"
157.37.182.249 - - [02/Aug/2021:13:36:16 +0000] "-" 408 - "-" "-"
106.206.179.68 - - [02/Aug/2021:13:36:30 +0000] "-" 408 - "-" "-"
157.38.27.106 - - [02/Aug/2021:13:37:48 +0000] "-" 408 - "-" "-"
157.38.27.106 - - [02/Aug/2021:13:39:01 +0000] "-" 408 - "-" "-"
157.38.27.106 - - [02/Aug/2021:13:39:01 +0000] "-" 408 - "-" "-"
114.119.154.26 - - [02/Aug/2021:13:39:34 +0000] "GET /updates/ibps-pomt-vii-prelim-exam-result-out HTTP/1.1" 404 242 "-" "Mozilla/5.0 (Linux; Android 7.0;) AppleWebKit/537.36 (KHTML, like Gecko) Mobile Safari/537.36 (compatible; PetalBot;+https://webmaster.petalsearch.com/site/petalbot)"
40.77.167.19 - - [02/Aug/2021:13:40:32 +0000] "GET /salient-features.html HTTP/1.1" 404 219 "-" "Mozilla/5.0 (compatible; bingbot/2.0; +http://www.bing.com/bingbot.htm)"
171.79.150.164 - - [02/Aug/2021:13:46:34 +0000] "-" 408 - "-" "-"
171.79.150.164 - - [02/Aug/2021:13:46:34 +0000] "-" 408 - "-" "-"
114.119.160.248 - - [02/Aug/2021:13:47:03 +0000] "GET /updates/nabard-assistant-manager-in-grade-a-rdbs-2018-prelim-exam-date-postponed HTTP/1.1" 404 278 "-" "Mozilla/5.0 (Linux; Android 7.0;) AppleWebKit/537.36 (KHTML, like Gecko) Mobile Safari/537.36 (compatible; PetalBot;+https://webmaster.petalsearch.com/site/petalbot)"
17.121.115.88 - - [02/Aug/2021:13:47:28 +0000] "GET /updates/tag/cds-2020-paper-analysis/ HTTP/1.1" 404 234 "-" "Mozilla/5.0 (Macintosh; Intel Mac OS X 10_15_5) AppleWebKit/605.1.15 (KHTML, like Gecko) Version/13.1.1 Safari/605.1.15 (Applebot/0.1; +http://www.apple.com/go/applebot)"
66.249.66.20 - - [02/Aug/2021:13:47:49 +0000] "GET /cds-coaching.html HTTP/1.1" 404 215 "-" "Mozilla/5.0 (Linux; Android 6.0.1; Nexus 5X Build/MMB29P) AppleWebKit/537.36 (KHTML, like Gecko) Chrome/92.0.4515.119 Mobile Safari/537.36 (compatible; Googlebot/2.1; +http://www.google.com/bot.html)"
17.121.115.138 - - [02/Aug/2021:13:49:24 +0000] "GET /updates/tag/nda-2020-exam-syllabus/ HTTP/1.1" 404 233 "-" "Mozilla/5.0 (Macintosh; Intel Mac OS X 10_15_5) AppleWebKit/605.1.15 (KHTML, like Gecko) Version/13.1.1 Safari/605.1.15 (Applebot/0.1; +http://www.apple.com/go/applebot)"
158.69.53.191 - - [02/Aug/2021:13:49:36 +0000] "GET / HTTP/1.1" 403 209 "-" "Mozilla/5.0 (X11; Linux x86_64) AppleWebKit/537.36 (KHTML, like Gecko) Chrome/50.0.2661.75 Safari/537.36"
20.102.51.74 - - [02/Aug/2021:13:49:57 +0000] "GET /.env HTTP/1.1" 404 202 "-" "Mozilla/5.0 (Linux; U; Android 4.4.2; en-US; HM NOTE 1W Build/KOT49H) AppleWebKit/534.30 (KHTML, like Gecko) Version/4.0 UCBrowser/11.0.5.850 U3/0.8.0 Mobile Safari/534.30"
20.102.51.74 - - [02/Aug/2021:13:49:58 +0000] "POST / HTTP/1.1" 404 198 "-" "Mozilla/5.0 (Linux; U; Android 4.4.2; en-US; HM NOTE 1W Build/KOT49H) AppleWebKit/534.30 (KHTML, like Gecko) Version/4.0 UCBrowser/11.0.5.850 U3/0.8.0 Mobile Safari/534.30"
106.13.224.148 - - [02/Aug/2021:13:50:51 +0000] "POST //utility/convert/data/config.inc.php HTTP/1.1" 404 233 "http://misc.yahoo.com.cn/" "Mozilla/5.0 (compatible; Yahoo! Slurp China; http://misc.yahoo.com.cn/help.html)"
106.13.224.148 - - [02/Aug/2021:13:50:51 +0000] "POST //utility/convert/data/config.inc.php HTTP/1.1" 404 233 "http://misc.yahoo.com.cn/" "Mozilla/5.0 (compatible; Yahoo! Slurp China; http://misc.yahoo.com.cn/help.html)"
106.13.224.148 - - [02/Aug/2021:13:50:52 +0000] "POST //utility/convert/data/config.inc.php HTTP/1.1" 404 233 "http://misc.yahoo.com.cn/" "Mozilla/5.0 (compatible; Yahoo! Slurp China; http://misc.yahoo.com.cn/help.html)"
223.238.218.80 - - [02/Aug/2021:13:53:59 +0000] "-" 408 - "-" "-"
223.238.218.80 - - [02/Aug/2021:13:53:59 +0000] "-" 408 - "-" "-"
114.119.150.210 - - [02/Aug/2021:13:55:18 +0000] "GET /updates/daily-current-affairs-17th-april-2017 HTTP/1.1" 404 243 "-" "Mozilla/5.0 (Linux; Android 7.0;) AppleWebKit/537.36 (KHTML, like Gecko) Mobile Safari/537.36 (compatible; PetalBot;+https://webmaster.petalsearch.com/site/petalbot)"
17.121.114.30 - - [02/Aug/2021:13:55:27 +0000] "GET /robots.txt HTTP/1.1" 404 208 "-" "Mozilla/5.0 (Macintosh; Intel Mac OS X 10_15_5) AppleWebKit/605.1.15 (KHTML, like Gecko) Version/13.1.1 Safari/605.1.15 (Applebot/0.1; +http://www.apple.com/go/applebot)"
17.121.114.30 - - [02/Aug/2021:13:55:27 +0000] "GET /updates/ippb-recruitment-2016-scale-ii-iii-v-call-letter-out/ HTTP/1.1" 404 259 "-" "Mozilla/5.0 (Macintosh; Intel Mac OS X 10_15_5) AppleWebKit/605.1.15 (KHTML, like Gecko) Version/13.1.1 Safari/605.1.15 (Applebot/0.1; +http://www.apple.com/go/applebot)"
157.47.155.240 - - [02/Aug/2021:14:00:18 +0000] "-" 408 - "-" "-"
157.47.155.240 - - [02/Aug/2021:14:00:18 +0000] "-" 408 - "-" "-"
176.59.43.217 - - [02/Aug/2021:14:01:36 +0000] "-" 408 - "-" "-"
114.119.131.2 - - [02/Aug/2021:14:02:19 +0000] "GET /updates/page/49 HTTP/1.1" 404 213 "-" "Mozilla/5.0 (Linux; Android 7.0;) AppleWebKit/537.36 (KHTML, like Gecko) Mobile Safari/537.36 (compatible; PetalBot;+https://webmaster.petalsearch.com/site/petalbot)"
17.121.114.170 - - [02/Aug/2021:14:07:15 +0000] "GET /updates/tag/clat-admit-card/ HTTP/1.1" 404 226 "-" "Mozilla/5.0 (Macintosh; Intel Mac OS X 10_15_5) AppleWebKit/605.1.15 (KHTML, like Gecko) Version/13.1.1 Safari/605.1.15 (Applebot/0.1; +http://www.apple.com/go/applebot)"
132.154.106.211 - - [02/Aug/2021:14:07:34 +0000] "-" 408 - "-" "-"
45.33.96.205 - - [02/Aug/2021:14:08:09 +0000] "GET / HTTP/1.1" 403 209 "-" "Mozilla/5.0 (Windows NT 10.0; Win64; x64) AppleWebKit/537.36 (KHTML, like Gecko) Chrome/60.0.3112.113 Safari/537.36"
5.151.173.155 - - [02/Aug/2021:14:09:52 +0000] "-" 408 - "-" "-"
114.119.150.210 - - [02/Aug/2021:14:10:00 +0000] "GET /interview-classes.html HTTP/1.1" 404 220 "-" "Mozilla/5.0 (Linux; Android 7.0;) AppleWebKit/537.36 (KHTML, like Gecko) Mobile Safari/537.36 (compatible; PetalBot;+https://webmaster.petalsearch.com/site/petalbot)"
223.238.218.80 - - [02/Aug/2021:14:16:00 +0000] "-" 408 - "-" "-"
223.238.218.80 - - [02/Aug/2021:14:16:00 +0000] "-" 408 - "-" "-"
157.38.27.106 - - [02/Aug/2021:14:16:30 +0000] "-" 408 - "-" "-"
66.249.66.24 - - [02/Aug/2021:14:16:45 +0000] "GET /sbi-bank-clerk-coaching.html HTTP/1.1" 404 226 "-" "Mozilla/5.0 (Linux; Android 6.0.1; Nexus 5X Build/MMB29P) AppleWebKit/537.36 (KHTML, like Gecko) Chrome/92.0.4515.119 Mobile Safari/537.36 (compatible; Googlebot/2.1; +http://www.google.com/bot.html)"
223.238.218.80 - - [02/Aug/2021:14:17:00 +0000] "-" 408 - "-" "-"
223.238.218.80 - - [02/Aug/2021:14:17:00 +0000] "-" 408 - "-" "-"
157.38.27.106 - - [02/Aug/2021:14:17:07 +0000] "-" 408 - "-" "-"
114.119.134.232 - - [02/Aug/2021:14:17:44 +0000] "GET /updates/conquer-gk-your-weekly-gk-quiz-22-28-feb-2017 HTTP/1.1" 404 251 "-" "Mozilla/5.0 (Linux; Android 7.0;) AppleWebKit/537.36 (KHTML, like Gecko) Mobile Safari/537.36 (compatible; PetalBot;+https://webmaster.petalsearch.com/site/petalbot)"
223.238.218.80 - - [02/Aug/2021:14:18:00 +0000] "-" 408 - "-" "-"
223.238.218.80 - - [02/Aug/2021:14:18:00 +0000] "-" 408 - "-" "-"
157.55.39.185 - - [02/Aug/2021:14:18:20 +0000] "GET /updates/tag/ssc-cgl-tier-i-exam-syllabus/ HTTP/1.1" 404 239 "-" "Mozilla/5.0 (compatible; bingbot/2.0; +http://www.bing.com/bingbot.htm)"
157.55.39.129 - - [02/Aug/2021:14:18:58 +0000] "GET /images/twi.png HTTP/1.1" 404 212 "-" "Mozilla/5.0 (compatible; bingbot/2.0; +http://www.bing.com/bingbot.htm)"
223.238.218.80 - - [02/Aug/2021:14:19:00 +0000] "-" 408 - "-" "-"
223.238.218.80 - - [02/Aug/2021:14:19:00 +0000] "-" 408 - "-" "-"
223.238.218.80 - - [02/Aug/2021:14:20:00 +0000] "-" 408 - "-" "-"
223.238.218.80 - - [02/Aug/2021:14:20:00 +0000] "-" 408 - "-" "-"
223.238.218.80 - - [02/Aug/2021:14:21:00 +0000] "-" 408 - "-" "-"
223.238.218.80 - - [02/Aug/2021:14:21:00 +0000] "-" 408 - "-" "-"
223.238.218.80 - - [02/Aug/2021:14:22:00 +0000] "-" 408 - "-" "-"
223.238.218.80 - - [02/Aug/2021:14:22:00 +0000] "-" 408 - "-" "-"
223.238.218.80 - - [02/Aug/2021:14:23:00 +0000] "-" 408 - "-" "-"
223.238.218.80 - - [02/Aug/2021:14:23:00 +0000] "-" 408 - "-" "-"
40.77.167.106 - - [02/Aug/2021:14:23:05 +0000] "GET /updates/ssc-junior-engineer-2016-final-result-cut-off-marks-out/ HTTP/1.1" 404 262 "-" "Mozilla/5.0 (compatible; bingbot/2.0; +http://www.bing.com/bingbot.htm)"
223.238.218.80 - - [02/Aug/2021:14:24:01 +0000] "-" 408 - "-" "-"
223.238.218.80 - - [02/Aug/2021:14:24:01 +0000] "-" 408 - "-" "-"
223.238.218.80 - - [02/Aug/2021:14:25:00 +0000] "-" 408 - "-" "-"
223.238.218.80 - - [02/Aug/2021:14:25:00 +0000] "-" 408 - "-" "-"
114.119.154.26 - - [02/Aug/2021:14:25:32 +0000] "GET /pdf/cds-i-2016-gk-question-paper.pdf HTTP/1.1" 404 234 "-" "Mozilla/5.0 (Linux; Android 7.0;) AppleWebKit/537.36 (KHTML, like Gecko) Mobile Safari/537.36 (compatible; PetalBot;+https://webmaster.petalsearch.com/site/petalbot)"
223.238.218.80 - - [02/Aug/2021:14:26:01 +0000] "-" 408 - "-" "-"
223.238.218.80 - - [02/Aug/2021:14:26:01 +0000] "-" 408 - "-" "-"
223.238.218.80 - - [02/Aug/2021:14:27:01 +0000] "-" 408 - "-" "-"
223.238.218.80 - - [02/Aug/2021:14:27:01 +0000] "-" 408 - "-" "-"
223.238.218.80 - - [02/Aug/2021:14:28:01 +0000] "-" 408 - "-" "-"
223.238.218.80 - - [02/Aug/2021:14:28:01 +0000] "-" 408 - "-" "-"
223.238.218.80 - - [02/Aug/2021:14:29:01 +0000] "-" 408 - "-" "-"
223.238.218.80 - - [02/Aug/2021:14:29:01 +0000] "-" 408 - "-" "-"
223.238.218.80 - - [02/Aug/2021:14:30:01 +0000] "-" 408 - "-" "-"
223.238.218.80 - - [02/Aug/2021:14:30:01 +0000] "-" 408 - "-" "-"
223.238.218.80 - - [02/Aug/2021:14:31:01 +0000] "-" 408 - "-" "-"
223.238.218.80 - - [02/Aug/2021:14:31:01 +0000] "-" 408 - "-" "-"
17.121.115.98 - - [02/Aug/2021:14:31:59 +0000] "GET /updates/tag/cds-1-2020-paper-pattern/ HTTP/1.1" 404 235 "-" "Mozilla/5.0 (Macintosh; Intel Mac OS X 10_15_5) AppleWebKit/605.1.15 (KHTML, like Gecko) Version/13.1.1 Safari/605.1.15 (Applebot/0.1; +http://www.apple.com/go/applebot)"
223.238.218.80 - - [02/Aug/2021:14:32:01 +0000] "-" 408 - "-" "-"
223.238.218.80 - - [02/Aug/2021:14:32:01 +0000] "-" 408 - "-" "-"
66.249.66.24 - - [02/Aug/2021:14:32:33 +0000] "GET /updates/page/46/?wordfence_logHuman=1&hid=D177A1D1D107BCDA7373BCC35E9F0E5E HTTP/1.1" 404 214 "-" "Mozilla/5.0 (Linux; Android 6.0.1; Nexus 5X Build/MMB29P) AppleWebKit/537.36 (KHTML, like Gecko) Chrome/92.0.4515.119 Mobile Safari/537.36 (compatible; Googlebot/2.1; +http://www.google.com/bot.html)"
223.238.218.80 - - [02/Aug/2021:14:33:01 +0000] "-" 408 - "-" "-"
223.238.218.80 - - [02/Aug/2021:14:33:01 +0000] "-" 408 - "-" "-"
114.119.160.248 - - [02/Aug/2021:14:33:11 +0000] "GET /updates/daily-current-affairs-31st-december-2016/ HTTP/1.1" 404 247 "-" "Mozilla/5.0 (Linux; Android 7.0;) AppleWebKit/537.36 (KHTML, like Gecko) Mobile Safari/537.36 (compatible; PetalBot;+https://webmaster.petalsearch.com/site/petalbot)"
223.238.218.80 - - [02/Aug/2021:14:34:01 +0000] "-" 408 - "-" "-"
223.238.218.80 - - [02/Aug/2021:14:34:01 +0000] "-" 408 - "-" "-"
223.238.218.80 - - [02/Aug/2021:14:35:01 +0000] "-" 408 - "-" "-"
223.238.218.80 - - [02/Aug/2021:14:35:01 +0000] "-" 408 - "-" "-"
139.167.185.92 - - [02/Aug/2021:14:35:18 +0000] "-" 408 - "-" "-"
139.167.185.92 - - [02/Aug/2021:14:35:18 +0000] "-" 408 - "-" "-"
223.238.218.80 - - [02/Aug/2021:14:36:01 +0000] "-" 408 - "-" "-"
223.238.218.80 - - [02/Aug/2021:14:36:01 +0000] "-" 408 - "-" "-"
139.167.185.92 - - [02/Aug/2021:14:36:28 +0000] "-" 408 - "-" "-"
49.36.184.147 - - [02/Aug/2021:14:36:50 +0000] "-" 408 - "-" "-"
49.36.184.147 - - [02/Aug/2021:14:36:50 +0000] "-" 408 - "-" "-"
223.238.218.80 - - [02/Aug/2021:14:37:01 +0000] "-" 408 - "-" "-"
223.238.218.80 - - [02/Aug/2021:14:37:01 +0000] "-" 408 - "-" "-"
49.36.184.147 - - [02/Aug/2021:14:37:31 +0000] "-" 408 - "-" "-"
40.77.167.19 - - [02/Aug/2021:14:37:39 +0000] "GET /bank-po-salary.html HTTP/1.1" 404 217 "-" "Mozilla/5.0 (compatible; bingbot/2.0; +http://www.bing.com/bingbot.htm)"
223.238.218.80 - - [02/Aug/2021:14:38:01 +0000] "-" 408 - "-" "-"
223.238.218.80 - - [02/Aug/2021:14:38:01 +0000] "-" 408 - "-" "-"
66.249.66.22 - - [02/Aug/2021:14:38:36 +0000] "GET /updates/page/8/?wordfence_logHuman=1&hid=61ACD85C6504A3ED0C755336CB737C97 HTTP/1.1" 404 213 "-" "Mozilla/5.0 (compatible; Googlebot/2.1; +http://www.google.com/bot.html)"
223.238.218.80 - - [02/Aug/2021:14:39:01 +0000] "-" 408 - "-" "-"
223.238.218.80 - - [02/Aug/2021:14:39:01 +0000] "-" 408 - "-" "-"
223.238.218.80 - - [02/Aug/2021:14:40:01 +0000] "-" 408 - "-" "-"
223.238.218.80 - - [02/Aug/2021:14:40:01 +0000] "-" 408 - "-" "-"
114.119.146.145 - - [02/Aug/2021:14:41:00 +0000] "GET /updates/niacl-assistant-prelim-2017-marks-out HTTP/1.1" 404 243 "-" "Mozilla/5.0 (Linux; Android 7.0;) AppleWebKit/537.36 (KHTML, like Gecko) Mobile Safari/537.36 (compatible; PetalBot;+https://webmaster.petalsearch.com/site/petalbot)"
223.238.218.80 - - [02/Aug/2021:14:41:01 +0000] "-" 408 - "-" "-"
223.238.218.80 - - [02/Aug/2021:14:41:01 +0000] "-" 408 - "-" "-"
223.238.218.80 - - [02/Aug/2021:14:42:01 +0000] "-" 408 - "-" "-"
223.238.218.80 - - [02/Aug/2021:14:42:01 +0000] "-" 408 - "-" "-"
223.238.218.80 - - [02/Aug/2021:14:43:01 +0000] "-" 408 - "-" "-"
223.238.218.80 - - [02/Aug/2021:14:43:01 +0000] "-" 408 - "-" "-"
223.238.218.80 - - [02/Aug/2021:14:44:01 +0000] "-" 408 - "-" "-"
223.238.218.80 - - [02/Aug/2021:14:44:01 +0000] "-" 408 - "-" "-"
157.55.39.185 - - [02/Aug/2021:14:44:04 +0000] "GET /updates/ibps-cwe-pomt-vii-main-re-exam-call-letter-out/ HTTP/1.1" 404 253 "-" "Mozilla/5.0 (compatible; bingbot/2.0; +http://www.bing.com/bingbot.htm)"
223.238.218.80 - - [02/Aug/2021:14:45:01 +0000] "-" 408 - "-" "-"
223.238.218.80 - - [02/Aug/2021:14:45:01 +0000] "-" 408 - "-" "-"
17.121.114.73 - - [02/Aug/2021:14:45:12 +0000] "GET /updates/tag/ibps-po-main-new-exam-pattern/ HTTP/1.1" 404 240 "-" "Mozilla/5.0 (Macintosh; Intel Mac OS X 10_15_5) AppleWebKit/605.1.15 (KHTML, like Gecko) Version/13.1.1 Safari/605.1.15 (Applebot/0.1; +http://www.apple.com/go/applebot)"
223.188.131.105 - - [02/Aug/2021:14:45:52 +0000] "-" 408 - "-" "-"
223.238.218.80 - - [02/Aug/2021:14:46:02 +0000] "-" 408 - "-" "-"
223.238.218.80 - - [02/Aug/2021:14:46:02 +0000] "-" 408 - "-" "-"
223.238.218.80 - - [02/Aug/2021:14:47:02 +0000] "-" 408 - "-" "-"
223.238.218.80 - - [02/Aug/2021:14:47:02 +0000] "-" 408 - "-" "-"
23.100.232.233 - - [02/Aug/2021:14:47:26 +0000] "GET /afcat.html HTTP/1.1" 404 208 "-" "Mozilla/5.0 (compatible; MSIE 9.0; Windows NT 6.1; Trident/5.0; Trident/5.0)"
223.238.218.80 - - [02/Aug/2021:14:48:02 +0000] "-" 408 - "-" "-"
223.238.218.80 - - [02/Aug/2021:14:48:02 +0000] "-" 408 - "-" "-"
114.119.143.214 - - [02/Aug/2021:14:48:40 +0000] "GET /updates/page/97?wordfence_logHuman=1 HTTP/1.1" 404 213 "-" "Mozilla/5.0 (Linux; Android 7.0;) AppleWebKit/537.36 (KHTML, like Gecko) Mobile Safari/537.36 (compatible; PetalBot;+https://webmaster.petalsearch.com/site/petalbot)"
17.121.112.244 - - [02/Aug/2021:14:49:59 +0000] "GET /updates/daily-current-affairs-27th-april-2018/ HTTP/1.1" 404 244 "-" "Mozilla/5.0 (Macintosh; Intel Mac OS X 10_15_5) AppleWebKit/605.1.15 (KHTML, like Gecko) Version/13.1.1 Safari/605.1.15 (Applebot/0.1; +http://www.apple.com/go/applebot)"
106.13.224.148 - - [02/Aug/2021:14:49:59 +0000] "POST //utility/convert/data/config.inc.php HTTP/1.1" 404 233 "http://misc.yahoo.com.cn/" "Mozilla/5.0 (compatible; Yahoo! Slurp China; http://misc.yahoo.com.cn/help.html)"
17.121.114.241 - - [02/Aug/2021:14:51:26 +0000] "GET /updates/tag/final-merit-list-after-nda-exam/ HTTP/1.1" 404 242 "-" "Mozilla/5.0 (Macintosh; Intel Mac OS X 10_15_5) AppleWebKit/605.1.15 (KHTML, like Gecko) Version/13.1.1 Safari/605.1.15 (Applebot/0.1; +http://www.apple.com/go/applebot)"
17.121.114.249 - - [02/Aug/2021:14:52:46 +0000] "GET /updates/economy-weekly-current-affairs-12-september-18-september-2016/ HTTP/1.1" 404 268 "-" "Mozilla/5.0 (Macintosh; Intel Mac OS X 10_15_5) AppleWebKit/605.1.15 (KHTML, like Gecko) Version/13.1.1 Safari/605.1.15 (Applebot/0.1; +http://www.apple.com/go/applebot)"
114.119.131.2 - - [02/Aug/2021:14:56:23 +0000] "GET /updates/tag/ctet-feb-2016-exam-notification HTTP/1.1" 404 241 "-" "Mozilla/5.0 (Linux; Android 7.0;) AppleWebKit/537.36 (KHTML, like Gecko) Mobile Safari/537.36 (compatible; PetalBot;+https://webmaster.petalsearch.com/site/petalbot)"
223.238.218.80 - - [02/Aug/2021:14:59:07 +0000] "-" 408 - "-" "-"
223.238.218.80 - - [02/Aug/2021:14:59:07 +0000] "-" 408 - "-" "-"
40.77.167.19 - - [02/Aug/2021:14:59:28 +0000] "GET /afcat.html HTTP/1.1" 404 208 "-" "Mozilla/5.0 (compatible; bingbot/2.0; +http://www.bing.com/bingbot.htm)"
223.188.131.105 - - [02/Aug/2021:14:59:54 +0000] "-" 408 - "-" "-"
223.238.218.80 - - [02/Aug/2021:15:00:02 +0000] "-" 408 - "-" "-"
223.238.218.80 - - [02/Aug/2021:15:00:02 +0000] "-" 408 - "-" "-"
223.236.194.255 - - [02/Aug/2021:15:00:25 +0000] "-" 408 - "-" "-"
185.191.171.34 - - [02/Aug/2021:15:00:30 +0000] "GET /robots.txt HTTP/1.1" 404 208 "-" "Mozilla/5.0 (compatible; SemrushBot/7~bl; +http://www.semrush.com/bot.html)"
185.191.171.37 - - [02/Aug/2021:15:00:31 +0000] "GET /director-message.html HTTP/1.1" 404 219 "-" "Mozilla/5.0 (compatible; SemrushBot/7~bl; +http://www.semrush.com/bot.html)"
40.77.167.25 - - [02/Aug/2021:15:00:42 +0000] "GET /campus-infrastructure.html HTTP/1.1" 404 224 "-" "Mozilla/5.0 (compatible; bingbot/2.0; +http://www.bing.com/bingbot.htm)"
223.238.218.80 - - [02/Aug/2021:15:01:02 +0000] "-" 408 - "-" "-"
223.238.218.80 - - [02/Aug/2021:15:01:02 +0000] "-" 408 - "-" "-"
223.238.218.80 - - [02/Aug/2021:15:02:02 +0000] "-" 408 - "-" "-"
223.238.218.80 - - [02/Aug/2021:15:02:02 +0000] "-" 408 - "-" "-"
77.75.78.162 - - [02/Aug/2021:15:02:59 +0000] "GET /robots.txt HTTP/1.1" 404 208 "-" "Mozilla/5.0 (compatible; SeznamBot/3.2; +http://napoveda.seznam.cz/en/seznambot-intro/)"
77.75.78.162 - - [02/Aug/2021:15:03:00 +0000] "GET /about-state-tet-ctet.html HTTP/1.1" 404 223 "-" "Mozilla/5.0 (compatible; SeznamBot/3.2; +http://napoveda.seznam.cz/en/seznambot-intro/)"
223.238.218.80 - - [02/Aug/2021:15:03:02 +0000] "-" 408 - "-" "-"
223.238.218.80 - - [02/Aug/2021:15:03:02 +0000] "-" 408 - "-" "-"
71.6.232.7 - - [02/Aug/2021:15:03:18 +0000] "GET / HTTP/1.1" 403 209 "-" "Mozilla/5.0 (Windows NT 10.0; Win64; x64) AppleWebKit/537.36 (KHTML, like Gecko) Chrome/74.0.3729.131 Safari/537.36"
107.172.232.135 - - [02/Aug/2021:15:03:39 +0000] "GET /terms-conditions.html HTTP/1.1" 404 219 "-" "Mozilla/5.0 (X11; Linux x86_64) AppleWebKit/537.36 (KHTML, like Gecko) Chrome/88.0.4324.96 Safari/537.36"
223.238.218.80 - - [02/Aug/2021:15:04:02 +0000] "-" 408 - "-" "-"
223.238.218.80 - - [02/Aug/2021:15:04:02 +0000] "-" 408 - "-" "-"
114.119.143.214 - - [02/Aug/2021:15:04:03 +0000] "GET /updates/nda-i-2017-question-papers-answer-key-solutions HTTP/1.1" 404 253 "-" "Mozilla/5.0 (Linux; Android 7.0;) AppleWebKit/537.36 (KHTML, like Gecko) Mobile Safari/537.36 (compatible; PetalBot;+https://webmaster.petalsearch.com/site/petalbot)"
223.238.218.80 - - [02/Aug/2021:15:05:03 +0000] "-" 408 - "-" "-"
223.238.218.80 - - [02/Aug/2021:15:05:03 +0000] "-" 408 - "-" "-"
17.121.113.56 - - [02/Aug/2021:15:05:47 +0000] "GET /updates/tag/ibps-cwe-clerk-v-call-letters/ HTTP/1.1" 404 240 "-" "Mozilla/5.0 (Macintosh; Intel Mac OS X 10_15_5) AppleWebKit/605.1.15 (KHTML, like Gecko) Version/13.1.1 Safari/605.1.15 (Applebot/0.1; +http://www.apple.com/go/applebot)"
106.207.199.211 - - [02/Aug/2021:15:06:42 +0000] "-" 408 - "-" "-"
106.207.199.211 - - [02/Aug/2021:15:06:42 +0000] "-" 408 - "-" "-"
106.207.199.211 - - [02/Aug/2021:15:06:42 +0000] "-" 408 - "-" "-"
157.38.254.20 - - [02/Aug/2021:15:09:38 +0000] "-" 408 - "-" "-"
114.119.150.210 - - [02/Aug/2021:15:11:29 +0000] "GET /updates/page/55 HTTP/1.1" 404 213 "-" "Mozilla/5.0 (Linux; Android 7.0;) AppleWebKit/537.36 (KHTML, like Gecko) Mobile Safari/537.36 (compatible; PetalBot;+https://webmaster.petalsearch.com/site/petalbot)"
66.249.66.24 - - [02/Aug/2021:15:16:04 +0000] "GET /updates/daily-current-affairs-19th-april-2018/ HTTP/1.1" 404 244 "-" "Mozilla/5.0 (Linux; Android 6.0.1; Nexus 5X Build/MMB29P) AppleWebKit/537.36 (KHTML, like Gecko) Chrome/91.0.4472.90 Mobile Safari/537.36 (compatible; Googlebot/2.1; +http://www.google.com/bot.html)"
66.249.92.24 - - [02/Aug/2021:15:18:16 +0000] "GET /clat-exam/ HTTP/1.1" 404 208 "-" "Mozilla/5.0 (iPhone; CPU iPhone OS 9_1 like Mac OS X) AppleWebKit/601.1.46 (KHTML, like Gecko) Version/9.0 Mobile/13B143 Safari/601.1 (compatible; AdsBot-Google-Mobile; +http://www.google.com/mobile/adsbot.html)"
114.119.160.195 - - [02/Aug/2021:15:19:03 +0000] "GET /updates/page/132?wordfence_logHuman=1 HTTP/1.1" 404 214 "-" "Mozilla/5.0 (Linux; Android 7.0;) AppleWebKit/537.36 (KHTML, like Gecko) Mobile Safari/537.36 (compatible; PetalBot;+https://webmaster.petalsearch.com/site/petalbot)"
40.77.167.19 - - [02/Aug/2021:15:19:32 +0000] "GET /nda.html HTTP/1.1" 404 206 "-" "Mozilla/5.0 (compatible; bingbot/2.0; +http://www.bing.com/bingbot.htm)"
40.77.167.30 - - [02/Aug/2021:15:20:23 +0000] "GET /classroom-program-for-bank.html HTTP/1.1" 404 229 "-" "Mozilla/5.0 (compatible; bingbot/2.0; +http://www.bing.com/bingbot.htm)"
157.47.153.228 - - [02/Aug/2021:15:21:45 +0000] "-" 408 - "-" "-"
157.47.153.228 - - [02/Aug/2021:15:21:46 +0000] "-" 408 - "-" "-"
157.47.153.228 - - [02/Aug/2021:15:22:21 +0000] "-" 408 - "-" "-"
40.77.167.74 - - [02/Aug/2021:15:22:38 +0000] "GET /updates/tag/cwe-coaching-in-delhi/ HTTP/1.1" 404 232 "-" "Mozilla/5.0 (compatible; bingbot/2.0; +http://www.bing.com/bingbot.htm)"
157.38.210.248 - - [02/Aug/2021:15:23:08 +0000] "-" 408 - "-" "-"
157.38.210.248 - - [02/Aug/2021:15:23:08 +0000] "-" 408 - "-" "-"
157.38.210.248 - - [02/Aug/2021:15:23:08 +0000] "-" 408 - "-" "-"
157.38.210.248 - - [02/Aug/2021:15:23:08 +0000] "-" 408 - "-" "-"
157.38.210.248 - - [02/Aug/2021:15:23:09 +0000] "-" 408 - "-" "-"
114.119.136.155 - - [02/Aug/2021:15:26:41 +0000] "GET /updates/crpf-asi-steno-recruitment-2016 HTTP/1.1" 404 237 "-" "Mozilla/5.0 (Linux; Android 7.0;) AppleWebKit/537.36 (KHTML, like Gecko) Mobile Safari/537.36 (compatible; PetalBot;+https://webmaster.petalsearch.com/site/petalbot)"
114.119.154.26 - - [02/Aug/2021:15:34:12 +0000] "GET /updates/wp-content/uploads/2017/11/AA-Final-Result-2-250x160.jpg HTTP/1.1" 404 262 "-" "Mozilla/5.0 (Linux; Android 7.0;) AppleWebKit/537.36 (KHTML, like Gecko) Mobile Safari/537.36 (compatible; PetalBot;+https://webmaster.petalsearch.com/site/petalbot)"
5.45.207.143 - - [02/Aug/2021:15:34:29 +0000] "GET /robots.txt HTTP/1.1" 404 208 "-" "Mozilla/5.0 (compatible; YandexBot/3.0; +http://yandex.com/bots)"
5.45.207.143 - - [02/Aug/2021:15:34:33 +0000] "GET /updates/nda-ii-2019-question-papers-answer-key-solutions/ HTTP/1.1" 404 255 "-" "Mozilla/5.0 (compatible; YandexBot/3.0; +http://yandex.com/bots)"
66.249.66.22 - - [02/Aug/2021:15:35:00 +0000] "GET /updates/daily-current-affairs-20th-december-2016/ HTTP/1.1" 404 247 "-" "Mozilla/5.0 (Linux; Android 6.0.1; Nexus 5X Build/MMB29P) AppleWebKit/537.36 (KHTML, like Gecko) Chrome/91.0.4472.90 Mobile Safari/537.36 (compatible; Googlebot/2.1; +http://www.google.com/bot.html)"
95.142.118.17 - - [02/Aug/2021:15:35:22 +0000] "GET / HTTP/1.1" 403 209 "-" "Mozilla/5.0 (Windows NT 10.0; Win64; x64) AppleWebKit/537.36 (KHTML, like Gecko) Chrome/63.0.3239.132 Safari/537.36"
95.142.118.17 - - [02/Aug/2021:15:35:23 +0000] "GET /wp-includes/wlwmanifest.xml HTTP/1.1" 404 225 "-" "Mozilla/5.0 (Windows NT 10.0; Win64; x64) AppleWebKit/537.36 (KHTML, like Gecko) Chrome/63.0.3239.132 Safari/537.36"
95.142.118.17 - - [02/Aug/2021:15:35:23 +0000] "GET /xmlrpc.php?rsd HTTP/1.1" 404 208 "-" "Mozilla/5.0 (Windows NT 10.0; Win64; x64) AppleWebKit/537.36 (KHTML, like Gecko) Chrome/63.0.3239.132 Safari/537.36"
95.142.118.17 - - [02/Aug/2021:15:35:23 +0000] "GET / HTTP/1.1" 403 209 "-" "Mozilla/5.0 (Windows NT 10.0; Win64; x64) AppleWebKit/537.36 (KHTML, like Gecko) Chrome/63.0.3239.132 Safari/537.36"
95.142.118.17 - - [02/Aug/2021:15:35:23 +0000] "GET /blog/wp-includes/wlwmanifest.xml HTTP/1.1" 404 230 "-" "Mozilla/5.0 (Windows NT 10.0; Win64; x64) AppleWebKit/537.36 (KHTML, like Gecko) Chrome/63.0.3239.132 Safari/537.36"
95.142.118.17 - - [02/Aug/2021:15:35:24 +0000] "GET /wordpress/wp-includes/wlwmanifest.xml HTTP/1.1" 404 235 "-" "Mozilla/5.0 (Windows NT 10.0; Win64; x64) AppleWebKit/537.36 (KHTML, like Gecko) Chrome/63.0.3239.132 Safari/537.36"
95.142.118.17 - - [02/Aug/2021:15:35:24 +0000] "GET /wp/wp-includes/wlwmanifest.xml HTTP/1.1" 404 228 "-" "Mozilla/5.0 (Windows NT 10.0; Win64; x64) AppleWebKit/537.36 (KHTML, like Gecko) Chrome/63.0.3239.132 Safari/537.36"
95.142.118.17 - - [02/Aug/2021:15:35:25 +0000] "GET /site/wp-includes/wlwmanifest.xml HTTP/1.1" 404 230 "-" "Mozilla/5.0 (Windows NT 10.0; Win64; x64) AppleWebKit/537.36 (KHTML, like Gecko) Chrome/63.0.3239.132 Safari/537.36"
