157.38.88.208 - - [05/Aug/2021:07:26:38 +0000] "-" 408 - "-" "-"
157.38.107.9 - - [05/Aug/2021:07:27:48 +0000] "-" 408 - "-" "-"
157.38.107.9 - - [05/Aug/2021:07:27:48 +0000] "-" 408 - "-" "-"
114.119.143.214 - - [05/Aug/2021:07:28:39 +0000] "GET /updates/daily-current-affairs-16th-february-2018 HTTP/1.1" 404 246 "-" "Mozilla/5.0 (Linux; Android 7.0;) AppleWebKit/537.36 (KHTML, like Gecko) Mobile Safari/537.36 (compatible; PetalBot;+https://webmaster.petalsearch.com/site/petalbot)"
157.38.107.9 - - [05/Aug/2021:07:29:55 +0000] "-" 408 - "-" "-"
157.38.107.9 - - [05/Aug/2021:07:29:55 +0000] "-" 408 - "-" "-"
157.55.39.65 - - [05/Aug/2021:07:33:28 +0000] "GET /images/Sudan-Block-NDA.jpg HTTP/1.1" 404 224 "-" "Mozilla/5.0 (compatible; bingbot/2.0; +http://www.bing.com/bingbot.htm)"
35.185.104.204 - - [05/Aug/2021:07:33:45 +0000] "GET /robots.txt HTTP/1.0" 404 208 "-" "ZoominfoBot (zoominfobot at zoominfo dot com)"
35.185.104.204 - - [05/Aug/2021:07:33:46 +0000] "GET /classroom-program-for-ssc.html HTTP/1.0" 404 228 "-" "ZoominfoBot (zoominfobot at zoominfo dot com)"
157.38.69.188 - - [05/Aug/2021:07:34:17 +0000] "-" 408 - "-" "-"
49.7.20.89 - - [05/Aug/2021:07:34:50 +0000] "-" 408 - "-" "-"
157.38.36.100 - - [05/Aug/2021:07:35:13 +0000] "-" 408 - "-" "-"
157.38.202.34 - - [05/Aug/2021:07:35:42 +0000] "-" 408 - "-" "-"
114.119.162.33 - - [05/Aug/2021:07:37:19 +0000] "GET /updates/page/85/ HTTP/1.1" 404 214 "-" "Mozilla/5.0 (Linux; Android 7.0;) AppleWebKit/537.36 (KHTML, like Gecko) Mobile Safari/537.36 (compatible; PetalBot;+https://webmaster.petalsearch.com/site/petalbot)"
157.38.202.34 - - [05/Aug/2021:07:37:22 +0000] "-" 408 - "-" "-"
157.38.69.188 - - [05/Aug/2021:07:38:41 +0000] "-" 408 - "-" "-"
157.38.104.129 - - [05/Aug/2021:07:39:07 +0000] "-" 408 - "-" "-"
157.38.104.129 - - [05/Aug/2021:07:39:07 +0000] "-" 408 - "-" "-"
35.185.104.204 - - [05/Aug/2021:07:40:11 +0000] "GET /robots.txt HTTP/1.0" 404 208 "-" "ZoominfoBot (zoominfobot at zoominfo dot com)"
35.185.104.204 - - [05/Aug/2021:07:40:12 +0000] "GET /updates/ibps-po-coaching/ HTTP/1.0" 404 223 "-" "ZoominfoBot (zoominfobot at zoominfo dot com)"
35.185.104.204 - - [05/Aug/2021:07:43:26 +0000] "GET /updates/category/notification/ HTTP/1.0" 404 228 "-" "ZoominfoBot (zoominfobot at zoominfo dot com)"
172.70.34.165 - - [05/Aug/2021:07:44:24 +0000] "GET /robots.txt HTTP/1.1" 404 208 "-" "Mozilla/5.0 (compatible; bingbot/2.0; +http://www.bing.com/bingbot.htm)"
108.162.245.77 - - [05/Aug/2021:07:44:33 +0000] "GET /wp-content/plugins/woocommerce-gateway-paypal-express-checkout/assets/js/wc-gateway-ppec-smart-payment-buttons.js?ver=1.6.10 HTTP/1.1" 404 311 "-" "Mozilla/5.0 (compatible; MSIE 9.0; Windows NT 6.1; Trident/5.0)"
106.207.148.179 - - [05/Aug/2021:07:45:15 +0000] "-" 408 - "-" "-"
106.207.148.179 - - [05/Aug/2021:07:45:15 +0000] "-" 408 - "-" "-"
106.207.148.179 - - [05/Aug/2021:07:45:17 +0000] "-" 408 - "-" "-"
106.207.148.179 - - [05/Aug/2021:07:45:17 +0000] "-" 408 - "-" "-"
114.119.131.2 - - [05/Aug/2021:07:45:42 +0000] "GET /updates/daily-current-affairs-28th-november-2017/ HTTP/1.1" 404 247 "-" "Mozilla/5.0 (Linux; Android 7.0;) AppleWebKit/537.36 (KHTML, like Gecko) Mobile Safari/537.36 (compatible; PetalBot;+https://webmaster.petalsearch.com/site/petalbot)"
35.185.104.204 - - [05/Aug/2021:07:46:08 +0000] "GET /about-state-tet-ctet.html HTTP/1.0" 404 223 "-" "ZoominfoBot (zoominfobot at zoominfo dot com)"
35.185.104.204 - - [05/Aug/2021:07:46:49 +0000] "GET /cds-coaching.html HTTP/1.0" 404 215 "-" "ZoominfoBot (zoominfobot at zoominfo dot com)"
106.207.148.179 - - [05/Aug/2021:07:46:50 +0000] "-" 408 - "-" "-"
35.185.104.204 - - [05/Aug/2021:07:47:41 +0000] "GET /clat.html HTTP/1.0" 404 207 "-" "ZoominfoBot (zoominfobot at zoominfo dot com)"
47.11.237.161 - - [05/Aug/2021:07:48:53 +0000] "-" 408 - "-" "-"
47.11.237.161 - - [05/Aug/2021:07:48:53 +0000] "-" 408 - "-" "-"
35.185.104.204 - - [05/Aug/2021:07:49:02 +0000] "GET /cds-coaching.html HTTP/1.0" 404 215 "-" "ZoominfoBot (zoominfobot at zoominfo dot com)"
35.185.104.204 - - [05/Aug/2021:07:49:40 +0000] "GET /classroom-program-for-bank.html HTTP/1.0" 404 229 "-" "ZoominfoBot (zoominfobot at zoominfo dot com)"
207.46.13.45 - - [05/Aug/2021:07:49:49 +0000] "GET /robots.txt HTTP/1.1" 404 208 "-" "Mozilla/5.0 (compatible; bingbot/2.0; +http://www.bing.com/bingbot.htm)"
157.38.127.122 - - [05/Aug/2021:07:50:32 +0000] "-" 408 - "-" "-"
157.38.127.122 - - [05/Aug/2021:07:50:32 +0000] "-" 408 - "-" "-"
138.246.253.24 - - [05/Aug/2021:07:52:10 +0000] "GET /robots.txt HTTP/1.1" 404 208 "-" "Mozilla/5.0 (Windows NT 10.0; Win64; x64) AppleWebKit/537.36 (KHTML, like Gecko) Chrome/88.0.4324.146 Safari/537.36"
157.38.69.188 - - [05/Aug/2021:07:52:27 +0000] "-" 408 - "-" "-"
157.38.69.188 - - [05/Aug/2021:07:52:27 +0000] "-" 408 - "-" "-"
35.185.104.204 - - [05/Aug/2021:07:52:41 +0000] "GET /dsssb-coaching.html HTTP/1.0" 404 217 "-" "ZoominfoBot (zoominfobot at zoominfo dot com)"
157.38.230.240 - - [05/Aug/2021:07:52:47 +0000] "-" 408 - "-" "-"
35.185.104.204 - - [05/Aug/2021:07:52:49 +0000] "GET /nda-coaching-in-delhi.html HTTP/1.0" 404 224 "-" "ZoominfoBot (zoominfobot at zoominfo dot com)"
77.75.78.169 - - [05/Aug/2021:07:53:01 +0000] "GET /robots.txt HTTP/1.1" 404 208 "-" "Mozilla/5.0 (compatible; SeznamBot/3.2; +http://napoveda.seznam.cz/en/seznambot-intro/)"
77.75.78.169 - - [05/Aug/2021:07:53:03 +0000] "GET /clat.html HTTP/1.1" 404 207 "-" "Mozilla/5.0 (compatible; SeznamBot/3.2; +http://napoveda.seznam.cz/en/seznambot-intro/)"
157.38.107.9 - - [05/Aug/2021:07:53:21 +0000] "-" 408 - "-" "-"
157.38.107.9 - - [05/Aug/2021:07:53:21 +0000] "-" 408 - "-" "-"
157.38.69.188 - - [05/Aug/2021:07:53:27 +0000] "-" 408 - "-" "-"
157.38.69.188 - - [05/Aug/2021:07:53:27 +0000] "-" 408 - "-" "-"
114.119.146.145 - - [05/Aug/2021:07:53:38 +0000] "GET /updates/ibps-cwe-rrb-vi-office-assistant-2017-prelim-marks-out HTTP/1.1" 404 260 "-" "Mozilla/5.0 (Linux; Android 7.0;) AppleWebKit/537.36 (KHTML, like Gecko) Mobile Safari/537.36 (compatible; PetalBot;+https://webmaster.petalsearch.com/site/petalbot)"
173.245.54.242 - - [05/Aug/2021:07:53:39 +0000] "GET /wp-content/plugins/mailchimp-for-woocommerce/public/js/mailchimp-woocommerce-public.min.js?ver=2.1.14 HTTP/1.1" 404 288 "-" "Mozilla/5.0 (compatible; MSIE 9.0; Windows NT 6.1; Trident/5.0)"
157.38.230.240 - - [05/Aug/2021:07:53:47 +0000] "-" 408 - "-" "-"
157.38.230.240 - - [05/Aug/2021:07:53:47 +0000] "-" 408 - "-" "-"
157.38.69.188 - - [05/Aug/2021:07:54:27 +0000] "-" 408 - "-" "-"
157.38.69.188 - - [05/Aug/2021:07:54:27 +0000] "-" 408 - "-" "-"
157.38.69.188 - - [05/Aug/2021:07:55:27 +0000] "-" 408 - "-" "-"
157.38.69.188 - - [05/Aug/2021:07:55:27 +0000] "-" 408 - "-" "-"
207.46.13.44 - - [05/Aug/2021:07:56:03 +0000] "GET /robots.txt HTTP/1.1" 404 208 "-" "Mozilla/5.0 (compatible; bingbot/2.0; +http://www.bing.com/bingbot.htm)"
157.38.69.188 - - [05/Aug/2021:07:56:27 +0000] "-" 408 - "-" "-"
157.38.69.188 - - [05/Aug/2021:07:56:27 +0000] "-" 408 - "-" "-"
157.38.104.129 - - [05/Aug/2021:07:57:15 +0000] "-" 408 - "-" "-"
157.38.69.188 - - [05/Aug/2021:07:57:27 +0000] "-" 408 - "-" "-"
157.38.69.188 - - [05/Aug/2021:07:57:27 +0000] "-" 408 - "-" "-"
35.185.104.204 - - [05/Aug/2021:07:57:36 +0000] "GET /clat-classroom-program.html HTTP/1.0" 404 225 "-" "ZoominfoBot (zoominfobot at zoominfo dot com)"
117.234.108.5 - - [05/Aug/2021:07:58:23 +0000] "-" 408 - "-" "-"
117.234.108.5 - - [05/Aug/2021:07:58:23 +0000] "-" 408 - "-" "-"
157.38.69.188 - - [05/Aug/2021:07:58:28 +0000] "-" 408 - "-" "-"
157.38.69.188 - - [05/Aug/2021:07:58:28 +0000] "-" 408 - "-" "-"
157.38.69.188 - - [05/Aug/2021:07:59:28 +0000] "-" 408 - "-" "-"
157.38.69.188 - - [05/Aug/2021:07:59:28 +0000] "-" 408 - "-" "-"
35.185.104.204 - - [05/Aug/2021:07:59:52 +0000] "GET /afcat.html HTTP/1.0" 404 208 "-" "ZoominfoBot (zoominfobot at zoominfo dot com)"
35.185.104.204 - - [05/Aug/2021:08:01:03 +0000] "GET /dsssb-coaching.html HTTP/1.0" 404 217 "-" "ZoominfoBot (zoominfobot at zoominfo dot com)"
157.55.39.129 - - [05/Aug/2021:08:01:04 +0000] "GET /updates/daily-current-affairs-6th-march-2018/ HTTP/1.1" 404 243 "-" "Mozilla/5.0 (compatible; bingbot/2.0; +http://www.bing.com/bingbot.htm)"
114.119.154.26 - - [05/Aug/2021:08:01:38 +0000] "GET /updates/category/ibps-exams/ HTTP/1.1" 404 226 "-" "Mozilla/5.0 (Linux; Android 7.0;) AppleWebKit/537.36 (KHTML, like Gecko) Mobile Safari/537.36 (compatible; PetalBot;+https://webmaster.petalsearch.com/site/petalbot)"
108.162.245.246 - - [05/Aug/2021:08:02:04 +0000] "GET /wp-content/plugins/a3-lazy-load/assets/js/jquery.lazyloadxt.srcset.min.js?ver=1.9.2 HTTP/1.1" 404 271 "-" "Mozilla/5.0 (compatible; MSIE 9.0; Windows NT 6.1; Trident/5.0)"
162.158.107.234 - - [05/Aug/2021:08:02:09 +0000] "GET /wp-content/plugins/a3-lazy-load/assets/js/jquery.lazyloadxt.extend.js?ver=1.9.2 HTTP/1.1" 404 267 "-" "Mozilla/5.0 (compatible; MSIE 9.0; Windows NT 6.1; Trident/5.0)"
40.77.167.25 - - [05/Aug/2021:08:04:07 +0000] "GET / HTTP/1.1" 403 209 "-" "Mozilla/5.0 (compatible; bingbot/2.0; +http://www.bing.com/bingbot.htm)"
128.14.133.58 - - [05/Aug/2021:08:04:38 +0000] "GET / HTTP/1.1" 403 209 "-" "Mozilla/5.0 (Windows NT 10.0; Win64; x64) AppleWebKit/537.36 (KHTML, like Gecko) Chrome/60.0.3112.113 Safari/537.36"
106.207.245.215 - - [05/Aug/2021:08:05:48 +0000] "GET /updates/wp-content/uploads/2018/09/NDA-II-2018-Math-Question-Paper-Code-A.pdf HTTP/1.1" 404 275 "-" "Mozilla/5.0 (iPhone; CPU iPhone OS 12_5_4 like Mac OS X) AppleWebKit/605.1.15 (KHTML, like Gecko) Version/12.1.2 Mobile/15E148 Safari/604.1"
106.207.245.215 - - [05/Aug/2021:08:05:48 +0000] "GET /apple-touch-icon-120x120-precomposed.png HTTP/1.1" 404 238 "-" "MobileSafari/604.1 CFNetwork/978.0.7 Darwin/18.7.0"
106.207.245.215 - - [05/Aug/2021:08:05:49 +0000] "GET /apple-touch-icon-120x120.png HTTP/1.1" 404 226 "-" "MobileSafari/604.1 CFNetwork/978.0.7 Darwin/18.7.0"
106.207.245.215 - - [05/Aug/2021:08:05:49 +0000] "GET /apple-touch-icon-precomposed.png HTTP/1.1" 404 230 "-" "MobileSafari/604.1 CFNetwork/978.0.7 Darwin/18.7.0"
106.207.245.215 - - [05/Aug/2021:08:05:49 +0000] "GET /apple-touch-icon.png HTTP/1.1" 404 218 "-" "MobileSafari/604.1 CFNetwork/978.0.7 Darwin/18.7.0"
106.207.245.215 - - [05/Aug/2021:08:05:49 +0000] "GET /favicon.ico HTTP/1.1" 404 209 "-" "MobileSafari/604.1 CFNetwork/978.0.7 Darwin/18.7.0"
106.207.245.215 - - [05/Aug/2021:08:05:49 +0000] "GET /apple-touch-icon-120x120-precomposed.png HTTP/1.1" 404 238 "-" "MobileSafari/604.1 CFNetwork/978.0.7 Darwin/18.7.0"
106.207.245.215 - - [05/Aug/2021:08:05:49 +0000] "GET /apple-touch-icon-120x120.png HTTP/1.1" 404 226 "-" "MobileSafari/604.1 CFNetwork/978.0.7 Darwin/18.7.0"
106.207.245.215 - - [05/Aug/2021:08:05:49 +0000] "GET /apple-touch-icon-precomposed.png HTTP/1.1" 404 230 "-" "MobileSafari/604.1 CFNetwork/978.0.7 Darwin/18.7.0"
106.207.245.215 - - [05/Aug/2021:08:05:49 +0000] "GET /apple-touch-icon.png HTTP/1.1" 404 218 "-" "MobileSafari/604.1 CFNetwork/978.0.7 Darwin/18.7.0"
106.207.245.215 - - [05/Aug/2021:08:05:49 +0000] "GET /favicon.ico HTTP/1.1" 404 209 "-" "MobileSafari/604.1 CFNetwork/978.0.7 Darwin/18.7.0"
157.36.62.88 - - [05/Aug/2021:08:07:13 +0000] "-" 408 - "-" "-"
157.36.62.88 - - [05/Aug/2021:08:07:13 +0000] "-" 408 - "-" "-"
157.36.62.88 - - [05/Aug/2021:08:07:40 +0000] "-" 408 - "-" "-"
157.36.62.88 - - [05/Aug/2021:08:07:40 +0000] "-" 408 - "-" "-"
157.38.69.188 - - [05/Aug/2021:08:07:49 +0000] "-" 408 - "-" "-"
114.119.160.248 - - [05/Aug/2021:08:09:16 +0000] "GET /updates/daily-current-affairs-22nd-may-2018 HTTP/1.1" 404 241 "-" "Mozilla/5.0 (Linux; Android 7.0;) AppleWebKit/537.36 (KHTML, like Gecko) Mobile Safari/537.36 (compatible; PetalBot;+https://webmaster.petalsearch.com/site/petalbot)"
157.38.104.129 - - [05/Aug/2021:08:11:09 +0000] "-" 408 - "-" "-"
157.38.104.129 - - [05/Aug/2021:08:11:09 +0000] "-" 408 - "-" "-"
49.7.20.73 - - [05/Aug/2021:08:11:13 +0000] "GET / HTTP/1.1" 403 209 "-" "Sogou web spider/4.0(+http://www.sogou.com/docs/help/webmasters.htm#07)"
66.249.66.23 - - [05/Aug/2021:08:11:18 +0000] "GET /ads.txt HTTP/1.1" 404 205 "-" "Mozilla/5.0 (compatible; Googlebot/2.1; +http://www.google.com/bot.html)"
193.142.146.42 - - [05/Aug/2021:08:11:42 +0000] "GET /wp-login.php HTTP/1.1" 404 210 "-" "Mozilla/5.0 (compatible; MSIE 9.0; Windows NT 6.1; Trident/5.0)"
193.142.146.42 - - [05/Aug/2021:08:11:42 +0000] "GET /updates/wp-login.php HTTP/1.1" 404 218 "-" "Mozilla/5.0 (compatible; MSIE 9.0; Windows NT 6.1; Trident/5.0)"
35.185.104.204 - - [05/Aug/2021:08:12:13 +0000] "GET /clat-online-video-classes.html HTTP/1.0" 404 228 "-" "ZoominfoBot (zoominfobot at zoominfo dot com)"
35.185.104.204 - - [05/Aug/2021:08:12:42 +0000] "GET /index.html HTTP/1.0" 404 208 "-" "ZoominfoBot (zoominfobot at zoominfo dot com)"
106.13.224.148 - - [05/Aug/2021:08:12:43 +0000] "POST //ysy.php HTTP/1.1" 404 205 "http://misc.yahoo.com.cn/" "Mozilla/5.0 (compatible; Yahoo! Slurp China; http://misc.yahoo.com.cn/help.html)"
106.13.224.148 - - [05/Aug/2021:08:12:44 +0000] "POST //ysy.php HTTP/1.1" 404 205 "http://misc.yahoo.com.cn/" "Mozilla/5.0 (compatible; Yahoo! Slurp China; http://misc.yahoo.com.cn/help.html)"
106.13.224.148 - - [05/Aug/2021:08:12:44 +0000] "POST //ysy.php HTTP/1.1" 404 205 "http://misc.yahoo.com.cn/" "Mozilla/5.0 (compatible; Yahoo! Slurp China; http://misc.yahoo.com.cn/help.html)"
35.185.104.204 - - [05/Aug/2021:08:12:47 +0000] "GET /clat-exam/ HTTP/1.0" 404 208 "-" "ZoominfoBot (zoominfobot at zoominfo dot com)"
157.38.66.31 - - [05/Aug/2021:08:13:02 +0000] "-" 408 - "-" "-"
157.38.66.31 - - [05/Aug/2021:08:13:08 +0000] "-" 408 - "-" "-"
138.246.253.24 - - [05/Aug/2021:08:13:53 +0000] "GET /robots.txt HTTP/1.1" 404 208 "-" "Mozilla/5.0 (Windows NT 10.0; Win64; x64) AppleWebKit/537.36 (KHTML, like Gecko) Chrome/88.0.4324.146 Safari/537.36"
114.119.160.195 - - [05/Aug/2021:08:16:24 +0000] "GET /updates/page/62 HTTP/1.1" 404 213 "-" "Mozilla/5.0 (Linux; Android 7.0;) AppleWebKit/537.36 (KHTML, like Gecko) Mobile Safari/537.36 (compatible; PetalBot;+https://webmaster.petalsearch.com/site/petalbot)"
157.55.39.49 - - [05/Aug/2021:08:16:43 +0000] "GET /nda-coaching-in-kalkaji.html HTTP/1.1" 404 226 "-" "Mozilla/5.0 (compatible; bingbot/2.0; +http://www.bing.com/bingbot.htm)"
35.185.104.204 - - [05/Aug/2021:08:16:43 +0000] "GET /ctet-coaching.html HTTP/1.0" 404 216 "-" "ZoominfoBot (zoominfobot at zoominfo dot com)"
66.249.66.20 - - [05/Aug/2021:08:17:36 +0000] "GET /updates/nda-ii-2017-question-papers-answer-key-solutions/ HTTP/1.1" 404 255 "-" "Mozilla/5.0 (compatible; Googlebot/2.1; +http://www.google.com/bot.html)"
35.185.104.204 - - [05/Aug/2021:08:18:30 +0000] "GET /about-state-tet-ctet.html HTTP/1.0" 404 223 "-" "ZoominfoBot (zoominfobot at zoominfo dot com)"
157.55.39.185 - - [05/Aug/2021:08:18:50 +0000] "GET /images/ibps-po-classes.png HTTP/1.1" 404 224 "-" "Mozilla/5.0 (compatible; bingbot/2.0; +http://www.bing.com/bingbot.htm)"
35.185.104.204 - - [05/Aug/2021:08:19:02 +0000] "GET /ctet-coaching.html HTTP/1.0" 404 216 "-" "ZoominfoBot (zoominfobot at zoominfo dot com)"
35.185.104.204 - - [05/Aug/2021:08:21:14 +0000] "GET /updates/nda-i-2019-question-papers-answer-key-solutions/ HTTP/1.0" 404 254 "-" "ZoominfoBot (zoominfobot at zoominfo dot com)"
40.77.167.30 - - [05/Aug/2021:08:21:49 +0000] "GET /images/CLAT-Preparation.jpg HTTP/1.1" 404 225 "-" "Mozilla/5.0 (compatible; bingbot/2.0; +http://www.bing.com/bingbot.htm)"
106.207.193.162 - - [05/Aug/2021:08:23:15 +0000] "-" 408 - "-" "-"
106.207.193.162 - - [05/Aug/2021:08:23:15 +0000] "-" 408 - "-" "-"
106.207.193.162 - - [05/Aug/2021:08:23:15 +0000] "-" 408 - "-" "-"
106.207.193.162 - - [05/Aug/2021:08:23:15 +0000] "-" 408 - "-" "-"
114.119.150.210 - - [05/Aug/2021:08:23:18 +0000] "GET /updates/tag/ctet-exam-pattern/ HTTP/1.1" 404 228 "-" "Mozilla/5.0 (Linux; Android 7.0;) AppleWebKit/537.36 (KHTML, like Gecko) Mobile Safari/537.36 (compatible; PetalBot;+https://webmaster.petalsearch.com/site/petalbot)"
106.207.207.162 - - [05/Aug/2021:08:24:07 +0000] "-" 408 - "-" "-"
106.207.207.162 - - [05/Aug/2021:08:24:07 +0000] "-" 408 - "-" "-"
35.185.104.204 - - [05/Aug/2021:08:24:34 +0000] "GET /classroom-program-for-bank.html HTTP/1.0" 404 229 "-" "ZoominfoBot (zoominfobot at zoominfo dot com)"
35.185.104.204 - - [05/Aug/2021:08:24:46 +0000] "GET /updates/cds-ii-2019-question-papers-answer-key-solutions/ HTTP/1.0" 404 255 "-" "ZoominfoBot (zoominfobot at zoominfo dot com)"
157.38.202.34 - - [05/Aug/2021:08:24:46 +0000] "-" 408 - "-" "-"
35.185.104.204 - - [05/Aug/2021:08:24:47 +0000] "GET /afcat.html HTTP/1.0" 404 208 "-" "ZoominfoBot (zoominfobot at zoominfo dot com)"
35.185.104.204 - - [05/Aug/2021:08:25:01 +0000] "GET /classroom-program-for-ssc.html HTTP/1.0" 404 228 "-" "ZoominfoBot (zoominfobot at zoominfo dot com)"
106.207.193.162 - - [05/Aug/2021:08:25:41 +0000] "-" 408 - "-" "-"
106.207.193.162 - - [05/Aug/2021:08:25:41 +0000] "-" 408 - "-" "-"
106.207.193.162 - - [05/Aug/2021:08:25:41 +0000] "-" 408 - "-" "-"
106.207.193.162 - - [05/Aug/2021:08:25:41 +0000] "-" 408 - "-" "-"
157.55.39.185 - - [05/Aug/2021:08:25:51 +0000] "GET /updates/others-weekly-current-affairs-5-september-11-september-2016/ HTTP/1.1" 404 266 "-" "Mozilla/5.0 (compatible; bingbot/2.0; +http://www.bing.com/bingbot.htm)"
106.207.193.162 - - [05/Aug/2021:08:26:13 +0000] "-" 408 - "-" "-"
106.207.193.162 - - [05/Aug/2021:08:26:13 +0000] "-" 408 - "-" "-"
106.207.193.162 - - [05/Aug/2021:08:26:13 +0000] "-" 408 - "-" "-"
106.207.193.162 - - [05/Aug/2021:08:26:13 +0000] "-" 408 - "-" "-"
106.207.193.162 - - [05/Aug/2021:08:26:13 +0000] "-" 408 - "-" "-"
35.185.104.204 - - [05/Aug/2021:08:26:16 +0000] "GET /nda-coaching-in-delhi.html HTTP/1.0" 404 224 "-" "ZoominfoBot (zoominfobot at zoominfo dot com)"
223.177.144.145 - - [05/Aug/2021:08:27:32 +0000] "-" 408 - "-" "-"
223.177.144.145 - - [05/Aug/2021:08:28:18 +0000] "-" 408 - "-" "-"
106.207.193.162 - - [05/Aug/2021:08:29:16 +0000] "-" 408 - "-" "-"
114.119.160.248 - - [05/Aug/2021:08:29:59 +0000] "GET /updates/tag/ssc-cgl-coaching-in-hauz-khas-delhi HTTP/1.1" 404 245 "-" "Mozilla/5.0 (Linux; Android 7.0;) AppleWebKit/537.36 (KHTML, like Gecko) Mobile Safari/537.36 (compatible; PetalBot;+https://webmaster.petalsearch.com/site/petalbot)"
40.77.167.25 - - [05/Aug/2021:08:30:09 +0000] "GET /images/clat-course.jpg HTTP/1.1" 404 220 "-" "Mozilla/5.0 (compatible; bingbot/2.0; +http://www.bing.com/bingbot.htm)"
35.185.104.204 - - [05/Aug/2021:08:31:18 +0000] "GET /updates/ibps-clerk-coaching/ HTTP/1.0" 404 226 "-" "ZoominfoBot (zoominfobot at zoominfo dot com)"
131.220.6.152 - - [05/Aug/2021:08:31:46 +0000] "GET / HTTP/1.1" 403 209 "-" "Mozilla/5.0 (X11; Linux x86_64) AppleWebKit/537.36 (KHTML, like Gecko) Chrome/79.0.3945.79 Safari/537.36"
138.246.253.24 - - [05/Aug/2021:08:31:55 +0000] "GET /robots.txt HTTP/1.1" 404 208 "-" "Mozilla/5.0 (Windows NT 10.0; Win64; x64) AppleWebKit/537.36 (KHTML, like Gecko) Chrome/88.0.4324.146 Safari/537.36"
35.185.104.204 - - [05/Aug/2021:08:33:22 +0000] "GET /index.html HTTP/1.0" 404 208 "-" "ZoominfoBot (zoominfobot at zoominfo dot com)"
157.47.199.209 - - [05/Aug/2021:08:33:26 +0000] "-" 408 - "-" "-"
157.47.199.209 - - [05/Aug/2021:08:33:26 +0000] "-" 408 - "-" "-"
54.36.149.43 - - [05/Aug/2021:08:33:49 +0000] "GET /robots.txt HTTP/1.1" 404 208 "-" "Mozilla/5.0 (compatible; AhrefsBot/7.0; +http://ahrefs.com/robot/)"
35.185.104.204 - - [05/Aug/2021:08:36:22 +0000] "GET /clat.html HTTP/1.0" 404 207 "-" "ZoominfoBot (zoominfobot at zoominfo dot com)"
35.185.104.204 - - [05/Aug/2021:08:36:31 +0000] "GET /updates/nda-ii-2019-question-papers-answer-key-solutions/ HTTP/1.0" 404 255 "-" "ZoominfoBot (zoominfobot at zoominfo dot com)"
114.119.143.214 - - [05/Aug/2021:08:36:39 +0000] "GET /updates/ssc-junior-engineer-2017-know-your-roll-no-check-your-application-status HTTP/1.1" 404 278 "-" "Mozilla/5.0 (Linux; Android 7.0;) AppleWebKit/537.36 (KHTML, like Gecko) Mobile Safari/537.36 (compatible; PetalBot;+https://webmaster.petalsearch.com/site/petalbot)"
157.47.208.154 - - [05/Aug/2021:08:37:11 +0000] "-" 408 - "-" "-"
106.207.193.162 - - [05/Aug/2021:08:38:39 +0000] "-" 408 - "-" "-"
106.207.193.162 - - [05/Aug/2021:08:38:39 +0000] "-" 408 - "-" "-"
157.38.87.32 - - [05/Aug/2021:08:41:36 +0000] "-" 408 - "-" "-"
223.177.144.145 - - [05/Aug/2021:08:42:05 +0000] "-" 408 - "-" "-"
223.177.144.145 - - [05/Aug/2021:08:42:06 +0000] "-" 408 - "-" "-"
157.38.233.9 - - [05/Aug/2021:08:42:28 +0000] "-" 408 - "-" "-"
66.249.66.70 - - [05/Aug/2021:08:42:31 +0000] "GET /clat-classroom-program.html HTTP/1.1" 404 225 "-" "Mozilla/5.0 (Linux; Android 6.0.1; Nexus 5X Build/MMB29P) AppleWebKit/537.36 (KHTML, like Gecko) Chrome/92.0.4515.119 Mobile Safari/537.36 (compatible; Googlebot/2.1; +http://www.google.com/bot.html)"
114.119.160.195 - - [05/Aug/2021:08:42:56 +0000] "GET /updates/ibps-cwe-clerk-vii-prelim-exam-marks-cut-off-out HTTP/1.1" 404 254 "-" "Mozilla/5.0 (Linux; Android 7.0;) AppleWebKit/537.36 (KHTML, like Gecko) Mobile Safari/537.36 (compatible; PetalBot;+https://webmaster.petalsearch.com/site/petalbot)"
106.207.193.162 - - [05/Aug/2021:08:45:16 +0000] "-" 408 - "-" "-"
106.207.193.162 - - [05/Aug/2021:08:45:16 +0000] "-" 408 - "-" "-"
106.207.193.162 - - [05/Aug/2021:08:45:16 +0000] "-" 408 - "-" "-"
106.207.193.162 - - [05/Aug/2021:08:45:16 +0000] "-" 408 - "-" "-"
54.213.63.11 - - [05/Aug/2021:08:45:19 +0000] "GET / HTTP/1.1" 403 209 "-" "Mozilla/5.0 (X11; CrOS i686 2268.111.0) AppleWebKit/536.11 (KHTML, like Gecko) Chrome/20.0.1132.57 Safari/536.11"
77.75.76.163 - - [05/Aug/2021:08:45:38 +0000] "GET /robots.txt HTTP/1.1" 404 208 "-" "Mozilla/5.0 (compatible; SeznamBot/3.2; +http://napoveda.seznam.cz/en/seznambot-intro/)"
77.75.76.163 - - [05/Aug/2021:08:45:40 +0000] "GET /sbi-bank-clerk-coaching.html HTTP/1.1" 404 226 "-" "Mozilla/5.0 (compatible; SeznamBot/3.2; +http://napoveda.seznam.cz/en/seznambot-intro/)"
157.38.65.5 - - [05/Aug/2021:08:48:58 +0000] "-" 408 - "-" "-"
157.38.65.5 - - [05/Aug/2021:08:48:58 +0000] "-" 408 - "-" "-"
114.119.134.232 - - [05/Aug/2021:08:49:16 +0000] "GET /updates/conquer-gk-your-weekly-gk-quiz-24-31-dec-2016/ HTTP/1.1" 404 252 "-" "Mozilla/5.0 (Linux; Android 7.0;) AppleWebKit/537.36 (KHTML, like Gecko) Mobile Safari/537.36 (compatible; PetalBot;+https://webmaster.petalsearch.com/site/petalbot)"
103.62.48.234 - - [05/Aug/2021:08:49:19 +0000] "GET / HTTP/1.1" 403 209 "-" "Mozilla/5.0 (Windows NT 10.0; Win64; x64) AppleWebKit/537.36 (KHTML, like Gecko) Chrome/78.0.3904.108 Safari/537.36"
103.62.48.234 - - [05/Aug/2021:08:49:19 +0000] "GET / HTTP/1.1" 403 209 "-" "Mozilla/5.0 (Windows NT 10.0; Win64; x64) AppleWebKit/537.36 (KHTML, like Gecko) Chrome/78.0.3904.108 Safari/537.36"
103.62.48.234 - - [05/Aug/2021:08:49:19 +0000] "GET /wp-includes/wlwmanifest.xml HTTP/1.1" 404 225 "-" "Mozilla/5.0 (Windows NT 10.0; Win64; x64) AppleWebKit/537.36 (KHTML, like Gecko) Chrome/78.0.3904.108 Safari/537.36"
103.62.48.234 - - [05/Aug/2021:08:49:19 +0000] "GET /xmlrpc.php?rsd HTTP/1.1" 404 208 "-" "Mozilla/5.0 (Windows NT 10.0; Win64; x64) AppleWebKit/537.36 (KHTML, like Gecko) Chrome/78.0.3904.108 Safari/537.36"
103.62.48.234 - - [05/Aug/2021:08:49:19 +0000] "GET / HTTP/1.1" 403 209 "-" "Mozilla/5.0 (Windows NT 10.0; Win64; x64) AppleWebKit/537.36 (KHTML, like Gecko) Chrome/78.0.3904.108 Safari/537.36"
103.62.48.234 - - [05/Aug/2021:08:49:19 +0000] "GET /blog/wp-includes/wlwmanifest.xml HTTP/1.1" 404 230 "-" "Mozilla/5.0 (Windows NT 10.0; Win64; x64) AppleWebKit/537.36 (KHTML, like Gecko) Chrome/78.0.3904.108 Safari/537.36"
103.62.48.234 - - [05/Aug/2021:08:49:19 +0000] "GET /web/wp-includes/wlwmanifest.xml HTTP/1.1" 404 229 "-" "Mozilla/5.0 (Windows NT 10.0; Win64; x64) AppleWebKit/537.36 (KHTML, like Gecko) Chrome/78.0.3904.108 Safari/537.36"
103.62.48.234 - - [05/Aug/2021:08:49:19 +0000] "GET /wordpress/wp-includes/wlwmanifest.xml HTTP/1.1" 404 235 "-" "Mozilla/5.0 (Windows NT 10.0; Win64; x64) AppleWebKit/537.36 (KHTML, like Gecko) Chrome/78.0.3904.108 Safari/537.36"
103.62.48.234 - - [05/Aug/2021:08:49:19 +0000] "GET /website/wp-includes/wlwmanifest.xml HTTP/1.1" 404 233 "-" "Mozilla/5.0 (Windows NT 10.0; Win64; x64) AppleWebKit/537.36 (KHTML, like Gecko) Chrome/78.0.3904.108 Safari/537.36"
103.62.48.234 - - [05/Aug/2021:08:49:19 +0000] "GET /wp/wp-includes/wlwmanifest.xml HTTP/1.1" 404 228 "-" "Mozilla/5.0 (Windows NT 10.0; Win64; x64) AppleWebKit/537.36 (KHTML, like Gecko) Chrome/78.0.3904.108 Safari/537.36"
103.62.48.234 - - [05/Aug/2021:08:49:19 +0000] "GET /news/wp-includes/wlwmanifest.xml HTTP/1.1" 404 230 "-" "Mozilla/5.0 (Windows NT 10.0; Win64; x64) AppleWebKit/537.36 (KHTML, like Gecko) Chrome/78.0.3904.108 Safari/537.36"
103.62.48.234 - - [05/Aug/2021:08:49:19 +0000] "GET /2018/wp-includes/wlwmanifest.xml HTTP/1.1" 404 230 "-" "Mozilla/5.0 (Windows NT 10.0; Win64; x64) AppleWebKit/537.36 (KHTML, like Gecko) Chrome/78.0.3904.108 Safari/537.36"
103.62.48.234 - - [05/Aug/2021:08:49:19 +0000] "GET /2019/wp-includes/wlwmanifest.xml HTTP/1.1" 404 230 "-" "Mozilla/5.0 (Windows NT 10.0; Win64; x64) AppleWebKit/537.36 (KHTML, like Gecko) Chrome/78.0.3904.108 Safari/537.36"
103.62.48.234 - - [05/Aug/2021:08:49:19 +0000] "GET /shop/wp-includes/wlwmanifest.xml HTTP/1.1" 404 230 "-" "Mozilla/5.0 (Windows NT 10.0; Win64; x64) AppleWebKit/537.36 (KHTML, like Gecko) Chrome/78.0.3904.108 Safari/537.36"
103.62.48.234 - - [05/Aug/2021:08:49:19 +0000] "GET /wp1/wp-includes/wlwmanifest.xml HTTP/1.1" 404 229 "-" "Mozilla/5.0 (Windows NT 10.0; Win64; x64) AppleWebKit/537.36 (KHTML, like Gecko) Chrome/78.0.3904.108 Safari/537.36"
103.62.48.234 - - [05/Aug/2021:08:49:20 +0000] "GET /test/wp-includes/wlwmanifest.xml HTTP/1.1" 404 230 "-" "Mozilla/5.0 (Windows NT 10.0; Win64; x64) AppleWebKit/537.36 (KHTML, like Gecko) Chrome/78.0.3904.108 Safari/537.36"
103.62.48.234 - - [05/Aug/2021:08:49:20 +0000] "GET /media/wp-includes/wlwmanifest.xml HTTP/1.1" 404 231 "-" "Mozilla/5.0 (Windows NT 10.0; Win64; x64) AppleWebKit/537.36 (KHTML, like Gecko) Chrome/78.0.3904.108 Safari/537.36"
103.62.48.234 - - [05/Aug/2021:08:49:20 +0000] "GET /wp2/wp-includes/wlwmanifest.xml HTTP/1.1" 404 229 "-" "Mozilla/5.0 (Windows NT 10.0; Win64; x64) AppleWebKit/537.36 (KHTML, like Gecko) Chrome/78.0.3904.108 Safari/537.36"
103.62.48.234 - - [05/Aug/2021:08:49:20 +0000] "GET /site/wp-includes/wlwmanifest.xml HTTP/1.1" 404 230 "-" "Mozilla/5.0 (Windows NT 10.0; Win64; x64) AppleWebKit/537.36 (KHTML, like Gecko) Chrome/78.0.3904.108 Safari/537.36"
103.62.48.234 - - [05/Aug/2021:08:49:20 +0000] "GET /cms/wp-includes/wlwmanifest.xml HTTP/1.1" 404 229 "-" "Mozilla/5.0 (Windows NT 10.0; Win64; x64) AppleWebKit/537.36 (KHTML, like Gecko) Chrome/78.0.3904.108 Safari/537.36"
103.62.48.234 - - [05/Aug/2021:08:49:20 +0000] "GET /sito/wp-includes/wlwmanifest.xml HTTP/1.1" 404 230 "-" "Mozilla/5.0 (Windows NT 10.0; Win64; x64) AppleWebKit/537.36 (KHTML, like Gecko) Chrome/78.0.3904.108 Safari/537.36"
157.38.65.5 - - [05/Aug/2021:08:49:58 +0000] "-" 408 - "-" "-"
157.38.65.5 - - [05/Aug/2021:08:49:58 +0000] "-" 408 - "-" "-"
157.38.65.5 - - [05/Aug/2021:08:50:59 +0000] "-" 408 - "-" "-"
157.38.65.5 - - [05/Aug/2021:08:50:59 +0000] "-" 408 - "-" "-"
157.38.224.67 - - [05/Aug/2021:08:52:50 +0000] "-" 408 - "-" "-"
157.38.224.67 - - [05/Aug/2021:08:52:50 +0000] "-" 408 - "-" "-"
114.119.150.210 - - [05/Aug/2021:08:55:43 +0000] "GET /updates/daily-current-affairs-8th-january-2018 HTTP/1.1" 404 244 "-" "Mozilla/5.0 (Linux; Android 7.0;) AppleWebKit/537.36 (KHTML, like Gecko) Mobile Safari/537.36 (compatible; PetalBot;+https://webmaster.petalsearch.com/site/petalbot)"
157.37.182.2 - - [05/Aug/2021:08:57:02 +0000] "-" 408 - "-" "-"
157.37.182.2 - - [05/Aug/2021:08:57:25 +0000] "-" 408 - "-" "-"
103.206.55.6 - - [05/Aug/2021:08:57:56 +0000] "GET /images/nda-preparation-in-kalkaji.png HTTP/1.1" 404 235 "https://www.google.com/" "Mozilla/5.0 (Windows NT 10.0; Win64; x64) AppleWebKit/537.36 (KHTML, like Gecko) Chrome/92.0.4515.131 Safari/537.36"
117.237.253.9 - - [05/Aug/2021:09:01:40 +0000] "-" 408 - "-" "-"
42.105.48.38 - - [05/Aug/2021:09:01:48 +0000] "-" 408 - "-" "-"
42.105.48.38 - - [05/Aug/2021:09:01:48 +0000] "-" 408 - "-" "-"
114.119.162.33 - - [05/Aug/2021:09:02:16 +0000] "GET /updates/ibps-specialist-officer-coaching/ HTTP/1.1" 404 239 "-" "Mozilla/5.0 (Linux; Android 7.0;) AppleWebKit/537.36 (KHTML, like Gecko) Mobile Safari/537.36 (compatible; PetalBot;+https://webmaster.petalsearch.com/site/petalbot)"
207.46.13.30 - - [05/Aug/2021:09:04:52 +0000] "GET /updates/bank-of-maharashtra-probationary-officers-pgdbf-written-exam-results-out/ HTTP/1.1" 404 279 "-" "Mozilla/5.0 (compatible; bingbot/2.0; +http://www.bing.com/bingbot.htm)"
106.207.167.249 - - [05/Aug/2021:09:07:41 +0000] "-" 408 - "-" "-"
106.207.167.249 - - [05/Aug/2021:09:07:45 +0000] "-" 408 - "-" "-"
106.207.167.249 - - [05/Aug/2021:09:08:07 +0000] "-" 408 - "-" "-"
106.207.167.249 - - [05/Aug/2021:09:08:07 +0000] "-" 408 - "-" "-"
106.207.167.249 - - [05/Aug/2021:09:08:07 +0000] "-" 408 - "-" "-"
106.207.167.249 - - [05/Aug/2021:09:08:07 +0000] "-" 408 - "-" "-"
114.119.134.232 - - [05/Aug/2021:09:08:46 +0000] "GET /updates/tag/ibps-po-exam-dates/ HTTP/1.1" 404 229 "-" "Mozilla/5.0 (Linux; Android 7.0;) AppleWebKit/537.36 (KHTML, like Gecko) Mobile Safari/537.36 (compatible; PetalBot;+https://webmaster.petalsearch.com/site/petalbot)"
157.38.66.31 - - [05/Aug/2021:09:09:17 +0000] "-" 408 - "-" "-"
157.38.66.31 - - [05/Aug/2021:09:09:17 +0000] "-" 408 - "-" "-"
106.13.224.148 - - [05/Aug/2021:09:10:12 +0000] "POST //ysy.php HTTP/1.1" 404 205 "http://misc.yahoo.com.cn/" "Mozilla/5.0 (compatible; Yahoo! Slurp China; http://misc.yahoo.com.cn/help.html)"
106.13.224.148 - - [05/Aug/2021:09:10:13 +0000] "POST //ysy.php HTTP/1.1" 404 205 "http://misc.yahoo.com.cn/" "Mozilla/5.0 (compatible; Yahoo! Slurp China; http://misc.yahoo.com.cn/help.html)"
106.13.224.148 - - [05/Aug/2021:09:10:13 +0000] "POST //ysy.php HTTP/1.1" 404 205 "http://misc.yahoo.com.cn/" "Mozilla/5.0 (compatible; Yahoo! Slurp China; http://misc.yahoo.com.cn/help.html)"
171.79.181.87 - - [05/Aug/2021:09:10:13 +0000] "-" 408 - "-" "-"
106.207.167.249 - - [05/Aug/2021:09:10:49 +0000] "-" 408 - "-" "-"
106.207.167.249 - - [05/Aug/2021:09:10:49 +0000] "-" 408 - "-" "-"
106.207.167.249 - - [05/Aug/2021:09:10:49 +0000] "-" 408 - "-" "-"
40.77.167.25 - - [05/Aug/2021:09:11:03 +0000] "GET / HTTP/1.1" 403 209 "-" "Mozilla/5.0 (compatible; bingbot/2.0; +http://www.bing.com/bingbot.htm)"
106.207.167.249 - - [05/Aug/2021:09:11:26 +0000] "-" 408 - "-" "-"
106.207.167.249 - - [05/Aug/2021:09:11:26 +0000] "-" 408 - "-" "-"
106.207.167.249 - - [05/Aug/2021:09:11:26 +0000] "-" 408 - "-" "-"
106.207.167.249 - - [05/Aug/2021:09:11:26 +0000] "-" 408 - "-" "-"
157.55.39.49 - - [05/Aug/2021:09:12:08 +0000] "GET /images/McDonald-South-Ex-1.png HTTP/1.1" 404 228 "-" "Mozilla/5.0 (compatible; bingbot/2.0; +http://www.bing.com/bingbot.htm)"
106.207.160.247 - - [05/Aug/2021:09:13:14 +0000] "-" 408 - "-" "-"
122.174.201.93 - - [05/Aug/2021:09:13:16 +0000] "-" 408 - "-" "-"
223.188.28.40 - - [05/Aug/2021:09:13:17 +0000] "-" 408 - "-" "-"
54.36.149.49 - - [05/Aug/2021:09:14:32 +0000] "GET /robots.txt HTTP/1.1" 404 208 "-" "Mozilla/5.0 (compatible; AhrefsBot/7.0; +http://ahrefs.com/robot/)"
223.182.98.26 - - [05/Aug/2021:09:14:47 +0000] "-" 408 - "-" "-"
223.177.144.145 - - [05/Aug/2021:09:14:48 +0000] "-" 408 - "-" "-"
114.119.143.214 - - [05/Aug/2021:09:15:08 +0000] "GET /updates/conquer-gk-your-weekly-gk-quiz-17-23-dec-2016 HTTP/1.1" 404 251 "-" "Mozilla/5.0 (Linux; Android 7.0;) AppleWebKit/537.36 (KHTML, like Gecko) Mobile Safari/537.36 (compatible; PetalBot;+https://webmaster.petalsearch.com/site/petalbot)"
157.38.65.5 - - [05/Aug/2021:09:15:49 +0000] "-" 408 - "-" "-"
157.38.65.5 - - [05/Aug/2021:09:15:49 +0000] "-" 408 - "-" "-"
223.177.144.145 - - [05/Aug/2021:09:15:51 +0000] "-" 408 - "-" "-"
223.177.144.145 - - [05/Aug/2021:09:15:51 +0000] "-" 408 - "-" "-"
223.177.144.145 - - [05/Aug/2021:09:16:51 +0000] "-" 408 - "-" "-"
223.177.144.145 - - [05/Aug/2021:09:17:34 +0000] "-" 408 - "-" "-"
223.177.144.145 - - [05/Aug/2021:09:17:34 +0000] "-" 408 - "-" "-"
157.38.65.5 - - [05/Aug/2021:09:17:48 +0000] "-" 408 - "-" "-"
157.38.65.5 - - [05/Aug/2021:09:17:49 +0000] "-" 408 - "-" "-"
223.177.144.145 - - [05/Aug/2021:09:18:51 +0000] "-" 408 - "-" "-"
223.177.144.145 - - [05/Aug/2021:09:18:51 +0000] "-" 408 - "-" "-"
157.38.224.67 - - [05/Aug/2021:09:19:24 +0000] "-" 408 - "-" "-"
157.38.65.5 - - [05/Aug/2021:09:20:15 +0000] "-" 408 - "-" "-"
157.38.65.5 - - [05/Aug/2021:09:20:15 +0000] "-" 408 - "-" "-"
114.119.136.155 - - [05/Aug/2021:09:21:32 +0000] "GET /updates/daily-current-affairs-2nd-april-2017/ HTTP/1.1" 404 243 "-" "Mozilla/5.0 (Linux; Android 7.0;) AppleWebKit/537.36 (KHTML, like Gecko) Mobile Safari/537.36 (compatible; PetalBot;+https://webmaster.petalsearch.com/site/petalbot)"
157.38.65.5 - - [05/Aug/2021:09:22:31 +0000] "-" 408 - "-" "-"
157.38.65.5 - - [05/Aug/2021:09:22:31 +0000] "-" 408 - "-" "-"
64.233.172.87 - - [05/Aug/2021:09:22:40 +0000] "GET / HTTP/1.1" 403 209 "-" "Mozilla/5.0 (X11; Linux x86_64) AppleWebKit/537.36 (KHTML, like Gecko) Chrome/49.0.2623.75 Safari/537.36 Google Favicon"
103.66.7.232 - - [05/Aug/2021:09:22:47 +0000] "GET /correspondence-course-for-bank.html HTTP/1.1" 404 233 "https://www.google.com/" "Mozilla/5.0 (Windows NT 10.0; WOW64) AppleWebKit/537.36 (KHTML, like Gecko) Chrome/92.0.4515.107 Safari/537.36"
103.66.7.232 - - [05/Aug/2021:09:22:47 +0000] "GET /favicon.ico HTTP/1.1" 404 209 "http://www.aimnachieve.com/correspondence-course-for-bank.html" "Mozilla/5.0 (Windows NT 10.0; WOW64) AppleWebKit/537.36 (KHTML, like Gecko) Chrome/92.0.4515.107 Safari/537.36"
157.38.65.5 - - [05/Aug/2021:09:24:22 +0000] "-" 408 - "-" "-"
157.38.65.5 - - [05/Aug/2021:09:24:22 +0000] "-" 408 - "-" "-"
157.38.65.5 - - [05/Aug/2021:09:25:45 +0000] "-" 408 - "-" "-"
157.38.49.21 - - [05/Aug/2021:09:25:54 +0000] "-" 408 - "-" "-"
157.38.49.21 - - [05/Aug/2021:09:25:54 +0000] "-" 408 - "-" "-"
157.38.65.5 - - [05/Aug/2021:09:26:03 +0000] "-" 408 - "-" "-"
114.119.131.2 - - [05/Aug/2021:09:27:51 +0000] "GET /rrb-recruitment-exams-faq.html HTTP/1.1" 404 228 "-" "Mozilla/5.0 (Linux; Android 7.0;) AppleWebKit/537.36 (KHTML, like Gecko) Mobile Safari/537.36 (compatible; PetalBot;+https://webmaster.petalsearch.com/site/petalbot)"
157.38.224.67 - - [05/Aug/2021:09:28:17 +0000] "-" 408 - "-" "-"
157.38.224.67 - - [05/Aug/2021:09:28:17 +0000] "-" 408 - "-" "-"
157.38.65.5 - - [05/Aug/2021:09:28:23 +0000] "-" 408 - "-" "-"
157.38.65.5 - - [05/Aug/2021:09:28:23 +0000] "-" 408 - "-" "-"
66.249.84.49 - - [05/Aug/2021:09:28:38 +0000] "GET /images/logo.jpg HTTP/1.1" 404 213 "-" "Mozilla/5.0 (Windows NT 5.1; rv:11.0) Gecko Firefox/11.0 (via ggpht.com GoogleImageProxy)"
49.36.224.199 - - [05/Aug/2021:09:29:47 +0000] "-" 408 - "-" "-"
157.38.65.5 - - [05/Aug/2021:09:30:13 +0000] "-" 408 - "-" "-"
157.38.65.5 - - [05/Aug/2021:09:30:13 +0000] "-" 408 - "-" "-"
40.88.21.235 - - [05/Aug/2021:09:30:43 +0000] "GET / HTTP/1.1" 403 209 "http://aimnachieve.com/" "Mozilla/5.0 (compatible; DuckDuckGo-Favicons-Bot/1.0; +http://duckduckgo.com)"
157.38.65.5 - - [05/Aug/2021:09:31:21 +0000] "-" 408 - "-" "-"
157.38.65.5 - - [05/Aug/2021:09:31:21 +0000] "-" 408 - "-" "-"
157.38.65.5 - - [05/Aug/2021:09:34:02 +0000] "-" 408 - "-" "-"
157.38.65.5 - - [05/Aug/2021:09:34:02 +0000] "-" 408 - "-" "-"
157.38.65.5 - - [05/Aug/2021:09:35:34 +0000] "-" 408 - "-" "-"
157.38.65.5 - - [05/Aug/2021:09:35:34 +0000] "-" 408 - "-" "-"
40.77.167.19 - - [05/Aug/2021:09:35:53 +0000] "GET /images/ssc-cgl-tier-1-2017-result.jpg HTTP/1.1" 404 235 "-" "Mozilla/5.0 (compatible; bingbot/2.0; +http://www.bing.com/bingbot.htm)"
122.174.85.57 - - [05/Aug/2021:09:36:33 +0000] "-" 408 - "-" "-"
157.38.65.5 - - [05/Aug/2021:09:37:01 +0000] "-" 408 - "-" "-"
157.38.65.5 - - [05/Aug/2021:09:37:01 +0000] "-" 408 - "-" "-"
207.46.13.30 - - [05/Aug/2021:09:37:33 +0000] "GET /updates/ibps-cwe-pomt-vi-application-form-reprint-link-activated/ HTTP/1.1" 404 263 "-" "Mozilla/5.0 (compatible; bingbot/2.0; +http://www.bing.com/bingbot.htm)"
157.38.65.5 - - [05/Aug/2021:09:37:59 +0000] "-" 408 - "-" "-"
106.207.167.249 - - [05/Aug/2021:09:38:01 +0000] "-" 408 - "-" "-"
106.207.167.249 - - [05/Aug/2021:09:38:01 +0000] "-" 408 - "-" "-"
106.207.167.249 - - [05/Aug/2021:09:38:01 +0000] "-" 408 - "-" "-"
40.77.167.19 - - [05/Aug/2021:09:38:23 +0000] "GET /updates/wp-content/uploads/2017/02/SBI-Probationary-Officers-2017-Notification-Out.jpg HTTP/1.1" 404 284 "-" "Mozilla/5.0 (compatible; bingbot/2.0; +http://www.bing.com/bingbot.htm)"
66.249.66.20 - - [05/Aug/2021:09:38:28 +0000] "GET /cds-syllabus.html HTTP/1.1" 404 215 "-" "Mozilla/5.0 (Linux; Android 6.0.1; Nexus 5X Build/MMB29P) AppleWebKit/537.36 (KHTML, like Gecko) Chrome/92.0.4515.119 Mobile Safari/537.36 (compatible; Googlebot/2.1; +http://www.google.com/bot.html)"
40.77.167.30 - - [05/Aug/2021:09:38:48 +0000] "GET /how-to-take-test.html HTTP/1.1" 404 219 "-" "Mozilla/5.0 (compatible; bingbot/2.0; +http://www.bing.com/bingbot.htm)"
157.38.49.21 - - [05/Aug/2021:09:39:52 +0000] "-" 408 - "-" "-"
157.38.49.21 - - [05/Aug/2021:09:39:52 +0000] "-" 408 - "-" "-"
157.38.65.5 - - [05/Aug/2021:09:40:03 +0000] "-" 408 - "-" "-"
157.38.65.5 - - [05/Aug/2021:09:40:03 +0000] "-" 408 - "-" "-"
114.119.134.232 - - [05/Aug/2021:09:40:14 +0000] "GET /updates/ssc-notice-policy-on-change-of-examination-centre HTTP/1.1" 404 255 "-" "Mozilla/5.0 (Linux; Android 7.0;) AppleWebKit/537.36 (KHTML, like Gecko) Mobile Safari/537.36 (compatible; PetalBot;+https://webmaster.petalsearch.com/site/petalbot)"
157.38.65.5 - - [05/Aug/2021:09:42:44 +0000] "-" 408 - "-" "-"
157.38.65.5 - - [05/Aug/2021:09:42:44 +0000] "-" 408 - "-" "-"
157.38.65.5 - - [05/Aug/2021:09:44:38 +0000] "-" 408 - "-" "-"
157.38.65.5 - - [05/Aug/2021:09:44:38 +0000] "-" 408 - "-" "-"
77.75.78.160 - - [05/Aug/2021:09:46:29 +0000] "GET /robots.txt HTTP/1.1" 404 208 "-" "Mozilla/5.0 (compatible; SeznamBot/3.2; +http://napoveda.seznam.cz/en/seznambot-intro/)"
114.119.150.210 - - [05/Aug/2021:09:46:29 +0000] "GET /updates/tag/ssc-deo-eligibility-criteria HTTP/1.1" 404 238 "-" "Mozilla/5.0 (Linux; Android 7.0;) AppleWebKit/537.36 (KHTML, like Gecko) Mobile Safari/537.36 (compatible; PetalBot;+https://webmaster.petalsearch.com/site/petalbot)"
77.75.78.160 - - [05/Aug/2021:09:46:30 +0000] "GET /Career-in-Banks.html HTTP/1.1" 404 218 "-" "Mozilla/5.0 (compatible; SeznamBot/3.2; +http://napoveda.seznam.cz/en/seznambot-intro/)"
157.38.65.5 - - [05/Aug/2021:09:47:08 +0000] "-" 408 - "-" "-"
157.38.65.5 - - [05/Aug/2021:09:47:08 +0000] "-" 408 - "-" "-"
157.38.65.5 - - [05/Aug/2021:09:48:38 +0000] "-" 408 - "-" "-"
157.38.65.5 - - [05/Aug/2021:09:48:59 +0000] "-" 408 - "-" "-"
157.38.65.5 - - [05/Aug/2021:09:48:59 +0000] "-" 408 - "-" "-"
157.38.65.5 - - [05/Aug/2021:09:51:52 +0000] "-" 408 - "-" "-"
157.38.65.5 - - [05/Aug/2021:09:51:52 +0000] "-" 408 - "-" "-"
122.161.51.202 - - [05/Aug/2021:09:52:21 +0000] "GET / HTTP/1.1" 403 209 "-" "Mozilla/5.0 (Windows NT 6.1; Win64; x64) AppleWebKit/537.36 (KHTML, like Gecko) Chrome/92.0.4515.131 Safari/537.36"
122.161.51.202 - - [05/Aug/2021:09:52:22 +0000] "GET /favicon.ico HTTP/1.1" 404 209 "http://aimnachieve.com/" "Mozilla/5.0 (Windows NT 6.1; Win64; x64) AppleWebKit/537.36 (KHTML, like Gecko) Chrome/92.0.4515.131 Safari/537.36"
122.161.51.202 - - [05/Aug/2021:09:52:24 +0000] "GET / HTTP/1.1" 403 209 "-" "Mozilla/5.0 (Windows NT 6.1; Win64; x64) AppleWebKit/537.36 (KHTML, like Gecko) Chrome/92.0.4515.131 Safari/537.36"
114.119.150.210 - - [05/Aug/2021:09:52:30 +0000] "GET /updates/rrb-ntpc-cen-032015-2nd-stage-examination-schedule-out HTTP/1.1" 404 260 "-" "Mozilla/5.0 (Linux; Android 7.0;) AppleWebKit/537.36 (KHTML, like Gecko) Mobile Safari/537.36 (compatible; PetalBot;+https://webmaster.petalsearch.com/site/petalbot)"
122.161.51.202 - - [05/Aug/2021:09:52:30 +0000] "GET /ssc-bank-course-fees-new-batch.html HTTP/1.1" 404 233 "https://duckduckgo.com/" "Mozilla/5.0 (Windows NT 6.1; Win64; x64) AppleWebKit/537.36 (KHTML, like Gecko) Chrome/92.0.4515.131 Safari/537.36"
157.38.254.124 - - [05/Aug/2021:09:52:38 +0000] "-" 408 - "-" "-"
122.161.51.202 - - [05/Aug/2021:09:52:42 +0000] "-" 408 - "-" "-"
157.38.65.5 - - [05/Aug/2021:09:52:52 +0000] "-" 408 - "-" "-"
157.38.65.5 - - [05/Aug/2021:09:52:52 +0000] "-" 408 - "-" "-"
157.38.254.124 - - [05/Aug/2021:09:53:01 +0000] "-" 408 - "-" "-"
157.38.65.5 - - [05/Aug/2021:09:53:52 +0000] "-" 408 - "-" "-"
157.38.65.5 - - [05/Aug/2021:09:53:52 +0000] "-" 408 - "-" "-"
122.161.51.202 - - [05/Aug/2021:09:53:53 +0000] "GET / HTTP/1.1" 403 209 "https://duckduckgo.com/" "Mozilla/5.0 (Windows NT 6.1; Win64; x64) AppleWebKit/537.36 (KHTML, like Gecko) Chrome/92.0.4515.131 Safari/537.36"
157.38.65.5 - - [05/Aug/2021:09:54:52 +0000] "-" 408 - "-" "-"
157.38.65.5 - - [05/Aug/2021:09:54:52 +0000] "-" 408 - "-" "-"
157.38.65.5 - - [05/Aug/2021:09:55:52 +0000] "-" 408 - "-" "-"
157.38.65.5 - - [05/Aug/2021:09:55:52 +0000] "-" 408 - "-" "-"
157.47.199.209 - - [05/Aug/2021:09:56:06 +0000] "-" 408 - "-" "-"
157.47.199.209 - - [05/Aug/2021:09:56:06 +0000] "-" 408 - "-" "-"
157.38.65.5 - - [05/Aug/2021:09:57:27 +0000] "-" 408 - "-" "-"
157.38.65.5 - - [05/Aug/2021:09:57:27 +0000] "-" 408 - "-" "-"
54.36.149.33 - - [05/Aug/2021:09:58:22 +0000] "GET /robots.txt HTTP/1.1" 404 208 "-" "Mozilla/5.0 (compatible; AhrefsBot/7.0; +http://ahrefs.com/robot/)"
157.38.65.5 - - [05/Aug/2021:09:58:32 +0000] "-" 408 - "-" "-"
157.38.65.5 - - [05/Aug/2021:09:58:32 +0000] "-" 408 - "-" "-"
114.119.160.248 - - [05/Aug/2021:09:58:35 +0000] "GET /updates/daily-current-affairs-13th-december-2016 HTTP/1.1" 404 246 "-" "Mozilla/5.0 (Linux; Android 7.0;) AppleWebKit/537.36 (KHTML, like Gecko) Mobile Safari/537.36 (compatible; PetalBot;+https://webmaster.petalsearch.com/site/petalbot)"
157.38.94.116 - - [05/Aug/2021:09:58:57 +0000] "-" 408 - "-" "-"
157.38.94.116 - - [05/Aug/2021:09:58:57 +0000] "-" 408 - "-" "-"
106.207.242.250 - - [05/Aug/2021:09:58:59 +0000] "GET /updates/wp-content/uploads/2018/09/NDA-II-2018-Math-Question-Paper-Code-A.pdf HTTP/1.1" 404 275 "-" "Mozilla/5.0 (iPhone; CPU iPhone OS 12_5_4 like Mac OS X) AppleWebKit/605.1.15 (KHTML, like Gecko) Version/12.1.2 Mobile/15E148 Safari/604.1"
106.207.242.250 - - [05/Aug/2021:09:58:59 +0000] "GET /apple-touch-icon-120x120-precomposed.png HTTP/1.1" 404 238 "-" "MobileSafari/604.1 CFNetwork/978.0.7 Darwin/18.7.0"
106.207.242.250 - - [05/Aug/2021:09:59:00 +0000] "GET /apple-touch-icon-120x120.png HTTP/1.1" 404 226 "-" "MobileSafari/604.1 CFNetwork/978.0.7 Darwin/18.7.0"
106.207.242.250 - - [05/Aug/2021:09:59:01 +0000] "GET /apple-touch-icon-precomposed.png HTTP/1.1" 404 230 "-" "MobileSafari/604.1 CFNetwork/978.0.7 Darwin/18.7.0"
106.207.242.250 - - [05/Aug/2021:09:59:01 +0000] "GET /apple-touch-icon.png HTTP/1.1" 404 218 "-" "MobileSafari/604.1 CFNetwork/978.0.7 Darwin/18.7.0"
106.207.242.250 - - [05/Aug/2021:09:59:01 +0000] "GET /favicon.ico HTTP/1.1" 404 209 "-" "MobileSafari/604.1 CFNetwork/978.0.7 Darwin/18.7.0"
106.207.242.250 - - [05/Aug/2021:09:59:01 +0000] "GET /apple-touch-icon-120x120-precomposed.png HTTP/1.1" 404 238 "-" "MobileSafari/604.1 CFNetwork/978.0.7 Darwin/18.7.0"
106.207.242.250 - - [05/Aug/2021:09:59:01 +0000] "GET /apple-touch-icon-120x120.png HTTP/1.1" 404 226 "-" "MobileSafari/604.1 CFNetwork/978.0.7 Darwin/18.7.0"
106.207.242.250 - - [05/Aug/2021:09:59:01 +0000] "GET /apple-touch-icon-precomposed.png HTTP/1.1" 404 230 "-" "MobileSafari/604.1 CFNetwork/978.0.7 Darwin/18.7.0"
106.207.242.250 - - [05/Aug/2021:09:59:02 +0000] "GET /apple-touch-icon.png HTTP/1.1" 404 218 "-" "MobileSafari/604.1 CFNetwork/978.0.7 Darwin/18.7.0"
106.207.242.250 - - [05/Aug/2021:09:59:02 +0000] "GET /favicon.ico HTTP/1.1" 404 209 "-" "MobileSafari/604.1 CFNetwork/978.0.7 Darwin/18.7.0"
157.38.65.5 - - [05/Aug/2021:10:00:05 +0000] "-" 408 - "-" "-"
157.38.65.5 - - [05/Aug/2021:10:00:05 +0000] "-" 408 - "-" "-"
1.39.192.16 - - [05/Aug/2021:10:00:06 +0000] "-" 408 - "-" "-"
138.68.249.116 - - [05/Aug/2021:10:00:11 +0000] "SSTP_DUPLEX_POST /sra_{BA195980-CD49-458b-9E23-C84EE0ADCD75}/ HTTP/1.1" 400 597 "-" "-"
157.38.65.5 - - [05/Aug/2021:10:01:02 +0000] "-" 408 - "-" "-"
157.38.65.5 - - [05/Aug/2021:10:01:02 +0000] "-" 408 - "-" "-"
157.38.65.5 - - [05/Aug/2021:10:02:09 +0000] "-" 408 - "-" "-"
157.38.65.5 - - [05/Aug/2021:10:02:09 +0000] "-" 408 - "-" "-"
192.241.217.101 - - [05/Aug/2021:10:04:36 +0000] "GET /owa/auth/logon.aspx?url=https%3a%2f%2f1%2fecp%2f HTTP/1.1" 404 217 "-" "Mozilla/5.0 zgrab/0.x"
114.119.162.33 - - [05/Aug/2021:10:04:36 +0000] "GET /updates/daily-current-affairs-5th-april-2017 HTTP/1.1" 404 242 "-" "Mozilla/5.0 (Linux; Android 7.0;) AppleWebKit/537.36 (KHTML, like Gecko) Mobile Safari/537.36 (compatible; PetalBot;+https://webmaster.petalsearch.com/site/petalbot)"
46.101.127.27 - - [05/Aug/2021:10:05:15 +0000] "GET / HTTP/1.0" 400 362 "-" "-"
157.38.65.5 - - [05/Aug/2021:10:06:20 +0000] "-" 408 - "-" "-"
157.38.65.5 - - [05/Aug/2021:10:06:20 +0000] "-" 408 - "-" "-"
157.36.145.60 - - [05/Aug/2021:10:06:50 +0000] "-" 408 - "-" "-"
1.39.196.218 - - [05/Aug/2021:10:08:01 +0000] "-" 408 - "-" "-"
106.13.224.148 - - [05/Aug/2021:10:08:07 +0000] "POST //ysy.php HTTP/1.1" 404 205 "http://misc.yahoo.com.cn/" "Mozilla/5.0 (compatible; Yahoo! Slurp China; http://misc.yahoo.com.cn/help.html)"
106.13.224.148 - - [05/Aug/2021:10:08:07 +0000] "POST //ysy.php HTTP/1.1" 404 205 "http://misc.yahoo.com.cn/" "Mozilla/5.0 (compatible; Yahoo! Slurp China; http://misc.yahoo.com.cn/help.html)"
106.13.224.148 - - [05/Aug/2021:10:08:08 +0000] "POST //ysy.php HTTP/1.1" 404 205 "http://misc.yahoo.com.cn/" "Mozilla/5.0 (compatible; Yahoo! Slurp China; http://misc.yahoo.com.cn/help.html)"
157.38.65.5 - - [05/Aug/2021:10:08:25 +0000] "-" 408 - "-" "-"
157.38.65.5 - - [05/Aug/2021:10:08:25 +0000] "-" 408 - "-" "-"
157.38.65.5 - - [05/Aug/2021:10:08:42 +0000] "-" 408 - "-" "-"
157.38.49.21 - - [05/Aug/2021:10:08:42 +0000] "-" 408 - "-" "-"
157.38.49.21 - - [05/Aug/2021:10:08:42 +0000] "-" 408 - "-" "-"
1.39.196.218 - - [05/Aug/2021:10:08:44 +0000] "-" 408 - "-" "-"
157.38.65.5 - - [05/Aug/2021:10:08:46 +0000] "-" 408 - "-" "-"
157.38.65.5 - - [05/Aug/2021:10:09:25 +0000] "-" 408 - "-" "-"
157.38.65.5 - - [05/Aug/2021:10:09:25 +0000] "-" 408 - "-" "-"
157.47.199.209 - - [05/Aug/2021:10:10:17 +0000] "-" 408 - "-" "-"
157.47.199.209 - - [05/Aug/2021:10:10:17 +0000] "-" 408 - "-" "-"
157.38.65.5 - - [05/Aug/2021:10:10:25 +0000] "-" 408 - "-" "-"
157.38.65.5 - - [05/Aug/2021:10:10:25 +0000] "-" 408 - "-" "-"
157.38.65.5 - - [05/Aug/2021:10:10:53 +0000] "-" 408 - "-" "-"
157.38.65.5 - - [05/Aug/2021:10:10:53 +0000] "-" 408 - "-" "-"
114.119.160.248 - - [05/Aug/2021:10:11:02 +0000] "GET /updates/daily-current-affairs-9th-may-2017 HTTP/1.1" 404 240 "-" "Mozilla/5.0 (Linux; Android 7.0;) AppleWebKit/537.36 (KHTML, like Gecko) Mobile Safari/537.36 (compatible; PetalBot;+https://webmaster.petalsearch.com/site/petalbot)"
106.206.187.56 - - [05/Aug/2021:10:11:21 +0000] "-" 408 - "-" "-"
106.206.187.56 - - [05/Aug/2021:10:11:21 +0000] "-" 408 - "-" "-"
157.38.65.5 - - [05/Aug/2021:10:11:25 +0000] "-" 408 - "-" "-"
157.38.65.5 - - [05/Aug/2021:10:11:25 +0000] "-" 408 - "-" "-"
157.38.65.5 - - [05/Aug/2021:10:11:53 +0000] "-" 408 - "-" "-"
157.38.65.5 - - [05/Aug/2021:10:12:25 +0000] "-" 408 - "-" "-"
157.38.65.5 - - [05/Aug/2021:10:12:25 +0000] "-" 408 - "-" "-"
157.38.65.5 - - [05/Aug/2021:10:14:24 +0000] "-" 408 - "-" "-"
157.38.65.5 - - [05/Aug/2021:10:14:24 +0000] "-" 408 - "-" "-"
157.38.254.124 - - [05/Aug/2021:10:15:14 +0000] "-" 408 - "-" "-"
157.38.254.124 - - [05/Aug/2021:10:15:14 +0000] "-" 408 - "-" "-"
157.38.65.5 - - [05/Aug/2021:10:15:50 +0000] "-" 408 - "-" "-"
157.38.65.5 - - [05/Aug/2021:10:15:50 +0000] "-" 408 - "-" "-"
114.119.136.155 - - [05/Aug/2021:10:16:29 +0000] "GET /updates/page/98?wordfence_logHuman=1 HTTP/1.1" 404 213 "-" "Mozilla/5.0 (Linux; Android 7.0;) AppleWebKit/537.36 (KHTML, like Gecko) Mobile Safari/537.36 (compatible; PetalBot;+https://webmaster.petalsearch.com/site/petalbot)"
157.55.39.65 - - [05/Aug/2021:10:16:54 +0000] "GET /updates/daily-current-affairs-22nd-april-2018/ HTTP/1.1" 404 244 "-" "Mozilla/5.0 (compatible; bingbot/2.0; +http://www.bing.com/bingbot.htm)"
157.55.39.65 - - [05/Aug/2021:10:16:55 +0000] "GET /updates/category/bank-exams/page/4/ HTTP/1.1" 404 233 "-" "Mozilla/5.0 (compatible; bingbot/2.0; +http://www.bing.com/bingbot.htm)"
157.38.65.5 - - [05/Aug/2021:10:16:57 +0000] "-" 408 - "-" "-"
157.38.65.5 - - [05/Aug/2021:10:16:57 +0000] "-" 408 - "-" "-"
66.249.66.74 - - [05/Aug/2021:10:18:52 +0000] "GET / HTTP/1.1" 403 209 "-" "Mozilla/5.0 (compatible; Googlebot/2.1; +http://www.google.com/bot.html)"
66.249.66.72 - - [05/Aug/2021:10:18:53 +0000] "GET / HTTP/1.1" 403 209 "-" "Mozilla/5.0 (Linux; Android 6.0.1; Nexus 5X Build/MMB29P) AppleWebKit/537.36 (KHTML, like Gecko) Chrome/92.0.4515.119 Mobile Safari/537.36 (compatible; Googlebot/2.1; +http://www.google.com/bot.html)"
157.38.65.5 - - [05/Aug/2021:10:18:55 +0000] "-" 408 - "-" "-"
157.38.65.5 - - [05/Aug/2021:10:18:55 +0000] "-" 408 - "-" "-"
107.178.238.44 - - [05/Aug/2021:10:19:28 +0000] "GET /ads.txt HTTP/1.1" 404 205 "-" "axios/0.18.1"
107.178.238.44 - - [05/Aug/2021:10:19:29 +0000] "GET /ads.txt HTTP/1.1" 404 205 "-" "axios/0.18.1"
1.39.192.16 - - [05/Aug/2021:10:19:58 +0000] "-" 408 - "-" "-"
150.107.241.30 - - [05/Aug/2021:10:20:36 +0000] "-" 408 - "-" "-"
13.66.139.1 - - [05/Aug/2021:10:22:21 +0000] "GET /robots.txt HTTP/1.1" 404 208 "-" "Mozilla/5.0 (compatible; bingbot/2.0; +http://www.bing.com/bingbot.htm)"
