106.207.175.41 - - [01/Aug/2021:10:19:04 +0000] "-" 408 - "-" "-"
106.207.175.41 - - [01/Aug/2021:10:19:04 +0000] "-" 408 - "-" "-"
106.207.175.41 - - [01/Aug/2021:10:19:04 +0000] "-" 408 - "-" "-"
106.207.175.41 - - [01/Aug/2021:10:19:04 +0000] "-" 408 - "-" "-"
66.249.92.24 - - [01/Aug/2021:10:19:40 +0000] "GET / HTTP/1.1" 403 209 "-" "Mozilla/5.0 (iPhone; CPU iPhone OS 9_1 like Mac OS X) AppleWebKit/601.1.46 (KHTML, like Gecko) Version/9.0 Mobile/13B143 Safari/601.1 (compatible; AdsBot-Google-Mobile; +http://www.google.com/mobile/adsbot.html)"
40.77.167.74 - - [01/Aug/2021:10:20:00 +0000] "GET /rrb.html HTTP/1.1" 404 206 "-" "Mozilla/5.0 (compatible; bingbot/2.0; +http://www.bing.com/bingbot.htm)"
20.98.122.200 - - [01/Aug/2021:10:20:48 +0000] "-" 408 - "-" "-"
157.38.29.236 - - [01/Aug/2021:10:22:25 +0000] "-" 408 - "-" "-"
157.38.74.172 - - [01/Aug/2021:10:22:38 +0000] "-" 408 - "-" "-"
157.38.74.172 - - [01/Aug/2021:10:22:38 +0000] "-" 408 - "-" "-"
207.46.13.124 - - [01/Aug/2021:10:23:13 +0000] "GET /images/nda-weekend-batch.jpg HTTP/1.1" 404 226 "-" "Mozilla/5.0 (compatible; bingbot/2.0; +http://www.bing.com/bingbot.htm)"
114.119.136.155 - - [01/Aug/2021:10:24:11 +0000] "GET /updates/daily-current-affairs-1st-december-2016/10 HTTP/1.1" 404 248 "-" "Mozilla/5.0 (Linux; Android 7.0;) AppleWebKit/537.36 (KHTML, like Gecko) Mobile Safari/537.36 (compatible; PetalBot;+https://webmaster.petalsearch.com/site/petalbot)"
158.69.53.191 - - [01/Aug/2021:10:24:14 +0000] "GET / HTTP/1.1" 403 209 "-" "Mozilla/5.0 (X11; Linux x86_64) AppleWebKit/537.36 (KHTML, like Gecko) Chrome/50.0.2661.75 Safari/537.36"
40.77.167.25 - - [01/Aug/2021:10:26:46 +0000] "GET /updates/ssc-combined-graduate-level-tier-ii-exam-answer-key-out/ HTTP/1.1" 404 262 "-" "Mozilla/5.0 (compatible; bingbot/2.0; +http://www.bing.com/bingbot.htm)"
207.46.13.168 - - [01/Aug/2021:10:27:51 +0000] "GET / HTTP/1.1" 403 209 "-" "Mozilla/5.0 (compatible; bingbot/2.0; +http://www.bing.com/bingbot.htm)"
66.249.66.20 - - [01/Aug/2021:10:28:20 +0000] "GET /nda-crash-course.html HTTP/1.1" 404 219 "-" "Mozilla/5.0 (Linux; Android 6.0.1; Nexus 5X Build/MMB29P) AppleWebKit/537.36 (KHTML, like Gecko) Chrome/92.0.4515.119 Mobile Safari/537.36 (compatible; Googlebot/2.1; +http://www.google.com/bot.html)"
1.39.218.36 - - [01/Aug/2021:10:29:21 +0000] "-" 408 - "-" "-"
42.105.48.50 - - [01/Aug/2021:10:29:54 +0000] "-" 408 - "-" "-"
114.119.143.214 - - [01/Aug/2021:10:31:05 +0000] "GET /updates/daily-current-affairs-10th-july-2017 HTTP/1.1" 404 242 "-" "Mozilla/5.0 (Linux; Android 7.0;) AppleWebKit/537.36 (KHTML, like Gecko) Mobile Safari/537.36 (compatible; PetalBot;+https://webmaster.petalsearch.com/site/petalbot)"
157.38.5.198 - - [01/Aug/2021:10:34:51 +0000] "-" 408 - "-" "-"
157.38.5.198 - - [01/Aug/2021:10:34:51 +0000] "-" 408 - "-" "-"
157.38.5.198 - - [01/Aug/2021:10:35:51 +0000] "-" 408 - "-" "-"
157.38.5.198 - - [01/Aug/2021:10:35:51 +0000] "-" 408 - "-" "-"
42.105.48.94 - - [01/Aug/2021:10:36:25 +0000] "-" 408 - "-" "-"
157.38.5.198 - - [01/Aug/2021:10:36:57 +0000] "-" 408 - "-" "-"
42.105.48.94 - - [01/Aug/2021:10:38:31 +0000] "-" 408 - "-" "-"
114.119.162.33 - - [01/Aug/2021:10:38:43 +0000] "GET /pdf/cds-i-2016-english-question-paper.pdf HTTP/1.1" 404 239 "-" "Mozilla/5.0 (Linux; Android 7.0;) AppleWebKit/537.36 (KHTML, like Gecko) Mobile Safari/537.36 (compatible; PetalBot;+https://webmaster.petalsearch.com/site/petalbot)"
157.38.50.76 - - [01/Aug/2021:10:39:18 +0000] "-" 408 - "-" "-"
42.105.48.94 - - [01/Aug/2021:10:39:33 +0000] "-" 408 - "-" "-"
42.105.48.94 - - [01/Aug/2021:10:39:33 +0000] "-" 408 - "-" "-"
106.207.175.41 - - [01/Aug/2021:10:40:13 +0000] "-" 408 - "-" "-"
106.207.175.41 - - [01/Aug/2021:10:40:13 +0000] "-" 408 - "-" "-"
106.207.175.41 - - [01/Aug/2021:10:40:13 +0000] "-" 408 - "-" "-"
106.207.175.41 - - [01/Aug/2021:10:40:13 +0000] "-" 408 - "-" "-"
157.38.196.117 - - [01/Aug/2021:10:40:16 +0000] "-" 408 - "-" "-"
1.39.218.36 - - [01/Aug/2021:10:40:22 +0000] "-" 408 - "-" "-"
42.105.48.94 - - [01/Aug/2021:10:40:33 +0000] "-" 408 - "-" "-"
42.105.48.94 - - [01/Aug/2021:10:40:33 +0000] "-" 408 - "-" "-"
157.38.5.198 - - [01/Aug/2021:10:40:51 +0000] "-" 408 - "-" "-"
157.47.199.226 - - [01/Aug/2021:10:40:54 +0000] "-" 408 - "-" "-"
5.188.62.140 - - [01/Aug/2021:10:41:09 +0000] "GET / HTTP/1.1" 403 209 "-" "Mozilla/5.0 (Windows NT 6.2) AppleWebKit/537.36 (KHTML, like Gecko) Chrome/41.0.2226.0 Safari/537.36"
157.38.5.198 - - [01/Aug/2021:10:41:17 +0000] "-" 408 - "-" "-"
157.38.5.198 - - [01/Aug/2021:10:41:17 +0000] "-" 408 - "-" "-"
157.55.39.185 - - [01/Aug/2021:10:42:54 +0000] "GET /dsssb-coaching.html HTTP/1.1" 404 217 "-" "Mozilla/5.0 (compatible; bingbot/2.0; +http://www.bing.com/bingbot.htm)"
114.119.136.155 - - [01/Aug/2021:10:45:04 +0000] "GET /updates/daily-current-affairs-12th-december-2016/ HTTP/1.1" 404 247 "-" "Mozilla/5.0 (Linux; Android 7.0;) AppleWebKit/537.36 (KHTML, like Gecko) Mobile Safari/537.36 (compatible; PetalBot;+https://webmaster.petalsearch.com/site/petalbot)"
66.249.66.74 - - [01/Aug/2021:10:45:45 +0000] "GET /robots.txt HTTP/1.1" 404 208 "-" "Mozilla/5.0 (compatible; Googlebot/2.1; +http://www.google.com/bot.html)"
66.249.66.74 - - [01/Aug/2021:10:45:45 +0000] "GET /cds-syllabus.html HTTP/1.1" 404 215 "-" "Mozilla/5.0 (Linux; Android 6.0.1; Nexus 5X Build/MMB29P) AppleWebKit/537.36 (KHTML, like Gecko) Chrome/91.0.4472.90 Mobile Safari/537.36 (compatible; Googlebot/2.1; +http://www.google.com/bot.html)"
157.38.119.63 - - [01/Aug/2021:10:46:17 +0000] "-" 408 - "-" "-"
157.38.119.63 - - [01/Aug/2021:10:46:17 +0000] "-" 408 - "-" "-"
157.38.119.63 - - [01/Aug/2021:10:47:17 +0000] "-" 408 - "-" "-"
157.38.119.63 - - [01/Aug/2021:10:47:17 +0000] "-" 408 - "-" "-"
162.158.107.162 - - [01/Aug/2021:10:47:32 +0000] "GET /robots.txt HTTP/1.1" 404 208 "-" "Mozilla/5.0 (compatible; bingbot/2.0; +http://www.bing.com/bingbot.htm)"
157.38.119.63 - - [01/Aug/2021:10:48:17 +0000] "-" 408 - "-" "-"
157.38.119.63 - - [01/Aug/2021:10:48:17 +0000] "-" 408 - "-" "-"
106.207.175.41 - - [01/Aug/2021:10:48:25 +0000] "-" 408 - "-" "-"
106.207.175.41 - - [01/Aug/2021:10:48:25 +0000] "-" 408 - "-" "-"
106.207.175.41 - - [01/Aug/2021:10:48:25 +0000] "-" 408 - "-" "-"
106.207.175.41 - - [01/Aug/2021:10:48:26 +0000] "-" 408 - "-" "-"
157.38.119.63 - - [01/Aug/2021:10:49:17 +0000] "-" 408 - "-" "-"
157.38.119.63 - - [01/Aug/2021:10:49:17 +0000] "-" 408 - "-" "-"
77.75.78.166 - - [01/Aug/2021:10:49:25 +0000] "GET /robots.txt HTTP/1.1" 404 208 "-" "Mozilla/5.0 (compatible; SeznamBot/3.2; +http://napoveda.seznam.cz/en/seznambot-intro/)"
77.75.78.166 - - [01/Aug/2021:10:49:26 +0000] "GET /two-years-nda-integrated-course.html HTTP/1.1" 404 234 "-" "Mozilla/5.0 (compatible; SeznamBot/3.2; +http://napoveda.seznam.cz/en/seznambot-intro/)"
40.77.167.74 - - [01/Aug/2021:10:49:45 +0000] "GET /afcat.html HTTP/1.1" 404 208 "-" "Mozilla/5.0 (compatible; bingbot/2.0; +http://www.bing.com/bingbot.htm)"
157.38.4.79 - - [01/Aug/2021:10:49:48 +0000] "-" 408 - "-" "-"
157.38.119.63 - - [01/Aug/2021:10:50:17 +0000] "-" 408 - "-" "-"
157.38.119.63 - - [01/Aug/2021:10:50:17 +0000] "-" 408 - "-" "-"
207.46.13.30 - - [01/Aug/2021:10:50:34 +0000] "GET /updates/category/ibps-exams/page/8/ HTTP/1.1" 404 233 "-" "Mozilla/5.0 (compatible; bingbot/2.0; +http://www.bing.com/bingbot.htm)"
157.38.119.63 - - [01/Aug/2021:10:51:17 +0000] "-" 408 - "-" "-"
157.38.119.63 - - [01/Aug/2021:10:51:17 +0000] "-" 408 - "-" "-"
114.119.134.232 - - [01/Aug/2021:10:52:00 +0000] "GET /updates/upsc-cds-i-2017-marks-of-recommended-candidates-out HTTP/1.1" 404 257 "-" "Mozilla/5.0 (Linux; Android 7.0;) AppleWebKit/537.36 (KHTML, like Gecko) Mobile Safari/537.36 (compatible; PetalBot;+https://webmaster.petalsearch.com/site/petalbot)"
157.38.119.63 - - [01/Aug/2021:10:53:17 +0000] "-" 408 - "-" "-"
157.38.119.63 - - [01/Aug/2021:10:53:17 +0000] "-" 408 - "-" "-"
157.38.119.63 - - [01/Aug/2021:10:55:44 +0000] "-" 408 - "-" "-"
157.38.119.63 - - [01/Aug/2021:10:55:44 +0000] "-" 408 - "-" "-"
223.233.123.67 - - [01/Aug/2021:10:56:24 +0000] "-" 408 - "-" "-"
157.36.113.84 - - [01/Aug/2021:10:56:34 +0000] "-" 408 - "-" "-"
157.38.119.63 - - [01/Aug/2021:10:56:43 +0000] "-" 408 - "-" "-"
157.38.119.63 - - [01/Aug/2021:10:56:43 +0000] "-" 408 - "-" "-"
157.38.119.63 - - [01/Aug/2021:10:57:09 +0000] "-" 408 - "-" "-"
157.38.119.63 - - [01/Aug/2021:10:57:09 +0000] "-" 408 - "-" "-"
157.38.119.63 - - [01/Aug/2021:10:57:43 +0000] "-" 408 - "-" "-"
157.38.119.63 - - [01/Aug/2021:10:57:43 +0000] "-" 408 - "-" "-"
157.38.119.63 - - [01/Aug/2021:10:58:12 +0000] "-" 408 - "-" "-"
157.38.119.63 - - [01/Aug/2021:10:58:12 +0000] "-" 408 - "-" "-"
157.38.119.63 - - [01/Aug/2021:10:58:43 +0000] "-" 408 - "-" "-"
157.38.119.63 - - [01/Aug/2021:10:58:43 +0000] "-" 408 - "-" "-"
114.119.131.2 - - [01/Aug/2021:10:58:58 +0000] "GET /updates/daily-current-affairs-10th-may-2018 HTTP/1.1" 404 241 "-" "Mozilla/5.0 (Linux; Android 7.0;) AppleWebKit/537.36 (KHTML, like Gecko) Mobile Safari/537.36 (compatible; PetalBot;+https://webmaster.petalsearch.com/site/petalbot)"
157.38.4.79 - - [01/Aug/2021:10:59:34 +0000] "-" 408 - "-" "-"
157.38.4.79 - - [01/Aug/2021:10:59:34 +0000] "-" 408 - "-" "-"
157.38.119.63 - - [01/Aug/2021:10:59:45 +0000] "-" 408 - "-" "-"
157.38.119.63 - - [01/Aug/2021:10:59:45 +0000] "-" 408 - "-" "-"
106.204.229.70 - - [01/Aug/2021:11:00:00 +0000] "-" 408 - "-" "-"
157.38.119.63 - - [01/Aug/2021:11:00:44 +0000] "-" 408 - "-" "-"
157.38.119.63 - - [01/Aug/2021:11:00:44 +0000] "-" 408 - "-" "-"
157.38.119.63 - - [01/Aug/2021:11:01:44 +0000] "-" 408 - "-" "-"
157.38.119.63 - - [01/Aug/2021:11:01:44 +0000] "-" 408 - "-" "-"
106.13.238.108 - - [01/Aug/2021:11:01:50 +0000] "POST //uploads/data.php HTTP/1.1" 404 214 "http://misc.yahoo.com.cn/" "Mozilla/5.0 (compatible; Yahoo! Slurp China; http://misc.yahoo.com.cn/help.html)"
106.13.238.108 - - [01/Aug/2021:11:01:51 +0000] "POST //uploads/data.php HTTP/1.1" 404 214 "http://misc.yahoo.com.cn/" "Mozilla/5.0 (compatible; Yahoo! Slurp China; http://misc.yahoo.com.cn/help.html)"
106.13.238.108 - - [01/Aug/2021:11:01:52 +0000] "POST //uploads/data.php HTTP/1.1" 404 214 "http://misc.yahoo.com.cn/" "Mozilla/5.0 (compatible; Yahoo! Slurp China; http://misc.yahoo.com.cn/help.html)"
157.38.119.63 - - [01/Aug/2021:11:02:44 +0000] "-" 408 - "-" "-"
157.38.119.63 - - [01/Aug/2021:11:02:44 +0000] "-" 408 - "-" "-"
157.38.119.63 - - [01/Aug/2021:11:03:44 +0000] "-" 408 - "-" "-"
157.38.119.63 - - [01/Aug/2021:11:03:44 +0000] "-" 408 - "-" "-"
207.46.13.168 - - [01/Aug/2021:11:04:05 +0000] "GET /updates/tag/ssc-cgl-coaching-in-rk-puram-delhi/ HTTP/1.1" 404 245 "-" "Mozilla/5.0 (compatible; bingbot/2.0; +http://www.bing.com/bingbot.htm)"
157.38.119.63 - - [01/Aug/2021:11:04:44 +0000] "-" 408 - "-" "-"
157.38.119.63 - - [01/Aug/2021:11:04:44 +0000] "-" 408 - "-" "-"
114.119.143.214 - - [01/Aug/2021:11:05:57 +0000] "GET /updates/wp-content/uploads/2016/12/AA-Current-Affairs-22122016-300x251.jpg HTTP/1.1" 404 272 "-" "Mozilla/5.0 (Linux; Android 7.0;) AppleWebKit/537.36 (KHTML, like Gecko) Mobile Safari/537.36 (compatible; PetalBot;+https://webmaster.petalsearch.com/site/petalbot)"
157.38.119.63 - - [01/Aug/2021:11:06:05 +0000] "-" 408 - "-" "-"
1.39.218.36 - - [01/Aug/2021:11:06:33 +0000] "-" 408 - "-" "-"
157.38.119.63 - - [01/Aug/2021:11:06:44 +0000] "-" 408 - "-" "-"
157.38.119.63 - - [01/Aug/2021:11:06:44 +0000] "-" 408 - "-" "-"
1.39.218.36 - - [01/Aug/2021:11:06:54 +0000] "-" 408 - "-" "-"
1.39.218.36 - - [01/Aug/2021:11:06:55 +0000] "-" 408 - "-" "-"
152.57.16.187 - - [01/Aug/2021:11:07:13 +0000] "-" 408 - "-" "-"
42.105.48.94 - - [01/Aug/2021:11:07:38 +0000] "-" 408 - "-" "-"
157.38.119.63 - - [01/Aug/2021:11:07:44 +0000] "-" 408 - "-" "-"
157.38.119.63 - - [01/Aug/2021:11:07:44 +0000] "-" 408 - "-" "-"
42.105.48.94 - - [01/Aug/2021:11:08:23 +0000] "-" 408 - "-" "-"
42.105.48.94 - - [01/Aug/2021:11:08:24 +0000] "-" 408 - "-" "-"
1.39.218.36 - - [01/Aug/2021:11:08:27 +0000] "-" 408 - "-" "-"
157.38.4.79 - - [01/Aug/2021:11:09:00 +0000] "-" 408 - "-" "-"
157.38.45.165 - - [01/Aug/2021:11:09:50 +0000] "-" 408 - "-" "-"
157.38.45.165 - - [01/Aug/2021:11:09:55 +0000] "-" 408 - "-" "-"
185.191.171.44 - - [01/Aug/2021:11:11:39 +0000] "GET /robots.txt HTTP/1.1" 404 208 "-" "Mozilla/5.0 (compatible; SemrushBot/7~bl; +http://www.semrush.com/bot.html)"
185.191.171.24 - - [01/Aug/2021:11:11:41 +0000] "GET /test-series-for-nda.html HTTP/1.1" 404 222 "-" "Mozilla/5.0 (compatible; SemrushBot/7~bl; +http://www.semrush.com/bot.html)"
114.119.160.248 - - [01/Aug/2021:11:12:48 +0000] "GET /updates/daily-current-affairs-1st-april-2018 HTTP/1.1" 404 242 "-" "Mozilla/5.0 (Linux; Android 7.0;) AppleWebKit/537.36 (KHTML, like Gecko) Mobile Safari/537.36 (compatible; PetalBot;+https://webmaster.petalsearch.com/site/petalbot)"
106.207.175.41 - - [01/Aug/2021:11:14:01 +0000] "-" 408 - "-" "-"
106.207.175.41 - - [01/Aug/2021:11:14:01 +0000] "-" 408 - "-" "-"
106.207.175.41 - - [01/Aug/2021:11:14:01 +0000] "-" 408 - "-" "-"
106.207.175.41 - - [01/Aug/2021:11:14:01 +0000] "-" 408 - "-" "-"
157.38.244.87 - - [01/Aug/2021:11:14:23 +0000] "-" 408 - "-" "-"
157.38.244.87 - - [01/Aug/2021:11:14:23 +0000] "-" 408 - "-" "-"
66.249.66.20 - - [01/Aug/2021:11:18:28 +0000] "GET /pdf/cds-ii-2016-maths-question-paper.pdf HTTP/1.1" 404 238 "-" "Mozilla/5.0 (Linux; Android 6.0.1; Nexus 5X Build/MMB29P) AppleWebKit/537.36 (KHTML, like Gecko) Chrome/91.0.4472.90 Mobile Safari/537.36 (compatible; Googlebot/2.1; +http://www.google.com/bot.html)"
1.39.210.212 - - [01/Aug/2021:11:19:34 +0000] "-" 408 - "-" "-"
1.39.210.212 - - [01/Aug/2021:11:19:37 +0000] "-" 408 - "-" "-"
114.119.162.33 - - [01/Aug/2021:11:19:47 +0000] "GET /updates/ssc-stenographer-grade-c-d-2016-document-verification-call-letter-out HTTP/1.1" 404 275 "-" "Mozilla/5.0 (Linux; Android 7.0;) AppleWebKit/537.36 (KHTML, like Gecko) Mobile Safari/537.36 (compatible; PetalBot;+https://webmaster.petalsearch.com/site/petalbot)"
40.77.167.30 - - [01/Aug/2021:11:20:28 +0000] "GET /updates/tag/nda-2020-exam-centres/ HTTP/1.1" 404 232 "-" "Mozilla/5.0 (compatible; bingbot/2.0; +http://www.bing.com/bingbot.htm)"
66.249.66.22 - - [01/Aug/2021:11:21:03 +0000] "GET /ibps-po-mt.html HTTP/1.1" 404 213 "-" "Mozilla/5.0 (Linux; Android 6.0.1; Nexus 5X Build/MMB29P) AppleWebKit/537.36 (KHTML, like Gecko) Chrome/92.0.4515.119 Mobile Safari/537.36 (compatible; Googlebot/2.1; +http://www.google.com/bot.html)"
1.39.218.36 - - [01/Aug/2021:11:24:17 +0000] "-" 408 - "-" "-"
157.38.119.63 - - [01/Aug/2021:11:24:18 +0000] "-" 408 - "-" "-"
157.38.119.63 - - [01/Aug/2021:11:24:26 +0000] "-" 408 - "-" "-"
157.38.119.63 - - [01/Aug/2021:11:24:48 +0000] "-" 408 - "-" "-"
157.38.119.63 - - [01/Aug/2021:11:25:26 +0000] "-" 408 - "-" "-"
157.38.119.63 - - [01/Aug/2021:11:25:26 +0000] "-" 408 - "-" "-"
157.38.119.63 - - [01/Aug/2021:11:26:26 +0000] "-" 408 - "-" "-"
157.38.119.63 - - [01/Aug/2021:11:26:26 +0000] "-" 408 - "-" "-"
114.119.160.195 - - [01/Aug/2021:11:26:40 +0000] "GET /updates/tag/how-to-crack-bank-clerk-exam HTTP/1.1" 404 238 "-" "Mozilla/5.0 (Linux; Android 7.0;) AppleWebKit/537.36 (KHTML, like Gecko) Mobile Safari/537.36 (compatible; PetalBot;+https://webmaster.petalsearch.com/site/petalbot)"
157.38.119.63 - - [01/Aug/2021:11:27:26 +0000] "-" 408 - "-" "-"
157.38.119.63 - - [01/Aug/2021:11:27:26 +0000] "-" 408 - "-" "-"
157.38.119.63 - - [01/Aug/2021:11:31:07 +0000] "-" 408 - "-" "-"
157.38.119.63 - - [01/Aug/2021:11:31:13 +0000] "-" 408 - "-" "-"
157.38.242.87 - - [01/Aug/2021:11:31:33 +0000] "-" 408 - "-" "-"
157.38.242.87 - - [01/Aug/2021:11:31:33 +0000] "-" 408 - "-" "-"
114.119.131.2 - - [01/Aug/2021:11:33:25 +0000] "GET /images/Successful-Candidate/Akash_Chauhan_NDA_II_2019_Results.jpg HTTP/1.1" 404 263 "-" "Mozilla/5.0 (Linux; Android 7.0;) AppleWebKit/537.36 (KHTML, like Gecko) Mobile Safari/537.36 (compatible; PetalBot;+https://webmaster.petalsearch.com/site/petalbot)"
207.46.13.30 - - [01/Aug/2021:11:33:51 +0000] "GET /nda-coaching-in-delhi.html/js/jquery.bxslider.min.js HTTP/1.1" 404 250 "-" "Mozilla/5.0 (compatible; MSIE 9.0; Windows NT 6.1; Trident/5.0)"
1.39.218.36 - - [01/Aug/2021:11:35:18 +0000] "-" 408 - "-" "-"
157.47.241.187 - - [01/Aug/2021:11:35:48 +0000] "-" 408 - "-" "-"
1.39.218.36 - - [01/Aug/2021:11:35:53 +0000] "-" 408 - "-" "-"
106.207.205.29 - - [01/Aug/2021:11:36:46 +0000] "-" 408 - "-" "-"
106.207.205.29 - - [01/Aug/2021:11:36:54 +0000] "-" 408 - "-" "-"
106.207.205.29 - - [01/Aug/2021:11:36:54 +0000] "-" 408 - "-" "-"
106.207.154.244 - - [01/Aug/2021:11:37:03 +0000] "-" 408 - "-" "-"
157.38.90.19 - - [01/Aug/2021:11:37:58 +0000] "-" 408 - "-" "-"
157.38.90.19 - - [01/Aug/2021:11:37:59 +0000] "-" 408 - "-" "-"
42.105.48.60 - - [01/Aug/2021:11:38:39 +0000] "-" 408 - "-" "-"
42.105.48.60 - - [01/Aug/2021:11:38:39 +0000] "-" 408 - "-" "-"
44.231.229.144 - - [01/Aug/2021:11:39:09 +0000] "GET /ads.txt HTTP/1.1" 404 205 "-" "Apache-HttpClient/4.5.12 (Java/1.8.0_282)"
114.119.146.145 - - [01/Aug/2021:11:40:13 +0000] "GET /updates/wp-content/uploads/2017/05/SBI-Special-Management-Executives-SME-Banking-2017-Notification-Out-250x160.jpg HTTP/1.1" 404 312 "-" "Mozilla/5.0 (Linux; Android 7.0;) AppleWebKit/537.36 (KHTML, like Gecko) Mobile Safari/537.36 (compatible; PetalBot;+https://webmaster.petalsearch.com/site/petalbot)"
66.249.66.23 - - [01/Aug/2021:11:40:18 +0000] "GET /career-with-us.html HTTP/1.1" 404 217 "-" "Mozilla/5.0 (Linux; Android 6.0.1; Nexus 5X Build/MMB29P) AppleWebKit/537.36 (KHTML, like Gecko) Chrome/91.0.4472.90 Mobile Safari/537.36 (compatible; Googlebot/2.1; +http://www.google.com/bot.html)"
157.38.4.79 - - [01/Aug/2021:11:40:50 +0000] "-" 408 - "-" "-"
122.173.30.249 - - [01/Aug/2021:11:40:59 +0000] "-" 408 - "-" "-"
23.100.232.233 - - [01/Aug/2021:11:41:03 +0000] "GET /pdf/NDA-I-2018-Maths-Question-Paper-Code-A.pdf HTTP/1.1" 404 244 "-" "Mozilla/5.0 (compatible; MSIE 9.0; Windows NT 6.0; Trident/5.0; Trident/5.0)"
157.38.48.157 - - [01/Aug/2021:11:42:11 +0000] "-" 408 - "-" "-"
117.234.198.242 - - [01/Aug/2021:11:44:52 +0000] "-" 408 - "-" "-"
117.234.198.242 - - [01/Aug/2021:11:44:52 +0000] "-" 408 - "-" "-"
117.234.198.242 - - [01/Aug/2021:11:46:30 +0000] "-" 408 - "-" "-"
117.234.198.242 - - [01/Aug/2021:11:46:30 +0000] "-" 408 - "-" "-"
52.95.75.20 - - [01/Aug/2021:11:46:36 +0000] "-" 408 - "-" "-"
114.119.146.145 - - [01/Aug/2021:11:47:19 +0000] "GET /updates/daily-current-affairs-22nd-april-2017 HTTP/1.1" 404 243 "-" "Mozilla/5.0 (Linux; Android 7.0;) AppleWebKit/537.36 (KHTML, like Gecko) Mobile Safari/537.36 (compatible; PetalBot;+https://webmaster.petalsearch.com/site/petalbot)"
66.249.66.72 - - [01/Aug/2021:11:52:44 +0000] "GET /online-test-series-for-insurance-exams.html HTTP/1.1" 404 241 "-" "Mozilla/5.0 (Linux; Android 6.0.1; Nexus 5X Build/MMB29P) AppleWebKit/537.36 (KHTML, like Gecko) Chrome/92.0.4515.119 Mobile Safari/537.36 (compatible; Googlebot/2.1; +http://www.google.com/bot.html)"
114.119.150.210 - - [01/Aug/2021:11:54:19 +0000] "GET /updates/daily-current-affairs-23rd-september-2017/ HTTP/1.1" 404 248 "-" "Mozilla/5.0 (Linux; Android 7.0;) AppleWebKit/537.36 (KHTML, like Gecko) Mobile Safari/537.36 (compatible; PetalBot;+https://webmaster.petalsearch.com/site/petalbot)"
40.77.167.19 - - [01/Aug/2021:11:56:05 +0000] "GET /nda.html HTTP/1.1" 404 206 "-" "Mozilla/5.0 (compatible; bingbot/2.0; +http://www.bing.com/bingbot.htm)"
47.29.41.45 - - [01/Aug/2021:11:58:29 +0000] "GET /cds-coaching.html HTTP/1.1" 404 215 "-" "Mozilla/5.0 (Linux; Android 6.0.1; SAMSUNG SM-J500F Build/MMB29M) AppleWebKit/537.36 (KHTML, like Gecko) SamsungBrowser/4.0 Chrome/44.0.2403.133 Mobile Safari/537.36"
47.29.41.45 - - [01/Aug/2021:11:58:29 +0000] "GET /favicon.ico HTTP/1.1" 404 209 "http://aimnachieve.com/cds-coaching.html" "Mozilla/5.0 (Linux; Android 6.0.1; SAMSUNG SM-J500F Build/MMB29M) AppleWebKit/537.36 (KHTML, like Gecko) SamsungBrowser/4.0 Chrome/44.0.2403.133 Mobile Safari/537.36"
106.13.238.108 - - [01/Aug/2021:11:59:21 +0000] "POST //uploads/ddisfheruhtfg.php HTTP/1.1" 404 223 "http://misc.yahoo.com.cn/" "Mozilla/5.0 (compatible; Yahoo! Slurp China; http://misc.yahoo.com.cn/help.html)"
106.13.238.108 - - [01/Aug/2021:11:59:22 +0000] "POST //uploads/ddisfheruhtfg.php HTTP/1.1" 404 223 "http://misc.yahoo.com.cn/" "Mozilla/5.0 (compatible; Yahoo! Slurp China; http://misc.yahoo.com.cn/help.html)"
106.13.238.108 - - [01/Aug/2021:11:59:22 +0000] "POST //uploads/ddisfheruhtfg.php HTTP/1.1" 404 223 "http://misc.yahoo.com.cn/" "Mozilla/5.0 (compatible; Yahoo! Slurp China; http://misc.yahoo.com.cn/help.html)"
114.119.136.155 - - [01/Aug/2021:12:01:31 +0000] "GET /updates/daily-current-affairs-16th-march-2018 HTTP/1.1" 404 243 "-" "Mozilla/5.0 (Linux; Android 7.0;) AppleWebKit/537.36 (KHTML, like Gecko) Mobile Safari/537.36 (compatible; PetalBot;+https://webmaster.petalsearch.com/site/petalbot)"
223.235.42.119 - - [01/Aug/2021:12:02:01 +0000] "-" 408 - "-" "-"
66.249.66.20 - - [01/Aug/2021:12:02:08 +0000] "GET /updates/federal-bank-officers-scale-i-2017-interview-call-letter/ HTTP/1.1" 404 263 "-" "Mozilla/5.0 (Linux; Android 6.0.1; Nexus 5X Build/MMB29P) AppleWebKit/537.36 (KHTML, like Gecko) Chrome/91.0.4472.90 Mobile Safari/537.36 (compatible; Googlebot/2.1; +http://www.google.com/bot.html)"
38.114.114.165 - - [01/Aug/2021:12:02:24 +0000] "GET /favicon.ico HTTP/1.1" 404 209 "-" "Dalvik/2.1.0 (Linux; U; Android 10; SM-J600G Build/QP1A.190711.020)"
38.114.114.165 - - [01/Aug/2021:12:02:25 +0000] "GET /favicon.ico HTTP/1.1" 404 209 "-" "Dalvik/2.1.0 (Linux; U; Android 10; SM-J600G Build/QP1A.190711.020)"
38.114.114.165 - - [01/Aug/2021:12:02:29 +0000] "GET /favicon.ico HTTP/1.1" 404 209 "-" "Dalvik/2.1.0 (Linux; U; Android 10; SM-J600G Build/QP1A.190711.020)"
38.114.114.165 - - [01/Aug/2021:12:02:33 +0000] "GET /favicon.ico HTTP/1.1" 404 209 "-" "Dalvik/2.1.0 (Linux; U; Android 10; SM-J600G Build/QP1A.190711.020)"
38.114.114.165 - - [01/Aug/2021:12:04:08 +0000] "GET /favicon.ico HTTP/1.1" 404 209 "-" "Dalvik/2.1.0 (Linux; U; Android 10; SM-J600G Build/QP1A.190711.020)"
38.114.114.165 - - [01/Aug/2021:12:04:09 +0000] "GET /favicon.ico HTTP/1.1" 404 209 "-" "Dalvik/2.1.0 (Linux; U; Android 10; SM-J600G Build/QP1A.190711.020)"
38.114.114.165 - - [01/Aug/2021:12:04:10 +0000] "GET /favicon.ico HTTP/1.1" 404 209 "-" "Dalvik/2.1.0 (Linux; U; Android 10; SM-J600G Build/QP1A.190711.020)"
38.114.114.165 - - [01/Aug/2021:12:04:11 +0000] "GET /favicon.ico HTTP/1.1" 404 209 "-" "Dalvik/2.1.0 (Linux; U; Android 10; SM-J600G Build/QP1A.190711.020)"
20.99.217.62 - - [01/Aug/2021:12:04:29 +0000] "-" 408 - "-" "-"
38.114.114.165 - - [01/Aug/2021:12:04:37 +0000] "GET /favicon.ico HTTP/1.1" 404 209 "-" "Dalvik/2.1.0 (Linux; U; Android 10; SM-J600G Build/QP1A.190711.020)"
38.114.114.165 - - [01/Aug/2021:12:04:38 +0000] "GET /favicon.ico HTTP/1.1" 404 209 "-" "Dalvik/2.1.0 (Linux; U; Android 10; SM-J600G Build/QP1A.190711.020)"
27.2.127.150 - - [01/Aug/2021:12:05:00 +0000] "-" 408 - "-" "-"
158.69.241.223 - - [01/Aug/2021:12:05:13 +0000] "-" 408 - "-" "-"
77.75.78.170 - - [01/Aug/2021:12:05:41 +0000] "GET /robots.txt HTTP/1.1" 404 208 "-" "Mozilla/5.0 (compatible; SeznamBot/3.2; +http://napoveda.seznam.cz/en/seznambot-intro/)"
77.75.78.170 - - [01/Aug/2021:12:05:42 +0000] "GET /Air-Force-Y-Group-Coaching.html HTTP/1.1" 404 229 "-" "Mozilla/5.0 (compatible; SeznamBot/3.2; +http://napoveda.seznam.cz/en/seznambot-intro/)"
77.75.78.170 - - [01/Aug/2021:12:05:44 +0000] "GET /test-series-for-nda.html HTTP/1.1" 404 222 "-" "Mozilla/5.0 (compatible; SeznamBot/3.2; +http://napoveda.seznam.cz/en/seznambot-intro/)"
114.119.162.33 - - [01/Aug/2021:12:08:21 +0000] "GET /updates/wp-content/uploads/2017/07/AA-Notification-2-250x160.jpg HTTP/1.1" 404 262 "-" "Mozilla/5.0 (Linux; Android 7.0;) AppleWebKit/537.36 (KHTML, like Gecko) Mobile Safari/537.36 (compatible; PetalBot;+https://webmaster.petalsearch.com/site/petalbot)"
223.238.194.64 - - [01/Aug/2021:12:10:46 +0000] "-" 408 - "-" "-"
223.238.194.64 - - [01/Aug/2021:12:10:47 +0000] "-" 408 - "-" "-"
66.249.66.24 - - [01/Aug/2021:12:13:01 +0000] "GET /nda-weekend-batch.html HTTP/1.1" 404 220 "-" "Mozilla/5.0 (Linux; Android 6.0.1; Nexus 5X Build/MMB29P) AppleWebKit/537.36 (KHTML, like Gecko) Chrome/91.0.4472.90 Mobile Safari/537.36 (compatible; Googlebot/2.1; +http://www.google.com/bot.html)"
157.36.113.84 - - [01/Aug/2021:12:13:42 +0000] "-" 408 - "-" "-"
207.46.13.124 - - [01/Aug/2021:12:13:44 +0000] "GET /updates/syndicate-bank-pgdbf-po-2017-18-notification-out/ HTTP/1.1" 404 255 "-" "Mozilla/5.0 (compatible; bingbot/2.0; +http://www.bing.com/bingbot.htm)"
139.167.243.39 - - [01/Aug/2021:12:13:45 +0000] "-" 408 - "-" "-"
139.167.243.39 - - [01/Aug/2021:12:13:45 +0000] "-" 408 - "-" "-"
223.238.194.64 - - [01/Aug/2021:12:14:13 +0000] "-" 408 - "-" "-"
223.238.194.64 - - [01/Aug/2021:12:14:13 +0000] "-" 408 - "-" "-"
114.119.146.145 - - [01/Aug/2021:12:15:26 +0000] "GET /updates/daily-current-affairs-20th-december-2016 HTTP/1.1" 404 246 "-" "Mozilla/5.0 (Linux; Android 7.0;) AppleWebKit/537.36 (KHTML, like Gecko) Mobile Safari/537.36 (compatible; PetalBot;+https://webmaster.petalsearch.com/site/petalbot)"
38.114.114.165 - - [01/Aug/2021:12:18:01 +0000] "GET /favicon.ico HTTP/1.1" 404 209 "-" "Dalvik/2.1.0 (Linux; U; Android 10; SM-J600G Build/QP1A.190711.020)"
38.114.114.165 - - [01/Aug/2021:12:18:02 +0000] "GET /favicon.ico HTTP/1.1" 404 209 "-" "Dalvik/2.1.0 (Linux; U; Android 10; SM-J600G Build/QP1A.190711.020)"
66.249.66.24 - - [01/Aug/2021:12:21:02 +0000] "GET /updates/nda-ii-2017-question-papers-answer-key-solutions/ HTTP/1.1" 404 255 "-" "Mozilla/5.0 (Linux; Android 6.0.1; Nexus 5X Build/MMB29P) AppleWebKit/537.36 (KHTML, like Gecko) Chrome/92.0.4515.119 Mobile Safari/537.36 (compatible; Googlebot/2.1; +http://www.google.com/bot.html)"
38.114.114.165 - - [01/Aug/2021:12:21:41 +0000] "GET /favicon.ico HTTP/1.1" 404 209 "-" "Dalvik/2.1.0 (Linux; U; Android 10; SM-J600G Build/QP1A.190711.020)"
38.114.114.165 - - [01/Aug/2021:12:21:42 +0000] "GET /favicon.ico HTTP/1.1" 404 209 "-" "Dalvik/2.1.0 (Linux; U; Android 10; SM-J600G Build/QP1A.190711.020)"
114.119.146.145 - - [01/Aug/2021:12:22:20 +0000] "GET /updates/wp-content/uploads/2018/04/AA-Current-Affairs-10-250x160.jpg HTTP/1.1" 404 266 "-" "Mozilla/5.0 (Linux; Android 7.0;) AppleWebKit/537.36 (KHTML, like Gecko) Mobile Safari/537.36 (compatible; PetalBot;+https://webmaster.petalsearch.com/site/petalbot)"
66.249.66.24 - - [01/Aug/2021:12:23:56 +0000] "GET /test-series-for-ssc.html HTTP/1.1" 404 222 "-" "Mozilla/5.0 (Linux; Android 6.0.1; Nexus 5X Build/MMB29P) AppleWebKit/537.36 (KHTML, like Gecko) Chrome/91.0.4472.90 Mobile Safari/537.36 (compatible; Googlebot/2.1; +http://www.google.com/bot.html)"
54.173.141.178 - - [01/Aug/2021:12:27:49 +0000] "GET /ads.txt HTTP/1.1" 404 205 "-" "AdsTxtCrawler/1.0.2"
114.119.143.214 - - [01/Aug/2021:12:29:12 +0000] "GET /updates/rrb-recruitment-2016/ HTTP/1.1" 404 227 "-" "Mozilla/5.0 (Linux; Android 7.0;) AppleWebKit/537.36 (KHTML, like Gecko) Mobile Safari/537.36 (compatible; PetalBot;+https://webmaster.petalsearch.com/site/petalbot)"
40.77.167.106 - - [01/Aug/2021:12:30:56 +0000] "GET /downloads.html HTTP/1.1" 404 212 "-" "Mozilla/5.0 (compatible; bingbot/2.0; +http://www.bing.com/bingbot.htm)"
157.55.39.185 - - [01/Aug/2021:12:31:32 +0000] "GET /updates/tag/educational-qualification-for-ibps-rrb/ HTTP/1.1" 404 249 "-" "Mozilla/5.0 (compatible; bingbot/2.0; +http://www.bing.com/bingbot.htm)"
66.249.66.25 - - [01/Aug/2021:12:32:05 +0000] "GET /clat-online-video-classes.html HTTP/1.1" 404 228 "-" "Mozilla/5.0 (Linux; Android 6.0.1; Nexus 5X Build/MMB29P) AppleWebKit/537.36 (KHTML, like Gecko) Chrome/92.0.4515.119 Mobile Safari/537.36 (compatible; Googlebot/2.1; +http://www.google.com/bot.html)"
66.249.66.20 - - [01/Aug/2021:12:34:50 +0000] "GET /our-introduction.html HTTP/1.1" 404 219 "-" "Mozilla/5.0 (Linux; Android 6.0.1; Nexus 5X Build/MMB29P) AppleWebKit/537.36 (KHTML, like Gecko) Chrome/91.0.4472.90 Mobile Safari/537.36 (compatible; Googlebot/2.1; +http://www.google.com/bot.html)"
114.119.146.145 - - [01/Aug/2021:12:36:12 +0000] "GET /updates/page/92 HTTP/1.1" 404 213 "-" "Mozilla/5.0 (Linux; Android 7.0;) AppleWebKit/537.36 (KHTML, like Gecko) Mobile Safari/537.36 (compatible; PetalBot;+https://webmaster.petalsearch.com/site/petalbot)"
157.47.253.111 - - [01/Aug/2021:12:40:52 +0000] "-" 408 - "-" "-"
157.47.253.111 - - [01/Aug/2021:12:40:52 +0000] "-" 408 - "-" "-"
54.36.149.55 - - [01/Aug/2021:12:42:21 +0000] "GET /robots.txt HTTP/1.1" 404 208 "-" "Mozilla/5.0 (compatible; AhrefsBot/7.0; +http://ahrefs.com/robot/)"
114.119.146.145 - - [01/Aug/2021:12:43:07 +0000] "GET /updates/nicl-ao-2017-phase-i-online-exam-call-letters-out HTTP/1.1" 404 255 "-" "Mozilla/5.0 (Linux; Android 7.0;) AppleWebKit/537.36 (KHTML, like Gecko) Mobile Safari/537.36 (compatible; PetalBot;+https://webmaster.petalsearch.com/site/petalbot)"
223.188.42.217 - - [01/Aug/2021:12:43:41 +0000] "-" 408 - "-" "-"
223.188.42.217 - - [01/Aug/2021:12:43:41 +0000] "-" 408 - "-" "-"
103.248.93.82 - - [01/Aug/2021:12:44:21 +0000] "-" 408 - "-" "-"
114.119.143.214 - - [01/Aug/2021:12:50:07 +0000] "GET /clat-faq.html HTTP/1.1" 404 211 "-" "Mozilla/5.0 (Linux; Android 7.0;) AppleWebKit/537.36 (KHTML, like Gecko) Mobile Safari/537.36 (compatible; PetalBot;+https://webmaster.petalsearch.com/site/petalbot)"
66.249.66.24 - - [01/Aug/2021:12:51:02 +0000] "GET /updates/nda-ii-2017-question-papers-answer-key-solutions/ HTTP/1.1" 404 255 "-" "Mozilla/5.0 (compatible; Googlebot/2.1; +http://www.google.com/bot.html)"
66.249.66.22 - - [01/Aug/2021:12:51:18 +0000] "GET /classroom-program-for-ssc.html HTTP/1.1" 404 228 "-" "Mozilla/5.0 (compatible; Googlebot/2.1; +http://www.google.com/bot.html)"
66.249.66.22 - - [01/Aug/2021:12:51:18 +0000] "GET /classroom-program-for-ssc.html HTTP/1.1" 404 228 "-" "Mozilla/5.0 (Linux; Android 6.0.1; Nexus 5X Build/MMB29P) AppleWebKit/537.36 (KHTML, like Gecko) Chrome/92.0.4515.119 Mobile Safari/537.36 (compatible; Googlebot/2.1; +http://www.google.com/bot.html)"
66.249.66.24 - - [01/Aug/2021:12:56:39 +0000] "GET /online-test-series.html HTTP/1.1" 404 221 "-" "Mozilla/5.0 (Linux; Android 6.0.1; Nexus 5X Build/MMB29P) AppleWebKit/537.36 (KHTML, like Gecko) Chrome/91.0.4472.90 Mobile Safari/537.36 (compatible; Googlebot/2.1; +http://www.google.com/bot.html)"
106.207.175.161 - - [01/Aug/2021:12:56:42 +0000] "-" 408 - "-" "-"
114.119.154.26 - - [01/Aug/2021:12:56:54 +0000] "GET /updates/rbi-grade-b-officer-2017-final-cut-off-score-card-out HTTP/1.1" 404 259 "-" "Mozilla/5.0 (Linux; Android 7.0;) AppleWebKit/537.36 (KHTML, like Gecko) Mobile Safari/537.36 (compatible; PetalBot;+https://webmaster.petalsearch.com/site/petalbot)"
157.55.39.185 - - [01/Aug/2021:12:57:06 +0000] "GET /updates/upsc-cds-i-2018-written-result-out-check-here/ HTTP/1.1" 404 252 "-" "Mozilla/5.0 (compatible; bingbot/2.0; +http://www.bing.com/bingbot.htm)"
77.75.79.101 - - [01/Aug/2021:12:57:23 +0000] "GET /robots.txt HTTP/1.1" 404 208 "-" "Mozilla/5.0 (compatible; SeznamBot/3.2; +http://napoveda.seznam.cz/en/seznambot-intro/)"
77.75.79.101 - - [01/Aug/2021:12:57:25 +0000] "GET /eligibility-criteria-for-clat.html HTTP/1.1" 404 232 "-" "Mozilla/5.0 (compatible; SeznamBot/3.2; +http://napoveda.seznam.cz/en/seznambot-intro/)"
157.48.133.19 - - [01/Aug/2021:13:03:20 +0000] "GET /ssc-bank-course-fees-new-batch.html HTTP/1.1" 404 233 "-" "Mozilla/5.0 (Windows NT 10.0; WOW64) AppleWebKit/537.36 (KHTML, like Gecko) Chrome/92.0.4515.107 Safari/537.36"
157.48.133.19 - - [01/Aug/2021:13:03:21 +0000] "GET /favicon.ico HTTP/1.1" 404 209 "http://aimnachieve.com/ssc-bank-course-fees-new-batch.html" "Mozilla/5.0 (Windows NT 10.0; WOW64) AppleWebKit/537.36 (KHTML, like Gecko) Chrome/92.0.4515.107 Safari/537.36"
157.38.231.184 - - [01/Aug/2021:13:03:36 +0000] "-" 408 - "-" "-"
157.38.231.184 - - [01/Aug/2021:13:03:36 +0000] "-" 408 - "-" "-"
114.119.136.155 - - [01/Aug/2021:13:04:01 +0000] "GET /updates/idbi-assistant-manager-exam-call-letter-out HTTP/1.1" 404 249 "-" "Mozilla/5.0 (Linux; Android 7.0;) AppleWebKit/537.36 (KHTML, like Gecko) Mobile Safari/537.36 (compatible; PetalBot;+https://webmaster.petalsearch.com/site/petalbot)"
207.46.13.168 - - [01/Aug/2021:13:04:05 +0000] "GET / HTTP/1.1" 403 209 "-" "Mozilla/5.0 (compatible; bingbot/2.0; +http://www.bing.com/bingbot.htm)"
40.77.167.74 - - [01/Aug/2021:13:09:37 +0000] "GET /updates/rrb-recruitment-2016/ HTTP/1.1" 404 227 "-" "Mozilla/5.0 (compatible; bingbot/2.0; +http://www.bing.com/bingbot.htm)"
106.13.238.108 - - [01/Aug/2021:13:10:58 +0000] "POST //uploads/File/mycer.cer HTTP/1.1" 404 220 "http://misc.yahoo.com.cn/" "Mozilla/5.0 (compatible; Yahoo! Slurp China; http://misc.yahoo.com.cn/help.html)"
106.13.238.108 - - [01/Aug/2021:13:10:58 +0000] "POST //uploads/File/mycer.cer HTTP/1.1" 404 220 "http://misc.yahoo.com.cn/" "Mozilla/5.0 (compatible; Yahoo! Slurp China; http://misc.yahoo.com.cn/help.html)"
106.13.238.108 - - [01/Aug/2021:13:10:59 +0000] "POST //uploads/File/mycer.cer HTTP/1.1" 404 220 "http://misc.yahoo.com.cn/" "Mozilla/5.0 (compatible; Yahoo! Slurp China; http://misc.yahoo.com.cn/help.html)"
106.13.238.108 - - [01/Aug/2021:13:10:59 +0000] "POST //uploads/File/mycer.cer HTTP/1.1" 404 220 "http://misc.yahoo.com.cn/" "Mozilla/5.0 (compatible; Yahoo! Slurp China; http://misc.yahoo.com.cn/help.html)"
114.119.146.145 - - [01/Aug/2021:13:10:59 +0000] "GET /updates/wp-content/uploads/2018/02/AA-Current-Affairs-18-250x160.jpg HTTP/1.1" 404 266 "-" "Mozilla/5.0 (Linux; Android 7.0;) AppleWebKit/537.36 (KHTML, like Gecko) Mobile Safari/537.36 (compatible; PetalBot;+https://webmaster.petalsearch.com/site/petalbot)"
106.13.238.108 - - [01/Aug/2021:13:10:59 +0000] "POST //uploads/File/mycer.cer HTTP/1.1" 404 220 "http://misc.yahoo.com.cn/" "Mozilla/5.0 (compatible; Yahoo! Slurp China; http://misc.yahoo.com.cn/help.html)"
106.13.238.108 - - [01/Aug/2021:13:11:00 +0000] "POST //uploads/File/mycer.cer HTTP/1.1" 404 220 "http://misc.yahoo.com.cn/" "Mozilla/5.0 (compatible; Yahoo! Slurp China; http://misc.yahoo.com.cn/help.html)"
139.167.227.93 - - [01/Aug/2021:13:11:52 +0000] "-" 408 - "-" "-"
34.75.74.153 - - [01/Aug/2021:13:13:45 +0000] "GET /robots.txt HTTP/1.0" 404 208 "-" "ZoominfoBot (zoominfobot at zoominfo dot com)"
34.75.74.153 - - [01/Aug/2021:13:13:46 +0000] "GET /classroom-program-for-ssc.html HTTP/1.0" 404 228 "-" "ZoominfoBot (zoominfobot at zoominfo dot com)"
40.77.167.25 - - [01/Aug/2021:13:14:04 +0000] "GET / HTTP/1.1" 403 209 "-" "Mozilla/5.0 (compatible; bingbot/2.0; +http://www.bing.com/bingbot.htm)"
114.119.131.2 - - [01/Aug/2021:13:18:27 +0000] "GET /updates/daily-current-affairs-28th-march-2017 HTTP/1.1" 404 243 "-" "Mozilla/5.0 (Linux; Android 7.0;) AppleWebKit/537.36 (KHTML, like Gecko) Mobile Safari/537.36 (compatible; PetalBot;+https://webmaster.petalsearch.com/site/petalbot)"
40.77.167.106 - - [01/Aug/2021:13:19:52 +0000] "GET /updates/ibps-clerk-v-po-v-so-v-reserve-list-out/ HTTP/1.1" 404 246 "-" "Mozilla/5.0 (compatible; bingbot/2.0; +http://www.bing.com/bingbot.htm)"
183.136.225.14 - - [01/Aug/2021:13:20:10 +0000] "GET / HTTP/1.1" 403 209 "-" "Mozilla/5.0 (Macintosh; Intel Mac OS X 10.11; rv:47.0) Gecko/20100101 Firefox/47.0"
183.136.225.14 - - [01/Aug/2021:13:20:11 +0000] "GET / HTTP/1.1" 403 209 "-" "Mozilla/5.0 (Windows NT 6.1; WOW64) AppleWebKit/537.36 (KHTML, like Gecko) Chrome/63.0.3239.132 Safari/537.36 QIHU 360SE"
183.136.225.14 - - [01/Aug/2021:13:20:13 +0000] "GET /favicon.ico HTTP/1.1" 404 209 "-" "Mozilla/5.0 (Windows NT 6.1; WOW64) AppleWebKit/537.36 (KHTML, like Gecko) Chrome/63.0.3239.132 Safari/537.36 QIHU 360SE"
34.75.74.153 - - [01/Aug/2021:13:22:26 +0000] "GET /robots.txt HTTP/1.0" 404 208 "-" "ZoominfoBot (zoominfobot at zoominfo dot com)"
34.75.74.153 - - [01/Aug/2021:13:22:27 +0000] "GET /updates/ibps-po-coaching/ HTTP/1.0" 404 223 "-" "ZoominfoBot (zoominfobot at zoominfo dot com)"
207.46.13.124 - - [01/Aug/2021:13:23:39 +0000] "GET /updates/ibps-cwe-pomt-vii-prelim-exam-call-letter-out/ HTTP/1.1" 404 252 "-" "Mozilla/5.0 (compatible; bingbot/2.0; +http://www.bing.com/bingbot.htm)"
114.119.160.195 - - [01/Aug/2021:13:24:44 +0000] "GET /updates/wp-content/uploads/2017/12/AA-Important-Notice-4-250x160.jpg HTTP/1.1" 404 266 "-" "Mozilla/5.0 (Linux; Android 7.0;) AppleWebKit/537.36 (KHTML, like Gecko) Mobile Safari/537.36 (compatible; PetalBot;+https://webmaster.petalsearch.com/site/petalbot)"
207.46.13.168 - - [01/Aug/2021:13:24:58 +0000] "GET /updates/canara-bank-pgdbf-po-2018-19-online-exam-call-letter-out/ HTTP/1.1" 404 263 "-" "Mozilla/5.0 (compatible; bingbot/2.0; +http://www.bing.com/bingbot.htm)"
34.75.74.153 - - [01/Aug/2021:13:26:27 +0000] "GET /updates/category/notification/ HTTP/1.0" 404 228 "-" "ZoominfoBot (zoominfobot at zoominfo dot com)"
1.39.200.17 - - [01/Aug/2021:13:27:45 +0000] "-" 408 - "-" "-"
1.39.200.17 - - [01/Aug/2021:13:27:45 +0000] "-" 408 - "-" "-"
139.167.227.93 - - [01/Aug/2021:13:28:06 +0000] "-" 408 - "-" "-"
66.249.66.72 - - [01/Aug/2021:13:29:23 +0000] "GET /cds-syllabus.html HTTP/1.1" 404 215 "-" "Mozilla/5.0 (Linux; Android 6.0.1; Nexus 5X Build/MMB29P) AppleWebKit/537.36 (KHTML, like Gecko) Chrome/91.0.4472.90 Mobile Safari/537.36 (compatible; Googlebot/2.1; +http://www.google.com/bot.html)"
34.75.74.153 - - [01/Aug/2021:13:29:33 +0000] "GET /about-state-tet-ctet.html HTTP/1.0" 404 223 "-" "ZoominfoBot (zoominfobot at zoominfo dot com)"
34.75.74.153 - - [01/Aug/2021:13:30:30 +0000] "GET /cds-coaching.html HTTP/1.0" 404 215 "-" "ZoominfoBot (zoominfobot at zoominfo dot com)"
207.46.13.168 - - [01/Aug/2021:13:31:18 +0000] "GET /images/Successful-Candidate/Sourabh_Kumar_ssc_cgl_2017.jpg HTTP/1.1" 404 256 "-" "Mozilla/5.0 (compatible; bingbot/2.0; +http://www.bing.com/bingbot.htm)"
98.115.181.176 - - [01/Aug/2021:13:31:30 +0000] "-" 408 - "-" "-"
34.75.74.153 - - [01/Aug/2021:13:31:37 +0000] "GET /clat.html HTTP/1.0" 404 207 "-" "ZoominfoBot (zoominfobot at zoominfo dot com)"
114.119.136.155 - - [01/Aug/2021:13:31:38 +0000] "GET /updates/rbi-assistant-special-drive-for-pwd-2018-main-exam-call-letter-out HTTP/1.1" 404 272 "-" "Mozilla/5.0 (Linux; Android 7.0;) AppleWebKit/537.36 (KHTML, like Gecko) Mobile Safari/537.36 (compatible; PetalBot;+https://webmaster.petalsearch.com/site/petalbot)"
66.249.66.74 - - [01/Aug/2021:13:32:20 +0000] "GET /nda-crash-course.html HTTP/1.1" 404 219 "-" "Mozilla/5.0 (Linux; Android 6.0.1; Nexus 5X Build/MMB29P) AppleWebKit/537.36 (KHTML, like Gecko) Chrome/92.0.4515.119 Mobile Safari/537.36 (compatible; Googlebot/2.1; +http://www.google.com/bot.html)"
34.75.74.153 - - [01/Aug/2021:13:33:09 +0000] "GET /cds-coaching.html HTTP/1.0" 404 215 "-" "ZoominfoBot (zoominfobot at zoominfo dot com)"
34.75.74.153 - - [01/Aug/2021:13:34:01 +0000] "GET /classroom-program-for-bank.html HTTP/1.0" 404 229 "-" "ZoominfoBot (zoominfobot at zoominfo dot com)"
34.75.74.153 - - [01/Aug/2021:13:37:50 +0000] "GET /dsssb-coaching.html HTTP/1.0" 404 217 "-" "ZoominfoBot (zoominfobot at zoominfo dot com)"
34.75.74.153 - - [01/Aug/2021:13:37:57 +0000] "GET /nda-coaching-in-delhi.html HTTP/1.0" 404 224 "-" "ZoominfoBot (zoominfobot at zoominfo dot com)"
103.70.86.149 - - [01/Aug/2021:13:38:31 +0000] "-" 408 - "-" "-"
103.70.86.149 - - [01/Aug/2021:13:38:31 +0000] "-" 408 - "-" "-"
114.119.143.214 - - [01/Aug/2021:13:38:35 +0000] "GET /updates/wp-content/uploads/2018/03/AA-Final-Result-6-250x160.jpg HTTP/1.1" 404 262 "-" "Mozilla/5.0 (Linux; Android 7.0;) AppleWebKit/537.36 (KHTML, like Gecko) Mobile Safari/537.36 (compatible; PetalBot;+https://webmaster.petalsearch.com/site/petalbot)"
66.249.66.21 - - [01/Aug/2021:13:38:43 +0000] "GET /test-series-for-ssc.html HTTP/1.1" 404 222 "-" "Mozilla/5.0 (Linux; Android 6.0.1; Nexus 5X Build/MMB29P) AppleWebKit/537.36 (KHTML, like Gecko) Chrome/92.0.4515.119 Mobile Safari/537.36 (compatible; Googlebot/2.1; +http://www.google.com/bot.html)"
185.191.171.1 - - [01/Aug/2021:13:39:00 +0000] "GET /robots.txt HTTP/1.1" 404 208 "-" "Mozilla/5.0 (compatible; SemrushBot/7~bl; +http://www.semrush.com/bot.html)"
185.191.171.3 - - [01/Aug/2021:13:39:01 +0000] "GET /current-affairs.html HTTP/1.1" 404 218 "-" "Mozilla/5.0 (compatible; SemrushBot/7~bl; +http://www.semrush.com/bot.html)"
40.77.167.74 - - [01/Aug/2021:13:39:12 +0000] "GET /updates/tag/nda-2018-cut-off/ HTTP/1.1" 404 227 "-" "Mozilla/5.0 (compatible; bingbot/2.0; +http://www.bing.com/bingbot.htm)"
157.55.39.185 - - [01/Aug/2021:13:39:28 +0000] "GET /updates/ssc-notice-from-the-desk-of-the-chairman/ HTTP/1.1" 404 247 "-" "Mozilla/5.0 (compatible; bingbot/2.0; +http://www.bing.com/bingbot.htm)"
20.69.150.214 - - [01/Aug/2021:13:40:12 +0000] "-" 408 - "-" "-"
66.249.66.21 - - [01/Aug/2021:13:40:18 +0000] "GET /ibps-po-mt.html HTTP/1.1" 404 213 "-" "Mozilla/5.0 (Linux; Android 6.0.1; Nexus 5X Build/MMB29P) AppleWebKit/537.36 (KHTML, like Gecko) Chrome/91.0.4472.90 Mobile Safari/537.36 (compatible; Googlebot/2.1; +http://www.google.com/bot.html)"
66.249.66.24 - - [01/Aug/2021:13:41:50 +0000] "GET /updates/daily-current-affairs-29th-december-2016/ HTTP/1.1" 404 247 "-" "Mozilla/5.0 (Linux; Android 6.0.1; Nexus 5X Build/MMB29P) AppleWebKit/537.36 (KHTML, like Gecko) Chrome/91.0.4472.90 Mobile Safari/537.36 (compatible; Googlebot/2.1; +http://www.google.com/bot.html)"
34.75.74.153 - - [01/Aug/2021:13:43:36 +0000] "GET /clat-classroom-program.html HTTP/1.0" 404 225 "-" "ZoominfoBot (zoominfobot at zoominfo dot com)"
114.119.160.195 - - [01/Aug/2021:13:45:41 +0000] "GET /updates/category/current-affairs/page/30 HTTP/1.1" 404 238 "-" "Mozilla/5.0 (Linux; Android 7.0;) AppleWebKit/537.36 (KHTML, like Gecko) Mobile Safari/537.36 (compatible; PetalBot;+https://webmaster.petalsearch.com/site/petalbot)"
34.75.74.153 - - [01/Aug/2021:13:46:20 +0000] "GET /afcat.html HTTP/1.0" 404 208 "-" "ZoominfoBot (zoominfobot at zoominfo dot com)"
34.75.74.153 - - [01/Aug/2021:13:47:41 +0000] "GET /dsssb-coaching.html HTTP/1.0" 404 217 "-" "ZoominfoBot (zoominfobot at zoominfo dot com)"
66.249.66.22 - - [01/Aug/2021:13:48:25 +0000] "GET /ssc-chsl.html HTTP/1.1" 404 211 "-" "Mozilla/5.0 (Linux; Android 6.0.1; Nexus 5X Build/MMB29P) AppleWebKit/537.36 (KHTML, like Gecko) Chrome/92.0.4515.119 Mobile Safari/537.36 (compatible; Googlebot/2.1; +http://www.google.com/bot.html)"
17.121.112.81 - - [01/Aug/2021:13:50:48 +0000] "GET /robots.txt HTTP/1.1" 404 208 "-" "Mozilla/5.0 (Macintosh; Intel Mac OS X 10_15_5) AppleWebKit/605.1.15 (KHTML, like Gecko) Version/13.1.1 Safari/605.1.15 (Applebot/0.1; +http://www.apple.com/go/applebot)"
17.121.112.81 - - [01/Aug/2021:13:50:49 +0000] "GET /updates/tag/nda-1-2020-age-limit/ HTTP/1.1" 404 231 "-" "Mozilla/5.0 (Macintosh; Intel Mac OS X 10_15_5) AppleWebKit/605.1.15 (KHTML, like Gecko) Version/13.1.1 Safari/605.1.15 (Applebot/0.1; +http://www.apple.com/go/applebot)"
114.119.150.210 - - [01/Aug/2021:13:52:31 +0000] "GET /updates/exim-bank-special-recruitment-drive-2017-final-result-out HTTP/1.1" 404 263 "-" "Mozilla/5.0 (Linux; Android 7.0;) AppleWebKit/537.36 (KHTML, like Gecko) Mobile Safari/537.36 (compatible; PetalBot;+https://webmaster.petalsearch.com/site/petalbot)"
77.75.76.170 - - [01/Aug/2021:13:53:21 +0000] "GET /robots.txt HTTP/1.1" 404 208 "-" "Mozilla/5.0 (compatible; SeznamBot/3.2; +http://napoveda.seznam.cz/en/seznambot-intro/)"
77.75.76.170 - - [01/Aug/2021:13:53:22 +0000] "GET /rbi-assistant.html HTTP/1.1" 404 216 "-" "Mozilla/5.0 (compatible; SeznamBot/3.2; +http://napoveda.seznam.cz/en/seznambot-intro/)"
157.47.136.104 - - [01/Aug/2021:13:55:48 +0000] "-" 408 - "-" "-"
83.229.75.113 - - [01/Aug/2021:13:56:07 +0000] "GET /.env HTTP/1.1" 404 202 "-" "Mozilla/5.0 (X11; Linux x86_64) AppleWebKit/537.36 (KHTML, like Gecko) Chrome/81.0.4044.129 Safari/537.36"
83.229.75.113 - - [01/Aug/2021:13:56:08 +0000] "POST / HTTP/1.1" 404 198 "-" "Mozilla/5.0 (X11; Linux x86_64) AppleWebKit/537.36 (KHTML, like Gecko) Chrome/81.0.4044.129 Safari/537.36"
106.79.226.67 - - [01/Aug/2021:13:57:54 +0000] "-" 408 - "-" "-"
157.38.255.63 - - [01/Aug/2021:13:58:51 +0000] "-" 408 - "-" "-"
157.38.255.63 - - [01/Aug/2021:13:58:51 +0000] "-" 408 - "-" "-"
114.119.160.248 - - [01/Aug/2021:13:59:25 +0000] "GET /updates/wp-content/uploads/2016/12/AA-Weekly-Quiz-16122016-300x251.jpg HTTP/1.1" 404 268 "-" "Mozilla/5.0 (Linux; Android 7.0;) AppleWebKit/537.36 (KHTML, like Gecko) Mobile Safari/537.36 (compatible; PetalBot;+https://webmaster.petalsearch.com/site/petalbot)"
66.249.66.24 - - [01/Aug/2021:13:59:29 +0000] "GET / HTTP/1.1" 403 209 "-" "Mozilla/5.0 (Linux; Android 6.0.1; Nexus 5X Build/MMB29P) AppleWebKit/537.36 (KHTML, like Gecko) Chrome/92.0.4515.119 Mobile Safari/537.36 (compatible; Googlebot/2.1; +http://www.google.com/bot.html)"
34.75.74.153 - - [01/Aug/2021:14:00:07 +0000] "GET /clat-online-video-classes.html HTTP/1.0" 404 228 "-" "ZoominfoBot (zoominfobot at zoominfo dot com)"
34.75.74.153 - - [01/Aug/2021:14:00:33 +0000] "GET /index.html HTTP/1.0" 404 208 "-" "ZoominfoBot (zoominfobot at zoominfo dot com)"
106.214.106.166 - - [01/Aug/2021:14:00:38 +0000] "-" 408 - "-" "-"
34.75.74.153 - - [01/Aug/2021:14:00:40 +0000] "GET /clat-exam/ HTTP/1.0" 404 208 "-" "ZoominfoBot (zoominfobot at zoominfo dot com)"
17.121.113.206 - - [01/Aug/2021:14:00:42 +0000] "GET /updates/common-law-admission-test-clat-2018-online-exam-call-letter-out/ HTTP/1.1" 404 270 "-" "Mozilla/5.0 (Macintosh; Intel Mac OS X 10_15_5) AppleWebKit/605.1.15 (KHTML, like Gecko) Version/13.1.1 Safari/605.1.15 (Applebot/0.1; +http://www.apple.com/go/applebot)"
157.47.245.79 - - [01/Aug/2021:14:03:08 +0000] "-" 408 - "-" "-"
157.47.245.79 - - [01/Aug/2021:14:03:08 +0000] "-" 408 - "-" "-"
152.57.124.210 - - [01/Aug/2021:14:04:00 +0000] "-" 408 - "-" "-"
152.57.124.210 - - [01/Aug/2021:14:04:13 +0000] "-" 408 - "-" "-"
40.77.167.74 - - [01/Aug/2021:14:04:42 +0000] "GET /images/login-banner.jpg HTTP/1.1" 404 221 "-" "Mozilla/5.0 (compatible; bingbot/2.0; +http://www.bing.com/bingbot.htm)"
34.75.74.153 - - [01/Aug/2021:14:04:53 +0000] "GET /ctet-coaching.html HTTP/1.0" 404 216 "-" "ZoominfoBot (zoominfobot at zoominfo dot com)"
114.119.150.210 - - [01/Aug/2021:14:06:27 +0000] "GET /updates/wp-content/uploads/2017/11/AA-Marks-1-1-250x160.jpg HTTP/1.1" 404 257 "-" "Mozilla/5.0 (Linux; Android 7.0;) AppleWebKit/537.36 (KHTML, like Gecko) Mobile Safari/537.36 (compatible; PetalBot;+https://webmaster.petalsearch.com/site/petalbot)"
34.75.74.153 - - [01/Aug/2021:14:06:45 +0000] "GET /about-state-tet-ctet.html HTTP/1.0" 404 223 "-" "ZoominfoBot (zoominfobot at zoominfo dot com)"
34.75.74.153 - - [01/Aug/2021:14:07:19 +0000] "GET /ctet-coaching.html HTTP/1.0" 404 216 "-" "ZoominfoBot (zoominfobot at zoominfo dot com)"
34.75.74.153 - - [01/Aug/2021:14:09:24 +0000] "GET /updates/nda-i-2019-question-papers-answer-key-solutions/ HTTP/1.0" 404 254 "-" "ZoominfoBot (zoominfobot at zoominfo dot com)"
66.249.66.20 - - [01/Aug/2021:14:09:54 +0000] "GET /cds-cut-off.html HTTP/1.1" 404 214 "-" "Mozilla/5.0 (Linux; Android 6.0.1; Nexus 5X Build/MMB29P) AppleWebKit/537.36 (KHTML, like Gecko) Chrome/92.0.4515.119 Mobile Safari/537.36 (compatible; Googlebot/2.1; +http://www.google.com/bot.html)"
34.75.74.153 - - [01/Aug/2021:14:12:42 +0000] "GET /classroom-program-for-bank.html HTTP/1.0" 404 229 "-" "ZoominfoBot (zoominfobot at zoominfo dot com)"
34.75.74.153 - - [01/Aug/2021:14:12:55 +0000] "GET /updates/cds-ii-2019-question-papers-answer-key-solutions/ HTTP/1.0" 404 255 "-" "ZoominfoBot (zoominfobot at zoominfo dot com)"
34.75.74.153 - - [01/Aug/2021:14:12:57 +0000] "GET /afcat.html HTTP/1.0" 404 208 "-" "ZoominfoBot (zoominfobot at zoominfo dot com)"
66.249.66.24 - - [01/Aug/2021:14:13:01 +0000] "GET /Indian-Banking-Scenario.html HTTP/1.1" 404 226 "-" "Mozilla/5.0 (compatible; Googlebot/2.1; +http://www.google.com/bot.html)"
34.75.74.153 - - [01/Aug/2021:14:13:11 +0000] "GET /classroom-program-for-ssc.html HTTP/1.0" 404 228 "-" "ZoominfoBot (zoominfobot at zoominfo dot com)"
114.119.131.2 - - [01/Aug/2021:14:13:22 +0000] "GET /updates/wp-content/uploads/2017/01/AA-Current-Affairs-10012017-300x251.jpg HTTP/1.1" 404 272 "-" "Mozilla/5.0 (Linux; Android 7.0;) AppleWebKit/537.36 (KHTML, like Gecko) Mobile Safari/537.36 (compatible; PetalBot;+https://webmaster.petalsearch.com/site/petalbot)"
34.75.74.153 - - [01/Aug/2021:14:14:30 +0000] "GET /nda-coaching-in-delhi.html HTTP/1.0" 404 224 "-" "ZoominfoBot (zoominfobot at zoominfo dot com)"
40.77.167.74 - - [01/Aug/2021:14:16:45 +0000] "GET /updates/daily-current-affairs-20th-june-2018/ HTTP/1.1" 404 243 "-" "Mozilla/5.0 (compatible; bingbot/2.0; +http://www.bing.com/bingbot.htm)"
34.75.74.153 - - [01/Aug/2021:14:19:35 +0000] "GET /updates/ibps-clerk-coaching/ HTTP/1.0" 404 226 "-" "ZoominfoBot (zoominfobot at zoominfo dot com)"
66.249.66.20 - - [01/Aug/2021:14:19:42 +0000] "GET /updates/daily-current-affairs-12th-december-2016/ HTTP/1.1" 404 247 "-" "Mozilla/5.0 (Linux; Android 6.0.1; Nexus 5X Build/MMB29P) AppleWebKit/537.36 (KHTML, like Gecko) Chrome/91.0.4472.90 Mobile Safari/537.36 (compatible; Googlebot/2.1; +http://www.google.com/bot.html)"
114.119.150.210 - - [01/Aug/2021:14:20:26 +0000] "GET /updates/page/81?wordfence_logHuman=1 HTTP/1.1" 404 213 "-" "Mozilla/5.0 (Linux; Android 7.0;) AppleWebKit/537.36 (KHTML, like Gecko) Mobile Safari/537.36 (compatible; PetalBot;+https://webmaster.petalsearch.com/site/petalbot)"
34.75.74.153 - - [01/Aug/2021:14:21:55 +0000] "GET /index.html HTTP/1.0" 404 208 "-" "ZoominfoBot (zoominfobot at zoominfo dot com)"
