114.119.134.232 - - [30/Jul/2021:21:08:30 +0000] "GET /updates/daily-current-affairs-27th-march-2017 HTTP/1.1" 404 243 "-" "Mozilla/5.0 (Linux; Android 7.0;) AppleWebKit/537.36 (KHTML, like Gecko) Mobile Safari/537.36 (compatible; PetalBot;+https://webmaster.petalsearch.com/site/petalbot)"
40.77.167.30 - - [30/Jul/2021:21:12:36 +0000] "GET /du-llb-entrance-exam-coaching.html HTTP/1.1" 404 232 "-" "Mozilla/5.0 (compatible; bingbot/2.0; +http://www.bing.com/bingbot.htm)"
114.119.154.81 - - [30/Jul/2021:21:16:53 +0000] "GET /updates/category/ctet-exams/ HTTP/1.1" 404 226 "-" "Mozilla/5.0 (Linux; Android 7.0;) AppleWebKit/537.36 (KHTML, like Gecko) Mobile Safari/537.36 (compatible; PetalBot;+https://webmaster.petalsearch.com/site/petalbot)"
66.249.66.24 - - [30/Jul/2021:21:20:09 +0000] "GET /images/youtube.png HTTP/1.1" 404 216 "-" "Googlebot-Image/1.0"
157.55.39.185 - - [30/Jul/2021:21:26:29 +0000] "GET /images/sbi-po-classes.jpg HTTP/1.1" 404 223 "-" "Mozilla/5.0 (compatible; bingbot/2.0; +http://www.bing.com/bingbot.htm)"
106.13.238.108 - - [30/Jul/2021:21:31:15 +0000] "POST //tools/jz.php HTTP/1.1" 404 210 "http://misc.yahoo.com.cn/" "Mozilla/5.0 (compatible; Yahoo! Slurp China; http://misc.yahoo.com.cn/help.html)"
106.13.238.108 - - [30/Jul/2021:21:31:15 +0000] "POST //tools/jz.php HTTP/1.1" 404 210 "http://misc.yahoo.com.cn/" "Mozilla/5.0 (compatible; Yahoo! Slurp China; http://misc.yahoo.com.cn/help.html)"
106.13.238.108 - - [30/Jul/2021:21:31:15 +0000] "POST //tools/jz.php HTTP/1.1" 404 210 "http://misc.yahoo.com.cn/" "Mozilla/5.0 (compatible; Yahoo! Slurp China; http://misc.yahoo.com.cn/help.html)"
199.16.157.180 - - [30/Jul/2021:21:31:27 +0000] "GET /images/LLB-Entrance-Exam-Coaching.png HTTP/1.1" 404 235 "-" "Twitterbot/1.0"
199.16.157.181 - - [30/Jul/2021:21:31:27 +0000] "GET /india-post-bank-exam-coaching.html HTTP/1.1" 404 232 "-" "Twitterbot/1.0"
199.16.157.181 - - [30/Jul/2021:21:31:27 +0000] "GET /du-llb-entrance-exam-coaching.html HTTP/1.1" 404 232 "-" "Twitterbot/1.0"
107.178.236.27 - - [30/Jul/2021:21:32:21 +0000] "GET /ads.txt HTTP/1.1" 404 205 "-" "axios/0.18.1"
107.178.236.27 - - [30/Jul/2021:21:32:21 +0000] "GET /ads.txt HTTP/1.1" 404 205 "-" "axios/0.18.1"
114.119.162.33 - - [30/Jul/2021:21:33:12 +0000] "GET /updates/tag/ssc-cgl-coaching-in-yusuf-sarai-delhi HTTP/1.1" 404 247 "-" "Mozilla/5.0 (Linux; Android 7.0;) AppleWebKit/537.36 (KHTML, like Gecko) Mobile Safari/537.36 (compatible; PetalBot;+https://webmaster.petalsearch.com/site/petalbot)"
18.119.123.92 - - [30/Jul/2021:21:35:24 +0000] "GET /pdf/SBI-PO-Recruitment-2019.pdf HTTP/1.1" 404 229 "-" "Mozilla/5.0 (Windows NT 10.0; WOW64; Rv:50.0) Gecko/20100101 Firefox/50.0"
207.46.13.168 - - [30/Jul/2021:21:37:01 +0000] "GET /updates/page/66/ HTTP/1.1" 404 214 "-" "Mozilla/5.0 (compatible; bingbot/2.0; +http://www.bing.com/bingbot.htm)"
40.77.167.25 - - [30/Jul/2021:21:37:55 +0000] "GET /images/IBPS-Clerk-Online-Test-Series.png HTTP/1.1" 404 238 "-" "Mozilla/5.0 (compatible; bingbot/2.0; +http://www.bing.com/bingbot.htm)"
40.77.167.74 - - [30/Jul/2021:21:39:17 +0000] "GET /updates/daily-current-affairs-9th-february-2017/ HTTP/1.1" 404 246 "-" "Mozilla/5.0 (compatible; bingbot/2.0; +http://www.bing.com/bingbot.htm)"
114.119.143.214 - - [30/Jul/2021:21:41:12 +0000] "GET /updates/category/current-affairs/page/59/ HTTP/1.1" 404 239 "-" "Mozilla/5.0 (Linux; Android 7.0;) AppleWebKit/537.36 (KHTML, like Gecko) Mobile Safari/537.36 (compatible; PetalBot;+https://webmaster.petalsearch.com/site/petalbot)"
109.80.38.134 - - [30/Jul/2021:21:45:39 +0000] "-" 408 - "-" "-"
114.119.154.26 - - [30/Jul/2021:21:49:28 +0000] "GET /updates/daily-current-affairs-18th-march-2017 HTTP/1.1" 404 243 "-" "Mozilla/5.0 (Linux; Android 7.0;) AppleWebKit/537.36 (KHTML, like Gecko) Mobile Safari/537.36 (compatible; PetalBot;+https://webmaster.petalsearch.com/site/petalbot)"
40.77.167.106 - - [30/Jul/2021:21:50:04 +0000] "GET /faq.html HTTP/1.1" 404 206 "-" "Mozilla/5.0 (compatible; bingbot/2.0; +http://www.bing.com/bingbot.htm)"
66.249.66.83 - - [30/Jul/2021:21:51:18 +0000] "GET /robots.txt HTTP/1.1" 404 208 "-" "Mozilla/5.0 (compatible; Googlebot/2.1; +http://www.google.com/bot.html)"
66.249.66.83 - - [30/Jul/2021:21:51:19 +0000] "GET /dsssb-coaching.html HTTP/1.1" 404 217 "-" "Mozilla/5.0 (Linux; Android 6.0.1; Nexus 5X Build/MMB29P) AppleWebKit/537.36 (KHTML, like Gecko) Chrome/92.0.4515.119 Mobile Safari/537.36 (compatible; Googlebot/2.1; +http://www.google.com/bot.html)"
114.119.160.248 - - [30/Jul/2021:21:57:40 +0000] "GET /updates/ssc-non-technical-exam-2016-paper-i-call-letter-out HTTP/1.1" 404 257 "-" "Mozilla/5.0 (Linux; Android 7.0;) AppleWebKit/537.36 (KHTML, like Gecko) Mobile Safari/537.36 (compatible; PetalBot;+https://webmaster.petalsearch.com/site/petalbot)"
20.191.45.212 - - [30/Jul/2021:22:02:49 +0000] "GET / HTTP/1.1" 200 5048 "http://www.aimnachieve.com/" "Mozilla/5.0 (compatible; DuckDuckGo-Favicons-Bot/1.0; +http://duckduckgo.com)"
20.191.45.212 - - [30/Jul/2021:22:02:49 +0000] "GET /favicon.ico HTTP/1.1" 404 209 "http://www.aimnachieve.com/favicon.ico" "Mozilla/5.0 (compatible; DuckDuckGo-Favicons-Bot/1.0; +http://duckduckgo.com)"
114.119.146.145 - - [30/Jul/2021:22:05:55 +0000] "GET /updates/daily-current-affairs-28th-december-2016/ HTTP/1.1" 404 247 "-" "Mozilla/5.0 (Linux; Android 7.0;) AppleWebKit/537.36 (KHTML, like Gecko) Mobile Safari/537.36 (compatible; PetalBot;+https://webmaster.petalsearch.com/site/petalbot)"
66.249.66.24 - - [30/Jul/2021:22:13:43 +0000] "GET /ads.txt HTTP/1.1" 404 205 "-" "Mozilla/5.0 (compatible; Googlebot/2.1; +http://www.google.com/bot.html)"
114.119.146.145 - - [30/Jul/2021:22:14:03 +0000] "GET /updates/tag/ibps-bank-po-eligibility-criteria HTTP/1.1" 404 243 "-" "Mozilla/5.0 (Linux; Android 7.0;) AppleWebKit/537.36 (KHTML, like Gecko) Mobile Safari/537.36 (compatible; PetalBot;+https://webmaster.petalsearch.com/site/petalbot)"
207.46.13.168 - - [30/Jul/2021:22:14:43 +0000] "GET /updates/tag/nda-exam/ HTTP/1.1" 404 219 "-" "Mozilla/5.0 (compatible; bingbot/2.0; +http://www.bing.com/bingbot.htm)"
40.77.167.30 - - [30/Jul/2021:22:15:50 +0000] "GET /images/CLAT-Preparation.jpg HTTP/1.1" 404 225 "-" "Mozilla/5.0 (compatible; bingbot/2.0; +http://www.bing.com/bingbot.htm)"
114.119.136.155 - - [30/Jul/2021:22:22:27 +0000] "GET /updates/tag/important-dates-for-ctet-feb-2016-exams HTTP/1.1" 404 249 "-" "Mozilla/5.0 (Linux; Android 7.0;) AppleWebKit/537.36 (KHTML, like Gecko) Mobile Safari/537.36 (compatible; PetalBot;+https://webmaster.petalsearch.com/site/petalbot)"
157.38.240.4 - - [30/Jul/2021:22:22:32 +0000] "-" 408 - "-" "-"
157.38.240.4 - - [30/Jul/2021:22:22:52 +0000] "-" 408 - "-" "-"
157.38.240.4 - - [30/Jul/2021:22:23:14 +0000] "-" 408 - "-" "-"
157.38.240.4 - - [30/Jul/2021:22:23:14 +0000] "-" 408 - "-" "-"
172.70.34.165 - - [30/Jul/2021:22:24:08 +0000] "GET /robots.txt HTTP/1.1" 404 208 "-" "Mozilla/5.0 (compatible; Googlebot/2.1; +http://www.google.com/bot.html)"
172.69.63.14 - - [30/Jul/2021:22:24:09 +0000] "GET /product/craftsman-edge-utility-cutter HTTP/1.1" 404 235 "-" "Mozilla/5.0 (Linux; Android 6.0.1; Nexus 5X Build/MMB29P) AppleWebKit/537.36 (KHTML, like Gecko) Chrome/92.0.4515.119 Mobile Safari/537.36 (compatible; Googlebot/2.1; +http://www.google.com/bot.html)"
66.249.66.22 - - [30/Jul/2021:22:30:07 +0000] "GET /ssc-chsl.html HTTP/1.1" 404 211 "-" "Mozilla/5.0 (Linux; Android 6.0.1; Nexus 5X Build/MMB29P) AppleWebKit/537.36 (KHTML, like Gecko) Chrome/92.0.4515.119 Mobile Safari/537.36 (compatible; Googlebot/2.1; +http://www.google.com/bot.html)"
114.119.160.195 - - [30/Jul/2021:22:30:20 +0000] "GET /pdf/SSC_GD_Constable_Recruitment_2018.pdf HTTP/1.1" 404 239 "-" "Mozilla/5.0 (Linux; Android 7.0;) AppleWebKit/537.36 (KHTML, like Gecko) Mobile Safari/537.36 (compatible; PetalBot;+https://webmaster.petalsearch.com/site/petalbot)"
136.144.41.236 - - [30/Jul/2021:22:30:55 +0000] "GET / HTTP/1.1" 200 5048 "-" "python-requests/2.26.0"
66.249.66.23 - - [30/Jul/2021:22:34:51 +0000] "GET /nda-previous-year-question-papers.html HTTP/1.1" 404 236 "-" "Mozilla/5.0 (Linux; Android 6.0.1; Nexus 5X Build/MMB29P) AppleWebKit/537.36 (KHTML, like Gecko) Chrome/91.0.4472.90 Mobile Safari/537.36 (compatible; Googlebot/2.1; +http://www.google.com/bot.html)"
106.13.238.108 - - [30/Jul/2021:22:38:16 +0000] "POST //tools/life/jiufang/?q={${eval($_POST['admin'])}} HTTP/1.1" 404 217 "http://misc.yahoo.com.cn/" "Mozilla/5.0 (compatible; Yahoo! Slurp China; http://misc.yahoo.com.cn/help.html)"
106.13.238.108 - - [30/Jul/2021:22:38:16 +0000] "POST //tools/life/jiufang/?q={${eval($_POST['admin'])}} HTTP/1.1" 404 217 "http://misc.yahoo.com.cn/" "Mozilla/5.0 (compatible; Yahoo! Slurp China; http://misc.yahoo.com.cn/help.html)"
106.13.238.108 - - [30/Jul/2021:22:38:16 +0000] "POST //tools/life/jiufang/?q={${eval($_POST['admin'])}} HTTP/1.1" 404 217 "http://misc.yahoo.com.cn/" "Mozilla/5.0 (compatible; Yahoo! Slurp China; http://misc.yahoo.com.cn/help.html)"
106.13.238.108 - - [30/Jul/2021:22:38:17 +0000] "POST //tools/life/jiufang/?q={${eval($_POST['admin'])}} HTTP/1.1" 404 217 "http://misc.yahoo.com.cn/" "Mozilla/5.0 (compatible; Yahoo! Slurp China; http://misc.yahoo.com.cn/help.html)"
106.13.238.108 - - [30/Jul/2021:22:38:17 +0000] "POST //tools/life/jiufang/?q={${eval($_POST['admin'])}} HTTP/1.1" 404 217 "http://misc.yahoo.com.cn/" "Mozilla/5.0 (compatible; Yahoo! Slurp China; http://misc.yahoo.com.cn/help.html)"
106.13.238.108 - - [30/Jul/2021:22:38:17 +0000] "POST //tools/life/jiufang/?q={${eval($_POST['admin'])}} HTTP/1.1" 404 217 "http://misc.yahoo.com.cn/" "Mozilla/5.0 (compatible; Yahoo! Slurp China; http://misc.yahoo.com.cn/help.html)"
114.119.160.195 - - [30/Jul/2021:22:38:21 +0000] "GET /Career-in-Banks.html HTTP/1.1" 404 218 "-" "Mozilla/5.0 (Linux; Android 7.0;) AppleWebKit/537.36 (KHTML, like Gecko) Mobile Safari/537.36 (compatible; PetalBot;+https://webmaster.petalsearch.com/site/petalbot)"
66.249.66.22 - - [30/Jul/2021:22:39:10 +0000] "GET /pdf/nda-i-2016-maths%20question-paper.pdf HTTP/1.1" 404 237 "-" "Mozilla/5.0 (Linux; Android 6.0.1; Nexus 5X Build/MMB29P) AppleWebKit/537.36 (KHTML, like Gecko) Chrome/92.0.4515.119 Mobile Safari/537.36 (compatible; Googlebot/2.1; +http://www.google.com/bot.html)"
207.46.13.168 - - [30/Jul/2021:22:40:16 +0000] "GET / HTTP/1.1" 200 5048 "-" "Mozilla/5.0 (compatible; bingbot/2.0; +http://www.bing.com/bingbot.htm)"
185.191.171.20 - - [30/Jul/2021:22:42:11 +0000] "GET /robots.txt HTTP/1.1" 404 208 "-" "Mozilla/5.0 (compatible; SemrushBot/7~bl; +http://www.semrush.com/bot.html)"
185.191.171.21 - - [30/Jul/2021:22:42:12 +0000] "GET /clat.html HTTP/1.1" 404 207 "-" "Mozilla/5.0 (compatible; SemrushBot/7~bl; +http://www.semrush.com/bot.html)"
108.162.246.128 - - [30/Jul/2021:22:43:42 +0000] "GET / HTTP/1.1" 200 5048 "-" "Mozilla/5.0 (compatible; bingbot/2.0; +http://www.bing.com/bingbot.htm)"
107.178.239.206 - - [30/Jul/2021:22:44:33 +0000] "GET /ads.txt HTTP/1.1" 404 205 "-" "axios/0.18.1"
107.178.239.206 - - [30/Jul/2021:22:44:34 +0000] "GET /ads.txt HTTP/1.1" 404 205 "-" "axios/0.18.1"
66.249.66.23 - - [30/Jul/2021:22:45:45 +0000] "GET /cds-faq.html HTTP/1.1" 404 210 "-" "Mozilla/5.0 (Linux; Android 6.0.1; Nexus 5X Build/MMB29P) AppleWebKit/537.36 (KHTML, like Gecko) Chrome/91.0.4472.90 Mobile Safari/537.36 (compatible; Googlebot/2.1; +http://www.google.com/bot.html)"
106.206.145.16 - - [30/Jul/2021:22:46:05 +0000] "-" 408 - "-" "-"
106.206.145.16 - - [30/Jul/2021:22:46:05 +0000] "-" 408 - "-" "-"
114.119.150.210 - - [30/Jul/2021:22:46:18 +0000] "GET /updates/daily-current-affairs-11th-september-2017/ HTTP/1.1" 404 248 "-" "Mozilla/5.0 (Linux; Android 7.0;) AppleWebKit/537.36 (KHTML, like Gecko) Mobile Safari/537.36 (compatible; PetalBot;+https://webmaster.petalsearch.com/site/petalbot)"
66.249.66.20 - - [30/Jul/2021:22:48:22 +0000] "GET /cds-syllabus.html HTTP/1.1" 404 215 "-" "Mozilla/5.0 (Linux; Android 6.0.1; Nexus 5X Build/MMB29P) AppleWebKit/537.36 (KHTML, like Gecko) Chrome/92.0.4515.119 Mobile Safari/537.36 (compatible; Googlebot/2.1; +http://www.google.com/bot.html)"
114.119.162.33 - - [30/Jul/2021:22:54:11 +0000] "GET /pdf/Aim-and-Achieve-Online-LIC-AAO-Mock-Test-Sample-Paper-Answer-keys-1.pdf HTTP/1.1" 404 273 "-" "Mozilla/5.0 (Linux; Android 7.0;) AppleWebKit/537.36 (KHTML, like Gecko) Mobile Safari/537.36 (compatible; PetalBot;+https://webmaster.petalsearch.com/site/petalbot)"
66.249.66.20 - - [30/Jul/2021:22:57:33 +0000] "GET /ssc-chsl.html HTTP/1.1" 404 211 "-" "Mozilla/5.0 (compatible; Googlebot/2.1; +http://www.google.com/bot.html)"
207.46.13.23 - - [30/Jul/2021:22:58:42 +0000] "GET /updates/ctet-february-2016/ HTTP/1.1" 404 225 "-" "Mozilla/5.0 (compatible; bingbot/2.0; +http://www.bing.com/bingbot.htm)"
114.119.136.155 - - [30/Jul/2021:23:02:08 +0000] "GET /pdf/NDA-I-2018-GAT-Answer-Key-of-Paper-2-Code-B.pdf HTTP/1.1" 404 249 "-" "Mozilla/5.0 (Linux; Android 7.0;) AppleWebKit/537.36 (KHTML, like Gecko) Mobile Safari/537.36 (compatible; PetalBot;+https://webmaster.petalsearch.com/site/petalbot)"
66.249.66.20 - - [30/Jul/2021:23:02:58 +0000] "GET /updates/wp-content/uploads/2017/11/AA-Current-Affairs-11-250x160.jpg HTTP/1.1" 404 266 "-" "Googlebot-Image/1.0"
192.241.218.40 - - [30/Jul/2021:23:04:50 +0000] "GET /ecp/Current/exporttool/microsoft.exchange.ediscovery.exporttool.application HTTP/1.1" 404 273 "-" "Mozilla/5.0 zgrab/0.x"
40.77.167.25 - - [30/Jul/2021:23:06:15 +0000] "GET /updates/bob-manipal-po-2017-online-exam-call-letter-out/ HTTP/1.1" 404 254 "-" "Mozilla/5.0 (compatible; bingbot/2.0; +http://www.bing.com/bingbot.htm)"
114.119.162.33 - - [30/Jul/2021:23:10:03 +0000] "GET /updates/tag/ssc-cgl-coaching-in-aiims-delhi HTTP/1.1" 404 241 "-" "Mozilla/5.0 (Linux; Android 7.0;) AppleWebKit/537.36 (KHTML, like Gecko) Mobile Safari/537.36 (compatible; PetalBot;+https://webmaster.petalsearch.com/site/petalbot)"
66.249.66.22 - - [30/Jul/2021:23:15:57 +0000] "GET /ssc-chsl.html HTTP/1.1" 404 211 "-" "Mozilla/5.0 (Linux; Android 6.0.1; Nexus 5X Build/MMB29P) AppleWebKit/537.36 (KHTML, like Gecko) Chrome/92.0.4515.119 Mobile Safari/537.36 (compatible; Googlebot/2.1; +http://www.google.com/bot.html)"
114.119.143.214 - - [30/Jul/2021:23:18:06 +0000] "GET /updates/daily-current-affairs-13th-february-2017/ HTTP/1.1" 404 247 "-" "Mozilla/5.0 (Linux; Android 7.0;) AppleWebKit/537.36 (KHTML, like Gecko) Mobile Safari/537.36 (compatible; PetalBot;+https://webmaster.petalsearch.com/site/petalbot)"
66.249.66.20 - - [30/Jul/2021:23:18:28 +0000] "GET /Online-Registration-TWO.html HTTP/1.1" 404 226 "-" "Mozilla/5.0 (Linux; Android 6.0.1; Nexus 5X Build/MMB29P) AppleWebKit/537.36 (KHTML, like Gecko) Chrome/91.0.4472.90 Mobile Safari/537.36 (compatible; Googlebot/2.1; +http://www.google.com/bot.html)"
139.167.191.13 - - [30/Jul/2021:23:19:25 +0000] "GET /correspondence-course-for-clat.html HTTP/1.1" 404 233 "https://www.google.com/" "Mozilla/5.0 (Linux; Android 9; Redmi 8A Dual) AppleWebKit/537.36 (KHTML, like Gecko) Chrome/90.0.4430.210 Mobile Safari/537.36"
139.167.191.13 - - [30/Jul/2021:23:19:25 +0000] "GET /favicon.ico HTTP/1.1" 404 209 "http://aimnachieve.com/correspondence-course-for-clat.html" "Mozilla/5.0 (Linux; Android 9; Redmi 8A Dual) AppleWebKit/537.36 (KHTML, like Gecko) Chrome/90.0.4430.210 Mobile Safari/537.36"
193.118.53.210 - - [30/Jul/2021:23:21:01 +0000] "GET / HTTP/1.1" 200 5048 "-" "Mozilla/5.0 (Windows NT 10.0; Win64; x64) AppleWebKit/537.36 (KHTML, like Gecko) Chrome/60.0.3112.113 Safari/537.36"
208.80.194.27 - - [30/Jul/2021:23:21:53 +0000] "GET / HTTP/1.0" 200 5048 "-" "Mozilla/4.0 (compatible;MSIE 7.0;Windows NT 6.1;SV1;.NET CLR 1.0.3705;.NET CLR 3.0.30618)"
185.191.171.3 - - [30/Jul/2021:23:33:45 +0000] "GET /nda-entrance-examination.html HTTP/1.1" 404 227 "-" "Mozilla/5.0 (compatible; SemrushBot/7~bl; +http://www.semrush.com/bot.html)"
114.119.131.2 - - [30/Jul/2021:23:34:08 +0000] "GET /updates/tag/ippb-assistant-manager-pay-scale HTTP/1.1" 404 242 "-" "Mozilla/5.0 (Linux; Android 7.0;) AppleWebKit/537.36 (KHTML, like Gecko) Mobile Safari/537.36 (compatible; PetalBot;+https://webmaster.petalsearch.com/site/petalbot)"
95.163.255.130 - - [30/Jul/2021:23:37:33 +0000] "GET /robots.txt HTTP/1.0" 404 208 "-" "Mozilla/5.0 (compatible; Linux x86_64; Mail.RU_Bot/Img/2.0; +http://go.mail.ru/help/robots)"
95.163.255.140 - - [30/Jul/2021:23:38:12 +0000] "GET /images/Successful-Candidate/Rahul_Kumar_ssc_cgl_2017.jpg HTTP/1.1" 404 254 "http://go.mail.ru/search_images" "Mozilla/5.0 (compatible; Linux x86_64; Mail.RU_Bot/Img/2.0; +http://go.mail.ru/help/robots)"
185.220.100.240 - - [30/Jul/2021:23:38:39 +0000] "OPTIONS / HTTP/1.1" 200 - "-" "Mozilla/5.0 (Windows NT 5.1) AppleWebKit/537.36 (KHTML, like Gecko) Chrome/41.0.2224.3 Safari/537.36"
185.191.171.11 - - [30/Jul/2021:23:39:42 +0000] "GET /online-test-series.html HTTP/1.1" 404 221 "-" "Mozilla/5.0 (compatible; SemrushBot/7~bl; +http://www.semrush.com/bot.html)"
66.249.66.20 - - [30/Jul/2021:23:40:17 +0000] "GET /nda-coaching-in-delhi.html HTTP/1.1" 404 224 "-" "Mozilla/5.0 (Linux; Android 6.0.1; Nexus 5X Build/MMB29P) AppleWebKit/537.36 (KHTML, like Gecko) Chrome/91.0.4472.90 Mobile Safari/537.36 (compatible; Googlebot/2.1; +http://www.google.com/bot.html)"
207.46.13.168 - - [30/Jul/2021:23:40:41 +0000] "GET /updates/ssc-cgle-tier-ii-2016-written-marks-out/ HTTP/1.1" 404 246 "-" "Mozilla/5.0 (compatible; bingbot/2.0; +http://www.bing.com/bingbot.htm)"
207.46.13.168 - - [30/Jul/2021:23:42:21 +0000] "GET /images/McDonald-South-Ex-1.png HTTP/1.1" 404 228 "-" "Mozilla/5.0 (compatible; bingbot/2.0; +http://www.bing.com/bingbot.htm)"
114.119.162.33 - - [30/Jul/2021:23:42:21 +0000] "GET /updates/category/upsc-exams HTTP/1.1" 404 225 "-" "Mozilla/5.0 (Linux; Android 7.0;) AppleWebKit/537.36 (KHTML, like Gecko) Mobile Safari/537.36 (compatible; PetalBot;+https://webmaster.petalsearch.com/site/petalbot)"
207.46.13.168 - - [30/Jul/2021:23:46:53 +0000] "GET /updates/ibps-cwe-pomt-vii-main-exam-result-out/ HTTP/1.1" 404 245 "-" "Mozilla/5.0 (compatible; bingbot/2.0; +http://www.bing.com/bingbot.htm)"
114.119.160.248 - - [30/Jul/2021:23:50:16 +0000] "GET /updates/daily-current-affairs-15th-april-2017 HTTP/1.1" 404 243 "-" "Mozilla/5.0 (Linux; Android 7.0;) AppleWebKit/537.36 (KHTML, like Gecko) Mobile Safari/537.36 (compatible; PetalBot;+https://webmaster.petalsearch.com/site/petalbot)"
157.55.39.185 - - [30/Jul/2021:23:55:12 +0000] "GET /updates/upsc-cds-i-2018-written-result-out-check-here/ HTTP/1.1" 404 252 "-" "Mozilla/5.0 (compatible; bingbot/2.0; +http://www.bing.com/bingbot.htm)"
172.70.127.4 - - [30/Jul/2021:23:56:23 +0000] "HEAD /wordpress HTTP/1.1" 404 - "http://jobfacus.com/wordpress" "Mozilla/5.0 (Windows NT 10.0; Win64; x64) AppleWebKit/537.36 (KHTML, like Gecko) Chrome/74.0.3729.169 Safari/537.36"
172.70.127.4 - - [30/Jul/2021:23:56:24 +0000] "HEAD / HTTP/1.1" 200 - "http://jobfacus.com/" "Mozilla/5.0 (Windows NT 10.0; Win64; x64) AppleWebKit/537.36 (KHTML, like Gecko) Chrome/74.0.3729.169 Safari/537.36"
172.70.127.4 - - [30/Jul/2021:23:56:25 +0000] "HEAD /wp HTTP/1.1" 404 - "http://jobfacus.com/wp" "Mozilla/5.0 (Windows NT 10.0; Win64; x64) AppleWebKit/537.36 (KHTML, like Gecko) Chrome/74.0.3729.169 Safari/537.36"
172.70.127.4 - - [30/Jul/2021:23:56:26 +0000] "HEAD /bc HTTP/1.1" 404 - "http://jobfacus.com/bc" "Mozilla/5.0 (Windows NT 10.0; Win64; x64) AppleWebKit/537.36 (KHTML, like Gecko) Chrome/74.0.3729.169 Safari/537.36"
172.70.127.4 - - [30/Jul/2021:23:56:27 +0000] "HEAD /bk HTTP/1.1" 404 - "http://jobfacus.com/bk" "Mozilla/5.0 (Windows NT 10.0; Win64; x64) AppleWebKit/537.36 (KHTML, like Gecko) Chrome/74.0.3729.169 Safari/537.36"
172.70.127.4 - - [30/Jul/2021:23:56:27 +0000] "HEAD /backup HTTP/1.1" 404 - "http://jobfacus.com/backup" "Mozilla/5.0 (Windows NT 10.0; Win64; x64) AppleWebKit/537.36 (KHTML, like Gecko) Chrome/74.0.3729.169 Safari/537.36"
172.70.127.4 - - [30/Jul/2021:23:56:28 +0000] "HEAD /old HTTP/1.1" 404 - "http://jobfacus.com/old" "Mozilla/5.0 (Windows NT 10.0; Win64; x64) AppleWebKit/537.36 (KHTML, like Gecko) Chrome/74.0.3729.169 Safari/537.36"
172.70.127.4 - - [30/Jul/2021:23:56:29 +0000] "HEAD /new HTTP/1.1" 404 - "http://jobfacus.com/new" "Mozilla/5.0 (Windows NT 10.0; Win64; x64) AppleWebKit/537.36 (KHTML, like Gecko) Chrome/74.0.3729.169 Safari/537.36"
172.70.127.4 - - [30/Jul/2021:23:56:30 +0000] "HEAD /main HTTP/1.1" 404 - "http://jobfacus.com/main" "Mozilla/5.0 (Windows NT 10.0; Win64; x64) AppleWebKit/537.36 (KHTML, like Gecko) Chrome/74.0.3729.169 Safari/537.36"
172.70.127.4 - - [30/Jul/2021:23:56:31 +0000] "HEAD /home HTTP/1.1" 404 - "http://jobfacus.com/home" "Mozilla/5.0 (Windows NT 10.0; Win64; x64) AppleWebKit/537.36 (KHTML, like Gecko) Chrome/74.0.3729.169 Safari/537.36"
114.119.154.26 - - [30/Jul/2021:23:58:20 +0000] "GET /updates/wp-content/uploads/2015/07/Advertisment-Assistant-UIIC.pdf HTTP/1.1" 404 264 "-" "Mozilla/5.0 (Linux; Android 7.0;) AppleWebKit/537.36 (KHTML, like Gecko) Mobile Safari/537.36 (compatible; PetalBot;+https://webmaster.petalsearch.com/site/petalbot)"
106.13.238.108 - - [31/Jul/2021:00:04:15 +0000] "POST //tools/life/jz.php HTTP/1.1" 404 215 "http://misc.yahoo.com.cn/" "Mozilla/5.0 (compatible; Yahoo! Slurp China; http://misc.yahoo.com.cn/help.html)"
106.13.238.108 - - [31/Jul/2021:00:04:15 +0000] "POST //tools/life/jz.php HTTP/1.1" 404 215 "http://misc.yahoo.com.cn/" "Mozilla/5.0 (compatible; Yahoo! Slurp China; http://misc.yahoo.com.cn/help.html)"
106.13.238.108 - - [31/Jul/2021:00:04:15 +0000] "POST //tools/life/jz.php HTTP/1.1" 404 215 "http://misc.yahoo.com.cn/" "Mozilla/5.0 (compatible; Yahoo! Slurp China; http://misc.yahoo.com.cn/help.html)"
172.69.62.144 - - [31/Jul/2021:00:04:25 +0000] "GET /sitemap.xml HTTP/1.1" 404 209 "-" "Mozilla/5.0 (compatible; bingbot/2.0; +http://www.bing.com/bingbot.htm)"
114.119.162.33 - - [31/Jul/2021:00:06:23 +0000] "GET /updates/wp-content/uploads/2016/01/CLAT-2016-Information-Brochure.pdf HTTP/1.1" 404 267 "-" "Mozilla/5.0 (Linux; Android 7.0;) AppleWebKit/537.36 (KHTML, like Gecko) Mobile Safari/537.36 (compatible; PetalBot;+https://webmaster.petalsearch.com/site/petalbot)"
185.191.171.22 - - [31/Jul/2021:00:07:34 +0000] "GET /robots.txt HTTP/1.1" 404 208 "-" "Mozilla/5.0 (compatible; SemrushBot/7~bl; +http://www.semrush.com/bot.html)"
185.191.171.41 - - [31/Jul/2021:00:07:35 +0000] "GET /nda-previous-year-question-papers.html HTTP/1.1" 404 236 "-" "Mozilla/5.0 (compatible; SemrushBot/7~bl; +http://www.semrush.com/bot.html)"
54.36.149.98 - - [31/Jul/2021:00:08:51 +0000] "GET /robots.txt HTTP/1.1" 404 208 "-" "Mozilla/5.0 (compatible; AhrefsBot/7.0; +http://ahrefs.com/robot/)"
66.249.66.23 - - [31/Jul/2021:00:11:07 +0000] "GET /ssc-chsl.html HTTP/1.1" 404 211 "-" "Mozilla/5.0 (Linux; Android 6.0.1; Nexus 5X Build/MMB29P) AppleWebKit/537.36 (KHTML, like Gecko) Chrome/92.0.4515.119 Mobile Safari/537.36 (compatible; Googlebot/2.1; +http://www.google.com/bot.html)"
207.46.13.45 - - [31/Jul/2021:00:12:32 +0000] "GET /robots.txt HTTP/1.1" 404 208 "-" "Mozilla/5.0 (compatible; bingbot/2.0; +http://www.bing.com/bingbot.htm)"
40.77.167.106 - - [31/Jul/2021:00:12:38 +0000] "GET /our-introduction.html HTTP/1.1" 404 219 "-" "Mozilla/5.0 (compatible; bingbot/2.0; +http://www.bing.com/bingbot.htm)"
114.119.131.2 - - [31/Jul/2021:00:14:40 +0000] "GET /updates/indian-bank-specialist-officer-2018-notification-out/ HTTP/1.1" 404 259 "-" "Mozilla/5.0 (Linux; Android 7.0;) AppleWebKit/537.36 (KHTML, like Gecko) Mobile Safari/537.36 (compatible; PetalBot;+https://webmaster.petalsearch.com/site/petalbot)"
40.77.167.99 - - [31/Jul/2021:00:17:19 +0000] "GET /package-destination-shot-trip-leh-cost-8500-per-person.html HTTP/1.1" 404 257 "-" "Mozilla/5.0 (compatible; bingbot/2.0; +http://www.bing.com/bingbot.htm)"
40.77.167.30 - - [31/Jul/2021:00:18:52 +0000] "GET /updates/tag/ssc-cgl-coaching-in-rk-puram-delhi/ HTTP/1.1" 404 245 "-" "Mozilla/5.0 (compatible; bingbot/2.0; +http://www.bing.com/bingbot.htm)"
114.119.160.195 - - [31/Jul/2021:00:22:41 +0000] "GET /updates/daily-current-affairs-6th-december-2017 HTTP/1.1" 404 245 "-" "Mozilla/5.0 (Linux; Android 7.0;) AppleWebKit/537.36 (KHTML, like Gecko) Mobile Safari/537.36 (compatible; PetalBot;+https://webmaster.petalsearch.com/site/petalbot)"
114.119.131.2 - - [31/Jul/2021:00:30:49 +0000] "GET /updates/wp-content/uploads/2018/09/NDA-II-2018-Maths-Answer-Key-of-Paper-1-Code-B.pdf HTTP/1.1" 404 283 "-" "Mozilla/5.0 (Linux; Android 7.0;) AppleWebKit/537.36 (KHTML, like Gecko) Mobile Safari/537.36 (compatible; PetalBot;+https://webmaster.petalsearch.com/site/petalbot)"
45.146.164.110 - - [31/Jul/2021:00:33:42 +0000] "POST /vendor/phpunit/phpunit/src/Util/PHP/eval-stdin.php HTTP/1.1" 404 248 "-" "Mozilla/5.0 (Windows NT 10.0; Win64; x64) AppleWebKit/537.36 (KHTML, like Gecko) Chrome/78.0.3904.108 Safari/537.36"
45.146.164.110 - - [31/Jul/2021:00:33:43 +0000] "POST /api/jsonws/invoke HTTP/1.1" 404 215 "-" "Mozilla/5.0 (Windows NT 10.0; Win64; x64) AppleWebKit/537.36 (KHTML, like Gecko) Chrome/78.0.3904.108 Safari/537.36"
45.146.164.110 - - [31/Jul/2021:00:33:46 +0000] "GET /vendor/phpunit/phpunit/src/Util/PHP/eval-stdin.php HTTP/1.1" 404 248 "-" "Mozilla/5.0 (Windows NT 10.0; Win64; x64) AppleWebKit/537.36 (KHTML, like Gecko) Chrome/78.0.3904.108 Safari/537.36"
45.146.164.110 - - [31/Jul/2021:00:33:46 +0000] "GET /?XDEBUG_SESSION_START=phpstorm HTTP/1.1" 200 5048 "-" "Mozilla/5.0 (Windows NT 10.0; Win64; x64) AppleWebKit/537.36 (KHTML, like Gecko) Chrome/78.0.3904.108 Safari/537.36"
45.146.164.110 - - [31/Jul/2021:00:33:48 +0000] "GET /index.php?s=/Index/\\think\\app/invokefunction&function=call_user_func_array&vars[0]=md5&vars[1][]=HelloThinkPHP21 HTTP/1.1" 404 207 "-" "Mozilla/5.0 (Windows NT 10.0; Win64; x64) AppleWebKit/537.36 (KHTML, like Gecko) Chrome/78.0.3904.108 Safari/537.36"
45.146.164.110 - - [31/Jul/2021:00:33:48 +0000] "POST /mifs/.;/services/LogService HTTP/1.1" 404 225 "https://165.232.190.148:443" "Mozilla/5.0 (Windows NT 10.0; Win64; x64) AppleWebKit/537.36 (KHTML, like Gecko) Chrome/78.0.3904.108 Safari/537.36"
45.146.164.110 - - [31/Jul/2021:00:33:51 +0000] "GET /console/ HTTP/1.1" 404 206 "-" "Mozilla/5.0 (Windows NT 10.0; Win64; x64) AppleWebKit/537.36 (KHTML, like Gecko) Chrome/78.0.3904.108 Safari/537.36"
45.146.164.110 - - [31/Jul/2021:00:33:52 +0000] "POST /Autodiscover/Autodiscover.xml HTTP/1.1" 404 227 "-" "Mozilla/5.0 (Windows NT 10.0; Win64; x64) AppleWebKit/537.36 (KHTML, like Gecko) Chrome/78.0.3904.108 Safari/537.36"
45.146.164.110 - - [31/Jul/2021:00:33:54 +0000] "GET /_ignition/execute-solution HTTP/1.1" 404 224 "-" "Mozilla/5.0 (Windows NT 10.0; Win64; x64) AppleWebKit/537.36 (KHTML, like Gecko) Chrome/78.0.3904.108 Safari/537.36"
45.146.164.110 - - [31/Jul/2021:00:33:54 +0000] "GET / HTTP/1.1" 200 5048 "-" "Mozilla/5.0 (Windows NT 10.0; Win64; x64) AppleWebKit/537.36 (KHTML, like Gecko) Chrome/78.0.3904.108 Safari/537.36"
45.146.164.110 - - [31/Jul/2021:00:33:57 +0000] "GET /wp-content/plugins/wp-file-manager/readme.txt HTTP/1.1" 404 243 "-" "Mozilla/5.0 (Windows NT 10.0; Win64; x64) AppleWebKit/537.36 (KHTML, like Gecko) Chrome/78.0.3904.108 Safari/537.36"
66.249.66.22 - - [31/Jul/2021:00:34:50 +0000] "GET /admission-procedure.html HTTP/1.1" 404 222 "-" "Mozilla/5.0 (Linux; Android 6.0.1; Nexus 5X Build/MMB29P) AppleWebKit/537.36 (KHTML, like Gecko) Chrome/91.0.4472.90 Mobile Safari/537.36 (compatible; Googlebot/2.1; +http://www.google.com/bot.html)"
66.249.66.20 - - [31/Jul/2021:00:37:32 +0000] "GET /Air-Force-X-Group-Coaching.html HTTP/1.1" 404 229 "-" "Mozilla/5.0 (Linux; Android 6.0.1; Nexus 5X Build/MMB29P) AppleWebKit/537.36 (KHTML, like Gecko) Chrome/92.0.4515.119 Mobile Safari/537.36 (compatible; Googlebot/2.1; +http://www.google.com/bot.html)"
114.119.160.248 - - [31/Jul/2021:00:38:51 +0000] "GET /updates/daily-current-affairs-19th-october-2017 HTTP/1.1" 404 245 "-" "Mozilla/5.0 (Linux; Android 7.0;) AppleWebKit/537.36 (KHTML, like Gecko) Mobile Safari/537.36 (compatible; PetalBot;+https://webmaster.petalsearch.com/site/petalbot)"
157.55.39.185 - - [31/Jul/2021:00:39:48 +0000] "GET /pdf/NDA-2015-Question-Paper-Mathematics.pdf HTTP/1.1" 404 241 "-" "Mozilla/5.0 (compatible; bingbot/2.0; +http://www.bing.com/bingbot.htm)"
17.121.112.213 - - [31/Jul/2021:00:42:31 +0000] "GET /robots.txt HTTP/1.1" 404 208 "-" "Mozilla/5.0 (Macintosh; Intel Mac OS X 10_15_5) AppleWebKit/605.1.15 (KHTML, like Gecko) Version/13.1.1 Safari/605.1.15 (Applebot/0.1; +http://www.apple.com/go/applebot)"
17.121.112.213 - - [31/Jul/2021:00:42:31 +0000] "GET /correspondence-course-for-clat.html HTTP/1.1" 404 233 "-" "Mozilla/5.0 (Macintosh; Intel Mac OS X 10_15_5) AppleWebKit/605.1.15 (KHTML, like Gecko) Version/13.1.1 Safari/605.1.15 (Applebot/0.1; +http://www.apple.com/go/applebot)"
66.249.66.22 - - [31/Jul/2021:00:45:45 +0000] "GET /video-tutorial.html HTTP/1.1" 404 217 "-" "Mozilla/5.0 (Linux; Android 6.0.1; Nexus 5X Build/MMB29P) AppleWebKit/537.36 (KHTML, like Gecko) Chrome/91.0.4472.90 Mobile Safari/537.36 (compatible; Googlebot/2.1; +http://www.google.com/bot.html)"
17.121.114.224 - - [31/Jul/2021:00:51:10 +0000] "GET /robots.txt HTTP/1.1" 404 208 "-" "Mozilla/5.0 (Macintosh; Intel Mac OS X 10_15_5) AppleWebKit/605.1.15 (KHTML, like Gecko) Version/13.1.1 Safari/605.1.15 (Applebot/0.1; +http://www.apple.com/go/applebot)"
17.121.114.224 - - [31/Jul/2021:00:51:10 +0000] "GET /ibps-cwe-revised-exam-pattern.html HTTP/1.1" 404 232 "-" "Mozilla/5.0 (Macintosh; Intel Mac OS X 10_15_5) AppleWebKit/605.1.15 (KHTML, like Gecko) Version/13.1.1 Safari/605.1.15 (Applebot/0.1; +http://www.apple.com/go/applebot)"
40.77.167.19 - - [31/Jul/2021:00:51:22 +0000] "GET /clat-online-video-classes.html HTTP/1.1" 404 228 "-" "Mozilla/5.0 (compatible; bingbot/2.0; +http://www.bing.com/bingbot.htm)"
114.119.140.214 - - [31/Jul/2021:00:53:32 +0000] "GET /robots.txt HTTP/1.1" 404 208 "-" "Mozilla/5.0 (compatible;PetalBot;+https://webmaster.petalsearch.com/site/petalbot)"
114.119.143.68 - - [31/Jul/2021:00:54:35 +0000] "GET /robots.txt HTTP/1.1" 404 208 "-" "Mozilla/5.0 (compatible;PetalBot;+https://webmaster.petalsearch.com/site/petalbot)"
66.249.66.24 - - [31/Jul/2021:00:56:39 +0000] "GET /clat-online-video-classes.html HTTP/1.1" 404 228 "-" "Mozilla/5.0 (Linux; Android 6.0.1; Nexus 5X Build/MMB29P) AppleWebKit/537.36 (KHTML, like Gecko) Chrome/91.0.4472.90 Mobile Safari/537.36 (compatible; Googlebot/2.1; +http://www.google.com/bot.html)"
66.249.66.22 - - [31/Jul/2021:00:57:26 +0000] "GET /updates/ssc-chsl-102-2016-revised-final-result-out/ HTTP/1.1" 404 249 "-" "Mozilla/5.0 (Linux; Android 6.0.1; Nexus 5X Build/MMB29P) AppleWebKit/537.36 (KHTML, like Gecko) Chrome/91.0.4472.90 Mobile Safari/537.36 (compatible; Googlebot/2.1; +http://www.google.com/bot.html)"
66.249.66.20 - - [31/Jul/2021:00:58:00 +0000] "GET /updates/ssc-cgle-tier-i-2017-important-notice/ HTTP/1.1" 404 244 "-" "Mozilla/5.0 (Linux; Android 6.0.1; Nexus 5X Build/MMB29P) AppleWebKit/537.36 (KHTML, like Gecko) Chrome/91.0.4472.90 Mobile Safari/537.36 (compatible; Googlebot/2.1; +http://www.google.com/bot.html)"
207.46.13.168 - - [31/Jul/2021:00:58:50 +0000] "GET /updates/category/railway-recruitment/ HTTP/1.1" 404 235 "-" "Mozilla/5.0 (compatible; bingbot/2.0; +http://www.bing.com/bingbot.htm)"
66.249.66.22 - - [31/Jul/2021:00:58:55 +0000] "GET /updates/lic-hfl-direct-marketing-executive-2018-notification-out/ HTTP/1.1" 404 263 "-" "Mozilla/5.0 (Linux; Android 6.0.1; Nexus 5X Build/MMB29P) AppleWebKit/537.36 (KHTML, like Gecko) Chrome/91.0.4472.90 Mobile Safari/537.36 (compatible; Googlebot/2.1; +http://www.google.com/bot.html)"
106.13.238.108 - - [31/Jul/2021:00:59:01 +0000] "POST //topcmd.php HTTP/1.1" 404 208 "http://misc.yahoo.com.cn/" "Mozilla/5.0 (compatible; Yahoo! Slurp China; http://misc.yahoo.com.cn/help.html)"
106.13.238.108 - - [31/Jul/2021:00:59:02 +0000] "POST //topcmd.php HTTP/1.1" 404 208 "http://misc.yahoo.com.cn/" "Mozilla/5.0 (compatible; Yahoo! Slurp China; http://misc.yahoo.com.cn/help.html)"
106.13.238.108 - - [31/Jul/2021:00:59:02 +0000] "POST //topcmd.php HTTP/1.1" 404 208 "http://misc.yahoo.com.cn/" "Mozilla/5.0 (compatible; Yahoo! Slurp China; http://misc.yahoo.com.cn/help.html)"
114.119.129.113 - - [31/Jul/2021:00:59:23 +0000] "GET /robots.txt HTTP/1.1" 404 208 "-" "Mozilla/5.0 (compatible;PetalBot;+https://webmaster.petalsearch.com/site/petalbot)"
66.249.66.24 - - [31/Jul/2021:00:59:25 +0000] "GET /updates/daily-current-affairs-23rd-august-2017/ HTTP/1.1" 404 245 "-" "Mozilla/5.0 (Linux; Android 6.0.1; Nexus 5X Build/MMB29P) AppleWebKit/537.36 (KHTML, like Gecko) Chrome/91.0.4472.90 Mobile Safari/537.36 (compatible; Googlebot/2.1; +http://www.google.com/bot.html)"
66.249.66.22 - - [31/Jul/2021:01:00:20 +0000] "GET /updates/daily-current-affairs-25th-november-2017/ HTTP/1.1" 404 247 "-" "Mozilla/5.0 (Linux; Android 6.0.1; Nexus 5X Build/MMB29P) AppleWebKit/537.36 (KHTML, like Gecko) Chrome/91.0.4472.90 Mobile Safari/537.36 (compatible; Googlebot/2.1; +http://www.google.com/bot.html)"
66.249.66.24 - - [31/Jul/2021:01:01:37 +0000] "GET /updates/?wordfence_lh=1&hid=1A730F2D75A0CCB8B6008CAC9A364FA5 HTTP/1.1" 404 206 "-" "Mozilla/5.0 (Linux; Android 6.0.1; Nexus 5X Build/MMB29P) AppleWebKit/537.36 (KHTML, like Gecko) Chrome/91.0.4472.90 Mobile Safari/537.36 (compatible; Googlebot/2.1; +http://www.google.com/bot.html)"
40.77.167.106 - - [31/Jul/2021:01:04:32 +0000] "GET /images/Successful-Candidate/16.jpg HTTP/1.1" 404 232 "-" "Mozilla/5.0 (compatible; bingbot/2.0; +http://www.bing.com/bingbot.htm)"
114.119.146.145 - - [31/Jul/2021:01:07:25 +0000] "GET /updates/daily-current-affairs-22nd-march-2018 HTTP/1.1" 404 243 "-" "Mozilla/5.0 (Linux; Android 7.0;) AppleWebKit/537.36 (KHTML, like Gecko) Mobile Safari/537.36 (compatible; PetalBot;+https://webmaster.petalsearch.com/site/petalbot)"
106.207.206.246 - - [31/Jul/2021:01:08:40 +0000] "-" 408 - "-" "-"
106.207.206.246 - - [31/Jul/2021:01:08:40 +0000] "-" 408 - "-" "-"
106.207.206.246 - - [31/Jul/2021:01:08:40 +0000] "-" 408 - "-" "-"
106.207.206.246 - - [31/Jul/2021:01:08:40 +0000] "-" 408 - "-" "-"
106.207.206.246 - - [31/Jul/2021:01:08:40 +0000] "-" 408 - "-" "-"
106.207.206.246 - - [31/Jul/2021:01:08:40 +0000] "-" 408 - "-" "-"
114.119.134.232 - - [31/Jul/2021:01:15:34 +0000] "GET /updates/tag/ssc-stenographer-syllabus/ HTTP/1.1" 404 236 "-" "Mozilla/5.0 (Linux; Android 7.0;) AppleWebKit/537.36 (KHTML, like Gecko) Mobile Safari/537.36 (compatible; PetalBot;+https://webmaster.petalsearch.com/site/petalbot)"
128.14.209.162 - - [31/Jul/2021:01:22:59 +0000] "GET / HTTP/1.1" 200 5048 "-" "Mozilla/5.0 (Windows NT 10.0; Win64; x64) AppleWebKit/537.36 (KHTML, like Gecko) Chrome/60.0.3112.113 Safari/537.36"
114.119.160.248 - - [31/Jul/2021:01:23:43 +0000] "GET /updates/wp-content/uploads/2019/09/CDS-II-2019-GK-Question-Paper-Code-D.pdf HTTP/1.1" 404 273 "-" "Mozilla/5.0 (Linux; Android 7.0;) AppleWebKit/537.36 (KHTML, like Gecko) Mobile Safari/537.36 (compatible; PetalBot;+https://webmaster.petalsearch.com/site/petalbot)"
157.55.39.65 - - [31/Jul/2021:01:26:19 +0000] "GET /updates/ibps-cwe-po-mt-vii-marks-of-candidates-shortlisted-for-interviews-out/ HTTP/1.1" 404 276 "-" "Mozilla/5.0 (compatible; bingbot/2.0; +http://www.bing.com/bingbot.htm)"
66.249.66.25 - - [31/Jul/2021:01:29:23 +0000] "GET /robots.txt HTTP/1.1" 404 208 "-" "Mozilla/5.0 (compatible; Googlebot/2.1; +http://www.google.com/bot.html)"
66.249.66.23 - - [31/Jul/2021:01:29:25 +0000] "GET /nda-previous-year-question-papers.html HTTP/1.1" 404 236 "-" "Mozilla/5.0 (Linux; Android 6.0.1; Nexus 5X Build/MMB29P) AppleWebKit/537.36 (KHTML, like Gecko) Chrome/91.0.4472.90 Mobile Safari/537.36 (compatible; Googlebot/2.1; +http://www.google.com/bot.html)"
139.167.251.166 - - [31/Jul/2021:01:29:37 +0000] "-" 408 - "-" "-"
114.119.143.214 - - [31/Jul/2021:01:31:55 +0000] "GET /updates/category/current-affairs/page/52 HTTP/1.1" 404 238 "-" "Mozilla/5.0 (Linux; Android 7.0;) AppleWebKit/537.36 (KHTML, like Gecko) Mobile Safari/537.36 (compatible; PetalBot;+https://webmaster.petalsearch.com/site/petalbot)"
66.249.66.24 - - [31/Jul/2021:01:33:54 +0000] "GET /updates/page/66/?wordfence_logHuman=1&hid=D177A1D1D107BCDA7373BCC35E9F0E5E HTTP/1.1" 404 214 "-" "Mozilla/5.0 (Linux; Android 6.0.1; Nexus 5X Build/MMB29P) AppleWebKit/537.36 (KHTML, like Gecko) Chrome/91.0.4472.90 Mobile Safari/537.36 (compatible; Googlebot/2.1; +http://www.google.com/bot.html)"
40.77.167.19 - - [31/Jul/2021:01:37:16 +0000] "GET /images/arrow_3.png HTTP/1.1" 404 216 "-" "Mozilla/5.0 (compatible; bingbot/2.0; +http://www.bing.com/bingbot.htm)"
207.46.13.168 - - [31/Jul/2021:01:37:44 +0000] "GET / HTTP/1.1" 200 5048 "-" "Mozilla/5.0 (compatible; bingbot/2.0; +http://www.bing.com/bingbot.htm)"
114.119.149.66 - - [31/Jul/2021:01:38:29 +0000] "GET /robots.txt HTTP/1.1" 404 208 "-" "Mozilla/5.0 (compatible;PetalBot;+https://webmaster.petalsearch.com/site/petalbot)"
131.220.6.152 - - [31/Jul/2021:01:45:10 +0000] "GET / HTTP/1.1" 200 5048 "-" "Mozilla/5.0 (X11; Linux x86_64) AppleWebKit/537.36 (KHTML, like Gecko) Chrome/79.0.3945.79 Safari/537.36"
114.119.131.2 - - [31/Jul/2021:01:46:46 +0000] "GET /updates/ssc-stenographer-coaching-in-delhi HTTP/1.1" 404 240 "-" "Mozilla/5.0 (Linux; Android 7.0;) AppleWebKit/537.36 (KHTML, like Gecko) Mobile Safari/537.36 (compatible; PetalBot;+https://webmaster.petalsearch.com/site/petalbot)"
66.249.66.21 - - [31/Jul/2021:01:49:50 +0000] "GET /Online-Registration-TWO.html HTTP/1.1" 404 226 "-" "Mozilla/5.0 (Linux; Android 6.0.1; Nexus 5X Build/MMB29P) AppleWebKit/537.36 (KHTML, like Gecko) Chrome/92.0.4515.119 Mobile Safari/537.36 (compatible; Googlebot/2.1; +http://www.google.com/bot.html)"
40.77.167.19 - - [31/Jul/2021:01:49:55 +0000] "GET /updates/federal-bank-clerk-2017-final-result-out/ HTTP/1.1" 404 247 "-" "Mozilla/5.0 (compatible; bingbot/2.0; +http://www.bing.com/bingbot.htm)"
207.46.13.159 - - [31/Jul/2021:01:50:50 +0000] "GET /gujarat-packages-package.html HTTP/1.1" 404 227 "-" "Mozilla/5.0 (compatible; bingbot/2.0; +http://www.bing.com/bingbot.htm)"
66.249.66.24 - - [31/Jul/2021:01:52:52 +0000] "GET /updates/page/42/?wordfence_logHuman=1&hid=CEF4B6F89491A852EBC9AA0981178307 HTTP/1.1" 404 214 "-" "Mozilla/5.0 (Linux; Android 6.0.1; Nexus 5X Build/MMB29P) AppleWebKit/537.36 (KHTML, like Gecko) Chrome/91.0.4472.90 Mobile Safari/537.36 (compatible; Googlebot/2.1; +http://www.google.com/bot.html)"
114.119.150.210 - - [31/Jul/2021:01:54:44 +0000] "GET /updates/author/aim-and-achieve/page/14 HTTP/1.1" 404 236 "-" "Mozilla/5.0 (Linux; Android 7.0;) AppleWebKit/537.36 (KHTML, like Gecko) Mobile Safari/537.36 (compatible; PetalBot;+https://webmaster.petalsearch.com/site/petalbot)"
106.13.238.108 - - [31/Jul/2021:01:54:45 +0000] "POST //uc_server/0.php HTTP/1.1" 404 213 "http://misc.yahoo.com.cn/" "Mozilla/5.0 (compatible; Yahoo! Slurp China; http://misc.yahoo.com.cn/help.html)"
106.13.238.108 - - [31/Jul/2021:01:54:45 +0000] "POST //uc_server/0.php HTTP/1.1" 404 213 "http://misc.yahoo.com.cn/" "Mozilla/5.0 (compatible; Yahoo! Slurp China; http://misc.yahoo.com.cn/help.html)"
106.13.238.108 - - [31/Jul/2021:01:54:45 +0000] "POST //uc_server/0.php HTTP/1.1" 404 213 "http://misc.yahoo.com.cn/" "Mozilla/5.0 (compatible; Yahoo! Slurp China; http://misc.yahoo.com.cn/help.html)"
66.249.66.22 - - [31/Jul/2021:01:57:51 +0000] "GET /Air-Force-Y-Group-Coaching.html HTTP/1.1" 404 229 "-" "Mozilla/5.0 (Linux; Android 6.0.1; Nexus 5X Build/MMB29P) AppleWebKit/537.36 (KHTML, like Gecko) Chrome/92.0.4515.119 Mobile Safari/537.36 (compatible; Googlebot/2.1; +http://www.google.com/bot.html)"
171.79.184.94 - - [31/Jul/2021:01:58:25 +0000] "-" 408 - "-" "-"
106.38.241.120 - - [31/Jul/2021:02:00:48 +0000] "-" 408 - "-" "-"
66.249.66.24 - - [31/Jul/2021:02:02:06 +0000] "GET /nda-weekend-batch.html HTTP/1.1" 404 220 "-" "Mozilla/5.0 (Linux; Android 6.0.1; Nexus 5X Build/MMB29P) AppleWebKit/537.36 (KHTML, like Gecko) Chrome/91.0.4472.90 Mobile Safari/537.36 (compatible; Googlebot/2.1; +http://www.google.com/bot.html)"
66.249.66.20 - - [31/Jul/2021:02:02:20 +0000] "GET /updates/page/72/?wordfence_logHuman=1&hid=8AC0A2345C2C0354CB47B7AA4DBE2234 HTTP/1.1" 404 214 "-" "Mozilla/5.0 (Linux; Android 6.0.1; Nexus 5X Build/MMB29P) AppleWebKit/537.36 (KHTML, like Gecko) Chrome/91.0.4472.90 Mobile Safari/537.36 (compatible; Googlebot/2.1; +http://www.google.com/bot.html)"
114.119.160.195 - - [31/Jul/2021:02:02:47 +0000] "GET /updates/daily-current-affairs-16th-february-2017/ HTTP/1.1" 404 247 "-" "Mozilla/5.0 (Linux; Android 7.0;) AppleWebKit/537.36 (KHTML, like Gecko) Mobile Safari/537.36 (compatible; PetalBot;+https://webmaster.petalsearch.com/site/petalbot)"
66.249.66.20 - - [31/Jul/2021:02:05:53 +0000] "GET /salient-features.html HTTP/1.1" 404 219 "-" "Mozilla/5.0 (Linux; Android 6.0.1; Nexus 5X Build/MMB29P) AppleWebKit/537.36 (KHTML, like Gecko) Chrome/92.0.4515.119 Mobile Safari/537.36 (compatible; Googlebot/2.1; +http://www.google.com/bot.html)"
114.119.162.33 - - [31/Jul/2021:02:10:42 +0000] "GET /updates/daily-current-affairs-16th-october-2017/ HTTP/1.1" 404 246 "-" "Mozilla/5.0 (Linux; Android 7.0;) AppleWebKit/537.36 (KHTML, like Gecko) Mobile Safari/537.36 (compatible; PetalBot;+https://webmaster.petalsearch.com/site/petalbot)"
185.191.171.10 - - [31/Jul/2021:02:11:12 +0000] "GET /robots.txt HTTP/1.1" 404 208 "-" "Mozilla/5.0 (compatible; SemrushBot/7~bl; +http://www.semrush.com/bot.html)"
185.191.171.5 - - [31/Jul/2021:02:11:13 +0000] "GET /clat-cut-off.html HTTP/1.1" 404 215 "-" "Mozilla/5.0 (compatible; SemrushBot/7~bl; +http://www.semrush.com/bot.html)"
66.249.66.24 - - [31/Jul/2021:02:11:48 +0000] "GET /updates/page/83/?wordfence_logHuman=1&hid=6B810F84C18847ECAFA5D74374E1E750 HTTP/1.1" 404 214 "-" "Mozilla/5.0 (Linux; Android 6.0.1; Nexus 5X Build/MMB29P) AppleWebKit/537.36 (KHTML, like Gecko) Chrome/91.0.4472.90 Mobile Safari/537.36 (compatible; Googlebot/2.1; +http://www.google.com/bot.html)"
66.249.66.20 - - [31/Jul/2021:02:13:55 +0000] "GET /cds-cut-off.html HTTP/1.1" 404 214 "-" "Mozilla/5.0 (Linux; Android 6.0.1; Nexus 5X Build/MMB29P) AppleWebKit/537.36 (KHTML, like Gecko) Chrome/92.0.4515.119 Mobile Safari/537.36 (compatible; Googlebot/2.1; +http://www.google.com/bot.html)"
157.55.39.185 - - [31/Jul/2021:02:18:36 +0000] "GET /pdf/Divyesh_Kumar_Testimonial.pdf HTTP/1.1" 404 231 "-" "Mozilla/5.0 (compatible; bingbot/2.0; +http://www.bing.com/bingbot.htm)"
114.119.143.214 - - [31/Jul/2021:02:18:39 +0000] "GET /updates/tag/guidance-for-nda-preparation HTTP/1.1" 404 238 "-" "Mozilla/5.0 (Linux; Android 7.0;) AppleWebKit/537.36 (KHTML, like Gecko) Mobile Safari/537.36 (compatible; PetalBot;+https://webmaster.petalsearch.com/site/petalbot)"
35.217.97.157 - - [31/Jul/2021:02:20:13 +0000] "\n" 400 226 "-" "-"
66.249.66.24 - - [31/Jul/2021:02:21:15 +0000] "GET /updates/author/aim-and-achieve/page/51/ HTTP/1.1" 404 237 "-" "Mozilla/5.0 (Linux; Android 6.0.1; Nexus 5X Build/MMB29P) AppleWebKit/537.36 (KHTML, like Gecko) Chrome/91.0.4472.90 Mobile Safari/537.36 (compatible; Googlebot/2.1; +http://www.google.com/bot.html)"
40.77.190.116 - - [31/Jul/2021:02:21:45 +0000] "-" 408 - "-" "-"
40.77.167.19 - - [31/Jul/2021:02:22:01 +0000] "GET /how-to-crack-ssc-cgl-exam.html HTTP/1.1" 404 228 "-" "Mozilla/5.0 (compatible; bingbot/2.0; +http://www.bing.com/bingbot.htm)"
207.46.13.23 - - [31/Jul/2021:02:24:02 +0000] "GET /updates/category/tips/ HTTP/1.1" 404 220 "-" "Mozilla/5.0 (compatible; bingbot/2.0; +http://www.bing.com/bingbot.htm)"
158.69.53.191 - - [31/Jul/2021:02:24:59 +0000] "GET / HTTP/1.1" 200 5048 "-" "Mozilla/5.0 (X11; Linux x86_64) AppleWebKit/537.36 (KHTML, like Gecko) Chrome/50.0.2661.75 Safari/537.36"
114.119.131.2 - - [31/Jul/2021:02:26:50 +0000] "GET /updates/canara-bank-pgdbf-po-2018-19-interview-gd-schedule-out HTTP/1.1" 404 260 "-" "Mozilla/5.0 (Linux; Android 7.0;) AppleWebKit/537.36 (KHTML, like Gecko) Mobile Safari/537.36 (compatible; PetalBot;+https://webmaster.petalsearch.com/site/petalbot)"
157.38.237.234 - - [31/Jul/2021:02:29:24 +0000] "-" 408 - "-" "-"
66.249.66.22 - - [31/Jul/2021:02:30:43 +0000] "GET /updates/page/68/?wordfence_logHuman=1&hid=D177A1D1D107BCDA7373BCC35E9F0E5E HTTP/1.1" 404 214 "-" "Mozilla/5.0 (Linux; Android 6.0.1; Nexus 5X Build/MMB29P) AppleWebKit/537.36 (KHTML, like Gecko) Chrome/91.0.4472.90 Mobile Safari/537.36 (compatible; Googlebot/2.1; +http://www.google.com/bot.html)"
157.38.237.234 - - [31/Jul/2021:02:31:33 +0000] "-" 408 - "-" "-"
157.38.237.234 - - [31/Jul/2021:02:31:33 +0000] "-" 408 - "-" "-"
157.38.237.234 - - [31/Jul/2021:02:32:28 +0000] "-" 408 - "-" "-"
157.38.237.234 - - [31/Jul/2021:02:32:28 +0000] "-" 408 - "-" "-"
157.38.237.234 - - [31/Jul/2021:02:33:28 +0000] "-" 408 - "-" "-"
157.38.237.234 - - [31/Jul/2021:02:33:28 +0000] "-" 408 - "-" "-"
157.38.237.234 - - [31/Jul/2021:02:34:28 +0000] "-" 408 - "-" "-"
157.38.237.234 - - [31/Jul/2021:02:34:28 +0000] "-" 408 - "-" "-"
114.119.160.195 - - [31/Jul/2021:02:34:55 +0000] "GET /updates/rbi-assistant-2017-prelim-exam-call-letter-out HTTP/1.1" 404 252 "-" "Mozilla/5.0 (Linux; Android 7.0;) AppleWebKit/537.36 (KHTML, like Gecko) Mobile Safari/537.36 (compatible; PetalBot;+https://webmaster.petalsearch.com/site/petalbot)"
157.38.237.234 - - [31/Jul/2021:02:35:28 +0000] "-" 408 - "-" "-"
157.38.237.234 - - [31/Jul/2021:02:35:28 +0000] "-" 408 - "-" "-"
157.38.237.234 - - [31/Jul/2021:02:36:28 +0000] "-" 408 - "-" "-"
157.38.237.234 - - [31/Jul/2021:02:36:28 +0000] "-" 408 - "-" "-"
157.38.237.234 - - [31/Jul/2021:02:37:28 +0000] "-" 408 - "-" "-"
157.38.237.234 - - [31/Jul/2021:02:37:28 +0000] "-" 408 - "-" "-"
66.249.66.24 - - [31/Jul/2021:02:38:01 +0000] "GET /ssc-stenographer.html HTTP/1.1" 404 219 "-" "Mozilla/5.0 (Linux; Android 6.0.1; Nexus 5X Build/MMB29P) AppleWebKit/537.36 (KHTML, like Gecko) Chrome/92.0.4515.119 Mobile Safari/537.36 (compatible; Googlebot/2.1; +http://www.google.com/bot.html)"
157.38.224.95 - - [31/Jul/2021:02:38:17 +0000] "-" 408 - "-" "-"
157.38.224.95 - - [31/Jul/2021:02:38:17 +0000] "-" 408 - "-" "-"
157.38.237.234 - - [31/Jul/2021:02:38:28 +0000] "-" 408 - "-" "-"
157.38.237.234 - - [31/Jul/2021:02:38:28 +0000] "-" 408 - "-" "-"
35.162.15.254 - - [31/Jul/2021:02:39:21 +0000] "GET / HTTP/1.1" 200 5048 "-" "Mozilla/5.0 (X11; Linux x86_64) AppleWebKit/537.36 (KHTML, like Gecko) Chrome/83.0.4103.97 Safari/537.36"
157.38.237.234 - - [31/Jul/2021:02:39:28 +0000] "-" 408 - "-" "-"
157.38.237.234 - - [31/Jul/2021:02:39:28 +0000] "-" 408 - "-" "-"
207.46.13.23 - - [31/Jul/2021:02:39:43 +0000] "GET /nda-na-syllabus.html HTTP/1.1" 404 218 "-" "Mozilla/5.0 (compatible; bingbot/2.0; +http://www.bing.com/bingbot.htm)"
223.188.27.96 - - [31/Jul/2021:02:40:06 +0000] "-" 408 - "-" "-"
66.249.66.22 - - [31/Jul/2021:02:40:11 +0000] "GET /updates/wp-content/uploads/2016/02/SSC-CGLE-2016-Notice.pdf HTTP/1.1" 404 257 "-" "Mozilla/5.0 (Linux; Android 6.0.1; Nexus 5X Build/MMB29P) AppleWebKit/537.36 (KHTML, like Gecko) Chrome/91.0.4472.90 Mobile Safari/537.36 (compatible; Googlebot/2.1; +http://www.google.com/bot.html)"
40.77.167.106 - - [31/Jul/2021:02:40:22 +0000] "GET /updates/tag/ssc-stenographer-examination-centres/ HTTP/1.1" 404 247 "-" "Mozilla/5.0 (compatible; bingbot/2.0; +http://www.bing.com/bingbot.htm)"
157.38.237.234 - - [31/Jul/2021:02:40:28 +0000] "-" 408 - "-" "-"
157.38.237.234 - - [31/Jul/2021:02:40:28 +0000] "-" 408 - "-" "-"
157.38.237.234 - - [31/Jul/2021:02:41:28 +0000] "-" 408 - "-" "-"
157.38.237.234 - - [31/Jul/2021:02:41:28 +0000] "-" 408 - "-" "-"
66.249.66.24 - - [31/Jul/2021:02:42:09 +0000] "GET / HTTP/1.1" 200 5048 "-" "Mozilla/5.0 (Linux; Android 6.0.1; Nexus 5X Build/MMB29P) AppleWebKit/537.36 (KHTML, like Gecko) Chrome/92.0.4515.119 Mobile Safari/537.36 (compatible; Googlebot/2.1; +http://www.google.com/bot.html)"
157.38.237.234 - - [31/Jul/2021:02:42:28 +0000] "-" 408 - "-" "-"
157.38.237.234 - - [31/Jul/2021:02:42:28 +0000] "-" 408 - "-" "-"
114.119.131.2 - - [31/Jul/2021:02:42:48 +0000] "GET /ssc-bank-course-fees-new-batch.html HTTP/1.1" 404 233 "-" "Mozilla/5.0 (Linux; Android 7.0;) AppleWebKit/537.36 (KHTML, like Gecko) Mobile Safari/537.36 (compatible; PetalBot;+https://webmaster.petalsearch.com/site/petalbot)"
157.38.237.234 - - [31/Jul/2021:02:43:28 +0000] "-" 408 - "-" "-"
157.38.237.234 - - [31/Jul/2021:02:43:28 +0000] "-" 408 - "-" "-"
182.66.168.246 - - [31/Jul/2021:02:44:27 +0000] "-" 408 - "-" "-"
157.38.237.234 - - [31/Jul/2021:02:44:28 +0000] "-" 408 - "-" "-"
157.38.237.234 - - [31/Jul/2021:02:44:28 +0000] "-" 408 - "-" "-"
157.38.237.234 - - [31/Jul/2021:02:45:30 +0000] "-" 408 - "-" "-"
157.38.237.234 - - [31/Jul/2021:02:45:31 +0000] "-" 408 - "-" "-"
66.249.66.22 - - [31/Jul/2021:02:46:02 +0000] "GET /ctet-coaching.html HTTP/1.1" 404 216 "-" "Mozilla/5.0 (Linux; Android 6.0.1; Nexus 5X Build/MMB29P) AppleWebKit/537.36 (KHTML, like Gecko) Chrome/92.0.4515.119 Mobile Safari/537.36 (compatible; Googlebot/2.1; +http://www.google.com/bot.html)"
157.38.237.234 - - [31/Jul/2021:02:46:28 +0000] "-" 408 - "-" "-"
157.38.237.234 - - [31/Jul/2021:02:46:28 +0000] "-" 408 - "-" "-"
43.239.206.29 - - [31/Jul/2021:02:46:47 +0000] "-" 408 - "-" "-"
43.239.206.29 - - [31/Jul/2021:02:46:47 +0000] "-" 408 - "-" "-"
43.239.206.29 - - [31/Jul/2021:02:47:25 +0000] "-" 408 - "-" "-"
40.77.167.30 - - [31/Jul/2021:02:47:27 +0000] "GET /images/CLAT-Institute-in-Delhi.png HTTP/1.1" 404 232 "-" "Mozilla/5.0 (compatible; bingbot/2.0; +http://www.bing.com/bingbot.htm)"
157.38.237.234 - - [31/Jul/2021:02:47:28 +0000] "-" 408 - "-" "-"
157.38.237.234 - - [31/Jul/2021:02:47:29 +0000] "-" 408 - "-" "-"
157.38.237.234 - - [31/Jul/2021:02:48:29 +0000] "-" 408 - "-" "-"
157.38.237.234 - - [31/Jul/2021:02:48:29 +0000] "-" 408 - "-" "-"
