157.55.39.65 - - [01/Aug/2021:02:21:01 +0000] "GET /updates/gic-scale-i-officers-2017-final-result-out/ HTTP/1.1" 404 249 "-" "Mozilla/5.0 (compatible; bingbot/2.0; +http://www.bing.com/bingbot.htm)"
13.66.139.0 - - [01/Aug/2021:02:21:04 +0000] "GET /updates/wp-content/uploads/2018/09/NDA-II-2018-GAT-Question-Paper-Code-D.pdf HTTP/1.1" 404 274 "-" "Mozilla/5.0 (compatible; bingbot/2.0; +http://www.bing.com/bingbot.htm)"
114.119.154.26 - - [01/Aug/2021:02:22:55 +0000] "GET /updates/tag/oicl-recruitment HTTP/1.1" 404 226 "-" "Mozilla/5.0 (Linux; Android 7.0;) AppleWebKit/537.36 (KHTML, like Gecko) Mobile Safari/537.36 (compatible; PetalBot;+https://webmaster.petalsearch.com/site/petalbot)"
66.249.66.20 - - [01/Aug/2021:02:23:56 +0000] "GET /updates/wp-content/uploads/2018/09/NDA-II-2018-GAT-Question-Paper-Code-B.pdf HTTP/1.1" 404 274 "-" "Mozilla/5.0 (Linux; Android 6.0.1; Nexus 5X Build/MMB29P) AppleWebKit/537.36 (KHTML, like Gecko) Chrome/91.0.4472.90 Mobile Safari/537.36 (compatible; Googlebot/2.1; +http://www.google.com/bot.html)"
208.110.85.70 - - [01/Aug/2021:02:26:52 +0000] "GET / HTTP/1.1" 403 209 "http://www.google.com.hk" "Mozilla/5.0 (Windows NT 6.1; WOW64) AppleWebKit/537.36 (KHTML, like Gecko) Chrome/42.0.2311.90 Safari/537.36"
66.249.66.22 - - [01/Aug/2021:02:26:54 +0000] "GET /ads.txt HTTP/1.1" 404 205 "-" "Mozilla/5.0 (compatible; Googlebot/2.1; +http://www.google.com/bot.html)"
171.79.189.142 - - [01/Aug/2021:02:26:56 +0000] "-" 408 - "-" "-"
114.119.154.26 - - [01/Aug/2021:02:29:00 +0000] "GET /current-affairs.html HTTP/1.1" 404 218 "-" "Mozilla/5.0 (Linux; Android 7.0;) AppleWebKit/537.36 (KHTML, like Gecko) Mobile Safari/537.36 (compatible; PetalBot;+https://webmaster.petalsearch.com/site/petalbot)"
43.239.206.194 - - [01/Aug/2021:02:32:10 +0000] "-" 408 - "-" "-"
43.239.206.194 - - [01/Aug/2021:02:32:10 +0000] "-" 408 - "-" "-"
207.46.13.124 - - [01/Aug/2021:02:33:06 +0000] "GET /updates/daily-current-affairs-8th-december-2016/ HTTP/1.1" 404 246 "-" "Mozilla/5.0 (compatible; bingbot/2.0; +http://www.bing.com/bingbot.htm)"
66.249.66.22 - - [01/Aug/2021:02:34:50 +0000] "GET /Indian-Banking-Scenario.html HTTP/1.1" 404 226 "-" "Mozilla/5.0 (Linux; Android 6.0.1; Nexus 5X Build/MMB29P) AppleWebKit/537.36 (KHTML, like Gecko) Chrome/91.0.4472.90 Mobile Safari/537.36 (compatible; Googlebot/2.1; +http://www.google.com/bot.html)"
114.119.131.2 - - [01/Aug/2021:02:35:12 +0000] "GET /updates/wp-content/uploads/2017/05/Multi-Tasking-Staff-Non-Technical-Examination-2016-Cancelled-250x160.jpg HTTP/1.1" 404 305 "-" "Mozilla/5.0 (Linux; Android 7.0;) AppleWebKit/537.36 (KHTML, like Gecko) Mobile Safari/537.36 (compatible; PetalBot;+https://webmaster.petalsearch.com/site/petalbot)"
157.55.39.65 - - [01/Aug/2021:02:35:51 +0000] "GET /rrb-recruitment-exams-faq.html HTTP/1.1" 404 228 "-" "Mozilla/5.0 (compatible; bingbot/2.0; +http://www.bing.com/bingbot.htm)"
106.13.238.108 - - [01/Aug/2021:02:39:18 +0000] "POST //upload_files/UpLoad/zhaodao.pHp HTTP/1.1" 404 229 "http://misc.yahoo.com.cn/" "Mozilla/5.0 (compatible; Yahoo! Slurp China; http://misc.yahoo.com.cn/help.html)"
106.13.238.108 - - [01/Aug/2021:02:39:18 +0000] "POST //upload_files/UpLoad/zhaodao.pHp HTTP/1.1" 404 229 "http://misc.yahoo.com.cn/" "Mozilla/5.0 (compatible; Yahoo! Slurp China; http://misc.yahoo.com.cn/help.html)"
106.13.238.108 - - [01/Aug/2021:02:39:19 +0000] "POST //upload_files/UpLoad/zhaodao.pHp HTTP/1.1" 404 229 "http://misc.yahoo.com.cn/" "Mozilla/5.0 (compatible; Yahoo! Slurp China; http://misc.yahoo.com.cn/help.html)"
106.13.238.108 - - [01/Aug/2021:02:39:19 +0000] "POST //upload_files/UpLoad/zhaodao.pHp HTTP/1.1" 404 229 "http://misc.yahoo.com.cn/" "Mozilla/5.0 (compatible; Yahoo! Slurp China; http://misc.yahoo.com.cn/help.html)"
106.13.238.108 - - [01/Aug/2021:02:39:19 +0000] "POST //upload_files/UpLoad/zhaodao.pHp HTTP/1.1" 404 229 "http://misc.yahoo.com.cn/" "Mozilla/5.0 (compatible; Yahoo! Slurp China; http://misc.yahoo.com.cn/help.html)"
106.13.238.108 - - [01/Aug/2021:02:39:20 +0000] "POST //upload_files/UpLoad/zhaodao.pHp HTTP/1.1" 404 229 "http://misc.yahoo.com.cn/" "Mozilla/5.0 (compatible; Yahoo! Slurp China; http://misc.yahoo.com.cn/help.html)"
114.119.143.214 - - [01/Aug/2021:02:41:30 +0000] "GET /updates/wp-content/uploads/2018/02/AA-Current-Affairs-16-250x160.jpg HTTP/1.1" 404 266 "-" "Mozilla/5.0 (Linux; Android 7.0;) AppleWebKit/537.36 (KHTML, like Gecko) Mobile Safari/537.36 (compatible; PetalBot;+https://webmaster.petalsearch.com/site/petalbot)"
74.120.14.40 - - [01/Aug/2021:02:42:14 +0000] "GET / HTTP/1.1" 403 209 "-" "-"
74.120.14.40 - - [01/Aug/2021:02:42:15 +0000] "GET / HTTP/1.1" 403 209 "-" "Mozilla/5.0 (compatible; CensysInspect/1.1; +https://about.censys.io/)"
103.119.141.218 - - [01/Aug/2021:02:45:08 +0000] "GET /.env HTTP/1.1" 404 202 "-" "Mozilla/5.0 (X11; Linux x86_64) AppleWebKit/537.36 (KHTML, like Gecko) Chrome/81.0.4044.129 Safari/537.36"
103.119.141.218 - - [01/Aug/2021:02:45:09 +0000] "GET /vendor/.env HTTP/1.1" 404 209 "-" "Mozilla/5.0 (X11; Linux x86_64) AppleWebKit/537.36 (KHTML, like Gecko) Chrome/81.0.4044.129 Safari/537.36"
103.119.141.218 - - [01/Aug/2021:02:45:09 +0000] "GET /storage/.env HTTP/1.1" 404 210 "-" "Mozilla/5.0 (X11; Linux x86_64) AppleWebKit/537.36 (KHTML, like Gecko) Chrome/81.0.4044.129 Safari/537.36"
103.119.141.218 - - [01/Aug/2021:02:45:09 +0000] "GET /public/.env HTTP/1.1" 404 209 "-" "Mozilla/5.0 (X11; Linux x86_64) AppleWebKit/537.36 (KHTML, like Gecko) Chrome/81.0.4044.129 Safari/537.36"
103.119.141.218 - - [01/Aug/2021:02:45:10 +0000] "POST / HTTP/1.1" 404 198 "-" "Mozilla/5.0 (X11; Linux x86_64) AppleWebKit/537.36 (KHTML, like Gecko) Chrome/81.0.4044.129 Safari/537.36"
66.249.66.72 - - [01/Aug/2021:02:45:45 +0000] "GET /cds-syllabus.html HTTP/1.1" 404 215 "-" "Mozilla/5.0 (Linux; Android 6.0.1; Nexus 5X Build/MMB29P) AppleWebKit/537.36 (KHTML, like Gecko) Chrome/91.0.4472.90 Mobile Safari/537.36 (compatible; Googlebot/2.1; +http://www.google.com/bot.html)"
3.10.175.46 - - [01/Aug/2021:02:46:48 +0000] "GET /.env HTTP/1.1" 404 202 "-" "Mozilla/5.0 (X11; Linux x86_64) AppleWebKit/537.36 (KHTML, like Gecko) Chrome/81.0.4044.129 Safari/537.36"
3.10.175.46 - - [01/Aug/2021:02:46:50 +0000] "POST / HTTP/1.1" 404 198 "-" "Mozilla/5.0 (X11; Linux x86_64) AppleWebKit/537.36 (KHTML, like Gecko) Chrome/81.0.4044.129 Safari/537.36"
114.119.136.155 - - [01/Aug/2021:02:48:17 +0000] "GET /correspondence-course-for-ssc.html HTTP/1.1" 404 232 "-" "Mozilla/5.0 (Linux; Android 7.0;) AppleWebKit/537.36 (KHTML, like Gecko) Mobile Safari/537.36 (compatible; PetalBot;+https://webmaster.petalsearch.com/site/petalbot)"
157.55.39.185 - - [01/Aug/2021:02:49:39 +0000] "GET /bank-clerk-coaching.html HTTP/1.1" 404 222 "-" "Mozilla/5.0 (compatible; bingbot/2.0; +http://www.bing.com/bingbot.htm)"
40.77.167.106 - - [01/Aug/2021:02:51:40 +0000] "GET /updates/tag/ssc-si-answer-key-2016/ HTTP/1.1" 404 233 "-" "Mozilla/5.0 (compatible; bingbot/2.0; +http://www.bing.com/bingbot.htm)"
66.249.92.22 - - [01/Aug/2021:02:53:34 +0000] "GET /cds-coaching.html HTTP/1.1" 404 215 "-" "Mozilla/5.0 (iPhone; CPU iPhone OS 9_1 like Mac OS X) AppleWebKit/601.1.46 (KHTML, like Gecko) Version/9.0 Mobile/13B143 Safari/601.1 (compatible; AdsBot-Google-Mobile; +http://www.google.com/mobile/adsbot.html)"
114.119.136.155 - - [01/Aug/2021:02:54:10 +0000] "GET /updates/daily-current-affairs-26th-january-2017 HTTP/1.1" 404 245 "-" "Mozilla/5.0 (Linux; Android 7.0;) AppleWebKit/537.36 (KHTML, like Gecko) Mobile Safari/537.36 (compatible; PetalBot;+https://webmaster.petalsearch.com/site/petalbot)"
40.77.167.19 - - [01/Aug/2021:02:57:11 +0000] "GET /images/IBPS-PO-Online-Test-Series.png HTTP/1.1" 404 235 "-" "Mozilla/5.0 (compatible; bingbot/2.0; +http://www.bing.com/bingbot.htm)"
114.119.136.155 - - [01/Aug/2021:03:00:38 +0000] "GET /updates/oriental-insurance-company-oicl-assistant-recruitment-2015 HTTP/1.1" 404 264 "-" "Mozilla/5.0 (Linux; Android 7.0;) AppleWebKit/537.36 (KHTML, like Gecko) Mobile Safari/537.36 (compatible; PetalBot;+https://webmaster.petalsearch.com/site/petalbot)"
40.77.167.74 - - [01/Aug/2021:03:01:48 +0000] "GET /testimonials.html HTTP/1.1" 404 215 "-" "Mozilla/5.0 (compatible; bingbot/2.0; +http://www.bing.com/bingbot.htm)"
114.119.131.2 - - [01/Aug/2021:03:07:04 +0000] "GET /updates/tag/cds-1-2020-gk-solutions HTTP/1.1" 404 233 "-" "Mozilla/5.0 (Linux; Android 7.0;) AppleWebKit/537.36 (KHTML, like Gecko) Mobile Safari/537.36 (compatible; PetalBot;+https://webmaster.petalsearch.com/site/petalbot)"
157.38.33.176 - - [01/Aug/2021:03:10:06 +0000] "-" 408 - "-" "-"
157.38.33.176 - - [01/Aug/2021:03:10:12 +0000] "-" 408 - "-" "-"
114.119.136.155 - - [01/Aug/2021:03:13:28 +0000] "GET /how-to-purchase.html HTTP/1.1" 404 218 "-" "Mozilla/5.0 (Linux; Android 7.0;) AppleWebKit/537.36 (KHTML, like Gecko) Mobile Safari/537.36 (compatible; PetalBot;+https://webmaster.petalsearch.com/site/petalbot)"
207.46.13.168 - - [01/Aug/2021:03:13:50 +0000] "GET /updates/daily-current-affairs-5th-june-2017/ HTTP/1.1" 404 242 "-" "Mozilla/5.0 (compatible; bingbot/2.0; +http://www.bing.com/bingbot.htm)"
40.77.167.25 - - [01/Aug/2021:03:15:56 +0000] "GET / HTTP/1.1" 403 209 "-" "Mozilla/5.0 (compatible; bingbot/2.0; +http://www.bing.com/bingbot.htm)"
207.46.13.168 - - [01/Aug/2021:03:16:42 +0000] "GET /updates/category/insurance-exams/ HTTP/1.1" 404 231 "-" "Mozilla/5.0 (compatible; bingbot/2.0; +http://www.bing.com/bingbot.htm)"
40.65.99.132 - - [01/Aug/2021:03:17:22 +0000] "GET /.env HTTP/1.1" 404 202 "-" "python-requests/2.25.1"
40.65.99.132 - - [01/Aug/2021:03:17:23 +0000] "GET /vendor/phpunit/phpunit/src/Util/PHP/eval-stdin.php HTTP/1.1" 404 248 "-" "python-requests/2.25.1"
114.119.160.195 - - [01/Aug/2021:03:19:52 +0000] "GET /updates/tag/ctet-entrance-coaching-in-delhi HTTP/1.1" 404 241 "-" "Mozilla/5.0 (Linux; Android 7.0;) AppleWebKit/537.36 (KHTML, like Gecko) Mobile Safari/537.36 (compatible; PetalBot;+https://webmaster.petalsearch.com/site/petalbot)"
20.99.143.59 - - [01/Aug/2021:03:20:26 +0000] "-" 408 - "-" "-"
207.46.13.168 - - [01/Aug/2021:03:23:06 +0000] "GET /updates/rrb-ntpc-032015-2nd-stage-exam-cbt-marks-out/ HTTP/1.1" 404 251 "-" "Mozilla/5.0 (compatible; bingbot/2.0; +http://www.bing.com/bingbot.htm)"
114.119.134.12 - - [01/Aug/2021:03:26:13 +0000] "GET /updates/tag/ibps-classes-in-delhi/ HTTP/1.1" 404 232 "-" "Mozilla/5.0 (Linux; Android 7.0;) AppleWebKit/537.36 (KHTML, like Gecko) Mobile Safari/537.36 (compatible; PetalBot;+https://webmaster.petalsearch.com/site/petalbot)"
40.77.167.74 - - [01/Aug/2021:03:30:44 +0000] "GET /updates/tag/cds-1-2020-paper-level/ HTTP/1.1" 404 233 "-" "Mozilla/5.0 (compatible; bingbot/2.0; +http://www.bing.com/bingbot.htm)"
157.55.39.185 - - [01/Aug/2021:03:31:53 +0000] "GET /updates/tag/ssc-cgl-coaching-in-green-park-delhi/ HTTP/1.1" 404 247 "-" "Mozilla/5.0 (compatible; bingbot/2.0; +http://www.bing.com/bingbot.htm)"
114.119.143.214 - - [01/Aug/2021:03:32:30 +0000] "GET /updates/ssc-cpo-si-2016-appointment-letter-released-download-now HTTP/1.1" 404 262 "-" "Mozilla/5.0 (Linux; Android 7.0;) AppleWebKit/537.36 (KHTML, like Gecko) Mobile Safari/537.36 (compatible; PetalBot;+https://webmaster.petalsearch.com/site/petalbot)"
108.162.246.86 - - [01/Aug/2021:03:32:36 +0000] "GET / HTTP/1.1" 403 209 "-" "Mozilla/5.0 (X11; Linux x86_64) AppleWebKit/537.36 (KHTML, like Gecko) Chrome/83.0.4103.97 Safari/537.36"
207.46.13.30 - - [01/Aug/2021:03:33:43 +0000] "GET /updates/tag/tips-for-nda-exam-preparation/ HTTP/1.1" 404 240 "-" "Mozilla/5.0 (compatible; bingbot/2.0; +http://www.bing.com/bingbot.htm)"
108.162.246.169 - - [01/Aug/2021:03:35:11 +0000] "GET / HTTP/1.1" 403 209 "-" "Mozilla/5.0 (X11; Linux x86_64) AppleWebKit/537.36 (KHTML, like Gecko) Chrome/83.0.4103.97 Safari/537.36"
40.77.167.30 - - [01/Aug/2021:03:36:35 +0000] "GET /updates/tag/ibps-bank-clerk-exam-pattern/ HTTP/1.1" 404 239 "-" "Mozilla/5.0 (compatible; bingbot/2.0; +http://www.bing.com/bingbot.htm)"
114.119.160.195 - - [01/Aug/2021:03:38:42 +0000] "GET /updates/ctet-frequently-asked-questions HTTP/1.1" 404 237 "-" "Mozilla/5.0 (Linux; Android 7.0;) AppleWebKit/537.36 (KHTML, like Gecko) Mobile Safari/537.36 (compatible; PetalBot;+https://webmaster.petalsearch.com/site/petalbot)"
40.77.167.25 - - [01/Aug/2021:03:41:18 +0000] "GET /images/Aim-&-Achieve-Building.jpg HTTP/1.1" 404 235 "-" "Mozilla/5.0 (compatible; bingbot/2.0; +http://www.bing.com/bingbot.htm)"
157.55.39.65 - - [01/Aug/2021:03:42:07 +0000] "GET /updates/important-status-report-of-ssc-results-to-be-declared-soon-3/ HTTP/1.1" 404 267 "-" "Mozilla/5.0 (compatible; bingbot/2.0; +http://www.bing.com/bingbot.htm)"
114.119.162.33 - - [01/Aug/2021:03:45:00 +0000] "GET /updates/wp-content/uploads/2017/11/AA-Important-Notice-7-250x160.jpg HTTP/1.1" 404 266 "-" "Mozilla/5.0 (Linux; Android 7.0;) AppleWebKit/537.36 (KHTML, like Gecko) Mobile Safari/537.36 (compatible; PetalBot;+https://webmaster.petalsearch.com/site/petalbot)"
66.249.66.22 - - [01/Aug/2021:03:45:24 +0000] "GET /updates/ibps-cwe-rrb-v-officers-scale-i-ii-iii-interview-call-letter-out/ HTTP/1.1" 404 271 "-" "Mozilla/5.0 (Linux; Android 6.0.1; Nexus 5X Build/MMB29P) AppleWebKit/537.36 (KHTML, like Gecko) Chrome/91.0.4472.90 Mobile Safari/537.36 (compatible; Googlebot/2.1; +http://www.google.com/bot.html)"
40.77.167.106 - - [01/Aug/2021:03:46:07 +0000] "GET /updates/daily-current-affairs-22nd-july-2017/ HTTP/1.1" 404 243 "-" "Mozilla/5.0 (compatible; bingbot/2.0; +http://www.bing.com/bingbot.htm)"
108.162.246.85 - - [01/Aug/2021:03:51:00 +0000] "GET / HTTP/1.1" 403 209 "-" "Mozilla/5.0 (X11; Linux x86_64) AppleWebKit/537.36 (KHTML, like Gecko) Chrome/83.0.4103.97 Safari/537.36"
66.249.66.20 - - [01/Aug/2021:03:51:12 +0000] "GET /nda-coaching-in-delhi.html HTTP/1.1" 404 224 "-" "Mozilla/5.0 (Linux; Android 6.0.1; Nexus 5X Build/MMB29P) AppleWebKit/537.36 (KHTML, like Gecko) Chrome/91.0.4472.90 Mobile Safari/537.36 (compatible; Googlebot/2.1; +http://www.google.com/bot.html)"
114.119.160.248 - - [01/Aug/2021:03:51:17 +0000] "GET /updates/tag/nda-examination-pattern HTTP/1.1" 404 233 "-" "Mozilla/5.0 (Linux; Android 7.0;) AppleWebKit/537.36 (KHTML, like Gecko) Mobile Safari/537.36 (compatible; PetalBot;+https://webmaster.petalsearch.com/site/petalbot)"
5.188.62.140 - - [01/Aug/2021:03:51:57 +0000] "GET / HTTP/1.1" 403 209 "-" "Mozilla/5.0 (Windows NT 6.2) AppleWebKit/537.36 (KHTML, like Gecko) Chrome/41.0.2225.0 Safari/537.36"
157.55.39.65 - - [01/Aug/2021:03:52:19 +0000] "GET /sbi-po-coaching.html HTTP/1.1" 404 218 "-" "Mozilla/5.0 (compatible; bingbot/2.0; +http://www.bing.com/bingbot.htm)"
207.46.13.168 - - [01/Aug/2021:03:52:24 +0000] "GET /cds-faq.html HTTP/1.1" 404 210 "-" "Mozilla/5.0 (compatible; bingbot/2.0; +http://www.bing.com/bingbot.htm)"
118.184.177.67 - - [01/Aug/2021:03:52:27 +0000] "GET / HTTP/1.1" 403 209 "-" "Sogou web spider/4.0(+http://www.sogou.com/docs/help/webmasters.htm#07)"
40.77.167.30 - - [01/Aug/2021:03:52:29 +0000] "GET /CTET-Coaching.html HTTP/1.1" 404 216 "-" "Mozilla/5.0 (compatible; bingbot/2.0; +http://www.bing.com/bingbot.htm)"
207.46.13.124 - - [01/Aug/2021:03:52:29 +0000] "GET /about-state-tet-ctet.html HTTP/1.1" 404 223 "-" "Mozilla/5.0 (compatible; bingbot/2.0; +http://www.bing.com/bingbot.htm)"
128.14.133.58 - - [01/Aug/2021:03:54:34 +0000] "GET / HTTP/1.1" 403 209 "-" "Mozilla/5.0 (Windows NT 10.0; Win64; x64) AppleWebKit/537.36 (KHTML, like Gecko) Chrome/60.0.3112.113 Safari/537.36"
207.46.13.30 - - [01/Aug/2021:03:54:34 +0000] "GET /index.html HTTP/1.1" 404 208 "-" "Mozilla/5.0 (compatible; bingbot/2.0; +http://www.bing.com/bingbot.htm)"
66.249.66.24 - - [01/Aug/2021:03:54:52 +0000] "GET /updates/tag/upsc-nda-exam/ HTTP/1.1" 404 224 "-" "Mozilla/5.0 (Linux; Android 6.0.1; Nexus 5X Build/MMB29P) AppleWebKit/537.36 (KHTML, like Gecko) Chrome/91.0.4472.90 Mobile Safari/537.36 (compatible; Googlebot/2.1; +http://www.google.com/bot.html)"
114.119.162.33 - - [01/Aug/2021:03:58:18 +0000] "GET /updates/ssc-cgle-2018-notification-out HTTP/1.1" 404 236 "-" "Mozilla/5.0 (Linux; Android 7.0;) AppleWebKit/537.36 (KHTML, like Gecko) Mobile Safari/537.36 (compatible; PetalBot;+https://webmaster.petalsearch.com/site/petalbot)"
114.119.136.155 - - [01/Aug/2021:04:03:56 +0000] "GET /updates/tag/ssc-cgl-coaching-in-gurgaon-delhi HTTP/1.1" 404 243 "-" "Mozilla/5.0 (Linux; Android 7.0;) AppleWebKit/537.36 (KHTML, like Gecko) Mobile Safari/537.36 (compatible; PetalBot;+https://webmaster.petalsearch.com/site/petalbot)"
106.13.238.108 - - [01/Aug/2021:04:05:47 +0000] "POST //UploadFile/NewsFile/a.asp;a.jpg HTTP/1.1" 404 229 "http://misc.yahoo.com.cn/" "Mozilla/5.0 (compatible; Yahoo! Slurp China; http://misc.yahoo.com.cn/help.html)"
106.13.238.108 - - [01/Aug/2021:04:05:47 +0000] "POST //UploadFile/NewsFile/a.asp;a.jpg HTTP/1.1" 404 229 "http://misc.yahoo.com.cn/" "Mozilla/5.0 (compatible; Yahoo! Slurp China; http://misc.yahoo.com.cn/help.html)"
17.121.113.91 - - [01/Aug/2021:04:07:36 +0000] "GET /nda-coaching-in-delhi.html HTTP/1.1" 404 224 "-" "Mozilla/5.0 (Macintosh; Intel Mac OS X 10_15_5) AppleWebKit/605.1.15 (KHTML, like Gecko) Version/13.1.1 Safari/605.1.15 (Applebot/0.1; +http://www.apple.com/go/applebot)"
1.38.48.75 - - [01/Aug/2021:04:09:17 +0000] "GET /cds-coaching.html HTTP/1.1" 404 215 "https://www.google.com/" "Mozilla/5.0 (Windows NT 10.0; Win64; x64) AppleWebKit/537.36 (KHTML, like Gecko) Chrome/92.0.4515.107 Safari/537.36"
1.38.48.75 - - [01/Aug/2021:04:09:18 +0000] "GET /favicon.ico HTTP/1.1" 404 209 "http://aimnachieve.com/cds-coaching.html" "Mozilla/5.0 (Windows NT 10.0; Win64; x64) AppleWebKit/537.36 (KHTML, like Gecko) Chrome/92.0.4515.107 Safari/537.36"
1.38.48.75 - - [01/Aug/2021:04:09:21 +0000] "GET /cds-coaching.html HTTP/1.1" 404 215 "https://www.google.com/" "Mozilla/5.0 (Windows NT 10.0; Win64; x64) AppleWebKit/537.36 (KHTML, like Gecko) Chrome/92.0.4515.107 Safari/537.36"
1.38.48.75 - - [01/Aug/2021:04:09:31 +0000] "GET / HTTP/1.1" 403 209 "https://www.google.com/" "Mozilla/5.0 (Windows NT 10.0; Win64; x64) AppleWebKit/537.36 (KHTML, like Gecko) Chrome/92.0.4515.107 Safari/537.36"
114.119.150.210 - - [01/Aug/2021:04:10:44 +0000] "GET /updates/daily-current-affairs-17th-march-2018/ HTTP/1.1" 404 244 "-" "Mozilla/5.0 (Linux; Android 7.0;) AppleWebKit/537.36 (KHTML, like Gecko) Mobile Safari/537.36 (compatible; PetalBot;+https://webmaster.petalsearch.com/site/petalbot)"
162.158.107.98 - - [01/Aug/2021:04:12:55 +0000] "GET / HTTP/1.1" 403 209 "-" "Mozilla/5.0 (X11; Linux x86_64) AppleWebKit/537.36 (KHTML, like Gecko) Chrome/83.0.4103.97 Safari/537.36"
40.77.167.106 - - [01/Aug/2021:04:14:50 +0000] "GET /downloads.html HTTP/1.1" 404 212 "-" "Mozilla/5.0 (compatible; bingbot/2.0; +http://www.bing.com/bingbot.htm)"
171.79.189.142 - - [01/Aug/2021:04:15:21 +0000] "-" 408 - "-" "-"
114.119.150.210 - - [01/Aug/2021:04:16:36 +0000] "GET /updates/wp-content/uploads/2017/09/NDA-2-2017-Answer-Key-Solution.jpg HTTP/1.1" 404 267 "-" "Mozilla/5.0 (Linux; Android 7.0;) AppleWebKit/537.36 (KHTML, like Gecko) Mobile Safari/537.36 (compatible; PetalBot;+https://webmaster.petalsearch.com/site/petalbot)"
157.55.39.185 - - [01/Aug/2021:04:18:55 +0000] "GET /our-introduction.html HTTP/1.1" 404 219 "-" "Mozilla/5.0 (compatible; bingbot/2.0; +http://www.bing.com/bingbot.htm)"
40.77.167.25 - - [01/Aug/2021:04:20:12 +0000] "GET / HTTP/1.1" 403 209 "-" "Mozilla/5.0 (compatible; bingbot/2.0; +http://www.bing.com/bingbot.htm)"
40.77.167.19 - - [01/Aug/2021:04:21:59 +0000] "GET /nda.html HTTP/1.1" 404 206 "-" "Mozilla/5.0 (compatible; bingbot/2.0; +http://www.bing.com/bingbot.htm)"
54.172.136.72 - - [01/Aug/2021:04:22:44 +0000] "GET /ads.txt HTTP/1.1" 404 205 "-" "Jersey/2.25.1 (HttpUrlConnection 1.8.0_141)"
54.172.136.72 - - [01/Aug/2021:04:22:44 +0000] "GET /ads.txt HTTP/1.1" 404 205 "-" "Jersey/2.25.1 (HttpUrlConnection 1.8.0_141)"
54.172.136.72 - - [01/Aug/2021:04:22:45 +0000] "GET /ads.txt HTTP/1.1" 404 205 "-" "Jersey/2.25.1 (HttpUrlConnection 1.8.0_141)"
54.172.136.72 - - [01/Aug/2021:04:22:45 +0000] "GET /ads.txt HTTP/1.1" 404 205 "-" "Jersey/2.25.1 (HttpUrlConnection 1.8.0_141)"
114.119.131.2 - - [01/Aug/2021:04:22:57 +0000] "GET /updates/page/9?wordfence_logHuman=1 HTTP/1.1" 404 212 "-" "Mozilla/5.0 (Linux; Android 7.0;) AppleWebKit/537.36 (KHTML, like Gecko) Mobile Safari/537.36 (compatible; PetalBot;+https://webmaster.petalsearch.com/site/petalbot)"
66.249.66.20 - - [01/Aug/2021:04:23:16 +0000] "GET /updates/daily-current-affairs-20th-april-2018/ HTTP/1.1" 404 244 "-" "Mozilla/5.0 (Linux; Android 6.0.1; Nexus 5X Build/MMB29P) AppleWebKit/537.36 (KHTML, like Gecko) Chrome/91.0.4472.90 Mobile Safari/537.36 (compatible; Googlebot/2.1; +http://www.google.com/bot.html)"
185.191.171.37 - - [01/Aug/2021:04:24:20 +0000] "GET /robots.txt HTTP/1.1" 404 208 "-" "Mozilla/5.0 (compatible; SemrushBot/7~bl; +http://www.semrush.com/bot.html)"
185.191.171.34 - - [01/Aug/2021:04:24:20 +0000] "GET /clat-classroom-program.html HTTP/1.1" 404 225 "-" "Mozilla/5.0 (compatible; SemrushBot/7~bl; +http://www.semrush.com/bot.html)"
157.38.107.86 - - [01/Aug/2021:04:26:47 +0000] "-" 408 - "-" "-"
46.101.26.187 - - [01/Aug/2021:04:26:51 +0000] "GET / HTTP/1.0" 400 362 "-" "-"
157.38.107.86 - - [01/Aug/2021:04:27:13 +0000] "-" 408 - "-" "-"
157.38.107.86 - - [01/Aug/2021:04:27:13 +0000] "-" 408 - "-" "-"
114.119.146.145 - - [01/Aug/2021:04:29:23 +0000] "GET /updates/tag/niacl-exam-date HTTP/1.1" 404 225 "-" "Mozilla/5.0 (Linux; Android 7.0;) AppleWebKit/537.36 (KHTML, like Gecko) Mobile Safari/537.36 (compatible; PetalBot;+https://webmaster.petalsearch.com/site/petalbot)"
192.241.207.185 - - [01/Aug/2021:04:30:52 +0000] "GET / HTTP/1.1" 403 209 "-" "Mozilla/5.0 zgrab/0.x"
106.207.192.120 - - [01/Aug/2021:04:31:17 +0000] "-" 408 - "-" "-"
106.207.192.120 - - [01/Aug/2021:04:31:17 +0000] "-" 408 - "-" "-"
106.207.192.120 - - [01/Aug/2021:04:31:17 +0000] "-" 408 - "-" "-"
106.207.192.120 - - [01/Aug/2021:04:31:17 +0000] "-" 408 - "-" "-"
106.207.192.120 - - [01/Aug/2021:04:31:17 +0000] "-" 408 - "-" "-"
106.207.192.120 - - [01/Aug/2021:04:31:47 +0000] "-" 408 - "-" "-"
106.207.192.120 - - [01/Aug/2021:04:31:47 +0000] "-" 408 - "-" "-"
106.207.192.120 - - [01/Aug/2021:04:31:47 +0000] "-" 408 - "-" "-"
106.207.192.120 - - [01/Aug/2021:04:31:47 +0000] "-" 408 - "-" "-"
157.55.39.185 - - [01/Aug/2021:04:32:48 +0000] "GET /updates/daily-current-affairs-11th-august-2017/ HTTP/1.1" 404 245 "-" "Mozilla/5.0 (compatible; bingbot/2.0; +http://www.bing.com/bingbot.htm)"
114.119.154.26 - - [01/Aug/2021:04:35:44 +0000] "GET /updates/daily-current-affairs-26th-january-2017 HTTP/1.1" 404 245 "-" "Mozilla/5.0 (Linux; Android 7.0;) AppleWebKit/537.36 (KHTML, like Gecko) Mobile Safari/537.36 (compatible; PetalBot;+https://webmaster.petalsearch.com/site/petalbot)"
157.38.114.144 - - [01/Aug/2021:04:36:12 +0000] "-" 408 - "-" "-"
157.38.114.144 - - [01/Aug/2021:04:36:12 +0000] "-" 408 - "-" "-"
157.38.114.144 - - [01/Aug/2021:04:36:39 +0000] "-" 408 - "-" "-"
157.38.114.144 - - [01/Aug/2021:04:36:39 +0000] "-" 408 - "-" "-"
157.55.39.185 - - [01/Aug/2021:04:37:18 +0000] "GET /updates/wp-content/uploads/2017/02/No-Interview-for-RBI-Assistants-2016.jpg HTTP/1.1" 404 273 "-" "Mozilla/5.0 (compatible; bingbot/2.0; +http://www.bing.com/bingbot.htm)"
157.47.214.175 - - [01/Aug/2021:04:37:31 +0000] "-" 408 - "-" "-"
157.47.214.175 - - [01/Aug/2021:04:37:31 +0000] "-" 408 - "-" "-"
157.38.107.169 - - [01/Aug/2021:04:38:24 +0000] "-" 408 - "-" "-"
157.38.107.169 - - [01/Aug/2021:04:38:25 +0000] "-" 408 - "-" "-"
157.38.39.82 - - [01/Aug/2021:04:38:36 +0000] "-" 408 - "-" "-"
106.207.192.120 - - [01/Aug/2021:04:38:38 +0000] "-" 408 - "-" "-"
106.207.192.120 - - [01/Aug/2021:04:39:00 +0000] "-" 408 - "-" "-"
157.47.192.164 - - [01/Aug/2021:04:39:31 +0000] "-" 408 - "-" "-"
157.55.39.185 - - [01/Aug/2021:04:39:48 +0000] "GET /images/nda-course.jpg HTTP/1.1" 404 219 "-" "Mozilla/5.0 (compatible; bingbot/2.0; +http://www.bing.com/bingbot.htm)"
40.77.167.74 - - [01/Aug/2021:04:40:58 +0000] "GET /images/bank-po-coaching.jpg HTTP/1.1" 404 225 "-" "Mozilla/5.0 (compatible; bingbot/2.0; +http://www.bing.com/bingbot.htm)"
157.38.114.144 - - [01/Aug/2021:04:41:28 +0000] "-" 408 - "-" "-"
114.119.146.145 - - [01/Aug/2021:04:42:21 +0000] "GET /updates/author/aim-and-achieve/page/35 HTTP/1.1" 404 236 "-" "Mozilla/5.0 (Linux; Android 7.0;) AppleWebKit/537.36 (KHTML, like Gecko) Mobile Safari/537.36 (compatible; PetalBot;+https://webmaster.petalsearch.com/site/petalbot)"
106.214.106.166 - - [01/Aug/2021:04:42:36 +0000] "-" 408 - "-" "-"
49.36.218.207 - - [01/Aug/2021:04:42:54 +0000] "GET /images/CLAT-Online-Course1.jpg HTTP/1.1" 404 228 "https://www.google.com/" "Mozilla/5.0 (Windows NT 10.0; Win64; x64) AppleWebKit/537.36 (KHTML, like Gecko) Chrome/92.0.4515.107 Safari/537.36"
49.36.218.207 - - [01/Aug/2021:04:43:14 +0000] "-" 408 - "-" "-"
128.1.248.42 - - [01/Aug/2021:04:43:26 +0000] "GET / HTTP/1.1" 403 209 "-" "Mozilla/5.0 (Windows NT 10.0; Win64; x64) AppleWebKit/537.36 (KHTML, like Gecko) Chrome/60.0.3112.113 Safari/537.36"
157.38.39.82 - - [01/Aug/2021:04:43:26 +0000] "-" 408 - "-" "-"
40.77.167.30 - - [01/Aug/2021:04:45:00 +0000] "GET /updates/tag/ssc-je-notification-2015/ HTTP/1.1" 404 235 "-" "Mozilla/5.0 (compatible; bingbot/2.0; +http://www.bing.com/bingbot.htm)"
171.79.151.138 - - [01/Aug/2021:04:47:18 +0000] "-" 408 - "-" "-"
114.119.134.232 - - [01/Aug/2021:04:48:41 +0000] "GET /updates/daily-current-affairs-21st-march-2017 HTTP/1.1" 404 243 "-" "Mozilla/5.0 (Linux; Android 7.0;) AppleWebKit/537.36 (KHTML, like Gecko) Mobile Safari/537.36 (compatible; PetalBot;+https://webmaster.petalsearch.com/site/petalbot)"
40.77.167.74 - - [01/Aug/2021:04:49:50 +0000] "GET /updates/ssc-stenographer-grade-c-d-2016-final-marks-declared-check-here/ HTTP/1.1" 404 270 "-" "Mozilla/5.0 (compatible; bingbot/2.0; +http://www.bing.com/bingbot.htm)"
106.13.238.108 - - [01/Aug/2021:04:50:44 +0000] "POST //uploadfile/userfiles/media/confg.inc.php HTTP/1.1" 404 238 "http://misc.yahoo.com.cn/" "Mozilla/5.0 (compatible; Yahoo! Slurp China; http://misc.yahoo.com.cn/help.html)"
106.13.238.108 - - [01/Aug/2021:04:50:45 +0000] "POST //uploadfile/userfiles/media/confg.inc.php HTTP/1.1" 404 238 "http://misc.yahoo.com.cn/" "Mozilla/5.0 (compatible; Yahoo! Slurp China; http://misc.yahoo.com.cn/help.html)"
106.13.238.108 - - [01/Aug/2021:04:50:45 +0000] "POST //uploadfile/userfiles/media/confg.inc.php HTTP/1.1" 404 238 "http://misc.yahoo.com.cn/" "Mozilla/5.0 (compatible; Yahoo! Slurp China; http://misc.yahoo.com.cn/help.html)"
5.45.207.143 - - [01/Aug/2021:04:50:46 +0000] "GET /robots.txt HTTP/1.1" 404 208 "-" "Mozilla/5.0 (compatible; YandexBot/3.0; +http://yandex.com/bots)"
5.45.207.143 - - [01/Aug/2021:04:50:49 +0000] "GET /updates/nda-ii-2017-paper-analysis/ HTTP/1.1" 404 233 "-" "Mozilla/5.0 (compatible; YandexBot/3.0; +http://yandex.com/bots)"
106.207.185.253 - - [01/Aug/2021:04:53:01 +0000] "-" 408 - "-" "-"
117.234.163.244 - - [01/Aug/2021:04:53:14 +0000] "-" 408 - "-" "-"
114.119.131.2 - - [01/Aug/2021:04:55:11 +0000] "GET /updates/tag/coaching-for-ssc-stenographer-in-delhi HTTP/1.1" 404 248 "-" "Mozilla/5.0 (Linux; Android 7.0;) AppleWebKit/537.36 (KHTML, like Gecko) Mobile Safari/537.36 (compatible; PetalBot;+https://webmaster.petalsearch.com/site/petalbot)"
49.36.218.207 - - [01/Aug/2021:04:55:20 +0000] "GET /images/CLAT-Online-Course1.jpg HTTP/1.1" 404 228 "https://www.google.com/" "Mozilla/5.0 (Windows NT 10.0; Win64; x64) AppleWebKit/537.36 (KHTML, like Gecko) Chrome/92.0.4515.107 Safari/537.36"
34.134.19.199 - - [01/Aug/2021:04:55:50 +0000] "GET / HTTP/1.1" 403 209 "-" "Mozilla/5.0 (Windows NT 5.1) AppleWebKit/537.36 (KHTML, like Gecko) Chrome/35.0.2117.157 Safari/537.36"
34.134.19.199 - - [01/Aug/2021:04:55:51 +0000] "GET /ads.txt HTTP/1.1" 404 205 "-" "Mozilla/5.0 (Windows NT 5.1) AppleWebKit/537.36 (KHTML, like Gecko) Chrome/35.0.2117.157 Safari/537.36"
66.249.66.20 - - [01/Aug/2021:04:56:39 +0000] "GET /video-tutorial.html HTTP/1.1" 404 217 "-" "Mozilla/5.0 (Linux; Android 6.0.1; Nexus 5X Build/MMB29P) AppleWebKit/537.36 (KHTML, like Gecko) Chrome/91.0.4472.90 Mobile Safari/537.36 (compatible; Googlebot/2.1; +http://www.google.com/bot.html)"
66.249.66.20 - - [01/Aug/2021:04:58:03 +0000] "GET /cds-cut-off.html HTTP/1.1" 404 214 "-" "Mozilla/5.0 (Linux; Android 6.0.1; Nexus 5X Build/MMB29P) AppleWebKit/537.36 (KHTML, like Gecko) Chrome/92.0.4515.119 Mobile Safari/537.36 (compatible; Googlebot/2.1; +http://www.google.com/bot.html)"
157.38.246.47 - - [01/Aug/2021:05:00:41 +0000] "-" 408 - "-" "-"
114.119.160.195 - - [01/Aug/2021:05:01:47 +0000] "GET /updates/tag/ibps-bank-po-eligibility-criteria/ HTTP/1.1" 404 244 "-" "Mozilla/5.0 (Linux; Android 7.0;) AppleWebKit/537.36 (KHTML, like Gecko) Mobile Safari/537.36 (compatible; PetalBot;+https://webmaster.petalsearch.com/site/petalbot)"
35.81.171.131 - - [01/Aug/2021:05:02:35 +0000] "GET /owa/auth/logon.aspx HTTP/1.1" 404 217 "-" "Mozilla/5.0 (Macintosh; Intel Mac OS X 10_11_5) AppleWebKit/537.36 (KHTML, like Gecko) Chrome/50.0.2661.102 Safari/537.36"
157.47.253.13 - - [01/Aug/2021:05:02:57 +0000] "-" 408 - "-" "-"
157.47.253.13 - - [01/Aug/2021:05:02:57 +0000] "-" 408 - "-" "-"
122.173.209.58 - - [01/Aug/2021:05:04:27 +0000] "GET /css/aim-achieve.css HTTP/1.1" 404 217 "-" "Mozilla/5.0 (Linux; Android 11; RMX2170) AppleWebKit/537.36 (KHTML, like Gecko) Chrome/92.0.4515.115 Mobile Safari/537.36"
122.173.209.58 - - [01/Aug/2021:05:04:27 +0000] "GET /css/responsive-layout.css HTTP/1.1" 404 223 "-" "Mozilla/5.0 (Linux; Android 11; RMX2170) AppleWebKit/537.36 (KHTML, like Gecko) Chrome/92.0.4515.115 Mobile Safari/537.36"
122.173.209.58 - - [01/Aug/2021:05:04:27 +0000] "GET /Indian-Banking-Scenario.html HTTP/1.1" 404 226 "https://www.google.com/" "Mozilla/5.0 (Linux; Android 11; RMX2170) AppleWebKit/537.36 (KHTML, like Gecko) Chrome/92.0.4515.115 Mobile Safari/537.36"
122.173.209.58 - - [01/Aug/2021:05:04:27 +0000] "GET /css/menu-styles.css HTTP/1.1" 404 217 "-" "Mozilla/5.0 (Linux; Android 11; RMX2170) AppleWebKit/537.36 (KHTML, like Gecko) Chrome/92.0.4515.115 Mobile Safari/537.36"
122.173.209.58 - - [01/Aug/2021:05:04:28 +0000] "GET /favicon.ico HTTP/1.1" 404 209 "http://aimnachieve.com/Indian-Banking-Scenario.html" "Mozilla/5.0 (Linux; Android 11; RMX2170) AppleWebKit/537.36 (KHTML, like Gecko) Chrome/92.0.4515.115 Mobile Safari/537.36"
106.207.201.82 - - [01/Aug/2021:05:04:42 +0000] "-" 408 - "-" "-"
106.207.201.82 - - [01/Aug/2021:05:04:42 +0000] "-" 408 - "-" "-"
157.47.253.13 - - [01/Aug/2021:05:04:50 +0000] "-" 408 - "-" "-"
106.207.201.82 - - [01/Aug/2021:05:05:13 +0000] "-" 408 - "-" "-"
106.207.201.82 - - [01/Aug/2021:05:05:13 +0000] "-" 408 - "-" "-"
157.47.253.13 - - [01/Aug/2021:05:05:22 +0000] "-" 408 - "-" "-"
157.47.253.13 - - [01/Aug/2021:05:05:22 +0000] "-" 408 - "-" "-"
106.207.201.82 - - [01/Aug/2021:05:05:46 +0000] "-" 408 - "-" "-"
106.207.201.82 - - [01/Aug/2021:05:05:46 +0000] "-" 408 - "-" "-"
157.47.253.13 - - [01/Aug/2021:05:05:54 +0000] "-" 408 - "-" "-"
157.47.253.13 - - [01/Aug/2021:05:06:48 +0000] "-" 408 - "-" "-"
106.207.185.253 - - [01/Aug/2021:05:07:16 +0000] "-" 408 - "-" "-"
106.207.185.253 - - [01/Aug/2021:05:07:20 +0000] "-" 408 - "-" "-"
106.207.185.253 - - [01/Aug/2021:05:07:20 +0000] "-" 408 - "-" "-"
157.47.253.13 - - [01/Aug/2021:05:07:21 +0000] "-" 408 - "-" "-"
223.228.239.179 - - [01/Aug/2021:05:07:50 +0000] "-" 408 - "-" "-"
114.119.136.155 - - [01/Aug/2021:05:08:20 +0000] "GET /updates/page/36 HTTP/1.1" 404 213 "-" "Mozilla/5.0 (Linux; Android 7.0;) AppleWebKit/537.36 (KHTML, like Gecko) Mobile Safari/537.36 (compatible; PetalBot;+https://webmaster.petalsearch.com/site/petalbot)"
157.47.192.164 - - [01/Aug/2021:05:08:21 +0000] "-" 408 - "-" "-"
157.38.39.82 - - [01/Aug/2021:05:10:19 +0000] "-" 408 - "-" "-"
157.38.196.117 - - [01/Aug/2021:05:12:12 +0000] "-" 408 - "-" "-"
157.38.205.206 - - [01/Aug/2021:05:12:48 +0000] "-" 408 - "-" "-"
207.46.13.124 - - [01/Aug/2021:05:13:33 +0000] "GET /updates/tag/ssc-dp-si-answer-key/ HTTP/1.1" 404 231 "-" "Mozilla/5.0 (compatible; bingbot/2.0; +http://www.bing.com/bingbot.htm)"
74.125.212.83 - - [01/Aug/2021:05:14:43 +0000] "GET / HTTP/1.1" 403 209 "-" "Mozilla/5.0 (X11; Linux x86_64) AppleWebKit/537.36 (KHTML, like Gecko) Chrome/49.0.2623.75 Safari/537.36 Google Favicon"
114.119.160.195 - - [01/Aug/2021:05:14:53 +0000] "GET /updates/conquer-gk-your-weekly-gk-quiz-24-31-dec-2016/ HTTP/1.1" 404 252 "-" "Mozilla/5.0 (Linux; Android 7.0;) AppleWebKit/537.36 (KHTML, like Gecko) Mobile Safari/537.36 (compatible; PetalBot;+https://webmaster.petalsearch.com/site/petalbot)"
157.38.114.144 - - [01/Aug/2021:05:15:10 +0000] "-" 408 - "-" "-"
31.13.103.24 - - [01/Aug/2021:05:16:05 +0000] "GET /current-affairs.html HTTP/1.1" 404 218 "-" "facebookexternalhit/1.1 (+http://www.facebook.com/externalhit_uatext.php)"
31.13.103.17 - - [01/Aug/2021:05:16:06 +0000] "GET /images/daily-current-affairs.jpg HTTP/1.1" 404 230 "-" "facebookexternalhit/1.1 (+http://www.facebook.com/externalhit_uatext.php)"
106.201.125.35 - - [01/Aug/2021:05:18:56 +0000] "-" 408 - "-" "-"
157.47.248.196 - - [01/Aug/2021:05:21:16 +0000] "-" 408 - "-" "-"
157.47.248.196 - - [01/Aug/2021:05:21:16 +0000] "-" 408 - "-" "-"
114.119.156.172 - - [01/Aug/2021:05:21:20 +0000] "GET /robots.txt HTTP/1.1" 404 208 "-" "Mozilla/5.0 (compatible;PetalBot;+https://webmaster.petalsearch.com/site/petalbot)"
45.118.166.122 - - [01/Aug/2021:05:22:51 +0000] "-" 408 - "-" "-"
207.46.13.168 - - [01/Aug/2021:05:23:23 +0000] "GET /updates/ibps-cwe-rrb-v-officers-scale-i-ii-iii-marks-of-shortlisted-candidates-for-interview/ HTTP/1.1" 404 291 "-" "Mozilla/5.0 (compatible; bingbot/2.0; +http://www.bing.com/bingbot.htm)"
34.134.19.199 - - [01/Aug/2021:05:26:36 +0000] "GET / HTTP/1.1" 403 209 "-" "Mozilla/5.0 (compatible; MSIE 9.0; Windows NT 6.0; Trident/5.0; chromeframe/11.0.696.57)"
34.134.19.199 - - [01/Aug/2021:05:26:37 +0000] "GET /ads.txt HTTP/1.1" 404 205 "-" "Mozilla/5.0 (compatible; MSIE 9.0; Windows NT 6.0; Trident/5.0; chromeframe/11.0.696.57)"
117.234.163.244 - - [01/Aug/2021:05:26:48 +0000] "-" 408 - "-" "-"
157.55.39.185 - - [01/Aug/2021:05:27:04 +0000] "GET /updates/dena-bank-pgdbf-po-2017-notification-out/ HTTP/1.1" 404 247 "-" "Mozilla/5.0 (compatible; bingbot/2.0; +http://www.bing.com/bingbot.htm)"
114.119.154.26 - - [01/Aug/2021:05:27:55 +0000] "GET /updates/wp-content/uploads/2016/04/CRPF-Head-Constable-Recruitment-2016.png HTTP/1.1" 404 273 "-" "Mozilla/5.0 (Linux; Android 7.0;) AppleWebKit/537.36 (KHTML, like Gecko) Mobile Safari/537.36 (compatible; PetalBot;+https://webmaster.petalsearch.com/site/petalbot)"
66.249.66.22 - - [01/Aug/2021:05:28:53 +0000] "GET /ssc-stenographer.html HTTP/1.1" 404 219 "-" "Mozilla/5.0 (Linux; Android 6.0.1; Nexus 5X Build/MMB29P) AppleWebKit/537.36 (KHTML, like Gecko) Chrome/92.0.4515.119 Mobile Safari/537.36 (compatible; Googlebot/2.1; +http://www.google.com/bot.html)"
171.79.154.153 - - [01/Aug/2021:05:31:32 +0000] "-" 408 - "-" "-"
171.79.154.153 - - [01/Aug/2021:05:32:01 +0000] "-" 408 - "-" "-"
171.79.154.153 - - [01/Aug/2021:05:32:08 +0000] "-" 408 - "-" "-"
157.38.246.47 - - [01/Aug/2021:05:34:51 +0000] "-" 408 - "-" "-"
157.38.246.47 - - [01/Aug/2021:05:34:51 +0000] "-" 408 - "-" "-"
114.119.160.195 - - [01/Aug/2021:05:34:53 +0000] "GET /updates/conquer-gk-your-weekly-gk-quiz-25-31-jan-2017 HTTP/1.1" 404 251 "-" "Mozilla/5.0 (Linux; Android 7.0;) AppleWebKit/537.36 (KHTML, like Gecko) Mobile Safari/537.36 (compatible; PetalBot;+https://webmaster.petalsearch.com/site/petalbot)"
157.38.39.82 - - [01/Aug/2021:05:37:18 +0000] "-" 408 - "-" "-"
157.38.38.166 - - [01/Aug/2021:05:37:19 +0000] "-" 408 - "-" "-"
157.38.38.166 - - [01/Aug/2021:05:37:19 +0000] "-" 408 - "-" "-"
157.38.39.82 - - [01/Aug/2021:05:37:33 +0000] "-" 408 - "-" "-"
157.38.39.82 - - [01/Aug/2021:05:37:41 +0000] "-" 408 - "-" "-"
106.207.130.88 - - [01/Aug/2021:05:37:43 +0000] "-" 408 - "-" "-"
106.207.130.88 - - [01/Aug/2021:05:37:43 +0000] "-" 408 - "-" "-"
106.207.130.88 - - [01/Aug/2021:05:37:43 +0000] "-" 408 - "-" "-"
106.207.130.88 - - [01/Aug/2021:05:37:43 +0000] "-" 408 - "-" "-"
44.234.58.19 - - [01/Aug/2021:05:38:09 +0000] "HEAD /epa/scripts/win/nsepa_setup.exe HTTP/1.1" 404 - "-" "Mozilla/5.0 (Macintosh; Intel Mac OS X 10_11_5) AppleWebKit/537.36 (KHTML, like Gecko) Chrome/50.0.2661.102 Safari/537.36"
157.38.114.144 - - [01/Aug/2021:05:38:13 +0000] "-" 408 - "-" "-"
171.79.189.142 - - [01/Aug/2021:05:38:19 +0000] "-" 408 - "-" "-"
157.38.39.82 - - [01/Aug/2021:05:39:04 +0000] "-" 408 - "-" "-"
157.47.192.87 - - [01/Aug/2021:05:39:13 +0000] "-" 408 - "-" "-"
185.191.171.16 - - [01/Aug/2021:05:39:33 +0000] "GET /robots.txt HTTP/1.1" 404 208 "-" "Mozilla/5.0 (compatible; SemrushBot/7~bl; +http://www.semrush.com/bot.html)"
185.191.171.40 - - [01/Aug/2021:05:39:33 +0000] "GET /Tips-Tricks-to-tackle-online-IBPS-exam.html HTTP/1.1" 404 241 "-" "Mozilla/5.0 (compatible; SemrushBot/7~bl; +http://www.semrush.com/bot.html)"
66.249.66.74 - - [01/Aug/2021:05:40:17 +0000] "GET /cds-syllabus.html HTTP/1.1" 404 215 "-" "Mozilla/5.0 (Linux; Android 6.0.1; Nexus 5X Build/MMB29P) AppleWebKit/537.36 (KHTML, like Gecko) Chrome/91.0.4472.90 Mobile Safari/537.36 (compatible; Googlebot/2.1; +http://www.google.com/bot.html)"
157.38.39.82 - - [01/Aug/2021:05:40:20 +0000] "-" 408 - "-" "-"
114.119.154.26 - - [01/Aug/2021:05:41:25 +0000] "GET /images/apply-test-series-coupon-code.png HTTP/1.1" 404 238 "-" "Mozilla/5.0 (Linux; Android 7.0;) AppleWebKit/537.36 (KHTML, like Gecko) Mobile Safari/537.36 (compatible; PetalBot;+https://webmaster.petalsearch.com/site/petalbot)"
207.46.13.30 - - [01/Aug/2021:05:41:58 +0000] "GET /Am-I-eligible-for-IBPS-PO-Exams.html HTTP/1.1" 404 234 "-" "Mozilla/5.0 (compatible; bingbot/2.0; +http://www.bing.com/bingbot.htm)"
157.38.41.32 - - [01/Aug/2021:05:42:06 +0000] "-" 408 - "-" "-"
157.38.41.32 - - [01/Aug/2021:05:42:06 +0000] "-" 408 - "-" "-"
171.79.154.153 - - [01/Aug/2021:05:43:32 +0000] "-" 408 - "-" "-"
106.13.238.108 - - [01/Aug/2021:05:43:43 +0000] "POST //UploadFiles/1.asp;1.jpg HTTP/1.1" 404 221 "http://misc.yahoo.com.cn/" "Mozilla/5.0 (compatible; Yahoo! Slurp China; http://misc.yahoo.com.cn/help.html)"
106.13.238.108 - - [01/Aug/2021:05:43:45 +0000] "POST //UploadFiles/1.asp;1.jpg HTTP/1.1" 404 221 "http://misc.yahoo.com.cn/" "Mozilla/5.0 (compatible; Yahoo! Slurp China; http://misc.yahoo.com.cn/help.html)"
171.79.154.153 - - [01/Aug/2021:05:44:26 +0000] "-" 408 - "-" "-"
171.79.154.153 - - [01/Aug/2021:05:44:26 +0000] "-" 408 - "-" "-"
124.253.105.187 - - [01/Aug/2021:05:45:47 +0000] "-" 408 - "-" "-"
157.38.66.74 - - [01/Aug/2021:05:47:19 +0000] "-" 408 - "-" "-"
157.38.66.74 - - [01/Aug/2021:05:47:19 +0000] "-" 408 - "-" "-"
138.68.249.116 - - [01/Aug/2021:05:47:41 +0000] "SSTP_DUPLEX_POST /sra_{BA195980-CD49-458b-9E23-C84EE0ADCD75}/ HTTP/1.1" 400 597 "-" "-"
114.119.154.26 - - [01/Aug/2021:05:47:53 +0000] "GET /updates/indian-airforce-group-x-y-ii-sept-2018-exam-notification HTTP/1.1" 404 262 "-" "Mozilla/5.0 (Linux; Android 7.0;) AppleWebKit/537.36 (KHTML, like Gecko) Mobile Safari/537.36 (compatible; PetalBot;+https://webmaster.petalsearch.com/site/petalbot)"
42.105.49.13 - - [01/Aug/2021:05:48:02 +0000] "-" 408 - "-" "-"
43.251.180.10 - - [01/Aug/2021:05:48:05 +0000] "-" 408 - "-" "-"
66.249.66.25 - - [01/Aug/2021:05:49:28 +0000] "GET /robots.txt HTTP/1.1" 404 208 "-" "Mozilla/5.0 (compatible; Googlebot/2.1; +http://www.google.com/bot.html)"
66.249.66.21 - - [01/Aug/2021:05:49:29 +0000] "GET /nda-na-syllabus.html HTTP/1.1" 404 218 "-" "Mozilla/5.0 (Linux; Android 6.0.1; Nexus 5X Build/MMB29P) AppleWebKit/537.36 (KHTML, like Gecko) Chrome/92.0.4515.119 Mobile Safari/537.36 (compatible; Googlebot/2.1; +http://www.google.com/bot.html)"
157.38.66.74 - - [01/Aug/2021:05:51:28 +0000] "-" 408 - "-" "-"
157.38.66.74 - - [01/Aug/2021:05:51:28 +0000] "-" 408 - "-" "-"
117.234.163.244 - - [01/Aug/2021:05:51:47 +0000] "-" 408 - "-" "-"
117.234.163.244 - - [01/Aug/2021:05:51:47 +0000] "-" 408 - "-" "-"
157.35.231.12 - - [01/Aug/2021:05:51:57 +0000] "-" 408 - "-" "-"
216.244.66.202 - - [01/Aug/2021:05:52:20 +0000] "GET /robots.txt HTTP/1.1" 404 208 "-" "Mozilla/5.0 (compatible; DotBot/1.2; +https://opensiteexplorer.org/dotbot; help@moz.com)"
114.119.162.33 - - [01/Aug/2021:05:54:27 +0000] "GET /updates/conquer-gk-your-weekly-gk-quiz-25-31-may-2017 HTTP/1.1" 404 251 "-" "Mozilla/5.0 (Linux; Android 7.0;) AppleWebKit/537.36 (KHTML, like Gecko) Mobile Safari/537.36 (compatible; PetalBot;+https://webmaster.petalsearch.com/site/petalbot)"
157.47.214.175 - - [01/Aug/2021:05:56:27 +0000] "-" 408 - "-" "-"
157.47.214.175 - - [01/Aug/2021:05:56:27 +0000] "-" 408 - "-" "-"
207.46.13.168 - - [01/Aug/2021:05:58:14 +0000] "GET /images/IAF-AFCAT.jpg HTTP/1.1" 404 218 "-" "Mozilla/5.0 (compatible; bingbot/2.0; +http://www.bing.com/bingbot.htm)"
66.249.66.24 - - [01/Aug/2021:05:59:44 +0000] "GET /du-llb-entrance-exam-coaching.html HTTP/1.1" 404 232 "-" "Mozilla/5.0 (Linux; Android 6.0.1; Nexus 5X Build/MMB29P) AppleWebKit/537.36 (KHTML, like Gecko) Chrome/92.0.4515.119 Mobile Safari/537.36 (compatible; Googlebot/2.1; +http://www.google.com/bot.html)"
114.119.134.232 - - [01/Aug/2021:06:01:10 +0000] "GET /updates/wp-content/uploads/2018/05/AA-Current-Affairs-1-5-250x160.jpg HTTP/1.1" 404 267 "-" "Mozilla/5.0 (Linux; Android 7.0;) AppleWebKit/537.36 (KHTML, like Gecko) Mobile Safari/537.36 (compatible; PetalBot;+https://webmaster.petalsearch.com/site/petalbot)"
216.244.66.202 - - [01/Aug/2021:06:02:33 +0000] "GET /pdf/cds-i-2014-maths-question-paper.pdf HTTP/1.1" 404 237 "-" "Mozilla/5.0 (compatible; DotBot/1.2; +https://opensiteexplorer.org/dotbot; help@moz.com)"
171.76.243.247 - - [01/Aug/2021:06:03:35 +0000] "GET / HTTP/1.1" 403 209 "https://www.google.com/" "Mozilla/5.0 (Windows NT 6.1) AppleWebKit/537.36 (KHTML, like Gecko) Chrome/92.0.4515.107 Safari/537.36"
157.38.39.82 - - [01/Aug/2021:06:03:45 +0000] "-" 408 - "-" "-"
157.38.39.82 - - [01/Aug/2021:06:03:51 +0000] "-" 408 - "-" "-"
106.206.178.73 - - [01/Aug/2021:06:04:56 +0000] "-" 408 - "-" "-"
106.206.178.73 - - [01/Aug/2021:06:04:56 +0000] "-" 408 - "-" "-"
207.46.13.168 - - [01/Aug/2021:06:05:37 +0000] "GET /updates/ssc-stenographer-coaching-in-delhi/ HTTP/1.1" 404 241 "-" "Mozilla/5.0 (compatible; bingbot/2.0; +http://www.bing.com/bingbot.htm)"
171.79.189.142 - - [01/Aug/2021:06:06:59 +0000] "-" 408 - "-" "-"
114.119.134.232 - - [01/Aug/2021:06:07:46 +0000] "GET /updates/wp-content/uploads/2020/02/CDS-I-2020-GK-Answer-Keys-Code-A.pdf HTTP/1.1" 404 269 "-" "Mozilla/5.0 (Linux; Android 7.0;) AppleWebKit/537.36 (KHTML, like Gecko) Mobile Safari/537.36 (compatible; PetalBot;+https://webmaster.petalsearch.com/site/petalbot)"
106.206.173.42 - - [01/Aug/2021:06:07:48 +0000] "-" 408 - "-" "-"
157.38.27.235 - - [01/Aug/2021:06:08:21 +0000] "-" 408 - "-" "-"
157.38.27.235 - - [01/Aug/2021:06:08:21 +0000] "-" 408 - "-" "-"
157.38.39.82 - - [01/Aug/2021:06:08:24 +0000] "-" 408 - "-" "-"
157.38.41.32 - - [01/Aug/2021:06:10:17 +0000] "-" 408 - "-" "-"
157.38.41.32 - - [01/Aug/2021:06:10:17 +0000] "-" 408 - "-" "-"
106.207.137.152 - - [01/Aug/2021:06:10:38 +0000] "-" 408 - "-" "-"
106.207.137.152 - - [01/Aug/2021:06:10:38 +0000] "-" 408 - "-" "-"
106.207.137.152 - - [01/Aug/2021:06:10:38 +0000] "-" 408 - "-" "-"
106.207.137.152 - - [01/Aug/2021:06:10:38 +0000] "-" 408 - "-" "-"
106.207.137.152 - - [01/Aug/2021:06:10:38 +0000] "-" 408 - "-" "-"
42.105.48.42 - - [01/Aug/2021:06:11:19 +0000] "-" 408 - "-" "-"
157.38.196.117 - - [01/Aug/2021:06:12:08 +0000] "-" 408 - "-" "-"
66.249.66.24 - - [01/Aug/2021:06:13:01 +0000] "GET /cds-previous-year-question-papers.html HTTP/1.1" 404 236 "-" "Mozilla/5.0 (Linux; Android 6.0.1; Nexus 5X Build/MMB29P) AppleWebKit/537.36 (KHTML, like Gecko) Chrome/91.0.4472.90 Mobile Safari/537.36 (compatible; Googlebot/2.1; +http://www.google.com/bot.html)"
103.82.78.68 - - [01/Aug/2021:06:13:15 +0000] "-" 408 - "-" "-"
122.173.209.58 - - [01/Aug/2021:06:13:28 +0000] "GET /Indian-Banking-Scenario.html HTTP/1.1" 404 226 "https://www.google.com/" "Mozilla/5.0 (Linux; Android 11; RMX2170) AppleWebKit/537.36 (KHTML, like Gecko) Chrome/92.0.4515.115 Mobile Safari/537.36"
114.119.131.2 - - [01/Aug/2021:06:14:35 +0000] "GET /updates/others-weekly-current-affairs-19-september-25-september-2016/ HTTP/1.1" 404 267 "-" "Mozilla/5.0 (Linux; Android 7.0;) AppleWebKit/537.36 (KHTML, like Gecko) Mobile Safari/537.36 (compatible; PetalBot;+https://webmaster.petalsearch.com/site/petalbot)"
157.47.192.87 - - [01/Aug/2021:06:15:49 +0000] "-" 408 - "-" "-"
157.47.192.87 - - [01/Aug/2021:06:16:11 +0000] "-" 408 - "-" "-"
157.47.192.87 - - [01/Aug/2021:06:16:11 +0000] "-" 408 - "-" "-"
171.79.146.166 - - [01/Aug/2021:06:17:04 +0000] "-" 408 - "-" "-"
171.79.146.166 - - [01/Aug/2021:06:17:04 +0000] "-" 408 - "-" "-"
157.38.39.82 - - [01/Aug/2021:06:18:56 +0000] "-" 408 - "-" "-"
157.38.39.82 - - [01/Aug/2021:06:18:56 +0000] "-" 408 - "-" "-"
106.207.140.150 - - [01/Aug/2021:06:19:17 +0000] "-" 408 - "-" "-"
34.134.19.199 - - [01/Aug/2021:06:19:24 +0000] "GET / HTTP/1.1" 403 209 "-" "Mozilla/5.0 (compatible; MSIE 9.0; Windows NT 6.1; Trident/5.0; chromeframe/11.0.696.57)"
34.134.19.199 - - [01/Aug/2021:06:19:25 +0000] "GET /ads.txt HTTP/1.1" 404 205 "-" "Mozilla/5.0 (compatible; MSIE 9.0; Windows NT 6.1; Trident/5.0; chromeframe/11.0.696.57)"
106.207.140.150 - - [01/Aug/2021:06:19:39 +0000] "-" 408 - "-" "-"
106.207.140.150 - - [01/Aug/2021:06:19:39 +0000] "-" 408 - "-" "-"
106.207.140.150 - - [01/Aug/2021:06:19:39 +0000] "-" 408 - "-" "-"
106.207.140.150 - - [01/Aug/2021:06:19:39 +0000] "-" 408 - "-" "-"
66.249.66.25 - - [01/Aug/2021:06:20:19 +0000] "GET /nda-coaching-in-delhi.html HTTP/1.1" 404 224 "-" "Mozilla/5.0 (Linux; Android 6.0.1; Nexus 5X Build/MMB29P) AppleWebKit/537.36 (KHTML, like Gecko) Chrome/92.0.4515.119 Mobile Safari/537.36 (compatible; Googlebot/2.1; +http://www.google.com/bot.html)"
157.38.39.82 - - [01/Aug/2021:06:20:59 +0000] "-" 408 - "-" "-"
157.38.39.82 - - [01/Aug/2021:06:20:59 +0000] "-" 408 - "-" "-"
114.119.162.33 - - [01/Aug/2021:06:21:17 +0000] "GET /updates/wp-content/uploads/2016/03/Railway-Exam-2016.png HTTP/1.1" 404 254 "-" "Mozilla/5.0 (Linux; Android 7.0;) AppleWebKit/537.36 (KHTML, like Gecko) Mobile Safari/537.36 (compatible; PetalBot;+https://webmaster.petalsearch.com/site/petalbot)"
157.38.52.132 - - [01/Aug/2021:06:21:50 +0000] "-" 408 - "-" "-"
157.38.52.132 - - [01/Aug/2021:06:22:06 +0000] "-" 408 - "-" "-"
207.46.13.124 - - [01/Aug/2021:06:22:20 +0000] "GET /images/cds-faq.jpg HTTP/1.1" 404 216 "-" "Mozilla/5.0 (compatible; bingbot/2.0; +http://www.bing.com/bingbot.htm)"
157.38.39.82 - - [01/Aug/2021:06:22:29 +0000] "-" 408 - "-" "-"
157.38.39.82 - - [01/Aug/2021:06:22:29 +0000] "-" 408 - "-" "-"
122.173.209.58 - - [01/Aug/2021:06:23:11 +0000] "GET /Indian-Banking-Scenario.html HTTP/1.1" 404 226 "https://www.google.com/" "Mozilla/5.0 (Linux; Android 11; RMX2170) AppleWebKit/537.36 (KHTML, like Gecko) Chrome/92.0.4515.115 Mobile Safari/537.36"
157.38.39.82 - - [01/Aug/2021:06:23:23 +0000] "-" 408 - "-" "-"
106.13.238.108 - - [01/Aug/2021:06:23:47 +0000] "POST //UploadImgs/1.asp;_5.gif HTTP/1.1" 404 221 "http://misc.yahoo.com.cn/" "Mozilla/5.0 (compatible; Yahoo! Slurp China; http://misc.yahoo.com.cn/help.html)"
106.13.238.108 - - [01/Aug/2021:06:23:47 +0000] "POST //UploadImgs/1.asp;_5.gif HTTP/1.1" 404 221 "http://misc.yahoo.com.cn/" "Mozilla/5.0 (compatible; Yahoo! Slurp China; http://misc.yahoo.com.cn/help.html)"
157.38.39.82 - - [01/Aug/2021:06:23:57 +0000] "-" 408 - "-" "-"
157.38.39.82 - - [01/Aug/2021:06:23:57 +0000] "-" 408 - "-" "-"
157.38.39.82 - - [01/Aug/2021:06:25:29 +0000] "-" 408 - "-" "-"
157.38.39.82 - - [01/Aug/2021:06:25:29 +0000] "-" 408 - "-" "-"
157.38.39.82 - - [01/Aug/2021:06:27:34 +0000] "-" 408 - "-" "-"
157.38.39.82 - - [01/Aug/2021:06:27:34 +0000] "-" 408 - "-" "-"
66.249.66.20 - - [01/Aug/2021:06:27:46 +0000] "GET /updates/page/46/?wordfence_logHuman=1&hid=D177A1D1D107BCDA7373BCC35E9F0E5E HTTP/1.1" 404 214 "-" "Mozilla/5.0 (Linux; Android 6.0.1; Nexus 5X Build/MMB29P) AppleWebKit/537.36 (KHTML, like Gecko) Chrome/92.0.4515.119 Mobile Safari/537.36 (compatible; Googlebot/2.1; +http://www.google.com/bot.html)"
114.119.150.210 - - [01/Aug/2021:06:28:10 +0000] "GET /updates/wp-content/uploads/2017/08/AA-Important-Notice-250x160.jpg HTTP/1.1" 404 264 "-" "Mozilla/5.0 (Linux; Android 7.0;) AppleWebKit/537.36 (KHTML, like Gecko) Mobile Safari/537.36 (compatible; PetalBot;+https://webmaster.petalsearch.com/site/petalbot)"
157.38.39.82 - - [01/Aug/2021:06:28:34 +0000] "-" 408 - "-" "-"
157.38.39.82 - - [01/Aug/2021:06:28:34 +0000] "-" 408 - "-" "-"
157.38.39.82 - - [01/Aug/2021:06:29:34 +0000] "-" 408 - "-" "-"
157.38.39.82 - - [01/Aug/2021:06:29:34 +0000] "-" 408 - "-" "-"
5.102.173.71 - - [01/Aug/2021:06:31:41 +0000] "GET /robots.txt HTTP/1.1" 404 208 "-" "Mozilla/5.0 (compatible; MojeekBot/0.10; +https://www.mojeek.com/bot.html)"
5.102.173.71 - - [01/Aug/2021:06:31:41 +0000] "GET /updates/nda-ii-2018-question-papers-answer-key-solutions/ HTTP/1.1" 404 255 "-" "Mozilla/5.0 (compatible; MojeekBot/0.10; +https://www.mojeek.com/bot.html)"
207.46.13.30 - - [01/Aug/2021:06:33:44 +0000] "GET /updates/daily-current-affairs-15th-october-2017/ HTTP/1.1" 404 246 "-" "Mozilla/5.0 (compatible; bingbot/2.0; +http://www.bing.com/bingbot.htm)"
117.234.163.244 - - [01/Aug/2021:06:34:44 +0000] "-" 408 - "-" "-"
171.79.189.142 - - [01/Aug/2021:06:35:02 +0000] "-" 408 - "-" "-"
