40.77.167.19 - - [31/Jul/2021:02:49:22 +0000] "GET /clat-online-video-classes.html HTTP/1.1" 404 228 "-" "Mozilla/5.0 (compatible; bingbot/2.0; +http://www.bing.com/bingbot.htm)"
157.38.237.234 - - [31/Jul/2021:02:49:29 +0000] "-" 408 - "-" "-"
157.38.237.234 - - [31/Jul/2021:02:49:29 +0000] "-" 408 - "-" "-"
66.249.92.24 - - [31/Jul/2021:02:49:32 +0000] "GET /cds-coaching.html HTTP/1.1" 404 215 "-" "Mozilla/5.0 (iPhone; CPU iPhone OS 9_1 like Mac OS X) AppleWebKit/601.1.46 (KHTML, like Gecko) Version/9.0 Mobile/13B143 Safari/601.1 (compatible; AdsBot-Google-Mobile; +http://www.google.com/mobile/adsbot.html)"
66.249.66.22 - - [31/Jul/2021:02:49:40 +0000] "GET /updates/page/103/?wordfence_logHuman=1&hid=8AC0A2345C2C0354CB47B7AA4DBE2234 HTTP/1.1" 404 215 "-" "Mozilla/5.0 (Linux; Android 6.0.1; Nexus 5X Build/MMB29P) AppleWebKit/537.36 (KHTML, like Gecko) Chrome/91.0.4472.90 Mobile Safari/537.36 (compatible; Googlebot/2.1; +http://www.google.com/bot.html)"
157.38.237.234 - - [31/Jul/2021:02:50:29 +0000] "-" 408 - "-" "-"
157.38.237.234 - - [31/Jul/2021:02:50:29 +0000] "-" 408 - "-" "-"
43.239.206.29 - - [31/Jul/2021:02:50:38 +0000] "-" 408 - "-" "-"
114.119.160.248 - - [31/Jul/2021:02:50:53 +0000] "GET /updates/page/56 HTTP/1.1" 404 213 "-" "Mozilla/5.0 (Linux; Android 7.0;) AppleWebKit/537.36 (KHTML, like Gecko) Mobile Safari/537.36 (compatible; PetalBot;+https://webmaster.petalsearch.com/site/petalbot)"
157.38.237.234 - - [31/Jul/2021:02:51:29 +0000] "-" 408 - "-" "-"
157.38.237.234 - - [31/Jul/2021:02:51:29 +0000] "-" 408 - "-" "-"
106.13.238.108 - - [31/Jul/2021:02:52:03 +0000] "POST //uc_server/1.php HTTP/1.1" 404 213 "http://misc.yahoo.com.cn/" "Mozilla/5.0 (compatible; Yahoo! Slurp China; http://misc.yahoo.com.cn/help.html)"
106.13.238.108 - - [31/Jul/2021:02:52:03 +0000] "POST //uc_server/1.php HTTP/1.1" 404 213 "http://misc.yahoo.com.cn/" "Mozilla/5.0 (compatible; Yahoo! Slurp China; http://misc.yahoo.com.cn/help.html)"
106.13.238.108 - - [31/Jul/2021:02:52:03 +0000] "POST //uc_server/1.php HTTP/1.1" 404 213 "http://misc.yahoo.com.cn/" "Mozilla/5.0 (compatible; Yahoo! Slurp China; http://misc.yahoo.com.cn/help.html)"
157.38.237.234 - - [31/Jul/2021:02:52:29 +0000] "-" 408 - "-" "-"
157.38.237.234 - - [31/Jul/2021:02:52:29 +0000] "-" 408 - "-" "-"
172.69.63.10 - - [31/Jul/2021:02:52:50 +0000] "GET /sitemap.xml HTTP/1.1" 404 209 "-" "Mozilla/5.0 (compatible; bingbot/2.0; +http://www.bing.com/bingbot.htm)"
157.55.39.65 - - [31/Jul/2021:02:53:26 +0000] "GET /updates/idbi-bank-executives-2018-online-exam-result-out/ HTTP/1.1" 404 255 "-" "Mozilla/5.0 (compatible; bingbot/2.0; +http://www.bing.com/bingbot.htm)"
157.38.237.234 - - [31/Jul/2021:02:53:29 +0000] "-" 408 - "-" "-"
157.38.237.234 - - [31/Jul/2021:02:53:29 +0000] "-" 408 - "-" "-"
157.38.237.234 - - [31/Jul/2021:02:54:29 +0000] "-" 408 - "-" "-"
157.38.237.234 - - [31/Jul/2021:02:54:29 +0000] "-" 408 - "-" "-"
157.38.237.234 - - [31/Jul/2021:02:55:29 +0000] "-" 408 - "-" "-"
157.38.237.234 - - [31/Jul/2021:02:55:29 +0000] "-" 408 - "-" "-"
157.38.237.234 - - [31/Jul/2021:02:56:29 +0000] "-" 408 - "-" "-"
157.38.237.234 - - [31/Jul/2021:02:56:29 +0000] "-" 408 - "-" "-"
66.249.66.24 - - [31/Jul/2021:02:56:39 +0000] "GET /nda.html HTTP/1.1" 404 206 "-" "Mozilla/5.0 (compatible; Googlebot/2.1; +http://www.google.com/bot.html)"
207.46.13.168 - - [31/Jul/2021:02:57:03 +0000] "GET / HTTP/1.1" 200 5048 "-" "Mozilla/5.0 (compatible; bingbot/2.0; +http://www.bing.com/bingbot.htm)"
157.38.237.234 - - [31/Jul/2021:02:57:29 +0000] "-" 408 - "-" "-"
157.38.237.234 - - [31/Jul/2021:02:57:29 +0000] "-" 408 - "-" "-"
157.38.237.234 - - [31/Jul/2021:02:58:29 +0000] "-" 408 - "-" "-"
157.38.237.234 - - [31/Jul/2021:02:58:29 +0000] "-" 408 - "-" "-"
114.119.160.248 - - [31/Jul/2021:02:58:43 +0000] "GET /updates/tag/solutions-for-cds-2020 HTTP/1.1" 404 232 "-" "Mozilla/5.0 (Linux; Android 7.0;) AppleWebKit/537.36 (KHTML, like Gecko) Mobile Safari/537.36 (compatible; PetalBot;+https://webmaster.petalsearch.com/site/petalbot)"
66.249.66.20 - - [31/Jul/2021:02:59:07 +0000] "GET /updates/page/79/?wordfence_logHuman=1&hid=49FBA5BE441896DB2638D09ADF53BF7B HTTP/1.1" 404 214 "-" "Mozilla/5.0 (Linux; Android 6.0.1; Nexus 5X Build/MMB29P) AppleWebKit/537.36 (KHTML, like Gecko) Chrome/91.0.4472.90 Mobile Safari/537.36 (compatible; Googlebot/2.1; +http://www.google.com/bot.html)"
157.38.237.234 - - [31/Jul/2021:02:59:29 +0000] "-" 408 - "-" "-"
157.38.237.234 - - [31/Jul/2021:02:59:29 +0000] "-" 408 - "-" "-"
223.188.27.96 - - [31/Jul/2021:02:59:50 +0000] "-" 408 - "-" "-"
157.38.237.234 - - [31/Jul/2021:03:00:30 +0000] "-" 408 - "-" "-"
157.38.237.234 - - [31/Jul/2021:03:00:30 +0000] "-" 408 - "-" "-"
157.38.237.234 - - [31/Jul/2021:03:01:29 +0000] "-" 408 - "-" "-"
157.38.237.234 - - [31/Jul/2021:03:01:29 +0000] "-" 408 - "-" "-"
157.38.237.234 - - [31/Jul/2021:03:02:30 +0000] "-" 408 - "-" "-"
157.38.237.234 - - [31/Jul/2021:03:02:30 +0000] "-" 408 - "-" "-"
157.38.237.234 - - [31/Jul/2021:03:03:29 +0000] "-" 408 - "-" "-"
157.38.237.234 - - [31/Jul/2021:03:03:29 +0000] "-" 408 - "-" "-"
157.38.237.234 - - [31/Jul/2021:03:04:29 +0000] "-" 408 - "-" "-"
157.38.237.234 - - [31/Jul/2021:03:04:29 +0000] "-" 408 - "-" "-"
157.38.237.234 - - [31/Jul/2021:03:05:30 +0000] "-" 408 - "-" "-"
157.38.237.234 - - [31/Jul/2021:03:05:30 +0000] "-" 408 - "-" "-"
157.38.237.234 - - [31/Jul/2021:03:06:30 +0000] "-" 408 - "-" "-"
157.38.237.234 - - [31/Jul/2021:03:06:30 +0000] "-" 408 - "-" "-"
114.119.146.145 - - [31/Jul/2021:03:06:42 +0000] "GET /updates/daily-current-affairs-15th-january-2017 HTTP/1.1" 404 245 "-" "Mozilla/5.0 (Linux; Android 7.0;) AppleWebKit/537.36 (KHTML, like Gecko) Mobile Safari/537.36 (compatible; PetalBot;+https://webmaster.petalsearch.com/site/petalbot)"
157.38.237.234 - - [31/Jul/2021:03:07:30 +0000] "-" 408 - "-" "-"
157.38.237.234 - - [31/Jul/2021:03:07:30 +0000] "-" 408 - "-" "-"
66.249.66.21 - - [31/Jul/2021:03:07:34 +0000] "GET /video-tutorial.html HTTP/1.1" 404 217 "-" "Mozilla/5.0 (Linux; Android 6.0.1; Nexus 5X Build/MMB29P) AppleWebKit/537.36 (KHTML, like Gecko) Chrome/91.0.4472.90 Mobile Safari/537.36 (compatible; Googlebot/2.1; +http://www.google.com/bot.html)"
157.38.237.234 - - [31/Jul/2021:03:08:30 +0000] "-" 408 - "-" "-"
157.38.237.234 - - [31/Jul/2021:03:08:30 +0000] "-" 408 - "-" "-"
66.249.66.22 - - [31/Jul/2021:03:08:35 +0000] "GET /updates/author/aim-and-achieve/page/102/ HTTP/1.1" 404 238 "-" "Mozilla/5.0 (Linux; Android 6.0.1; Nexus 5X Build/MMB29P) AppleWebKit/537.36 (KHTML, like Gecko) Chrome/91.0.4472.90 Mobile Safari/537.36 (compatible; Googlebot/2.1; +http://www.google.com/bot.html)"
157.38.237.234 - - [31/Jul/2021:03:09:30 +0000] "-" 408 - "-" "-"
157.38.237.234 - - [31/Jul/2021:03:09:30 +0000] "-" 408 - "-" "-"
157.38.237.234 - - [31/Jul/2021:03:10:30 +0000] "-" 408 - "-" "-"
157.38.237.234 - - [31/Jul/2021:03:10:30 +0000] "-" 408 - "-" "-"
157.38.237.234 - - [31/Jul/2021:03:11:36 +0000] "-" 408 - "-" "-"
157.38.237.234 - - [31/Jul/2021:03:11:36 +0000] "-" 408 - "-" "-"
157.38.237.234 - - [31/Jul/2021:03:12:43 +0000] "-" 408 - "-" "-"
157.38.237.234 - - [31/Jul/2021:03:12:43 +0000] "-" 408 - "-" "-"
207.46.13.30 - - [31/Jul/2021:03:13:35 +0000] "GET /updates/ibps-cwe-so-vi-call-letters-out/ HTTP/1.1" 404 238 "-" "Mozilla/5.0 (compatible; bingbot/2.0; +http://www.bing.com/bingbot.htm)"
157.38.237.234 - - [31/Jul/2021:03:13:43 +0000] "-" 408 - "-" "-"
157.38.237.234 - - [31/Jul/2021:03:13:43 +0000] "-" 408 - "-" "-"
114.119.146.145 - - [31/Jul/2021:03:14:24 +0000] "GET /updates/tag/nda-paper HTTP/1.1" 404 219 "-" "Mozilla/5.0 (Linux; Android 7.0;) AppleWebKit/537.36 (KHTML, like Gecko) Mobile Safari/537.36 (compatible; PetalBot;+https://webmaster.petalsearch.com/site/petalbot)"
157.38.237.234 - - [31/Jul/2021:03:14:43 +0000] "-" 408 - "-" "-"
157.38.237.234 - - [31/Jul/2021:03:14:43 +0000] "-" 408 - "-" "-"
157.42.217.222 - - [31/Jul/2021:03:15:11 +0000] "-" 408 - "-" "-"
157.42.217.222 - - [31/Jul/2021:03:15:11 +0000] "-" 408 - "-" "-"
40.77.167.88 - - [31/Jul/2021:03:15:15 +0000] "GET /package-round-trip-with-ayurveda-on-request.html HTTP/1.1" 404 246 "-" "Mozilla/5.0 (compatible; bingbot/2.0; +http://www.bing.com/bingbot.htm)"
157.38.237.234 - - [31/Jul/2021:03:15:43 +0000] "-" 408 - "-" "-"
157.38.237.234 - - [31/Jul/2021:03:15:43 +0000] "-" 408 - "-" "-"
157.38.237.234 - - [31/Jul/2021:03:17:43 +0000] "-" 408 - "-" "-"
157.38.237.234 - - [31/Jul/2021:03:17:43 +0000] "-" 408 - "-" "-"
66.249.66.20 - - [31/Jul/2021:03:18:28 +0000] "GET /our-introduction.html HTTP/1.1" 404 219 "-" "Mozilla/5.0 (Linux; Android 6.0.1; Nexus 5X Build/MMB29P) AppleWebKit/537.36 (KHTML, like Gecko) Chrome/91.0.4472.90 Mobile Safari/537.36 (compatible; Googlebot/2.1; +http://www.google.com/bot.html)"
157.38.237.234 - - [31/Jul/2021:03:18:43 +0000] "-" 408 - "-" "-"
157.38.237.234 - - [31/Jul/2021:03:18:43 +0000] "-" 408 - "-" "-"
157.38.237.234 - - [31/Jul/2021:03:19:43 +0000] "-" 408 - "-" "-"
157.38.237.234 - - [31/Jul/2021:03:19:43 +0000] "-" 408 - "-" "-"
157.38.237.234 - - [31/Jul/2021:03:20:44 +0000] "-" 408 - "-" "-"
157.38.237.234 - - [31/Jul/2021:03:20:44 +0000] "-" 408 - "-" "-"
162.158.106.26 - - [31/Jul/2021:03:21:30 +0000] "GET / HTTP/1.1" 200 5048 "-" "Mozilla/5.0 (X11; Linux x86_64) AppleWebKit/537.36 (KHTML, like Gecko) Chrome/83.0.4103.97 Safari/537.36"
108.162.246.86 - - [31/Jul/2021:03:21:31 +0000] "GET / HTTP/1.1" 200 5048 "-" "Mozilla/5.0 (X11; Linux x86_64) AppleWebKit/537.36 (KHTML, like Gecko) Chrome/83.0.4103.97 Safari/537.36"
157.38.237.234 - - [31/Jul/2021:03:21:43 +0000] "-" 408 - "-" "-"
157.38.237.234 - - [31/Jul/2021:03:21:43 +0000] "-" 408 - "-" "-"
114.119.131.2 - - [31/Jul/2021:03:21:47 +0000] "GET /updates/ssc-je-2017-notification-out-apply-now HTTP/1.1" 404 244 "-" "Mozilla/5.0 (Linux; Android 7.0;) AppleWebKit/537.36 (KHTML, like Gecko) Mobile Safari/537.36 (compatible; PetalBot;+https://webmaster.petalsearch.com/site/petalbot)"
162.158.107.210 - - [31/Jul/2021:03:21:49 +0000] "GET /favicon.ico HTTP/1.1" 404 209 "http://jobfacus.com/favicon.ico" "Mozilla/5.0 (X11; Linux x86_64) AppleWebKit/537.36 (KHTML, like Gecko) Chrome/83.0.4103.97 Safari/537.36"
157.38.237.234 - - [31/Jul/2021:03:22:44 +0000] "-" 408 - "-" "-"
157.38.237.234 - - [31/Jul/2021:03:22:44 +0000] "-" 408 - "-" "-"
157.38.237.234 - - [31/Jul/2021:03:23:44 +0000] "-" 408 - "-" "-"
157.38.237.234 - - [31/Jul/2021:03:23:44 +0000] "-" 408 - "-" "-"
223.228.247.127 - - [31/Jul/2021:03:23:45 +0000] "-" 408 - "-" "-"
223.228.247.127 - - [31/Jul/2021:03:23:46 +0000] "-" 408 - "-" "-"
157.38.237.234 - - [31/Jul/2021:03:24:44 +0000] "-" 408 - "-" "-"
157.38.237.234 - - [31/Jul/2021:03:24:44 +0000] "-" 408 - "-" "-"
122.174.76.227 - - [31/Jul/2021:03:25:26 +0000] "-" 408 - "-" "-"
157.38.237.234 - - [31/Jul/2021:03:25:44 +0000] "-" 408 - "-" "-"
157.38.237.234 - - [31/Jul/2021:03:25:44 +0000] "-" 408 - "-" "-"
157.38.237.234 - - [31/Jul/2021:03:26:44 +0000] "-" 408 - "-" "-"
157.38.237.234 - - [31/Jul/2021:03:26:44 +0000] "-" 408 - "-" "-"
172.70.34.36 - - [31/Jul/2021:03:27:04 +0000] "GET /product-category/tools/cutter HTTP/1.1" 404 227 "-" "Mozilla/5.0 (Linux; Android 6.0.1; Nexus 5X Build/MMB29P) AppleWebKit/537.36 (KHTML, like Gecko) Chrome/92.0.4515.119 Mobile Safari/537.36 (compatible; Googlebot/2.1; +http://www.google.com/bot.html)"
40.77.139.111 - - [31/Jul/2021:03:27:18 +0000] "-" 408 - "-" "-"
114.119.160.248 - - [31/Jul/2021:03:29:05 +0000] "GET /updates/tag/clat-preparation-after-12th HTTP/1.1" 404 237 "-" "Mozilla/5.0 (Linux; Android 7.0;) AppleWebKit/537.36 (KHTML, like Gecko) Mobile Safari/537.36 (compatible; PetalBot;+https://webmaster.petalsearch.com/site/petalbot)"
157.55.39.65 - - [31/Jul/2021:03:30:00 +0000] "GET /pdf/RRB-Mock-Test-Sample-Paper-1-Answer-keys.pdf HTTP/1.1" 404 246 "-" "Mozilla/5.0 (compatible; bingbot/2.0; +http://www.bing.com/bingbot.htm)"
82.112.184.223 - - [31/Jul/2021:03:31:08 +0000] "GET / HTTP/1.1" 200 5048 "-" "Mozilla/5.0 (Windows NT 10.0; Win64; x64) AppleWebKit/537.36 (KHTML, like Gecko) Chrome/70.0.3538.77 Safari/537.36"
207.46.13.168 - - [31/Jul/2021:03:31:44 +0000] "GET /updates/ssc-cpo-si-2017-tier-ii-answer-key-released/ HTTP/1.1" 404 250 "-" "Mozilla/5.0 (compatible; bingbot/2.0; +http://www.bing.com/bingbot.htm)"
157.38.237.234 - - [31/Jul/2021:03:31:49 +0000] "-" 408 - "-" "-"
157.38.237.234 - - [31/Jul/2021:03:31:49 +0000] "-" 408 - "-" "-"
157.55.39.185 - - [31/Jul/2021:03:34:15 +0000] "GET /updates/ssc-cgle-2017-tier-ii-exam-call-letter-out/ HTTP/1.1" 404 249 "-" "Mozilla/5.0 (compatible; bingbot/2.0; +http://www.bing.com/bingbot.htm)"
157.38.237.234 - - [31/Jul/2021:03:35:49 +0000] "-" 408 - "-" "-"
157.38.237.234 - - [31/Jul/2021:03:35:49 +0000] "-" 408 - "-" "-"
114.119.154.26 - - [31/Jul/2021:03:36:15 +0000] "GET /updates/tag/eligibility-criteria-for-application-form HTTP/1.1" 404 251 "-" "Mozilla/5.0 (Linux; Android 7.0;) AppleWebKit/537.36 (KHTML, like Gecko) Mobile Safari/537.36 (compatible; PetalBot;+https://webmaster.petalsearch.com/site/petalbot)"
157.38.237.234 - - [31/Jul/2021:03:36:53 +0000] "-" 408 - "-" "-"
157.38.237.234 - - [31/Jul/2021:03:36:53 +0000] "-" 408 - "-" "-"
157.38.237.234 - - [31/Jul/2021:03:37:55 +0000] "-" 408 - "-" "-"
157.38.237.234 - - [31/Jul/2021:03:37:55 +0000] "-" 408 - "-" "-"
157.38.237.234 - - [31/Jul/2021:03:38:55 +0000] "-" 408 - "-" "-"
157.38.237.234 - - [31/Jul/2021:03:38:55 +0000] "-" 408 - "-" "-"
157.38.237.234 - - [31/Jul/2021:03:39:55 +0000] "-" 408 - "-" "-"
157.38.237.234 - - [31/Jul/2021:03:39:55 +0000] "-" 408 - "-" "-"
66.249.66.25 - - [31/Jul/2021:03:40:18 +0000] "GET /updates/tag/chapter-wise-weightage-for-nda/ HTTP/1.1" 404 241 "-" "Mozilla/5.0 (Linux; Android 6.0.1; Nexus 5X Build/MMB29P) AppleWebKit/537.36 (KHTML, like Gecko) Chrome/91.0.4472.90 Mobile Safari/537.36 (compatible; Googlebot/2.1; +http://www.google.com/bot.html)"
157.38.237.234 - - [31/Jul/2021:03:40:55 +0000] "-" 408 - "-" "-"
157.38.237.234 - - [31/Jul/2021:03:40:55 +0000] "-" 408 - "-" "-"
66.249.66.22 - - [31/Jul/2021:03:42:16 +0000] "GET /updates/page/67/?wordfence_logHuman=1&hid=3D75D8C4F8B667CAE46152708F1A3964 HTTP/1.1" 404 214 "-" "Mozilla/5.0 (Linux; Android 6.0.1; Nexus 5X Build/MMB29P) AppleWebKit/537.36 (KHTML, like Gecko) Chrome/92.0.4515.119 Mobile Safari/537.36 (compatible; Googlebot/2.1; +http://www.google.com/bot.html)"
114.119.146.145 - - [31/Jul/2021:03:42:32 +0000] "GET /updates/tamilnad-mercantile-bank-clerk-notification-out HTTP/1.1" 404 253 "-" "Mozilla/5.0 (Linux; Android 7.0;) AppleWebKit/537.36 (KHTML, like Gecko) Mobile Safari/537.36 (compatible; PetalBot;+https://webmaster.petalsearch.com/site/petalbot)"
199.16.157.183 - - [31/Jul/2021:03:44:42 +0000] "GET /robots.txt HTTP/1.1" 404 208 "-" "Twitterbot/1.0"
199.16.157.181 - - [31/Jul/2021:03:44:42 +0000] "GET /robots.txt HTTP/1.1" 404 208 "-" "Twitterbot/1.0"
199.16.157.181 - - [31/Jul/2021:03:44:42 +0000] "GET /robots.txt HTTP/1.1" 404 208 "-" "Twitterbot/1.0"
199.16.157.180 - - [31/Jul/2021:03:44:42 +0000] "GET /robots.txt HTTP/1.1" 404 208 "-" "Twitterbot/1.0"
192.133.77.14 - - [31/Jul/2021:03:44:42 +0000] "GET /robots.txt HTTP/1.1" 404 208 "-" "Twitterbot/1.0"
199.16.157.183 - - [31/Jul/2021:03:44:43 +0000] "GET /images/LLB-Entrance-Exam-Coaching.png HTTP/1.1" 404 235 "-" "Twitterbot/1.0"
199.16.157.181 - - [31/Jul/2021:03:44:43 +0000] "GET /india-post-bank-exam-coaching.html HTTP/1.1" 404 232 "-" "Twitterbot/1.0"
199.16.157.181 - - [31/Jul/2021:03:44:43 +0000] "GET /images/India-Post-Payments-Bank-Coaching.jpg HTTP/1.1" 404 242 "-" "Twitterbot/1.0"
199.16.157.180 - - [31/Jul/2021:03:44:43 +0000] "GET /du-llb-entrance-exam-coaching.html HTTP/1.1" 404 232 "-" "Twitterbot/1.0"
192.133.77.14 - - [31/Jul/2021:03:44:43 +0000] "GET /images/India-Post-Payments-Bank-Coaching.jpg HTTP/1.1" 404 242 "-" "Twitterbot/1.0"
192.133.77.14 - - [31/Jul/2021:03:44:58 +0000] "GET /images/LLB-Entrance-Exam-Coaching.png HTTP/1.1" 404 235 "-" "Twitterbot/1.0"
192.133.77.14 - - [31/Jul/2021:03:45:12 +0000] "GET /india-post-bank-exam-coaching.html HTTP/1.1" 404 232 "-" "Twitterbot/1.0"
192.133.77.14 - - [31/Jul/2021:03:45:13 +0000] "GET /du-llb-entrance-exam-coaching.html HTTP/1.1" 404 232 "-" "Twitterbot/1.0"
151.80.195.102 - - [31/Jul/2021:03:47:44 +0000] "GET / HTTP/1.1" 200 5048 "-" "Mozilla/5.0 (Windows NT 6.2; Win64; x64; rv:61.0) Gecko/20100101 Firefox/61.0"
157.38.237.234 - - [31/Jul/2021:03:47:56 +0000] "-" 408 - "-" "-"
157.38.237.234 - - [31/Jul/2021:03:47:56 +0000] "-" 408 - "-" "-"
74.125.212.83 - - [31/Jul/2021:03:48:04 +0000] "GET /favicon.ico HTTP/1.1" 404 209 "-" "Mozilla/5.0 (X11; Linux x86_64) AppleWebKit/537.36 (KHTML, like Gecko) Chrome/49.0.2623.75 Safari/537.36 Google Favicon"
157.38.237.234 - - [31/Jul/2021:03:48:56 +0000] "-" 408 - "-" "-"
157.38.237.234 - - [31/Jul/2021:03:48:56 +0000] "-" 408 - "-" "-"
114.119.162.33 - - [31/Jul/2021:03:49:01 +0000] "GET /updates/tag/airforce-group-x-y-selection-process/ HTTP/1.1" 404 247 "-" "Mozilla/5.0 (Linux; Android 7.0;) AppleWebKit/537.36 (KHTML, like Gecko) Mobile Safari/537.36 (compatible; PetalBot;+https://webmaster.petalsearch.com/site/petalbot)"
157.38.237.234 - - [31/Jul/2021:03:49:56 +0000] "-" 408 - "-" "-"
157.38.237.234 - - [31/Jul/2021:03:49:56 +0000] "-" 408 - "-" "-"
66.249.66.35 - - [31/Jul/2021:03:50:18 +0000] "GET /destination-thailand-package.html HTTP/1.1" 404 231 "-" "Mozilla/5.0 (Linux; Android 6.0.1; Nexus 5X Build/MMB29P) AppleWebKit/537.36 (KHTML, like Gecko) Chrome/92.0.4515.119 Mobile Safari/537.36 (compatible; Googlebot/2.1; +http://www.google.com/bot.html)"
157.55.39.65 - - [31/Jul/2021:03:50:22 +0000] "GET /nda-coaching-in-delhi.html HTTP/1.1" 404 224 "-" "Mozilla/5.0 (compatible; bingbot/2.0; +http://www.bing.com/bingbot.htm)"
106.13.238.108 - - [31/Jul/2021:03:51:41 +0000] "POST //uc_server/3.php HTTP/1.1" 404 213 "http://misc.yahoo.com.cn/" "Mozilla/5.0 (compatible; Yahoo! Slurp China; http://misc.yahoo.com.cn/help.html)"
106.13.238.108 - - [31/Jul/2021:03:51:41 +0000] "POST //uc_server/3.php HTTP/1.1" 404 213 "http://misc.yahoo.com.cn/" "Mozilla/5.0 (compatible; Yahoo! Slurp China; http://misc.yahoo.com.cn/help.html)"
106.13.238.108 - - [31/Jul/2021:03:51:41 +0000] "POST //uc_server/3.php HTTP/1.1" 404 213 "http://misc.yahoo.com.cn/" "Mozilla/5.0 (compatible; Yahoo! Slurp China; http://misc.yahoo.com.cn/help.html)"
178.128.88.10 - - [31/Jul/2021:03:55:02 +0000] "GET / HTTP/1.1" 200 5048 "-" "Mozilla/5.0 (Windows NT 10.0; Win64; x64) AppleWebKit/537.36 (KHTML, like Gecko) Chrome/70.0.3538.77 Safari/537.36"
114.119.146.145 - - [31/Jul/2021:03:56:08 +0000] "GET /updates/daily-current-affairs-14th-june-2017/ HTTP/1.1" 404 243 "-" "Mozilla/5.0 (Linux; Android 7.0;) AppleWebKit/537.36 (KHTML, like Gecko) Mobile Safari/537.36 (compatible; PetalBot;+https://webmaster.petalsearch.com/site/petalbot)"
157.55.39.65 - - [31/Jul/2021:03:59:13 +0000] "GET /cds-syllabus.html HTTP/1.1" 404 215 "-" "Mozilla/5.0 (compatible; bingbot/2.0; +http://www.bing.com/bingbot.htm)"
66.249.66.21 - - [31/Jul/2021:04:00:23 +0000] "GET /dsssb-coaching.html HTTP/1.1" 404 217 "-" "Mozilla/5.0 (Linux; Android 6.0.1; Nexus 5X Build/MMB29P) AppleWebKit/537.36 (KHTML, like Gecko) Chrome/92.0.4515.119 Mobile Safari/537.36 (compatible; Googlebot/2.1; +http://www.google.com/bot.html)"
118.184.177.68 - - [31/Jul/2021:04:00:38 +0000] "GET / HTTP/1.1" 200 5048 "-" "Sogou web spider/4.0(+http://www.sogou.com/docs/help/webmasters.htm#07)"
157.38.251.167 - - [31/Jul/2021:04:00:57 +0000] "-" 408 - "-" "-"
157.38.251.167 - - [31/Jul/2021:04:00:57 +0000] "-" 408 - "-" "-"
157.38.251.167 - - [31/Jul/2021:04:01:56 +0000] "-" 408 - "-" "-"
157.38.251.167 - - [31/Jul/2021:04:01:56 +0000] "-" 408 - "-" "-"
66.249.66.21 - - [31/Jul/2021:04:02:07 +0000] "GET /nda-previous-year-question-papers.html HTTP/1.1" 404 236 "-" "Mozilla/5.0 (Linux; Android 6.0.1; Nexus 5X Build/MMB29P) AppleWebKit/537.36 (KHTML, like Gecko) Chrome/91.0.4472.90 Mobile Safari/537.36 (compatible; Googlebot/2.1; +http://www.google.com/bot.html)"
180.149.125.175 - - [31/Jul/2021:04:02:20 +0000] "GET / HTTP/1.1" 200 5048 "-" "Mozilla/5.0 (Windows NT 5.1; Win64; x64) AppleWebKit/537.36 (KHTML, like Gecko) Chrome/60.0.3112.90 Safari/537.36"
157.38.251.167 - - [31/Jul/2021:04:02:57 +0000] "-" 408 - "-" "-"
157.38.251.167 - - [31/Jul/2021:04:02:57 +0000] "-" 408 - "-" "-"
66.249.66.20 - - [31/Jul/2021:04:03:28 +0000] "GET /du-llb-entrance-exam-coaching.html HTTP/1.1" 404 232 "-" "Mozilla/5.0 (Linux; Android 6.0.1; Nexus 5X Build/MMB29P) AppleWebKit/537.36 (KHTML, like Gecko) Chrome/92.0.4515.119 Mobile Safari/537.36 (compatible; Googlebot/2.1; +http://www.google.com/bot.html)"
157.38.251.167 - - [31/Jul/2021:04:03:57 +0000] "-" 408 - "-" "-"
157.38.251.167 - - [31/Jul/2021:04:03:57 +0000] "-" 408 - "-" "-"
114.119.146.145 - - [31/Jul/2021:04:04:01 +0000] "GET /updates/daily-current-affairs-18th-september-2017 HTTP/1.1" 404 247 "-" "Mozilla/5.0 (Linux; Android 7.0;) AppleWebKit/537.36 (KHTML, like Gecko) Mobile Safari/537.36 (compatible; PetalBot;+https://webmaster.petalsearch.com/site/petalbot)"
157.38.251.167 - - [31/Jul/2021:04:04:57 +0000] "-" 408 - "-" "-"
157.38.251.167 - - [31/Jul/2021:04:04:57 +0000] "-" 408 - "-" "-"
157.38.251.167 - - [31/Jul/2021:04:05:57 +0000] "-" 408 - "-" "-"
157.38.251.167 - - [31/Jul/2021:04:05:57 +0000] "-" 408 - "-" "-"
157.38.251.167 - - [31/Jul/2021:04:06:57 +0000] "-" 408 - "-" "-"
157.38.251.167 - - [31/Jul/2021:04:06:57 +0000] "-" 408 - "-" "-"
157.38.251.167 - - [31/Jul/2021:04:07:23 +0000] "-" 408 - "-" "-"
172.69.62.144 - - [31/Jul/2021:04:08:18 +0000] "GET /sitemap.xml HTTP/1.1" 404 209 "-" "Mozilla/5.0 (compatible; bingbot/2.0; +http://www.bing.com/bingbot.htm)"
114.119.131.2 - - [31/Jul/2021:04:12:02 +0000] "GET /updates/category/news/page/8 HTTP/1.1" 404 226 "-" "Mozilla/5.0 (Linux; Android 7.0;) AppleWebKit/537.36 (KHTML, like Gecko) Mobile Safari/537.36 (compatible; PetalBot;+https://webmaster.petalsearch.com/site/petalbot)"
171.79.173.64 - - [31/Jul/2021:04:12:05 +0000] "-" 408 - "-" "-"
171.79.173.64 - - [31/Jul/2021:04:12:05 +0000] "-" 408 - "-" "-"
66.249.66.20 - - [31/Jul/2021:04:13:44 +0000] "GET /nda-coaching-khanpur-delhi.html HTTP/1.1" 404 229 "-" "Mozilla/5.0 (compatible; Googlebot/2.1; +http://www.google.com/bot.html)"
114.119.134.232 - - [31/Jul/2021:04:20:11 +0000] "GET /updates/wp-content/uploads/2017/11/CHSL16-Statewise-Vacancy-PA-SA.pdf HTTP/1.1" 404 267 "-" "Mozilla/5.0 (Linux; Android 7.0;) AppleWebKit/537.36 (KHTML, like Gecko) Mobile Safari/537.36 (compatible; PetalBot;+https://webmaster.petalsearch.com/site/petalbot)"
40.77.167.25 - - [31/Jul/2021:04:20:14 +0000] "GET / HTTP/1.1" 200 5048 "-" "Mozilla/5.0 (compatible; bingbot/2.0; +http://www.bing.com/bingbot.htm)"
66.249.66.25 - - [31/Jul/2021:04:23:56 +0000] "GET /salient-features.html HTTP/1.1" 404 219 "-" "Mozilla/5.0 (Linux; Android 6.0.1; Nexus 5X Build/MMB29P) AppleWebKit/537.36 (KHTML, like Gecko) Chrome/91.0.4472.90 Mobile Safari/537.36 (compatible; Googlebot/2.1; +http://www.google.com/bot.html)"
66.249.66.22 - - [31/Jul/2021:04:24:00 +0000] "GET /updates/how-to-plan-bank-exams-preparation/ HTTP/1.1" 404 241 "-" "Mozilla/5.0 (compatible; Googlebot/2.1; +http://www.google.com/bot.html)"
66.249.66.22 - - [31/Jul/2021:04:25:38 +0000] "GET /pdf/NDA-2015-Question-Paper-Mathematics.pdf HTTP/1.1" 404 241 "-" "Mozilla/5.0 (compatible; Googlebot/2.1; +http://www.google.com/bot.html)"
114.119.134.232 - - [31/Jul/2021:04:28:10 +0000] "GET /updates/page/103 HTTP/1.1" 404 214 "-" "Mozilla/5.0 (Linux; Android 7.0;) AppleWebKit/537.36 (KHTML, like Gecko) Mobile Safari/537.36 (compatible; PetalBot;+https://webmaster.petalsearch.com/site/petalbot)"
66.249.66.20 - - [31/Jul/2021:04:30:23 +0000] "GET /updates/nda-ii-2017-question-papers-answer-key-solutions/ HTTP/1.1" 404 255 "-" "Mozilla/5.0 (Linux; Android 6.0.1; Nexus 5X Build/MMB29P) AppleWebKit/537.36 (KHTML, like Gecko) Chrome/92.0.4515.119 Mobile Safari/537.36 (compatible; Googlebot/2.1; +http://www.google.com/bot.html)"
47.9.70.113 - - [31/Jul/2021:04:31:18 +0000] "-" 408 - "-" "-"
47.9.70.113 - - [31/Jul/2021:04:31:47 +0000] "-" 408 - "-" "-"
66.249.66.82 - - [31/Jul/2021:04:34:51 +0000] "GET /Online-Registration-TWO.html HTTP/1.1" 404 226 "-" "Mozilla/5.0 (Linux; Android 6.0.1; Nexus 5X Build/MMB29P) AppleWebKit/537.36 (KHTML, like Gecko) Chrome/91.0.4472.90 Mobile Safari/537.36 (compatible; Googlebot/2.1; +http://www.google.com/bot.html)"
114.119.136.155 - - [31/Jul/2021:04:35:59 +0000] "GET /updates/niacl-administrative-officers-scale-i-generalists-2016-phase-i-exam-result-out HTTP/1.1" 404 284 "-" "Mozilla/5.0 (Linux; Android 7.0;) AppleWebKit/537.36 (KHTML, like Gecko) Mobile Safari/537.36 (compatible; PetalBot;+https://webmaster.petalsearch.com/site/petalbot)"
207.46.13.23 - - [31/Jul/2021:04:38:16 +0000] "GET /updates/ssc-junior-engineer-2017-paper-i-final-answer-keys-out/ HTTP/1.1" 404 261 "-" "Mozilla/5.0 (compatible; bingbot/2.0; +http://www.bing.com/bingbot.htm)"
157.47.224.16 - - [31/Jul/2021:04:40:22 +0000] "-" 408 - "-" "-"
157.47.224.16 - - [31/Jul/2021:04:40:35 +0000] "-" 408 - "-" "-"
47.9.70.113 - - [31/Jul/2021:04:40:57 +0000] "-" 408 - "-" "-"
223.188.28.120 - - [31/Jul/2021:04:40:59 +0000] "-" 408 - "-" "-"
203.88.23.44 - - [31/Jul/2021:04:42:04 +0000] "-" 408 - "-" "-"
114.119.134.232 - - [31/Jul/2021:04:43:58 +0000] "GET /updates/daily-current-affairs-28th-november-2017/ HTTP/1.1" 404 247 "-" "Mozilla/5.0 (Linux; Android 7.0;) AppleWebKit/537.36 (KHTML, like Gecko) Mobile Safari/537.36 (compatible; PetalBot;+https://webmaster.petalsearch.com/site/petalbot)"
157.47.211.117 - - [31/Jul/2021:04:44:53 +0000] "-" 408 - "-" "-"
157.47.211.117 - - [31/Jul/2021:04:44:53 +0000] "-" 408 - "-" "-"
157.38.251.167 - - [31/Jul/2021:04:45:17 +0000] "-" 408 - "-" "-"
142.202.48.37 - - [31/Jul/2021:04:45:27 +0000] "GET /favicon.ico HTTP/1.1" 404 209 "-" "Dalvik/2.1.0 (Linux; U; Android 10; SM-J600G Build/QP1A.190711.020)"
142.202.48.37 - - [31/Jul/2021:04:45:28 +0000] "GET /favicon.ico HTTP/1.1" 404 209 "-" "Dalvik/2.1.0 (Linux; U; Android 10; SM-J600G Build/QP1A.190711.020)"
223.188.174.77 - - [31/Jul/2021:04:45:39 +0000] "-" 408 - "-" "-"
66.249.66.20 - - [31/Jul/2021:04:45:45 +0000] "GET /IBPS-Bank-Clerk.html HTTP/1.1" 404 218 "-" "Mozilla/5.0 (Linux; Android 6.0.1; Nexus 5X Build/MMB29P) AppleWebKit/537.36 (KHTML, like Gecko) Chrome/91.0.4472.90 Mobile Safari/537.36 (compatible; Googlebot/2.1; +http://www.google.com/bot.html)"
142.202.48.37 - - [31/Jul/2021:04:46:20 +0000] "GET /favicon.ico HTTP/1.1" 404 209 "-" "Dalvik/2.1.0 (Linux; U; Android 10; SM-J600G Build/QP1A.190711.020)"
142.202.48.37 - - [31/Jul/2021:04:46:21 +0000] "GET /favicon.ico HTTP/1.1" 404 209 "-" "Dalvik/2.1.0 (Linux; U; Android 10; SM-J600G Build/QP1A.190711.020)"
142.202.48.37 - - [31/Jul/2021:04:46:52 +0000] "GET /favicon.ico HTTP/1.1" 404 209 "-" "Dalvik/2.1.0 (Linux; U; Android 10; SM-J600G Build/QP1A.190711.020)"
142.202.48.37 - - [31/Jul/2021:04:46:53 +0000] "GET /favicon.ico HTTP/1.1" 404 209 "-" "Dalvik/2.1.0 (Linux; U; Android 10; SM-J600G Build/QP1A.190711.020)"
106.204.14.127 - - [31/Jul/2021:04:49:17 +0000] "GET /favicon.ico HTTP/1.1" 404 209 "-" "Dalvik/2.1.0 (Linux; U; Android 10; SM-J600G Build/QP1A.190711.020)"
106.204.14.127 - - [31/Jul/2021:04:49:17 +0000] "GET /favicon.ico HTTP/1.1" 404 209 "-" "Dalvik/2.1.0 (Linux; U; Android 10; SM-J600G Build/QP1A.190711.020)"
106.204.14.127 - - [31/Jul/2021:04:49:56 +0000] "GET /favicon.ico HTTP/1.1" 404 209 "-" "Dalvik/2.1.0 (Linux; U; Android 10; SM-J600G Build/QP1A.190711.020)"
106.204.14.127 - - [31/Jul/2021:04:49:56 +0000] "GET /favicon.ico HTTP/1.1" 404 209 "-" "Dalvik/2.1.0 (Linux; U; Android 10; SM-J600G Build/QP1A.190711.020)"
106.13.238.108 - - [31/Jul/2021:04:50:19 +0000] "POST //uc_server/but.php HTTP/1.1" 404 215 "http://misc.yahoo.com.cn/" "Mozilla/5.0 (compatible; Yahoo! Slurp China; http://misc.yahoo.com.cn/help.html)"
106.13.238.108 - - [31/Jul/2021:04:50:19 +0000] "POST //uc_server/but.php HTTP/1.1" 404 215 "http://misc.yahoo.com.cn/" "Mozilla/5.0 (compatible; Yahoo! Slurp China; http://misc.yahoo.com.cn/help.html)"
106.13.238.108 - - [31/Jul/2021:04:50:19 +0000] "POST //uc_server/but.php HTTP/1.1" 404 215 "http://misc.yahoo.com.cn/" "Mozilla/5.0 (compatible; Yahoo! Slurp China; http://misc.yahoo.com.cn/help.html)"
106.204.14.127 - - [31/Jul/2021:04:50:44 +0000] "GET /favicon.ico HTTP/1.1" 404 209 "-" "Dalvik/2.1.0 (Linux; U; Android 10; SM-J600G Build/QP1A.190711.020)"
106.204.14.127 - - [31/Jul/2021:04:50:44 +0000] "GET /favicon.ico HTTP/1.1" 404 209 "-" "Dalvik/2.1.0 (Linux; U; Android 10; SM-J600G Build/QP1A.190711.020)"
132.154.224.80 - - [31/Jul/2021:04:51:23 +0000] "-" 408 - "-" "-"
114.119.162.33 - - [31/Jul/2021:04:51:34 +0000] "GET /updates/wp-content/uploads/2018/09/NDA-II-2018-GAT-Answer-Key-of-Paper-2-Code-B.pdf HTTP/1.1" 404 281 "-" "Mozilla/5.0 (Linux; Android 7.0;) AppleWebKit/537.36 (KHTML, like Gecko) Mobile Safari/537.36 (compatible; PetalBot;+https://webmaster.petalsearch.com/site/petalbot)"
132.154.224.80 - - [31/Jul/2021:04:51:47 +0000] "-" 408 - "-" "-"
223.185.102.131 - - [31/Jul/2021:04:51:50 +0000] "-" 408 - "-" "-"
223.185.102.131 - - [31/Jul/2021:04:51:50 +0000] "-" 408 - "-" "-"
47.9.70.113 - - [31/Jul/2021:04:52:26 +0000] "-" 408 - "-" "-"
47.9.70.113 - - [31/Jul/2021:04:52:32 +0000] "-" 408 - "-" "-"
106.204.14.127 - - [31/Jul/2021:04:53:19 +0000] "GET /favicon.ico HTTP/1.1" 404 209 "-" "Dalvik/2.1.0 (Linux; U; Android 10; SM-J600G Build/QP1A.190711.020)"
106.204.14.127 - - [31/Jul/2021:04:53:19 +0000] "GET /favicon.ico HTTP/1.1" 404 209 "-" "Dalvik/2.1.0 (Linux; U; Android 10; SM-J600G Build/QP1A.190711.020)"
106.204.14.127 - - [31/Jul/2021:04:53:38 +0000] "GET /favicon.ico HTTP/1.1" 404 209 "-" "Dalvik/2.1.0 (Linux; U; Android 10; SM-J600G Build/QP1A.190711.020)"
106.204.14.127 - - [31/Jul/2021:04:53:38 +0000] "GET /favicon.ico HTTP/1.1" 404 209 "-" "Dalvik/2.1.0 (Linux; U; Android 10; SM-J600G Build/QP1A.190711.020)"
49.36.187.179 - - [31/Jul/2021:04:54:46 +0000] "-" 408 - "-" "-"
49.36.187.179 - - [31/Jul/2021:04:54:46 +0000] "-" 408 - "-" "-"
49.36.187.179 - - [31/Jul/2021:04:54:46 +0000] "-" 408 - "-" "-"
69.171.251.6 - - [31/Jul/2021:04:56:21 +0000] "GET /updates/daily-current-affairs-13th-april-2018/ HTTP/1.1" 404 244 "-" "facebookexternalhit/1.1 (+http://www.facebook.com/externalhit_uatext.php)"
69.171.251.20 - - [31/Jul/2021:04:56:21 +0000] "GET /updates/daily-current-affairs-13th-april-2018/ HTTP/1.1" 404 244 "-" "facebookexternalhit/1.1 (+http://www.facebook.com/externalhit_uatext.php)"
40.77.167.25 - - [31/Jul/2021:04:56:58 +0000] "GET /updates/rbi-assistant-special-drive-for-pwd-2018-notification-out/ HTTP/1.1" 404 264 "-" "Mozilla/5.0 (compatible; bingbot/2.0; +http://www.bing.com/bingbot.htm)"
114.119.154.26 - - [31/Jul/2021:04:59:15 +0000] "GET /updates/daily-current-affairs-7th-september-2017 HTTP/1.1" 404 246 "-" "Mozilla/5.0 (Linux; Android 7.0;) AppleWebKit/537.36 (KHTML, like Gecko) Mobile Safari/537.36 (compatible; PetalBot;+https://webmaster.petalsearch.com/site/petalbot)"
42.105.48.6 - - [31/Jul/2021:04:59:59 +0000] "-" 408 - "-" "-"
42.105.48.6 - - [31/Jul/2021:04:59:59 +0000] "-" 408 - "-" "-"
106.204.14.127 - - [31/Jul/2021:05:00:13 +0000] "GET /favicon.ico HTTP/1.1" 404 209 "-" "Dalvik/2.1.0 (Linux; U; Android 10; SM-J600G Build/QP1A.190711.020)"
106.204.14.127 - - [31/Jul/2021:05:00:13 +0000] "GET /favicon.ico HTTP/1.1" 404 209 "-" "Dalvik/2.1.0 (Linux; U; Android 10; SM-J600G Build/QP1A.190711.020)"
66.249.66.22 - - [31/Jul/2021:05:00:22 +0000] "GET /updates/ssc-cgle-2016-nomination-list-out/ HTTP/1.1" 404 240 "-" "Mozilla/5.0 (compatible; Googlebot/2.1; +http://www.google.com/bot.html)"
157.38.45.238 - - [31/Jul/2021:05:00:22 +0000] "-" 408 - "-" "-"
66.249.66.32 - - [31/Jul/2021:05:00:23 +0000] "GET /package-delhi-mussoorie-corbett-nainital-on-request.html HTTP/1.1" 404 254 "-" "Mozilla/5.0 (compatible; Googlebot/2.1; +http://www.google.com/bot.html)"
223.228.236.81 - - [31/Jul/2021:05:00:57 +0000] "-" 408 - "-" "-"
157.38.45.238 - - [31/Jul/2021:05:06:07 +0000] "-" 408 - "-" "-"
157.38.45.238 - - [31/Jul/2021:05:06:07 +0000] "-" 408 - "-" "-"
114.119.150.210 - - [31/Jul/2021:05:06:18 +0000] "GET /updates/page/100?wordfence_logHuman=1 HTTP/1.1" 404 214 "-" "Mozilla/5.0 (Linux; Android 7.0;) AppleWebKit/537.36 (KHTML, like Gecko) Mobile Safari/537.36 (compatible; PetalBot;+https://webmaster.petalsearch.com/site/petalbot)"
40.77.167.30 - - [31/Jul/2021:05:06:47 +0000] "GET /updates/daily-current-affairs-10th-may-2018/ HTTP/1.1" 404 242 "-" "Mozilla/5.0 (compatible; bingbot/2.0; +http://www.bing.com/bingbot.htm)"
157.38.45.238 - - [31/Jul/2021:05:07:11 +0000] "-" 408 - "-" "-"
157.38.45.238 - - [31/Jul/2021:05:07:11 +0000] "-" 408 - "-" "-"
66.249.66.22 - - [31/Jul/2021:05:07:34 +0000] "GET /updates/wp-content/uploads/2018/09/NDA-II-2018-GAT-Question-Paper-Code-B.pdf HTTP/1.1" 404 274 "-" "Mozilla/5.0 (Linux; Android 6.0.1; Nexus 5X Build/MMB29P) AppleWebKit/537.36 (KHTML, like Gecko) Chrome/91.0.4472.90 Mobile Safari/537.36 (compatible; Googlebot/2.1; +http://www.google.com/bot.html)"
157.38.45.238 - - [31/Jul/2021:05:07:48 +0000] "-" 408 - "-" "-"
223.188.28.72 - - [31/Jul/2021:05:08:39 +0000] "-" 408 - "-" "-"
74.125.212.85 - - [31/Jul/2021:05:08:58 +0000] "GET / HTTP/1.1" 200 5048 "-" "Mozilla/5.0 (X11; Linux x86_64) AppleWebKit/537.36 (KHTML, like Gecko) Chrome/49.0.2623.75 Safari/537.36 Google Favicon"
74.125.212.87 - - [31/Jul/2021:05:08:59 +0000] "GET /favicon.ico HTTP/1.1" 404 209 "-" "Mozilla/5.0 (X11; Linux x86_64) AppleWebKit/537.36 (KHTML, like Gecko) Chrome/49.0.2623.75 Safari/537.36 Google Favicon"
66.249.66.83 - - [31/Jul/2021:05:10:13 +0000] "GET /cds-cut-off.html HTTP/1.1" 404 214 "-" "Mozilla/5.0 (Linux; Android 6.0.1; Nexus 5X Build/MMB29P) AppleWebKit/537.36 (KHTML, like Gecko) Chrome/92.0.4515.119 Mobile Safari/537.36 (compatible; Googlebot/2.1; +http://www.google.com/bot.html)"
114.119.136.155 - - [31/Jul/2021:05:12:47 +0000] "GET /pdf/IBPS_Clerk_VIII_2018_Notification.pdf HTTP/1.1" 404 239 "-" "Mozilla/5.0 (Linux; Android 7.0;) AppleWebKit/537.36 (KHTML, like Gecko) Mobile Safari/537.36 (compatible; PetalBot;+https://webmaster.petalsearch.com/site/petalbot)"
157.47.221.153 - - [31/Jul/2021:05:13:49 +0000] "-" 408 - "-" "-"
47.9.70.113 - - [31/Jul/2021:05:13:55 +0000] "-" 408 - "-" "-"
47.9.70.113 - - [31/Jul/2021:05:14:17 +0000] "-" 408 - "-" "-"
59.95.158.25 - - [31/Jul/2021:05:15:36 +0000] "-" 408 - "-" "-"
59.95.158.25 - - [31/Jul/2021:05:15:36 +0000] "-" 408 - "-" "-"
207.46.13.30 - - [31/Jul/2021:05:15:59 +0000] "GET /pdf/Aim-and-Achieve-Online-LIC-AAO-Mock-Test-Sample-Paper-1.pdf HTTP/1.1" 404 261 "-" "Mozilla/5.0 (compatible; bingbot/2.0; +http://www.bing.com/bingbot.htm)"
114.119.131.2 - - [31/Jul/2021:05:20:09 +0000] "GET /updates/daily-current-affairs-10th-february-2018 HTTP/1.1" 404 246 "-" "Mozilla/5.0 (Linux; Android 7.0;) AppleWebKit/537.36 (KHTML, like Gecko) Mobile Safari/537.36 (compatible; PetalBot;+https://webmaster.petalsearch.com/site/petalbot)"
157.38.251.167 - - [31/Jul/2021:05:20:43 +0000] "-" 408 - "-" "-"
157.38.251.167 - - [31/Jul/2021:05:20:43 +0000] "-" 408 - "-" "-"
207.46.13.168 - - [31/Jul/2021:05:21:15 +0000] "GET /updates/daily-current-affairs-23rd-september-2017/ HTTP/1.1" 404 248 "-" "Mozilla/5.0 (compatible; bingbot/2.0; +http://www.bing.com/bingbot.htm)"
64.62.197.152 - - [31/Jul/2021:05:21:34 +0000] "GET / HTTP/1.1" 200 5048 "-" "-"
157.55.39.65 - - [31/Jul/2021:05:22:40 +0000] "GET /updates/daily-current-affairs-3rd-august-2017/ HTTP/1.1" 404 244 "-" "Mozilla/5.0 (compatible; bingbot/2.0; +http://www.bing.com/bingbot.htm)"
42.111.141.168 - - [31/Jul/2021:05:23:32 +0000] "-" 408 - "-" "-"
40.77.167.25 - - [31/Jul/2021:05:25:41 +0000] "GET / HTTP/1.1" 200 5048 "-" "Mozilla/5.0 (compatible; bingbot/2.0; +http://www.bing.com/bingbot.htm)"
40.77.167.19 - - [31/Jul/2021:05:26:37 +0000] "GET /updates/tag/bank-po-study-plan/ HTTP/1.1" 404 229 "-" "Mozilla/5.0 (compatible; bingbot/2.0; +http://www.bing.com/bingbot.htm)"
157.37.134.185 - - [31/Jul/2021:05:27:18 +0000] "GET /sbi-po-coaching.html HTTP/1.1" 404 218 "http://www.google.com/" "Mozilla/5.0 (Linux; Android 7.1.2; Redmi Note 5) AppleWebKit/537.36 (KHTML, like Gecko) Chrome/89.0.4389.105 Mobile Safari/537.36"
157.37.134.185 - - [31/Jul/2021:05:27:18 +0000] "GET /css/aim-achieve.css HTTP/1.1" 404 217 "-" "Mozilla/5.0 (Linux; Android 7.1.2; Redmi Note 5) AppleWebKit/537.36 (KHTML, like Gecko) Chrome/89.0.4389.105 Mobile Safari/537.36"
157.37.134.185 - - [31/Jul/2021:05:27:18 +0000] "GET /css/responsive-layout.css HTTP/1.1" 404 223 "-" "Mozilla/5.0 (Linux; Android 7.1.2; Redmi Note 5) AppleWebKit/537.36 (KHTML, like Gecko) Chrome/89.0.4389.105 Mobile Safari/537.36"
157.37.134.185 - - [31/Jul/2021:05:27:18 +0000] "GET /css/menu-styles.css HTTP/1.1" 404 217 "-" "Mozilla/5.0 (Linux; Android 7.1.2; Redmi Note 5) AppleWebKit/537.36 (KHTML, like Gecko) Chrome/89.0.4389.105 Mobile Safari/537.36"
157.37.134.185 - - [31/Jul/2021:05:27:19 +0000] "GET /favicon.ico HTTP/1.1" 404 209 "http://aimnachieve.com/sbi-po-coaching.html" "Mozilla/5.0 (Linux; Android 7.1.2; Redmi Note 5) AppleWebKit/537.36 (KHTML, like Gecko) Chrome/89.0.4389.105 Mobile Safari/537.36"
157.37.134.185 - - [31/Jul/2021:05:27:25 +0000] "GET /sbi-po-coaching.html HTTP/1.1" 404 218 "http://www.google.com/" "Mozilla/5.0 (Linux; Android 7.1.2; Redmi Note 5) AppleWebKit/537.36 (KHTML, like Gecko) Chrome/89.0.4389.105 Mobile Safari/537.36"
114.119.143.214 - - [31/Jul/2021:05:28:10 +0000] "GET /ssc-examinations-result-2015.html HTTP/1.1" 404 231 "-" "Mozilla/5.0 (Linux; Android 7.0;) AppleWebKit/537.36 (KHTML, like Gecko) Mobile Safari/537.36 (compatible; PetalBot;+https://webmaster.petalsearch.com/site/petalbot)"
157.38.45.238 - - [31/Jul/2021:05:28:43 +0000] "-" 408 - "-" "-"
203.88.23.34 - - [31/Jul/2021:05:30:14 +0000] "-" 408 - "-" "-"
66.249.66.38 - - [31/Jul/2021:05:30:23 +0000] "GET /package-delhi-mussoorie-corbett-nainital-on-request.html HTTP/1.1" 404 254 "-" "Mozilla/5.0 (Linux; Android 6.0.1; Nexus 5X Build/MMB29P) AppleWebKit/537.36 (KHTML, like Gecko) Chrome/92.0.4515.119 Mobile Safari/537.36 (compatible; Googlebot/2.1; +http://www.google.com/bot.html)"
66.249.66.23 - - [31/Jul/2021:05:30:24 +0000] "GET /updates/conquer-gk-your-weekly-gk-quiz-25-31-may-2017/ HTTP/1.1" 404 252 "-" "Mozilla/5.0 (Linux; Android 6.0.1; Nexus 5X Build/MMB29P) AppleWebKit/537.36 (KHTML, like Gecko) Chrome/92.0.4515.119 Mobile Safari/537.36 (compatible; Googlebot/2.1; +http://www.google.com/bot.html)"
40.77.167.25 - - [31/Jul/2021:05:34:31 +0000] "GET /updates/ssc-cgl-2016-tier-ii-exam-individual-grievances-starts/ HTTP/1.1" 404 261 "-" "Mozilla/5.0 (compatible; bingbot/2.0; +http://www.bing.com/bingbot.htm)"
171.79.176.218 - - [31/Jul/2021:05:36:24 +0000] "-" 408 - "-" "-"
114.119.131.2 - - [31/Jul/2021:05:36:31 +0000] "GET /pdf/SSC-Exams-2018-Calendar.pdf HTTP/1.1" 404 229 "-" "Mozilla/5.0 (Linux; Android 7.0;) AppleWebKit/537.36 (KHTML, like Gecko) Mobile Safari/537.36 (compatible; PetalBot;+https://webmaster.petalsearch.com/site/petalbot)"
223.228.235.177 - - [31/Jul/2021:05:37:29 +0000] "-" 408 - "-" "-"
157.38.45.238 - - [31/Jul/2021:05:37:59 +0000] "-" 408 - "-" "-"
157.38.45.238 - - [31/Jul/2021:05:37:59 +0000] "-" 408 - "-" "-"
157.38.251.167 - - [31/Jul/2021:05:38:36 +0000] "-" 408 - "-" "-"
157.55.39.185 - - [31/Jul/2021:05:38:46 +0000] "GET /updates/30-august-to-5-september/ HTTP/1.1" 404 231 "-" "Mozilla/5.0 (compatible; bingbot/2.0; +http://www.bing.com/bingbot.htm)"
157.38.45.238 - - [31/Jul/2021:05:39:13 +0000] "-" 408 - "-" "-"
157.38.45.238 - - [31/Jul/2021:05:39:29 +0000] "-" 408 - "-" "-"
66.249.66.23 - - [31/Jul/2021:05:40:04 +0000] "GET /updates/tag/dsssb-2018-important-dates/ HTTP/1.1" 404 237 "-" "Mozilla/5.0 (Linux; Android 6.0.1; Nexus 5X Build/MMB29P) AppleWebKit/537.36 (KHTML, like Gecko) Chrome/91.0.4472.90 Mobile Safari/537.36 (compatible; Googlebot/2.1; +http://www.google.com/bot.html)"
157.38.251.167 - - [31/Jul/2021:05:41:52 +0000] "-" 408 - "-" "-"
157.45.240.12 - - [31/Jul/2021:05:43:08 +0000] "GET /Indian-Banking-Scenario.html HTTP/1.1" 404 226 "https://www.google.com/" "Mozilla/5.0 (Linux; Android 11; vivo 1901) AppleWebKit/537.36 (KHTML, like Gecko) Chrome/91.0.4472.164 Mobile Safari/537.36"
157.45.240.12 - - [31/Jul/2021:05:43:08 +0000] "GET /css/aim-achieve.css HTTP/1.1" 404 217 "-" "Mozilla/5.0 (Linux; Android 11; vivo 1901) AppleWebKit/537.36 (KHTML, like Gecko) Chrome/91.0.4472.164 Mobile Safari/537.36"
157.45.240.12 - - [31/Jul/2021:05:43:08 +0000] "GET /css/responsive-layout.css HTTP/1.1" 404 223 "-" "Mozilla/5.0 (Linux; Android 11; vivo 1901) AppleWebKit/537.36 (KHTML, like Gecko) Chrome/91.0.4472.164 Mobile Safari/537.36"
157.45.240.12 - - [31/Jul/2021:05:43:09 +0000] "GET /css/menu-styles.css HTTP/1.1" 404 217 "-" "Mozilla/5.0 (Linux; Android 11; vivo 1901) AppleWebKit/537.36 (KHTML, like Gecko) Chrome/91.0.4472.164 Mobile Safari/537.36"
157.45.240.12 - - [31/Jul/2021:05:43:09 +0000] "GET /favicon.ico HTTP/1.1" 404 209 "http://aimnachieve.com/Indian-Banking-Scenario.html" "Mozilla/5.0 (Linux; Android 11; vivo 1901) AppleWebKit/537.36 (KHTML, like Gecko) Chrome/91.0.4472.164 Mobile Safari/537.36"
157.38.251.167 - - [31/Jul/2021:05:43:32 +0000] "-" 408 - "-" "-"
157.38.251.167 - - [31/Jul/2021:05:43:32 +0000] "-" 408 - "-" "-"
114.119.136.155 - - [31/Jul/2021:05:46:10 +0000] "GET /updates/uiic-assistant-2017-main-exam-result-out/ HTTP/1.1" 404 247 "-" "Mozilla/5.0 (Linux; Android 7.0;) AppleWebKit/537.36 (KHTML, like Gecko) Mobile Safari/537.36 (compatible; PetalBot;+https://webmaster.petalsearch.com/site/petalbot)"
40.77.167.106 - - [31/Jul/2021:05:46:30 +0000] "GET /cds-coaching.html HTTP/1.1" 404 215 "-" "Mozilla/5.0 (compatible; bingbot/2.0; +http://www.bing.com/bingbot.htm)"
157.38.94.193 - - [31/Jul/2021:05:46:35 +0000] "-" 408 - "-" "-"
157.38.94.193 - - [31/Jul/2021:05:46:35 +0000] "-" 408 - "-" "-"
106.13.238.108 - - [31/Jul/2021:05:47:49 +0000] "POST //uc_server/c1.php HTTP/1.1" 404 214 "http://misc.yahoo.com.cn/" "Mozilla/5.0 (compatible; Yahoo! Slurp China; http://misc.yahoo.com.cn/help.html)"
106.13.238.108 - - [31/Jul/2021:05:47:50 +0000] "POST //uc_server/c1.php HTTP/1.1" 404 214 "http://misc.yahoo.com.cn/" "Mozilla/5.0 (compatible; Yahoo! Slurp China; http://misc.yahoo.com.cn/help.html)"
106.13.238.108 - - [31/Jul/2021:05:47:50 +0000] "POST //uc_server/c1.php HTTP/1.1" 404 214 "http://misc.yahoo.com.cn/" "Mozilla/5.0 (compatible; Yahoo! Slurp China; http://misc.yahoo.com.cn/help.html)"
182.69.12.252 - - [31/Jul/2021:05:48:41 +0000] "-" 408 - "-" "-"
40.77.167.30 - - [31/Jul/2021:05:51:20 +0000] "GET /dnd-compliance.html HTTP/1.1" 404 217 "-" "Mozilla/5.0 (compatible; bingbot/2.0; +http://www.bing.com/bingbot.htm)"
114.119.160.248 - - [31/Jul/2021:05:55:01 +0000] "GET /updates/category/notification HTTP/1.1" 404 227 "-" "Mozilla/5.0 (Linux; Android 7.0;) AppleWebKit/537.36 (KHTML, like Gecko) Mobile Safari/537.36 (compatible; PetalBot;+https://webmaster.petalsearch.com/site/petalbot)"
40.77.167.74 - - [31/Jul/2021:05:56:39 +0000] "GET /updates/ib-acio-2017-tier-i-exam-result-out/ HTTP/1.1" 404 242 "-" "Mozilla/5.0 (compatible; bingbot/2.0; +http://www.bing.com/bingbot.htm)"
157.38.94.193 - - [31/Jul/2021:05:56:45 +0000] "-" 408 - "-" "-"
157.38.94.193 - - [31/Jul/2021:05:56:45 +0000] "-" 408 - "-" "-"
171.79.152.186 - - [31/Jul/2021:05:57:44 +0000] "-" 408 - "-" "-"
106.207.154.95 - - [31/Jul/2021:05:57:45 +0000] "-" 408 - "-" "-"
106.207.154.95 - - [31/Jul/2021:05:57:45 +0000] "-" 408 - "-" "-"
106.207.154.95 - - [31/Jul/2021:05:57:45 +0000] "-" 408 - "-" "-"
106.207.154.95 - - [31/Jul/2021:05:57:45 +0000] "-" 408 - "-" "-"
115.76.49.9 - - [31/Jul/2021:06:01:20 +0000] "GET /?utm=semalt.com HTTP/1.1" 200 5048 "https://semalt.com-----google.com/?q=semalt" "Mozilla/5.0 (Windows NT 10.0; Win64; x64) AppleWebKit/537.36 (KHTML, like Gecko) Chrome/74.0.3729.169 Safari/537.36"
114.119.131.2 - - [31/Jul/2021:06:03:41 +0000] "GET /pdf/CTET-Feb-2016-Exam-Notification-Hindi.pdf HTTP/1.1" 404 243 "-" "Mozilla/5.0 (Linux; Android 7.0;) AppleWebKit/537.36 (KHTML, like Gecko) Mobile Safari/537.36 (compatible; PetalBot;+https://webmaster.petalsearch.com/site/petalbot)"
157.32.101.58 - - [31/Jul/2021:06:03:53 +0000] "GET /cwe.html HTTP/1.1" 404 206 "https://www.google.com/" "Mozilla/5.0 (Linux; Android 11; Redmi Note 9 Pro) AppleWebKit/537.36 (KHTML, like Gecko) Chrome/90.0.4430.210 Mobile Safari/537.36"
157.32.101.58 - - [31/Jul/2021:06:03:53 +0000] "GET /css/responsive-layout.css HTTP/1.1" 404 223 "-" "Mozilla/5.0 (Linux; Android 11; Redmi Note 9 Pro) AppleWebKit/537.36 (KHTML, like Gecko) Chrome/90.0.4430.210 Mobile Safari/537.36"
157.32.101.58 - - [31/Jul/2021:06:03:53 +0000] "GET /css/aim-achieve.css HTTP/1.1" 404 217 "-" "Mozilla/5.0 (Linux; Android 11; Redmi Note 9 Pro) AppleWebKit/537.36 (KHTML, like Gecko) Chrome/90.0.4430.210 Mobile Safari/537.36"
157.32.101.58 - - [31/Jul/2021:06:03:53 +0000] "GET /css/menu-styles.css HTTP/1.1" 404 217 "-" "Mozilla/5.0 (Linux; Android 11; Redmi Note 9 Pro) AppleWebKit/537.36 (KHTML, like Gecko) Chrome/90.0.4430.210 Mobile Safari/537.36"
157.32.101.58 - - [31/Jul/2021:06:03:53 +0000] "GET /favicon.ico HTTP/1.1" 404 209 "http://aimnachieve.com/cwe.html" "Mozilla/5.0 (Linux; Android 11; Redmi Note 9 Pro) AppleWebKit/537.36 (KHTML, like Gecko) Chrome/90.0.4430.210 Mobile Safari/537.36"
157.38.251.167 - - [31/Jul/2021:06:03:59 +0000] "-" 408 - "-" "-"
40.77.167.19 - - [31/Jul/2021:06:04:01 +0000] "GET /updates/syndicate-bank-pgdbf-po-2017-18-interview-gd-call-letter-out/ HTTP/1.1" 404 267 "-" "Mozilla/5.0 (compatible; bingbot/2.0; +http://www.bing.com/bingbot.htm)"
197.156.134.201 - - [31/Jul/2021:06:04:17 +0000] "GET /contact-us.html HTTP/1.1" 404 213 "-" "Mozilla/4.0 (compatible; MSIE 7.0; Windows NT 6.2; WOW64; Trident/7.0; .NET4.0E; .NET4.0C)"
171.79.176.218 - - [31/Jul/2021:06:04:42 +0000] "-" 408 - "-" "-"
157.38.41.254 - - [31/Jul/2021:06:04:46 +0000] "-" 408 - "-" "-"
49.32.235.53 - - [31/Jul/2021:06:04:46 +0000] "-" 408 - "-" "-"
61.111.129.36 - - [31/Jul/2021:06:04:58 +0000] "GET /wp-login.php HTTP/1.1" 404 210 "-" "Mozilla/5.0 (X11; Ubuntu; Linux x86_64; rv:62.0) Gecko/20100101 Firefox/62.0"
157.38.251.167 - - [31/Jul/2021:06:05:42 +0000] "-" 408 - "-" "-"
157.47.229.70 - - [31/Jul/2021:06:06:35 +0000] "-" 408 - "-" "-"
175.157.101.70 - - [31/Jul/2021:06:10:06 +0000] "-" 408 - "-" "-"
157.38.88.146 - - [31/Jul/2021:06:10:53 +0000] "-" 408 - "-" "-"
157.38.88.146 - - [31/Jul/2021:06:10:53 +0000] "-" 408 - "-" "-"
223.228.247.255 - - [31/Jul/2021:06:11:13 +0000] "-" 408 - "-" "-"
117.225.30.191 - - [31/Jul/2021:06:11:16 +0000] "-" 408 - "-" "-"
117.225.30.191 - - [31/Jul/2021:06:11:17 +0000] "-" 408 - "-" "-"
114.119.160.195 - - [31/Jul/2021:06:12:02 +0000] "GET /updates/daily-current-affairs-26th-march-2017 HTTP/1.1" 404 243 "-" "Mozilla/5.0 (Linux; Android 7.0;) AppleWebKit/537.36 (KHTML, like Gecko) Mobile Safari/537.36 (compatible; PetalBot;+https://webmaster.petalsearch.com/site/petalbot)"
66.249.66.22 - - [31/Jul/2021:06:13:01 +0000] "GET /updates/page/67/?wordfence_logHuman=1&hid=49FBA5BE441896DB2638D09ADF53BF7B HTTP/1.1" 404 214 "-" "Mozilla/5.0 (Linux; Android 6.0.1; Nexus 5X Build/MMB29P) AppleWebKit/537.36 (KHTML, like Gecko) Chrome/91.0.4472.90 Mobile Safari/537.36 (compatible; Googlebot/2.1; +http://www.google.com/bot.html)"
47.8.15.198 - - [31/Jul/2021:06:19:04 +0000] "GET /css/aim-achieve.css HTTP/1.1" 404 217 "-" "Mozilla/5.0 (Linux; Android 9; CPH2015) AppleWebKit/537.36 (KHTML, like Gecko) Chrome/92.0.4515.115 Mobile Safari/537.36"
47.8.15.198 - - [31/Jul/2021:06:19:04 +0000] "GET /clat-1-year-coaching.html HTTP/1.1" 404 223 "http://www.google.com/" "Mozilla/5.0 (Linux; Android 9; CPH2015) AppleWebKit/537.36 (KHTML, like Gecko) Chrome/92.0.4515.115 Mobile Safari/537.36"
47.8.15.198 - - [31/Jul/2021:06:19:04 +0000] "GET /css/responsive-layout.css HTTP/1.1" 404 223 "-" "Mozilla/5.0 (Linux; Android 9; CPH2015) AppleWebKit/537.36 (KHTML, like Gecko) Chrome/92.0.4515.115 Mobile Safari/537.36"
47.8.15.198 - - [31/Jul/2021:06:19:04 +0000] "GET /css/menu-styles.css HTTP/1.1" 404 217 "-" "Mozilla/5.0 (Linux; Android 9; CPH2015) AppleWebKit/537.36 (KHTML, like Gecko) Chrome/92.0.4515.115 Mobile Safari/537.36"
47.8.15.198 - - [31/Jul/2021:06:19:05 +0000] "GET /favicon.ico HTTP/1.1" 404 209 "http://aimnachieve.com/clat-1-year-coaching.html" "Mozilla/5.0 (Linux; Android 9; CPH2015) AppleWebKit/537.36 (KHTML, like Gecko) Chrome/92.0.4515.115 Mobile Safari/537.36"
47.8.15.198 - - [31/Jul/2021:06:19:09 +0000] "GET /clat-1-year-coaching.html HTTP/1.1" 404 223 "http://www.google.com/" "Mozilla/5.0 (Linux; Android 9; CPH2015) AppleWebKit/537.36 (KHTML, like Gecko) Chrome/92.0.4515.115 Mobile Safari/537.36"
114.119.143.214 - - [31/Jul/2021:06:20:18 +0000] "GET /updates/awards-weekly-current-affairs-19-september-25-september-2016/ HTTP/1.1" 404 267 "-" "Mozilla/5.0 (Linux; Android 7.0;) AppleWebKit/537.36 (KHTML, like Gecko) Mobile Safari/537.36 (compatible; PetalBot;+https://webmaster.petalsearch.com/site/petalbot)"
157.38.45.238 - - [31/Jul/2021:06:20:40 +0000] "-" 408 - "-" "-"
223.188.25.120 - - [31/Jul/2021:06:20:51 +0000] "-" 408 - "-" "-"
157.38.45.238 - - [31/Jul/2021:06:20:54 +0000] "-" 408 - "-" "-"
157.38.45.238 - - [31/Jul/2021:06:21:03 +0000] "-" 408 - "-" "-"
157.55.39.65 - - [31/Jul/2021:06:21:56 +0000] "GET /cds-syllabus.html HTTP/1.1" 404 215 "-" "Mozilla/5.0 (compatible; bingbot/2.0; +http://www.bing.com/bingbot.htm)"
157.47.235.187 - - [31/Jul/2021:06:22:56 +0000] "-" 408 - "-" "-"
157.47.235.187 - - [31/Jul/2021:06:22:56 +0000] "-" 408 - "-" "-"
