114.119.162.33 - - [01/Aug/2021:06:35:27 +0000] "GET /updates/wp-content/uploads/2016/10/awards-current-affairs-26-Sept-2-Oct-2016.jpg HTTP/1.1" 404 278 "-" "Mozilla/5.0 (Linux; Android 7.0;) AppleWebKit/537.36 (KHTML, like Gecko) Mobile Safari/537.36 (compatible; PetalBot;+https://webmaster.petalsearch.com/site/petalbot)"
157.38.66.74 - - [01/Aug/2021:06:36:23 +0000] "-" 408 - "-" "-"
157.38.66.74 - - [01/Aug/2021:06:36:23 +0000] "-" 408 - "-" "-"
66.249.66.20 - - [01/Aug/2021:06:36:37 +0000] "GET /Air-Force-Y-Group-Coaching.html HTTP/1.1" 404 229 "-" "Mozilla/5.0 (Linux; Android 6.0.1; Nexus 5X Build/MMB29P) AppleWebKit/537.36 (KHTML, like Gecko) Chrome/92.0.4515.119 Mobile Safari/537.36 (compatible; Googlebot/2.1; +http://www.google.com/bot.html)"
106.207.131.108 - - [01/Aug/2021:06:37:04 +0000] "-" 408 - "-" "-"
106.207.131.108 - - [01/Aug/2021:06:37:04 +0000] "-" 408 - "-" "-"
106.207.131.108 - - [01/Aug/2021:06:37:04 +0000] "-" 408 - "-" "-"
106.207.131.108 - - [01/Aug/2021:06:37:04 +0000] "-" 408 - "-" "-"
157.38.39.82 - - [01/Aug/2021:06:37:47 +0000] "-" 408 - "-" "-"
157.38.196.117 - - [01/Aug/2021:06:38:20 +0000] "-" 408 - "-" "-"
157.38.39.82 - - [01/Aug/2021:06:38:29 +0000] "-" 408 - "-" "-"
157.38.39.82 - - [01/Aug/2021:06:38:51 +0000] "-" 408 - "-" "-"
157.38.39.82 - - [01/Aug/2021:06:38:51 +0000] "-" 408 - "-" "-"
106.207.131.108 - - [01/Aug/2021:06:39:29 +0000] "-" 408 - "-" "-"
106.207.131.108 - - [01/Aug/2021:06:39:29 +0000] "-" 408 - "-" "-"
106.207.131.108 - - [01/Aug/2021:06:39:29 +0000] "-" 408 - "-" "-"
157.38.39.82 - - [01/Aug/2021:06:39:51 +0000] "-" 408 - "-" "-"
157.38.39.82 - - [01/Aug/2021:06:39:51 +0000] "-" 408 - "-" "-"
122.173.49.76 - - [01/Aug/2021:06:40:14 +0000] "-" 408 - "-" "-"
117.234.163.244 - - [01/Aug/2021:06:40:33 +0000] "-" 408 - "-" "-"
114.119.162.33 - - [01/Aug/2021:06:41:41 +0000] "GET /updates/ssc-result-status-as-on-16-05-2018-to-be-declared-by-the-commission HTTP/1.1" 404 273 "-" "Mozilla/5.0 (Linux; Android 7.0;) AppleWebKit/537.36 (KHTML, like Gecko) Mobile Safari/537.36 (compatible; PetalBot;+https://webmaster.petalsearch.com/site/petalbot)"
157.38.39.82 - - [01/Aug/2021:06:42:54 +0000] "-" 408 - "-" "-"
157.38.39.82 - - [01/Aug/2021:06:42:54 +0000] "-" 408 - "-" "-"
157.38.39.82 - - [01/Aug/2021:06:45:25 +0000] "-" 408 - "-" "-"
157.38.39.82 - - [01/Aug/2021:06:45:25 +0000] "-" 408 - "-" "-"
157.38.39.82 - - [01/Aug/2021:06:46:44 +0000] "-" 408 - "-" "-"
157.38.39.82 - - [01/Aug/2021:06:46:44 +0000] "-" 408 - "-" "-"
157.38.39.82 - - [01/Aug/2021:06:48:18 +0000] "-" 408 - "-" "-"
114.119.131.2 - - [01/Aug/2021:06:48:28 +0000] "GET /du-llb-entrance-exam-coaching.html HTTP/1.1" 404 232 "-" "Mozilla/5.0 (Linux; Android 7.0;) AppleWebKit/537.36 (KHTML, like Gecko) Mobile Safari/537.36 (compatible; PetalBot;+https://webmaster.petalsearch.com/site/petalbot)"
157.38.39.82 - - [01/Aug/2021:06:49:55 +0000] "-" 408 - "-" "-"
157.38.39.82 - - [01/Aug/2021:06:49:55 +0000] "-" 408 - "-" "-"
157.38.39.82 - - [01/Aug/2021:06:51:27 +0000] "-" 408 - "-" "-"
157.38.39.82 - - [01/Aug/2021:06:51:27 +0000] "-" 408 - "-" "-"
17.121.112.222 - - [01/Aug/2021:06:52:43 +0000] "GET / HTTP/1.1" 403 209 "-" "Mozilla/5.0 (Macintosh; Intel Mac OS X 10_15_5) AppleWebKit/605.1.15 (KHTML, like Gecko) Version/13.1.1 Safari/605.1.15 (Applebot/0.1; +http://www.apple.com/go/applebot)"
157.38.39.82 - - [01/Aug/2021:06:52:47 +0000] "-" 408 - "-" "-"
157.38.39.82 - - [01/Aug/2021:06:52:47 +0000] "-" 408 - "-" "-"
66.249.66.199 - - [01/Aug/2021:06:53:00 +0000] "GET /wp-content/uploads/2019/03/edge_cutter_1.jpg HTTP/1.1" 404 242 "-" "Googlebot-Image/1.0"
40.77.167.19 - - [01/Aug/2021:06:53:35 +0000] "GET /updates/syndicate-bank-pgdbf-po-2018-19-exam-date-postponed/ HTTP/1.1" 404 258 "-" "Mozilla/5.0 (compatible; bingbot/2.0; +http://www.bing.com/bingbot.htm)"
157.38.39.82 - - [01/Aug/2021:06:53:53 +0000] "-" 408 - "-" "-"
157.38.39.82 - - [01/Aug/2021:06:53:53 +0000] "-" 408 - "-" "-"
157.38.39.82 - - [01/Aug/2021:06:54:56 +0000] "-" 408 - "-" "-"
66.249.66.22 - - [01/Aug/2021:06:54:59 +0000] "GET /classroom-program-for-bank.html HTTP/1.1" 404 229 "-" "Mozilla/5.0 (compatible; Googlebot/2.1; +http://www.google.com/bot.html)"
66.249.66.24 - - [01/Aug/2021:06:55:02 +0000] "GET /classroom-program-for-bank.html HTTP/1.1" 404 229 "-" "Mozilla/5.0 (compatible; Googlebot/2.1; +http://www.google.com/bot.html)"
66.249.66.20 - - [01/Aug/2021:06:55:10 +0000] "GET /classroom-program-for-ssc.html HTTP/1.1" 404 228 "-" "Mozilla/5.0 (compatible; Googlebot/2.1; +http://www.google.com/bot.html)"
114.119.154.26 - - [01/Aug/2021:06:55:13 +0000] "GET /updates/tag/ssc-stenographer-recruitment-2015 HTTP/1.1" 404 243 "-" "Mozilla/5.0 (Linux; Android 7.0;) AppleWebKit/537.36 (KHTML, like Gecko) Mobile Safari/537.36 (compatible; PetalBot;+https://webmaster.petalsearch.com/site/petalbot)"
157.38.39.82 - - [01/Aug/2021:06:55:38 +0000] "-" 408 - "-" "-"
157.38.39.82 - - [01/Aug/2021:06:55:38 +0000] "-" 408 - "-" "-"
207.46.13.168 - - [01/Aug/2021:06:55:51 +0000] "GET / HTTP/1.1" 403 209 "-" "Mozilla/5.0 (compatible; bingbot/2.0; +http://www.bing.com/bingbot.htm)"
66.249.66.23 - - [01/Aug/2021:06:56:40 +0000] "GET / HTTP/1.1" 403 209 "-" "Mozilla/5.0 (compatible; Googlebot/2.1; +http://www.google.com/bot.html)"
106.207.151.11 - - [01/Aug/2021:06:57:14 +0000] "-" 408 - "-" "-"
106.207.151.11 - - [01/Aug/2021:06:57:14 +0000] "-" 408 - "-" "-"
106.207.151.11 - - [01/Aug/2021:06:57:14 +0000] "-" 408 - "-" "-"
106.207.151.11 - - [01/Aug/2021:06:57:14 +0000] "-" 408 - "-" "-"
106.207.151.11 - - [01/Aug/2021:06:57:15 +0000] "-" 408 - "-" "-"
157.38.39.82 - - [01/Aug/2021:06:57:23 +0000] "-" 408 - "-" "-"
157.38.39.82 - - [01/Aug/2021:06:57:23 +0000] "-" 408 - "-" "-"
157.38.39.82 - - [01/Aug/2021:06:58:39 +0000] "-" 408 - "-" "-"
157.38.39.82 - - [01/Aug/2021:06:58:39 +0000] "-" 408 - "-" "-"
66.249.66.22 - - [01/Aug/2021:06:58:40 +0000] "GET /classroom-program-for-bank.html HTTP/1.1" 404 229 "-" "Mozilla/5.0 (compatible; Googlebot/2.1; +http://www.google.com/bot.html)"
108.162.246.127 - - [01/Aug/2021:06:59:25 +0000] "GET / HTTP/1.1" 403 209 "-" "Mozilla/5.0 (compatible; bingbot/2.0; +http://www.bing.com/bingbot.htm)"
66.249.66.21 - - [01/Aug/2021:06:59:26 +0000] "GET /dsssb-coaching.html HTTP/1.1" 404 217 "-" "Mozilla/5.0 (Linux; Android 6.0.1; Nexus 5X Build/MMB29P) AppleWebKit/537.36 (KHTML, like Gecko) Chrome/92.0.4515.119 Mobile Safari/537.36 (compatible; Googlebot/2.1; +http://www.google.com/bot.html)"
157.38.39.82 - - [01/Aug/2021:06:59:43 +0000] "-" 408 - "-" "-"
157.38.39.82 - - [01/Aug/2021:06:59:43 +0000] "-" 408 - "-" "-"
157.38.39.82 - - [01/Aug/2021:07:00:48 +0000] "-" 408 - "-" "-"
157.38.39.82 - - [01/Aug/2021:07:00:48 +0000] "-" 408 - "-" "-"
114.119.131.2 - - [01/Aug/2021:07:01:54 +0000] "GET /updates/daily-current-affairs-14th-january-2017 HTTP/1.1" 404 245 "-" "Mozilla/5.0 (Linux; Android 7.0;) AppleWebKit/537.36 (KHTML, like Gecko) Mobile Safari/537.36 (compatible; PetalBot;+https://webmaster.petalsearch.com/site/petalbot)"
106.206.153.70 - - [01/Aug/2021:07:02:00 +0000] "-" 408 - "-" "-"
106.206.153.70 - - [01/Aug/2021:07:02:00 +0000] "-" 408 - "-" "-"
157.38.39.82 - - [01/Aug/2021:07:02:10 +0000] "-" 408 - "-" "-"
157.38.39.82 - - [01/Aug/2021:07:02:10 +0000] "-" 408 - "-" "-"
157.38.39.82 - - [01/Aug/2021:07:03:42 +0000] "-" 408 - "-" "-"
157.38.39.82 - - [01/Aug/2021:07:03:42 +0000] "-" 408 - "-" "-"
106.207.151.11 - - [01/Aug/2021:07:03:47 +0000] "-" 408 - "-" "-"
106.207.151.11 - - [01/Aug/2021:07:03:47 +0000] "-" 408 - "-" "-"
106.207.151.11 - - [01/Aug/2021:07:03:47 +0000] "-" 408 - "-" "-"
106.207.151.11 - - [01/Aug/2021:07:03:47 +0000] "-" 408 - "-" "-"
171.79.189.142 - - [01/Aug/2021:07:05:54 +0000] "-" 408 - "-" "-"
17.121.115.143 - - [01/Aug/2021:07:07:48 +0000] "GET /classroom-program-for-ssc.html HTTP/1.1" 404 228 "-" "Mozilla/5.0 (Macintosh; Intel Mac OS X 10_15_5) AppleWebKit/605.1.15 (KHTML, like Gecko) Version/13.1.1 Safari/605.1.15 (Applebot/0.1; +http://www.apple.com/go/applebot)"
157.47.252.14 - - [01/Aug/2021:07:07:48 +0000] "-" 408 - "-" "-"
157.47.252.14 - - [01/Aug/2021:07:07:48 +0000] "-" 408 - "-" "-"
114.119.154.26 - - [01/Aug/2021:07:08:30 +0000] "GET /updates/ssc-cgl-2016-final-result-tentative-date-out HTTP/1.1" 404 250 "-" "Mozilla/5.0 (Linux; Android 7.0;) AppleWebKit/537.36 (KHTML, like Gecko) Mobile Safari/537.36 (compatible; PetalBot;+https://webmaster.petalsearch.com/site/petalbot)"
157.38.39.82 - - [01/Aug/2021:07:08:45 +0000] "-" 408 - "-" "-"
157.38.39.82 - - [01/Aug/2021:07:08:45 +0000] "-" 408 - "-" "-"
157.47.215.62 - - [01/Aug/2021:07:08:54 +0000] "-" 408 - "-" "-"
106.13.238.108 - - [01/Aug/2021:07:09:01 +0000] "POST //uploads/120305/shantao.php HTTP/1.1" 404 224 "http://misc.yahoo.com.cn/" "Mozilla/5.0 (compatible; Yahoo! Slurp China; http://misc.yahoo.com.cn/help.html)"
106.13.238.108 - - [01/Aug/2021:07:09:02 +0000] "POST //uploads/120305/shantao.php HTTP/1.1" 404 224 "http://misc.yahoo.com.cn/" "Mozilla/5.0 (compatible; Yahoo! Slurp China; http://misc.yahoo.com.cn/help.html)"
106.13.238.108 - - [01/Aug/2021:07:09:02 +0000] "POST //uploads/120305/shantao.php HTTP/1.1" 404 224 "http://misc.yahoo.com.cn/" "Mozilla/5.0 (compatible; Yahoo! Slurp China; http://misc.yahoo.com.cn/help.html)"
157.38.39.82 - - [01/Aug/2021:07:09:21 +0000] "-" 408 - "-" "-"
157.38.39.82 - - [01/Aug/2021:07:09:40 +0000] "-" 408 - "-" "-"
106.207.151.11 - - [01/Aug/2021:07:10:43 +0000] "-" 408 - "-" "-"
157.38.39.82 - - [01/Aug/2021:07:10:43 +0000] "-" 408 - "-" "-"
157.38.39.82 - - [01/Aug/2021:07:10:43 +0000] "-" 408 - "-" "-"
106.207.151.11 - - [01/Aug/2021:07:10:43 +0000] "-" 408 - "-" "-"
106.207.151.11 - - [01/Aug/2021:07:10:45 +0000] "-" 408 - "-" "-"
157.38.45.165 - - [01/Aug/2021:07:10:46 +0000] "-" 408 - "-" "-"
157.38.45.165 - - [01/Aug/2021:07:10:52 +0000] "-" 408 - "-" "-"
117.234.163.244 - - [01/Aug/2021:07:11:08 +0000] "-" 408 - "-" "-"
157.38.39.82 - - [01/Aug/2021:07:11:51 +0000] "-" 408 - "-" "-"
106.38.241.100 - - [01/Aug/2021:07:13:31 +0000] "GET / HTTP/1.1" 403 209 "-" "Sogou web spider/4.0(+http://www.sogou.com/docs/help/webmasters.htm#07)"
114.119.150.210 - - [01/Aug/2021:07:15:09 +0000] "GET /updates/wp-content/uploads/2016/07/SSC-CGL-New-Exam-Pattern.jpg HTTP/1.1" 404 261 "-" "Mozilla/5.0 (Linux; Android 7.0;) AppleWebKit/537.36 (KHTML, like Gecko) Mobile Safari/537.36 (compatible; PetalBot;+https://webmaster.petalsearch.com/site/petalbot)"
157.38.87.159 - - [01/Aug/2021:07:15:20 +0000] "-" 408 - "-" "-"
157.38.87.159 - - [01/Aug/2021:07:15:20 +0000] "-" 408 - "-" "-"
157.38.39.82 - - [01/Aug/2021:07:16:18 +0000] "-" 408 - "-" "-"
157.38.39.82 - - [01/Aug/2021:07:16:18 +0000] "-" 408 - "-" "-"
42.107.224.37 - - [01/Aug/2021:07:18:03 +0000] "-" 408 - "-" "-"
157.38.45.165 - - [01/Aug/2021:07:18:08 +0000] "-" 408 - "-" "-"
157.38.45.165 - - [01/Aug/2021:07:18:11 +0000] "-" 408 - "-" "-"
114.119.134.161 - - [01/Aug/2021:07:20:49 +0000] "GET /robots.txt HTTP/1.1" 404 208 "-" "Mozilla/5.0 (compatible;PetalBot;+https://webmaster.petalsearch.com/site/petalbot)"
157.38.39.82 - - [01/Aug/2021:07:24:00 +0000] "-" 408 - "-" "-"
71.6.165.200 - - [01/Aug/2021:07:24:19 +0000] "GET / HTTP/1.0" 400 362 "-" "-"
34.79.107.251 - - [01/Aug/2021:07:24:25 +0000] "GET / HTTP/1.1" 403 209 "-" "python-requests/2.26.0"
49.36.235.233 - - [01/Aug/2021:07:24:51 +0000] "-" 408 - "-" "-"
66.249.66.22 - - [01/Aug/2021:07:25:30 +0000] "GET /Air-Force-X-Group-Coaching.html HTTP/1.1" 404 229 "-" "Mozilla/5.0 (Linux; Android 6.0.1; Nexus 5X Build/MMB29P) AppleWebKit/537.36 (KHTML, like Gecko) Chrome/92.0.4515.119 Mobile Safari/537.36 (compatible; Googlebot/2.1; +http://www.google.com/bot.html)"
40.77.167.19 - - [01/Aug/2021:07:27:09 +0000] "GET /updates/nainital-bank-pomt-2017-notification-out/ HTTP/1.1" 404 247 "-" "Mozilla/5.0 (compatible; bingbot/2.0; +http://www.bing.com/bingbot.htm)"
114.119.160.195 - - [01/Aug/2021:07:27:41 +0000] "GET /updates/tag/ibps-rrb-selection-process HTTP/1.1" 404 236 "-" "Mozilla/5.0 (Linux; Android 7.0;) AppleWebKit/537.36 (KHTML, like Gecko) Mobile Safari/537.36 (compatible; PetalBot;+https://webmaster.petalsearch.com/site/petalbot)"
1.39.210.212 - - [01/Aug/2021:07:28:51 +0000] "-" 408 - "-" "-"
1.39.210.212 - - [01/Aug/2021:07:28:51 +0000] "-" 408 - "-" "-"
157.38.231.125 - - [01/Aug/2021:07:29:12 +0000] "-" 408 - "-" "-"
157.38.231.125 - - [01/Aug/2021:07:30:54 +0000] "-" 408 - "-" "-"
157.55.39.65 - - [01/Aug/2021:07:32:10 +0000] "GET /updates/daily-current-affairs-29th-may-2017/ HTTP/1.1" 404 242 "-" "Mozilla/5.0 (iPhone; CPU iPhone OS 7_0 like Mac OS X) AppleWebKit/537.51.1 (KHTML, like Gecko) Version/7.0 Mobile/11A465 Safari/9537.53 (compatible; bingbot/2.0; +http://www.bing.com/bingbot.htm)"
77.75.76.166 - - [01/Aug/2021:07:33:22 +0000] "GET /robots.txt HTTP/1.1" 404 208 "-" "Mozilla/5.0 (compatible; SeznamBot/3.2; +http://napoveda.seznam.cz/en/seznambot-intro/)"
77.75.76.166 - - [01/Aug/2021:07:33:23 +0000] "GET /photo-gallery.html HTTP/1.1" 404 216 "-" "Mozilla/5.0 (compatible; SeznamBot/3.2; +http://napoveda.seznam.cz/en/seznambot-intro/)"
114.119.150.210 - - [01/Aug/2021:07:34:22 +0000] "GET /updates/page/38 HTTP/1.1" 404 213 "-" "Mozilla/5.0 (Linux; Android 7.0;) AppleWebKit/537.36 (KHTML, like Gecko) Mobile Safari/537.36 (compatible; PetalBot;+https://webmaster.petalsearch.com/site/petalbot)"
40.77.167.25 - - [01/Aug/2021:07:35:49 +0000] "GET /updates/tag/cds-2020-gk-solutions/ HTTP/1.1" 404 232 "-" "Mozilla/5.0 (compatible; bingbot/2.0; +http://www.bing.com/bingbot.htm)"
207.46.13.168 - - [01/Aug/2021:07:36:35 +0000] "GET /updates/indian-bank-ibps-cwe-v-clerk-provisional-allotment-list-out/ HTTP/1.1" 404 266 "-" "Mozilla/5.0 (compatible; bingbot/2.0; +http://www.bing.com/bingbot.htm)"
66.249.66.74 - - [01/Aug/2021:07:36:36 +0000] "GET /ads.txt HTTP/1.1" 404 205 "-" "Mozilla/5.0 (compatible; Googlebot/2.1; +http://www.google.com/bot.html)"
66.249.66.82 - - [01/Aug/2021:07:36:37 +0000] "GET /ads.txt HTTP/1.1" 404 205 "-" "Mozilla/5.0 (compatible; Googlebot/2.1; +http://www.google.com/bot.html)"
157.38.127.184 - - [01/Aug/2021:07:38:28 +0000] "-" 408 - "-" "-"
157.38.45.165 - - [01/Aug/2021:07:38:30 +0000] "-" 408 - "-" "-"
106.207.178.53 - - [01/Aug/2021:07:38:42 +0000] "-" 408 - "-" "-"
106.207.178.53 - - [01/Aug/2021:07:38:42 +0000] "-" 408 - "-" "-"
106.207.178.53 - - [01/Aug/2021:07:38:42 +0000] "-" 408 - "-" "-"
157.38.127.184 - - [01/Aug/2021:07:39:03 +0000] "-" 408 - "-" "-"
157.38.127.184 - - [01/Aug/2021:07:39:03 +0000] "-" 408 - "-" "-"
157.47.215.62 - - [01/Aug/2021:07:40:06 +0000] "-" 408 - "-" "-"
157.38.231.125 - - [01/Aug/2021:07:40:57 +0000] "-" 408 - "-" "-"
114.119.150.210 - - [01/Aug/2021:07:41:15 +0000] "GET /updates/tag/ctet-coaching-in-khanpur HTTP/1.1" 404 234 "-" "Mozilla/5.0 (Linux; Android 7.0;) AppleWebKit/537.36 (KHTML, like Gecko) Mobile Safari/537.36 (compatible; PetalBot;+https://webmaster.petalsearch.com/site/petalbot)"
157.38.127.184 - - [01/Aug/2021:07:42:12 +0000] "-" 408 - "-" "-"
157.38.127.184 - - [01/Aug/2021:07:42:12 +0000] "-" 408 - "-" "-"
157.38.127.184 - - [01/Aug/2021:07:44:31 +0000] "-" 408 - "-" "-"
157.38.127.184 - - [01/Aug/2021:07:44:31 +0000] "-" 408 - "-" "-"
42.105.48.176 - - [01/Aug/2021:07:45:04 +0000] "-" 408 - "-" "-"
157.38.127.184 - - [01/Aug/2021:07:46:39 +0000] "-" 408 - "-" "-"
157.38.127.184 - - [01/Aug/2021:07:46:48 +0000] "-" 408 - "-" "-"
74.125.209.55 - - [01/Aug/2021:07:47:04 +0000] "GET /images/logo.jpg HTTP/1.1" 404 213 "-" "Mozilla/5.0 (Windows NT 5.1; rv:11.0) Gecko Firefox/11.0 (via ggpht.com GoogleImageProxy)"
114.119.131.2 - - [01/Aug/2021:07:47:48 +0000] "GET /updates/daily-current-affairs-25th-may-2018 HTTP/1.1" 404 241 "-" "Mozilla/5.0 (Linux; Android 7.0;) AppleWebKit/537.36 (KHTML, like Gecko) Mobile Safari/537.36 (compatible; PetalBot;+https://webmaster.petalsearch.com/site/petalbot)"
157.38.127.184 - - [01/Aug/2021:07:48:40 +0000] "-" 408 - "-" "-"
157.38.127.184 - - [01/Aug/2021:07:48:40 +0000] "-" 408 - "-" "-"
157.42.110.42 - - [01/Aug/2021:07:51:59 +0000] "GET /css/aim-achieve.css HTTP/1.1" 404 217 "-" "Mozilla/5.0 (Linux; Android 7.1.2; Redmi Y1) AppleWebKit/537.36 (KHTML, like Gecko) Chrome/92.0.4515.115 Mobile Safari/537.36"
157.42.110.42 - - [01/Aug/2021:07:51:59 +0000] "GET / HTTP/1.1" 403 209 "https://www.google.com/" "Mozilla/5.0 (Linux; Android 7.1.2; Redmi Y1) AppleWebKit/537.36 (KHTML, like Gecko) Chrome/92.0.4515.115 Mobile Safari/537.36"
157.42.110.42 - - [01/Aug/2021:07:51:59 +0000] "GET /css/responsive-layout.css HTTP/1.1" 404 223 "-" "Mozilla/5.0 (Linux; Android 7.1.2; Redmi Y1) AppleWebKit/537.36 (KHTML, like Gecko) Chrome/92.0.4515.115 Mobile Safari/537.36"
157.42.110.42 - - [01/Aug/2021:07:51:59 +0000] "GET /css/menu-styles.css HTTP/1.1" 404 217 "-" "Mozilla/5.0 (Linux; Android 7.1.2; Redmi Y1) AppleWebKit/537.36 (KHTML, like Gecko) Chrome/92.0.4515.115 Mobile Safari/537.36"
157.42.110.42 - - [01/Aug/2021:07:51:59 +0000] "GET /css/jquery.bxslider.css HTTP/1.1" 404 221 "-" "Mozilla/5.0 (Linux; Android 7.1.2; Redmi Y1) AppleWebKit/537.36 (KHTML, like Gecko) Chrome/92.0.4515.115 Mobile Safari/537.36"
157.42.110.42 - - [01/Aug/2021:07:52:00 +0000] "GET /favicon.ico HTTP/1.1" 404 209 "http://aimnachieve.com/" "Mozilla/5.0 (Linux; Android 7.1.2; Redmi Y1) AppleWebKit/537.36 (KHTML, like Gecko) Chrome/92.0.4515.115 Mobile Safari/537.36"
157.42.110.42 - - [01/Aug/2021:07:52:02 +0000] "GET / HTTP/1.1" 403 209 "https://www.google.com/" "Mozilla/5.0 (Linux; Android 7.1.2; Redmi Y1) AppleWebKit/537.36 (KHTML, like Gecko) Chrome/92.0.4515.115 Mobile Safari/537.36"
157.38.127.184 - - [01/Aug/2021:07:52:10 +0000] "-" 408 - "-" "-"
157.38.127.184 - - [01/Aug/2021:07:52:10 +0000] "-" 408 - "-" "-"
66.249.66.70 - - [01/Aug/2021:07:52:40 +0000] "GET /nda-coaching-in-delhi.html HTTP/1.1" 404 224 "-" "Mozilla/5.0 (Linux; Android 6.0.1; Nexus 5X Build/MMB29P) AppleWebKit/537.36 (KHTML, like Gecko) Chrome/92.0.4515.119 Mobile Safari/537.36 (compatible; Googlebot/2.1; +http://www.google.com/bot.html)"
157.55.39.65 - - [01/Aug/2021:07:53:01 +0000] "GET /lic-exams-coaching.html HTTP/1.1" 404 221 "-" "Mozilla/5.0 (compatible; bingbot/2.0; +http://www.bing.com/bingbot.htm)"
157.42.110.42 - - [01/Aug/2021:07:53:13 +0000] "GET /contact-us.html HTTP/1.1" 404 213 "https://www.google.com/" "Mozilla/5.0 (Linux; Android 7.1.2; Redmi Y1) AppleWebKit/537.36 (KHTML, like Gecko) Chrome/92.0.4515.115 Mobile Safari/537.36"
106.206.148.19 - - [01/Aug/2021:07:54:26 +0000] "-" 408 - "-" "-"
106.206.148.19 - - [01/Aug/2021:07:54:26 +0000] "-" 408 - "-" "-"
114.119.154.26 - - [01/Aug/2021:07:54:34 +0000] "GET /updates/daily-current-affairs-20th-october-2017 HTTP/1.1" 404 245 "-" "Mozilla/5.0 (Linux; Android 7.0;) AppleWebKit/537.36 (KHTML, like Gecko) Mobile Safari/537.36 (compatible; PetalBot;+https://webmaster.petalsearch.com/site/petalbot)"
161.129.70.6 - - [01/Aug/2021:07:54:49 +0000] "-" 408 - "-" "-"
157.38.127.184 - - [01/Aug/2021:07:56:10 +0000] "-" 408 - "-" "-"
157.38.127.184 - - [01/Aug/2021:07:56:10 +0000] "-" 408 - "-" "-"
157.38.127.184 - - [01/Aug/2021:07:58:26 +0000] "-" 408 - "-" "-"
157.38.127.184 - - [01/Aug/2021:07:58:26 +0000] "-" 408 - "-" "-"
157.55.39.185 - - [01/Aug/2021:07:58:27 +0000] "GET /updates/category/bank-exams/page/5/ HTTP/1.1" 404 233 "-" "Mozilla/5.0 (compatible; bingbot/2.0; +http://www.bing.com/bingbot.htm)"
157.42.110.42 - - [01/Aug/2021:07:58:35 +0000] "GET /contact-us.html HTTP/1.1" 404 213 "https://www.google.com/" "Mozilla/5.0 (Linux; Android 7.1.2; Redmi Y1) AppleWebKit/537.36 (KHTML, like Gecko) Chrome/92.0.4515.115 Mobile Safari/537.36"
157.38.127.184 - - [01/Aug/2021:07:59:29 +0000] "-" 408 - "-" "-"
157.38.127.184 - - [01/Aug/2021:07:59:29 +0000] "-" 408 - "-" "-"
114.119.160.248 - - [01/Aug/2021:08:01:32 +0000] "GET /updates/india-post-ippb-recruitment-2016-for-650-assistant-manager-posts HTTP/1.1" 404 270 "-" "Mozilla/5.0 (Linux; Android 7.0;) AppleWebKit/537.36 (KHTML, like Gecko) Mobile Safari/537.36 (compatible; PetalBot;+https://webmaster.petalsearch.com/site/petalbot)"
66.249.66.20 - - [01/Aug/2021:08:03:32 +0000] "GET /ssc-bank-course-fees-new-batch.html HTTP/1.1" 404 233 "-" "Mozilla/5.0 (Linux; Android 6.0.1; Nexus 5X Build/MMB29P) AppleWebKit/537.36 (KHTML, like Gecko) Chrome/92.0.4515.119 Mobile Safari/537.36 (compatible; Googlebot/2.1; +http://www.google.com/bot.html)"
106.13.238.108 - - [01/Aug/2021:08:07:15 +0000] "POST //uploads/a123a.php HTTP/1.1" 404 215 "http://misc.yahoo.com.cn/" "Mozilla/5.0 (compatible; Yahoo! Slurp China; http://misc.yahoo.com.cn/help.html)"
106.13.238.108 - - [01/Aug/2021:08:07:15 +0000] "POST //uploads/a123a.php HTTP/1.1" 404 215 "http://misc.yahoo.com.cn/" "Mozilla/5.0 (compatible; Yahoo! Slurp China; http://misc.yahoo.com.cn/help.html)"
106.13.238.108 - - [01/Aug/2021:08:07:16 +0000] "POST //uploads/a123a.php HTTP/1.1" 404 215 "http://misc.yahoo.com.cn/" "Mozilla/5.0 (compatible; Yahoo! Slurp China; http://misc.yahoo.com.cn/help.html)"
114.119.150.210 - - [01/Aug/2021:08:08:13 +0000] "GET /updates/wp-content/uploads/2017/07/AA-Marks-250x160.jpg HTTP/1.1" 404 253 "-" "Mozilla/5.0 (Linux; Android 7.0;) AppleWebKit/537.36 (KHTML, like Gecko) Mobile Safari/537.36 (compatible; PetalBot;+https://webmaster.petalsearch.com/site/petalbot)"
106.192.241.32 - - [01/Aug/2021:08:08:37 +0000] "-" 408 - "-" "-"
106.207.179.124 - - [01/Aug/2021:08:08:59 +0000] "-" 408 - "-" "-"
106.207.179.124 - - [01/Aug/2021:08:08:59 +0000] "-" 408 - "-" "-"
106.207.179.124 - - [01/Aug/2021:08:08:59 +0000] "-" 408 - "-" "-"
106.207.179.124 - - [01/Aug/2021:08:09:00 +0000] "-" 408 - "-" "-"
157.47.137.6 - - [01/Aug/2021:08:10:45 +0000] "-" 408 - "-" "-"
157.47.137.6 - - [01/Aug/2021:08:10:45 +0000] "-" 408 - "-" "-"
1.39.210.212 - - [01/Aug/2021:08:10:48 +0000] "-" 408 - "-" "-"
1.39.210.212 - - [01/Aug/2021:08:10:48 +0000] "-" 408 - "-" "-"
157.47.137.6 - - [01/Aug/2021:08:11:09 +0000] "-" 408 - "-" "-"
1.39.210.212 - - [01/Aug/2021:08:11:41 +0000] "-" 408 - "-" "-"
1.39.210.212 - - [01/Aug/2021:08:11:41 +0000] "-" 408 - "-" "-"
157.47.137.6 - - [01/Aug/2021:08:13:03 +0000] "-" 408 - "-" "-"
157.47.137.6 - - [01/Aug/2021:08:13:03 +0000] "-" 408 - "-" "-"
157.47.137.6 - - [01/Aug/2021:08:14:15 +0000] "-" 408 - "-" "-"
157.47.137.6 - - [01/Aug/2021:08:14:15 +0000] "-" 408 - "-" "-"
157.47.192.87 - - [01/Aug/2021:08:14:29 +0000] "-" 408 - "-" "-"
66.249.66.21 - - [01/Aug/2021:08:14:29 +0000] "GET /cds-notification.html HTTP/1.1" 404 219 "-" "Mozilla/5.0 (Linux; Android 6.0.1; Nexus 5X Build/MMB29P) AppleWebKit/537.36 (KHTML, like Gecko) Chrome/92.0.4515.119 Mobile Safari/537.36 (compatible; Googlebot/2.1; +http://www.google.com/bot.html)"
157.47.192.87 - - [01/Aug/2021:08:15:01 +0000] "-" 408 - "-" "-"
157.47.192.87 - - [01/Aug/2021:08:15:01 +0000] "-" 408 - "-" "-"
114.119.150.210 - - [01/Aug/2021:08:15:21 +0000] "GET /updates/ibps-cwe-pomt-vi-shortlisted-candidates-list-for-interview-out HTTP/1.1" 404 268 "-" "Mozilla/5.0 (Linux; Android 7.0;) AppleWebKit/537.36 (KHTML, like Gecko) Mobile Safari/537.36 (compatible; PetalBot;+https://webmaster.petalsearch.com/site/petalbot)"
157.47.137.6 - - [01/Aug/2021:08:15:59 +0000] "-" 408 - "-" "-"
157.47.137.6 - - [01/Aug/2021:08:15:59 +0000] "-" 408 - "-" "-"
157.47.234.141 - - [01/Aug/2021:08:18:33 +0000] "-" 408 - "-" "-"
157.47.137.6 - - [01/Aug/2021:08:19:33 +0000] "-" 408 - "-" "-"
157.47.137.6 - - [01/Aug/2021:08:19:33 +0000] "-" 408 - "-" "-"
106.38.241.100 - - [01/Aug/2021:08:20:23 +0000] "GET / HTTP/1.1" 403 209 "-" "Sogou web spider/4.0(+http://www.sogou.com/docs/help/webmasters.htm#07)"
114.119.146.145 - - [01/Aug/2021:08:22:08 +0000] "GET /updates/ssc-cpo-2018-application-last-date-extension-till-13-04-2018 HTTP/1.1" 404 266 "-" "Mozilla/5.0 (Linux; Android 7.0;) AppleWebKit/537.36 (KHTML, like Gecko) Mobile Safari/537.36 (compatible; PetalBot;+https://webmaster.petalsearch.com/site/petalbot)"
157.47.137.6 - - [01/Aug/2021:08:22:34 +0000] "-" 408 - "-" "-"
157.47.137.6 - - [01/Aug/2021:08:22:34 +0000] "-" 408 - "-" "-"
157.51.46.89 - - [01/Aug/2021:08:22:54 +0000] "-" 408 - "-" "-"
157.51.46.89 - - [01/Aug/2021:08:22:54 +0000] "-" 408 - "-" "-"
106.207.179.124 - - [01/Aug/2021:08:23:18 +0000] "-" 408 - "-" "-"
106.207.179.124 - - [01/Aug/2021:08:23:18 +0000] "-" 408 - "-" "-"
106.207.179.124 - - [01/Aug/2021:08:23:18 +0000] "-" 408 - "-" "-"
106.207.179.124 - - [01/Aug/2021:08:23:20 +0000] "-" 408 - "-" "-"
157.47.137.6 - - [01/Aug/2021:08:23:35 +0000] "-" 408 - "-" "-"
157.47.137.6 - - [01/Aug/2021:08:23:35 +0000] "-" 408 - "-" "-"
66.249.66.72 - - [01/Aug/2021:08:23:56 +0000] "GET /cds-syllabus.html HTTP/1.1" 404 215 "-" "Mozilla/5.0 (Linux; Android 6.0.1; Nexus 5X Build/MMB29P) AppleWebKit/537.36 (KHTML, like Gecko) Chrome/91.0.4472.90 Mobile Safari/537.36 (compatible; Googlebot/2.1; +http://www.google.com/bot.html)"
40.77.167.25 - - [01/Aug/2021:08:24:36 +0000] "GET /updates/tag/nda-2018-answer-key/ HTTP/1.1" 404 230 "-" "Mozilla/5.0 (compatible; bingbot/2.0; +http://www.bing.com/bingbot.htm)"
157.47.137.6 - - [01/Aug/2021:08:25:31 +0000] "-" 408 - "-" "-"
157.47.137.6 - - [01/Aug/2021:08:25:31 +0000] "-" 408 - "-" "-"
157.38.231.125 - - [01/Aug/2021:08:25:55 +0000] "-" 408 - "-" "-"
157.38.231.125 - - [01/Aug/2021:08:25:55 +0000] "-" 408 - "-" "-"
157.47.137.6 - - [01/Aug/2021:08:27:07 +0000] "-" 408 - "-" "-"
157.47.137.6 - - [01/Aug/2021:08:27:07 +0000] "-" 408 - "-" "-"
40.77.167.106 - - [01/Aug/2021:08:28:52 +0000] "GET /images/south-ex-delhi.png HTTP/1.1" 404 223 "-" "Mozilla/5.0 (compatible; bingbot/2.0; +http://www.bing.com/bingbot.htm)"
114.119.136.155 - - [01/Aug/2021:08:28:55 +0000] "GET /updates/tag/nda-2019-answer-key HTTP/1.1" 404 229 "-" "Mozilla/5.0 (Linux; Android 7.0;) AppleWebKit/537.36 (KHTML, like Gecko) Mobile Safari/537.36 (compatible; PetalBot;+https://webmaster.petalsearch.com/site/petalbot)"
157.47.137.6 - - [01/Aug/2021:08:29:00 +0000] "-" 408 - "-" "-"
157.47.137.6 - - [01/Aug/2021:08:29:00 +0000] "-" 408 - "-" "-"
66.249.66.25 - - [01/Aug/2021:08:29:26 +0000] "GET /updates/ssc-cpo-si-2016-appointment-letter-released-download-now/ HTTP/1.1" 404 263 "-" "Mozilla/5.0 (Linux; Android 6.0.1; Nexus 5X Build/MMB29P) AppleWebKit/537.36 (KHTML, like Gecko) Chrome/92.0.4515.119 Mobile Safari/537.36 (compatible; Googlebot/2.1; +http://www.google.com/bot.html)"
131.220.6.152 - - [01/Aug/2021:08:29:28 +0000] "GET / HTTP/1.1" 403 209 "-" "Mozilla/5.0 (X11; Linux x86_64) AppleWebKit/537.36 (KHTML, like Gecko) Chrome/79.0.3945.79 Safari/537.36"
157.51.46.89 - - [01/Aug/2021:08:30:43 +0000] "-" 408 - "-" "-"
157.51.46.89 - - [01/Aug/2021:08:30:45 +0000] "-" 408 - "-" "-"
157.47.137.6 - - [01/Aug/2021:08:31:09 +0000] "-" 408 - "-" "-"
157.47.137.6 - - [01/Aug/2021:08:31:09 +0000] "-" 408 - "-" "-"
106.207.154.244 - - [01/Aug/2021:08:33:42 +0000] "-" 408 - "-" "-"
106.207.154.244 - - [01/Aug/2021:08:34:28 +0000] "-" 408 - "-" "-"
106.207.154.244 - - [01/Aug/2021:08:34:28 +0000] "-" 408 - "-" "-"
157.38.4.79 - - [01/Aug/2021:08:34:32 +0000] "-" 408 - "-" "-"
157.55.39.65 - - [01/Aug/2021:08:35:16 +0000] "GET /updates/ibps-cwe-clerk-vii-prelim-exam-result-letter-out/ HTTP/1.1" 404 255 "-" "Mozilla/5.0 (compatible; bingbot/2.0; +http://www.bing.com/bingbot.htm)"
157.47.137.6 - - [01/Aug/2021:08:35:32 +0000] "-" 408 - "-" "-"
157.47.137.6 - - [01/Aug/2021:08:35:32 +0000] "-" 408 - "-" "-"
114.119.134.232 - - [01/Aug/2021:08:35:33 +0000] "GET /updates/page/19 HTTP/1.1" 404 213 "-" "Mozilla/5.0 (Linux; Android 7.0;) AppleWebKit/537.36 (KHTML, like Gecko) Mobile Safari/537.36 (compatible; PetalBot;+https://webmaster.petalsearch.com/site/petalbot)"
157.47.137.6 - - [01/Aug/2021:08:37:11 +0000] "-" 408 - "-" "-"
157.47.137.6 - - [01/Aug/2021:08:37:11 +0000] "-" 408 - "-" "-"
106.207.179.124 - - [01/Aug/2021:08:38:14 +0000] "-" 408 - "-" "-"
106.207.179.124 - - [01/Aug/2021:08:38:14 +0000] "-" 408 - "-" "-"
77.75.76.172 - - [01/Aug/2021:08:38:17 +0000] "GET /robots.txt HTTP/1.1" 404 208 "-" "Mozilla/5.0 (compatible; SeznamBot/3.2; +http://napoveda.seznam.cz/en/seznambot-intro/)"
77.75.76.172 - - [01/Aug/2021:08:38:18 +0000] "GET /nda-coaching-in-kalkaji.html HTTP/1.1" 404 226 "-" "Mozilla/5.0 (compatible; SeznamBot/3.2; +http://napoveda.seznam.cz/en/seznambot-intro/)"
106.207.179.124 - - [01/Aug/2021:08:38:18 +0000] "-" 408 - "-" "-"
103.228.147.228 - - [01/Aug/2021:08:39:19 +0000] "-" 408 - "-" "-"
157.38.4.79 - - [01/Aug/2021:08:39:30 +0000] "-" 408 - "-" "-"
157.47.137.6 - - [01/Aug/2021:08:40:09 +0000] "-" 408 - "-" "-"
157.47.137.6 - - [01/Aug/2021:08:41:22 +0000] "-" 408 - "-" "-"
157.47.137.6 - - [01/Aug/2021:08:41:22 +0000] "-" 408 - "-" "-"
114.119.160.195 - - [01/Aug/2021:08:42:12 +0000] "GET /updates/wp-content/uploads/2018/04/AA-Current-Affairs-22-250x160.jpg HTTP/1.1" 404 266 "-" "Mozilla/5.0 (Linux; Android 7.0;) AppleWebKit/537.36 (KHTML, like Gecko) Mobile Safari/537.36 (compatible; PetalBot;+https://webmaster.petalsearch.com/site/petalbot)"
157.38.231.125 - - [01/Aug/2021:08:42:52 +0000] "-" 408 - "-" "-"
157.47.137.6 - - [01/Aug/2021:08:42:59 +0000] "-" 408 - "-" "-"
157.47.137.6 - - [01/Aug/2021:08:42:59 +0000] "-" 408 - "-" "-"
157.47.137.6 - - [01/Aug/2021:08:44:19 +0000] "-" 408 - "-" "-"
157.47.137.6 - - [01/Aug/2021:08:44:50 +0000] "-" 408 - "-" "-"
157.47.137.6 - - [01/Aug/2021:08:44:50 +0000] "-" 408 - "-" "-"
223.228.243.61 - - [01/Aug/2021:08:45:22 +0000] "-" 408 - "-" "-"
157.47.137.6 - - [01/Aug/2021:08:46:34 +0000] "-" 408 - "-" "-"
157.47.137.6 - - [01/Aug/2021:08:46:34 +0000] "-" 408 - "-" "-"
157.47.137.6 - - [01/Aug/2021:08:47:34 +0000] "-" 408 - "-" "-"
157.47.137.6 - - [01/Aug/2021:08:47:34 +0000] "-" 408 - "-" "-"
114.119.143.214 - - [01/Aug/2021:08:48:57 +0000] "GET /updates/notice-for-candidates-of-ntpc-graduate-under-cen-032015 HTTP/1.1" 404 261 "-" "Mozilla/5.0 (Linux; Android 7.0;) AppleWebKit/537.36 (KHTML, like Gecko) Mobile Safari/537.36 (compatible; PetalBot;+https://webmaster.petalsearch.com/site/petalbot)"
157.47.137.6 - - [01/Aug/2021:08:49:17 +0000] "-" 408 - "-" "-"
157.47.137.6 - - [01/Aug/2021:08:49:35 +0000] "-" 408 - "-" "-"
157.47.137.6 - - [01/Aug/2021:08:50:43 +0000] "-" 408 - "-" "-"
157.47.137.6 - - [01/Aug/2021:08:52:18 +0000] "-" 408 - "-" "-"
157.47.137.6 - - [01/Aug/2021:08:52:18 +0000] "-" 408 - "-" "-"
157.47.137.6 - - [01/Aug/2021:08:53:12 +0000] "-" 408 - "-" "-"
157.47.137.6 - - [01/Aug/2021:08:53:36 +0000] "-" 408 - "-" "-"
157.47.137.6 - - [01/Aug/2021:08:53:36 +0000] "-" 408 - "-" "-"
114.119.160.195 - - [01/Aug/2021:08:55:50 +0000] "GET /updates/tag/cwe-clerks-v-notification HTTP/1.1" 404 235 "-" "Mozilla/5.0 (Linux; Android 7.0;) AppleWebKit/537.36 (KHTML, like Gecko) Mobile Safari/537.36 (compatible; PetalBot;+https://webmaster.petalsearch.com/site/petalbot)"
157.47.222.169 - - [01/Aug/2021:08:57:19 +0000] "-" 408 - "-" "-"
40.77.167.74 - - [01/Aug/2021:08:59:52 +0000] "GET /images/classroom-program.jpg HTTP/1.1" 404 226 "-" "Mozilla/5.0 (compatible; bingbot/2.0; +http://www.bing.com/bingbot.htm)"
157.47.137.6 - - [01/Aug/2021:09:00:55 +0000] "-" 408 - "-" "-"
157.38.50.76 - - [01/Aug/2021:09:01:18 +0000] "-" 408 - "-" "-"
157.38.50.76 - - [01/Aug/2021:09:01:34 +0000] "-" 408 - "-" "-"
157.47.137.6 - - [01/Aug/2021:09:02:00 +0000] "-" 408 - "-" "-"
157.47.137.6 - - [01/Aug/2021:09:02:00 +0000] "-" 408 - "-" "-"
114.119.154.26 - - [01/Aug/2021:09:02:33 +0000] "GET /updates/daily-current-affairs-1st-may-2018 HTTP/1.1" 404 240 "-" "Mozilla/5.0 (Linux; Android 7.0;) AppleWebKit/537.36 (KHTML, like Gecko) Mobile Safari/537.36 (compatible; PetalBot;+https://webmaster.petalsearch.com/site/petalbot)"
66.249.66.24 - - [01/Aug/2021:09:03:12 +0000] "GET /robots.txt HTTP/1.1" 404 208 "-" "Mozilla/5.0 (compatible; Googlebot/2.1; +http://www.google.com/bot.html)"
66.249.66.24 - - [01/Aug/2021:09:03:12 +0000] "GET /clat-online-video-classes.html HTTP/1.1" 404 228 "-" "Mozilla/5.0 (Linux; Android 6.0.1; Nexus 5X Build/MMB29P) AppleWebKit/537.36 (KHTML, like Gecko) Chrome/92.0.4515.119 Mobile Safari/537.36 (compatible; Googlebot/2.1; +http://www.google.com/bot.html)"
106.13.238.108 - - [01/Aug/2021:09:05:20 +0000] "POST //uploads/asqx/yipingjiao.php HTTP/1.1" 404 225 "http://misc.yahoo.com.cn/" "Mozilla/5.0 (compatible; Yahoo! Slurp China; http://misc.yahoo.com.cn/help.html)"
106.13.238.108 - - [01/Aug/2021:09:05:21 +0000] "POST //uploads/asqx/yipingjiao.php HTTP/1.1" 404 225 "http://misc.yahoo.com.cn/" "Mozilla/5.0 (compatible; Yahoo! Slurp China; http://misc.yahoo.com.cn/help.html)"
106.13.238.108 - - [01/Aug/2021:09:05:21 +0000] "POST //uploads/asqx/yipingjiao.php HTTP/1.1" 404 225 "http://misc.yahoo.com.cn/" "Mozilla/5.0 (compatible; Yahoo! Slurp China; http://misc.yahoo.com.cn/help.html)"
66.249.66.20 - - [01/Aug/2021:09:07:34 +0000] "GET /career-with-us.html HTTP/1.1" 404 217 "-" "Mozilla/5.0 (Linux; Android 6.0.1; Nexus 5X Build/MMB29P) AppleWebKit/537.36 (KHTML, like Gecko) Chrome/91.0.4472.90 Mobile Safari/537.36 (compatible; Googlebot/2.1; +http://www.google.com/bot.html)"
223.228.240.23 - - [01/Aug/2021:09:07:56 +0000] "-" 408 - "-" "-"
223.228.240.23 - - [01/Aug/2021:09:07:56 +0000] "-" 408 - "-" "-"
114.119.136.155 - - [01/Aug/2021:09:09:21 +0000] "GET /updates/karur-vysya-bank-po-scale-i-2017-online-exam-call-letter-out HTTP/1.1" 404 266 "-" "Mozilla/5.0 (Linux; Android 7.0;) AppleWebKit/537.36 (KHTML, like Gecko) Mobile Safari/537.36 (compatible; PetalBot;+https://webmaster.petalsearch.com/site/petalbot)"
157.47.222.169 - - [01/Aug/2021:09:09:47 +0000] "-" 408 - "-" "-"
157.47.137.6 - - [01/Aug/2021:09:09:59 +0000] "-" 408 - "-" "-"
157.47.137.6 - - [01/Aug/2021:09:10:06 +0000] "-" 408 - "-" "-"
106.207.199.184 - - [01/Aug/2021:09:13:59 +0000] "-" 408 - "-" "-"
106.207.199.184 - - [01/Aug/2021:09:13:59 +0000] "-" 408 - "-" "-"
106.207.199.184 - - [01/Aug/2021:09:13:59 +0000] "-" 408 - "-" "-"
157.47.215.62 - - [01/Aug/2021:09:14:19 +0000] "-" 408 - "-" "-"
157.47.215.62 - - [01/Aug/2021:09:15:02 +0000] "-" 408 - "-" "-"
114.119.146.145 - - [01/Aug/2021:09:15:52 +0000] "GET /updates/daily-current-affairs-24th-september-2017/ HTTP/1.1" 404 248 "-" "Mozilla/5.0 (Linux; Android 7.0;) AppleWebKit/537.36 (KHTML, like Gecko) Mobile Safari/537.36 (compatible; PetalBot;+https://webmaster.petalsearch.com/site/petalbot)"
66.249.66.22 - - [01/Aug/2021:09:18:28 +0000] "GET /clat.html HTTP/1.1" 404 207 "-" "Mozilla/5.0 (Linux; Android 6.0.1; Nexus 5X Build/MMB29P) AppleWebKit/537.36 (KHTML, like Gecko) Chrome/91.0.4472.90 Mobile Safari/537.36 (compatible; Googlebot/2.1; +http://www.google.com/bot.html)"
157.47.137.6 - - [01/Aug/2021:09:20:00 +0000] "-" 408 - "-" "-"
157.38.231.125 - - [01/Aug/2021:09:20:27 +0000] "-" 408 - "-" "-"
157.38.231.125 - - [01/Aug/2021:09:21:59 +0000] "-" 408 - "-" "-"
117.220.183.229 - - [01/Aug/2021:09:22:22 +0000] "-" 408 - "-" "-"
114.119.143.214 - - [01/Aug/2021:09:22:31 +0000] "GET /updates/tag/nda-2019-question-paper/ HTTP/1.1" 404 234 "-" "Mozilla/5.0 (Linux; Android 7.0;) AppleWebKit/537.36 (KHTML, like Gecko) Mobile Safari/537.36 (compatible; PetalBot;+https://webmaster.petalsearch.com/site/petalbot)"
66.249.66.20 - - [01/Aug/2021:09:25:00 +0000] "GET /updates/wp-content/uploads/2018/09/NDA-II-2018-Maths-Solutions-Code-A.pdf HTTP/1.1" 404 271 "-" "Mozilla/5.0 (Linux; Android 6.0.1; Nexus 5X Build/MMB29P) AppleWebKit/537.36 (KHTML, like Gecko) Chrome/92.0.4515.119 Mobile Safari/537.36 (compatible; Googlebot/2.1; +http://www.google.com/bot.html)"
171.79.161.211 - - [01/Aug/2021:09:25:22 +0000] "-" 408 - "-" "-"
171.79.161.211 - - [01/Aug/2021:09:25:22 +0000] "-" 408 - "-" "-"
157.47.137.6 - - [01/Aug/2021:09:25:47 +0000] "-" 408 - "-" "-"
171.79.161.211 - - [01/Aug/2021:09:26:12 +0000] "-" 408 - "-" "-"
171.79.161.211 - - [01/Aug/2021:09:26:23 +0000] "-" 408 - "-" "-"
106.206.162.7 - - [01/Aug/2021:09:26:36 +0000] "-" 408 - "-" "-"
106.206.162.7 - - [01/Aug/2021:09:27:42 +0000] "-" 408 - "-" "-"
157.38.4.79 - - [01/Aug/2021:09:28:19 +0000] "-" 408 - "-" "-"
157.38.4.79 - - [01/Aug/2021:09:28:19 +0000] "-" 408 - "-" "-"
114.119.143.214 - - [01/Aug/2021:09:29:20 +0000] "GET /updates/tag/current-affairs-for-bank-exam HTTP/1.1" 404 239 "-" "Mozilla/5.0 (Linux; Android 7.0;) AppleWebKit/537.36 (KHTML, like Gecko) Mobile Safari/537.36 (compatible; PetalBot;+https://webmaster.petalsearch.com/site/petalbot)"
185.191.171.15 - - [01/Aug/2021:09:31:54 +0000] "GET /robots.txt HTTP/1.1" 404 208 "-" "Mozilla/5.0 (compatible; SemrushBot/7~bl; +http://www.semrush.com/bot.html)"
185.191.171.21 - - [01/Aug/2021:09:31:55 +0000] "GET /clat-faq.html HTTP/1.1" 404 211 "-" "Mozilla/5.0 (compatible; SemrushBot/7~bl; +http://www.semrush.com/bot.html)"
157.47.137.6 - - [01/Aug/2021:09:32:05 +0000] "-" 408 - "-" "-"
157.47.137.6 - - [01/Aug/2021:09:33:13 +0000] "-" 408 - "-" "-"
157.47.137.6 - - [01/Aug/2021:09:33:13 +0000] "-" 408 - "-" "-"
1.39.194.125 - - [01/Aug/2021:09:33:23 +0000] "-" 408 - "-" "-"
1.39.194.125 - - [01/Aug/2021:09:35:41 +0000] "-" 408 - "-" "-"
1.39.194.125 - - [01/Aug/2021:09:35:41 +0000] "-" 408 - "-" "-"
114.119.154.26 - - [01/Aug/2021:09:36:03 +0000] "GET /pdf/airforce-group-x&y-2notification-2018 HTTP/1.1" 404 243 "-" "Mozilla/5.0 (Linux; Android 7.0;) AppleWebKit/537.36 (KHTML, like Gecko) Mobile Safari/537.36 (compatible; PetalBot;+https://webmaster.petalsearch.com/site/petalbot)"
1.39.194.125 - - [01/Aug/2021:09:36:37 +0000] "-" 408 - "-" "-"
1.39.194.125 - - [01/Aug/2021:09:36:38 +0000] "-" 408 - "-" "-"
66.249.66.23 - - [01/Aug/2021:09:36:47 +0000] "GET /ads.txt HTTP/1.1" 404 205 "-" "Mozilla/5.0 (compatible; Googlebot/2.1; +http://www.google.com/bot.html)"
106.207.143.30 - - [01/Aug/2021:09:39:38 +0000] "-" 408 - "-" "-"
106.207.143.30 - - [01/Aug/2021:09:39:38 +0000] "-" 408 - "-" "-"
106.207.143.30 - - [01/Aug/2021:09:39:38 +0000] "-" 408 - "-" "-"
106.207.143.30 - - [01/Aug/2021:09:39:38 +0000] "-" 408 - "-" "-"
157.38.4.79 - - [01/Aug/2021:09:40:36 +0000] "-" 408 - "-" "-"
42.105.48.181 - - [01/Aug/2021:09:41:44 +0000] "-" 408 - "-" "-"
40.77.167.19 - - [01/Aug/2021:09:42:20 +0000] "GET /images/logo.jpg HTTP/1.1" 404 213 "-" "Mozilla/5.0 (compatible; bingbot/2.0; +http://www.bing.com/bingbot.htm)"
157.38.15.31 - - [01/Aug/2021:09:43:37 +0000] "-" 408 - "-" "-"
157.38.15.31 - - [01/Aug/2021:09:44:40 +0000] "-" 408 - "-" "-"
157.38.15.31 - - [01/Aug/2021:09:44:40 +0000] "-" 408 - "-" "-"
157.38.15.31 - - [01/Aug/2021:09:45:40 +0000] "-" 408 - "-" "-"
157.38.15.31 - - [01/Aug/2021:09:45:40 +0000] "-" 408 - "-" "-"
157.38.45.165 - - [01/Aug/2021:09:46:53 +0000] "-" 408 - "-" "-"
157.38.45.165 - - [01/Aug/2021:09:47:02 +0000] "-" 408 - "-" "-"
157.38.15.31 - - [01/Aug/2021:09:48:37 +0000] "-" 408 - "-" "-"
157.38.15.31 - - [01/Aug/2021:09:48:37 +0000] "-" 408 - "-" "-"
114.119.160.248 - - [01/Aug/2021:09:49:51 +0000] "GET /updates/nda-ii-2017-paper-analysis HTTP/1.1" 404 232 "-" "Mozilla/5.0 (Linux; Android 7.0;) AppleWebKit/537.36 (KHTML, like Gecko) Mobile Safari/537.36 (compatible; PetalBot;+https://webmaster.petalsearch.com/site/petalbot)"
66.249.66.21 - - [01/Aug/2021:09:50:21 +0000] "GET /cds-notification.html HTTP/1.1" 404 219 "-" "Mozilla/5.0 (compatible; Googlebot/2.1; +http://www.google.com/bot.html)"
157.38.15.31 - - [01/Aug/2021:09:50:49 +0000] "-" 408 - "-" "-"
157.38.15.31 - - [01/Aug/2021:09:50:57 +0000] "-" 408 - "-" "-"
157.38.45.165 - - [01/Aug/2021:09:51:28 +0000] "-" 408 - "-" "-"
157.38.45.165 - - [01/Aug/2021:09:51:33 +0000] "-" 408 - "-" "-"
157.38.15.31 - - [01/Aug/2021:09:51:34 +0000] "-" 408 - "-" "-"
157.38.15.31 - - [01/Aug/2021:09:51:34 +0000] "-" 408 - "-" "-"
1.39.210.212 - - [01/Aug/2021:09:51:41 +0000] "-" 408 - "-" "-"
1.39.210.212 - - [01/Aug/2021:09:51:42 +0000] "-" 408 - "-" "-"
157.38.15.31 - - [01/Aug/2021:09:51:57 +0000] "-" 408 - "-" "-"
157.38.15.31 - - [01/Aug/2021:09:51:57 +0000] "-" 408 - "-" "-"
118.184.177.67 - - [01/Aug/2021:09:52:28 +0000] "GET / HTTP/1.1" 403 209 "-" "Sogou web spider/4.0(+http://www.sogou.com/docs/help/webmasters.htm#07)"
1.39.210.212 - - [01/Aug/2021:09:52:37 +0000] "-" 408 - "-" "-"
1.39.210.212 - - [01/Aug/2021:09:52:37 +0000] "-" 408 - "-" "-"
157.38.15.31 - - [01/Aug/2021:09:52:57 +0000] "-" 408 - "-" "-"
157.38.15.31 - - [01/Aug/2021:09:52:57 +0000] "-" 408 - "-" "-"
77.75.78.166 - - [01/Aug/2021:09:52:57 +0000] "GET /robots.txt HTTP/1.1" 404 208 "-" "Mozilla/5.0 (compatible; SeznamBot/3.2; +http://napoveda.seznam.cz/en/seznambot-intro/)"
77.75.78.166 - - [01/Aug/2021:09:52:58 +0000] "GET /testimonials.html HTTP/1.1" 404 215 "-" "Mozilla/5.0 (compatible; SeznamBot/3.2; +http://napoveda.seznam.cz/en/seznambot-intro/)"
77.75.78.166 - - [01/Aug/2021:09:52:59 +0000] "GET /faq.html HTTP/1.1" 404 206 "-" "Mozilla/5.0 (compatible; SeznamBot/3.2; +http://napoveda.seznam.cz/en/seznambot-intro/)"
157.38.7.77 - - [01/Aug/2021:09:55:19 +0000] "-" 408 - "-" "-"
157.38.7.77 - - [01/Aug/2021:09:55:19 +0000] "-" 408 - "-" "-"
157.38.7.77 - - [01/Aug/2021:09:55:19 +0000] "-" 408 - "-" "-"
157.38.15.31 - - [01/Aug/2021:09:55:27 +0000] "-" 408 - "-" "-"
157.38.15.31 - - [01/Aug/2021:09:55:27 +0000] "-" 408 - "-" "-"
114.119.160.248 - - [01/Aug/2021:09:56:41 +0000] "GET /updates/ssc-cgle-2017-tier-i-marks-out/ HTTP/1.1" 404 237 "-" "Mozilla/5.0 (Linux; Android 7.0;) AppleWebKit/537.36 (KHTML, like Gecko) Mobile Safari/537.36 (compatible; PetalBot;+https://webmaster.petalsearch.com/site/petalbot)"
157.38.15.31 - - [01/Aug/2021:09:56:58 +0000] "-" 408 - "-" "-"
157.38.15.31 - - [01/Aug/2021:09:56:58 +0000] "-" 408 - "-" "-"
157.38.45.165 - - [01/Aug/2021:09:59:03 +0000] "-" 408 - "-" "-"
157.38.45.165 - - [01/Aug/2021:09:59:05 +0000] "-" 408 - "-" "-"
192.241.196.35 - - [01/Aug/2021:10:01:54 +0000] "GET /owa/auth/logon.aspx?url=https%3a%2f%2f1%2fecp%2f HTTP/1.1" 404 217 "-" "Mozilla/5.0 zgrab/0.x"
49.36.187.121 - - [01/Aug/2021:10:02:14 +0000] "-" 408 - "-" "-"
49.36.187.121 - - [01/Aug/2021:10:02:14 +0000] "-" 408 - "-" "-"
66.249.66.22 - - [01/Aug/2021:10:03:00 +0000] "GET /updates/wp-content/uploads/2018/09/NDA-II-2018-GAT-English-Answer-Key-with-Detailed-Explanations.pdf HTTP/1.1" 404 298 "-" "Mozilla/5.0 (Linux; Android 6.0.1; Nexus 5X Build/MMB29P) AppleWebKit/537.36 (KHTML, like Gecko) Chrome/92.0.4515.119 Mobile Safari/537.36 (compatible; Googlebot/2.1; +http://www.google.com/bot.html)"
114.119.154.26 - - [01/Aug/2021:10:03:31 +0000] "GET /updates/daily-current-affairs-28th-january-2017/ HTTP/1.1" 404 246 "-" "Mozilla/5.0 (Linux; Android 7.0;) AppleWebKit/537.36 (KHTML, like Gecko) Mobile Safari/537.36 (compatible; PetalBot;+https://webmaster.petalsearch.com/site/petalbot)"
106.13.238.108 - - [01/Aug/2021:10:03:40 +0000] "POST //uploads/c13.php HTTP/1.1" 404 213 "http://misc.yahoo.com.cn/" "Mozilla/5.0 (compatible; Yahoo! Slurp China; http://misc.yahoo.com.cn/help.html)"
106.13.238.108 - - [01/Aug/2021:10:03:40 +0000] "POST //uploads/c13.php HTTP/1.1" 404 213 "http://misc.yahoo.com.cn/" "Mozilla/5.0 (compatible; Yahoo! Slurp China; http://misc.yahoo.com.cn/help.html)"
106.13.238.108 - - [01/Aug/2021:10:03:41 +0000] "POST //uploads/c13.php HTTP/1.1" 404 213 "http://misc.yahoo.com.cn/" "Mozilla/5.0 (compatible; Yahoo! Slurp China; http://misc.yahoo.com.cn/help.html)"
117.215.20.215 - - [01/Aug/2021:10:05:06 +0000] "-" 408 - "-" "-"
66.249.92.20 - - [01/Aug/2021:10:05:24 +0000] "GET / HTTP/1.1" 403 209 "-" "Mozilla/5.0 (Macintosh; Intel Mac OS X 10_7_3) AppleWebKit/[WEBKIT_VERSION] (KHTML, like Gecko, Mediapartners-Google) Chrome/[CHROME_VERSION] Safari/[WEBKIT_VERSION]"
66.249.92.22 - - [01/Aug/2021:10:05:25 +0000] "GET / HTTP/1.1" 403 209 "-" "Mozilla/5.0 (Linux; Android 4.0.4; Galaxy Nexus Build/IMM76B) AppleWebKit/[WEBKIT_VERSION] (KHTML, like Gecko; Mediapartners-Google) Chrome/[CHROME_VERSION] Mobile Safari/[WEBKIT_VERSION]"
66.249.92.134 - - [01/Aug/2021:10:05:26 +0000] "GET / HTTP/1.1" 403 209 "-" "Mozilla/5.0 (Linux; Android 4.0.4; Galaxy Nexus Build/IMM76B) AppleWebKit/[WEBKIT_VERSION] (KHTML, like Gecko; Mediapartners-Google) Chrome/[CHROME_VERSION] Mobile Safari/[WEBKIT_VERSION]"
66.249.92.138 - - [01/Aug/2021:10:05:26 +0000] "GET / HTTP/1.1" 403 209 "-" "Mozilla/5.0 (Macintosh; Intel Mac OS X 10_7_3) AppleWebKit/[WEBKIT_VERSION] (KHTML, like Gecko, Mediapartners-Google) Chrome/[CHROME_VERSION] Safari/[WEBKIT_VERSION]"
66.249.92.136 - - [01/Aug/2021:10:05:27 +0000] "GET / HTTP/1.1" 403 209 "-" "Mozilla/5.0 (Linux; Android 4.0.4; Galaxy Nexus Build/IMM76B) AppleWebKit/537.36 (KHTML, like Gecko; Mediapartners-Google) Chrome/91.0.4472.90 Mobile Safari/537.36"
66.249.92.136 - - [01/Aug/2021:10:05:28 +0000] "GET / HTTP/1.1" 403 209 "-" "Mozilla/5.0 (Macintosh; Intel Mac OS X 10_7_3) AppleWebKit/537.36 (KHTML, like Gecko, Mediapartners-Google) Chrome/91.0.4472.90 Safari/537.36"
66.249.92.20 - - [01/Aug/2021:10:05:29 +0000] "GET / HTTP/1.1" 403 209 "-" "Mozilla/5.0 (Linux; Android 4.0.4; Galaxy Nexus Build/IMM76B) AppleWebKit/537.36 (KHTML, like Gecko; Mediapartners-Google) Chrome/91.0.4472.90 Mobile Safari/537.36"
66.249.92.20 - - [01/Aug/2021:10:05:30 +0000] "GET / HTTP/1.1" 403 209 "-" "Mozilla/5.0 (Macintosh; Intel Mac OS X 10_7_3) AppleWebKit/537.36 (KHTML, like Gecko, Mediapartners-Google) Chrome/91.0.4472.90 Safari/537.36"
66.249.92.134 - - [01/Aug/2021:10:05:31 +0000] "GET / HTTP/1.1" 403 209 "-" "Mozilla/5.0 (Linux; Android 4.0.4; Galaxy Nexus Build/IMM76B) AppleWebKit/537.36 (KHTML, like Gecko; Mediapartners-Google) Chrome/91.0.4472.90 Mobile Safari/537.36"
66.249.92.22 - - [01/Aug/2021:10:05:32 +0000] "GET / HTTP/1.1" 403 209 "-" "Mozilla/5.0 (Linux; Android 4.0.4; Galaxy Nexus Build/IMM76B) AppleWebKit/537.36 (KHTML, like Gecko; Mediapartners-Google) Chrome/91.0.4472.90 Mobile Safari/537.36"
157.38.15.31 - - [01/Aug/2021:10:07:47 +0000] "-" 408 - "-" "-"
157.38.15.31 - - [01/Aug/2021:10:07:47 +0000] "-" 408 - "-" "-"
106.207.166.150 - - [01/Aug/2021:10:08:09 +0000] "-" 408 - "-" "-"
106.207.166.150 - - [01/Aug/2021:10:08:09 +0000] "-" 408 - "-" "-"
157.38.15.31 - - [01/Aug/2021:10:08:13 +0000] "-" 408 - "-" "-"
157.38.15.31 - - [01/Aug/2021:10:08:17 +0000] "-" 408 - "-" "-"
157.38.15.31 - - [01/Aug/2021:10:08:17 +0000] "-" 408 - "-" "-"
106.207.166.150 - - [01/Aug/2021:10:08:18 +0000] "-" 408 - "-" "-"
114.119.146.145 - - [01/Aug/2021:10:10:20 +0000] "GET /updates/wp-content/uploads/2017/06/AA-Current-Affairs-04062017-250x160.jpg HTTP/1.1" 404 272 "-" "Mozilla/5.0 (Linux; Android 7.0;) AppleWebKit/537.36 (KHTML, like Gecko) Mobile Safari/537.36 (compatible; PetalBot;+https://webmaster.petalsearch.com/site/petalbot)"
45.146.164.110 - - [01/Aug/2021:10:10:50 +0000] "POST /vendor/phpunit/phpunit/src/Util/PHP/eval-stdin.php HTTP/1.1" 404 248 "-" "Mozilla/5.0 (Windows NT 10.0; Win64; x64) AppleWebKit/537.36 (KHTML, like Gecko) Chrome/78.0.3904.108 Safari/537.36"
45.146.164.110 - - [01/Aug/2021:10:10:50 +0000] "POST /api/jsonws/invoke HTTP/1.1" 404 215 "-" "Mozilla/5.0 (Windows NT 10.0; Win64; x64) AppleWebKit/537.36 (KHTML, like Gecko) Chrome/78.0.3904.108 Safari/537.36"
45.146.164.110 - - [01/Aug/2021:10:10:53 +0000] "GET /vendor/phpunit/phpunit/src/Util/PHP/eval-stdin.php HTTP/1.1" 404 248 "-" "Mozilla/5.0 (Windows NT 10.0; Win64; x64) AppleWebKit/537.36 (KHTML, like Gecko) Chrome/78.0.3904.108 Safari/537.36"
45.146.164.110 - - [01/Aug/2021:10:10:56 +0000] "GET /index.php?s=/Index/\\think\\app/invokefunction&function=call_user_func_array&vars[0]=md5&vars[1][]=HelloThinkPHP21 HTTP/1.1" 404 207 "-" "Mozilla/5.0 (Windows NT 10.0; Win64; x64) AppleWebKit/537.36 (KHTML, like Gecko) Chrome/78.0.3904.108 Safari/537.36"
45.146.164.110 - - [01/Aug/2021:10:10:56 +0000] "GET /?XDEBUG_SESSION_START=phpstorm HTTP/1.1" 403 209 "-" "Mozilla/5.0 (Windows NT 10.0; Win64; x64) AppleWebKit/537.36 (KHTML, like Gecko) Chrome/78.0.3904.108 Safari/537.36"
45.146.164.110 - - [01/Aug/2021:10:10:58 +0000] "POST /mifs/.;/services/LogService HTTP/1.1" 404 225 "https://165.232.190.148:443" "Mozilla/5.0 (Windows NT 10.0; Win64; x64) AppleWebKit/537.36 (KHTML, like Gecko) Chrome/78.0.3904.108 Safari/537.36"
45.146.164.110 - - [01/Aug/2021:10:10:59 +0000] "GET /wp-content/plugins/wp-file-manager/readme.txt HTTP/1.1" 404 243 "-" "Mozilla/5.0 (Windows NT 10.0; Win64; x64) AppleWebKit/537.36 (KHTML, like Gecko) Chrome/78.0.3904.108 Safari/537.36"
45.146.164.110 - - [01/Aug/2021:10:10:59 +0000] "GET /console/ HTTP/1.1" 404 206 "-" "Mozilla/5.0 (Windows NT 10.0; Win64; x64) AppleWebKit/537.36 (KHTML, like Gecko) Chrome/78.0.3904.108 Safari/537.36"
45.146.164.110 - - [01/Aug/2021:10:11:01 +0000] "POST /Autodiscover/Autodiscover.xml HTTP/1.1" 404 227 "-" "Mozilla/5.0 (Windows NT 10.0; Win64; x64) AppleWebKit/537.36 (KHTML, like Gecko) Chrome/78.0.3904.108 Safari/537.36"
45.146.164.110 - - [01/Aug/2021:10:11:07 +0000] "GET / HTTP/1.1" 403 209 "-" "Mozilla/5.0 (Windows NT 10.0; Win64; x64) AppleWebKit/537.36 (KHTML, like Gecko) Chrome/78.0.3904.108 Safari/537.36"
45.146.164.110 - - [01/Aug/2021:10:11:07 +0000] "GET /_ignition/execute-solution HTTP/1.1" 404 224 "-" "Mozilla/5.0 (Windows NT 10.0; Win64; x64) AppleWebKit/537.36 (KHTML, like Gecko) Chrome/78.0.3904.108 Safari/537.36"
157.47.207.39 - - [01/Aug/2021:10:14:04 +0000] "-" 408 - "-" "-"
157.55.39.65 - - [01/Aug/2021:10:14:15 +0000] "GET /images/new.gif HTTP/1.1" 404 212 "-" "Mozilla/5.0 (compatible; bingbot/2.0; +http://www.bing.com/bingbot.htm)"
54.36.148.206 - - [01/Aug/2021:10:15:31 +0000] "GET /robots.txt HTTP/1.1" 404 208 "-" "Mozilla/5.0 (compatible; AhrefsBot/7.0; +http://ahrefs.com/robot/)"
114.119.136.155 - - [01/Aug/2021:10:17:15 +0000] "GET /franchise.html HTTP/1.1" 404 212 "-" "Mozilla/5.0 (Linux; Android 7.0;) AppleWebKit/537.36 (KHTML, like Gecko) Mobile Safari/537.36 (compatible; PetalBot;+https://webmaster.petalsearch.com/site/petalbot)"
157.38.45.165 - - [01/Aug/2021:10:18:39 +0000] "-" 408 - "-" "-"
157.38.45.165 - - [01/Aug/2021:10:18:46 +0000] "-" 408 - "-" "-"
