40.77.167.30 - - [03/Aug/2021:12:06:00 +0000] "GET /updates/tag/cds-2020-english-solutions/ HTTP/1.1" 404 237 "-" "Mozilla/5.0 (compatible; bingbot/2.0; +http://www.bing.com/bingbot.htm)"
114.119.154.26 - - [03/Aug/2021:12:08:28 +0000] "GET /updates/icici-manipal-probationary-officers-po-programme-2017-notification-out/ HTTP/1.1" 404 277 "-" "Mozilla/5.0 (Linux; Android 7.0;) AppleWebKit/537.36 (KHTML, like Gecko) Mobile Safari/537.36 (compatible; PetalBot;+https://webmaster.petalsearch.com/site/petalbot)"
66.249.66.25 - - [03/Aug/2021:12:11:33 +0000] "GET /test-series-for-bank.html HTTP/1.1" 404 223 "-" "Mozilla/5.0 (Linux; Android 6.0.1; Nexus 5X Build/MMB29P) AppleWebKit/537.36 (KHTML, like Gecko) Chrome/92.0.4515.119 Mobile Safari/537.36 (compatible; Googlebot/2.1; +http://www.google.com/bot.html)"
152.57.105.141 - - [03/Aug/2021:12:13:05 +0000] "-" 408 - "-" "-"
66.160.140.179 - - [03/Aug/2021:12:13:12 +0000] "GET /robots.txt HTTP/1.1" 404 208 "-" "The Knowledge AI"
66.160.140.179 - - [03/Aug/2021:12:13:12 +0000] "GET /index.html HTTP/1.1" 404 208 "-" "The Knowledge AI"
157.55.39.129 - - [03/Aug/2021:12:14:14 +0000] "GET /updates/daily-current-affairs-10th-june-2018/ HTTP/1.1" 404 243 "-" "Mozilla/5.0 (compatible; bingbot/2.0; +http://www.bing.com/bingbot.htm)"
207.46.13.30 - - [03/Aug/2021:12:14:43 +0000] "GET /updates/ssc-result-status-as-on-30-08-2017-to-be-declared-by-the-commission/ HTTP/1.1" 404 274 "-" "Mozilla/5.0 (compatible; bingbot/2.0; +http://www.bing.com/bingbot.htm)"
114.119.146.145 - - [03/Aug/2021:12:14:51 +0000] "GET /updates/daily-current-affairs-28th-september-2017/ HTTP/1.1" 404 248 "-" "Mozilla/5.0 (Linux; Android 7.0;) AppleWebKit/537.36 (KHTML, like Gecko) Mobile Safari/537.36 (compatible; PetalBot;+https://webmaster.petalsearch.com/site/petalbot)"
66.160.140.179 - - [03/Aug/2021:12:15:04 +0000] "GET /updates/category/notification/ HTTP/1.1" 404 228 "-" "The Knowledge AI"
66.160.140.179 - - [03/Aug/2021:12:15:04 +0000] "GET /video-tutorial.html HTTP/1.1" 404 217 "-" "The Knowledge AI"
66.160.140.179 - - [03/Aug/2021:12:15:05 +0000] "GET /vacancy-updates.html HTTP/1.1" 404 218 "-" "The Knowledge AI"
66.160.140.179 - - [03/Aug/2021:12:15:15 +0000] "GET /testimonials.html HTTP/1.1" 404 215 "-" "The Knowledge AI"
66.160.140.179 - - [03/Aug/2021:12:15:15 +0000] "GET /franchise.html HTTP/1.1" 404 212 "-" "The Knowledge AI"
66.160.140.179 - - [03/Aug/2021:12:15:16 +0000] "GET /downloads.html HTTP/1.1" 404 212 "-" "The Knowledge AI"
66.160.140.179 - - [03/Aug/2021:12:15:26 +0000] "GET /faq.html HTTP/1.1" 404 206 "-" "The Knowledge AI"
66.160.140.179 - - [03/Aug/2021:12:15:27 +0000] "GET /successful-candidate.html HTTP/1.1" 404 223 "-" "The Knowledge AI"
66.160.140.179 - - [03/Aug/2021:12:15:27 +0000] "GET /classroom-program-for-ssc.html HTTP/1.1" 404 228 "-" "The Knowledge AI"
66.160.140.179 - - [03/Aug/2021:12:15:37 +0000] "GET /classroom-program-for-bank.html HTTP/1.1" 404 229 "-" "The Knowledge AI"
66.160.140.179 - - [03/Aug/2021:12:15:38 +0000] "GET /nda-coaching-in-delhi.html HTTP/1.1" 404 224 "-" "The Knowledge AI"
66.160.140.179 - - [03/Aug/2021:12:15:38 +0000] "GET /online-test-series.html HTTP/1.1" 404 221 "-" "The Knowledge AI"
66.160.140.179 - - [03/Aug/2021:12:15:48 +0000] "GET /ctet-coaching.html HTTP/1.1" 404 216 "-" "The Knowledge AI"
66.160.140.179 - - [03/Aug/2021:12:15:49 +0000] "GET /dsssb-coaching.html HTTP/1.1" 404 217 "-" "The Knowledge AI"
66.160.140.179 - - [03/Aug/2021:12:15:49 +0000] "GET /cds-coaching.html HTTP/1.1" 404 215 "-" "The Knowledge AI"
66.249.66.24 - - [03/Aug/2021:12:15:52 +0000] "GET /nda-previous-year-question-papers.html HTTP/1.1" 404 236 "-" "Mozilla/5.0 (Linux; Android 6.0.1; Nexus 5X Build/MMB29P) AppleWebKit/537.36 (KHTML, like Gecko) Chrome/92.0.4515.119 Mobile Safari/537.36 (compatible; Googlebot/2.1; +http://www.google.com/bot.html)"
66.160.140.179 - - [03/Aug/2021:12:16:00 +0000] "GET /afcat.html HTTP/1.1" 404 208 "-" "The Knowledge AI"
66.160.140.179 - - [03/Aug/2021:12:16:00 +0000] "GET /clat-classroom-program.html HTTP/1.1" 404 225 "-" "The Knowledge AI"
66.160.140.179 - - [03/Aug/2021:12:16:00 +0000] "GET /insurance-exams.html HTTP/1.1" 404 218 "-" "The Knowledge AI"
66.160.140.179 - - [03/Aug/2021:12:16:11 +0000] "GET /railway-exams-coaching.html HTTP/1.1" 404 225 "-" "The Knowledge AI"
66.160.140.179 - - [03/Aug/2021:12:16:11 +0000] "GET /current-affairs.html HTTP/1.1" 404 218 "-" "The Knowledge AI"
66.160.140.179 - - [03/Aug/2021:12:16:11 +0000] "GET /ssc-bank-course-fees-new-batch.html HTTP/1.1" 404 233 "-" "The Knowledge AI"
66.160.140.179 - - [03/Aug/2021:12:16:22 +0000] "GET /contact-us.html HTTP/1.1" 404 213 "-" "The Knowledge AI"
66.160.140.179 - - [03/Aug/2021:12:16:22 +0000] "GET /our-introduction.html HTTP/1.1" 404 219 "-" "The Knowledge AI"
66.160.140.179 - - [03/Aug/2021:12:16:22 +0000] "GET /director-message.html HTTP/1.1" 404 219 "-" "The Knowledge AI"
66.160.140.179 - - [03/Aug/2021:12:16:45 +0000] "GET /why-aim-achieve.html HTTP/1.1" 404 218 "-" "The Knowledge AI"
66.160.140.179 - - [03/Aug/2021:12:16:46 +0000] "GET /aim-achieve-success-mantra.html HTTP/1.1" 404 229 "-" "The Knowledge AI"
66.160.140.179 - - [03/Aug/2021:12:16:46 +0000] "GET /salient-features.html HTTP/1.1" 404 219 "-" "The Knowledge AI"
157.55.39.116 - - [03/Aug/2021:12:16:53 +0000] "GET /updates/tag/nda-2020-eligibility/ HTTP/1.1" 404 231 "-" "Mozilla/5.0 (compatible; bingbot/2.0; +http://www.bing.com/bingbot.htm)"
66.160.140.179 - - [03/Aug/2021:12:16:57 +0000] "GET /campus-infrastructure.html HTTP/1.1" 404 224 "-" "The Knowledge AI"
66.160.140.179 - - [03/Aug/2021:12:16:57 +0000] "GET /photo-gallery.html HTTP/1.1" 404 216 "-" "The Knowledge AI"
66.249.66.22 - - [03/Aug/2021:12:17:45 +0000] "GET /SBI-Bank-PO-Exams.html HTTP/1.1" 404 220 "-" "Mozilla/5.0 (Linux; Android 6.0.1; Nexus 5X Build/MMB29P) AppleWebKit/537.36 (KHTML, like Gecko) Chrome/92.0.4515.119 Mobile Safari/537.36 (compatible; Googlebot/2.1; +http://www.google.com/bot.html)"
139.167.160.77 - - [03/Aug/2021:12:18:20 +0000] "-" 408 - "-" "-"
66.160.140.179 - - [03/Aug/2021:12:19:00 +0000] "GET /career-with-us.html HTTP/1.1" 404 217 "-" "The Knowledge AI"
66.160.140.179 - - [03/Aug/2021:12:19:00 +0000] "GET /correspondence-course-for-ssc.html HTTP/1.1" 404 232 "-" "The Knowledge AI"
66.160.140.179 - - [03/Aug/2021:12:19:00 +0000] "GET /test-series-for-ssc.html HTTP/1.1" 404 222 "-" "The Knowledge AI"
66.160.140.179 - - [03/Aug/2021:12:19:11 +0000] "GET /correspondence-course-for-bank.html HTTP/1.1" 404 233 "-" "The Knowledge AI"
66.160.140.179 - - [03/Aug/2021:12:19:11 +0000] "GET /test-series-for-bank.html HTTP/1.1" 404 223 "-" "The Knowledge AI"
66.160.140.179 - - [03/Aug/2021:12:19:11 +0000] "GET /correspondence-course-for-nda.html HTTP/1.1" 404 232 "-" "The Knowledge AI"
66.160.140.179 - - [03/Aug/2021:12:19:22 +0000] "GET /test-series-for-nda.html HTTP/1.1" 404 222 "-" "The Knowledge AI"
66.160.140.179 - - [03/Aug/2021:12:19:22 +0000] "GET /du-llb-entrance-exam-coaching.html HTTP/1.1" 404 232 "-" "The Knowledge AI"
66.160.140.179 - - [03/Aug/2021:12:19:22 +0000] "GET /interview-classes.html HTTP/1.1" 404 220 "-" "The Knowledge AI"
66.160.140.179 - - [03/Aug/2021:12:19:33 +0000] "GET /admission-procedure.html HTTP/1.1" 404 222 "-" "The Knowledge AI"
66.160.140.179 - - [03/Aug/2021:12:19:33 +0000] "GET /scholarship-concession.html HTTP/1.1" 404 225 "-" "The Knowledge AI"
66.160.140.179 - - [03/Aug/2021:12:19:33 +0000] "GET /terms-conditions.html HTTP/1.1" 404 219 "-" "The Knowledge AI"
66.160.140.179 - - [03/Aug/2021:12:19:44 +0000] "GET /hostel-transportation-facility.html HTTP/1.1" 404 233 "-" "The Knowledge AI"
66.160.140.179 - - [03/Aug/2021:12:19:44 +0000] "GET /updates/how-to-plan-bank-exams-preparation/ HTTP/1.1" 404 241 "-" "The Knowledge AI"
66.160.140.179 - - [03/Aug/2021:12:19:45 +0000] "GET /updates/ibps-bank-po-clerk-exams-faqs/ HTTP/1.1" 404 236 "-" "The Knowledge AI"
66.160.140.179 - - [03/Aug/2021:12:19:55 +0000] "GET /how-to-crack-ssc-cgl-exam.html HTTP/1.1" 404 228 "-" "The Knowledge AI"
66.160.140.179 - - [03/Aug/2021:12:19:55 +0000] "GET /updates/four-points-you-should-know-before-starting-clat-preparation/ HTTP/1.1" 404 267 "-" "The Knowledge AI"
66.160.140.179 - - [03/Aug/2021:12:19:56 +0000] "GET /updates/four-key-points-to-know-for-railway-exam-2016/ HTTP/1.1" 404 252 "-" "The Knowledge AI"
66.249.66.23 - - [03/Aug/2021:12:20:01 +0000] "GET /images/bank-test-series.png HTTP/1.1" 404 225 "-" "Googlebot-Image/1.0"
66.160.140.179 - - [03/Aug/2021:12:20:06 +0000] "GET /updates/nda-ii-2019-question-papers-answer-key-solutions/ HTTP/1.1" 404 255 "-" "The Knowledge AI"
66.160.140.179 - - [03/Aug/2021:12:20:06 +0000] "GET /clat-1-year-coaching.html HTTP/1.1" 404 223 "-" "The Knowledge AI"
66.160.140.179 - - [03/Aug/2021:12:20:07 +0000] "GET /ibps-po-mt.html HTTP/1.1" 404 213 "-" "The Knowledge AI"
66.160.140.179 - - [03/Aug/2021:12:20:17 +0000] "GET /sbi-po-coaching.html HTTP/1.1" 404 218 "-" "The Knowledge AI"
66.160.140.179 - - [03/Aug/2021:12:20:17 +0000] "GET /updates/cds-ii-2019-question-papers-answer-key-solutions/ HTTP/1.1" 404 255 "-" "The Knowledge AI"
66.160.140.179 - - [03/Aug/2021:12:20:18 +0000] "GET /cds-notification.html HTTP/1.1" 404 219 "-" "The Knowledge AI"
66.160.140.179 - - [03/Aug/2021:12:20:28 +0000] "GET /updates/nda-ii-sept-2018-exam-notification/ HTTP/1.1" 404 241 "-" "The Knowledge AI"
66.160.140.179 - - [03/Aug/2021:12:20:29 +0000] "GET /updates/nda-i-2019-question-papers-answer-key-solutions/ HTTP/1.1" 404 254 "-" "The Knowledge AI"
66.160.140.179 - - [03/Aug/2021:12:20:29 +0000] "GET /nda-weekend-batch.html HTTP/1.1" 404 220 "-" "The Knowledge AI"
66.160.140.179 - - [03/Aug/2021:12:20:39 +0000] "GET /nda-crash-course.html HTTP/1.1" 404 219 "-" "The Knowledge AI"
66.160.140.179 - - [03/Aug/2021:12:20:40 +0000] "GET /nda-preparation.html HTTP/1.1" 404 218 "-" "The Knowledge AI"
115.97.155.80 - - [03/Aug/2021:12:20:52 +0000] "-" 408 - "-" "-"
114.119.146.145 - - [03/Aug/2021:12:21:22 +0000] "GET /updates/tag/nda-2018-solutions HTTP/1.1" 404 228 "-" "Mozilla/5.0 (Linux; Android 7.0;) AppleWebKit/537.36 (KHTML, like Gecko) Mobile Safari/537.36 (compatible; PetalBot;+https://webmaster.petalsearch.com/site/petalbot)"
106.210.224.250 - - [03/Aug/2021:12:21:43 +0000] "-" 408 - "-" "-"
207.46.13.111 - - [03/Aug/2021:12:21:59 +0000] "GET /updates/wp-content/uploads/2017/01/Monthly_GK_Digest_December_2016.pdf HTTP/1.1" 404 268 "-" "Mozilla/5.0 (compatible; bingbot/2.0; +http://www.bing.com/bingbot.htm)"
66.160.140.179 - - [03/Aug/2021:12:22:57 +0000] "GET /updates/ssc-cgle-2018-notification-out/ HTTP/1.1" 404 237 "-" "The Knowledge AI"
66.160.140.179 - - [03/Aug/2021:12:22:57 +0000] "GET /clat-notification.html HTTP/1.1" 404 220 "-" "The Knowledge AI"
66.160.140.179 - - [03/Aug/2021:12:22:58 +0000] "GET /Air-Force-X-Group-Coaching.html HTTP/1.1" 404 229 "-" "The Knowledge AI"
66.160.140.179 - - [03/Aug/2021:12:23:08 +0000] "GET /latest-exam-news-updates.html HTTP/1.1" 404 227 "-" "The Knowledge AI"
66.160.140.179 - - [03/Aug/2021:12:23:08 +0000] "GET /EnqSubmit.html HTTP/1.1" 404 212 "-" "The Knowledge AI"
66.160.140.179 - - [03/Aug/2021:12:23:09 +0000] "GET /about-state-tet-ctet.html HTTP/1.1" 404 223 "-" "The Knowledge AI"
66.160.140.179 - - [03/Aug/2021:12:23:19 +0000] "GET /rbi-assistant-exam-coaching.html HTTP/1.1" 404 230 "-" "The Knowledge AI"
66.160.140.179 - - [03/Aug/2021:12:23:19 +0000] "GET /SBI-Bank-PO-Exams.html HTTP/1.1" 404 220 "-" "The Knowledge AI"
66.160.140.179 - - [03/Aug/2021:12:23:20 +0000] "GET /bank-clerk-coaching.html HTTP/1.1" 404 222 "-" "The Knowledge AI"
13.66.139.0 - - [03/Aug/2021:12:23:27 +0000] "GET /updates/daily-current-affairs-10th-february-2017/ HTTP/1.1" 404 247 "-" "Mozilla/5.0 (compatible; bingbot/2.0; +http://www.bing.com/bingbot.htm)"
66.160.140.179 - - [03/Aug/2021:12:23:30 +0000] "GET /updates/ibps-po-coaching/ HTTP/1.1" 404 223 "-" "The Knowledge AI"
66.160.140.179 - - [03/Aug/2021:12:23:31 +0000] "GET /updates/ibps-clerk-coaching/ HTTP/1.1" 404 226 "-" "The Knowledge AI"
66.160.140.179 - - [03/Aug/2021:12:23:31 +0000] "GET /updates/ibps-specialist-officer-coaching/ HTTP/1.1" 404 239 "-" "The Knowledge AI"
106.13.224.148 - - [03/Aug/2021:12:23:41 +0000] "POST //wp-content/plugins/prism-highlight/css.php HTTP/1.1" 404 240 "http://misc.yahoo.com.cn/" "Mozilla/5.0 (compatible; Yahoo! Slurp China; http://misc.yahoo.com.cn/help.html)"
106.13.224.148 - - [03/Aug/2021:12:23:41 +0000] "POST //wp-content/plugins/prism-highlight/css.php HTTP/1.1" 404 240 "http://misc.yahoo.com.cn/" "Mozilla/5.0 (compatible; Yahoo! Slurp China; http://misc.yahoo.com.cn/help.html)"
106.13.224.148 - - [03/Aug/2021:12:23:41 +0000] "POST //wp-content/plugins/prism-highlight/css.php HTTP/1.1" 404 240 "http://misc.yahoo.com.cn/" "Mozilla/5.0 (compatible; Yahoo! Slurp China; http://misc.yahoo.com.cn/help.html)"
66.160.140.179 - - [03/Aug/2021:12:23:41 +0000] "GET /ibps-bank-po-mock-test.html HTTP/1.1" 404 225 "-" "The Knowledge AI"
66.160.140.179 - - [03/Aug/2021:12:23:42 +0000] "GET /ibps-bank-clerk-mock-test.html HTTP/1.1" 404 228 "-" "The Knowledge AI"
66.160.140.179 - - [03/Aug/2021:12:23:42 +0000] "GET /ibps.html HTTP/1.1" 404 207 "-" "The Knowledge AI"
66.160.140.179 - - [03/Aug/2021:12:23:52 +0000] "GET /IBPS-Bank-Clerk.html HTTP/1.1" 404 218 "-" "The Knowledge AI"
66.160.140.179 - - [03/Aug/2021:12:23:53 +0000] "GET /About-IBPS-RRB-Exam.html HTTP/1.1" 404 222 "-" "The Knowledge AI"
66.160.140.179 - - [03/Aug/2021:12:23:53 +0000] "GET /ibps-cwe-specialist-officers.html HTTP/1.1" 404 231 "-" "The Knowledge AI"
66.160.140.179 - - [03/Aug/2021:12:24:04 +0000] "GET /cwe.html HTTP/1.1" 404 206 "-" "The Knowledge AI"
66.160.140.179 - - [03/Aug/2021:12:24:04 +0000] "GET /ibps-cwe-revised-exam-pattern.html HTTP/1.1" 404 232 "-" "The Knowledge AI"
66.160.140.179 - - [03/Aug/2021:12:24:04 +0000] "GET /bank-po-salary.html HTTP/1.1" 404 217 "-" "The Knowledge AI"
66.160.140.179 - - [03/Aug/2021:12:24:15 +0000] "GET /about-rbi.html HTTP/1.1" 404 212 "-" "The Knowledge AI"
66.160.140.179 - - [03/Aug/2021:12:24:15 +0000] "GET /rbi-assistant.html HTTP/1.1" 404 216 "-" "The Knowledge AI"
66.160.140.179 - - [03/Aug/2021:12:24:15 +0000] "GET /Career-in-Banks.html HTTP/1.1" 404 218 "-" "The Knowledge AI"
66.160.140.179 - - [03/Aug/2021:12:24:26 +0000] "GET /Am-I-eligible-for-IBPS-PO-Exams.html HTTP/1.1" 404 234 "-" "The Knowledge AI"
66.160.140.179 - - [03/Aug/2021:12:24:26 +0000] "GET /Am-I-eligible-for-IBPS-Clerk-Exams.html HTTP/1.1" 404 237 "-" "The Knowledge AI"
66.160.140.179 - - [03/Aug/2021:12:24:26 +0000] "GET /Tips-Tricks-to-tackle-online-IBPS-exam.html HTTP/1.1" 404 241 "-" "The Knowledge AI"
66.160.140.179 - - [03/Aug/2021:12:24:37 +0000] "GET /updates/ssc-cgl-coaching-in-south-delhi/ HTTP/1.1" 404 238 "-" "The Knowledge AI"
66.160.140.179 - - [03/Aug/2021:12:24:37 +0000] "GET /ssc.html HTTP/1.1" 404 206 "-" "The Knowledge AI"
18.209.62.95 - - [03/Aug/2021:12:25:32 +0000] "GET /ads.txt HTTP/1.1" 404 205 "-" "AdsTxtCrawler/1.0.2"
66.160.140.179 - - [03/Aug/2021:12:26:49 +0000] "GET /ssc-cgl-si-cpo.html HTTP/1.1" 404 217 "-" "The Knowledge AI"
66.160.140.179 - - [03/Aug/2021:12:26:49 +0000] "GET /ssc-chsl.html HTTP/1.1" 404 211 "-" "The Knowledge AI"
66.160.140.179 - - [03/Aug/2021:12:26:50 +0000] "GET /ssc-stenographer.html HTTP/1.1" 404 219 "-" "The Knowledge AI"
66.160.140.179 - - [03/Aug/2021:12:27:00 +0000] "GET /updates/ssc-cpo-si-asi-2016-solution-answer-keys/ HTTP/1.1" 404 247 "-" "The Knowledge AI"
66.160.140.179 - - [03/Aug/2021:12:27:01 +0000] "GET /online-test-series-for-clat.html HTTP/1.1" 404 230 "-" "The Knowledge AI"
66.160.140.179 - - [03/Aug/2021:12:27:01 +0000] "GET /correspondence-course-for-clat.html HTTP/1.1" 404 233 "-" "The Knowledge AI"
66.160.140.179 - - [03/Aug/2021:12:27:11 +0000] "GET /clat-online-video-classes.html HTTP/1.1" 404 228 "-" "The Knowledge AI"
66.160.140.179 - - [03/Aug/2021:12:27:12 +0000] "GET /clat.html HTTP/1.1" 404 207 "-" "The Knowledge AI"
66.160.140.179 - - [03/Aug/2021:12:27:12 +0000] "GET /eligibility-criteria-for-clat.html HTTP/1.1" 404 232 "-" "The Knowledge AI"
66.160.140.179 - - [03/Aug/2021:12:27:37 +0000] "GET /clat-exam-pattern-syllabus.html HTTP/1.1" 404 229 "-" "The Knowledge AI"
66.160.140.179 - - [03/Aug/2021:12:27:37 +0000] "GET /how-did-clat-come-into-existence.html HTTP/1.1" 404 235 "-" "The Knowledge AI"
66.160.140.179 - - [03/Aug/2021:12:27:37 +0000] "GET /institutions-organizations-using-clat-score.html HTTP/1.1" 404 246 "-" "The Knowledge AI"
66.160.140.179 - - [03/Aug/2021:12:27:48 +0000] "GET /participating-law-schools-universities-in-clat.html HTTP/1.1" 404 249 "-" "The Knowledge AI"
66.160.140.179 - - [03/Aug/2021:12:27:48 +0000] "GET /clat-cut-off.html HTTP/1.1" 404 215 "-" "The Knowledge AI"
66.160.140.179 - - [03/Aug/2021:12:27:49 +0000] "GET /clat-faq.html HTTP/1.1" 404 211 "-" "The Knowledge AI"
66.160.140.179 - - [03/Aug/2021:12:27:59 +0000] "GET /nda.html HTTP/1.1" 404 206 "-" "The Knowledge AI"
66.160.140.179 - - [03/Aug/2021:12:27:59 +0000] "GET /nda-entrance-examination.html HTTP/1.1" 404 227 "-" "The Knowledge AI"
66.160.140.179 - - [03/Aug/2021:12:28:00 +0000] "GET /nda-na-syllabus.html HTTP/1.1" 404 218 "-" "The Knowledge AI"
114.119.143.214 - - [03/Aug/2021:12:28:01 +0000] "GET /updates/ibps-rrb-2018-exam-notification/ HTTP/1.1" 404 238 "-" "Mozilla/5.0 (Linux; Android 7.0;) AppleWebKit/537.36 (KHTML, like Gecko) Mobile Safari/537.36 (compatible; PetalBot;+https://webmaster.petalsearch.com/site/petalbot)"
66.160.140.179 - - [03/Aug/2021:12:28:10 +0000] "GET /nda-na-written-exam-tips-tricks.html HTTP/1.1" 404 234 "-" "The Knowledge AI"
66.160.140.179 - - [03/Aug/2021:12:28:10 +0000] "GET /nda-faq.html HTTP/1.1" 404 210 "-" "The Knowledge AI"
66.160.140.179 - - [03/Aug/2021:12:28:11 +0000] "GET /nda-cut-off.html HTTP/1.1" 404 214 "-" "The Knowledge AI"
66.160.140.179 - - [03/Aug/2021:12:28:21 +0000] "GET /updates/nda-ii-2018-question-papers-answer-key-solutions/ HTTP/1.1" 404 255 "-" "The Knowledge AI"
66.160.140.179 - - [03/Aug/2021:12:28:22 +0000] "GET /nda-previous-year-question-papers.html HTTP/1.1" 404 236 "-" "The Knowledge AI"
66.160.140.179 - - [03/Aug/2021:12:28:22 +0000] "GET /about-cds-exams.html HTTP/1.1" 404 218 "-" "The Knowledge AI"
66.160.140.179 - - [03/Aug/2021:12:28:32 +0000] "GET /cds-syllabus.html HTTP/1.1" 404 215 "-" "The Knowledge AI"
66.160.140.179 - - [03/Aug/2021:12:28:33 +0000] "GET /cds-admit-card.html HTTP/1.1" 404 217 "-" "The Knowledge AI"
66.160.140.179 - - [03/Aug/2021:12:28:33 +0000] "GET /how-to-crack-cds.html HTTP/1.1" 404 219 "-" "The Knowledge AI"
66.160.140.179 - - [03/Aug/2021:12:28:43 +0000] "GET /cds-cut-off.html HTTP/1.1" 404 214 "-" "The Knowledge AI"
66.160.140.179 - - [03/Aug/2021:12:28:44 +0000] "GET /cds-previous-year-question-papers.html HTTP/1.1" 404 236 "-" "The Knowledge AI"
106.206.150.242 - - [03/Aug/2021:12:28:45 +0000] "-" 408 - "-" "-"
106.206.150.242 - - [03/Aug/2021:12:28:45 +0000] "-" 408 - "-" "-"
157.38.77.167 - - [03/Aug/2021:12:29:55 +0000] "-" 408 - "-" "-"
157.38.77.167 - - [03/Aug/2021:12:30:32 +0000] "-" 408 - "-" "-"
157.38.77.167 - - [03/Aug/2021:12:30:32 +0000] "-" 408 - "-" "-"
92.118.160.37 - - [03/Aug/2021:12:30:46 +0000] "GET / HTTP/1.1" 403 209 "-" "NetSystemsResearch studies the availability of various services across the internet. Our website is netsystemsresearch.com"
66.160.140.179 - - [03/Aug/2021:12:30:50 +0000] "GET /cds-faq.html HTTP/1.1" 404 210 "-" "The Knowledge AI"
66.160.140.179 - - [03/Aug/2021:12:30:50 +0000] "GET /clat-exam/ HTTP/1.1" 404 208 "-" "The Knowledge AI"
66.160.140.179 - - [03/Aug/2021:12:30:51 +0000] "GET /nda-coaching-in-kalkaji.html HTTP/1.1" 404 226 "-" "The Knowledge AI"
66.160.140.179 - - [03/Aug/2021:12:31:01 +0000] "GET /coaching-in-kalkaji.html HTTP/1.1" 404 222 "-" "The Knowledge AI"
66.160.140.179 - - [03/Aug/2021:12:31:01 +0000] "GET /sitemap.html HTTP/1.1" 404 210 "-" "The Knowledge AI"
157.38.77.167 - - [03/Aug/2021:12:31:32 +0000] "-" 408 - "-" "-"
157.38.77.167 - - [03/Aug/2021:12:31:32 +0000] "-" 408 - "-" "-"
157.38.77.167 - - [03/Aug/2021:12:32:32 +0000] "-" 408 - "-" "-"
157.38.77.167 - - [03/Aug/2021:12:32:32 +0000] "-" 408 - "-" "-"
157.38.77.167 - - [03/Aug/2021:12:33:32 +0000] "-" 408 - "-" "-"
157.38.77.167 - - [03/Aug/2021:12:33:32 +0000] "-" 408 - "-" "-"
157.38.77.167 - - [03/Aug/2021:12:34:32 +0000] "-" 408 - "-" "-"
157.38.77.167 - - [03/Aug/2021:12:34:32 +0000] "-" 408 - "-" "-"
114.119.150.210 - - [03/Aug/2021:12:34:39 +0000] "GET /Am-I-eligible-for-IBPS-Clerk-Exams.html HTTP/1.1" 404 237 "-" "Mozilla/5.0 (Linux; Android 7.0;) AppleWebKit/537.36 (KHTML, like Gecko) Mobile Safari/537.36 (compatible; PetalBot;+https://webmaster.petalsearch.com/site/petalbot)"
157.38.77.167 - - [03/Aug/2021:12:35:32 +0000] "-" 408 - "-" "-"
157.38.77.167 - - [03/Aug/2021:12:35:32 +0000] "-" 408 - "-" "-"
157.38.77.167 - - [03/Aug/2021:12:36:32 +0000] "-" 408 - "-" "-"
157.38.77.167 - - [03/Aug/2021:12:36:32 +0000] "-" 408 - "-" "-"
157.38.77.167 - - [03/Aug/2021:12:37:32 +0000] "-" 408 - "-" "-"
157.38.77.167 - - [03/Aug/2021:12:37:32 +0000] "-" 408 - "-" "-"
66.249.66.23 - - [03/Aug/2021:12:38:18 +0000] "GET /images/Bank-PO-Clerk-Online-Mock-Test.png HTTP/1.1" 404 239 "-" "Googlebot-Image/1.0"
157.38.77.167 - - [03/Aug/2021:12:38:32 +0000] "-" 408 - "-" "-"
157.38.77.167 - - [03/Aug/2021:12:38:32 +0000] "-" 408 - "-" "-"
152.57.128.9 - - [03/Aug/2021:12:40:19 +0000] "-" 408 - "-" "-"
152.57.128.9 - - [03/Aug/2021:12:40:19 +0000] "-" 408 - "-" "-"
114.119.162.33 - - [03/Aug/2021:12:41:10 +0000] "GET /CourseEnquiry2.html HTTP/1.1" 404 217 "-" "Mozilla/5.0 (Linux; Android 7.0;) AppleWebKit/537.36 (KHTML, like Gecko) Mobile Safari/537.36 (compatible; PetalBot;+https://webmaster.petalsearch.com/site/petalbot)"
114.119.154.26 - - [03/Aug/2021:12:47:49 +0000] "GET /cds-cut-off.html HTTP/1.1" 404 214 "-" "Mozilla/5.0 (Linux; Android 7.0;) AppleWebKit/537.36 (KHTML, like Gecko) Mobile Safari/537.36 (compatible; PetalBot;+https://webmaster.petalsearch.com/site/petalbot)"
114.119.160.195 - - [03/Aug/2021:12:54:36 +0000] "GET /updates/daily-current-affairs-15th-may-2018/ HTTP/1.1" 404 242 "-" "Mozilla/5.0 (Linux; Android 7.0;) AppleWebKit/537.36 (KHTML, like Gecko) Mobile Safari/537.36 (compatible; PetalBot;+https://webmaster.petalsearch.com/site/petalbot)"
139.167.187.87 - - [03/Aug/2021:12:54:58 +0000] "-" 408 - "-" "-"
139.167.187.87 - - [03/Aug/2021:12:54:58 +0000] "-" 408 - "-" "-"
157.55.39.116 - - [03/Aug/2021:12:55:15 +0000] "GET /updates/indian-airforce-group-x-y-ii-sept-2018-exam-notification/ HTTP/1.1" 404 263 "-" "Mozilla/5.0 (compatible; bingbot/2.0; +http://www.bing.com/bingbot.htm)"
66.249.66.20 - - [03/Aug/2021:13:01:12 +0000] "GET /updates/lic-aao-recruitment-exam-2016/ HTTP/1.1" 404 236 "-" "Mozilla/5.0 (Linux; Android 6.0.1; Nexus 5X Build/MMB29P) AppleWebKit/537.36 (KHTML, like Gecko) Chrome/92.0.4515.119 Mobile Safari/537.36 (compatible; Googlebot/2.1; +http://www.google.com/bot.html)"
76.72.172.163 - - [03/Aug/2021:13:04:43 +0000] "\n" 400 226 "-" "-"
66.249.66.22 - - [03/Aug/2021:13:07:25 +0000] "GET /clat-classroom-program.html HTTP/1.1" 404 225 "-" "Mozilla/5.0 (Linux; Android 6.0.1; Nexus 5X Build/MMB29P) AppleWebKit/537.36 (KHTML, like Gecko) Chrome/92.0.4515.119 Mobile Safari/537.36 (compatible; Googlebot/2.1; +http://www.google.com/bot.html)"
157.38.87.74 - - [03/Aug/2021:13:07:29 +0000] "-" 408 - "-" "-"
157.38.87.74 - - [03/Aug/2021:13:07:29 +0000] "-" 408 - "-" "-"
114.119.146.145 - - [03/Aug/2021:13:08:15 +0000] "GET /images/IAF-AFCAT.jpg HTTP/1.1" 404 218 "-" "Mozilla/5.0 (Linux; Android 7.0;) AppleWebKit/537.36 (KHTML, like Gecko) Mobile Safari/537.36 (compatible; PetalBot;+https://webmaster.petalsearch.com/site/petalbot)"
157.38.87.74 - - [03/Aug/2021:13:08:29 +0000] "-" 408 - "-" "-"
157.38.87.74 - - [03/Aug/2021:13:08:29 +0000] "-" 408 - "-" "-"
5.255.231.244 - - [03/Aug/2021:13:09:14 +0000] "GET /robots.txt HTTP/1.1" 404 208 "-" "Mozilla/5.0 (compatible; YandexBot/3.0; +http://yandex.com/bots)"
5.255.231.244 - - [03/Aug/2021:13:09:18 +0000] "GET /clat-exam/images/favicon.ico HTTP/1.1" 404 226 "-" "Mozilla/5.0 (compatible; YandexFavicons/1.0; +http://yandex.com/bots)"
157.38.87.74 - - [03/Aug/2021:13:09:29 +0000] "-" 408 - "-" "-"
157.38.87.74 - - [03/Aug/2021:13:09:29 +0000] "-" 408 - "-" "-"
157.38.87.74 - - [03/Aug/2021:13:09:44 +0000] "-" 408 - "-" "-"
157.38.87.74 - - [03/Aug/2021:13:10:29 +0000] "-" 408 - "-" "-"
157.38.87.74 - - [03/Aug/2021:13:10:29 +0000] "-" 408 - "-" "-"
157.38.87.74 - - [03/Aug/2021:13:11:29 +0000] "-" 408 - "-" "-"
157.38.87.74 - - [03/Aug/2021:13:11:29 +0000] "-" 408 - "-" "-"
27.6.224.81 - - [03/Aug/2021:13:13:43 +0000] "GET /sbi-po-coaching.html HTTP/1.1" 404 218 "-" "Mozilla/5.0 (Windows NT 10.0; Win64; x64) AppleWebKit/537.36 (KHTML, like Gecko) Chrome/92.0.4515.107 Safari/537.36"
106.76.72.217 - - [03/Aug/2021:13:13:53 +0000] "-" 408 - "-" "-"
27.6.224.81 - - [03/Aug/2021:13:14:39 +0000] "GET /sbi-po-coaching.html HTTP/1.1" 404 218 "-" "Mozilla/5.0 (Windows NT 10.0; Win64; x64) AppleWebKit/537.36 (KHTML, like Gecko) Chrome/92.0.4515.107 Safari/537.36"
114.119.143.214 - - [03/Aug/2021:13:15:07 +0000] "GET /how-to-register.html HTTP/1.1" 404 218 "-" "Mozilla/5.0 (Linux; Android 7.0;) AppleWebKit/537.36 (KHTML, like Gecko) Mobile Safari/537.36 (compatible; PetalBot;+https://webmaster.petalsearch.com/site/petalbot)"
66.249.66.24 - - [03/Aug/2021:13:15:17 +0000] "GET /ctet-coaching.html HTTP/1.1" 404 216 "-" "Mozilla/5.0 (Linux; Android 6.0.1; Nexus 5X Build/MMB29P) AppleWebKit/537.36 (KHTML, like Gecko) Chrome/92.0.4515.119 Mobile Safari/537.36 (compatible; Googlebot/2.1; +http://www.google.com/bot.html)"
157.55.39.65 - - [03/Aug/2021:13:17:57 +0000] "GET /updates/ibps-cwe-po-mt-v-recruitment-notification/ HTTP/1.1" 404 248 "-" "Mozilla/5.0 (compatible; bingbot/2.0; +http://www.bing.com/bingbot.htm)"
66.249.66.84 - - [03/Aug/2021:13:19:50 +0000] "GET / HTTP/1.1" 403 209 "-" "Mozilla/5.0 (Linux; Android 6.0.1; Nexus 5X Build/MMB29P) AppleWebKit/537.36 (KHTML, like Gecko) Chrome/92.0.4515.119 Mobile Safari/537.36 (compatible; Googlebot/2.1; +http://www.google.com/bot.html)"
106.206.184.95 - - [03/Aug/2021:13:20:10 +0000] "-" 408 - "-" "-"
106.206.184.95 - - [03/Aug/2021:13:20:10 +0000] "-" 408 - "-" "-"
106.13.224.148 - - [03/Aug/2021:13:20:42 +0000] "POST //wp-content/plugins/wp-db-ajax-made/1208.php HTTP/1.1" 404 241 "http://misc.yahoo.com.cn/" "Mozilla/5.0 (compatible; Yahoo! Slurp China; http://misc.yahoo.com.cn/help.html)"
106.13.224.148 - - [03/Aug/2021:13:20:42 +0000] "POST //wp-content/plugins/wp-db-ajax-made/1208.php HTTP/1.1" 404 241 "http://misc.yahoo.com.cn/" "Mozilla/5.0 (compatible; Yahoo! Slurp China; http://misc.yahoo.com.cn/help.html)"
182.69.22.82 - - [03/Aug/2021:13:21:19 +0000] "-" 408 - "-" "-"
114.119.131.2 - - [03/Aug/2021:13:21:49 +0000] "GET /Am-I-eligible-for-IBPS-Specialist-Officer-Exams.html HTTP/1.1" 404 250 "-" "Mozilla/5.0 (Linux; Android 7.0;) AppleWebKit/537.36 (KHTML, like Gecko) Mobile Safari/537.36 (compatible; PetalBot;+https://webmaster.petalsearch.com/site/petalbot)"
103.95.120.218 - - [03/Aug/2021:13:23:01 +0000] "-" 408 - "-" "-"
157.47.212.108 - - [03/Aug/2021:13:25:50 +0000] "GET /nda-faq.html HTTP/1.1" 404 210 "http://www.google.com/" "Mozilla/5.0 (Linux; Android 7.0; Redmi Note 4) AppleWebKit/537.36 (KHTML, like Gecko) Chrome/85.0.4183.81 Mobile Safari/537.36"
157.47.212.108 - - [03/Aug/2021:13:25:50 +0000] "GET /favicon.ico HTTP/1.1" 404 209 "http://aimnachieve.com/nda-faq.html" "Mozilla/5.0 (Linux; Android 7.0; Redmi Note 4) AppleWebKit/537.36 (KHTML, like Gecko) Chrome/85.0.4183.81 Mobile Safari/537.36"
171.79.181.149 - - [03/Aug/2021:13:27:05 +0000] "-" 408 - "-" "-"
152.57.219.237 - - [03/Aug/2021:13:28:24 +0000] "-" 408 - "-" "-"
114.119.131.2 - - [03/Aug/2021:13:28:42 +0000] "GET /updates/canara-bank-pgdbf-po-2018-19-online-exam-result-out/ HTTP/1.1" 404 258 "-" "Mozilla/5.0 (Linux; Android 7.0;) AppleWebKit/537.36 (KHTML, like Gecko) Mobile Safari/537.36 (compatible; PetalBot;+https://webmaster.petalsearch.com/site/petalbot)"
54.173.200.31 - - [03/Aug/2021:13:29:43 +0000] "GET /ads.txt HTTP/1.1" 404 205 "-" "AdsTxtCrawler/1.0.2"
157.55.39.64 - - [03/Aug/2021:13:32:38 +0000] "GET /railway-exams-coaching.html HTTP/1.1" 404 225 "-" "Mozilla/5.0 (compatible; bingbot/2.0; +http://www.bing.com/bingbot.htm)"
171.79.189.255 - - [03/Aug/2021:13:33:11 +0000] "-" 408 - "-" "-"
171.79.189.255 - - [03/Aug/2021:13:33:11 +0000] "-" 408 - "-" "-"
157.38.255.149 - - [03/Aug/2021:13:33:32 +0000] "-" 408 - "-" "-"
66.249.66.20 - - [03/Aug/2021:13:34:23 +0000] "GET /updates/conquer-gk-your-weekly-gk-quiz-9-16-april-2017/ HTTP/1.1" 404 253 "-" "Mozilla/5.0 (Linux; Android 6.0.1; Nexus 5X Build/MMB29P) AppleWebKit/537.36 (KHTML, like Gecko) Chrome/92.0.4515.119 Mobile Safari/537.36 (compatible; Googlebot/2.1; +http://www.google.com/bot.html)"
114.119.160.195 - - [03/Aug/2021:13:35:35 +0000] "GET /updates/daily-current-affairs-21st-may-2018/ HTTP/1.1" 404 242 "-" "Mozilla/5.0 (Linux; Android 7.0;) AppleWebKit/537.36 (KHTML, like Gecko) Mobile Safari/537.36 (compatible; PetalBot;+https://webmaster.petalsearch.com/site/petalbot)"
47.9.126.201 - - [03/Aug/2021:13:36:57 +0000] "-" 408 - "-" "-"
47.9.126.201 - - [03/Aug/2021:13:36:57 +0000] "-" 408 - "-" "-"
106.207.250.88 - - [03/Aug/2021:13:38:34 +0000] "GET /updates/wp-content/uploads/2018/09/NDA-II-2018-Math-Question-Paper-Code-A.pdf HTTP/1.1" 404 275 "-" "Mozilla/5.0 (iPhone; CPU iPhone OS 12_5_4 like Mac OS X) AppleWebKit/605.1.15 (KHTML, like Gecko) Version/12.1.2 Mobile/15E148 Safari/604.1"
106.207.250.88 - - [03/Aug/2021:13:38:34 +0000] "GET /apple-touch-icon-120x120-precomposed.png HTTP/1.1" 404 238 "-" "MobileSafari/604.1 CFNetwork/978.0.7 Darwin/18.7.0"
106.207.250.88 - - [03/Aug/2021:13:38:34 +0000] "GET /apple-touch-icon-120x120.png HTTP/1.1" 404 226 "-" "MobileSafari/604.1 CFNetwork/978.0.7 Darwin/18.7.0"
106.207.250.88 - - [03/Aug/2021:13:38:34 +0000] "GET /apple-touch-icon-precomposed.png HTTP/1.1" 404 230 "-" "MobileSafari/604.1 CFNetwork/978.0.7 Darwin/18.7.0"
106.207.250.88 - - [03/Aug/2021:13:38:34 +0000] "GET /apple-touch-icon.png HTTP/1.1" 404 218 "-" "MobileSafari/604.1 CFNetwork/978.0.7 Darwin/18.7.0"
106.207.250.88 - - [03/Aug/2021:13:38:35 +0000] "GET /favicon.ico HTTP/1.1" 404 209 "-" "MobileSafari/604.1 CFNetwork/978.0.7 Darwin/18.7.0"
106.207.250.88 - - [03/Aug/2021:13:38:35 +0000] "GET /apple-touch-icon-120x120-precomposed.png HTTP/1.1" 404 238 "-" "MobileSafari/604.1 CFNetwork/978.0.7 Darwin/18.7.0"
106.207.250.88 - - [03/Aug/2021:13:38:35 +0000] "GET /apple-touch-icon-120x120.png HTTP/1.1" 404 226 "-" "MobileSafari/604.1 CFNetwork/978.0.7 Darwin/18.7.0"
106.207.250.88 - - [03/Aug/2021:13:38:35 +0000] "GET /apple-touch-icon-precomposed.png HTTP/1.1" 404 230 "-" "MobileSafari/604.1 CFNetwork/978.0.7 Darwin/18.7.0"
106.207.250.88 - - [03/Aug/2021:13:38:35 +0000] "GET /apple-touch-icon.png HTTP/1.1" 404 218 "-" "MobileSafari/604.1 CFNetwork/978.0.7 Darwin/18.7.0"
106.207.250.88 - - [03/Aug/2021:13:38:35 +0000] "GET /favicon.ico HTTP/1.1" 404 209 "-" "MobileSafari/604.1 CFNetwork/978.0.7 Darwin/18.7.0"
115.97.155.80 - - [03/Aug/2021:13:39:19 +0000] "-" 408 - "-" "-"
157.37.139.6 - - [03/Aug/2021:13:41:39 +0000] "GET / HTTP/1.1" 403 209 "-" "Mozilla/5.0 (Windows NT 6.1) AppleWebKit/537.36 (KHTML, like Gecko) Chrome/92.0.4515.107 Safari/537.36"
157.37.139.6 - - [03/Aug/2021:13:41:40 +0000] "GET /favicon.ico HTTP/1.1" 404 209 "https://digitalskart.com/" "Mozilla/5.0 (Windows NT 6.1) AppleWebKit/537.36 (KHTML, like Gecko) Chrome/92.0.4515.107 Safari/537.36"
114.119.150.210 - - [03/Aug/2021:13:42:26 +0000] "GET /updates/daily-current-affairs-23rd-april-2017 HTTP/1.1" 404 243 "-" "Mozilla/5.0 (Linux; Android 7.0;) AppleWebKit/537.36 (KHTML, like Gecko) Mobile Safari/537.36 (compatible; PetalBot;+https://webmaster.petalsearch.com/site/petalbot)"
114.119.131.2 - - [03/Aug/2021:13:49:22 +0000] "GET /how-to-crack-cds.html HTTP/1.1" 404 219 "-" "Mozilla/5.0 (Linux; Android 7.0;) AppleWebKit/537.36 (KHTML, like Gecko) Mobile Safari/537.36 (compatible; PetalBot;+https://webmaster.petalsearch.com/site/petalbot)"
49.36.191.54 - - [03/Aug/2021:13:50:06 +0000] "GET /CTET-Coaching.html HTTP/1.1" 404 216 "-" "Mozilla/5.0 (Windows NT 10.0; Win64; x64) AppleWebKit/537.36 (KHTML, like Gecko) Chrome/92.0.4515.107 Safari/537.36"
49.36.191.54 - - [03/Aug/2021:13:50:07 +0000] "GET /favicon.ico HTTP/1.1" 404 209 "http://aimnachieve.com/CTET-Coaching.html" "Mozilla/5.0 (Windows NT 10.0; Win64; x64) AppleWebKit/537.36 (KHTML, like Gecko) Chrome/92.0.4515.107 Safari/537.36"
207.46.13.30 - - [03/Aug/2021:13:51:05 +0000] "GET /updates/tag/rrb-examination-fee/ HTTP/1.1" 404 230 "-" "Mozilla/5.0 (compatible; bingbot/2.0; +http://www.bing.com/bingbot.htm)"
40.77.167.19 - - [03/Aug/2021:13:51:41 +0000] "GET /nda.html HTTP/1.1" 404 206 "-" "Mozilla/5.0 (compatible; bingbot/2.0; +http://www.bing.com/bingbot.htm)"
172.69.68.146 - - [03/Aug/2021:13:53:47 +0000] "GET /robots.txt HTTP/1.1" 404 208 "-" "Mozilla/5.0 (compatible; Googlebot/2.1; +http://www.google.com/bot.html)"
172.69.70.186 - - [03/Aug/2021:13:53:48 +0000] "GET /product-tag/adjustable-wrench HTTP/1.1" 404 227 "-" "Mozilla/5.0 (Linux; Android 6.0.1; Nexus 5X Build/MMB29P) AppleWebKit/537.36 (KHTML, like Gecko) Chrome/92.0.4515.119 Mobile Safari/537.36 (compatible; Googlebot/2.1; +http://www.google.com/bot.html)"
193.118.53.202 - - [03/Aug/2021:13:54:27 +0000] "GET / HTTP/1.1" 403 209 "-" "Mozilla/5.0 (Windows NT 10.0; Win64; x64) AppleWebKit/537.36 (KHTML, like Gecko) Chrome/60.0.3112.113 Safari/537.36"
157.32.16.87 - - [03/Aug/2021:13:54:30 +0000] "-" 408 - "-" "-"
114.119.160.248 - - [03/Aug/2021:13:56:33 +0000] "GET /updates/daily-current-affairs-4th-may-2018 HTTP/1.1" 404 240 "-" "Mozilla/5.0 (Linux; Android 7.0;) AppleWebKit/537.36 (KHTML, like Gecko) Mobile Safari/537.36 (compatible; PetalBot;+https://webmaster.petalsearch.com/site/petalbot)"
5.255.253.155 - - [03/Aug/2021:13:59:46 +0000] "GET /robots.txt HTTP/1.1" 404 208 "-" "Mozilla/5.0 (compatible; YandexBot/3.0; +http://yandex.com/bots)"
141.8.142.85 - - [03/Aug/2021:13:59:50 +0000] "GET / HTTP/1.1" 403 209 "-" "Mozilla/5.0 (compatible; YandexBot/3.0; +http://yandex.com/bots)"
66.249.66.22 - - [03/Aug/2021:14:01:55 +0000] "GET /updates/wp-content/uploads/2017/04/NDA-I-2017-Solutions-Upcoming.pdf HTTP/1.1" 404 266 "-" "Mozilla/5.0 (Linux; Android 6.0.1; Nexus 5X Build/MMB29P) AppleWebKit/537.36 (KHTML, like Gecko) Chrome/92.0.4515.119 Mobile Safari/537.36 (compatible; Googlebot/2.1; +http://www.google.com/bot.html)"
114.119.134.232 - - [03/Aug/2021:14:03:27 +0000] "GET /updates/tag/cds-2020-english-solutions HTTP/1.1" 404 236 "-" "Mozilla/5.0 (Linux; Android 7.0;) AppleWebKit/537.36 (KHTML, like Gecko) Mobile Safari/537.36 (compatible; PetalBot;+https://webmaster.petalsearch.com/site/petalbot)"
211.249.246.198 - - [03/Aug/2021:14:03:47 +0000] "GET /robots.txt HTTP/1.1" 404 208 "-" "Mozilla/5.0 (compatible; Daum/4.1; +http://cs.daum.net/faq/15/4118.html?faqId=28966)"
211.249.246.198 - - [03/Aug/2021:14:03:47 +0000] "GET /test-series-for-nda.html HTTP/1.1" 404 222 "-" "Mozilla/5.0 (compatible; Daum/4.1; +http://cs.daum.net/faq/15/4118.html?faqId=28966)"
211.249.246.198 - - [03/Aug/2021:14:03:53 +0000] "GET /updates/wp-content/uploads/2019/11/NDA-II-2019-GAT-Question-Paper-Code-D.pdf HTTP/1.1" 404 274 "-" "Mozilla/5.0 (compatible; Daum/4.1; +http://cs.daum.net/faq/15/4118.html?faqId=28966)"
211.249.246.198 - - [03/Aug/2021:14:04:05 +0000] "GET /test-series-for-nda.html HTTP/1.1" 404 222 "-" "Mozilla/5.0 (compatible; Daum/4.1; +http://cs.daum.net/faq/15/4118.html?faqId=28966)"
211.249.246.198 - - [03/Aug/2021:14:04:10 +0000] "GET /updates/wp-content/uploads/2019/11/NDA-II-2019-GAT-Question-Paper-Code-D.pdf HTTP/1.1" 404 274 "-" "Mozilla/5.0 (compatible; Daum/4.1; +http://cs.daum.net/faq/15/4118.html?faqId=28966)"
211.249.246.198 - - [03/Aug/2021:14:04:21 +0000] "GET /test-series-for-nda.html HTTP/1.1" 404 222 "-" "Mozilla/5.0 (compatible; Daum/4.1; +http://cs.daum.net/faq/15/4118.html?faqId=28966)"
211.249.246.198 - - [03/Aug/2021:14:04:27 +0000] "GET /updates/wp-content/uploads/2019/11/NDA-II-2019-GAT-Question-Paper-Code-D.pdf HTTP/1.1" 404 274 "-" "Mozilla/5.0 (compatible; Daum/4.1; +http://cs.daum.net/faq/15/4118.html?faqId=28966)"
211.249.246.198 - - [03/Aug/2021:14:04:38 +0000] "GET /test-series-for-nda.html HTTP/1.1" 404 222 "-" "Mozilla/5.0 (compatible; Daum/4.1; +http://cs.daum.net/faq/15/4118.html?faqId=28966)"
211.249.246.198 - - [03/Aug/2021:14:04:43 +0000] "GET /updates/wp-content/uploads/2019/11/NDA-II-2019-GAT-Question-Paper-Code-D.pdf HTTP/1.1" 404 274 "-" "Mozilla/5.0 (compatible; Daum/4.1; +http://cs.daum.net/faq/15/4118.html?faqId=28966)"
211.249.246.198 - - [03/Aug/2021:14:04:55 +0000] "GET /test-series-for-nda.html HTTP/1.1" 404 222 "-" "Mozilla/5.0 (compatible; Daum/4.1; +http://cs.daum.net/faq/15/4118.html?faqId=28966)"
211.249.246.198 - - [03/Aug/2021:14:05:00 +0000] "GET /updates/wp-content/uploads/2019/11/NDA-II-2019-GAT-Question-Paper-Code-D.pdf HTTP/1.1" 404 274 "-" "Mozilla/5.0 (compatible; Daum/4.1; +http://cs.daum.net/faq/15/4118.html?faqId=28966)"
211.249.246.198 - - [03/Aug/2021:14:05:11 +0000] "GET /test-series-for-nda.html HTTP/1.1" 404 222 "-" "Mozilla/5.0 (compatible; Daum/4.1; +http://cs.daum.net/faq/15/4118.html?faqId=28966)"
211.249.246.198 - - [03/Aug/2021:14:05:16 +0000] "GET /updates/wp-content/uploads/2019/11/NDA-II-2019-GAT-Question-Paper-Code-D.pdf HTTP/1.1" 404 274 "-" "Mozilla/5.0 (compatible; Daum/4.1; +http://cs.daum.net/faq/15/4118.html?faqId=28966)"
211.249.246.198 - - [03/Aug/2021:14:05:27 +0000] "GET /test-series-for-nda.html HTTP/1.1" 404 222 "-" "Mozilla/5.0 (compatible; Daum/4.1; +http://cs.daum.net/faq/15/4118.html?faqId=28966)"
211.249.246.198 - - [03/Aug/2021:14:05:44 +0000] "GET /test-series-for-nda.html HTTP/1.1" 404 222 "-" "Mozilla/5.0 (compatible; Daum/4.1; +http://cs.daum.net/faq/15/4118.html?faqId=28966)"
211.249.246.198 - - [03/Aug/2021:14:05:50 +0000] "GET /updates/wp-content/uploads/2019/11/NDA-II-2019-GAT-Question-Paper-Code-D.pdf HTTP/1.1" 404 274 "-" "Mozilla/5.0 (compatible; Daum/4.1; +http://cs.daum.net/faq/15/4118.html?faqId=28966)"
157.55.39.65 - - [03/Aug/2021:14:09:41 +0000] "GET /updates/daily-current-affairs-31st-august-2017/ HTTP/1.1" 404 245 "-" "Mozilla/5.0 (compatible; bingbot/2.0; +http://www.bing.com/bingbot.htm)"
66.249.66.22 - - [03/Aug/2021:14:10:32 +0000] "GET /sbi-bank-clerk-coaching.html HTTP/1.1" 404 226 "-" "Mozilla/5.0 (Linux; Android 6.0.1; Nexus 5X Build/MMB29P) AppleWebKit/537.36 (KHTML, like Gecko) Chrome/92.0.4515.119 Mobile Safari/537.36 (compatible; Googlebot/2.1; +http://www.google.com/bot.html)"
114.119.160.195 - - [03/Aug/2021:14:10:42 +0000] "GET /clat-notification.html HTTP/1.1" 404 220 "-" "Mozilla/5.0 (Linux; Android 7.0;) AppleWebKit/537.36 (KHTML, like Gecko) Mobile Safari/537.36 (compatible; PetalBot;+https://webmaster.petalsearch.com/site/petalbot)"
40.77.167.30 - - [03/Aug/2021:14:15:52 +0000] "GET /updates/daily-current-affairs-8th-february-2018/ HTTP/1.1" 404 246 "-" "Mozilla/5.0 (compatible; bingbot/2.0; +http://www.bing.com/bingbot.htm)"
114.119.131.2 - - [03/Aug/2021:14:17:30 +0000] "GET /updates/daily-current-affairs-22nd-september-2017/ HTTP/1.1" 404 248 "-" "Mozilla/5.0 (Linux; Android 7.0;) AppleWebKit/537.36 (KHTML, like Gecko) Mobile Safari/537.36 (compatible; PetalBot;+https://webmaster.petalsearch.com/site/petalbot)"
106.13.224.148 - - [03/Aug/2021:14:17:58 +0000] "POST //wp-content/plugins/wp-db-backup-made/login.php?login=cmd HTTP/1.1" 404 244 "http://misc.yahoo.com.cn/" "Mozilla/5.0 (compatible; Yahoo! Slurp China; http://misc.yahoo.com.cn/help.html)"
106.13.224.148 - - [03/Aug/2021:14:17:58 +0000] "POST //wp-content/plugins/wp-db-backup-made/login.php?login=cmd HTTP/1.1" 404 244 "http://misc.yahoo.com.cn/" "Mozilla/5.0 (compatible; Yahoo! Slurp China; http://misc.yahoo.com.cn/help.html)"
40.77.167.19 - - [03/Aug/2021:14:22:52 +0000] "GET /updates/ssc-cgle-2017-tier-i-exam-date-changed/ HTTP/1.1" 404 245 "-" "Mozilla/5.0 (compatible; bingbot/2.0; +http://www.bing.com/bingbot.htm)"
114.119.131.2 - - [03/Aug/2021:14:24:44 +0000] "GET /updates/ibps-cwe-so-vii-prelims-marks-out HTTP/1.1" 404 239 "-" "Mozilla/5.0 (Linux; Android 7.0;) AppleWebKit/537.36 (KHTML, like Gecko) Mobile Safari/537.36 (compatible; PetalBot;+https://webmaster.petalsearch.com/site/petalbot)"
13.66.139.0 - - [03/Aug/2021:14:25:19 +0000] "GET /updates/sbi-po-2017-exam-final-result-out/ HTTP/1.1" 404 240 "-" "Mozilla/5.0 (compatible; bingbot/2.0; +http://www.bing.com/bingbot.htm)"
207.46.13.30 - - [03/Aug/2021:14:25:30 +0000] "GET /updates/ibps-specialist-officer-phase-v-recruitment/ HTTP/1.1" 404 250 "-" "Mozilla/5.0 (compatible; bingbot/2.0; +http://www.bing.com/bingbot.htm)"
223.187.204.246 - - [03/Aug/2021:14:25:37 +0000] "-" 408 - "-" "-"
66.249.66.72 - - [03/Aug/2021:14:26:18 +0000] "GET /robots.txt HTTP/1.1" 404 208 "-" "Mozilla/5.0 (compatible; Googlebot/2.1; +http://www.google.com/bot.html)"
66.249.66.72 - - [03/Aug/2021:14:26:18 +0000] "GET /ssc-stenographer.html HTTP/1.1" 404 219 "-" "Mozilla/5.0 (Linux; Android 6.0.1; Nexus 5X Build/MMB29P) AppleWebKit/537.36 (KHTML, like Gecko) Chrome/92.0.4515.119 Mobile Safari/537.36 (compatible; Googlebot/2.1; +http://www.google.com/bot.html)"
114.119.160.195 - - [03/Aug/2021:14:31:29 +0000] "GET /updates/tag/upsc-nda-1-2020/ HTTP/1.1" 404 226 "-" "Mozilla/5.0 (Linux; Android 7.0;) AppleWebKit/537.36 (KHTML, like Gecko) Mobile Safari/537.36 (compatible; PetalBot;+https://webmaster.petalsearch.com/site/petalbot)"
66.249.66.74 - - [03/Aug/2021:14:32:35 +0000] "GET /Indian-Banking-Scenario.html HTTP/1.1" 404 226 "-" "Mozilla/5.0 (Linux; Android 6.0.1; Nexus 5X Build/MMB29P) AppleWebKit/537.36 (KHTML, like Gecko) Chrome/92.0.4515.119 Mobile Safari/537.36 (compatible; Googlebot/2.1; +http://www.google.com/bot.html)"
66.249.66.23 - - [03/Aug/2021:14:32:54 +0000] "GET /test-series-for-bank.html HTTP/1.1" 404 223 "-" "Mozilla/5.0 (Linux; Android 6.0.1; Nexus 5X Build/MMB29P) AppleWebKit/537.36 (KHTML, like Gecko) Chrome/92.0.4515.119 Mobile Safari/537.36 (compatible; Googlebot/2.1; +http://www.google.com/bot.html)"
223.187.204.246 - - [03/Aug/2021:14:33:05 +0000] "-" 408 - "-" "-"
76.72.172.170 - - [03/Aug/2021:14:35:36 +0000] "\n" 400 226 "-" "-"
43.129.239.160 - - [03/Aug/2021:14:43:36 +0000] "GET / HTTP/1.1" 403 209 "-" "Mozilla/5.0 (Windows NT 10.0; WOW64) AppleWebKit/537.36 (KHTML, like Gecko) Chrome/49.0.2623.221 Safari/537.36"
114.119.150.210 - - [03/Aug/2021:14:45:47 +0000] "GET /updates/daily-current-affairs-12th-february-2017/ HTTP/1.1" 404 247 "-" "Mozilla/5.0 (Linux; Android 7.0;) AppleWebKit/537.36 (KHTML, like Gecko) Mobile Safari/537.36 (compatible; PetalBot;+https://webmaster.petalsearch.com/site/petalbot)"
117.234.125.64 - - [03/Aug/2021:14:48:03 +0000] "-" 408 - "-" "-"
117.234.125.64 - - [03/Aug/2021:14:48:03 +0000] "-" 408 - "-" "-"
66.249.66.25 - - [03/Aug/2021:14:48:19 +0000] "GET / HTTP/1.1" 403 209 "-" "Mozilla/5.0 (Linux; Android 6.0.1; Nexus 5X Build/MMB29P) AppleWebKit/537.36 (KHTML, like Gecko) Chrome/92.0.4515.119 Mobile Safari/537.36 (compatible; Googlebot/2.1; +http://www.google.com/bot.html)"
40.77.167.19 - - [03/Aug/2021:14:51:17 +0000] "GET /nda.html HTTP/1.1" 404 206 "-" "Mozilla/5.0 (compatible; bingbot/2.0; +http://www.bing.com/bingbot.htm)"
114.119.134.232 - - [03/Aug/2021:14:52:48 +0000] "GET /updates/daily-current-affairs-29th-april-2017 HTTP/1.1" 404 243 "-" "Mozilla/5.0 (Linux; Android 7.0;) AppleWebKit/537.36 (KHTML, like Gecko) Mobile Safari/537.36 (compatible; PetalBot;+https://webmaster.petalsearch.com/site/petalbot)"
66.249.66.83 - - [03/Aug/2021:14:53:28 +0000] "GET /nda-previous-year-question-papers.html HTTP/1.1" 404 236 "-" "Mozilla/5.0 (Linux; Android 6.0.1; Nexus 5X Build/MMB29P) AppleWebKit/537.36 (KHTML, like Gecko) Chrome/92.0.4515.119 Mobile Safari/537.36 (compatible; Googlebot/2.1; +http://www.google.com/bot.html)"
114.119.134.232 - - [03/Aug/2021:14:59:54 +0000] "GET /updates/ibps-cwe-po-mt-vii-marks-of-candidates-shortlisted-for-interviews-out HTTP/1.1" 404 275 "-" "Mozilla/5.0 (Linux; Android 7.0;) AppleWebKit/537.36 (KHTML, like Gecko) Mobile Safari/537.36 (compatible; PetalBot;+https://webmaster.petalsearch.com/site/petalbot)"
1.39.78.122 - - [03/Aug/2021:15:04:54 +0000] "-" 408 - "-" "-"
95.163.255.177 - - [03/Aug/2021:15:08:05 +0000] "GET /robots.txt HTTP/1.0" 404 208 "-" "Mozilla/5.0 (compatible; Linux x86_64; Mail.RU_Bot/2.0; +http://go.mail.ru/help/robots)"
95.163.255.192 - - [03/Aug/2021:15:08:06 +0000] "GET /afcat.html HTTP/1.1" 404 208 "-" "Mozilla/5.0 (compatible; Linux x86_64; Mail.RU_Bot/2.0; +http://go.mail.ru/help/robots)"
1.39.78.122 - - [03/Aug/2021:15:09:01 +0000] "-" 408 - "-" "-"
1.39.78.122 - - [03/Aug/2021:15:09:01 +0000] "-" 408 - "-" "-"
91.242.162.37 - - [03/Aug/2021:15:09:35 +0000] "GET /robots.txt HTTP/1.1" 404 208 "-" "Mozilla/5.0 (compatible; Qwantify/2.4w; +https://www.qwant.com/)"
91.242.162.37 - - [03/Aug/2021:15:09:36 +0000] "GET /updates/daily-current-affairs-7th-february-2018/ HTTP/1.1" 404 246 "-" "Mozilla/5.0 (compatible; Qwantify/2.4w; +https://www.qwant.com/)"
157.34.255.166 - - [03/Aug/2021:15:09:54 +0000] "-" 408 - "-" "-"
157.34.255.166 - - [03/Aug/2021:15:09:55 +0000] "-" 408 - "-" "-"
157.55.39.65 - - [03/Aug/2021:15:09:57 +0000] "GET /updates/ssc-cgle-tier-iii-2016-exam-date-time-out/ HTTP/1.1" 404 248 "-" "Mozilla/5.0 (compatible; bingbot/2.0; +http://www.bing.com/bingbot.htm)"
185.163.109.66 - - [03/Aug/2021:15:13:53 +0000] "GET / HTTP/1.1" 403 209 "-" "Mozilla/5.0 (X11; Linux x86_64) AppleWebKit/537.36 (KHTML, like Gecko) Chrome/34.0.1847.137 Safari/537.36"
185.163.109.66 - - [03/Aug/2021:15:14:08 +0000] "\n" 400 226 "-" "-"
185.163.109.66 - - [03/Aug/2021:15:14:09 +0000] "\n" 400 226 "-" "-"
185.163.109.66 - - [03/Aug/2021:15:14:13 +0000] "quit\n" 400 226 "-" "-"
185.163.109.66 - - [03/Aug/2021:15:14:13 +0000] "GET /robots.txt HTTP/1.1" 404 208 "-" "-"
185.163.109.66 - - [03/Aug/2021:15:14:14 +0000] "GET /sitemap.xml HTTP/1.1" 404 209 "-" "-"
185.163.109.66 - - [03/Aug/2021:15:14:15 +0000] "GET /.well-known/security.txt HTTP/1.1" 404 222 "-" "-"
185.163.109.66 - - [03/Aug/2021:15:14:16 +0000] "GET /favicon.ico HTTP/1.1" 404 209 "-" "Mozilla/5.0 (Macintosh; Intel Mac OS X 10.15; rv:80.0) Gecko/20100101 Firefox/80.0"
106.13.224.148 - - [03/Aug/2021:15:17:03 +0000] "POST //wp-content/test.php HTTP/1.1" 404 217 "http://misc.yahoo.com.cn/" "Mozilla/5.0 (compatible; Yahoo! Slurp China; http://misc.yahoo.com.cn/help.html)"
106.13.224.148 - - [03/Aug/2021:15:17:03 +0000] "POST //wp-content/test.php HTTP/1.1" 408 221 "http://misc.yahoo.com.cn/" "Mozilla/5.0 (compatible; Yahoo! Slurp China; http://misc.yahoo.com.cn/help.html)"
157.37.139.6 - - [03/Aug/2021:15:18:12 +0000] "GET /index.php?route=common/home HTTP/1.1" 404 207 "https://digitalskart.com/index.php?route=information/contact" "Mozilla/5.0 (Windows NT 6.1) AppleWebKit/537.36 (KHTML, like Gecko) Chrome/92.0.4515.107 Safari/537.36"
91.242.162.37 - - [03/Aug/2021:15:18:18 +0000] "GET /robots.txt HTTP/1.1" 404 208 "-" "Mozilla/5.0 (compatible; Qwantify/2.4w; +https://www.qwant.com/)"
91.242.162.37 - - [03/Aug/2021:15:18:19 +0000] "GET /updates/ssc-cgl-exam-2016-notification/ HTTP/1.1" 404 237 "-" "Mozilla/5.0 (compatible; Qwantify/2.4w; +https://www.qwant.com/)"
34.79.68.246 - - [03/Aug/2021:15:18:40 +0000] "GET / HTTP/1.1" 403 209 "-" "python-requests/2.26.0"
115.97.155.80 - - [03/Aug/2021:15:18:48 +0000] "-" 408 - "-" "-"
114.119.136.155 - - [03/Aug/2021:15:20:52 +0000] "GET /updates/tag/ssc-cgl-2017-exam-dates HTTP/1.1" 404 233 "-" "Mozilla/5.0 (Linux; Android 7.0;) AppleWebKit/537.36 (KHTML, like Gecko) Mobile Safari/537.36 (compatible; PetalBot;+https://webmaster.petalsearch.com/site/petalbot)"
141.226.36.77 - - [03/Aug/2021:15:23:26 +0000] "GET / HTTP/1.1" 403 209 "-" "Chrome"
141.226.36.77 - - [03/Aug/2021:15:23:27 +0000] "GET / HTTP/1.1" 403 209 "-" "Chrome"
141.226.36.77 - - [03/Aug/2021:15:23:29 +0000] "GET https://www.aimnachieve.com HTTP/1.1" 403 209 "-" "Chrome"
141.226.36.77 - - [03/Aug/2021:15:23:29 +0000] "GET https://www.aimnachieve.com HTTP/1.1" 403 209 "-" "Chrome"
141.226.36.77 - - [03/Aug/2021:15:23:32 +0000] "GET https://www.aimnachieve.com HTTP/1.1" 403 209 "-" "Chrome"
141.226.36.77 - - [03/Aug/2021:15:23:32 +0000] "GET https://www.aimnachieve.com HTTP/1.1" 403 209 "-" "Chrome"
91.242.162.37 - - [03/Aug/2021:15:23:40 +0000] "GET /updates/ibps-cwe-clerk-vii-notification-out/ HTTP/1.1" 404 242 "-" "Mozilla/5.0 (compatible; Qwantify/2.4w; +https://www.qwant.com/)"
91.242.162.37 - - [03/Aug/2021:15:24:41 +0000] "GET /updates/tag/nda-marks-distribution/ HTTP/1.1" 404 233 "-" "Mozilla/5.0 (compatible; Qwantify/2.4w; +https://www.qwant.com/)"
91.242.162.37 - - [03/Aug/2021:15:24:52 +0000] "GET /updates/united-india-insurance-recruitment-2015/ HTTP/1.1" 404 246 "-" "Mozilla/5.0 (compatible; Qwantify/2.4w; +https://www.qwant.com/)"
157.38.246.163 - - [03/Aug/2021:15:27:20 +0000] "-" 408 - "-" "-"
114.119.143.214 - - [03/Aug/2021:15:27:45 +0000] "GET /updates/tag/study-plan-for-ctet HTTP/1.1" 404 229 "-" "Mozilla/5.0 (Linux; Android 7.0;) AppleWebKit/537.36 (KHTML, like Gecko) Mobile Safari/537.36 (compatible; PetalBot;+https://webmaster.petalsearch.com/site/petalbot)"
66.249.66.23 - - [03/Aug/2021:15:27:55 +0000] "GET /ibps.html HTTP/1.1" 404 207 "-" "Mozilla/5.0 (Linux; Android 6.0.1; Nexus 5X Build/MMB29P) AppleWebKit/537.36 (KHTML, like Gecko) Chrome/92.0.4515.119 Mobile Safari/537.36 (compatible; Googlebot/2.1; +http://www.google.com/bot.html)"
