106.207.190.86 - - [31/Jul/2021:09:22:39 +0000] "-" 408 - "-" "-"
66.249.66.72 - - [31/Jul/2021:09:22:39 +0000] "GET / HTTP/1.1" 403 209 "-" "Mozilla/5.0 (compatible; Googlebot/2.1; +http://www.google.com/bot.html)"
106.207.190.86 - - [31/Jul/2021:09:23:06 +0000] "-" 408 - "-" "-"
106.207.190.86 - - [31/Jul/2021:09:23:06 +0000] "-" 408 - "-" "-"
106.207.190.86 - - [31/Jul/2021:09:23:06 +0000] "-" 408 - "-" "-"
106.207.190.86 - - [31/Jul/2021:09:23:06 +0000] "-" 408 - "-" "-"
223.238.206.124 - - [31/Jul/2021:09:23:25 +0000] "-" 408 - "-" "-"
223.238.206.124 - - [31/Jul/2021:09:23:25 +0000] "-" 408 - "-" "-"
223.238.206.124 - - [31/Jul/2021:09:23:25 +0000] "-" 408 - "-" "-"
40.77.167.74 - - [31/Jul/2021:09:23:37 +0000] "GET /images/logo.jpg HTTP/1.1" 404 213 "-" "Mozilla/5.0 (compatible; bingbot/2.0; +http://www.bing.com/bingbot.htm)"
157.55.39.65 - - [31/Jul/2021:09:24:34 +0000] "GET /updates/tag/niacl-exam-date/ HTTP/1.1" 404 226 "-" "Mozilla/5.0 (compatible; bingbot/2.0; +http://www.bing.com/bingbot.htm)"
114.119.136.155 - - [31/Jul/2021:09:25:28 +0000] "GET /updates/tag/lic-aao-exam-pattern HTTP/1.1" 404 230 "-" "Mozilla/5.0 (Linux; Android 7.0;) AppleWebKit/537.36 (KHTML, like Gecko) Mobile Safari/537.36 (compatible; PetalBot;+https://webmaster.petalsearch.com/site/petalbot)"
95.90.188.150 - - [31/Jul/2021:09:25:32 +0000] "-" 408 - "-" "-"
20.69.185.4 - - [31/Jul/2021:09:25:54 +0000] "-" 408 - "-" "-"
2.57.122.23 - - [31/Jul/2021:09:27:07 +0000] "GET / HTTP/1.1" 403 209 "-" "Mozilla/5.0 (X11; CrOS x86_64 8172.45.0) AppleWebKit/537.36 (KHTML, like Gecko) Chrome/51.0.2704.64 Safari/537.36"
2.57.122.23 - - [31/Jul/2021:09:27:07 +0000] "GET /favicon.ico HTTP/1.1" 404 209 "-" "Mozilla/5.0 (X11; CrOS x86_64 8172.45.0) AppleWebKit/537.36 (KHTML, like Gecko) Chrome/51.0.2704.64 Safari/537.36"
128.14.134.170 - - [31/Jul/2021:09:27:27 +0000] "GET / HTTP/1.1" 403 209 "-" "Mozilla/5.0 (Windows NT 10.0; Win64; x64) AppleWebKit/537.36 (KHTML, like Gecko) Chrome/60.0.3112.113 Safari/537.36"
157.38.88.70 - - [31/Jul/2021:09:27:49 +0000] "-" 408 - "-" "-"
157.38.88.70 - - [31/Jul/2021:09:27:49 +0000] "-" 408 - "-" "-"
106.207.190.86 - - [31/Jul/2021:09:28:20 +0000] "-" 408 - "-" "-"
106.207.190.86 - - [31/Jul/2021:09:28:20 +0000] "-" 408 - "-" "-"
106.207.190.86 - - [31/Jul/2021:09:28:20 +0000] "-" 408 - "-" "-"
106.207.190.86 - - [31/Jul/2021:09:28:20 +0000] "-" 408 - "-" "-"
106.207.190.86 - - [31/Jul/2021:09:28:20 +0000] "-" 408 - "-" "-"
157.38.88.70 - - [31/Jul/2021:09:28:49 +0000] "-" 408 - "-" "-"
157.38.88.70 - - [31/Jul/2021:09:28:49 +0000] "-" 408 - "-" "-"
157.38.253.194 - - [31/Jul/2021:09:29:22 +0000] "-" 408 - "-" "-"
157.38.88.70 - - [31/Jul/2021:09:29:49 +0000] "-" 408 - "-" "-"
157.38.88.70 - - [31/Jul/2021:09:29:49 +0000] "-" 408 - "-" "-"
157.38.253.194 - - [31/Jul/2021:09:30:28 +0000] "-" 408 - "-" "-"
157.38.253.194 - - [31/Jul/2021:09:30:28 +0000] "-" 408 - "-" "-"
157.38.88.70 - - [31/Jul/2021:09:30:49 +0000] "-" 408 - "-" "-"
157.38.88.70 - - [31/Jul/2021:09:30:49 +0000] "-" 408 - "-" "-"
157.38.88.70 - - [31/Jul/2021:09:31:49 +0000] "-" 408 - "-" "-"
157.38.88.70 - - [31/Jul/2021:09:31:49 +0000] "-" 408 - "-" "-"
157.38.88.70 - - [31/Jul/2021:09:32:49 +0000] "-" 408 - "-" "-"
157.38.88.70 - - [31/Jul/2021:09:32:49 +0000] "-" 408 - "-" "-"
157.38.88.70 - - [31/Jul/2021:09:33:49 +0000] "-" 408 - "-" "-"
157.38.88.70 - - [31/Jul/2021:09:33:49 +0000] "-" 408 - "-" "-"
157.38.253.194 - - [31/Jul/2021:09:34:00 +0000] "-" 408 - "-" "-"
157.38.253.194 - - [31/Jul/2021:09:34:00 +0000] "-" 408 - "-" "-"
114.119.131.2 - - [31/Jul/2021:09:34:16 +0000] "GET /updates/tag/ibps-specialist-officer-phase-v-notification HTTP/1.1" 404 254 "-" "Mozilla/5.0 (Linux; Android 7.0;) AppleWebKit/537.36 (KHTML, like Gecko) Mobile Safari/537.36 (compatible; PetalBot;+https://webmaster.petalsearch.com/site/petalbot)"
157.38.88.70 - - [31/Jul/2021:09:34:49 +0000] "-" 408 - "-" "-"
157.38.88.70 - - [31/Jul/2021:09:34:49 +0000] "-" 408 - "-" "-"
66.249.66.74 - - [31/Jul/2021:09:35:44 +0000] "GET /video-tutorial.html HTTP/1.1" 404 217 "-" "Mozilla/5.0 (Linux; Android 6.0.1; Nexus 5X Build/MMB29P) AppleWebKit/537.36 (KHTML, like Gecko) Chrome/92.0.4515.119 Mobile Safari/537.36 (compatible; Googlebot/2.1; +http://www.google.com/bot.html)"
157.38.88.70 - - [31/Jul/2021:09:35:49 +0000] "-" 408 - "-" "-"
157.38.88.70 - - [31/Jul/2021:09:35:49 +0000] "-" 408 - "-" "-"
157.38.88.70 - - [31/Jul/2021:09:36:37 +0000] "-" 408 - "-" "-"
157.38.88.70 - - [31/Jul/2021:09:36:49 +0000] "-" 408 - "-" "-"
157.38.45.238 - - [31/Jul/2021:09:37:12 +0000] "-" 408 - "-" "-"
157.38.45.238 - - [31/Jul/2021:09:37:12 +0000] "-" 408 - "-" "-"
106.13.238.108 - - [31/Jul/2021:09:37:47 +0000] "POST //uc_server/hxg.php HTTP/1.1" 404 215 "http://misc.yahoo.com.cn/" "Mozilla/5.0 (compatible; Yahoo! Slurp China; http://misc.yahoo.com.cn/help.html)"
106.13.238.108 - - [31/Jul/2021:09:37:47 +0000] "POST //uc_server/hxg.php HTTP/1.1" 404 215 "http://misc.yahoo.com.cn/" "Mozilla/5.0 (compatible; Yahoo! Slurp China; http://misc.yahoo.com.cn/help.html)"
106.13.238.108 - - [31/Jul/2021:09:37:47 +0000] "POST //uc_server/hxg.php HTTP/1.1" 404 215 "http://misc.yahoo.com.cn/" "Mozilla/5.0 (compatible; Yahoo! Slurp China; http://misc.yahoo.com.cn/help.html)"
157.38.88.70 - - [31/Jul/2021:09:37:49 +0000] "-" 408 - "-" "-"
157.38.88.70 - - [31/Jul/2021:09:37:49 +0000] "-" 408 - "-" "-"
157.38.88.70 - - [31/Jul/2021:09:38:49 +0000] "-" 408 - "-" "-"
157.38.88.70 - - [31/Jul/2021:09:38:49 +0000] "-" 408 - "-" "-"
169.149.27.59 - - [31/Jul/2021:09:38:58 +0000] "GET /favicon.ico HTTP/1.1" 404 209 "https://aimnachieve.com/updates/nda-1-2017-paper-analysis/" "Mozilla/5.0 (Linux; Android 9; Redmi 8) AppleWebKit/537.36 (KHTML, like Gecko) Chrome/84.0.4147.111 Mobile Safari/537.36"
169.149.41.223 - - [31/Jul/2021:09:39:18 +0000] "-" 408 - "-" "-"
169.149.27.59 - - [31/Jul/2021:09:39:18 +0000] "-" 408 - "-" "-"
169.149.41.223 - - [31/Jul/2021:09:39:18 +0000] "-" 408 - "-" "-"
157.38.88.70 - - [31/Jul/2021:09:39:49 +0000] "-" 408 - "-" "-"
157.38.88.70 - - [31/Jul/2021:09:39:49 +0000] "-" 408 - "-" "-"
66.249.66.24 - - [31/Jul/2021:09:40:17 +0000] "GET /updates/ibps-cwe-clerk-vii-notification-out/ HTTP/1.1" 404 242 "-" "Mozilla/5.0 (Linux; Android 6.0.1; Nexus 5X Build/MMB29P) AppleWebKit/537.36 (KHTML, like Gecko) Chrome/91.0.4472.90 Mobile Safari/537.36 (compatible; Googlebot/2.1; +http://www.google.com/bot.html)"
157.38.88.70 - - [31/Jul/2021:09:40:50 +0000] "-" 408 - "-" "-"
157.38.88.70 - - [31/Jul/2021:09:40:50 +0000] "-" 408 - "-" "-"
157.42.198.177 - - [31/Jul/2021:09:41:47 +0000] "-" 408 - "-" "-"
157.38.88.70 - - [31/Jul/2021:09:41:50 +0000] "-" 408 - "-" "-"
157.38.88.70 - - [31/Jul/2021:09:41:50 +0000] "-" 408 - "-" "-"
157.38.88.70 - - [31/Jul/2021:09:42:50 +0000] "-" 408 - "-" "-"
157.38.88.70 - - [31/Jul/2021:09:42:50 +0000] "-" 408 - "-" "-"
114.119.162.33 - - [31/Jul/2021:09:42:58 +0000] "GET /updates/wp-content/uploads/2017/09/NDA-Paper-1-2017-Math-Solutions-10-September-2017-Code-A.pdf HTTP/1.1" 404 293 "-" "Mozilla/5.0 (Linux; Android 7.0;) AppleWebKit/537.36 (KHTML, like Gecko) Mobile Safari/537.36 (compatible; PetalBot;+https://webmaster.petalsearch.com/site/petalbot)"
157.42.198.177 - - [31/Jul/2021:09:43:30 +0000] "-" 408 - "-" "-"
157.42.198.177 - - [31/Jul/2021:09:43:30 +0000] "-" 408 - "-" "-"
157.38.88.70 - - [31/Jul/2021:09:43:50 +0000] "-" 408 - "-" "-"
157.38.88.70 - - [31/Jul/2021:09:43:50 +0000] "-" 408 - "-" "-"
157.38.88.70 - - [31/Jul/2021:09:44:50 +0000] "-" 408 - "-" "-"
157.38.88.70 - - [31/Jul/2021:09:44:50 +0000] "-" 408 - "-" "-"
157.38.88.70 - - [31/Jul/2021:09:45:50 +0000] "-" 408 - "-" "-"
157.38.88.70 - - [31/Jul/2021:09:45:50 +0000] "-" 408 - "-" "-"
157.38.249.185 - - [31/Jul/2021:09:46:17 +0000] "-" 408 - "-" "-"
157.38.249.185 - - [31/Jul/2021:09:46:18 +0000] "-" 408 - "-" "-"
157.38.249.185 - - [31/Jul/2021:09:46:18 +0000] "-" 408 - "-" "-"
157.38.249.185 - - [31/Jul/2021:09:46:18 +0000] "-" 408 - "-" "-"
157.38.249.185 - - [31/Jul/2021:09:46:18 +0000] "-" 408 - "-" "-"
157.38.88.70 - - [31/Jul/2021:09:46:50 +0000] "-" 408 - "-" "-"
157.38.88.70 - - [31/Jul/2021:09:46:50 +0000] "-" 408 - "-" "-"
157.38.88.70 - - [31/Jul/2021:09:47:50 +0000] "-" 408 - "-" "-"
157.38.88.70 - - [31/Jul/2021:09:47:50 +0000] "-" 408 - "-" "-"
40.77.167.19 - - [31/Jul/2021:09:47:52 +0000] "GET /updates/rbi-office-attendant-2017-online-exam-call-letter-out/ HTTP/1.1" 404 260 "-" "Mozilla/5.0 (compatible; bingbot/2.0; +http://www.bing.com/bingbot.htm)"
66.249.66.20 - - [31/Jul/2021:09:48:05 +0000] "GET /nda-crash-course.html HTTP/1.1" 404 219 "-" "Mozilla/5.0 (Linux; Android 6.0.1; Nexus 5X Build/MMB29P) AppleWebKit/537.36 (KHTML, like Gecko) Chrome/92.0.4515.119 Mobile Safari/537.36 (compatible; Googlebot/2.1; +http://www.google.com/bot.html)"
106.207.141.102 - - [31/Jul/2021:09:48:33 +0000] "-" 408 - "-" "-"
106.207.141.102 - - [31/Jul/2021:09:48:33 +0000] "-" 408 - "-" "-"
106.207.141.102 - - [31/Jul/2021:09:48:33 +0000] "-" 408 - "-" "-"
106.207.141.102 - - [31/Jul/2021:09:48:33 +0000] "-" 408 - "-" "-"
157.38.88.70 - - [31/Jul/2021:09:48:50 +0000] "-" 408 - "-" "-"
157.38.88.70 - - [31/Jul/2021:09:48:50 +0000] "-" 408 - "-" "-"
182.50.132.95 - - [31/Jul/2021:09:49:04 +0000] "GET /wp-admin/ HTTP/1.1" 404 207 "http://aimnachieve.com/" "Mozilla/5.0 (Windows NT 10.0; Win64; x64) AppleWebKit/537.36 (KHTML, like Gecko) Chrome/78.0.3904.97 Safari/537.36"
157.38.88.70 - - [31/Jul/2021:09:49:50 +0000] "-" 408 - "-" "-"
157.38.88.70 - - [31/Jul/2021:09:49:50 +0000] "-" 408 - "-" "-"
157.47.231.120 - - [31/Jul/2021:09:50:16 +0000] "-" 408 - "-" "-"
114.119.131.2 - - [31/Jul/2021:09:50:38 +0000] "GET /ssc-examination-notice.html HTTP/1.1" 404 225 "-" "Mozilla/5.0 (Linux; Android 7.0;) AppleWebKit/537.36 (KHTML, like Gecko) Mobile Safari/537.36 (compatible; PetalBot;+https://webmaster.petalsearch.com/site/petalbot)"
157.38.88.70 - - [31/Jul/2021:09:50:51 +0000] "-" 408 - "-" "-"
40.77.167.106 - - [31/Jul/2021:09:50:53 +0000] "GET /updates/ssc-cgle-2017-official-short-notice-out/ HTTP/1.1" 404 246 "-" "Mozilla/5.0 (compatible; bingbot/2.0; +http://www.bing.com/bingbot.htm)"
106.207.141.102 - - [31/Jul/2021:09:51:02 +0000] "-" 408 - "-" "-"
106.207.141.102 - - [31/Jul/2021:09:51:02 +0000] "-" 408 - "-" "-"
106.207.141.102 - - [31/Jul/2021:09:51:02 +0000] "-" 408 - "-" "-"
106.207.141.102 - - [31/Jul/2021:09:51:02 +0000] "-" 408 - "-" "-"
173.252.95.17 - - [31/Jul/2021:09:51:32 +0000] "GET /images/logo.jpg HTTP/1.1" 404 213 "-" "facebookexternalhit/1.1 (+http://www.facebook.com/externalhit_uatext.php)"
173.252.95.19 - - [31/Jul/2021:09:51:34 +0000] "GET /video-tutorial.html HTTP/1.1" 404 217 "-" "facebookexternalhit/1.1 (+http://www.facebook.com/externalhit_uatext.php)"
173.252.95.17 - - [31/Jul/2021:09:51:35 +0000] "GET /video-tutorial.html HTTP/1.1" 404 217 "-" "facebookexternalhit/1.1 (+http://www.facebook.com/externalhit_uatext.php)"
173.252.95.22 - - [31/Jul/2021:09:51:35 +0000] "GET /video-tutorial.html HTTP/1.1" 404 217 "-" "facebookexternalhit/1.1 (+http://www.facebook.com/externalhit_uatext.php)"
173.252.95.24 - - [31/Jul/2021:09:51:36 +0000] "GET /video-tutorial.html HTTP/1.1" 404 217 "-" "facebookexternalhit/1.1 (+http://www.facebook.com/externalhit_uatext.php)"
173.252.95.16 - - [31/Jul/2021:09:51:36 +0000] "GET /video-tutorial.html HTTP/1.1" 404 217 "-" "facebookexternalhit/1.1 (+http://www.facebook.com/externalhit_uatext.php)"
173.252.95.7 - - [31/Jul/2021:09:51:38 +0000] "GET /images/arrow_3.png HTTP/1.1" 404 216 "-" "facebookexternalhit/1.1 (+http://www.facebook.com/externalhit_uatext.php)"
157.38.88.70 - - [31/Jul/2021:09:51:51 +0000] "-" 408 - "-" "-"
157.38.88.70 - - [31/Jul/2021:09:51:51 +0000] "-" 408 - "-" "-"
157.38.88.70 - - [31/Jul/2021:09:52:51 +0000] "-" 408 - "-" "-"
157.38.88.70 - - [31/Jul/2021:09:52:51 +0000] "-" 408 - "-" "-"
106.207.141.102 - - [31/Jul/2021:09:52:57 +0000] "-" 408 - "-" "-"
106.207.141.102 - - [31/Jul/2021:09:52:57 +0000] "-" 408 - "-" "-"
106.207.141.102 - - [31/Jul/2021:09:52:57 +0000] "-" 408 - "-" "-"
106.207.141.102 - - [31/Jul/2021:09:52:57 +0000] "-" 408 - "-" "-"
223.238.123.48 - - [31/Jul/2021:09:53:49 +0000] "-" 408 - "-" "-"
157.38.88.70 - - [31/Jul/2021:09:53:51 +0000] "-" 408 - "-" "-"
157.38.88.70 - - [31/Jul/2021:09:53:51 +0000] "-" 408 - "-" "-"
157.38.88.70 - - [31/Jul/2021:09:54:51 +0000] "-" 408 - "-" "-"
157.38.88.70 - - [31/Jul/2021:09:54:51 +0000] "-" 408 - "-" "-"
1.39.218.31 - - [31/Jul/2021:09:55:33 +0000] "-" 408 - "-" "-"
1.39.218.31 - - [31/Jul/2021:09:55:33 +0000] "-" 408 - "-" "-"
157.38.88.70 - - [31/Jul/2021:09:55:51 +0000] "-" 408 - "-" "-"
157.38.88.70 - - [31/Jul/2021:09:55:51 +0000] "-" 408 - "-" "-"
223.238.206.124 - - [31/Jul/2021:09:55:55 +0000] "-" 408 - "-" "-"
42.110.234.192 - - [31/Jul/2021:09:56:40 +0000] "-" 408 - "-" "-"
42.110.234.192 - - [31/Jul/2021:09:56:40 +0000] "-" 408 - "-" "-"
157.38.88.70 - - [31/Jul/2021:09:56:51 +0000] "-" 408 - "-" "-"
157.38.88.70 - - [31/Jul/2021:09:56:51 +0000] "-" 408 - "-" "-"
157.38.88.70 - - [31/Jul/2021:09:57:51 +0000] "-" 408 - "-" "-"
157.38.88.70 - - [31/Jul/2021:09:57:51 +0000] "-" 408 - "-" "-"
114.119.134.232 - - [31/Jul/2021:09:57:54 +0000] "GET /updates/daily-current-affairs-3rd-december-2016/ HTTP/1.1" 404 246 "-" "Mozilla/5.0 (Linux; Android 7.0;) AppleWebKit/537.36 (KHTML, like Gecko) Mobile Safari/537.36 (compatible; PetalBot;+https://webmaster.petalsearch.com/site/petalbot)"
66.220.149.40 - - [31/Jul/2021:09:58:32 +0000] "GET /two-years-nda-integrated-course.html HTTP/1.1" 404 234 "-" "facebookexternalhit/1.1 (+http://www.facebook.com/externalhit_uatext.php)"
157.38.88.70 - - [31/Jul/2021:09:58:51 +0000] "-" 408 - "-" "-"
157.38.88.70 - - [31/Jul/2021:09:58:51 +0000] "-" 408 - "-" "-"
157.38.88.70 - - [31/Jul/2021:09:59:51 +0000] "-" 408 - "-" "-"
157.38.88.70 - - [31/Jul/2021:09:59:51 +0000] "-" 408 - "-" "-"
66.249.66.22 - - [31/Jul/2021:10:00:25 +0000] "GET /updates/wp-content/uploads/2018/09/NDA-II-2018-GAT-English-Answer-Key-with-Detailed-Explanations.pdf HTTP/1.1" 404 298 "-" "Mozilla/5.0 (Linux; Android 6.0.1; Nexus 5X Build/MMB29P) AppleWebKit/537.36 (KHTML, like Gecko) Chrome/92.0.4515.119 Mobile Safari/537.36 (compatible; Googlebot/2.1; +http://www.google.com/bot.html)"
157.38.88.70 - - [31/Jul/2021:10:00:51 +0000] "-" 408 - "-" "-"
157.38.88.70 - - [31/Jul/2021:10:00:51 +0000] "-" 408 - "-" "-"
192.241.218.14 - - [31/Jul/2021:10:00:55 +0000] "GET /owa/auth/logon.aspx?url=https%3a%2f%2f1%2fecp%2f HTTP/1.1" 404 217 "-" "Mozilla/5.0 zgrab/0.x"
157.38.88.70 - - [31/Jul/2021:10:01:51 +0000] "-" 408 - "-" "-"
157.38.88.70 - - [31/Jul/2021:10:01:51 +0000] "-" 408 - "-" "-"
157.38.88.70 - - [31/Jul/2021:10:02:51 +0000] "-" 408 - "-" "-"
157.38.88.70 - - [31/Jul/2021:10:02:51 +0000] "-" 408 - "-" "-"
157.38.88.70 - - [31/Jul/2021:10:03:51 +0000] "-" 408 - "-" "-"
157.38.88.70 - - [31/Jul/2021:10:03:51 +0000] "-" 408 - "-" "-"
114.119.150.210 - - [31/Jul/2021:10:04:36 +0000] "GET /updates/daily-current-affairs-20th-october-2017/ HTTP/1.1" 404 246 "-" "Mozilla/5.0 (Linux; Android 7.0;) AppleWebKit/537.36 (KHTML, like Gecko) Mobile Safari/537.36 (compatible; PetalBot;+https://webmaster.petalsearch.com/site/petalbot)"
207.46.13.168 - - [31/Jul/2021:10:05:41 +0000] "GET /images/linkedin.png HTTP/1.1" 404 217 "-" "Mozilla/5.0 (compatible; bingbot/2.0; +http://www.bing.com/bingbot.htm)"
157.38.88.70 - - [31/Jul/2021:10:05:51 +0000] "-" 408 - "-" "-"
157.38.88.70 - - [31/Jul/2021:10:05:51 +0000] "-" 408 - "-" "-"
66.249.66.25 - - [31/Jul/2021:10:06:15 +0000] "GET /ads.txt HTTP/1.1" 404 205 "-" "Mozilla/5.0 (compatible; Googlebot/2.1; +http://www.google.com/bot.html)"
157.38.88.70 - - [31/Jul/2021:10:06:51 +0000] "-" 408 - "-" "-"
106.207.141.102 - - [31/Jul/2021:10:07:03 +0000] "-" 408 - "-" "-"
106.207.141.102 - - [31/Jul/2021:10:07:03 +0000] "-" 408 - "-" "-"
106.207.141.102 - - [31/Jul/2021:10:07:03 +0000] "-" 408 - "-" "-"
157.38.88.70 - - [31/Jul/2021:10:07:28 +0000] "-" 408 - "-" "-"
157.41.128.95 - - [31/Jul/2021:10:07:32 +0000] "GET /favicon.ico HTTP/1.1" 404 209 "-" "Mozilla/5.0 (Mobile; LYF/F120B/LYF-F120B-001-02-58-010321;Android; rv:48.0) Gecko/48.0 Firefox/48.0 KAIOS/2.5"
171.79.183.242 - - [31/Jul/2021:10:07:47 +0000] "-" 408 - "-" "-"
157.38.88.70 - - [31/Jul/2021:10:07:51 +0000] "-" 408 - "-" "-"
157.38.88.70 - - [31/Jul/2021:10:07:51 +0000] "-" 408 - "-" "-"
157.47.211.117 - - [31/Jul/2021:10:08:26 +0000] "-" 408 - "-" "-"
157.47.211.117 - - [31/Jul/2021:10:08:26 +0000] "-" 408 - "-" "-"
157.47.196.121 - - [31/Jul/2021:10:09:17 +0000] "-" 408 - "-" "-"
157.47.196.121 - - [31/Jul/2021:10:09:17 +0000] "-" 408 - "-" "-"
223.238.206.124 - - [31/Jul/2021:10:09:51 +0000] "-" 408 - "-" "-"
223.238.206.124 - - [31/Jul/2021:10:09:51 +0000] "-" 408 - "-" "-"
114.119.146.145 - - [31/Jul/2021:10:11:08 +0000] "GET /updates/category/current-affairs/page/41/ HTTP/1.1" 404 239 "-" "Mozilla/5.0 (Linux; Android 7.0;) AppleWebKit/537.36 (KHTML, like Gecko) Mobile Safari/537.36 (compatible; PetalBot;+https://webmaster.petalsearch.com/site/petalbot)"
118.184.177.67 - - [31/Jul/2021:10:14:03 +0000] "GET / HTTP/1.1" 403 209 "-" "Sogou web spider/4.0(+http://www.sogou.com/docs/help/webmasters.htm#07)"
111.202.100.82 - - [31/Jul/2021:10:14:05 +0000] "GET / HTTP/1.1" 403 209 "-" "Sogou web spider/4.0(+http://www.sogou.com/docs/help/webmasters.htm#07)"
49.7.20.28 - - [31/Jul/2021:10:14:06 +0000] "GET / HTTP/1.1" 403 209 "-" "Sogou web spider/4.0(+http://www.sogou.com/docs/help/webmasters.htm#07)"
111.202.100.82 - - [31/Jul/2021:10:14:06 +0000] "GET / HTTP/1.1" 403 209 "-" "Mozilla/5.0 (Macintosh; Intel Mac OS X 10_15_1) AppleWebKit/537.36 (KHTML, like Gecko) Chrome/78.0.3904.97 Safari/537.36"
49.7.20.28 - - [31/Jul/2021:10:14:06 +0000] "GET / HTTP/1.1" 403 209 "-" "Mozilla/5.0 (Macintosh; Intel Mac OS X 10_15_1) AppleWebKit/537.36 (KHTML, like Gecko) Chrome/78.0.3904.97 Safari/537.36"
1.39.218.31 - - [31/Jul/2021:10:14:38 +0000] "-" 408 - "-" "-"
1.39.218.31 - - [31/Jul/2021:10:14:38 +0000] "-" 408 - "-" "-"
157.38.88.70 - - [31/Jul/2021:10:15:22 +0000] "-" 408 - "-" "-"
49.32.154.122 - - [31/Jul/2021:10:16:46 +0000] "GET /cwe.html HTTP/1.1" 404 206 "http://www.google.com/" "Mozilla/5.0 (Linux; Android 10; CPH2127) AppleWebKit/537.36 (KHTML, like Gecko) Chrome/90.0.4430.82 Mobile Safari/537.36"
49.32.154.122 - - [31/Jul/2021:10:16:46 +0000] "GET /css/aim-achieve.css HTTP/1.1" 404 217 "-" "Mozilla/5.0 (Linux; Android 10; CPH2127) AppleWebKit/537.36 (KHTML, like Gecko) Chrome/90.0.4430.82 Mobile Safari/537.36"
49.32.154.122 - - [31/Jul/2021:10:16:46 +0000] "GET /css/responsive-layout.css HTTP/1.1" 404 223 "-" "Mozilla/5.0 (Linux; Android 10; CPH2127) AppleWebKit/537.36 (KHTML, like Gecko) Chrome/90.0.4430.82 Mobile Safari/537.36"
49.32.154.122 - - [31/Jul/2021:10:16:46 +0000] "GET /css/menu-styles.css HTTP/1.1" 404 217 "-" "Mozilla/5.0 (Linux; Android 10; CPH2127) AppleWebKit/537.36 (KHTML, like Gecko) Chrome/90.0.4430.82 Mobile Safari/537.36"
49.32.154.122 - - [31/Jul/2021:10:16:47 +0000] "GET /favicon.ico HTTP/1.1" 404 209 "http://aimnachieve.com/cwe.html" "Mozilla/5.0 (Linux; Android 10; CPH2127) AppleWebKit/537.36 (KHTML, like Gecko) Chrome/90.0.4430.82 Mobile Safari/537.36"
157.38.34.157 - - [31/Jul/2021:10:20:24 +0000] "-" 408 - "-" "-"
157.38.34.157 - - [31/Jul/2021:10:20:24 +0000] "-" 408 - "-" "-"
157.38.45.238 - - [31/Jul/2021:10:21:57 +0000] "-" 408 - "-" "-"
157.38.45.238 - - [31/Jul/2021:10:21:57 +0000] "-" 408 - "-" "-"
66.249.66.84 - - [31/Jul/2021:10:23:56 +0000] "GET /robots.txt HTTP/1.1" 404 208 "-" "Mozilla/5.0 (compatible; Googlebot/2.1; +http://www.google.com/bot.html)"
66.249.66.83 - - [31/Jul/2021:10:23:57 +0000] "GET / HTTP/1.1" 403 209 "-" "Mozilla/5.0 (Linux; Android 6.0.1; Nexus 5X Build/MMB29P) AppleWebKit/537.36 (KHTML, like Gecko) Chrome/91.0.4472.90 Mobile Safari/537.36 (compatible; Googlebot/2.1; +http://www.google.com/bot.html)"
122.181.126.29 - - [31/Jul/2021:10:24:07 +0000] "GET /images/coaching-in-kalkaji.png HTTP/1.1" 404 228 "https://www.google.com/" "Mozilla/5.0 (Windows NT 6.1) AppleWebKit/537.36 (KHTML, like Gecko) Chrome/92.0.4515.107 Safari/537.36"
157.38.34.157 - - [31/Jul/2021:10:24:31 +0000] "-" 408 - "-" "-"
157.38.34.157 - - [31/Jul/2021:10:24:31 +0000] "-" 408 - "-" "-"
40.77.188.128 - - [31/Jul/2021:10:24:48 +0000] "-" 408 - "-" "-"
40.77.167.74 - - [31/Jul/2021:10:28:31 +0000] "GET /updates/wp-content/uploads/2017/01/Monthly_GK_Digest_December_2016.pdf HTTP/1.1" 404 268 "-" "Mozilla/5.0 (compatible; bingbot/2.0; +http://www.bing.com/bingbot.htm)"
106.206.183.60 - - [31/Jul/2021:10:31:46 +0000] "-" 408 - "-" "-"
106.206.183.60 - - [31/Jul/2021:10:31:46 +0000] "-" 408 - "-" "-"
114.119.160.195 - - [31/Jul/2021:10:33:31 +0000] "GET /pdf/List-of-Examination-Centres-for-CTET-Feb-2016-Exams.pdf HTTP/1.1" 404 257 "-" "Mozilla/5.0 (Linux; Android 7.0;) AppleWebKit/537.36 (KHTML, like Gecko) Mobile Safari/537.36 (compatible; PetalBot;+https://webmaster.petalsearch.com/site/petalbot)"
168.119.65.49 - - [31/Jul/2021:10:33:36 +0000] "GET /EnqSubmit_contact.html HTTP/1.1" 404 220 "http://aimnachieve.blogspot.com/" "Mozilla/5.0 (compatible; AhrefsBot/7.0; +http://ahrefs.com/robot/)"
54.36.148.141 - - [31/Jul/2021:10:33:40 +0000] "GET /robots.txt HTTP/1.1" 404 208 "-" "Mozilla/5.0 (compatible; AhrefsBot/7.0; +http://ahrefs.com/robot/)"
106.13.238.108 - - [31/Jul/2021:10:34:48 +0000] "POST //uc_server/hyl.php HTTP/1.1" 404 215 "http://misc.yahoo.com.cn/" "Mozilla/5.0 (compatible; Yahoo! Slurp China; http://misc.yahoo.com.cn/help.html)"
106.13.238.108 - - [31/Jul/2021:10:34:48 +0000] "POST //uc_server/hyl.php HTTP/1.1" 404 215 "http://misc.yahoo.com.cn/" "Mozilla/5.0 (compatible; Yahoo! Slurp China; http://misc.yahoo.com.cn/help.html)"
106.13.238.108 - - [31/Jul/2021:10:34:48 +0000] "POST //uc_server/hyl.php HTTP/1.1" 404 215 "http://misc.yahoo.com.cn/" "Mozilla/5.0 (compatible; Yahoo! Slurp China; http://misc.yahoo.com.cn/help.html)"
171.79.183.242 - - [31/Jul/2021:10:35:06 +0000] "-" 408 - "-" "-"
157.38.88.70 - - [31/Jul/2021:10:37:27 +0000] "-" 408 - "-" "-"
157.47.211.117 - - [31/Jul/2021:10:38:43 +0000] "-" 408 - "-" "-"
157.47.211.117 - - [31/Jul/2021:10:38:43 +0000] "-" 408 - "-" "-"
157.38.88.70 - - [31/Jul/2021:10:39:07 +0000] "-" 408 - "-" "-"
157.38.38.212 - - [31/Jul/2021:10:39:25 +0000] "-" 408 - "-" "-"
157.38.38.212 - - [31/Jul/2021:10:39:25 +0000] "-" 408 - "-" "-"
106.207.141.102 - - [31/Jul/2021:10:39:56 +0000] "-" 408 - "-" "-"
106.207.141.102 - - [31/Jul/2021:10:39:56 +0000] "-" 408 - "-" "-"
106.207.141.102 - - [31/Jul/2021:10:39:56 +0000] "-" 408 - "-" "-"
106.207.141.102 - - [31/Jul/2021:10:39:56 +0000] "-" 408 - "-" "-"
114.119.143.214 - - [31/Jul/2021:10:44:09 +0000] "GET /updates/category/current-affairs/page/41 HTTP/1.1" 404 238 "-" "Mozilla/5.0 (Linux; Android 7.0;) AppleWebKit/537.36 (KHTML, like Gecko) Mobile Safari/537.36 (compatible; PetalBot;+https://webmaster.petalsearch.com/site/petalbot)"
103.49.117.84 - - [31/Jul/2021:10:46:41 +0000] "-" 408 - "-" "-"
106.220.162.63 - - [31/Jul/2021:10:47:10 +0000] "GET /images/ctet-coaching-in-delhi.png HTTP/1.1" 404 231 "https://www.google.com/" "Mozilla/5.0 (Windows NT 10.0; Win64; x64) AppleWebKit/537.36 (KHTML, like Gecko) Chrome/92.0.4515.107 Safari/537.36"
66.249.82.72 - - [31/Jul/2021:10:47:11 +0000] "GET /images/ctet-coaching-in-delhi.png HTTP/1.1" 404 231 "-" "Mozilla/5.0 (Windows NT 5.1; rv:11.0) Gecko Firefox/11.0 (via ggpht.com GoogleImageProxy)"
106.220.162.63 - - [31/Jul/2021:10:47:30 +0000] "-" 408 - "-" "-"
66.249.66.24 - - [31/Jul/2021:10:48:23 +0000] "GET /eligibility-criteria-for-clat.html HTTP/1.1" 404 232 "-" "Mozilla/5.0 (Linux; Android 6.0.1; Nexus 5X Build/MMB29P) AppleWebKit/537.36 (KHTML, like Gecko) Chrome/92.0.4515.119 Mobile Safari/537.36 (compatible; Googlebot/2.1; +http://www.google.com/bot.html)"
114.119.143.214 - - [31/Jul/2021:10:54:15 +0000] "GET /correspondence-course-for-nda.html HTTP/1.1" 404 232 "-" "Mozilla/5.0 (Linux; Android 7.0;) AppleWebKit/537.36 (KHTML, like Gecko) Mobile Safari/537.36 (compatible; PetalBot;+https://webmaster.petalsearch.com/site/petalbot)"
157.38.38.212 - - [31/Jul/2021:10:55:56 +0000] "-" 408 - "-" "-"
157.38.38.212 - - [31/Jul/2021:10:55:56 +0000] "-" 408 - "-" "-"
40.77.167.19 - - [31/Jul/2021:10:59:01 +0000] "GET /updates/ssc-cgle-2017-tier-i-answer-key-out/ HTTP/1.1" 404 242 "-" "Mozilla/5.0 (compatible; bingbot/2.0; +http://www.bing.com/bingbot.htm)"
157.38.45.238 - - [31/Jul/2021:10:59:08 +0000] "-" 408 - "-" "-"
157.38.45.238 - - [31/Jul/2021:10:59:08 +0000] "-" 408 - "-" "-"
49.34.68.22 - - [31/Jul/2021:10:59:18 +0000] "-" 408 - "-" "-"
157.38.88.70 - - [31/Jul/2021:11:02:34 +0000] "-" 408 - "-" "-"
157.38.88.70 - - [31/Jul/2021:11:03:06 +0000] "-" 408 - "-" "-"
157.38.88.70 - - [31/Jul/2021:11:03:38 +0000] "-" 408 - "-" "-"
40.77.167.19 - - [31/Jul/2021:11:03:49 +0000] "GET /updates/tag/eligibility-for-airforce-group-x-y/ HTTP/1.1" 404 245 "-" "Mozilla/5.0 (compatible; bingbot/2.0; +http://www.bing.com/bingbot.htm)"
114.119.150.210 - - [31/Jul/2021:11:03:55 +0000] "GET /updates/federal-bank-probationary-officers-scale-i-2017-written-result-out HTTP/1.1" 404 272 "-" "Mozilla/5.0 (Linux; Android 7.0;) AppleWebKit/537.36 (KHTML, like Gecko) Mobile Safari/537.36 (compatible; PetalBot;+https://webmaster.petalsearch.com/site/petalbot)"
207.46.13.30 - - [31/Jul/2021:11:04:00 +0000] "GET /updates/category/ssc-exams/page/12/ HTTP/1.1" 404 233 "-" "Mozilla/5.0 (compatible; bingbot/2.0; +http://www.bing.com/bingbot.htm)"
66.249.66.22 - - [31/Jul/2021:11:04:02 +0000] "GET /updates/wp-content/uploads/2015/08/ssc-stenographer-examination-centres.pdf HTTP/1.1" 404 273 "-" "Mozilla/5.0 (compatible; Googlebot/2.1; +http://www.google.com/bot.html)"
157.38.88.70 - - [31/Jul/2021:11:04:08 +0000] "-" 408 - "-" "-"
171.79.183.242 - - [31/Jul/2021:11:04:48 +0000] "-" 408 - "-" "-"
171.79.183.242 - - [31/Jul/2021:11:04:48 +0000] "-" 408 - "-" "-"
157.38.88.70 - - [31/Jul/2021:11:05:05 +0000] "-" 408 - "-" "-"
157.47.225.213 - - [31/Jul/2021:11:05:10 +0000] "-" 408 - "-" "-"
157.47.211.117 - - [31/Jul/2021:11:05:18 +0000] "-" 408 - "-" "-"
157.47.211.117 - - [31/Jul/2021:11:05:18 +0000] "-" 408 - "-" "-"
157.47.225.213 - - [31/Jul/2021:11:05:49 +0000] "-" 408 - "-" "-"
157.38.38.212 - - [31/Jul/2021:11:06:27 +0000] "-" 408 - "-" "-"
157.38.38.212 - - [31/Jul/2021:11:06:27 +0000] "-" 408 - "-" "-"
157.38.88.70 - - [31/Jul/2021:11:07:14 +0000] "-" 408 - "-" "-"
157.38.88.70 - - [31/Jul/2021:11:07:43 +0000] "-" 408 - "-" "-"
157.38.88.70 - - [31/Jul/2021:11:07:52 +0000] "-" 408 - "-" "-"
223.238.206.16 - - [31/Jul/2021:11:07:53 +0000] "-" 408 - "-" "-"
223.238.206.16 - - [31/Jul/2021:11:07:53 +0000] "-" 408 - "-" "-"
223.238.206.16 - - [31/Jul/2021:11:07:53 +0000] "-" 408 - "-" "-"
157.38.38.212 - - [31/Jul/2021:11:08:23 +0000] "-" 408 - "-" "-"
157.38.38.212 - - [31/Jul/2021:11:08:23 +0000] "-" 408 - "-" "-"
157.38.88.70 - - [31/Jul/2021:11:09:48 +0000] "-" 408 - "-" "-"
54.36.149.44 - - [31/Jul/2021:11:11:59 +0000] "GET /robots.txt HTTP/1.1" 404 208 "-" "Mozilla/5.0 (compatible; AhrefsBot/7.0; +http://ahrefs.com/robot/)"
157.38.38.212 - - [31/Jul/2021:11:12:06 +0000] "-" 408 - "-" "-"
157.38.38.212 - - [31/Jul/2021:11:12:06 +0000] "-" 408 - "-" "-"
114.119.131.2 - - [31/Jul/2021:11:13:14 +0000] "GET /updates/page/29 HTTP/1.1" 404 213 "-" "Mozilla/5.0 (Linux; Android 7.0;) AppleWebKit/537.36 (KHTML, like Gecko) Mobile Safari/537.36 (compatible; PetalBot;+https://webmaster.petalsearch.com/site/petalbot)"
40.77.167.30 - - [31/Jul/2021:11:14:16 +0000] "GET /updates/conquer-gk-your-weekly-gk-quiz-9-15-march-2017/ HTTP/1.1" 404 253 "-" "Mozilla/5.0 (compatible; bingbot/2.0; +http://www.bing.com/bingbot.htm)"
157.38.88.70 - - [31/Jul/2021:11:15:06 +0000] "-" 408 - "-" "-"
157.38.88.70 - - [31/Jul/2021:11:15:06 +0000] "-" 408 - "-" "-"
106.55.26.192 - - [31/Jul/2021:11:15:49 +0000] "GET /xmlrpc.php HTTP/1.1" 404 208 "-" "Mozilla/5.0 (Windows NT 6.1; WOW64; rv:45.0) Gecko/20100101 Firefox/45.0"
157.38.88.70 - - [31/Jul/2021:11:16:03 +0000] "-" 408 - "-" "-"
157.38.88.70 - - [31/Jul/2021:11:16:03 +0000] "-" 408 - "-" "-"
171.79.183.242 - - [31/Jul/2021:11:17:58 +0000] "-" 408 - "-" "-"
66.249.66.25 - - [31/Jul/2021:11:18:29 +0000] "GET /nda-previous-year-question-papers.html HTTP/1.1" 404 236 "-" "Mozilla/5.0 (Linux; Android 6.0.1; Nexus 5X Build/MMB29P) AppleWebKit/537.36 (KHTML, like Gecko) Chrome/91.0.4472.90 Mobile Safari/537.36 (compatible; Googlebot/2.1; +http://www.google.com/bot.html)"
157.38.88.70 - - [31/Jul/2021:11:19:40 +0000] "-" 408 - "-" "-"
157.38.88.70 - - [31/Jul/2021:11:19:40 +0000] "-" 408 - "-" "-"
106.207.151.162 - - [31/Jul/2021:11:19:51 +0000] "-" 408 - "-" "-"
106.207.151.162 - - [31/Jul/2021:11:19:51 +0000] "-" 408 - "-" "-"
106.207.151.162 - - [31/Jul/2021:11:19:51 +0000] "-" 408 - "-" "-"
106.207.151.162 - - [31/Jul/2021:11:19:51 +0000] "-" 408 - "-" "-"
114.119.134.232 - - [31/Jul/2021:11:22:30 +0000] "GET /updates/daily-current-affairs-30th-march-2018 HTTP/1.1" 404 243 "-" "Mozilla/5.0 (Linux; Android 7.0;) AppleWebKit/537.36 (KHTML, like Gecko) Mobile Safari/537.36 (compatible; PetalBot;+https://webmaster.petalsearch.com/site/petalbot)"
157.38.193.155 - - [31/Jul/2021:11:25:10 +0000] "-" 408 - "-" "-"
157.38.34.181 - - [31/Jul/2021:11:26:58 +0000] "-" 408 - "-" "-"
157.38.34.181 - - [31/Jul/2021:11:26:59 +0000] "-" 408 - "-" "-"
157.38.34.181 - - [31/Jul/2021:11:27:09 +0000] "-" 408 - "-" "-"
42.107.224.24 - - [31/Jul/2021:11:27:15 +0000] "-" 408 - "-" "-"
42.107.224.24 - - [31/Jul/2021:11:27:15 +0000] "-" 408 - "-" "-"
171.79.183.242 - - [31/Jul/2021:11:27:41 +0000] "-" 408 - "-" "-"
18.117.127.66 - - [31/Jul/2021:11:28:30 +0000] "GET / HTTP/1.1" 403 209 "-" "Mozilla/5.0 (Macintosh; Intel Mac OS X 10_15_7) AppleWebKit/537.36 (KHTML, like Gecko) Chrome/91.0.4472.114 Safari/537.36"
18.117.127.66 - - [31/Jul/2021:11:28:30 +0000] "GET / HTTP/1.1" 403 209 "-" "Mozilla/5.0 (Macintosh; Intel Mac OS X 10_15_7) AppleWebKit/537.36 (KHTML, like Gecko) Chrome/91.0.4472.114 Safari/537.36"
18.117.127.66 - - [31/Jul/2021:11:28:30 +0000] "GET / HTTP/1.1" 403 209 "-" "Mozilla/5.0 (Macintosh; Intel Mac OS X 10_15_7) AppleWebKit/537.36 (KHTML, like Gecko) Chrome/91.0.4472.114 Safari/537.36"
18.117.127.66 - - [31/Jul/2021:11:28:30 +0000] "GET / HTTP/1.1" 403 209 "-" "Mozilla/5.0 (Macintosh; Intel Mac OS X 10_15_7) AppleWebKit/537.36 (KHTML, like Gecko) Chrome/91.0.4472.114 Safari/537.36"
18.117.127.66 - - [31/Jul/2021:11:28:31 +0000] "GET / HTTP/1.1" 403 209 "-" "Mozilla/5.0 (Macintosh; Intel Mac OS X 10_15_7) AppleWebKit/537.36 (KHTML, like Gecko) Chrome/91.0.4472.114 Safari/537.36"
18.117.127.66 - - [31/Jul/2021:11:28:32 +0000] "GET /favicon.ico HTTP/1.1" 404 209 "http://aimnachieve.com/" "Mozilla/5.0 (Macintosh; Intel Mac OS X 10_15_7) AppleWebKit/537.36 (KHTML, like Gecko) Chrome/91.0.4472.114 Safari/537.36"
40.77.167.25 - - [31/Jul/2021:11:28:44 +0000] "GET / HTTP/1.1" 403 209 "-" "Mozilla/5.0 (compatible; bingbot/2.0; +http://www.bing.com/bingbot.htm)"
207.46.13.30 - - [31/Jul/2021:11:29:22 +0000] "GET /updates/south-indian-bank-probationary-clerk-2018-written-result-out/ HTTP/1.1" 404 267 "-" "Mozilla/5.0 (compatible; bingbot/2.0; +http://www.bing.com/bingbot.htm)"
157.47.159.86 - - [31/Jul/2021:11:29:51 +0000] "-" 408 - "-" "-"
157.38.4.236 - - [31/Jul/2021:11:30:16 +0000] "-" 408 - "-" "-"
106.13.238.108 - - [31/Jul/2021:11:30:48 +0000] "POST //udf.php HTTP/1.1" 404 205 "http://misc.yahoo.com.cn/" "Mozilla/5.0 (compatible; Yahoo! Slurp China; http://misc.yahoo.com.cn/help.html)"
106.13.238.108 - - [31/Jul/2021:11:30:49 +0000] "POST //udf.php HTTP/1.1" 404 205 "http://misc.yahoo.com.cn/" "Mozilla/5.0 (compatible; Yahoo! Slurp China; http://misc.yahoo.com.cn/help.html)"
106.13.238.108 - - [31/Jul/2021:11:30:49 +0000] "POST //udf.php HTTP/1.1" 404 205 "http://misc.yahoo.com.cn/" "Mozilla/5.0 (compatible; Yahoo! Slurp China; http://misc.yahoo.com.cn/help.html)"
114.119.136.155 - - [31/Jul/2021:11:31:34 +0000] "GET /updates/daily-current-affairs-24th-june-2017 HTTP/1.1" 404 242 "-" "Mozilla/5.0 (Linux; Android 7.0;) AppleWebKit/537.36 (KHTML, like Gecko) Mobile Safari/537.36 (compatible; PetalBot;+https://webmaster.petalsearch.com/site/petalbot)"
157.38.4.236 - - [31/Jul/2021:11:32:02 +0000] "-" 408 - "-" "-"
157.38.4.236 - - [31/Jul/2021:11:32:02 +0000] "-" 408 - "-" "-"
157.38.38.212 - - [31/Jul/2021:11:35:51 +0000] "-" 408 - "-" "-"
157.38.38.212 - - [31/Jul/2021:11:35:51 +0000] "-" 408 - "-" "-"
157.47.250.182 - - [31/Jul/2021:11:37:58 +0000] "-" 408 - "-" "-"
157.47.250.182 - - [31/Jul/2021:11:38:06 +0000] "-" 408 - "-" "-"
114.119.144.15 - - [31/Jul/2021:11:40:24 +0000] "GET /updates/tag/eligibility-criteria-for-ssc-stenographer/ HTTP/1.1" 404 252 "-" "Mozilla/5.0 (Linux; Android 7.0;) AppleWebKit/537.36 (KHTML, like Gecko) Mobile Safari/537.36 (compatible; PetalBot;+https://webmaster.petalsearch.com/site/petalbot)"
157.47.159.86 - - [31/Jul/2021:11:40:55 +0000] "-" 408 - "-" "-"
171.79.183.242 - - [31/Jul/2021:11:41:22 +0000] "-" 408 - "-" "-"
17.121.114.111 - - [31/Jul/2021:11:42:16 +0000] "GET /nda-coaching-in-kalkaji.html HTTP/1.1" 404 226 "-" "Mozilla/5.0 (Macintosh; Intel Mac OS X 10_15_5) AppleWebKit/605.1.15 (KHTML, like Gecko) Version/13.1.1 Safari/605.1.15 (Applebot/0.1; +http://www.apple.com/go/applebot)"
157.38.38.212 - - [31/Jul/2021:11:42:45 +0000] "-" 408 - "-" "-"
157.38.38.212 - - [31/Jul/2021:11:42:45 +0000] "-" 408 - "-" "-"
157.38.4.236 - - [31/Jul/2021:11:43:06 +0000] "-" 408 - "-" "-"
157.38.38.212 - - [31/Jul/2021:11:43:39 +0000] "-" 408 - "-" "-"
157.38.38.212 - - [31/Jul/2021:11:43:39 +0000] "-" 408 - "-" "-"
157.47.250.182 - - [31/Jul/2021:11:44:04 +0000] "-" 408 - "-" "-"
171.79.183.242 - - [31/Jul/2021:11:44:31 +0000] "-" 408 - "-" "-"
207.46.13.168 - - [31/Jul/2021:11:45:11 +0000] "GET / HTTP/1.1" 403 209 "-" "Mozilla/5.0 (compatible; bingbot/2.0; +http://www.bing.com/bingbot.htm)"
44.231.229.144 - - [31/Jul/2021:11:45:33 +0000] "GET /ads.txt HTTP/1.1" 404 205 "-" "Apache-HttpClient/4.5.12 (Java/1.8.0_282)"
203.159.80.207 - - [31/Jul/2021:11:46:34 +0000] "GET / HTTP/1.1" 403 209 "-" "Mozilla/5.0 (Windows NT 10.0; Win64; x64) AppleWebKit/537.36 (KHTML, like Gecko) Chrome/80.0.3987.149 Safari/537.36"
203.159.80.207 - - [31/Jul/2021:11:46:35 +0000] "GET / HTTP/1.1" 403 209 "-" "Mozilla/5.0 (Windows NT 10.0; Win64; x64) AppleWebKit/537.36 (KHTML, like Gecko) Chrome/80.0.3987.149 Safari/537.36"
203.159.80.207 - - [31/Jul/2021:11:46:35 +0000] "GET /wp-includes/wlwmanifest.xml HTTP/1.1" 404 225 "-" "Mozilla/5.0 (Windows NT 10.0; Win64; x64) AppleWebKit/537.36 (KHTML, like Gecko) Chrome/80.0.3987.149 Safari/537.36"
203.159.80.207 - - [31/Jul/2021:11:46:35 +0000] "GET /xmlrpc.php?rsd HTTP/1.1" 404 208 "-" "Mozilla/5.0 (Windows NT 10.0; Win64; x64) AppleWebKit/537.36 (KHTML, like Gecko) Chrome/80.0.3987.149 Safari/537.36"
203.159.80.207 - - [31/Jul/2021:11:46:35 +0000] "GET / HTTP/1.1" 403 209 "-" "Mozilla/5.0 (Windows NT 10.0; Win64; x64) AppleWebKit/537.36 (KHTML, like Gecko) Chrome/80.0.3987.149 Safari/537.36"
203.159.80.207 - - [31/Jul/2021:11:46:35 +0000] "GET /blog/wp-includes/wlwmanifest.xml HTTP/1.1" 404 230 "-" "Mozilla/5.0 (Windows NT 10.0; Win64; x64) AppleWebKit/537.36 (KHTML, like Gecko) Chrome/80.0.3987.149 Safari/537.36"
203.159.80.207 - - [31/Jul/2021:11:46:35 +0000] "GET /web/wp-includes/wlwmanifest.xml HTTP/1.1" 404 229 "-" "Mozilla/5.0 (Windows NT 10.0; Win64; x64) AppleWebKit/537.36 (KHTML, like Gecko) Chrome/80.0.3987.149 Safari/537.36"
203.159.80.207 - - [31/Jul/2021:11:46:36 +0000] "GET /wordpress/wp-includes/wlwmanifest.xml HTTP/1.1" 404 235 "-" "Mozilla/5.0 (Windows NT 10.0; Win64; x64) AppleWebKit/537.36 (KHTML, like Gecko) Chrome/80.0.3987.149 Safari/537.36"
203.159.80.207 - - [31/Jul/2021:11:46:36 +0000] "GET /website/wp-includes/wlwmanifest.xml HTTP/1.1" 404 233 "-" "Mozilla/5.0 (Windows NT 10.0; Win64; x64) AppleWebKit/537.36 (KHTML, like Gecko) Chrome/80.0.3987.149 Safari/537.36"
203.159.80.207 - - [31/Jul/2021:11:46:36 +0000] "GET /wp/wp-includes/wlwmanifest.xml HTTP/1.1" 404 228 "-" "Mozilla/5.0 (Windows NT 10.0; Win64; x64) AppleWebKit/537.36 (KHTML, like Gecko) Chrome/80.0.3987.149 Safari/537.36"
203.159.80.207 - - [31/Jul/2021:11:46:36 +0000] "GET /news/wp-includes/wlwmanifest.xml HTTP/1.1" 404 230 "-" "Mozilla/5.0 (Windows NT 10.0; Win64; x64) AppleWebKit/537.36 (KHTML, like Gecko) Chrome/80.0.3987.149 Safari/537.36"
203.159.80.207 - - [31/Jul/2021:11:46:36 +0000] "GET /2018/wp-includes/wlwmanifest.xml HTTP/1.1" 404 230 "-" "Mozilla/5.0 (Windows NT 10.0; Win64; x64) AppleWebKit/537.36 (KHTML, like Gecko) Chrome/80.0.3987.149 Safari/537.36"
203.159.80.207 - - [31/Jul/2021:11:46:36 +0000] "GET /2019/wp-includes/wlwmanifest.xml HTTP/1.1" 404 230 "-" "Mozilla/5.0 (Windows NT 10.0; Win64; x64) AppleWebKit/537.36 (KHTML, like Gecko) Chrome/80.0.3987.149 Safari/537.36"
203.159.80.207 - - [31/Jul/2021:11:46:36 +0000] "GET /shop/wp-includes/wlwmanifest.xml HTTP/1.1" 404 230 "-" "Mozilla/5.0 (Windows NT 10.0; Win64; x64) AppleWebKit/537.36 (KHTML, like Gecko) Chrome/80.0.3987.149 Safari/537.36"
203.159.80.207 - - [31/Jul/2021:11:46:37 +0000] "GET /wp1/wp-includes/wlwmanifest.xml HTTP/1.1" 404 229 "-" "Mozilla/5.0 (Windows NT 10.0; Win64; x64) AppleWebKit/537.36 (KHTML, like Gecko) Chrome/80.0.3987.149 Safari/537.36"
203.159.80.207 - - [31/Jul/2021:11:46:37 +0000] "GET /test/wp-includes/wlwmanifest.xml HTTP/1.1" 404 230 "-" "Mozilla/5.0 (Windows NT 10.0; Win64; x64) AppleWebKit/537.36 (KHTML, like Gecko) Chrome/80.0.3987.149 Safari/537.36"
203.159.80.207 - - [31/Jul/2021:11:46:37 +0000] "GET /media/wp-includes/wlwmanifest.xml HTTP/1.1" 404 231 "-" "Mozilla/5.0 (Windows NT 10.0; Win64; x64) AppleWebKit/537.36 (KHTML, like Gecko) Chrome/80.0.3987.149 Safari/537.36"
203.159.80.207 - - [31/Jul/2021:11:46:37 +0000] "GET /wp2/wp-includes/wlwmanifest.xml HTTP/1.1" 404 229 "-" "Mozilla/5.0 (Windows NT 10.0; Win64; x64) AppleWebKit/537.36 (KHTML, like Gecko) Chrome/80.0.3987.149 Safari/537.36"
203.159.80.207 - - [31/Jul/2021:11:46:37 +0000] "GET /site/wp-includes/wlwmanifest.xml HTTP/1.1" 404 230 "-" "Mozilla/5.0 (Windows NT 10.0; Win64; x64) AppleWebKit/537.36 (KHTML, like Gecko) Chrome/80.0.3987.149 Safari/537.36"
203.159.80.207 - - [31/Jul/2021:11:46:37 +0000] "GET /cms/wp-includes/wlwmanifest.xml HTTP/1.1" 404 229 "-" "Mozilla/5.0 (Windows NT 10.0; Win64; x64) AppleWebKit/537.36 (KHTML, like Gecko) Chrome/80.0.3987.149 Safari/537.36"
203.159.80.207 - - [31/Jul/2021:11:46:37 +0000] "GET /sito/wp-includes/wlwmanifest.xml HTTP/1.1" 404 230 "-" "Mozilla/5.0 (Windows NT 10.0; Win64; x64) AppleWebKit/537.36 (KHTML, like Gecko) Chrome/80.0.3987.149 Safari/537.36"
104.140.188.18 - - [31/Jul/2021:11:46:56 +0000] "GET / HTTP/1.1" 403 209 "-" "https://gdnplus.com:Gather Analyze Provide."
157.55.39.185 - - [31/Jul/2021:11:49:21 +0000] "GET /updates/idbi-bank-executives-2018-online-exam-result-out/ HTTP/1.1" 404 255 "-" "Mozilla/5.0 (compatible; bingbot/2.0; +http://www.bing.com/bingbot.htm)"
106.222.45.243 - - [31/Jul/2021:11:56:02 +0000] "-" 408 - "-" "-"
157.55.39.185 - - [31/Jul/2021:11:57:43 +0000] "GET /updates/daily-current-affairs-19th-november-2017/ HTTP/1.1" 404 247 "-" "Mozilla/5.0 (compatible; bingbot/2.0; +http://www.bing.com/bingbot.htm)"
114.119.150.210 - - [31/Jul/2021:11:58:01 +0000] "GET /updates/tag/ssc-cgl-2017-tier-2-exam-date/ HTTP/1.1" 404 240 "-" "Mozilla/5.0 (Linux; Android 7.0;) AppleWebKit/537.36 (KHTML, like Gecko) Mobile Safari/537.36 (compatible; PetalBot;+https://webmaster.petalsearch.com/site/petalbot)"
172.70.34.243 - - [31/Jul/2021:12:01:01 +0000] "GET /robots.txt HTTP/1.1" 404 208 "-" "Mozilla/5.0 (compatible; Googlebot/2.1; +http://www.google.com/bot.html)"
172.70.34.165 - - [31/Jul/2021:12:01:02 +0000] "GET / HTTP/1.1" 403 209 "-" "Mozilla/5.0 (compatible; Googlebot/2.1; +http://www.google.com/bot.html)"
157.47.234.230 - - [31/Jul/2021:12:03:11 +0000] "-" 408 - "-" "-"
157.47.234.230 - - [31/Jul/2021:12:03:11 +0000] "-" 408 - "-" "-"
66.249.66.24 - - [31/Jul/2021:12:06:04 +0000] "GET /afcat.html HTTP/1.1" 404 208 "-" "Mozilla/5.0 (compatible; Googlebot/2.1; +http://www.google.com/bot.html)"
114.119.146.145 - - [31/Jul/2021:12:06:36 +0000] "GET /online-test-series.html HTTP/1.1" 404 221 "-" "Mozilla/5.0 (Linux; Android 7.0;) AppleWebKit/537.36 (KHTML, like Gecko) Mobile Safari/537.36 (compatible; PetalBot;+https://webmaster.petalsearch.com/site/petalbot)"
168.119.65.48 - - [31/Jul/2021:12:06:49 +0000] "-" 408 - "-" "-"
106.208.55.199 - - [31/Jul/2021:12:10:00 +0000] "-" 408 - "-" "-"
106.208.55.199 - - [31/Jul/2021:12:10:00 +0000] "-" 408 - "-" "-"
66.249.66.20 - - [31/Jul/2021:12:10:52 +0000] "GET /nda-na-syllabus.html HTTP/1.1" 404 218 "-" "Mozilla/5.0 (Linux; Android 6.0.1; Nexus 5X Build/MMB29P) AppleWebKit/537.36 (KHTML, like Gecko) Chrome/92.0.4515.119 Mobile Safari/537.36 (compatible; Googlebot/2.1; +http://www.google.com/bot.html)"
114.119.162.33 - - [31/Jul/2021:12:15:02 +0000] "GET /updates/tag/clat-admission-procedure HTTP/1.1" 404 234 "-" "Mozilla/5.0 (Linux; Android 7.0;) AppleWebKit/537.36 (KHTML, like Gecko) Mobile Safari/537.36 (compatible; PetalBot;+https://webmaster.petalsearch.com/site/petalbot)"
40.77.167.106 - - [31/Jul/2021:12:15:38 +0000] "GET /updates/tag/nda-april-2020-paper-1-syllabus/ HTTP/1.1" 404 242 "-" "Mozilla/5.0 (compatible; bingbot/2.0; +http://www.bing.com/bingbot.htm)"
106.208.55.199 - - [31/Jul/2021:12:17:30 +0000] "-" 408 - "-" "-"
106.208.55.199 - - [31/Jul/2021:12:17:30 +0000] "-" 408 - "-" "-"
66.249.66.22 - - [31/Jul/2021:12:20:24 +0000] "GET /updates/page/98/?wordfence_logHuman=1&hid=B9A7647DDBA653E1B8128504C58C6116 HTTP/1.1" 404 214 "-" "Mozilla/5.0 (Linux; Android 6.0.1; Nexus 5X Build/MMB29P) AppleWebKit/537.36 (KHTML, like Gecko) Chrome/92.0.4515.119 Mobile Safari/537.36 (compatible; Googlebot/2.1; +http://www.google.com/bot.html)"
223.178.210.149 - - [31/Jul/2021:12:20:36 +0000] "-" 408 - "-" "-"
52.42.30.234 - - [31/Jul/2021:12:24:27 +0000] "GET / HTTP/1.1" 403 209 "-" "Mozilla/5.0 (X11; Linux x86_64) AppleWebKit/537.36 (KHTML, like Gecko) Chrome/83.0.4103.97 Safari/537.36"
192.29.97.49 - - [31/Jul/2021:12:26:07 +0000] "HEAD /robots.txt HTTP/1.1" 404 - "-" "DF Bot 1.0"
192.29.97.49 - - [31/Jul/2021:12:26:08 +0000] "GET /robots.txt HTTP/1.1" 404 208 "-" "DF Bot 1.0"
192.29.97.49 - - [31/Jul/2021:12:26:08 +0000] "GET / HTTP/1.1" 403 209 "-" "DF Bot 1.0"
106.13.238.108 - - [31/Jul/2021:12:27:19 +0000] "POST //up/xinshaigu.php HTTP/1.1" 404 214 "http://misc.yahoo.com.cn/" "Mozilla/5.0 (compatible; Yahoo! Slurp China; http://misc.yahoo.com.cn/help.html)"
106.13.238.108 - - [31/Jul/2021:12:27:20 +0000] "POST //up/xinshaigu.php HTTP/1.1" 404 214 "http://misc.yahoo.com.cn/" "Mozilla/5.0 (compatible; Yahoo! Slurp China; http://misc.yahoo.com.cn/help.html)"
106.13.238.108 - - [31/Jul/2021:12:27:20 +0000] "POST //up/xinshaigu.php HTTP/1.1" 404 214 "http://misc.yahoo.com.cn/" "Mozilla/5.0 (compatible; Yahoo! Slurp China; http://misc.yahoo.com.cn/help.html)"
3.93.212.75 - - [31/Jul/2021:12:28:21 +0000] "GET /ads.txt HTTP/1.1" 404 205 "-" "AdsTxtCrawler/1.0.2"
20.69.185.4 - - [31/Jul/2021:12:29:40 +0000] "-" 408 - "-" "-"
185.191.171.38 - - [31/Jul/2021:12:29:41 +0000] "GET /robots.txt HTTP/1.1" 404 208 "-" "Mozilla/5.0 (compatible; SemrushBot/7~bl; +http://www.semrush.com/bot.html)"
185.191.171.1 - - [31/Jul/2021:12:29:42 +0000] "GET /how-to-purchase.html HTTP/1.1" 404 218 "-" "Mozilla/5.0 (compatible; SemrushBot/7~bl; +http://www.semrush.com/bot.html)"
66.249.66.24 - - [31/Jul/2021:12:29:57 +0000] "GET /about-cds-exams.html HTTP/1.1" 404 218 "-" "Mozilla/5.0 (Linux; Android 6.0.1; Nexus 5X Build/MMB29P) AppleWebKit/537.36 (KHTML, like Gecko) Chrome/92.0.4515.119 Mobile Safari/537.36 (compatible; Googlebot/2.1; +http://www.google.com/bot.html)"
43.239.206.29 - - [31/Jul/2021:12:30:44 +0000] "-" 408 - "-" "-"
114.119.146.145 - - [31/Jul/2021:12:32:26 +0000] "GET /updates/ibps-cwe-rrb-vi-office-assistant-2017-main-exam-call-letter-out HTTP/1.1" 404 269 "-" "Mozilla/5.0 (Linux; Android 7.0;) AppleWebKit/537.36 (KHTML, like Gecko) Mobile Safari/537.36 (compatible; PetalBot;+https://webmaster.petalsearch.com/site/petalbot)"
34.74.89.118 - - [31/Jul/2021:12:32:28 +0000] "GET /robots.txt HTTP/1.0" 404 208 "-" "ZoominfoBot (zoominfobot at zoominfo dot com)"
34.74.89.118 - - [31/Jul/2021:12:32:29 +0000] "GET /classroom-program-for-ssc.html HTTP/1.0" 404 228 "-" "ZoominfoBot (zoominfobot at zoominfo dot com)"
66.249.66.70 - - [31/Jul/2021:12:34:50 +0000] "GET / HTTP/1.1" 403 209 "-" "Mozilla/5.0 (Linux; Android 6.0.1; Nexus 5X Build/MMB29P) AppleWebKit/537.36 (KHTML, like Gecko) Chrome/91.0.4472.90 Mobile Safari/537.36 (compatible; Googlebot/2.1; +http://www.google.com/bot.html)"
95.163.255.129 - - [31/Jul/2021:12:37:09 +0000] "GET /robots.txt HTTP/1.0" 404 208 "-" "Mozilla/5.0 (compatible; Linux x86_64; Mail.RU_Bot/Img/2.0; +http://go.mail.ru/help/robots)"
95.163.255.131 - - [31/Jul/2021:12:37:36 +0000] "GET /updates/wp-content/uploads/2016/07/IBPS-PO-2016-Exam-Dates.png HTTP/1.1" 404 260 "http://go.mail.ru/search_images" "Mozilla/5.0 (compatible; Linux x86_64; Mail.RU_Bot/Img/2.0; +http://go.mail.ru/help/robots)"
128.14.134.134 - - [31/Jul/2021:12:38:51 +0000] "GET / HTTP/1.1" 403 209 "-" "Mozilla/5.0 (Windows NT 10.0; Win64; x64) AppleWebKit/537.36 (KHTML, like Gecko) Chrome/60.0.3112.113 Safari/537.36"
66.249.66.24 - - [31/Jul/2021:12:39:31 +0000] "GET /updates/tag/ssc-cgl-coaching-in-hauz-khas-delhi/ HTTP/1.1" 404 246 "-" "Mozilla/5.0 (compatible; Googlebot/2.1; +http://www.google.com/bot.html)"
34.74.89.118 - - [31/Jul/2021:12:39:34 +0000] "GET /robots.txt HTTP/1.0" 404 208 "-" "ZoominfoBot (zoominfobot at zoominfo dot com)"
34.74.89.118 - - [31/Jul/2021:12:39:35 +0000] "GET /updates/ibps-po-coaching/ HTTP/1.0" 404 223 "-" "ZoominfoBot (zoominfobot at zoominfo dot com)"
114.119.162.33 - - [31/Jul/2021:12:41:04 +0000] "GET /updates/ssc-chsl-2016-exam-notification-for-deoldcpasacourt-clerk HTTP/1.1" 404 263 "-" "Mozilla/5.0 (Linux; Android 7.0;) AppleWebKit/537.36 (KHTML, like Gecko) Mobile Safari/537.36 (compatible; PetalBot;+https://webmaster.petalsearch.com/site/petalbot)"
40.77.167.74 - - [31/Jul/2021:12:41:19 +0000] "GET /pdf/nda-i-2014-maths-question-paper.pdf HTTP/1.1" 404 237 "-" "Mozilla/5.0 (compatible; bingbot/2.0; +http://www.bing.com/bingbot.htm)"
34.74.89.118 - - [31/Jul/2021:12:43:01 +0000] "GET /updates/category/notification/ HTTP/1.0" 404 228 "-" "ZoominfoBot (zoominfobot at zoominfo dot com)"
66.249.66.20 - - [31/Jul/2021:12:44:18 +0000] "GET /cds-coaching.html HTTP/1.1" 404 215 "-" "Mozilla/5.0 (Linux; Android 6.0.1; Nexus 5X Build/MMB29P) AppleWebKit/537.36 (KHTML, like Gecko) Chrome/92.0.4515.119 Mobile Safari/537.36 (compatible; Googlebot/2.1; +http://www.google.com/bot.html)"
34.74.89.118 - - [31/Jul/2021:12:45:46 +0000] "GET /about-state-tet-ctet.html HTTP/1.0" 404 223 "-" "ZoominfoBot (zoominfobot at zoominfo dot com)"
34.74.89.118 - - [31/Jul/2021:12:46:34 +0000] "GET /cds-coaching.html HTTP/1.0" 404 215 "-" "ZoominfoBot (zoominfobot at zoominfo dot com)"
114.119.135.48 - - [31/Jul/2021:12:47:13 +0000] "GET /robots.txt HTTP/1.1" 404 208 "-" "Mozilla/5.0 (compatible;PetalBot;+https://webmaster.petalsearch.com/site/petalbot)"
14.102.66.108 - - [31/Jul/2021:12:47:32 +0000] "-" 408 - "-" "-"
34.74.89.118 - - [31/Jul/2021:12:47:36 +0000] "GET /clat.html HTTP/1.0" 404 207 "-" "ZoominfoBot (zoominfobot at zoominfo dot com)"
34.74.89.118 - - [31/Jul/2021:12:49:01 +0000] "GET /cds-coaching.html HTTP/1.0" 404 215 "-" "ZoominfoBot (zoominfobot at zoominfo dot com)"
66.249.66.24 - - [31/Jul/2021:12:49:04 +0000] "GET /nda-crash-course.html HTTP/1.1" 404 219 "-" "Mozilla/5.0 (compatible; Googlebot/2.1; +http://www.google.com/bot.html)"
34.74.89.118 - - [31/Jul/2021:12:49:45 +0000] "GET /classroom-program-for-bank.html HTTP/1.0" 404 229 "-" "ZoominfoBot (zoominfobot at zoominfo dot com)"
40.77.167.25 - - [31/Jul/2021:12:52:53 +0000] "GET /updates/daily-current-affairs-22nd-december-2017/ HTTP/1.1" 404 247 "-" "Mozilla/5.0 (compatible; bingbot/2.0; +http://www.bing.com/bingbot.htm)"
34.74.89.118 - - [31/Jul/2021:12:53:07 +0000] "GET /dsssb-coaching.html HTTP/1.0" 404 217 "-" "ZoominfoBot (zoominfobot at zoominfo dot com)"
40.77.167.74 - - [31/Jul/2021:12:53:08 +0000] "GET /updates/daily-current-affairs-30th-january-2018/ HTTP/1.1" 404 246 "-" "Mozilla/5.0 (compatible; bingbot/2.0; +http://www.bing.com/bingbot.htm)"
34.74.89.118 - - [31/Jul/2021:12:53:15 +0000] "GET /nda-coaching-in-delhi.html HTTP/1.0" 404 224 "-" "ZoominfoBot (zoominfobot at zoominfo dot com)"
17.121.115.230 - - [31/Jul/2021:12:54:25 +0000] "GET /why-aim-achieve.html HTTP/1.1" 404 218 "-" "Mozilla/5.0 (Macintosh; Intel Mac OS X 10_15_5) AppleWebKit/605.1.15 (KHTML, like Gecko) Version/13.1.1 Safari/605.1.15 (Applebot/0.1; +http://www.apple.com/go/applebot)"
114.119.160.195 - - [31/Jul/2021:12:55:30 +0000] "GET /updates/tag/ibps-specialist-officer-exam-2015 HTTP/1.1" 404 243 "-" "Mozilla/5.0 (Linux; Android 7.0;) AppleWebKit/537.36 (KHTML, like Gecko) Mobile Safari/537.36 (compatible; PetalBot;+https://webmaster.petalsearch.com/site/petalbot)"
47.9.95.125 - - [31/Jul/2021:12:55:44 +0000] "-" 408 - "-" "-"
157.55.39.65 - - [31/Jul/2021:12:56:34 +0000] "GET /updates/ssc-final-annual-exam-calendar-2018-19-released/ HTTP/1.1" 404 254 "-" "Mozilla/5.0 (compatible; bingbot/2.0; +http://www.bing.com/bingbot.htm)"
34.74.89.118 - - [31/Jul/2021:12:58:26 +0000] "GET /clat-classroom-program.html HTTP/1.0" 404 225 "-" "ZoominfoBot (zoominfobot at zoominfo dot com)"
5.45.207.143 - - [31/Jul/2021:12:59:02 +0000] "GET /robots.txt HTTP/1.1" 404 208 "-" "Mozilla/5.0 (compatible; YandexBot/3.0; +http://yandex.com/bots)"
