47.15.162.191 - - [29/Jul/2021:12:25:14 +0000] "GET /webmail/skins/elastic/watermark.html HTTP/1.1" 200 432 "https://bhaskarclasses.com/webmail/?_task=mail&_token=d6p7dipEeq8mok004UulykzVUgjAmmmx" "Mozilla/5.0 (Linux; Android 10; Mi A2) AppleWebKit/537.36 (KHTML, like Gecko) Chrome/91.0.4472.120 Mobile Safari/537.36"
47.15.162.191 - - [29/Jul/2021:12:25:14 +0000] "GET /webmail/program/resources/blank.webp HTTP/1.1" 200 86 "https://bhaskarclasses.com/webmail/?_task=mail&_mbox=INBOX" "Mozilla/5.0 (Linux; Android 10; Mi A2) AppleWebKit/537.36 (KHTML, like Gecko) Chrome/91.0.4472.120 Mobile Safari/537.36"
47.15.162.191 - - [29/Jul/2021:12:25:14 +0000] "GET /webmail/program/resources/blank.tiff HTTP/1.1" 200 270 "https://bhaskarclasses.com/webmail/?_task=mail&_mbox=INBOX" "Mozilla/5.0 (Linux; Android 10; Mi A2) AppleWebKit/537.36 (KHTML, like Gecko) Chrome/91.0.4472.120 Mobile Safari/537.36"
47.15.162.191 - - [29/Jul/2021:12:25:14 +0000] "GET /webmail/?_task=mail&_action=getunread&_page=1&_remote=1&_unlock=0&_=1627561513348 HTTP/1.1" 200 273 "https://bhaskarclasses.com/webmail/?_task=mail&_mbox=INBOX" "Mozilla/5.0 (Linux; Android 10; Mi A2) AppleWebKit/537.36 (KHTML, like Gecko) Chrome/91.0.4472.120 Mobile Safari/537.36"
47.15.162.191 - - [29/Jul/2021:12:25:14 +0000] "GET /webmail/?_task=mail&_action=list&_refresh=1&_layout=widescreen&_mbox=INBOX&_remote=1&_unlock=loading1627561514110&_=1627561513347 HTTP/1.1" 200 6156 "https://bhaskarclasses.com/webmail/?_task=mail&_token=d6p7dipEeq8mok004UulykzVUgjAmmmx" "Mozilla/5.0 (Linux; Android 10; Mi A2) AppleWebKit/537.36 (KHTML, like Gecko) Chrome/91.0.4472.120 Mobile Safari/537.36"
47.15.162.191 - - [29/Jul/2021:12:25:33 +0000] "-" 408 - "-" "-"
47.15.162.191 - - [29/Jul/2021:12:26:15 +0000] "POST /webmail/?_task=mail&_action=refresh HTTP/1.1" 200 110 "https://bhaskarclasses.com/webmail/?_task=mail&_mbox=INBOX" "Mozilla/5.0 (Linux; Android 10; Mi A2) AppleWebKit/537.36 (KHTML, like Gecko) Chrome/91.0.4472.120 Mobile Safari/537.36"
74.125.212.30 - - [29/Jul/2021:12:26:26 +0000] "GET /pmt-courses/ HTTP/1.1" 404 210 "-" "Mozilla/5.0 (Linux; Android 4.2.1; en-us; Nexus 5 Build/JOP40D) AppleWebKit/535.19 (KHTML, like Gecko; googleweblight) Chrome/38.0.1025.166 Mobile Safari/535.19"
207.46.13.34 - - [29/Jul/2021:12:26:33 +0000] "GET /best-btech-maths-coaching-in-liluah-kolkata HTTP/1.1" 404 241 "-" "Mozilla/5.0 (compatible; bingbot/2.0; +http://www.bing.com/bingbot.htm)"
47.15.162.191 - - [29/Jul/2021:12:27:15 +0000] "POST /webmail/?_task=mail&_action=refresh HTTP/1.1" 200 110 "https://bhaskarclasses.com/webmail/?_task=mail&_mbox=INBOX" "Mozilla/5.0 (Linux; Android 10; Mi A2) AppleWebKit/537.36 (KHTML, like Gecko) Chrome/91.0.4472.120 Mobile Safari/537.36"
47.15.162.191 - - [29/Jul/2021:12:28:00 +0000] "GET / HTTP/1.1" 200 5048 "-" "WhatsApp/2.21.13.28 A"
47.15.162.191 - - [29/Jul/2021:12:28:02 +0000] "GET /we HTTP/1.1" 404 200 "-" "WhatsApp/2.21.13.28 A"
47.15.162.191 - - [29/Jul/2021:12:28:03 +0000] "GET /web HTTP/1.1" 404 201 "-" "WhatsApp/2.21.13.28 A"
47.15.162.191 - - [29/Jul/2021:12:28:03 +0000] "GET /webm HTTP/1.1" 404 202 "-" "WhatsApp/2.21.13.28 A"
47.15.162.191 - - [29/Jul/2021:12:28:03 +0000] "GET /webma HTTP/1.1" 404 203 "-" "WhatsApp/2.21.13.28 A"
47.15.162.191 - - [29/Jul/2021:12:28:03 +0000] "GET /webmai HTTP/1.1" 404 204 "-" "WhatsApp/2.21.13.28 A"
47.15.162.191 - - [29/Jul/2021:12:28:04 +0000] "GET /webmail HTTP/1.1" 301 243 "-" "WhatsApp/2.21.13.28 A"
47.15.162.191 - - [29/Jul/2021:12:28:04 +0000] "GET /webmail/ HTTP/1.1" 200 4963 "-" "WhatsApp/2.21.13.28 A"
47.15.162.191 - - [29/Jul/2021:12:28:16 +0000] "POST /webmail/?_task=mail&_action=refresh HTTP/1.1" 200 110 "https://bhaskarclasses.com/webmail/?_task=mail&_mbox=INBOX" "Mozilla/5.0 (Linux; Android 10; Mi A2) AppleWebKit/537.36 (KHTML, like Gecko) Chrome/91.0.4472.120 Mobile Safari/537.36"
47.15.162.191 - - [29/Jul/2021:12:28:36 +0000] "-" 408 - "-" "-"
204.246.159.170 - - [29/Jul/2021:12:28:57 +0000] "GET /contact-us.php HTTP/1.1" 404 212 "-" "-"
204.246.159.170 - - [29/Jul/2021:12:28:57 +0000] "GET /contact-us.php HTTP/1.1" 404 212 "http://www.google.com" "Mozilla/5.0 (X11; Linux x86_64; rv:67.0) Gecko/20100101 Firefox/67.0"
47.15.162.191 - - [29/Jul/2021:12:28:57 +0000] "GET /webmail/skins/elastic/fonts/fa-regular-400.woff2 HTTP/1.1" 200 13580 "https://bhaskarclasses.com/webmail/skins/elastic/styles/styles.css?s=1612812581" "Mozilla/5.0 (Linux; Android 10; Mi A2) AppleWebKit/537.36 (KHTML, like Gecko) Chrome/91.0.4472.120 Mobile Safari/537.36"
47.15.162.191 - - [29/Jul/2021:12:28:58 +0000] "-" 408 - "-" "-"
77.75.77.62 - - [29/Jul/2021:12:29:10 +0000] "GET /robots.txt HTTP/1.1" 404 208 "-" "Mozilla/5.0 (compatible; SeznamBot/3.2; +http://napoveda.seznam.cz/en/seznambot-intro/)"
77.75.77.62 - - [29/Jul/2021:12:29:12 +0000] "GET /srinagar-gulmarg-tour-package.html HTTP/1.1" 404 232 "-" "Mozilla/5.0 (compatible; SeznamBot/3.2; +http://napoveda.seznam.cz/en/seznambot-intro/)"
47.15.162.191 - - [29/Jul/2021:12:29:14 +0000] "POST /webmail/?_task=mail&_action=refresh HTTP/1.1" 200 110 "https://bhaskarclasses.com/webmail/?_task=mail&_mbox=INBOX" "Mozilla/5.0 (Linux; Android 10; Mi A2) AppleWebKit/537.36 (KHTML, like Gecko) Chrome/91.0.4472.120 Mobile Safari/537.36"
47.15.162.191 - - [29/Jul/2021:12:29:21 +0000] "GET /webmail/?_task=mail&_caps=pdf%3D0%2Cflash%3D0%2Ctiff%3D0%2Cwebp%3D1&_uid=9&_mbox=INBOX&_framed=1&_action=preview HTTP/1.1" 200 33788 "https://bhaskarclasses.com/webmail/?_task=mail&_mbox=INBOX" "Mozilla/5.0 (Linux; Android 10; Mi A2) AppleWebKit/537.36 (KHTML, like Gecko) Chrome/91.0.4472.120 Mobile Safari/537.36"
47.15.162.191 - - [29/Jul/2021:12:29:21 +0000] "GET /webmail/program/resources/blocked.gif HTTP/1.1" 200 118 "https://bhaskarclasses.com/webmail/?_task=mail&_caps=pdf%3D0%2Cflash%3D0%2Ctiff%3D0%2Cwebp%3D1&_uid=9&_mbox=INBOX&_framed=1&_action=preview" "Mozilla/5.0 (Linux; Android 10; Mi A2) AppleWebKit/537.36 (KHTML, like Gecko) Chrome/91.0.4472.120 Mobile Safari/537.36"
47.15.162.191 - - [29/Jul/2021:12:29:21 +0000] "GET /webmail/?_task=addressbook&_action=photo&_email=jyotika.a%40razorpay.com&_error=1 HTTP/1.1" 404 - "https://bhaskarclasses.com/webmail/?_task=mail&_caps=pdf%3D0%2Cflash%3D0%2Ctiff%3D0%2Cwebp%3D1&_uid=9&_mbox=INBOX&_framed=1&_action=preview" "Mozilla/5.0 (Linux; Android 10; Mi A2) AppleWebKit/537.36 (KHTML, like Gecko) Chrome/91.0.4472.120 Mobile Safari/537.36"
47.15.162.191 - - [29/Jul/2021:12:29:22 +0000] "GET /webmail/skins/elastic/images/contactpic.svg HTTP/1.1" 200 400 "https://bhaskarclasses.com/webmail/?_task=mail&_caps=pdf%3D0%2Cflash%3D0%2Ctiff%3D0%2Cwebp%3D1&_uid=9&_mbox=INBOX&_framed=1&_action=preview" "Mozilla/5.0 (Linux; Android 10; Mi A2) AppleWebKit/537.36 (KHTML, like Gecko) Chrome/91.0.4472.120 Mobile Safari/537.36"
47.15.162.191 - - [29/Jul/2021:12:29:42 +0000] "GET /webmail/?_task=logout&_token=d6p7dipEeq8mok004UulykzVUgjAmmmx HTTP/1.1" 200 5168 "https://bhaskarclasses.com/webmail/?_task=mail&_mbox=INBOX" "Mozilla/5.0 (Linux; Android 10; Mi A2) AppleWebKit/537.36 (KHTML, like Gecko) Chrome/91.0.4472.120 Mobile Safari/537.36"
157.55.39.178 - - [29/Jul/2021:12:30:24 +0000] "GET /contact-us/ HTTP/1.1" 404 209 "-" "Mozilla/5.0 (compatible; bingbot/2.0; +http://www.bing.com/bingbot.htm)"
47.15.162.191 - - [29/Jul/2021:12:31:47 +0000] "GET /webmail/?_task=logout&_token=d6p7dipEeq8mok004UulykzVUgjAmmmx HTTP/1.1" 200 5046 "https://bhaskarclasses.com/webmail/?_task=mail&_mbox=INBOX" "Mozilla/5.0 (Linux; Android 10; Mi A2) AppleWebKit/537.36 (KHTML, like Gecko) Chrome/91.0.4472.120 Mobile Safari/537.36"
47.15.162.191 - - [29/Jul/2021:12:32:07 +0000] "-" 408 - "-" "-"
66.249.72.28 - - [29/Jul/2021:12:33:21 +0000] "GET /feed/ HTTP/1.1" 404 203 "-" "Mozilla/5.0 (compatible; Googlebot/2.1; +http://www.google.com/bot.html)"
77.75.77.62 - - [29/Jul/2021:12:33:50 +0000] "GET /robots.txt HTTP/1.1" 404 208 "-" "Mozilla/5.0 (compatible; SeznamBot/3.2; +http://napoveda.seznam.cz/en/seznambot-intro/)"
77.75.77.62 - - [29/Jul/2021:12:33:52 +0000] "GET /iit-jee-sample-solved-question-papers/ HTTP/1.1" 404 236 "-" "Mozilla/5.0 (compatible; SeznamBot/3.2; +http://napoveda.seznam.cz/en/seznambot-intro/)"
77.75.77.62 - - [29/Jul/2021:12:33:54 +0000] "GET /jee-main-capsule-course/ HTTP/1.1" 404 222 "-" "Mozilla/5.0 (compatible; SeznamBot/3.2; +http://napoveda.seznam.cz/en/seznambot-intro/)"
66.249.75.78 - - [29/Jul/2021:12:36:42 +0000] "GET /robots.txt HTTP/1.1" 404 208 "-" "Mozilla/5.0 (compatible; Googlebot/2.1; +http://www.google.com/bot.html)"
66.249.75.76 - - [29/Jul/2021:12:36:43 +0000] "GET / HTTP/1.1" 200 5048 "-" "Mozilla/5.0 (compatible; Googlebot/2.1; +http://www.google.com/bot.html)"
128.1.248.26 - - [29/Jul/2021:12:40:23 +0000] "GET / HTTP/1.1" 200 5048 "-" "Mozilla/5.0 (Windows NT 10.0; Win64; x64) AppleWebKit/537.36 (KHTML, like Gecko) Chrome/60.0.3112.113 Safari/537.36"
172.68.65.237 - - [29/Jul/2021:12:41:36 +0000] "GET /product-category/uncategorized HTTP/1.1" 404 228 "-" "Mozilla/5.0 (Linux; Android 6.0.1; Nexus 5X Build/MMB29P) AppleWebKit/537.36 (KHTML, like Gecko) Chrome/91.0.4472.90 Mobile Safari/537.36 (compatible; Googlebot/2.1; +http://www.google.com/bot.html)"
114.119.148.242 - - [29/Jul/2021:12:42:08 +0000] "GET /robots.txt HTTP/1.1" 404 208 "-" "Mozilla/5.0 (compatible;PetalBot;+https://webmaster.petalsearch.com/site/petalbot)"
207.46.13.134 - - [29/Jul/2021:12:42:54 +0000] "GET /package-north-east-package-manas-national-park-cost-13510-per-person.html HTTP/1.1" 404 271 "-" "Mozilla/5.0 (compatible; bingbot/2.0; +http://www.bing.com/bingbot.htm)"
66.249.69.120 - - [29/Jul/2021:12:45:21 +0000] "GET /karnataka-beach-tour.html HTTP/1.1" 404 223 "-" "Mozilla/5.0 (Linux; Android 6.0.1; Nexus 5X Build/MMB29P) AppleWebKit/537.36 (KHTML, like Gecko) Chrome/91.0.4472.90 Mobile Safari/537.36 (compatible; Googlebot/2.1; +http://www.google.com/bot.html)"
114.119.140.237 - - [29/Jul/2021:12:48:58 +0000] "GET /robots.txt HTTP/1.1" 404 208 "-" "Mozilla/5.0 (compatible;PetalBot;+https://webmaster.petalsearch.com/site/petalbot)"
66.249.72.30 - - [29/Jul/2021:12:49:05 +0000] "GET /neet/ HTTP/1.1" 404 203 "-" "Mozilla/5.0 (Linux; Android 6.0.1; Nexus 5X Build/MMB29P) AppleWebKit/537.36 (KHTML, like Gecko) Chrome/91.0.4472.90 Mobile Safari/537.36 (compatible; Googlebot/2.1; +http://www.google.com/bot.html)"
195.181.168.175 - - [29/Jul/2021:12:55:25 +0000] "GET /contact.html HTTP/1.1" 404 210 "-" "Mozilla/5.0 (Windows NT 6.2; Win64; x64; rv:61.0) Gecko/20100101 Firefox/61.0"
40.77.167.79 - - [29/Jul/2021:12:57:37 +0000] "GET /ib-maths-online-coaching-in-akshar-dham-new-delhi HTTP/1.1" 404 247 "-" "Mozilla/5.0 (compatible; bingbot/2.0; +http://www.bing.com/bingbot.htm)"
157.55.39.152 - - [29/Jul/2021:12:57:53 +0000] "GET /galleryimg/kerala-honeymoon2.jpg HTTP/1.1" 404 230 "-" "Mozilla/5.0 (compatible; bingbot/2.0; +http://www.bing.com/bingbot.htm)"
108.162.246.127 - - [29/Jul/2021:12:59:50 +0000] "GET / HTTP/1.1" 200 5048 "-" "Mozilla/5.0 (compatible; bingbot/2.0; +http://www.bing.com/bingbot.htm)"
139.167.239.230 - - [29/Jul/2021:13:06:20 +0000] "-" 408 - "-" "-"
106.223.3.155 - - [29/Jul/2021:13:08:00 +0000] "GET /roundcube/?_autologin=1&sess=ZXlKMWMyVnlJam9pYW1sMFpXNWtjbUV1YTJoaGNtVkFibXRuZEdWamFHMWhjblF1WTI5dElpd2ljR0Z6Y3lJNklqUTNaVGMxTURNellUZGlZaUlzSW1odmMzUWlPaUpzYjJOaGJHaHZjM1FpTENKa1lYUmxJanBtWVd4elpYMD0= HTTP/1.1" 301 436 "https://nkgtechmart.com:2083/" "Mozilla/5.0 (Windows NT 10.0; Win64; x64) AppleWebKit/537.36 (KHTML, like Gecko) Chrome/92.0.4515.107 Safari/537.36"
106.223.3.155 - - [29/Jul/2021:13:08:00 +0000] "GET /webmail//?_autologin=1&sess=ZXlKMWMyVnlJam9pYW1sMFpXNWtjbUV1YTJoaGNtVkFibXRuZEdWamFHMWhjblF1WTI5dElpd2ljR0Z6Y3lJNklqUTNaVGMxTURNellUZGlZaUlzSW1odmMzUWlPaUpzYjJOaGJHaHZjM1FpTENKa1lYUmxJanBtWVd4elpYMD0= HTTP/1.1" 401 5234 "https://nkgtechmart.com:2083/" "Mozilla/5.0 (Windows NT 10.0; Win64; x64) AppleWebKit/537.36 (KHTML, like Gecko) Chrome/92.0.4515.107 Safari/537.36"
106.223.3.155 - - [29/Jul/2021:13:08:00 +0000] "GET /webmail//skins/elastic/deps/bootstrap.min.css?s=1612812589 HTTP/1.1" 200 155713 "https://165.232.190.148/webmail//?_autologin=1&sess=ZXlKMWMyVnlJam9pYW1sMFpXNWtjbUV1YTJoaGNtVkFibXRuZEdWamFHMWhjblF1WTI5dElpd2ljR0Z6Y3lJNklqUTNaVGMxTURNellUZGlZaUlzSW1odmMzUWlPaUpzYjJOaGJHaHZjM1FpTENKa1lYUmxJanBtWVd4elpYMD0=" "Mozilla/5.0 (Windows NT 10.0; Win64; x64) AppleWebKit/537.36 (KHTML, like Gecko) Chrome/92.0.4515.107 Safari/537.36"
106.223.3.155 - - [29/Jul/2021:13:08:01 +0000] "GET /webmail//plugins/jqueryui/themes/elastic/jquery-ui.css?s=1612812580 HTTP/1.1" 200 34190 "https://165.232.190.148/webmail//?_autologin=1&sess=ZXlKMWMyVnlJam9pYW1sMFpXNWtjbUV1YTJoaGNtVkFibXRuZEdWamFHMWhjblF1WTI5dElpd2ljR0Z6Y3lJNklqUTNaVGMxTURNellUZGlZaUlzSW1odmMzUWlPaUpzYjJOaGJHaHZjM1FpTENKa1lYUmxJanBtWVd4elpYMD0=" "Mozilla/5.0 (Windows NT 10.0; Win64; x64) AppleWebKit/537.36 (KHTML, like Gecko) Chrome/92.0.4515.107 Safari/537.36"
106.223.3.155 - - [29/Jul/2021:13:08:01 +0000] "GET /webmail//program/js/common.min.js?s=1612812581 HTTP/1.1" 200 13186 "https://165.232.190.148/webmail//?_autologin=1&sess=ZXlKMWMyVnlJam9pYW1sMFpXNWtjbUV1YTJoaGNtVkFibXRuZEdWamFHMWhjblF1WTI5dElpd2ljR0Z6Y3lJNklqUTNaVGMxTURNellUZGlZaUlzSW1odmMzUWlPaUpzYjJOaGJHaHZjM1FpTENKa1lYUmxJanBtWVd4elpYMD0=" "Mozilla/5.0 (Windows NT 10.0; Win64; x64) AppleWebKit/537.36 (KHTML, like Gecko) Chrome/92.0.4515.107 Safari/537.36"
106.223.3.155 - - [29/Jul/2021:13:08:01 +0000] "GET /webmail//program/js/jstz.min.js?s=1612812585 HTTP/1.1" 200 13835 "https://165.232.190.148/webmail//?_autologin=1&sess=ZXlKMWMyVnlJam9pYW1sMFpXNWtjbUV1YTJoaGNtVkFibXRuZEdWamFHMWhjblF1WTI5dElpd2ljR0Z6Y3lJNklqUTNaVGMxTURNellUZGlZaUlzSW1odmMzUWlPaUpzYjJOaGJHaHZjM1FpTENKa1lYUmxJanBtWVd4elpYMD0=" "Mozilla/5.0 (Windows NT 10.0; Win64; x64) AppleWebKit/537.36 (KHTML, like Gecko) Chrome/92.0.4515.107 Safari/537.36"
106.223.3.155 - - [29/Jul/2021:13:08:01 +0000] "GET /webmail//skins/elastic/styles/styles.css?s=1612812581 HTTP/1.1" 200 103595 "https://165.232.190.148/webmail//?_autologin=1&sess=ZXlKMWMyVnlJam9pYW1sMFpXNWtjbUV1YTJoaGNtVkFibXRuZEdWamFHMWhjblF1WTI5dElpd2ljR0Z6Y3lJNklqUTNaVGMxTURNellUZGlZaUlzSW1odmMzUWlPaUpzYjJOaGJHaHZjM1FpTENKa1lYUmxJanBtWVd4elpYMD0=" "Mozilla/5.0 (Windows NT 10.0; Win64; x64) AppleWebKit/537.36 (KHTML, like Gecko) Chrome/92.0.4515.107 Safari/537.36"
106.223.3.155 - - [29/Jul/2021:13:08:01 +0000] "GET /webmail//program/js/jquery.min.js?s=1612812585 HTTP/1.1" 200 89595 "https://165.232.190.148/webmail//?_autologin=1&sess=ZXlKMWMyVnlJam9pYW1sMFpXNWtjbUV1YTJoaGNtVkFibXRuZEdWamFHMWhjblF1WTI5dElpd2ljR0Z6Y3lJNklqUTNaVGMxTURNellUZGlZaUlzSW1odmMzUWlPaUpzYjJOaGJHaHZjM1FpTENKa1lYUmxJanBtWVd4elpYMD0=" "Mozilla/5.0 (Windows NT 10.0; Win64; x64) AppleWebKit/537.36 (KHTML, like Gecko) Chrome/92.0.4515.107 Safari/537.36"
106.223.3.155 - - [29/Jul/2021:13:08:01 +0000] "GET /webmail//plugins/jqueryui/js/jquery-ui.min.js?s=1612812580 HTTP/1.1" 200 259776 "https://165.232.190.148/webmail//?_autologin=1&sess=ZXlKMWMyVnlJam9pYW1sMFpXNWtjbUV1YTJoaGNtVkFibXRuZEdWamFHMWhjblF1WTI5dElpd2ljR0Z6Y3lJNklqUTNaVGMxTURNellUZGlZaUlzSW1odmMzUWlPaUpzYjJOaGJHaHZjM1FpTENKa1lYUmxJanBtWVd4elpYMD0=" "Mozilla/5.0 (Windows NT 10.0; Win64; x64) AppleWebKit/537.36 (KHTML, like Gecko) Chrome/92.0.4515.107 Safari/537.36"
106.223.3.155 - - [29/Jul/2021:13:08:01 +0000] "GET /webmail//program/js/app.min.js?s=1612812581 HTTP/1.1" 200 172281 "https://165.232.190.148/webmail//?_autologin=1&sess=ZXlKMWMyVnlJam9pYW1sMFpXNWtjbUV1YTJoaGNtVkFibXRuZEdWamFHMWhjblF1WTI5dElpd2ljR0Z6Y3lJNklqUTNaVGMxTURNellUZGlZaUlzSW1odmMzUWlPaUpzYjJOaGJHaHZjM1FpTENKa1lYUmxJanBtWVd4elpYMD0=" "Mozilla/5.0 (Windows NT 10.0; Win64; x64) AppleWebKit/537.36 (KHTML, like Gecko) Chrome/92.0.4515.107 Safari/537.36"
106.223.3.155 - - [29/Jul/2021:13:08:01 +0000] "GET /webmail//skins/elastic/deps/bootstrap.bundle.min.js?s=1612812589 HTTP/1.1" 200 78587 "https://165.232.190.148/webmail//?_autologin=1&sess=ZXlKMWMyVnlJam9pYW1sMFpXNWtjbUV1YTJoaGNtVkFibXRuZEdWamFHMWhjblF1WTI5dElpd2ljR0Z6Y3lJNklqUTNaVGMxTURNellUZGlZaUlzSW1odmMzUWlPaUpzYjJOaGJHaHZjM1FpTENKa1lYUmxJanBtWVd4elpYMD0=" "Mozilla/5.0 (Windows NT 10.0; Win64; x64) AppleWebKit/537.36 (KHTML, like Gecko) Chrome/92.0.4515.107 Safari/537.36"
106.223.3.155 - - [29/Jul/2021:13:08:01 +0000] "GET /webmail//skins/elastic/ui.min.js?s=1612812581 HTTP/1.1" 200 60311 "https://165.232.190.148/webmail//?_autologin=1&sess=ZXlKMWMyVnlJam9pYW1sMFpXNWtjbUV1YTJoaGNtVkFibXRuZEdWamFHMWhjblF1WTI5dElpd2ljR0Z6Y3lJNklqUTNaVGMxTURNellUZGlZaUlzSW1odmMzUWlPaUpzYjJOaGJHaHZjM1FpTENKa1lYUmxJanBtWVd4elpYMD0=" "Mozilla/5.0 (Windows NT 10.0; Win64; x64) AppleWebKit/537.36 (KHTML, like Gecko) Chrome/92.0.4515.107 Safari/537.36"
106.223.3.155 - - [29/Jul/2021:13:08:01 +0000] "GET /webmail//skins/elastic/images/logo.svg?s=1612812581 HTTP/1.1" 200 888 "https://165.232.190.148/webmail//?_autologin=1&sess=ZXlKMWMyVnlJam9pYW1sMFpXNWtjbUV1YTJoaGNtVkFibXRuZEdWamFHMWhjblF1WTI5dElpd2ljR0Z6Y3lJNklqUTNaVGMxTURNellUZGlZaUlzSW1odmMzUWlPaUpzYjJOaGJHaHZjM1FpTENKa1lYUmxJanBtWVd4elpYMD0=" "Mozilla/5.0 (Windows NT 10.0; Win64; x64) AppleWebKit/537.36 (KHTML, like Gecko) Chrome/92.0.4515.107 Safari/537.36"
106.223.3.155 - - [29/Jul/2021:13:08:01 +0000] "GET /webmail//skins/elastic/fonts/roboto-v19-regular.woff2 HTTP/1.1" 200 51116 "https://165.232.190.148/webmail//skins/elastic/styles/styles.css?s=1612812581" "Mozilla/5.0 (Windows NT 10.0; Win64; x64) AppleWebKit/537.36 (KHTML, like Gecko) Chrome/92.0.4515.107 Safari/537.36"
106.223.3.155 - - [29/Jul/2021:13:08:02 +0000] "GET /webmail//skins/elastic/fonts/fa-solid-900.woff2 HTTP/1.1" 200 75440 "https://165.232.190.148/webmail//skins/elastic/styles/styles.css?s=1612812581" "Mozilla/5.0 (Windows NT 10.0; Win64; x64) AppleWebKit/537.36 (KHTML, like Gecko) Chrome/92.0.4515.107 Safari/537.36"
106.223.3.155 - - [29/Jul/2021:13:08:02 +0000] "GET /webmail//skins/elastic/images/favicon.ico?s=1612812581 HTTP/1.1" 200 2294 "https://165.232.190.148/webmail//?_autologin=1&sess=ZXlKMWMyVnlJam9pYW1sMFpXNWtjbUV1YTJoaGNtVkFibXRuZEdWamFHMWhjblF1WTI5dElpd2ljR0Z6Y3lJNklqUTNaVGMxTURNellUZGlZaUlzSW1odmMzUWlPaUpzYjJOaGJHaHZjM1FpTENKa1lYUmxJanBtWVd4elpYMD0=" "Mozilla/5.0 (Windows NT 10.0; Win64; x64) AppleWebKit/537.36 (KHTML, like Gecko) Chrome/92.0.4515.107 Safari/537.36"
106.223.3.155 - - [29/Jul/2021:13:08:21 +0000] "-" 408 - "-" "-"
106.223.3.155 - - [29/Jul/2021:13:08:21 +0000] "-" 408 - "-" "-"
156.146.36.97 - - [29/Jul/2021:13:08:26 +0000] "GET /contact.html HTTP/1.1" 404 210 "https://travelsleads.com" "Mozilla/5.0 (Windows NT 10.0; Win64; x64) AppleWebKit/537.36 (KHTML, like Gecko) Chrome/62.0.3202.94 Safari/537.36"
156.146.36.97 - - [29/Jul/2021:13:08:28 +0000] "GET /contact.html HTTP/1.1" 404 210 "https://travelsleads.com" "Mozilla/5.0 (Windows NT 10.0; Win64; x64) AppleWebKit/537.36 (KHTML, like Gecko) Chrome/62.0.3202.94 Safari/537.36"
156.146.36.97 - - [29/Jul/2021:13:08:29 +0000] "GET /contact.html HTTP/1.1" 404 210 "https://travelsleads.com" "Mozilla/5.0 (Windows NT 10.0; Win64; x64) AppleWebKit/537.36 (KHTML, like Gecko) Chrome/62.0.3202.94 Safari/537.36"
156.146.36.97 - - [29/Jul/2021:13:08:30 +0000] "GET /contact.html HTTP/1.1" 404 210 "https://travelsleads.com" "Mozilla/5.0 (Windows NT 10.0; Win64; x64) AppleWebKit/537.36 (KHTML, like Gecko) Chrome/62.0.3202.94 Safari/537.36"
106.223.3.155 - - [29/Jul/2021:13:08:31 +0000] "GET /webmail/ HTTP/1.1" 200 4963 "-" "Mozilla/5.0 (Windows NT 10.0; Win64; x64) AppleWebKit/537.36 (KHTML, like Gecko) Chrome/92.0.4515.107 Safari/537.36"
106.223.3.155 - - [29/Jul/2021:13:08:31 +0000] "GET /webmail/skins/elastic/deps/bootstrap.min.css?s=1612812589 HTTP/1.1" 200 155713 "https://nkgtechmart.com/webmail/" "Mozilla/5.0 (Windows NT 10.0; Win64; x64) AppleWebKit/537.36 (KHTML, like Gecko) Chrome/92.0.4515.107 Safari/537.36"
106.223.3.155 - - [29/Jul/2021:13:08:32 +0000] "GET /webmail/plugins/jqueryui/themes/elastic/jquery-ui.css?s=1612812580 HTTP/1.1" 200 34190 "https://nkgtechmart.com/webmail/" "Mozilla/5.0 (Windows NT 10.0; Win64; x64) AppleWebKit/537.36 (KHTML, like Gecko) Chrome/92.0.4515.107 Safari/537.36"
106.223.3.155 - - [29/Jul/2021:13:08:32 +0000] "GET /webmail/skins/elastic/styles/styles.css?s=1612812581 HTTP/1.1" 200 103595 "https://nkgtechmart.com/webmail/" "Mozilla/5.0 (Windows NT 10.0; Win64; x64) AppleWebKit/537.36 (KHTML, like Gecko) Chrome/92.0.4515.107 Safari/537.36"
106.223.3.155 - - [29/Jul/2021:13:08:32 +0000] "GET /webmail/program/js/common.min.js?s=1612812581 HTTP/1.1" 200 13186 "https://nkgtechmart.com/webmail/" "Mozilla/5.0 (Windows NT 10.0; Win64; x64) AppleWebKit/537.36 (KHTML, like Gecko) Chrome/92.0.4515.107 Safari/537.36"
106.223.3.155 - - [29/Jul/2021:13:08:32 +0000] "GET /webmail/program/js/jstz.min.js?s=1612812585 HTTP/1.1" 200 13835 "https://nkgtechmart.com/webmail/" "Mozilla/5.0 (Windows NT 10.0; Win64; x64) AppleWebKit/537.36 (KHTML, like Gecko) Chrome/92.0.4515.107 Safari/537.36"
106.223.3.155 - - [29/Jul/2021:13:08:32 +0000] "GET /webmail/program/js/jquery.min.js?s=1612812585 HTTP/1.1" 200 89595 "https://nkgtechmart.com/webmail/" "Mozilla/5.0 (Windows NT 10.0; Win64; x64) AppleWebKit/537.36 (KHTML, like Gecko) Chrome/92.0.4515.107 Safari/537.36"
106.223.3.155 - - [29/Jul/2021:13:08:32 +0000] "GET /webmail/plugins/jqueryui/js/jquery-ui.min.js?s=1612812580 HTTP/1.1" 200 259776 "https://nkgtechmart.com/webmail/" "Mozilla/5.0 (Windows NT 10.0; Win64; x64) AppleWebKit/537.36 (KHTML, like Gecko) Chrome/92.0.4515.107 Safari/537.36"
106.223.3.155 - - [29/Jul/2021:13:08:32 +0000] "GET /webmail/program/js/app.min.js?s=1612812581 HTTP/1.1" 200 172281 "https://nkgtechmart.com/webmail/" "Mozilla/5.0 (Windows NT 10.0; Win64; x64) AppleWebKit/537.36 (KHTML, like Gecko) Chrome/92.0.4515.107 Safari/537.36"
106.223.3.155 - - [29/Jul/2021:13:08:32 +0000] "GET /webmail/skins/elastic/deps/bootstrap.bundle.min.js?s=1612812589 HTTP/1.1" 200 78587 "https://nkgtechmart.com/webmail/" "Mozilla/5.0 (Windows NT 10.0; Win64; x64) AppleWebKit/537.36 (KHTML, like Gecko) Chrome/92.0.4515.107 Safari/537.36"
106.223.3.155 - - [29/Jul/2021:13:08:32 +0000] "GET /webmail/skins/elastic/ui.min.js?s=1612812581 HTTP/1.1" 200 60311 "https://nkgtechmart.com/webmail/" "Mozilla/5.0 (Windows NT 10.0; Win64; x64) AppleWebKit/537.36 (KHTML, like Gecko) Chrome/92.0.4515.107 Safari/537.36"
106.223.3.155 - - [29/Jul/2021:13:08:32 +0000] "GET /webmail/skins/elastic/images/logo.svg?s=1612812581 HTTP/1.1" 200 888 "https://nkgtechmart.com/webmail/" "Mozilla/5.0 (Windows NT 10.0; Win64; x64) AppleWebKit/537.36 (KHTML, like Gecko) Chrome/92.0.4515.107 Safari/537.36"
106.223.3.155 - - [29/Jul/2021:13:08:32 +0000] "GET /webmail/skins/elastic/fonts/roboto-v19-regular.woff2 HTTP/1.1" 200 51116 "https://nkgtechmart.com/webmail/skins/elastic/styles/styles.css?s=1612812581" "Mozilla/5.0 (Windows NT 10.0; Win64; x64) AppleWebKit/537.36 (KHTML, like Gecko) Chrome/92.0.4515.107 Safari/537.36"
106.223.3.155 - - [29/Jul/2021:13:08:32 +0000] "GET /webmail/skins/elastic/fonts/fa-solid-900.woff2 HTTP/1.1" 200 75440 "https://nkgtechmart.com/webmail/skins/elastic/styles/styles.css?s=1612812581" "Mozilla/5.0 (Windows NT 10.0; Win64; x64) AppleWebKit/537.36 (KHTML, like Gecko) Chrome/92.0.4515.107 Safari/537.36"
192.185.129.8 - - [29/Jul/2021:13:08:33 +0000] "HEAD /neet-crash-course/ HTTP/1.1" 404 - "https://qsans.com" "Mozilla/5.0 (Windows NT 10.0; Win64; x64) AppleWebKit/537.36 (KHTML, like Gecko) Chrome/70.0.3538.102 Safari/537.36"
106.223.3.155 - - [29/Jul/2021:13:08:33 +0000] "GET /webmail/skins/elastic/images/favicon.ico?s=1612812581 HTTP/1.1" 200 2294 "https://nkgtechmart.com/webmail/" "Mozilla/5.0 (Windows NT 10.0; Win64; x64) AppleWebKit/537.36 (KHTML, like Gecko) Chrome/92.0.4515.107 Safari/537.36"
192.185.129.8 - - [29/Jul/2021:13:08:34 +0000] "GET /neet-crash-course/ HTTP/1.1" 404 216 "https://qsans.com" "Mozilla/5.0 (Windows NT 10.0; Win64; x64) AppleWebKit/537.36 (KHTML, like Gecko) Chrome/70.0.3538.102 Safari/537.36"
106.223.3.155 - - [29/Jul/2021:13:08:37 +0000] "GET /webmail/ HTTP/1.1" 200 4963 "-" "Mozilla/5.0 (Windows NT 10.0; Win64; x64) AppleWebKit/537.36 (KHTML, like Gecko) Chrome/92.0.4515.107 Safari/537.36"
106.223.3.155 - - [29/Jul/2021:13:08:37 +0000] "GET /webmail/skins/elastic/images/favicon.ico?s=1612812581 HTTP/1.1" 200 2294 "https://nkgtechmart.com/webmail/" "Mozilla/5.0 (Windows NT 10.0; Win64; x64) AppleWebKit/537.36 (KHTML, like Gecko) Chrome/92.0.4515.107 Safari/537.36"
40.77.167.106 - - [29/Jul/2021:13:08:59 +0000] "GET /webmail/ HTTP/1.1" 200 4963 "-" "Mozilla/5.0 (Windows NT 6.1; WOW64) AppleWebKit/534+ (KHTML, like Gecko) BingPreview/1.0b"
20.83.89.240 - - [29/Jul/2021:13:10:18 +0000] "GET /galleryimg/bodhgaya.jpg HTTP/1.1" 404 221 "https://yandex.com/images/search?text=buddha%20gaya&pos=0&img_url=https%3A%2F%2Fst2.depositphotos.com%2F1002280%2F10232%2Fi%2F950%2Fdepositphotos_102324276-stock-photo-mahabodhi-temple-bodhgaya.jpg&rpt=simage" "Mozilla/5.0 (X11; Linux x86_64) AppleWebKit/537.36 (KHTML, like Gecko) HeadlessChrome/91.0.4472.77 Safari/537.36"
20.83.89.240 - - [29/Jul/2021:13:10:18 +0000] "GET /galleryimg/bodhgaya.jpg HTTP/1.1" 404 221 "https://yandex.com/images/search?text=buddha%20gaya&pos=1&img_url=https%3A%2F%2Fthomasriddle.net%2Fbuddhist_sites%2Fbodh_gaya%2Flarge%2Fimages%2Fbodh_gaya__12.jpg&rpt=simage" "Mozilla/5.0 (X11; Linux x86_64) AppleWebKit/537.36 (KHTML, like Gecko) HeadlessChrome/91.0.4472.77 Safari/537.36"
77.75.78.170 - - [29/Jul/2021:13:10:30 +0000] "GET /robots.txt HTTP/1.1" 404 208 "-" "Mozilla/5.0 (compatible; SeznamBot/3.2; +http://napoveda.seznam.cz/en/seznambot-intro/)"
77.75.78.170 - - [29/Jul/2021:13:10:32 +0000] "GET /tag/iit-jee-answer-key/ HTTP/1.1" 404 221 "-" "Mozilla/5.0 (compatible; SeznamBot/3.2; +http://napoveda.seznam.cz/en/seznambot-intro/)"
185.191.171.18 - - [29/Jul/2021:13:15:25 +0000] "GET /destination/47.html HTTP/1.1" 404 217 "-" "Mozilla/5.0 (compatible; SemrushBot/7~bl; +http://www.semrush.com/bot.html)"
132.154.106.51 - - [29/Jul/2021:13:17:56 +0000] "-" 408 - "-" "-"
132.154.106.51 - - [29/Jul/2021:13:17:56 +0000] "-" 408 - "-" "-"
106.206.131.87 - - [29/Jul/2021:13:20:48 +0000] "-" 408 - "-" "-"
106.206.131.87 - - [29/Jul/2021:13:20:48 +0000] "-" 408 - "-" "-"
157.55.39.55 - - [29/Jul/2021:13:25:29 +0000] "GET /kashmir-srinagar-tour-package.html HTTP/1.1" 404 232 "-" "Mozilla/5.0 (compatible; bingbot/2.0; +http://www.bing.com/bingbot.htm)"
106.207.157.35 - - [29/Jul/2021:13:28:05 +0000] "-" 408 - "-" "-"
106.207.157.35 - - [29/Jul/2021:13:28:05 +0000] "-" 408 - "-" "-"
106.207.157.35 - - [29/Jul/2021:13:28:05 +0000] "-" 408 - "-" "-"
106.207.157.35 - - [29/Jul/2021:13:28:05 +0000] "-" 408 - "-" "-"
75.119.143.223 - - [29/Jul/2021:13:32:22 +0000] "GET /galleryimg/Beach-of-Goa.jpg HTTP/1.0" 404 225 "-" "Mozilla/5.0 (X11; Linux x86_64; rv:33.0) Gecko/20100101 Firefox/33.0"
34.221.248.139 - - [29/Jul/2021:13:32:58 +0000] "GET / HTTP/1.1" 200 5048 "-" "Mozilla/5.0 (X11; Linux x86_64) AppleWebKit/537.36 (KHTML, like Gecko) Chrome/83.0.4103.97 Safari/537.36"
217.160.28.101 - - [29/Jul/2021:13:33:31 +0000] "GET /wp-admin/css/ HTTP/1.1" 404 211 "binance.com" "Mozilla/5.0 (Windows NT 10.0; Win64; x64) AppleWebKit/537.36 (KHTML, like Gecko) Chrome/90.0.4430.85 Safari/537.36"
223.233.122.179 - - [29/Jul/2021:13:35:38 +0000] "-" 408 - "-" "-"
223.233.122.179 - - [29/Jul/2021:13:35:38 +0000] "-" 408 - "-" "-"
66.249.72.2 - - [29/Jul/2021:13:35:48 +0000] "GET /feed/ HTTP/1.1" 404 203 "-" "Mozilla/5.0 (compatible; Googlebot/2.1; +http://www.google.com/bot.html)"
54.212.204.155 - - [29/Jul/2021:13:38:44 +0000] "GET /favicon.ico HTTP/1.1" 404 209 "-" "Mozilla/5.0 (X11; Linux x86_64) AppleWebKit/537.36 (KHTML, like Gecko) Chrome/83.0.4103.97 Safari/537.36"
171.79.147.22 - - [29/Jul/2021:13:40:42 +0000] "-" 408 - "-" "-"
66.249.72.28 - - [29/Jul/2021:13:42:37 +0000] "GET /our-introduction/ HTTP/1.1" 404 215 "-" "Mozilla/5.0 (Linux; Android 6.0.1; Nexus 5X Build/MMB29P) AppleWebKit/537.36 (KHTML, like Gecko) Chrome/91.0.4472.90 Mobile Safari/537.36 (compatible; Googlebot/2.1; +http://www.google.com/bot.html)"
40.77.167.25 - - [29/Jul/2021:13:45:02 +0000] "GET /clat.html HTTP/1.1" 404 207 "-" "Mozilla/5.0 (compatible; bingbot/2.0; +http://www.bing.com/bingbot.htm)"
117.225.81.217 - - [29/Jul/2021:13:46:36 +0000] "-" 408 - "-" "-"
40.77.167.74 - - [29/Jul/2021:13:49:25 +0000] "GET /12th-class-maths-home-tutors-in-devinagar-bangalore/ HTTP/1.1" 404 250 "-" "Mozilla/5.0 (compatible; bingbot/2.0; +http://www.bing.com/bingbot.htm)"
157.38.56.219 - - [29/Jul/2021:13:49:34 +0000] "-" 408 - "-" "-"
157.38.56.219 - - [29/Jul/2021:13:49:34 +0000] "-" 408 - "-" "-"
207.46.13.17 - - [29/Jul/2021:13:51:43 +0000] "GET /btech-maths-home-tutors-in-jhajjar-road-gurgaon/ HTTP/1.1" 404 246 "-" "Mozilla/5.0 (compatible; bingbot/2.0; +http://www.bing.com/bingbot.htm)"
157.55.39.77 - - [29/Jul/2021:13:52:27 +0000] "GET /tag/pmt-test-series-2018/ HTTP/1.1" 404 223 "-" "Mozilla/5.0 (compatible; bingbot/2.0; +http://www.bing.com/bingbot.htm)"
66.249.69.122 - - [29/Jul/2021:13:54:51 +0000] "GET /kashmir-honeymoon-tour.html HTTP/1.1" 404 225 "-" "Mozilla/5.0 (compatible; Googlebot/2.1; +http://www.google.com/bot.html)"
52.172.238.191 - - [29/Jul/2021:13:56:15 +0000] "GET /.env HTTP/1.1" 404 202 "-" "Mozilla/5.0 (Linux; U; Android 4.4.2; en-US; HM NOTE 1W Build/KOT49H) AppleWebKit/534.30 (KHTML, like Gecko) Version/4.0 UCBrowser/11.0.5.850 U3/0.8.0 Mobile Safari/534.30"
52.172.238.191 - - [29/Jul/2021:13:56:17 +0000] "POST / HTTP/1.1" 200 5048 "-" "Mozilla/5.0 (Linux; U; Android 4.4.2; en-US; HM NOTE 1W Build/KOT49H) AppleWebKit/534.30 (KHTML, like Gecko) Version/4.0 UCBrowser/11.0.5.850 U3/0.8.0 Mobile Safari/534.30"
1.15.175.155 - - [29/Jul/2021:13:56:47 +0000] "GET / HTTP/1.1" 200 5048 "-" "Mozilla/5.0 (Linux; Android 10; LIO-AN00 Build/HUAWEILIO-AN00; wv) AppleWebKit/537.36 (KHTML, like Gecko) Version/4.0 Chrome/78.0.3904.62 XWEB/2692 MMWEBSDK/200901 Mobile Safari/537.36"
106.223.3.155 - - [29/Jul/2021:13:58:22 +0000] "GET / HTTP/1.1" 200 5048 "-" "Mozilla/5.0 (Windows NT 10.0; Win64; x64) AppleWebKit/537.36 (KHTML, like Gecko) Chrome/92.0.4515.107 Safari/537.36"
106.223.3.155 - - [29/Jul/2021:13:58:23 +0000] "GET /favicon.ico HTTP/1.1" 404 209 "https://nkgtechmart.com/" "Mozilla/5.0 (Windows NT 10.0; Win64; x64) AppleWebKit/537.36 (KHTML, like Gecko) Chrome/92.0.4515.107 Safari/537.36"
106.223.3.155 - - [29/Jul/2021:13:58:30 +0000] "GET / HTTP/1.1" 200 5048 "-" "Mozilla/5.0 (Windows NT 10.0; Win64; x64) AppleWebKit/537.36 (KHTML, like Gecko) Chrome/92.0.4515.107 Safari/537.36"
66.249.69.106 - - [29/Jul/2021:14:01:08 +0000] "GET /karnataka-beach-tour.html HTTP/1.1" 404 223 "-" "Mozilla/5.0 (compatible; Googlebot/2.1; +http://www.google.com/bot.html)"
128.14.134.170 - - [29/Jul/2021:14:01:28 +0000] "GET /solr/ HTTP/1.1" 404 203 "-" "Mozilla/5.0 (Windows NT 10.0; Win64; x64) AppleWebKit/537.36 (KHTML, like Gecko) Chrome/60.0.3112.113 Safari/537.36"
13.66.139.0 - - [29/Jul/2021:14:02:25 +0000] "GET /12th-class-maths-tutors-in-sector-99-gurgaon/ HTTP/1.1" 404 243 "-" "Mozilla/5.0 (compatible; bingbot/2.0; +http://www.bing.com/bingbot.htm)"
172.70.34.213 - - [29/Jul/2021:14:04:07 +0000] "GET /comments/feed HTTP/1.1" 404 211 "-" "Mozilla/5.0 (Linux; Android 6.0.1; Nexus 5X Build/MMB29P) AppleWebKit/537.36 (KHTML, like Gecko) Chrome/91.0.4472.90 Mobile Safari/537.36 (compatible; Googlebot/2.1; +http://www.google.com/bot.html)"
40.77.167.69 - - [29/Jul/2021:14:04:08 +0000] "GET /galleryimg/5775300Bharatpur-beach.jpg HTTP/1.1" 404 235 "-" "Mozilla/5.0 (compatible; bingbot/2.0; +http://www.bing.com/bingbot.htm)"
185.191.171.2 - - [29/Jul/2021:14:06:28 +0000] "GET /robots.txt HTTP/1.1" 404 208 "-" "Mozilla/5.0 (compatible; SemrushBot/7~bl; +http://www.semrush.com/bot.html)"
185.191.171.33 - - [29/Jul/2021:14:06:29 +0000] "GET /tag/neet-ug-2017-answer-key/ HTTP/1.1" 404 226 "-" "Mozilla/5.0 (compatible; SemrushBot/7~bl; +http://www.semrush.com/bot.html)"
66.249.72.30 - - [29/Jul/2021:14:07:01 +0000] "GET /study-material/ HTTP/1.1" 404 213 "-" "Mozilla/5.0 (Linux; Android 6.0.1; Nexus 5X Build/MMB29P) AppleWebKit/537.36 (KHTML, like Gecko) Chrome/91.0.4472.90 Mobile Safari/537.36 (compatible; Googlebot/2.1; +http://www.google.com/bot.html)"
77.75.79.62 - - [29/Jul/2021:14:09:20 +0000] "GET /robots.txt HTTP/1.1" 404 208 "-" "Mozilla/5.0 (compatible; SeznamBot/3.2; +http://napoveda.seznam.cz/en/seznambot-intro/)"
77.75.79.62 - - [29/Jul/2021:14:09:22 +0000] "GET /wp-content/uploads/2015/03/Teaching-Methodology.jpg HTTP/1.1" 404 249 "-" "Mozilla/5.0 (compatible; SeznamBot/3.2; +http://napoveda.seznam.cz/en/seznambot-intro/)"
77.75.79.62 - - [29/Jul/2021:14:09:24 +0000] "GET /tag/jee-advanced-solutions-2017/ HTTP/1.1" 404 230 "-" "Mozilla/5.0 (compatible; SeznamBot/3.2; +http://napoveda.seznam.cz/en/seznambot-intro/)"
20.83.88.192 - - [29/Jul/2021:14:09:25 +0000] "-" 408 - "-" "-"
106.223.3.155 - - [29/Jul/2021:14:09:38 +0000] "GET /.well-known/acme-challenge/PlQFAfUkpwgWuMDg8VUMuiitxKVlARrHfVqtRMU9ATc HTTP/1.1" 404 268 "-" "Mozilla/5.0 (Windows NT 10.0; Win64; x64) AppleWebKit/537.36 (KHTML, like Gecko) Chrome/92.0.4515.107 Safari/537.36"
106.223.3.155 - - [29/Jul/2021:14:10:26 +0000] "GET /.well-known/acme-challenge/PlQFAfUkpwgWuMDg8VUMuiitxKVlARrHfVqtRMU9ATc HTTP/1.1" 404 268 "-" "Mozilla/5.0 (Windows NT 10.0; Win64; x64) AppleWebKit/537.36 (KHTML, like Gecko) Chrome/92.0.4515.107 Safari/537.36"
106.223.3.155 - - [29/Jul/2021:14:10:46 +0000] "GET /.well-known/acme-challenge/PlQFAfUkpwgWuMDg8VUMuiitxKVlARrHfVqtRMU9ATc HTTP/1.1" 404 268 "-" "Mozilla/5.0 (Windows NT 10.0; Win64; x64) AppleWebKit/537.36 (KHTML, like Gecko) Chrome/92.0.4515.107 Safari/537.36"
178.159.37.104 - - [29/Jul/2021:14:11:11 +0000] "GET /neet-2018-question-papers-answer-key-solutions/ HTTP/1.0" 404 245 "https://niveditaclasses.com/neet-2018-question-papers-answer-key-solutions/" "Mozilla/5.0 (Windows NT 10.0; ) AppleWebKit/537.36 (KHTML, like Gecko) Chrome/83.0.4103.61 Safari/537.36"
178.159.37.104 - - [29/Jul/2021:14:11:11 +0000] "GET / HTTP/1.0" 200 5048 "https://niveditaclasses.com/" "Mozilla/5.0 (Windows NT 10.0; ) AppleWebKit/537.36 (KHTML, like Gecko) Chrome/83.0.4103.61 Safari/537.36"
1.15.175.155 - - [29/Jul/2021:14:12:43 +0000] "GET / HTTP/1.1" 200 5048 "-" "Mozilla/5.0 (Linux; Android 10; LIO-AN00 Build/HUAWEILIO-AN00; wv) AppleWebKit/537.36 (KHTML, like Gecko) Version/4.0 Chrome/78.0.3904.62 XWEB/2692 MMWEBSDK/200901 Mobile Safari/537.36"
106.223.3.155 - - [29/Jul/2021:14:12:53 +0000] "GET /.well-known HTTP/1.1" 404 209 "-" "Mozilla/5.0 (Windows NT 10.0; Win64; x64) AppleWebKit/537.36 (KHTML, like Gecko) Chrome/92.0.4515.107 Safari/537.36"
183.83.39.131 - - [29/Jul/2021:14:13:09 +0000] "-" 408 - "-" "-"
157.38.14.177 - - [29/Jul/2021:14:15:59 +0000] "-" 408 - "-" "-"
157.38.14.177 - - [29/Jul/2021:14:15:59 +0000] "-" 408 - "-" "-"
5.188.48.217 - - [29/Jul/2021:14:17:19 +0000] "GET /neet-2018-question-papers-answer-key-solutions/ HTTP/1.1" 404 245 "https://niveditaclasses.com/neet-2018-question-papers-answer-key-solutions/" "Mozilla/4.0 (compatible; MSIE 6.0; Windows NT 5.1; SV1)"
157.38.14.177 - - [29/Jul/2021:14:17:37 +0000] "-" 408 - "-" "-"
157.38.14.177 - - [29/Jul/2021:14:17:37 +0000] "-" 408 - "-" "-"
157.38.14.177 - - [29/Jul/2021:14:18:10 +0000] "-" 408 - "-" "-"
157.38.14.177 - - [29/Jul/2021:14:18:10 +0000] "-" 408 - "-" "-"
172.70.34.213 - - [29/Jul/2021:14:19:07 +0000] "GET /comments/feed HTTP/1.1" 404 211 "-" "Mozilla/5.0 (compatible; Googlebot/2.1; +http://www.google.com/bot.html)"
106.223.3.155 - - [29/Jul/2021:14:19:11 +0000] "GET /.well-known/acme-challenge HTTP/1.1" 301 259 "-" "Mozilla/5.0 (Windows NT 10.0; Win64; x64) AppleWebKit/537.36 (KHTML, like Gecko) Chrome/92.0.4515.107 Safari/537.36"
106.223.3.155 - - [29/Jul/2021:14:19:11 +0000] "GET /.well-known/acme-challenge/ HTTP/1.1" 403 236 "-" "Mozilla/5.0 (Windows NT 10.0; Win64; x64) AppleWebKit/537.36 (KHTML, like Gecko) Chrome/92.0.4515.107 Safari/537.36"
106.223.3.155 - - [29/Jul/2021:14:19:31 +0000] "-" 408 - "-" "-"
157.38.14.177 - - [29/Jul/2021:14:19:35 +0000] "-" 408 - "-" "-"
157.38.14.177 - - [29/Jul/2021:14:19:35 +0000] "-" 408 - "-" "-"
106.223.3.155 - - [29/Jul/2021:14:22:21 +0000] "GET /.well-known/acme-challenge/ HTTP/1.1" 403 236 "-" "Mozilla/5.0 (Windows NT 10.0; Win64; x64) AppleWebKit/537.36 (KHTML, like Gecko) Chrome/92.0.4515.107 Safari/537.36"
106.223.3.155 - - [29/Jul/2021:14:22:22 +0000] "GET /.well-known/acme-challenge/ HTTP/1.1" 403 236 "-" "Mozilla/5.0 (Windows NT 10.0; Win64; x64) AppleWebKit/537.36 (KHTML, like Gecko) Chrome/92.0.4515.107 Safari/537.36"
106.223.3.155 - - [29/Jul/2021:14:22:50 +0000] "GET /.well-known/acme-challenge/ HTTP/1.1" 403 236 "-" "Mozilla/5.0 (Windows NT 10.0; Win64; x64) AppleWebKit/537.36 (KHTML, like Gecko) Chrome/92.0.4515.107 Safari/537.36"
106.223.3.155 - - [29/Jul/2021:14:22:51 +0000] "GET /.well-known/acme-challenge/ HTTP/1.1" 403 236 "-" "Mozilla/5.0 (Windows NT 10.0; Win64; x64) AppleWebKit/537.36 (KHTML, like Gecko) Chrome/92.0.4515.107 Safari/537.36"
64.233.172.253 - - [29/Jul/2021:14:23:56 +0000] "GET / HTTP/1.1" 200 5048 "-" "Mozilla/5.0 (X11; Linux x86_64) AppleWebKit/537.36 (KHTML, like Gecko) Chrome/49.0.2623.75 Safari/537.36 Google Favicon"
64.233.172.249 - - [29/Jul/2021:14:23:57 +0000] "GET /favicon.ico HTTP/1.1" 404 209 "-" "Mozilla/5.0 (X11; Linux x86_64) AppleWebKit/537.36 (KHTML, like Gecko) Chrome/49.0.2623.75 Safari/537.36 Google Favicon"
106.223.3.155 - - [29/Jul/2021:14:24:47 +0000] "GET /.well-known/acme-challenge/T5O8W6fKf-pPU1OiIQ6L6d0oj1GpHNqUPF_MPNlqQ6A HTTP/1.1" 404 268 "-" "Mozilla/5.0 (Windows NT 10.0; Win64; x64) AppleWebKit/537.36 (KHTML, like Gecko) Chrome/92.0.4515.107 Safari/537.36"
66.249.72.30 - - [29/Jul/2021:14:25:18 +0000] "GET /rules-regulations/ HTTP/1.1" 404 216 "-" "Mozilla/5.0 (Linux; Android 6.0.1; Nexus 5X Build/MMB29P) AppleWebKit/537.36 (KHTML, like Gecko) Chrome/91.0.4472.90 Mobile Safari/537.36 (compatible; Googlebot/2.1; +http://www.google.com/bot.html)"
49.207.216.145 - - [29/Jul/2021:14:26:43 +0000] "-" 408 - "-" "-"
106.223.3.155 - - [29/Jul/2021:14:26:57 +0000] "GET /.well-known/acme-challenge/T5O8W6fKf-pPU1OiIQ6L6d0oj1GpHNqUPF_MPNlqQ6A HTTP/1.1" 404 268 "-" "Mozilla/5.0 (Windows NT 10.0; Win64; x64) AppleWebKit/537.36 (KHTML, like Gecko) Chrome/92.0.4515.107 Safari/537.36"
106.223.3.155 - - [29/Jul/2021:14:26:58 +0000] "GET /.well-known/acme-challenge/T5O8W6fKf-pPU1OiIQ6L6d0oj1GpHNqUPF_MPNlqQ6A HTTP/1.1" 404 268 "-" "Mozilla/5.0 (Windows NT 10.0; Win64; x64) AppleWebKit/537.36 (KHTML, like Gecko) Chrome/92.0.4515.107 Safari/537.36"
106.223.3.155 - - [29/Jul/2021:14:26:59 +0000] "GET /.well-known/acme-challenge/T5O8W6fKf-pPU1OiIQ6L6d0oj1GpHNqUPF_MPNlqQ6A HTTP/1.1" 404 268 "-" "Mozilla/5.0 (Windows NT 10.0; Win64; x64) AppleWebKit/537.36 (KHTML, like Gecko) Chrome/92.0.4515.107 Safari/537.36"
106.223.3.155 - - [29/Jul/2021:14:27:00 +0000] "GET /.well-known/acme-challenge/T5O8W6fKf-pPU1OiIQ6L6d0oj1GpHNqUPF_MPNlqQ6A HTTP/1.1" 404 268 "-" "Mozilla/5.0 (Windows NT 10.0; Win64; x64) AppleWebKit/537.36 (KHTML, like Gecko) Chrome/92.0.4515.107 Safari/537.36"
49.207.216.145 - - [29/Jul/2021:14:27:45 +0000] "-" 408 - "-" "-"
93.158.66.18 - - [29/Jul/2021:14:29:22 +0000] "HEAD /c99.php HTTP/1.1" 404 - "-" "python-requests/2.26.0"
106.223.3.155 - - [29/Jul/2021:14:31:39 +0000] "GET /well-known/acme-challenge/T5O8W6fKf-pPU1OiIQ6L6d0oj1GpHNqUPF_MPNlqQ6A HTTP/1.1" 404 267 "-" "Mozilla/5.0 (Windows NT 10.0; Win64; x64) AppleWebKit/537.36 (KHTML, like Gecko) Chrome/92.0.4515.107 Safari/537.36"
106.223.3.155 - - [29/Jul/2021:14:32:00 +0000] "GET /well-known/acme-challenge/T5O8W6fKf-pPU1OiIQ6L6d0oj1GpHNqUPF_MPNlqQ6A HTTP/1.1" 404 267 "-" "Mozilla/5.0 (Windows NT 10.0; Win64; x64) AppleWebKit/537.36 (KHTML, like Gecko) Chrome/92.0.4515.107 Safari/537.36"
106.223.3.155 - - [29/Jul/2021:14:32:07 +0000] "GET /well-known/acme-challenge/ HTTP/1.1" 404 224 "-" "Mozilla/5.0 (Windows NT 10.0; Win64; x64) AppleWebKit/537.36 (KHTML, like Gecko) Chrome/92.0.4515.107 Safari/537.36"
106.223.3.155 - - [29/Jul/2021:14:32:11 +0000] "GET /well-known/ HTTP/1.1" 404 209 "-" "Mozilla/5.0 (Windows NT 10.0; Win64; x64) AppleWebKit/537.36 (KHTML, like Gecko) Chrome/92.0.4515.107 Safari/537.36"
207.46.13.100 - - [29/Jul/2021:14:32:38 +0000] "GET /uttarakhand-tour-packages-package.html HTTP/1.1" 404 236 "-" "Mozilla/5.0 (compatible; bingbot/2.0; +http://www.bing.com/bingbot.htm)"
66.249.75.153 - - [29/Jul/2021:14:32:43 +0000] "GET /goa-package.html HTTP/1.1" 404 214 "-" "Mozilla/5.0 (Linux; Android 6.0.1; Nexus 5X Build/MMB29P) AppleWebKit/537.36 (KHTML, like Gecko) Chrome/91.0.4472.90 Mobile Safari/537.36 (compatible; Googlebot/2.1; +http://www.google.com/bot.html)"
106.223.3.155 - - [29/Jul/2021:14:33:00 +0000] "GET /.well-known/acme-challenge/T5O8W6fKf-pPU1OiIQ6L6d0oj1GpHNqUPF_MPNlqQ6A HTTP/1.1" 404 268 "-" "Mozilla/5.0 (Windows NT 10.0; Win64; x64) AppleWebKit/537.36 (KHTML, like Gecko) Chrome/92.0.4515.107 Safari/537.36"
106.223.3.155 - - [29/Jul/2021:14:33:22 +0000] "GET /.well-known/acme-challenge/T5O8W6fKf-pPU1OiIQ6L6d0oj1GpHNqUPF_MPNlqQ6A HTTP/1.1" 404 268 "-" "Mozilla/5.0 (Windows NT 10.0; Win64; x64) AppleWebKit/537.36 (KHTML, like Gecko) Chrome/92.0.4515.107 Safari/537.36"
106.223.3.155 - - [29/Jul/2021:14:33:23 +0000] "GET /.well-known/acme-challenge/T5O8W6fKf-pPU1OiIQ6L6d0oj1GpHNqUPF_MPNlqQ6A HTTP/1.1" 404 268 "-" "Mozilla/5.0 (Windows NT 10.0; Win64; x64) AppleWebKit/537.36 (KHTML, like Gecko) Chrome/92.0.4515.107 Safari/537.36"
106.223.3.155 - - [29/Jul/2021:14:33:24 +0000] "GET /.well-known/acme-challenge/T5O8W6fKf-pPU1OiIQ6L6d0oj1GpHNqUPF_MPNlqQ6A HTTP/1.1" 404 268 "-" "Mozilla/5.0 (Windows NT 10.0; Win64; x64) AppleWebKit/537.36 (KHTML, like Gecko) Chrome/92.0.4515.107 Safari/537.36"
106.223.3.155 - - [29/Jul/2021:14:33:25 +0000] "GET /.well-known/acme-challenge/T5O8W6fKf-pPU1OiIQ6L6d0oj1GpHNqUPF_MPNlqQ6A HTTP/1.1" 404 268 "-" "Mozilla/5.0 (Windows NT 10.0; Win64; x64) AppleWebKit/537.36 (KHTML, like Gecko) Chrome/92.0.4515.107 Safari/537.36"
106.223.3.155 - - [29/Jul/2021:14:33:26 +0000] "GET /.well-known/acme-challenge/T5O8W6fKf-pPU1OiIQ6L6d0oj1GpHNqUPF_MPNlqQ6A HTTP/1.1" 404 268 "-" "Mozilla/5.0 (Windows NT 10.0; Win64; x64) AppleWebKit/537.36 (KHTML, like Gecko) Chrome/92.0.4515.107 Safari/537.36"
106.223.3.155 - - [29/Jul/2021:14:33:27 +0000] "GET /.well-known/acme-challenge/T5O8W6fKf-pPU1OiIQ6L6d0oj1GpHNqUPF_MPNlqQ6A HTTP/1.1" 404 268 "-" "Mozilla/5.0 (Windows NT 10.0; Win64; x64) AppleWebKit/537.36 (KHTML, like Gecko) Chrome/92.0.4515.107 Safari/537.36"
106.223.3.155 - - [29/Jul/2021:14:33:28 +0000] "GET /.well-known/acme-challenge/T5O8W6fKf-pPU1OiIQ6L6d0oj1GpHNqUPF_MPNlqQ6A HTTP/1.1" 404 268 "-" "Mozilla/5.0 (Windows NT 10.0; Win64; x64) AppleWebKit/537.36 (KHTML, like Gecko) Chrome/92.0.4515.107 Safari/537.36"
106.223.3.155 - - [29/Jul/2021:14:33:31 +0000] "GET /.well-known/acme-challenge/T5O8W6fKf-pPU1OiIQ6L6d0oj1GpHNqUPF_MPNlqQ6A HTTP/1.1" 404 268 "-" "Mozilla/5.0 (Windows NT 10.0; Win64; x64) AppleWebKit/537.36 (KHTML, like Gecko) Chrome/92.0.4515.107 Safari/537.36"
106.223.3.155 - - [29/Jul/2021:14:33:32 +0000] "GET /.well-known/acme-challenge/T5O8W6fKf-pPU1OiIQ6L6d0oj1GpHNqUPF_MPNlqQ6A HTTP/1.1" 404 268 "-" "Mozilla/5.0 (Windows NT 10.0; Win64; x64) AppleWebKit/537.36 (KHTML, like Gecko) Chrome/92.0.4515.107 Safari/537.36"
106.223.3.155 - - [29/Jul/2021:14:33:33 +0000] "GET /.well-known/acme-challenge/T5O8W6fKf-pPU1OiIQ6L6d0oj1GpHNqUPF_MPNlqQ6A HTTP/1.1" 404 268 "-" "Mozilla/5.0 (Windows NT 10.0; Win64; x64) AppleWebKit/537.36 (KHTML, like Gecko) Chrome/92.0.4515.107 Safari/537.36"
106.223.3.155 - - [29/Jul/2021:14:33:34 +0000] "GET /.well-known/acme-challenge/T5O8W6fKf-pPU1OiIQ6L6d0oj1GpHNqUPF_MPNlqQ6A HTTP/1.1" 404 268 "-" "Mozilla/5.0 (Windows NT 10.0; Win64; x64) AppleWebKit/537.36 (KHTML, like Gecko) Chrome/92.0.4515.107 Safari/537.36"
106.223.3.155 - - [29/Jul/2021:14:33:47 +0000] "GET /.well-known/acme-challenge/T5O8W6fKf-pPU1OiIQ6L6d0oj1GpHNqUPF_MPNlqQ6A HTTP/1.1" 404 268 "-" "Mozilla/5.0 (Windows NT 10.0; Win64; x64) AppleWebKit/537.36 (KHTML, like Gecko) Chrome/92.0.4515.107 Safari/537.36"
106.223.3.155 - - [29/Jul/2021:14:33:49 +0000] "GET /.well-known/acme-challenge/T5O8W6fKf-pPU1OiIQ6L6d0oj1GpHNqUPF_MPNlqQ6A HTTP/1.1" 404 268 "-" "Mozilla/5.0 (Windows NT 10.0; Win64; x64) AppleWebKit/537.36 (KHTML, like Gecko) Chrome/92.0.4515.107 Safari/537.36"
106.223.3.155 - - [29/Jul/2021:14:33:50 +0000] "GET /.well-known/acme-challenge/T5O8W6fKf-pPU1OiIQ6L6d0oj1GpHNqUPF_MPNlqQ6A HTTP/1.1" 404 268 "-" "Mozilla/5.0 (Windows NT 10.0; Win64; x64) AppleWebKit/537.36 (KHTML, like Gecko) Chrome/92.0.4515.107 Safari/537.36"
106.223.3.155 - - [29/Jul/2021:14:33:51 +0000] "GET /.well-known/acme-challenge/T5O8W6fKf-pPU1OiIQ6L6d0oj1GpHNqUPF_MPNlqQ6A HTTP/1.1" 404 268 "-" "Mozilla/5.0 (Windows NT 10.0; Win64; x64) AppleWebKit/537.36 (KHTML, like Gecko) Chrome/92.0.4515.107 Safari/537.36"
106.223.3.155 - - [29/Jul/2021:14:34:08 +0000] "GET /well-known/acme-challenge/T5O8W6fKf-pPU1OiIQ6L6d0oj1GpHNqUPF_MPNlqQ6A HTTP/1.1" 404 267 "-" "Mozilla/5.0 (Windows NT 10.0; Win64; x64) AppleWebKit/537.36 (KHTML, like Gecko) Chrome/92.0.4515.107 Safari/537.36"
207.46.13.111 - - [29/Jul/2021:14:34:27 +0000] "GET /package-tour-special-kerala-on-request.html HTTP/1.1" 404 241 "-" "Mozilla/5.0 (compatible; bingbot/2.0; +http://www.bing.com/bingbot.htm)"
66.249.72.2 - - [29/Jul/2021:14:34:29 +0000] "GET /feed/ HTTP/1.1" 404 203 "-" "Mozilla/5.0 (compatible; Googlebot/2.1; +http://www.google.com/bot.html)"
106.223.3.155 - - [29/Jul/2021:14:34:41 +0000] "GET /.well-known/acme-challenge/T5O8W6fKf-pPU1OiIQ6L6d0oj1GpHNqUPF_MPNlqQ6A HTTP/1.1" 404 268 "-" "Mozilla/5.0 (Windows NT 10.0; Win64; x64) AppleWebKit/537.36 (KHTML, like Gecko) Chrome/92.0.4515.107 Safari/537.36"
114.119.153.56 - - [29/Jul/2021:14:36:59 +0000] "GET /robots.txt HTTP/1.1" 404 208 "-" "Mozilla/5.0 (compatible;PetalBot;+https://webmaster.petalsearch.com/site/petalbot)"
66.249.72.28 - - [29/Jul/2021:14:39:02 +0000] "GET /neet-capsule-course/ HTTP/1.1" 404 218 "-" "Mozilla/5.0 (compatible; Googlebot/2.1; +http://www.google.com/bot.html)"
106.223.3.155 - - [29/Jul/2021:14:40:10 +0000] "GET /.well-known/acme-challenge/T5O8W6fKf-pPU1OiIQ6L6d0oj1GpHNqUPF_MPNlqQ6A HTTP/1.1" 404 268 "-" "Mozilla/5.0 (Windows NT 10.0; Win64; x64) AppleWebKit/537.36 (KHTML, like Gecko) Chrome/92.0.4515.107 Safari/537.36"
106.223.3.155 - - [29/Jul/2021:14:40:14 +0000] "GET /.well-known/acme-challenge/ HTTP/1.1" 403 236 "-" "Mozilla/5.0 (Windows NT 10.0; Win64; x64) AppleWebKit/537.36 (KHTML, like Gecko) Chrome/92.0.4515.107 Safari/537.36"
106.223.3.155 - - [29/Jul/2021:14:40:33 +0000] "GET /.well-known/acme-challenge/ HTTP/1.1" 403 236 "-" "Mozilla/5.0 (Windows NT 10.0; Win64; x64) AppleWebKit/537.36 (KHTML, like Gecko) Chrome/92.0.4515.107 Safari/537.36"
106.223.3.155 - - [29/Jul/2021:14:40:34 +0000] "GET /.well-known/acme-challenge/ HTTP/1.1" 403 236 "-" "Mozilla/5.0 (Windows NT 10.0; Win64; x64) AppleWebKit/537.36 (KHTML, like Gecko) Chrome/92.0.4515.107 Safari/537.36"
106.223.3.155 - - [29/Jul/2021:14:40:35 +0000] "GET /.well-known/acme-challenge/ HTTP/1.1" 403 236 "-" "Mozilla/5.0 (Windows NT 10.0; Win64; x64) AppleWebKit/537.36 (KHTML, like Gecko) Chrome/92.0.4515.107 Safari/537.36"
106.223.3.155 - - [29/Jul/2021:14:40:37 +0000] "GET /.well-known/acme-challenge/ HTTP/1.1" 403 236 "-" "Mozilla/5.0 (Windows NT 10.0; Win64; x64) AppleWebKit/537.36 (KHTML, like Gecko) Chrome/92.0.4515.107 Safari/537.36"
106.223.3.155 - - [29/Jul/2021:14:40:38 +0000] "GET /.well-known/acme-challenge/ HTTP/1.1" 403 236 "-" "Mozilla/5.0 (Windows NT 10.0; Win64; x64) AppleWebKit/537.36 (KHTML, like Gecko) Chrome/92.0.4515.107 Safari/537.36"
106.223.3.155 - - [29/Jul/2021:14:40:39 +0000] "GET /.well-known/acme-challenge/ HTTP/1.1" 403 236 "-" "Mozilla/5.0 (Windows NT 10.0; Win64; x64) AppleWebKit/537.36 (KHTML, like Gecko) Chrome/92.0.4515.107 Safari/537.36"
106.223.3.155 - - [29/Jul/2021:14:40:40 +0000] "GET /.well-known/acme-challenge/ HTTP/1.1" 403 236 "-" "Mozilla/5.0 (Windows NT 10.0; Win64; x64) AppleWebKit/537.36 (KHTML, like Gecko) Chrome/92.0.4515.107 Safari/537.36"
106.223.3.155 - - [29/Jul/2021:14:40:40 +0000] "GET /.well-known/acme-challenge/ HTTP/1.1" 403 236 "-" "Mozilla/5.0 (Windows NT 10.0; Win64; x64) AppleWebKit/537.36 (KHTML, like Gecko) Chrome/92.0.4515.107 Safari/537.36"
66.249.72.2 - - [29/Jul/2021:14:41:24 +0000] "GET /ads.txt HTTP/1.1" 404 205 "-" "Mozilla/5.0 (compatible; Googlebot/2.1; +http://www.google.com/bot.html)"
106.223.3.155 - - [29/Jul/2021:14:42:30 +0000] "GET /.well-known/acme-challenge/ HTTP/1.1" 403 236 "-" "Mozilla/5.0 (Windows NT 10.0; Win64; x64) AppleWebKit/537.36 (KHTML, like Gecko) Chrome/92.0.4515.107 Safari/537.36"
117.97.244.38 - - [29/Jul/2021:14:43:43 +0000] "-" 408 - "-" "-"
106.223.3.155 - - [29/Jul/2021:14:44:11 +0000] "GET /well-known/ HTTP/1.1" 404 209 "-" "Mozilla/5.0 (Windows NT 10.0; Win64; x64) AppleWebKit/537.36 (KHTML, like Gecko) Chrome/92.0.4515.107 Safari/537.36"
106.223.3.155 - - [29/Jul/2021:14:44:13 +0000] "GET /well-known/ HTTP/1.1" 404 209 "-" "Mozilla/5.0 (Windows NT 10.0; Win64; x64) AppleWebKit/537.36 (KHTML, like Gecko) Chrome/92.0.4515.107 Safari/537.36"
223.233.121.150 - - [29/Jul/2021:14:44:45 +0000] "-" 408 - "-" "-"
157.55.39.60 - - [29/Jul/2021:14:46:24 +0000] "GET /best-iit-jee-maths-coaching-in-vasundhara-sector-13-ghaziabad HTTP/1.1" 404 259 "-" "Mozilla/5.0 (compatible; bingbot/2.0; +http://www.bing.com/bingbot.htm)"
66.249.69.106 - - [29/Jul/2021:14:49:04 +0000] "GET /galleryimg/9916013Miramar-Beach-Goa.jpg HTTP/1.1" 404 237 "-" "Googlebot-Image/1.0"
137.226.113.44 - - [29/Jul/2021:14:49:57 +0000] "GET / HTTP/1.1" 200 5048 "-" "Mozilla/5.0 (X11; Linux x86_64; rv:84.0) Gecko/20100101 Firefox/84.0"
