114.119.140.186 - - [30/Jul/2021:04:20:58 +0000] "GET /robots.txt HTTP/1.1" 404 208 "-" "Mozilla/5.0 (compatible;PetalBot;+https://webmaster.petalsearch.com/site/petalbot)"
66.249.69.244 - - [30/Jul/2021:05:14:17 +0000] "GET /robots.txt HTTP/1.1" 404 208 "-" "Mozilla/5.0 (compatible; Googlebot/2.1; +http://www.google.com/bot.html)"
66.249.69.240 - - [30/Jul/2021:05:14:18 +0000] "GET /comments/feed/ HTTP/1.1" 404 212 "-" "Mozilla/5.0 (Linux; Android 6.0.1; Nexus 5X Build/MMB29P) AppleWebKit/537.36 (KHTML, like Gecko) Chrome/92.0.4515.119 Mobile Safari/537.36 (compatible; Googlebot/2.1; +http://www.google.com/bot.html)"
207.46.13.34 - - [30/Jul/2021:05:38:42 +0000] "GET /best-iit-jee-maths-coaching-in-shakti-nagar-new-delhi HTTP/1.1" 404 251 "-" "Mozilla/5.0 (compatible; bingbot/2.0; +http://www.bing.com/bingbot.htm)"
207.46.13.104 - - [30/Jul/2021:05:44:21 +0000] "GET /best-ib-maths-coaching-in-sector-103-gurgaon/ HTTP/1.1" 404 243 "-" "Mozilla/5.0 (compatible; bingbot/2.0; +http://www.bing.com/bingbot.htm)"
66.249.69.242 - - [30/Jul/2021:05:48:55 +0000] "GET /comments/feed/ HTTP/1.1" 404 212 "-" "Mozilla/5.0 (compatible; Googlebot/2.1; +http://www.google.com/bot.html)"
207.46.13.29 - - [30/Jul/2021:05:56:01 +0000] "GET /best-ib-maths-coaching-in-seemapuri-new-delhi HTTP/1.1" 404 243 "-" "Mozilla/5.0 (compatible; bingbot/2.0; +http://www.bing.com/bingbot.htm)"
31.210.20.31 - - [30/Jul/2021:06:21:01 +0000] "GET /administrator/index.php HTTP/1.1" 404 221 "-" "Mozilla/5.0 (Macintosh; Intel Mac OS X 10_10_1) AppleWebKit/537.36 (KHTML, like Gecko) Chrome/39.0.2171.95 Safari/537.36"
66.249.69.244 - - [30/Jul/2021:06:23:33 +0000] "GET /feed/ HTTP/1.1" 404 203 "-" "Mozilla/5.0 (Linux; Android 6.0.1; Nexus 5X Build/MMB29P) AppleWebKit/537.36 (KHTML, like Gecko) Chrome/92.0.4515.119 Mobile Safari/537.36 (compatible; Googlebot/2.1; +http://www.google.com/bot.html)"
157.55.39.131 - - [30/Jul/2021:06:49:16 +0000] "GET /btech-maths-online-coaching-in-chandni-chowk-new-delhi HTTP/1.1" 404 252 "-" "Mozilla/5.0 (compatible; bingbot/2.0; +http://www.bing.com/bingbot.htm)"
207.46.13.104 - - [30/Jul/2021:06:59:17 +0000] "GET /best-12th-class-maths-coaching-in-lohia-nagar-ghaziabad HTTP/1.1" 404 253 "-" "Mozilla/5.0 (compatible; bingbot/2.0; +http://www.bing.com/bingbot.htm)"
40.77.167.74 - - [30/Jul/2021:07:01:46 +0000] "GET / HTTP/1.1" 200 5048 "-" "Mozilla/5.0 (compatible; bingbot/2.0; +http://www.bing.com/bingbot.htm)"
54.36.149.68 - - [30/Jul/2021:07:21:00 +0000] "GET /robots.txt HTTP/1.1" 404 208 "-" "Mozilla/5.0 (compatible; AhrefsBot/7.0; +http://ahrefs.com/robot/)"
54.36.149.25 - - [30/Jul/2021:07:21:01 +0000] "GET / HTTP/1.1" 200 5048 "-" "Mozilla/5.0 (compatible; AhrefsBot/7.0; +http://ahrefs.com/robot/)"
95.211.211.232 - - [30/Jul/2021:07:23:19 +0000] "GET /dup-installer/main.installer.php HTTP/1.1" 404 230 "-" "-"
5.255.253.166 - - [30/Jul/2021:07:43:58 +0000] "GET /robots.txt HTTP/1.1" 404 208 "-" "Mozilla/5.0 (compatible; YandexBot/3.0; +http://yandex.com/bots)"
5.45.207.143 - - [30/Jul/2021:07:43:59 +0000] "GET /robots.txt HTTP/1.1" 404 208 "-" "Mozilla/5.0 (compatible; YandexBot/3.0; +http://yandex.com/bots)"
5.45.207.143 - - [30/Jul/2021:07:44:02 +0000] "GET / HTTP/1.1" 200 5048 "-" "Mozilla/5.0 (compatible; YandexBot/3.0; +http://yandex.com/bots)"
5.255.231.244 - - [30/Jul/2021:07:44:03 +0000] "GET / HTTP/1.1" 200 5048 "-" "Mozilla/5.0 (compatible; YandexBot/3.0; +http://yandex.com/bots)"
207.46.13.34 - - [30/Jul/2021:08:25:58 +0000] "GET /best-iit-jee-maths-coaching-in-shakti-nagar-new-delhi HTTP/1.1" 404 251 "-" "Mozilla/5.0 (compatible; bingbot/2.0; +http://www.bing.com/bingbot.htm)"
157.55.39.8 - - [30/Jul/2021:08:32:59 +0000] "GET /iit-jee-maths-online-coaching-in-sector-74-a-gurgaon/ HTTP/1.1" 404 251 "-" "Mozilla/5.0 (compatible; bingbot/2.0; +http://www.bing.com/bingbot.htm)"
114.119.136.51 - - [30/Jul/2021:09:08:56 +0000] "GET /contact/ HTTP/1.1" 404 206 "-" "Mozilla/5.0 (Linux; Android 7.0;) AppleWebKit/537.36 (KHTML, like Gecko) Mobile Safari/537.36 (compatible; PetalBot;+https://webmaster.petalsearch.com/site/petalbot)"
207.46.13.17 - - [30/Jul/2021:09:24:23 +0000] "GET /best-ib-maths-coaching-in-kinauni-village-ghaziabad/ HTTP/1.1" 404 250 "-" "Mozilla/5.0 (compatible; bingbot/2.0; +http://www.bing.com/bingbot.htm)"
193.115.194.182 - - [30/Jul/2021:10:18:39 +0000] "GET / HTTP/1.1" 200 5048 "-" "Mozilla/5.0 (compatible; Googlebot/2.1; +http://www.google.com/bot.html)"
157.55.39.8 - - [30/Jul/2021:10:27:51 +0000] "GET /iit-jee-maths-online-coaching-in-dilshad-garden-new-delhi/ HTTP/1.1" 404 256 "-" "Mozilla/5.0 (compatible; bingbot/2.0; +http://www.bing.com/bingbot.htm)"
207.46.13.29 - - [30/Jul/2021:10:56:30 +0000] "GET /best-ib-maths-coaching-in-sector-133-noida/ HTTP/1.1" 404 241 "-" "Mozilla/5.0 (compatible; bingbot/2.0; +http://www.bing.com/bingbot.htm)"
66.249.66.203 - - [30/Jul/2021:11:06:56 +0000] "GET /feed/ HTTP/1.1" 404 203 "-" "Mozilla/5.0 (compatible; Googlebot/2.1; +http://www.google.com/bot.html)"
207.46.13.34 - - [30/Jul/2021:11:07:54 +0000] "GET / HTTP/1.1" 200 5048 "-" "Mozilla/5.0 (compatible; bingbot/2.0; +http://www.bing.com/bingbot.htm)"
157.55.39.8 - - [30/Jul/2021:11:18:08 +0000] "GET /best-ib-maths-coaching-in-bahapur-new-delhi HTTP/1.1" 404 241 "-" "Mozilla/5.0 (compatible; bingbot/2.0; +http://www.bing.com/bingbot.htm)"
207.46.13.34 - - [30/Jul/2021:11:21:24 +0000] "GET /best-btech-maths-coaching-in-sarsuna-kolkata HTTP/1.1" 404 242 "-" "Mozilla/5.0 (compatible; bingbot/2.0; +http://www.bing.com/bingbot.htm)"
157.55.39.60 - - [30/Jul/2021:12:06:27 +0000] "GET /12th-class-maths-online-coaching-in-henderson-perth HTTP/1.1" 404 249 "-" "Mozilla/5.0 (compatible; bingbot/2.0; +http://www.bing.com/bingbot.htm)"
157.55.39.8 - - [30/Jul/2021:12:44:53 +0000] "GET /iit-jee-maths-online-coaching-in-dilshad-garden-new-delhi/ HTTP/1.1" 404 256 "-" "Mozilla/5.0 (compatible; bingbot/2.0; +http://www.bing.com/bingbot.htm)"
172.105.136.120 - - [30/Jul/2021:13:07:39 +0000] "GET /.env HTTP/1.1" 404 202 "-" "Mozilla/5.0 (X11; Linux x86_64) AppleWebKit/537.36 (KHTML, like Gecko) Chrome/81.0.4044.129 Safari/537.36"
172.105.136.120 - - [30/Jul/2021:13:07:39 +0000] "GET /vendor/.env HTTP/1.1" 404 209 "-" "Mozilla/5.0 (X11; Linux x86_64) AppleWebKit/537.36 (KHTML, like Gecko) Chrome/81.0.4044.129 Safari/537.36"
172.105.136.120 - - [30/Jul/2021:13:07:40 +0000] "GET /storage/.env HTTP/1.1" 404 210 "-" "Mozilla/5.0 (X11; Linux x86_64) AppleWebKit/537.36 (KHTML, like Gecko) Chrome/81.0.4044.129 Safari/537.36"
172.105.136.120 - - [30/Jul/2021:13:07:41 +0000] "GET /public/.env HTTP/1.1" 404 209 "-" "Mozilla/5.0 (X11; Linux x86_64) AppleWebKit/537.36 (KHTML, like Gecko) Chrome/81.0.4044.129 Safari/537.36"
172.105.136.120 - - [30/Jul/2021:13:07:41 +0000] "POST / HTTP/1.1" 200 5048 "-" "Mozilla/5.0 (X11; Linux x86_64) AppleWebKit/537.36 (KHTML, like Gecko) Chrome/81.0.4044.129 Safari/537.36"
40.77.167.74 - - [30/Jul/2021:13:27:23 +0000] "GET /best-ib-maths-coaching-in-sushant-lok-phase-2-gurgaon/ HTTP/1.1" 404 252 "-" "Mozilla/5.0 (compatible; bingbot/2.0; +http://www.bing.com/bingbot.htm)"
157.55.39.60 - - [30/Jul/2021:13:57:39 +0000] "GET /best-ib-maths-coaching-in-mahavir-enclave-new-delhi HTTP/1.1" 404 249 "-" "Mozilla/5.0 (compatible; bingbot/2.0; +http://www.bing.com/bingbot.htm)"
207.46.13.29 - - [30/Jul/2021:14:11:27 +0000] "GET /12th-class-maths-online-coaching-in-l-zone-new-delhi/ HTTP/1.1" 404 251 "-" "Mozilla/5.0 (compatible; bingbot/2.0; +http://www.bing.com/bingbot.htm)"
207.46.13.118 - - [30/Jul/2021:14:37:30 +0000] "GET /ib-maths-online-coaching-in-mayur-vihar-phase-1-new-delhi/ HTTP/1.1" 404 256 "-" "Mozilla/5.0 (compatible; bingbot/2.0; +http://www.bing.com/bingbot.htm)"
157.55.39.131 - - [30/Jul/2021:15:08:02 +0000] "GET /iit-jee-maths-online-coaching-in-sector-100-gurgaon/ HTTP/1.1" 404 250 "-" "Mozilla/5.0 (compatible; bingbot/2.0; +http://www.bing.com/bingbot.htm)"
207.46.13.104 - - [30/Jul/2021:15:45:31 +0000] "GET /best-12th-class-maths-coaching-in-tis-hazari-new-delhi HTTP/1.1" 404 252 "-" "Mozilla/5.0 (compatible; bingbot/2.0; +http://www.bing.com/bingbot.htm)"
207.46.13.118 - - [30/Jul/2021:16:10:31 +0000] "GET /best-btech-maths-coaching-in-govindpuri-new-delhi HTTP/1.1" 404 247 "-" "Mozilla/5.0 (compatible; bingbot/2.0; +http://www.bing.com/bingbot.htm)"
207.46.13.29 - - [30/Jul/2021:16:41:26 +0000] "GET /12th-class-maths-online-coaching-in-l-zone-new-delhi/ HTTP/1.1" 404 251 "-" "Mozilla/5.0 (compatible; bingbot/2.0; +http://www.bing.com/bingbot.htm)"
207.46.13.118 - - [30/Jul/2021:16:51:04 +0000] "GET /12th-class-maths-home-tutors-in-nellukunte-bangalore/ HTTP/1.1" 404 251 "-" "Mozilla/5.0 (compatible; bingbot/2.0; +http://www.bing.com/bingbot.htm)"
157.55.39.131 - - [30/Jul/2021:17:09:14 +0000] "GET /iit-jee-maths-online-coaching-in-sector-100-gurgaon/ HTTP/1.1" 404 250 "-" "Mozilla/5.0 (compatible; bingbot/2.0; +http://www.bing.com/bingbot.htm)"
207.46.13.118 - - [30/Jul/2021:17:16:05 +0000] "GET /ib-maths-online-coaching-in-mayur-vihar-phase-1-new-delhi/ HTTP/1.1" 404 256 "-" "Mozilla/5.0 (compatible; bingbot/2.0; +http://www.bing.com/bingbot.htm)"
34.121.230.115 - - [30/Jul/2021:17:33:56 +0000] "GET /.env HTTP/1.1" 404 202 "-" "Mozilla/5.0 (X11; Linux x86_64) AppleWebKit/537.36 (KHTML, like Gecko) Chrome/81.0.4044.129 Safari/537.36"
34.121.230.115 - - [30/Jul/2021:17:34:04 +0000] "POST / HTTP/1.1" 200 5048 "-" "Mozilla/5.0 (X11; Linux x86_64) AppleWebKit/537.36 (KHTML, like Gecko) Chrome/81.0.4044.129 Safari/537.36"
157.55.39.60 - - [30/Jul/2021:17:41:29 +0000] "GET /best-iit-jee-maths-coaching-in-akshar-dham-new-delhi HTTP/1.1" 404 250 "-" "Mozilla/5.0 (compatible; bingbot/2.0; +http://www.bing.com/bingbot.htm)"
95.87.154.11 - - [30/Jul/2021:17:51:32 +0000] "GET /robots.txt HTTP/1.1" 404 208 "-" "Mozilla/5.0 (compatible; MaCoCu; +https://www.clarin.si/info/macocu-massive-collection-and-curation-of-monolingual-and-bilingual-data/)"
95.87.154.11 - - [30/Jul/2021:17:54:03 +0000] "GET / HTTP/1.1" 200 5048 "-" "Mozilla/5.0 (compatible; MaCoCu; +https://www.clarin.si/info/macocu-massive-collection-and-curation-of-monolingual-and-bilingual-data/)"
207.46.13.34 - - [30/Jul/2021:18:19:05 +0000] "GET /iit-jee-maths-tuition-in-sector-37-b-gurgaon/ HTTP/1.1" 404 243 "-" "Mozilla/5.0 (compatible; bingbot/2.0; +http://www.bing.com/bingbot.htm)"
3.120.130.29 - - [30/Jul/2021:18:34:53 +0000] "GET /.well-known/acme-challenge/XHfuvuVd5gcs2ytV9B-wqNSzO7Nft_vUM-18rMhZSek HTTP/1.1" 404 268 "-" "Mozilla/5.0 (compatible; Let's Encrypt validation server; +https://www.letsencrypt.org)"
3.142.122.14 - - [30/Jul/2021:18:34:53 +0000] "GET /.well-known/acme-challenge/XHfuvuVd5gcs2ytV9B-wqNSzO7Nft_vUM-18rMhZSek HTTP/1.1" 404 268 "-" "Mozilla/5.0 (compatible; Let's Encrypt validation server; +https://www.letsencrypt.org)"
34.219.87.132 - - [30/Jul/2021:18:34:53 +0000] "GET /.well-known/acme-challenge/XHfuvuVd5gcs2ytV9B-wqNSzO7Nft_vUM-18rMhZSek HTTP/1.1" 404 268 "-" "Mozilla/5.0 (compatible; Let's Encrypt validation server; +https://www.letsencrypt.org)"
64.78.149.164 - - [30/Jul/2021:18:34:53 +0000] "GET /.well-known/acme-challenge/XHfuvuVd5gcs2ytV9B-wqNSzO7Nft_vUM-18rMhZSek HTTP/1.1" 404 268 "-" "Mozilla/5.0 (compatible; Let's Encrypt validation server; +https://www.letsencrypt.org)"
66.249.66.205 - - [30/Jul/2021:21:07:17 +0000] "GET /robots.txt HTTP/1.1" 404 208 "-" "Mozilla/5.0 (compatible; Googlebot/2.1; +http://www.google.com/bot.html)"
66.249.66.205 - - [30/Jul/2021:21:07:18 +0000] "GET / HTTP/1.1" 200 5048 "-" "Mozilla/5.0 (compatible; Googlebot/2.1; +http://www.google.com/bot.html)"
207.46.13.29 - - [30/Jul/2021:21:14:02 +0000] "GET /12th-class-maths-home-tutors-in-seemapuri-new-delhi/ HTTP/1.1" 404 250 "-" "Mozilla/5.0 (compatible; bingbot/2.0; +http://www.bing.com/bingbot.htm)"
114.119.131.105 - - [30/Jul/2021:21:18:30 +0000] "GET /about-us/ HTTP/1.1" 404 207 "-" "Mozilla/5.0 (Linux; Android 7.0;) AppleWebKit/537.36 (KHTML, like Gecko) Mobile Safari/537.36 (compatible; PetalBot;+https://webmaster.petalsearch.com/site/petalbot)"
18.237.132.219 - - [30/Jul/2021:21:42:24 +0000] "GET / HTTP/1.1" 200 5048 "-" "Mozilla/5.0 (X11; Linux x86_64) AppleWebKit/537.36 (KHTML, like Gecko) Chrome/83.0.4103.97 Safari/537.36"
34.223.242.65 - - [30/Jul/2021:21:42:59 +0000] "GET / HTTP/1.1" 200 5048 "-" "Mozilla/5.0 (X11; Linux x86_64) AppleWebKit/537.36 (KHTML, like Gecko) Chrome/83.0.4103.97 Safari/537.36"
54.190.27.91 - - [30/Jul/2021:21:43:39 +0000] "GET / HTTP/1.1" 200 5048 "-" "Mozilla/5.0 (X11; Linux x86_64) AppleWebKit/537.36 (KHTML, like Gecko) Chrome/83.0.4103.97 Safari/537.36"
207.46.13.118 - - [30/Jul/2021:21:43:42 +0000] "GET /btech-maths-online-coaching-in-crossing-republik-ghaziabad/ HTTP/1.1" 404 257 "-" "Mozilla/5.0 (compatible; bingbot/2.0; +http://www.bing.com/bingbot.htm)"
40.77.167.74 - - [30/Jul/2021:22:00:22 +0000] "GET /iit-jee-mains-advanced-maths-online-coaching-in-sector-112-noida/ HTTP/1.1" 404 263 "-" "Mozilla/5.0 (compatible; bingbot/2.0; +http://www.bing.com/bingbot.htm)"
207.46.13.34 - - [30/Jul/2021:22:02:56 +0000] "GET / HTTP/1.1" 200 5048 "-" "Mozilla/5.0 (compatible; bingbot/2.0; +http://www.bing.com/bingbot.htm)"
142.54.177.4 - - [30/Jul/2021:23:05:51 +0000] "GET / HTTP/1.1" 200 5048 "http://www.google.com.hk" "Mozilla/5.0 (Windows NT 6.1; WOW64) AppleWebKit/537.36 (KHTML, like Gecko) Chrome/42.0.2311.90 Safari/537.36"
157.55.39.60 - - [30/Jul/2021:23:26:03 +0000] "GET /iit-jee-mains-advanced-maths-online-coaching-in-sector-18-noida/ HTTP/1.1" 404 262 "-" "Mozilla/5.0 (compatible; bingbot/2.0; +http://www.bing.com/bingbot.htm)"
54.36.149.104 - - [30/Jul/2021:23:33:32 +0000] "GET / HTTP/1.1" 200 5048 "-" "Mozilla/5.0 (compatible; AhrefsBot/7.0; +http://ahrefs.com/robot/)"
157.55.39.131 - - [30/Jul/2021:23:35:33 +0000] "GET /12th-class-maths-home-tutors-in-jalahalli-west-bangalore/ HTTP/1.1" 404 255 "-" "Mozilla/5.0 (compatible; bingbot/2.0; +http://www.bing.com/bingbot.htm)"
157.90.181.222 - - [30/Jul/2021:23:38:09 +0000] "GET /robots.txt HTTP/1.1" 404 208 "-" "Mozilla/5.0 (compatible; BLEXBot/1.0; +http://webmeup-crawler.com/)"
207.46.13.118 - - [30/Jul/2021:23:43:23 +0000] "GET /btech-maths-online-coaching-in-crossing-republik-ghaziabad/ HTTP/1.1" 404 257 "-" "Mozilla/5.0 (compatible; bingbot/2.0; +http://www.bing.com/bingbot.htm)"
157.55.39.60 - - [31/Jul/2021:00:58:02 +0000] "GET /iit-jee-mains-advanced-maths-online-coaching-in-sector-20a-faridabad/ HTTP/1.1" 404 267 "-" "Mozilla/5.0 (compatible; bingbot/2.0; +http://www.bing.com/bingbot.htm)"
207.46.13.104 - - [31/Jul/2021:01:33:14 +0000] "GET /12th-class-maths-home-tutors-in-whitefield-bangalore/ HTTP/1.1" 404 251 "-" "Mozilla/5.0 (compatible; bingbot/2.0; +http://www.bing.com/bingbot.htm)"
157.55.39.8 - - [31/Jul/2021:02:00:23 +0000] "GET /ib-maths-online-coaching-in-sector-99-gurgaon HTTP/1.1" 404 243 "-" "Mozilla/5.0 (compatible; bingbot/2.0; +http://www.bing.com/bingbot.htm)"
207.46.13.17 - - [31/Jul/2021:02:01:09 +0000] "GET /best-ib-maths-coaching-in-shakurpur-new-delhi/ HTTP/1.1" 404 244 "-" "Mozilla/5.0 (compatible; bingbot/2.0; +http://www.bing.com/bingbot.htm)"
40.77.167.74 - - [31/Jul/2021:02:25:57 +0000] "GET /ib-maths-online-coaching-in-sushant-lok-phase-2-gurgaon/ HTTP/1.1" 404 254 "-" "Mozilla/5.0 (compatible; bingbot/2.0; +http://www.bing.com/bingbot.htm)"
114.119.136.113 - - [31/Jul/2021:02:39:09 +0000] "GET /robots.txt HTTP/1.1" 404 208 "-" "Mozilla/5.0 (compatible;PetalBot;+https://webmaster.petalsearch.com/site/petalbot)"
52.175.225.132 - - [31/Jul/2021:03:14:31 +0000] "GET / HTTP/1.1" 200 5048 "-" "Mozilla/5.0 (Windows NT 10.0; Win64; x64) AppleWebKit/537.36 (KHTML, like Gecko) Chrome/89.0.4389.114 Safari/537.36"
52.175.225.132 - - [31/Jul/2021:03:14:31 +0000] "GET / HTTP/1.1" 200 5048 "-" "Mozilla/5.0 (Windows NT 10.0; Win64; x64) AppleWebKit/537.36 (KHTML, like Gecko) Chrome/89.0.4389.114 Safari/537.36"
52.175.225.132 - - [31/Jul/2021:03:14:31 +0000] "GET /wp-includes/wlwmanifest.xml HTTP/1.1" 404 225 "-" "Mozilla/5.0 (Windows NT 10.0; Win64; x64) AppleWebKit/537.36 (KHTML, like Gecko) Chrome/89.0.4389.114 Safari/537.36"
52.175.225.132 - - [31/Jul/2021:03:14:31 +0000] "GET /xmlrpc.php?rsd HTTP/1.1" 404 208 "-" "Mozilla/5.0 (Windows NT 10.0; Win64; x64) AppleWebKit/537.36 (KHTML, like Gecko) Chrome/89.0.4389.114 Safari/537.36"
52.175.225.132 - - [31/Jul/2021:03:14:31 +0000] "GET / HTTP/1.1" 200 5048 "-" "Mozilla/5.0 (Windows NT 10.0; Win64; x64) AppleWebKit/537.36 (KHTML, like Gecko) Chrome/89.0.4389.114 Safari/537.36"
52.175.225.132 - - [31/Jul/2021:03:14:32 +0000] "GET /blog/wp-includes/wlwmanifest.xml HTTP/1.1" 404 230 "-" "Mozilla/5.0 (Windows NT 10.0; Win64; x64) AppleWebKit/537.36 (KHTML, like Gecko) Chrome/89.0.4389.114 Safari/537.36"
52.175.225.132 - - [31/Jul/2021:03:14:32 +0000] "GET /web/wp-includes/wlwmanifest.xml HTTP/1.1" 404 229 "-" "Mozilla/5.0 (Windows NT 10.0; Win64; x64) AppleWebKit/537.36 (KHTML, like Gecko) Chrome/89.0.4389.114 Safari/537.36"
52.175.225.132 - - [31/Jul/2021:03:14:32 +0000] "GET /wordpress/wp-includes/wlwmanifest.xml HTTP/1.1" 404 235 "-" "Mozilla/5.0 (Windows NT 10.0; Win64; x64) AppleWebKit/537.36 (KHTML, like Gecko) Chrome/89.0.4389.114 Safari/537.36"
52.175.225.132 - - [31/Jul/2021:03:14:32 +0000] "GET /website/wp-includes/wlwmanifest.xml HTTP/1.1" 404 233 "-" "Mozilla/5.0 (Windows NT 10.0; Win64; x64) AppleWebKit/537.36 (KHTML, like Gecko) Chrome/89.0.4389.114 Safari/537.36"
52.175.225.132 - - [31/Jul/2021:03:14:32 +0000] "GET /wp/wp-includes/wlwmanifest.xml HTTP/1.1" 404 228 "-" "Mozilla/5.0 (Windows NT 10.0; Win64; x64) AppleWebKit/537.36 (KHTML, like Gecko) Chrome/89.0.4389.114 Safari/537.36"
52.175.225.132 - - [31/Jul/2021:03:14:33 +0000] "GET /news/wp-includes/wlwmanifest.xml HTTP/1.1" 404 230 "-" "Mozilla/5.0 (Windows NT 10.0; Win64; x64) AppleWebKit/537.36 (KHTML, like Gecko) Chrome/89.0.4389.114 Safari/537.36"
52.175.225.132 - - [31/Jul/2021:03:14:33 +0000] "GET /2020/wp-includes/wlwmanifest.xml HTTP/1.1" 404 230 "-" "Mozilla/5.0 (Windows NT 10.0; Win64; x64) AppleWebKit/537.36 (KHTML, like Gecko) Chrome/89.0.4389.114 Safari/537.36"
52.175.225.132 - - [31/Jul/2021:03:14:33 +0000] "GET /2019/wp-includes/wlwmanifest.xml HTTP/1.1" 404 230 "-" "Mozilla/5.0 (Windows NT 10.0; Win64; x64) AppleWebKit/537.36 (KHTML, like Gecko) Chrome/89.0.4389.114 Safari/537.36"
52.175.225.132 - - [31/Jul/2021:03:14:33 +0000] "GET /shop/wp-includes/wlwmanifest.xml HTTP/1.1" 404 230 "-" "Mozilla/5.0 (Windows NT 10.0; Win64; x64) AppleWebKit/537.36 (KHTML, like Gecko) Chrome/89.0.4389.114 Safari/537.36"
52.175.225.132 - - [31/Jul/2021:03:14:34 +0000] "GET /wp1/wp-includes/wlwmanifest.xml HTTP/1.1" 404 229 "-" "Mozilla/5.0 (Windows NT 10.0; Win64; x64) AppleWebKit/537.36 (KHTML, like Gecko) Chrome/89.0.4389.114 Safari/537.36"
52.175.225.132 - - [31/Jul/2021:03:14:34 +0000] "GET /test/wp-includes/wlwmanifest.xml HTTP/1.1" 404 230 "-" "Mozilla/5.0 (Windows NT 10.0; Win64; x64) AppleWebKit/537.36 (KHTML, like Gecko) Chrome/89.0.4389.114 Safari/537.36"
52.175.225.132 - - [31/Jul/2021:03:14:34 +0000] "GET /wp2/wp-includes/wlwmanifest.xml HTTP/1.1" 404 229 "-" "Mozilla/5.0 (Windows NT 10.0; Win64; x64) AppleWebKit/537.36 (KHTML, like Gecko) Chrome/89.0.4389.114 Safari/537.36"
52.175.225.132 - - [31/Jul/2021:03:14:34 +0000] "GET /site/wp-includes/wlwmanifest.xml HTTP/1.1" 404 230 "-" "Mozilla/5.0 (Windows NT 10.0; Win64; x64) AppleWebKit/537.36 (KHTML, like Gecko) Chrome/89.0.4389.114 Safari/537.36"
52.175.225.132 - - [31/Jul/2021:03:14:34 +0000] "GET /cms/wp-includes/wlwmanifest.xml HTTP/1.1" 404 229 "-" "Mozilla/5.0 (Windows NT 10.0; Win64; x64) AppleWebKit/537.36 (KHTML, like Gecko) Chrome/89.0.4389.114 Safari/537.36"
52.175.225.132 - - [31/Jul/2021:03:14:35 +0000] "GET /sito/wp-includes/wlwmanifest.xml HTTP/1.1" 404 230 "-" "Mozilla/5.0 (Windows NT 10.0; Win64; x64) AppleWebKit/537.36 (KHTML, like Gecko) Chrome/89.0.4389.114 Safari/537.36"
40.77.167.74 - - [31/Jul/2021:03:38:53 +0000] "GET /btech-maths-online-coaching-in-sangam-vihar-new-delhi/ HTTP/1.1" 404 252 "-" "Mozilla/5.0 (compatible; bingbot/2.0; +http://www.bing.com/bingbot.htm)"
207.46.13.17 - - [31/Jul/2021:03:41:48 +0000] "GET /best-ib-maths-coaching-in-vasundhara-sector-19-ghaziabad/ HTTP/1.1" 404 255 "-" "Mozilla/5.0 (compatible; bingbot/2.0; +http://www.bing.com/bingbot.htm)"
207.46.13.17 - - [31/Jul/2021:03:45:20 +0000] "GET /best-ib-maths-coaching-in-sector-104-noida/ HTTP/1.1" 404 241 "-" "Mozilla/5.0 (compatible; bingbot/2.0; +http://www.bing.com/bingbot.htm)"
40.77.167.74 - - [31/Jul/2021:03:45:54 +0000] "GET / HTTP/1.1" 200 5048 "-" "Mozilla/5.0 (compatible; bingbot/2.0; +http://www.bing.com/bingbot.htm)"
157.55.39.131 - - [31/Jul/2021:03:46:27 +0000] "GET /img/8.png HTTP/1.1" 404 207 "-" "Mozilla/5.0 (compatible; bingbot/2.0; +http://www.bing.com/bingbot.htm)"
157.55.39.131 - - [31/Jul/2021:04:17:40 +0000] "GET /img/1.png HTTP/1.1" 404 207 "-" "Mozilla/5.0 (compatible; bingbot/2.0; +http://www.bing.com/bingbot.htm)"
207.46.13.17 - - [31/Jul/2021:04:26:53 +0000] "GET /best-ib-maths-coaching-in-shakurpur-new-delhi/ HTTP/1.1" 404 244 "-" "Mozilla/5.0 (compatible; bingbot/2.0; +http://www.bing.com/bingbot.htm)"
114.119.159.216 - - [31/Jul/2021:04:32:36 +0000] "GET /img/menu-interface-symbol-of-three-horizontal-straight-lines-(1).png HTTP/1.1" 404 266 "-" "Mozilla/5.0 (Linux; Android 7.0;) AppleWebKit/537.36 (KHTML, like Gecko) Mobile Safari/537.36 (compatible; PetalBot;+https://webmaster.petalsearch.com/site/petalbot)"
207.46.13.17 - - [31/Jul/2021:04:41:15 +0000] "GET /ib-maths-online-coaching-in-tri-nagar-new-delhi HTTP/1.1" 404 245 "-" "Mozilla/5.0 (compatible; bingbot/2.0; +http://www.bing.com/bingbot.htm)"
157.55.39.60 - - [31/Jul/2021:04:42:13 +0000] "GET /best-maths-teacher-in-sector-18-noida/ HTTP/1.1" 404 236 "-" "Mozilla/5.0 (compatible; bingbot/2.0; +http://www.bing.com/bingbot.htm)"
207.46.13.17 - - [31/Jul/2021:05:37:10 +0000] "GET /best-ib-maths-coaching-in-vasundhara-sector-19-ghaziabad/ HTTP/1.1" 404 255 "-" "Mozilla/5.0 (compatible; bingbot/2.0; +http://www.bing.com/bingbot.htm)"
54.36.148.146 - - [31/Jul/2021:05:50:31 +0000] "GET /robots.txt HTTP/1.1" 404 208 "-" "Mozilla/5.0 (compatible; AhrefsBot/7.0; +http://ahrefs.com/robot/)"
40.77.167.74 - - [31/Jul/2021:06:07:27 +0000] "GET /btech-maths-online-coaching-in-sangam-vihar-new-delhi/ HTTP/1.1" 404 252 "-" "Mozilla/5.0 (compatible; bingbot/2.0; +http://www.bing.com/bingbot.htm)"
157.55.39.131 - - [31/Jul/2021:06:42:42 +0000] "GET /12th-class-maths-home-tutors-in-commercial-street-bangalore/ HTTP/1.1" 404 258 "-" "Mozilla/5.0 (compatible; bingbot/2.0; +http://www.bing.com/bingbot.htm)"
162.220.165.157 - - [31/Jul/2021:06:51:00 +0000] "GET /Bhaskarclasses/xmlrpc.php HTTP/1.1" 404 223 "www.google.com" "Mozlila/5.0 (Linux; Android 7.0; SM-G892A Bulid/NRD90M; wv) AppleWebKit/537.36 (KHTML, like Gecko) Version/4.0 Chrome/60.0.3112.107 Moblie Safari/537.36"
162.220.165.157 - - [31/Jul/2021:06:51:05 +0000] "GET /bhaskarclasses/xmlrpc.php HTTP/1.1" 404 223 "www.google.com" "Mozlila/5.0 (Linux; Android 7.0; SM-G892A Bulid/NRD90M; wv) AppleWebKit/537.36 (KHTML, like Gecko) Version/4.0 Chrome/60.0.3112.107 Moblie Safari/537.36"
162.220.165.157 - - [31/Jul/2021:06:51:11 +0000] "GET /bhaskarclasses2021/xmlrpc.php HTTP/1.1" 404 227 "www.google.com" "Mozlila/5.0 (Linux; Android 7.0; SM-G892A Bulid/NRD90M; wv) AppleWebKit/537.36 (KHTML, like Gecko) Version/4.0 Chrome/60.0.3112.107 Moblie Safari/537.36"
162.220.165.157 - - [31/Jul/2021:06:51:17 +0000] "GET /bhaskarclasses2020/xmlrpc.php HTTP/1.1" 404 227 "www.google.com" "Mozlila/5.0 (Linux; Android 7.0; SM-G892A Bulid/NRD90M; wv) AppleWebKit/537.36 (KHTML, like Gecko) Version/4.0 Chrome/60.0.3112.107 Moblie Safari/537.36"
162.220.165.157 - - [31/Jul/2021:06:51:22 +0000] "GET /bhaskarclasses2019/xmlrpc.php HTTP/1.1" 404 227 "www.google.com" "Mozlila/5.0 (Linux; Android 7.0; SM-G892A Bulid/NRD90M; wv) AppleWebKit/537.36 (KHTML, like Gecko) Version/4.0 Chrome/60.0.3112.107 Moblie Safari/537.36"
162.220.165.157 - - [31/Jul/2021:06:51:28 +0000] "GET /bhaskarclassesbhaskarclasses/xmlrpc.php HTTP/1.1" 404 237 "www.google.com" "Mozlila/5.0 (Linux; Android 7.0; SM-G892A Bulid/NRD90M; wv) AppleWebKit/537.36 (KHTML, like Gecko) Version/4.0 Chrome/60.0.3112.107 Moblie Safari/537.36"
162.220.165.157 - - [31/Jul/2021:06:51:33 +0000] "GET /backup_bhaskarclasses/xmlrpc.php HTTP/1.1" 404 230 "www.google.com" "Mozlila/5.0 (Linux; Android 7.0; SM-G892A Bulid/NRD90M; wv) AppleWebKit/537.36 (KHTML, like Gecko) Version/4.0 Chrome/60.0.3112.107 Moblie Safari/537.36"
162.220.165.157 - - [31/Jul/2021:06:51:39 +0000] "GET /Backup_bhaskarclasses/xmlrpc.php HTTP/1.1" 404 230 "www.google.com" "Mozlila/5.0 (Linux; Android 7.0; SM-G892A Bulid/NRD90M; wv) AppleWebKit/537.36 (KHTML, like Gecko) Version/4.0 Chrome/60.0.3112.107 Moblie Safari/537.36"
162.220.165.157 - - [31/Jul/2021:06:51:45 +0000] "GET /BACKUP_bhaskarclasses/xmlrpc.php HTTP/1.1" 404 230 "www.google.com" "Mozlila/5.0 (Linux; Android 7.0; SM-G892A Bulid/NRD90M; wv) AppleWebKit/537.36 (KHTML, like Gecko) Version/4.0 Chrome/60.0.3112.107 Moblie Safari/537.36"
162.220.165.157 - - [31/Jul/2021:06:51:50 +0000] "GET /old_bhaskarclasses/xmlrpc.php HTTP/1.1" 404 227 "www.google.com" "Mozlila/5.0 (Linux; Android 7.0; SM-G892A Bulid/NRD90M; wv) AppleWebKit/537.36 (KHTML, like Gecko) Version/4.0 Chrome/60.0.3112.107 Moblie Safari/537.36"
162.220.165.157 - - [31/Jul/2021:06:51:55 +0000] "GET /backup-bhaskarclasses/xmlrpc.php HTTP/1.1" 404 230 "www.google.com" "Mozlila/5.0 (Linux; Android 7.0; SM-G892A Bulid/NRD90M; wv) AppleWebKit/537.36 (KHTML, like Gecko) Version/4.0 Chrome/60.0.3112.107 Moblie Safari/537.36"
162.220.165.157 - - [31/Jul/2021:06:52:00 +0000] "GET /Backup-bhaskarclasses/xmlrpc.php HTTP/1.1" 404 230 "www.google.com" "Mozlila/5.0 (Linux; Android 7.0; SM-G892A Bulid/NRD90M; wv) AppleWebKit/537.36 (KHTML, like Gecko) Version/4.0 Chrome/60.0.3112.107 Moblie Safari/537.36"
162.220.165.157 - - [31/Jul/2021:06:52:06 +0000] "GET /BACKUP-bhaskarclasses/xmlrpc.php HTTP/1.1" 404 230 "www.google.com" "Mozlila/5.0 (Linux; Android 7.0; SM-G892A Bulid/NRD90M; wv) AppleWebKit/537.36 (KHTML, like Gecko) Version/4.0 Chrome/60.0.3112.107 Moblie Safari/537.36"
162.220.165.157 - - [31/Jul/2021:06:52:13 +0000] "GET /old-bhaskarclasses/xmlrpc.php HTTP/1.1" 404 227 "www.google.com" "Mozlila/5.0 (Linux; Android 7.0; SM-G892A Bulid/NRD90M; wv) AppleWebKit/537.36 (KHTML, like Gecko) Version/4.0 Chrome/60.0.3112.107 Moblie Safari/537.36"
162.220.165.157 - - [31/Jul/2021:06:52:18 +0000] "GET /Old-bhaskarclasses/xmlrpc.php HTTP/1.1" 404 227 "www.google.com" "Mozlila/5.0 (Linux; Android 7.0; SM-G892A Bulid/NRD90M; wv) AppleWebKit/537.36 (KHTML, like Gecko) Version/4.0 Chrome/60.0.3112.107 Moblie Safari/537.36"
162.220.165.157 - - [31/Jul/2021:06:52:25 +0000] "GET /OLD-bhaskarclasses/xmlrpc.php HTTP/1.1" 404 227 "www.google.com" "Mozlila/5.0 (Linux; Android 7.0; SM-G892A Bulid/NRD90M; wv) AppleWebKit/537.36 (KHTML, like Gecko) Version/4.0 Chrome/60.0.3112.107 Moblie Safari/537.36"
162.220.165.157 - - [31/Jul/2021:06:52:30 +0000] "GET /bhaskarclasses_OLD/xmlrpc.php HTTP/1.1" 404 227 "www.google.com" "Mozlila/5.0 (Linux; Android 7.0; SM-G892A Bulid/NRD90M; wv) AppleWebKit/537.36 (KHTML, like Gecko) Version/4.0 Chrome/60.0.3112.107 Moblie Safari/537.36"
162.220.165.157 - - [31/Jul/2021:06:52:36 +0000] "GET /bhaskarclasses_Old/xmlrpc.php HTTP/1.1" 404 227 "www.google.com" "Mozlila/5.0 (Linux; Android 7.0; SM-G892A Bulid/NRD90M; wv) AppleWebKit/537.36 (KHTML, like Gecko) Version/4.0 Chrome/60.0.3112.107 Moblie Safari/537.36"
162.220.165.157 - - [31/Jul/2021:06:52:41 +0000] "GET /bhaskarclasses_Backup/xmlrpc.php HTTP/1.1" 404 230 "www.google.com" "Mozlila/5.0 (Linux; Android 7.0; SM-G892A Bulid/NRD90M; wv) AppleWebKit/537.36 (KHTML, like Gecko) Version/4.0 Chrome/60.0.3112.107 Moblie Safari/537.36"
162.220.165.157 - - [31/Jul/2021:06:52:47 +0000] "GET /backup_old/xmlrpc.php HTTP/1.1" 404 219 "www.google.com" "Mozlila/5.0 (Linux; Android 7.0; SM-G892A Bulid/NRD90M; wv) AppleWebKit/537.36 (KHTML, like Gecko) Version/4.0 Chrome/60.0.3112.107 Moblie Safari/537.36"
162.220.165.157 - - [31/Jul/2021:06:52:53 +0000] "GET /wp/xmlrpc.php HTTP/1.1" 404 211 "www.google.com" "Mozlila/5.0 (Linux; Android 7.0; SM-G892A Bulid/NRD90M; wv) AppleWebKit/537.36 (KHTML, like Gecko) Version/4.0 Chrome/60.0.3112.107 Moblie Safari/537.36"
162.220.165.157 - - [31/Jul/2021:06:52:58 +0000] "GET /WP/xmlrpc.php HTTP/1.1" 404 211 "www.google.com" "Mozlila/5.0 (Linux; Android 7.0; SM-G892A Bulid/NRD90M; wv) AppleWebKit/537.36 (KHTML, like Gecko) Version/4.0 Chrome/60.0.3112.107 Moblie Safari/537.36"
162.220.165.157 - - [31/Jul/2021:06:53:04 +0000] "GET /Wp/xmlrpc.php HTTP/1.1" 404 211 "www.google.com" "Mozlila/5.0 (Linux; Android 7.0; SM-G892A Bulid/NRD90M; wv) AppleWebKit/537.36 (KHTML, like Gecko) Version/4.0 Chrome/60.0.3112.107 Moblie Safari/537.36"
162.220.165.157 - - [31/Jul/2021:06:53:11 +0000] "GET /Wp1/xmlrpc.php HTTP/1.1" 404 212 "www.google.com" "Mozlila/5.0 (Linux; Android 7.0; SM-G892A Bulid/NRD90M; wv) AppleWebKit/537.36 (KHTML, like Gecko) Version/4.0 Chrome/60.0.3112.107 Moblie Safari/537.36"
162.220.165.157 - - [31/Jul/2021:06:53:16 +0000] "GET /wp1/xmlrpc.php HTTP/1.1" 404 212 "www.google.com" "Mozlila/5.0 (Linux; Android 7.0; SM-G892A Bulid/NRD90M; wv) AppleWebKit/537.36 (KHTML, like Gecko) Version/4.0 Chrome/60.0.3112.107 Moblie Safari/537.36"
162.220.165.157 - - [31/Jul/2021:06:53:22 +0000] "GET /WP1/xmlrpc.php HTTP/1.1" 404 212 "www.google.com" "Mozlila/5.0 (Linux; Android 7.0; SM-G892A Bulid/NRD90M; wv) AppleWebKit/537.36 (KHTML, like Gecko) Version/4.0 Chrome/60.0.3112.107 Moblie Safari/537.36"
162.220.165.157 - - [31/Jul/2021:06:53:27 +0000] "GET /wp2/xmlrpc.php HTTP/1.1" 404 212 "www.google.com" "Mozlila/5.0 (Linux; Android 7.0; SM-G892A Bulid/NRD90M; wv) AppleWebKit/537.36 (KHTML, like Gecko) Version/4.0 Chrome/60.0.3112.107 Moblie Safari/537.36"
162.220.165.157 - - [31/Jul/2021:06:53:32 +0000] "GET /Wp2/xmlrpc.php HTTP/1.1" 404 212 "www.google.com" "Mozlila/5.0 (Linux; Android 7.0; SM-G892A Bulid/NRD90M; wv) AppleWebKit/537.36 (KHTML, like Gecko) Version/4.0 Chrome/60.0.3112.107 Moblie Safari/537.36"
162.220.165.157 - - [31/Jul/2021:06:53:38 +0000] "GET /wordpress/xmlrpc.php HTTP/1.1" 404 218 "www.google.com" "Mozlila/5.0 (Linux; Android 7.0; SM-G892A Bulid/NRD90M; wv) AppleWebKit/537.36 (KHTML, like Gecko) Version/4.0 Chrome/60.0.3112.107 Moblie Safari/537.36"
162.220.165.157 - - [31/Jul/2021:06:53:44 +0000] "GET /WordPress/xmlrpc.php HTTP/1.1" 404 218 "www.google.com" "Mozlila/5.0 (Linux; Android 7.0; SM-G892A Bulid/NRD90M; wv) AppleWebKit/537.36 (KHTML, like Gecko) Version/4.0 Chrome/60.0.3112.107 Moblie Safari/537.36"
162.220.165.157 - - [31/Jul/2021:06:53:50 +0000] "GET /WORDPRESS/xmlrpc.php HTTP/1.1" 404 218 "www.google.com" "Mozlila/5.0 (Linux; Android 7.0; SM-G892A Bulid/NRD90M; wv) AppleWebKit/537.36 (KHTML, like Gecko) Version/4.0 Chrome/60.0.3112.107 Moblie Safari/537.36"
162.220.165.157 - - [31/Jul/2021:06:53:56 +0000] "GET /wp-admin/xmlrpc.php HTTP/1.1" 404 217 "www.google.com" "Mozlila/5.0 (Linux; Android 7.0; SM-G892A Bulid/NRD90M; wv) AppleWebKit/537.36 (KHTML, like Gecko) Version/4.0 Chrome/60.0.3112.107 Moblie Safari/537.36"
162.220.165.157 - - [31/Jul/2021:06:54:01 +0000] "GET /blog/xmlrpc.php HTTP/1.1" 404 213 "www.google.com" "Mozlila/5.0 (Linux; Android 7.0; SM-G892A Bulid/NRD90M; wv) AppleWebKit/537.36 (KHTML, like Gecko) Version/4.0 Chrome/60.0.3112.107 Moblie Safari/537.36"
162.220.165.157 - - [31/Jul/2021:06:54:06 +0000] "GET /Blog/xmlrpc.php HTTP/1.1" 404 213 "www.google.com" "Mozlila/5.0 (Linux; Android 7.0; SM-G892A Bulid/NRD90M; wv) AppleWebKit/537.36 (KHTML, like Gecko) Version/4.0 Chrome/60.0.3112.107 Moblie Safari/537.36"
162.220.165.157 - - [31/Jul/2021:06:54:12 +0000] "GET /new/xmlrpc.php HTTP/1.1" 404 212 "www.google.com" "Mozlila/5.0 (Linux; Android 7.0; SM-G892A Bulid/NRD90M; wv) AppleWebKit/537.36 (KHTML, like Gecko) Version/4.0 Chrome/60.0.3112.107 Moblie Safari/537.36"
162.220.165.157 - - [31/Jul/2021:06:54:17 +0000] "GET /New/xmlrpc.php HTTP/1.1" 404 212 "www.google.com" "Mozlila/5.0 (Linux; Android 7.0; SM-G892A Bulid/NRD90M; wv) AppleWebKit/537.36 (KHTML, like Gecko) Version/4.0 Chrome/60.0.3112.107 Moblie Safari/537.36"
162.220.165.157 - - [31/Jul/2021:06:54:23 +0000] "GET /NEW/xmlrpc.php HTTP/1.1" 404 212 "www.google.com" "Mozlila/5.0 (Linux; Android 7.0; SM-G892A Bulid/NRD90M; wv) AppleWebKit/537.36 (KHTML, like Gecko) Version/4.0 Chrome/60.0.3112.107 Moblie Safari/537.36"
162.220.165.157 - - [31/Jul/2021:06:54:29 +0000] "GET /old/xmlrpc.php HTTP/1.1" 404 212 "www.google.com" "Mozlila/5.0 (Linux; Android 7.0; SM-G892A Bulid/NRD90M; wv) AppleWebKit/537.36 (KHTML, like Gecko) Version/4.0 Chrome/60.0.3112.107 Moblie Safari/537.36"
162.220.165.157 - - [31/Jul/2021:06:54:34 +0000] "GET /Old/xmlrpc.php HTTP/1.1" 404 212 "www.google.com" "Mozlila/5.0 (Linux; Android 7.0; SM-G892A Bulid/NRD90M; wv) AppleWebKit/537.36 (KHTML, like Gecko) Version/4.0 Chrome/60.0.3112.107 Moblie Safari/537.36"
162.220.165.157 - - [31/Jul/2021:06:54:40 +0000] "GET /OLD/xmlrpc.php HTTP/1.1" 404 212 "www.google.com" "Mozlila/5.0 (Linux; Android 7.0; SM-G892A Bulid/NRD90M; wv) AppleWebKit/537.36 (KHTML, like Gecko) Version/4.0 Chrome/60.0.3112.107 Moblie Safari/537.36"
162.220.165.157 - - [31/Jul/2021:06:54:45 +0000] "GET /demo/xmlrpc.php HTTP/1.1" 404 213 "www.google.com" "Mozlila/5.0 (Linux; Android 7.0; SM-G892A Bulid/NRD90M; wv) AppleWebKit/537.36 (KHTML, like Gecko) Version/4.0 Chrome/60.0.3112.107 Moblie Safari/537.36"
162.220.165.157 - - [31/Jul/2021:06:54:51 +0000] "GET /demo1/xmlrpc.php HTTP/1.1" 404 214 "www.google.com" "Mozlila/5.0 (Linux; Android 7.0; SM-G892A Bulid/NRD90M; wv) AppleWebKit/537.36 (KHTML, like Gecko) Version/4.0 Chrome/60.0.3112.107 Moblie Safari/537.36"
162.220.165.157 - - [31/Jul/2021:06:54:57 +0000] "GET /DEMO/xmlrpc.php HTTP/1.1" 404 213 "www.google.com" "Mozlila/5.0 (Linux; Android 7.0; SM-G892A Bulid/NRD90M; wv) AppleWebKit/537.36 (KHTML, like Gecko) Version/4.0 Chrome/60.0.3112.107 Moblie Safari/537.36"
162.220.165.157 - - [31/Jul/2021:06:55:03 +0000] "GET /backup/xmlrpc.php HTTP/1.1" 404 215 "www.google.com" "Mozlila/5.0 (Linux; Android 7.0; SM-G892A Bulid/NRD90M; wv) AppleWebKit/537.36 (KHTML, like Gecko) Version/4.0 Chrome/60.0.3112.107 Moblie Safari/537.36"
162.220.165.157 - - [31/Jul/2021:06:55:08 +0000] "GET /Backup/xmlrpc.php HTTP/1.1" 404 215 "www.google.com" "Mozlila/5.0 (Linux; Android 7.0; SM-G892A Bulid/NRD90M; wv) AppleWebKit/537.36 (KHTML, like Gecko) Version/4.0 Chrome/60.0.3112.107 Moblie Safari/537.36"
162.220.165.157 - - [31/Jul/2021:06:55:13 +0000] "GET /BackUp/xmlrpc.php HTTP/1.1" 404 215 "www.google.com" "Mozlila/5.0 (Linux; Android 7.0; SM-G892A Bulid/NRD90M; wv) AppleWebKit/537.36 (KHTML, like Gecko) Version/4.0 Chrome/60.0.3112.107 Moblie Safari/537.36"
162.220.165.157 - - [31/Jul/2021:06:55:19 +0000] "GET /BACKUP/xmlrpc.php HTTP/1.1" 404 215 "www.google.com" "Mozlila/5.0 (Linux; Android 7.0; SM-G892A Bulid/NRD90M; wv) AppleWebKit/537.36 (KHTML, like Gecko) Version/4.0 Chrome/60.0.3112.107 Moblie Safari/537.36"
162.220.165.157 - - [31/Jul/2021:06:55:24 +0000] "GET /backup_Old/xmlrpc.php HTTP/1.1" 404 219 "www.google.com" "Mozlila/5.0 (Linux; Android 7.0; SM-G892A Bulid/NRD90M; wv) AppleWebKit/537.36 (KHTML, like Gecko) Version/4.0 Chrome/60.0.3112.107 Moblie Safari/537.36"
162.220.165.157 - - [31/Jul/2021:06:55:30 +0000] "GET /Backup_new/xmlrpc.php HTTP/1.1" 404 219 "www.google.com" "Mozlila/5.0 (Linux; Android 7.0; SM-G892A Bulid/NRD90M; wv) AppleWebKit/537.36 (KHTML, like Gecko) Version/4.0 Chrome/60.0.3112.107 Moblie Safari/537.36"
162.220.165.157 - - [31/Jul/2021:06:55:35 +0000] "GET /backup_new/xmlrpc.php HTTP/1.1" 404 219 "www.google.com" "Mozlila/5.0 (Linux; Android 7.0; SM-G892A Bulid/NRD90M; wv) AppleWebKit/537.36 (KHTML, like Gecko) Version/4.0 Chrome/60.0.3112.107 Moblie Safari/537.36"
162.220.165.157 - - [31/Jul/2021:06:55:40 +0000] "GET /backup-old/xmlrpc.php HTTP/1.1" 404 219 "www.google.com" "Mozlila/5.0 (Linux; Android 7.0; SM-G892A Bulid/NRD90M; wv) AppleWebKit/537.36 (KHTML, like Gecko) Version/4.0 Chrome/60.0.3112.107 Moblie Safari/537.36"
162.220.165.157 - - [31/Jul/2021:06:55:46 +0000] "GET /test/xmlrpc.php HTTP/1.1" 404 213 "www.google.com" "Mozlila/5.0 (Linux; Android 7.0; SM-G892A Bulid/NRD90M; wv) AppleWebKit/537.36 (KHTML, like Gecko) Version/4.0 Chrome/60.0.3112.107 Moblie Safari/537.36"
162.220.165.157 - - [31/Jul/2021:06:55:52 +0000] "GET /home/xmlrpc.php HTTP/1.1" 404 213 "www.google.com" "Mozlila/5.0 (Linux; Android 7.0; SM-G892A Bulid/NRD90M; wv) AppleWebKit/537.36 (KHTML, like Gecko) Version/4.0 Chrome/60.0.3112.107 Moblie Safari/537.36"
162.220.165.157 - - [31/Jul/2021:06:55:58 +0000] "GET /Home/xmlrpc.php HTTP/1.1" 404 213 "www.google.com" "Mozlila/5.0 (Linux; Android 7.0; SM-G892A Bulid/NRD90M; wv) AppleWebKit/537.36 (KHTML, like Gecko) Version/4.0 Chrome/60.0.3112.107 Moblie Safari/537.36"
162.220.165.157 - - [31/Jul/2021:06:56:04 +0000] "GET /site/xmlrpc.php HTTP/1.1" 404 213 "www.google.com" "Mozlila/5.0 (Linux; Android 7.0; SM-G892A Bulid/NRD90M; wv) AppleWebKit/537.36 (KHTML, like Gecko) Version/4.0 Chrome/60.0.3112.107 Moblie Safari/537.36"
162.220.165.157 - - [31/Jul/2021:06:56:10 +0000] "GET /web/xmlrpc.php HTTP/1.1" 404 212 "www.google.com" "Mozlila/5.0 (Linux; Android 7.0; SM-G892A Bulid/NRD90M; wv) AppleWebKit/537.36 (KHTML, like Gecko) Version/4.0 Chrome/60.0.3112.107 Moblie Safari/537.36"
162.220.165.157 - - [31/Jul/2021:06:56:15 +0000] "GET /Web/xmlrpc.php HTTP/1.1" 404 212 "www.google.com" "Mozlila/5.0 (Linux; Android 7.0; SM-G892A Bulid/NRD90M; wv) AppleWebKit/537.36 (KHTML, like Gecko) Version/4.0 Chrome/60.0.3112.107 Moblie Safari/537.36"
162.220.165.157 - - [31/Jul/2021:06:56:21 +0000] "GET /newsite/xmlrpc.php HTTP/1.1" 404 216 "www.google.com" "Mozlila/5.0 (Linux; Android 7.0; SM-G892A Bulid/NRD90M; wv) AppleWebKit/537.36 (KHTML, like Gecko) Version/4.0 Chrome/60.0.3112.107 Moblie Safari/537.36"
162.220.165.157 - - [31/Jul/2021:06:56:26 +0000] "GET /oldsite/xmlrpc.php HTTP/1.1" 404 216 "www.google.com" "Mozlila/5.0 (Linux; Android 7.0; SM-G892A Bulid/NRD90M; wv) AppleWebKit/537.36 (KHTML, like Gecko) Version/4.0 Chrome/60.0.3112.107 Moblie Safari/537.36"
162.220.165.157 - - [31/Jul/2021:06:56:32 +0000] "GET /staging/xmlrpc.php HTTP/1.1" 404 216 "www.google.com" "Mozlila/5.0 (Linux; Android 7.0; SM-G892A Bulid/NRD90M; wv) AppleWebKit/537.36 (KHTML, like Gecko) Version/4.0 Chrome/60.0.3112.107 Moblie Safari/537.36"
162.220.165.157 - - [31/Jul/2021:06:56:38 +0000] "GET /2/xmlrpc.php HTTP/1.1" 404 210 "www.google.com" "Mozlila/5.0 (Linux; Android 7.0; SM-G892A Bulid/NRD90M; wv) AppleWebKit/537.36 (KHTML, like Gecko) Version/4.0 Chrome/60.0.3112.107 Moblie Safari/537.36"
207.46.13.104 - - [31/Jul/2021:07:13:26 +0000] "GET /best-btech-maths-coaching-in-sector-1-gurgaon/ HTTP/1.1" 404 244 "-" "Mozilla/5.0 (compatible; bingbot/2.0; +http://www.bing.com/bingbot.htm)"
207.46.13.17 - - [31/Jul/2021:07:13:50 +0000] "GET /btech-maths-coaching-in-oak-ridge-tennessee-usa HTTP/1.1" 404 245 "-" "Mozilla/5.0 (compatible; bingbot/2.0; +http://www.bing.com/bingbot.htm)"
207.46.13.34 - - [31/Jul/2021:07:56:43 +0000] "GET / HTTP/1.1" 200 5048 "-" "Mozilla/5.0 (compatible; bingbot/2.0; +http://www.bing.com/bingbot.htm)"
54.36.148.59 - - [31/Jul/2021:07:57:24 +0000] "GET /robots.txt HTTP/1.1" 404 208 "-" "Mozilla/5.0 (compatible; AhrefsBot/7.0; +http://ahrefs.com/robot/)"
193.169.254.217 - - [31/Jul/2021:08:27:55 +0000] "GET /sites/default/modules/civicrm/packages/OpenFlashChart/php-ofc-library/ofc_upload_image.php HTTP/1.1" 404 288 "http://bhaskarclasses.com/sites/default/modules/civicrm/packages/OpenFlashChart/php-ofc-library/ofc_upload_image.php" "Mozilla/5.0 (Windows NT 6.1; WOW64) AppleWebKit/537.36 (KHTML, like Gecko) Chrome/42.0.2311.152 Safari/537.36"
13.77.216.196 - - [31/Jul/2021:08:37:43 +0000] "GET /.env HTTP/1.1" 404 202 "-" "Mozilla/5.0 (Macintosh; Intel Mac OS X 10.15; rv:77.0) Gecko/20100101 Firefox/77.0"
54.36.148.181 - - [31/Jul/2021:09:24:34 +0000] "GET / HTTP/1.1" 200 5048 "-" "Mozilla/5.0 (compatible; AhrefsBot/7.0; +http://ahrefs.com/robot/)"
114.119.134.206 - - [31/Jul/2021:09:27:39 +0000] "GET /instructors/ HTTP/1.1" 404 210 "-" "Mozilla/5.0 (Linux; Android 7.0;) AppleWebKit/537.36 (KHTML, like Gecko) Mobile Safari/537.36 (compatible; PetalBot;+https://webmaster.petalsearch.com/site/petalbot)"
40.77.167.74 - - [31/Jul/2021:09:38:07 +0000] "GET /ib-maths-online-coaching-in-dwarka-sector-7-new-delhi HTTP/1.1" 404 251 "-" "Mozilla/5.0 (compatible; bingbot/2.0; +http://www.bing.com/bingbot.htm)"
40.77.167.74 - - [31/Jul/2021:10:22:41 +0000] "GET /ib-maths-online-coaching-in-chirag-delhi-new-delhi/ HTTP/1.1" 404 249 "-" "Mozilla/5.0 (compatible; bingbot/2.0; +http://www.bing.com/bingbot.htm)"
114.119.131.105 - - [31/Jul/2021:10:40:07 +0000] "GET / HTTP/1.1" 200 5048 "-" "Mozilla/5.0 (Linux; Android 7.0;) AppleWebKit/537.36 (KHTML, like Gecko) Mobile Safari/537.36 (compatible; PetalBot;+https://webmaster.petalsearch.com/site/petalbot)"
162.55.50.30 - - [31/Jul/2021:11:21:30 +0000] "GET / HTTP/1.1" 200 5048 "-" "Mozilla/5.0 (X11; Linux i586; rv:31.0) Gecko/20100101 Firefox/73.0"
207.46.13.34 - - [31/Jul/2021:11:23:53 +0000] "GET /ib-maths-online-coaching-in-sector-104-gurgaon/ HTTP/1.1" 404 245 "-" "Mozilla/5.0 (compatible; bingbot/2.0; +http://www.bing.com/bingbot.htm)"
18.224.182.93 - - [31/Jul/2021:11:30:31 +0000] "GET / HTTP/1.1" 200 5048 "-" "Mozilla/5.0 (Macintosh; Intel Mac OS X 10_15_7) AppleWebKit/537.36 (KHTML, like Gecko) Chrome/91.0.4472.114 Safari/537.36"
18.224.182.93 - - [31/Jul/2021:11:30:31 +0000] "GET / HTTP/1.1" 200 5048 "-" "Mozilla/5.0 (Macintosh; Intel Mac OS X 10_15_7) AppleWebKit/537.36 (KHTML, like Gecko) Chrome/91.0.4472.114 Safari/537.36"
18.224.182.93 - - [31/Jul/2021:11:30:32 +0000] "GET / HTTP/1.1" 200 5048 "-" "Mozilla/5.0 (Macintosh; Intel Mac OS X 10_15_7) AppleWebKit/537.36 (KHTML, like Gecko) Chrome/91.0.4472.114 Safari/537.36"
18.224.182.93 - - [31/Jul/2021:11:30:33 +0000] "GET /favicon.ico HTTP/1.1" 404 209 "http://bhaskarclasses.com/" "Mozilla/5.0 (Macintosh; Intel Mac OS X 10_15_7) AppleWebKit/537.36 (KHTML, like Gecko) Chrome/91.0.4472.114 Safari/537.36"
207.46.13.118 - - [31/Jul/2021:11:34:41 +0000] "GET /btech-maths-coaching-in-beeliar-perth HTTP/1.1" 404 235 "-" "Mozilla/5.0 (compatible; bingbot/2.0; +http://www.bing.com/bingbot.htm)"
136.144.41.236 - - [31/Jul/2021:12:01:23 +0000] "GET / HTTP/1.1" 200 5048 "-" "python-requests/2.26.0"
54.36.149.82 - - [31/Jul/2021:12:28:15 +0000] "GET /11th-class-maths-online-coaching-in-lodi-road-new-delhi HTTP/1.1" 404 253 "-" "Mozilla/5.0 (compatible; AhrefsBot/7.0; +http://ahrefs.com/robot/)"
203.159.80.168 - - [31/Jul/2021:12:34:12 +0000] "GET / HTTP/1.1" 200 5048 "-" "Mozilla/5.0 (Windows NT 10.0; Win64; x64) AppleWebKit/537.36 (KHTML, like Gecko) Chrome/80.0.3987.149 Safari/537.36"
203.159.80.168 - - [31/Jul/2021:12:34:12 +0000] "GET / HTTP/1.1" 200 5048 "-" "Mozilla/5.0 (Windows NT 10.0; Win64; x64) AppleWebKit/537.36 (KHTML, like Gecko) Chrome/80.0.3987.149 Safari/537.36"
203.159.80.168 - - [31/Jul/2021:12:34:12 +0000] "GET /wp-includes/wlwmanifest.xml HTTP/1.1" 404 225 "-" "Mozilla/5.0 (Windows NT 10.0; Win64; x64) AppleWebKit/537.36 (KHTML, like Gecko) Chrome/80.0.3987.149 Safari/537.36"
203.159.80.168 - - [31/Jul/2021:12:34:12 +0000] "GET /xmlrpc.php?rsd HTTP/1.1" 404 208 "-" "Mozilla/5.0 (Windows NT 10.0; Win64; x64) AppleWebKit/537.36 (KHTML, like Gecko) Chrome/80.0.3987.149 Safari/537.36"
203.159.80.168 - - [31/Jul/2021:12:34:12 +0000] "GET / HTTP/1.1" 200 5048 "-" "Mozilla/5.0 (Windows NT 10.0; Win64; x64) AppleWebKit/537.36 (KHTML, like Gecko) Chrome/80.0.3987.149 Safari/537.36"
203.159.80.168 - - [31/Jul/2021:12:34:12 +0000] "GET /blog/wp-includes/wlwmanifest.xml HTTP/1.1" 404 230 "-" "Mozilla/5.0 (Windows NT 10.0; Win64; x64) AppleWebKit/537.36 (KHTML, like Gecko) Chrome/80.0.3987.149 Safari/537.36"
203.159.80.168 - - [31/Jul/2021:12:34:13 +0000] "GET /web/wp-includes/wlwmanifest.xml HTTP/1.1" 404 229 "-" "Mozilla/5.0 (Windows NT 10.0; Win64; x64) AppleWebKit/537.36 (KHTML, like Gecko) Chrome/80.0.3987.149 Safari/537.36"
203.159.80.168 - - [31/Jul/2021:12:34:13 +0000] "GET /wordpress/wp-includes/wlwmanifest.xml HTTP/1.1" 404 235 "-" "Mozilla/5.0 (Windows NT 10.0; Win64; x64) AppleWebKit/537.36 (KHTML, like Gecko) Chrome/80.0.3987.149 Safari/537.36"
203.159.80.168 - - [31/Jul/2021:12:34:13 +0000] "GET /website/wp-includes/wlwmanifest.xml HTTP/1.1" 404 233 "-" "Mozilla/5.0 (Windows NT 10.0; Win64; x64) AppleWebKit/537.36 (KHTML, like Gecko) Chrome/80.0.3987.149 Safari/537.36"
203.159.80.168 - - [31/Jul/2021:12:34:13 +0000] "GET /wp/wp-includes/wlwmanifest.xml HTTP/1.1" 404 228 "-" "Mozilla/5.0 (Windows NT 10.0; Win64; x64) AppleWebKit/537.36 (KHTML, like Gecko) Chrome/80.0.3987.149 Safari/537.36"
203.159.80.168 - - [31/Jul/2021:12:34:13 +0000] "GET /news/wp-includes/wlwmanifest.xml HTTP/1.1" 404 230 "-" "Mozilla/5.0 (Windows NT 10.0; Win64; x64) AppleWebKit/537.36 (KHTML, like Gecko) Chrome/80.0.3987.149 Safari/537.36"
203.159.80.168 - - [31/Jul/2021:12:34:13 +0000] "GET /2018/wp-includes/wlwmanifest.xml HTTP/1.1" 404 230 "-" "Mozilla/5.0 (Windows NT 10.0; Win64; x64) AppleWebKit/537.36 (KHTML, like Gecko) Chrome/80.0.3987.149 Safari/537.36"
203.159.80.168 - - [31/Jul/2021:12:34:14 +0000] "GET /2019/wp-includes/wlwmanifest.xml HTTP/1.1" 404 230 "-" "Mozilla/5.0 (Windows NT 10.0; Win64; x64) AppleWebKit/537.36 (KHTML, like Gecko) Chrome/80.0.3987.149 Safari/537.36"
203.159.80.168 - - [31/Jul/2021:12:34:14 +0000] "GET /shop/wp-includes/wlwmanifest.xml HTTP/1.1" 404 230 "-" "Mozilla/5.0 (Windows NT 10.0; Win64; x64) AppleWebKit/537.36 (KHTML, like Gecko) Chrome/80.0.3987.149 Safari/537.36"
203.159.80.168 - - [31/Jul/2021:12:34:14 +0000] "GET /wp1/wp-includes/wlwmanifest.xml HTTP/1.1" 404 229 "-" "Mozilla/5.0 (Windows NT 10.0; Win64; x64) AppleWebKit/537.36 (KHTML, like Gecko) Chrome/80.0.3987.149 Safari/537.36"
203.159.80.168 - - [31/Jul/2021:12:34:14 +0000] "GET /test/wp-includes/wlwmanifest.xml HTTP/1.1" 404 230 "-" "Mozilla/5.0 (Windows NT 10.0; Win64; x64) AppleWebKit/537.36 (KHTML, like Gecko) Chrome/80.0.3987.149 Safari/537.36"
203.159.80.168 - - [31/Jul/2021:12:34:14 +0000] "GET /media/wp-includes/wlwmanifest.xml HTTP/1.1" 404 231 "-" "Mozilla/5.0 (Windows NT 10.0; Win64; x64) AppleWebKit/537.36 (KHTML, like Gecko) Chrome/80.0.3987.149 Safari/537.36"
203.159.80.168 - - [31/Jul/2021:12:34:15 +0000] "GET /wp2/wp-includes/wlwmanifest.xml HTTP/1.1" 404 229 "-" "Mozilla/5.0 (Windows NT 10.0; Win64; x64) AppleWebKit/537.36 (KHTML, like Gecko) Chrome/80.0.3987.149 Safari/537.36"
203.159.80.168 - - [31/Jul/2021:12:34:15 +0000] "GET /site/wp-includes/wlwmanifest.xml HTTP/1.1" 404 230 "-" "Mozilla/5.0 (Windows NT 10.0; Win64; x64) AppleWebKit/537.36 (KHTML, like Gecko) Chrome/80.0.3987.149 Safari/537.36"
203.159.80.168 - - [31/Jul/2021:12:34:15 +0000] "GET /cms/wp-includes/wlwmanifest.xml HTTP/1.1" 404 229 "-" "Mozilla/5.0 (Windows NT 10.0; Win64; x64) AppleWebKit/537.36 (KHTML, like Gecko) Chrome/80.0.3987.149 Safari/537.36"
203.159.80.168 - - [31/Jul/2021:12:34:15 +0000] "GET /sito/wp-includes/wlwmanifest.xml HTTP/1.1" 404 230 "-" "Mozilla/5.0 (Windows NT 10.0; Win64; x64) AppleWebKit/537.36 (KHTML, like Gecko) Chrome/80.0.3987.149 Safari/537.36"
66.249.66.203 - - [31/Jul/2021:12:45:45 +0000] "GET /robots.txt HTTP/1.1" 404 208 "-" "Mozilla/5.0 (compatible; Googlebot/2.1; +http://www.google.com/bot.html)"
66.249.66.205 - - [31/Jul/2021:12:45:47 +0000] "GET / HTTP/1.1" 200 5048 "-" "Mozilla/5.0 (compatible; Googlebot/2.1; +http://www.google.com/bot.html)"
207.46.13.29 - - [31/Jul/2021:13:00:43 +0000] "GET /12th-class-maths-home-tutors-in-cottonpete-bangalore/ HTTP/1.1" 404 251 "-" "Mozilla/5.0 (compatible; bingbot/2.0; +http://www.bing.com/bingbot.htm)"
207.46.13.104 - - [31/Jul/2021:13:02:03 +0000] "GET /12th-class-maths-online-coaching-in-roleystone-perth HTTP/1.1" 404 250 "-" "Mozilla/5.0 (compatible; bingbot/2.0; +http://www.bing.com/bingbot.htm)"
207.46.13.34 - - [31/Jul/2021:13:23:33 +0000] "GET /ib-maths-online-coaching-in-sector-104-gurgaon/ HTTP/1.1" 404 245 "-" "Mozilla/5.0 (compatible; bingbot/2.0; +http://www.bing.com/bingbot.htm)"
157.55.39.131 - - [31/Jul/2021:13:27:11 +0000] "GET /best-iit-jee-maths-coaching-in-sector-40-noida/ HTTP/1.1" 404 245 "-" "Mozilla/5.0 (compatible; bingbot/2.0; +http://www.bing.com/bingbot.htm)"
207.46.13.34 - - [31/Jul/2021:13:29:55 +0000] "GET /btech-maths-coaching-in-hillsborough-new-hampshire-usa HTTP/1.1" 404 252 "-" "Mozilla/5.0 (compatible; bingbot/2.0; +http://www.bing.com/bingbot.htm)"
207.46.13.29 - - [31/Jul/2021:13:35:50 +0000] "GET /best-ib-maths-coaching-in-shadipur-new-delhi HTTP/1.1" 404 242 "-" "Mozilla/5.0 (compatible; bingbot/2.0; +http://www.bing.com/bingbot.htm)"
54.36.148.51 - - [31/Jul/2021:13:41:31 +0000] "GET /11th-class-maths-online-coaching-in-nizamuddin-new-delhi HTTP/1.1" 404 254 "-" "Mozilla/5.0 (compatible; AhrefsBot/7.0; +http://ahrefs.com/robot/)"
66.249.66.203 - - [31/Jul/2021:13:51:13 +0000] "GET / HTTP/1.1" 200 5048 "-" "Mozilla/5.0 (Linux; Android 6.0.1; Nexus 5X Build/MMB29P) AppleWebKit/537.36 (KHTML, like Gecko) Chrome/91.0.4472.90 Mobile Safari/537.36 (compatible; Googlebot/2.1; +http://www.google.com/bot.html)"
40.77.167.74 - - [31/Jul/2021:13:52:54 +0000] "GET / HTTP/1.1" 200 5048 "-" "Mozilla/5.0 (compatible; bingbot/2.0; +http://www.bing.com/bingbot.htm)"
54.36.148.255 - - [31/Jul/2021:15:17:24 +0000] "GET /11th-class-maths-online-coaching-in-okhla-new-delhi HTTP/1.1" 404 249 "-" "Mozilla/5.0 (compatible; AhrefsBot/7.0; +http://ahrefs.com/robot/)"
