47.31.186.215 - - [11/Aug/2021:08:33:03 +0000] "GET /image/catalog/logo.png HTTP/1.1" 404 220 "https://digitalskart.com/" "Mozilla/5.0 (Linux; Android 11; SM-F415F) AppleWebKit/537.36 (KHTML, like Gecko) Chrome/90.0.4430.210 Mobile Safari/537.36"
157.55.39.60 - - [11/Aug/2021:09:06:08 +0000] "GET / HTTP/1.1" 200 211162 "-" "Mozilla/5.0 (compatible; bingbot/2.0; +http://www.bing.com/bingbot.htm)"
72.14.199.9 - - [11/Aug/2021:09:50:21 +0000] "GET /contact HTTP/1.1" 404 99451 "-" "AdsBot-Google (+http://www.google.com/adsbot.html)"
54.36.148.71 - - [11/Aug/2021:10:01:21 +0000] "GET / HTTP/1.1" 200 211158 "-" "Mozilla/5.0 (compatible; AhrefsBot/7.0; +http://ahrefs.com/robot/)"
204.11.225.117 - - [11/Aug/2021:10:16:31 +0000] "GET / HTTP/1.1" 200 211159 "-" "Python/3.7 aiohttp/3.7.3"
173.252.111.4 - - [11/Aug/2021:11:09:56 +0000] "GET /image/catalog/404/404-image.png HTTP/1.1" 200 138271 "-" "facebookexternalhit/1.1 (+http://www.facebook.com/externalhit_uatext.php)"
66.249.79.105 - - [11/Aug/2021:11:26:46 +0000] "GET /index.php?route=product/category&path=57 HTTP/1.1" 200 148460 "-" "Mozilla/5.0 (Linux; Android 6.0.1; Nexus 5X Build/MMB29P) AppleWebKit/537.36 (KHTML, like Gecko) Chrome/92.0.4515.119 Mobile Safari/537.36 (compatible; Googlebot/2.1; +http://www.google.com/bot.html)"
66.249.79.109 - - [11/Aug/2021:12:12:29 +0000] "GET /index.php?route=account/forgotten HTTP/1.1" 200 101649 "-" "Mozilla/5.0 (Linux; Android 6.0.1; Nexus 5X Build/MMB29P) AppleWebKit/537.36 (KHTML, like Gecko) Chrome/92.0.4515.119 Mobile Safari/537.36 (compatible; Googlebot/2.1; +http://www.google.com/bot.html)"
54.36.148.71 - - [11/Aug/2021:13:11:04 +0000] "GET / HTTP/1.1" 200 211181 "-" "Mozilla/5.0 (compatible; AhrefsBot/7.0; +http://ahrefs.com/robot/)"
54.189.230.128 - - [11/Aug/2021:13:13:12 +0000] "GET / HTTP/1.1" 200 211159 "-" "Mozilla/5.0 (X11; Ubuntu; Linux x86_64; rv:82.0) Gecko/20100101 Firefox/82.0"
54.189.230.128 - - [11/Aug/2021:13:13:15 +0000] "GET /robots.txt HTTP/1.1" 200 345 "-" "Mozilla/5.0 (X11; Ubuntu; Linux x86_64; rv:82.0) Gecko/20100101 Firefox/82.0"
54.189.230.128 - - [11/Aug/2021:13:13:15 +0000] "GET /image/catalog/cart.png HTTP/1.1" 200 421 "-" "Mozilla/5.0 (X11; Ubuntu; Linux x86_64; rv:82.0) Gecko/20100101 Firefox/82.0"
207.46.13.0 - - [11/Aug/2021:14:13:06 +0000] "GET /robots.txt HTTP/1.1" 200 345 "-" "Mozilla/5.0 (compatible; bingbot/2.0; +http://www.bing.com/bingbot.htm)"
207.46.13.0 - - [11/Aug/2021:14:13:07 +0000] "GET /robots.txt HTTP/1.1" 200 345 "-" "Mozilla/5.0 (compatible; bingbot/2.0; +http://www.bing.com/bingbot.htm)"
157.55.39.60 - - [11/Aug/2021:14:13:18 +0000] "GET / HTTP/1.1" 200 211182 "-" "Mozilla/5.0 (compatible; bingbot/2.0; +http://www.bing.com/bingbot.htm)"
207.46.13.96 - - [11/Aug/2021:14:38:33 +0000] "GET /index.php?route=product/category&path=24 HTTP/1.1" 200 171650 "-" "Mozilla/5.0 (compatible; bingbot/2.0; +http://www.bing.com/bingbot.htm)"
123.57.15.175 - - [11/Aug/2021:15:00:11 +0000] "GET /wp-login.php HTTP/1.1" 404 99459 "-" "Mozilla/5.0 (X11; Ubuntu; Linux x86_64; rv:62.0) Gecko/20100101 Firefox/62.0"
123.57.15.175 - - [11/Aug/2021:15:00:11 +0000] "GET /wp-login.php HTTP/1.1" 404 99459 "-" "Mozilla/5.0 (X11; Ubuntu; Linux x86_64; rv:62.0) Gecko/20100101 Firefox/62.0"
123.57.15.175 - - [11/Aug/2021:15:00:11 +0000] "GET /wp-login.php HTTP/1.1" 404 99459 "-" "Mozilla/5.0 (X11; Ubuntu; Linux x86_64; rv:62.0) Gecko/20100101 Firefox/62.0"
123.57.15.175 - - [11/Aug/2021:15:00:11 +0000] "GET /wp-login.php HTTP/1.1" 404 99459 "-" "Mozilla/5.0 (X11; Ubuntu; Linux x86_64; rv:62.0) Gecko/20100101 Firefox/62.0"
123.57.15.175 - - [11/Aug/2021:15:00:12 +0000] "GET /wp-login.php HTTP/1.1" 404 99459 "-" "Mozilla/5.0 (X11; Ubuntu; Linux x86_64; rv:62.0) Gecko/20100101 Firefox/62.0"
54.36.148.55 - - [11/Aug/2021:15:14:18 +0000] "GET /robots.txt HTTP/1.1" 200 345 "-" "Mozilla/5.0 (compatible; AhrefsBot/7.0; +http://ahrefs.com/robot/)"
54.36.148.71 - - [11/Aug/2021:15:14:20 +0000] "GET / HTTP/1.1" 200 211159 "-" "Mozilla/5.0 (compatible; AhrefsBot/7.0; +http://ahrefs.com/robot/)"
66.249.79.109 - - [11/Aug/2021:15:54:57 +0000] "GET /image/cache/catalog/demo/ipod_shuffle_1-1000x1000.jpg HTTP/1.1" 200 49952 "-" "Googlebot-Image/1.0"
93.158.161.19 - - [11/Aug/2021:16:12:10 +0000] "GET /robots.txt HTTP/1.1" 200 345 "-" "Mozilla/5.0 (compatible; YandexBot/3.0; +http://yandex.com/bots)"
77.88.5.220 - - [11/Aug/2021:16:12:10 +0000] "GET /robots.txt HTTP/1.1" 200 345 "-" "Mozilla/5.0 (compatible; YandexBot/3.0; +http://yandex.com/bots)"
77.88.5.220 - - [11/Aug/2021:16:12:11 +0000] "GET / HTTP/1.1" 200 211164 "-" "Mozilla/5.0 (compatible; YandexBot/3.0; +http://yandex.com/bots)"
77.88.5.220 - - [11/Aug/2021:16:12:11 +0000] "GET / HTTP/1.1" 200 211156 "-" "Mozilla/5.0 (compatible; YandexBot/3.0; +http://yandex.com/bots)"
132.232.75.2 - - [11/Aug/2021:17:26:57 +0000] "GET / HTTP/1.1" 200 211173 "-" "Mozilla/5.0 (compatible; ThinkBot/0.3.0; +In_the_test_phase,_if_the_spider_brings_you_trouble,_please_add_our_IP_to_the_blacklist._Thank_you.)"
132.232.75.2 - - [11/Aug/2021:17:26:58 +0000] "GET / HTTP/1.1" 200 211154 "-" "Mozilla/5.0 (compatible; ThinkBot/0.3.0; +In_the_test_phase,_if_the_spider_brings_you_trouble,_please_add_our_IP_to_the_blacklist._Thank_you.)"
3.96.60.175 - - [11/Aug/2021:17:37:18 +0000] "HEAD / HTTP/1.1" 200 - "-" "webprosbot/2.0 (abuse-6337@webpros.com)"
108.171.246.242 - - [11/Aug/2021:17:45:28 +0000] "GET /wp-login.php HTTP/1.1" 404 99467 "-" "Mozilla/5.0 (X11; Ubuntu; Linux x86_64; rv:62.0) Gecko/20100101 Firefox/62.0"
108.171.246.242 - - [11/Aug/2021:17:45:29 +0000] "GET /wp-login.php HTTP/1.1" 404 99467 "-" "Mozilla/5.0 (X11; Ubuntu; Linux x86_64; rv:62.0) Gecko/20100101 Firefox/62.0"
108.171.246.242 - - [11/Aug/2021:17:45:29 +0000] "GET /wp-login.php HTTP/1.1" 404 99467 "-" "Mozilla/5.0 (X11; Ubuntu; Linux x86_64; rv:62.0) Gecko/20100101 Firefox/62.0"
108.171.246.242 - - [11/Aug/2021:17:45:30 +0000] "GET /wp-login.php HTTP/1.1" 404 99467 "-" "Mozilla/5.0 (X11; Ubuntu; Linux x86_64; rv:62.0) Gecko/20100101 Firefox/62.0"
108.171.246.242 - - [11/Aug/2021:17:45:31 +0000] "GET /wp-login.php HTTP/1.1" 404 99467 "-" "Mozilla/5.0 (X11; Ubuntu; Linux x86_64; rv:62.0) Gecko/20100101 Firefox/62.0"
173.244.209.64 - - [11/Aug/2021:17:58:11 +0000] "GET /index.php?route=information/contact HTTP/1.1" 200 101290 "-" "Mozilla/5.0 (Windows NT 6.1; WOW64; APCPMS=^N201302070257035267484A37ACF0A41BE63F_2704^; Trident/7.0; rv:11.0) like Gecko,gzip(gfe)"
173.244.209.64 - - [11/Aug/2021:17:58:16 +0000] "POST /index.php?route=information/contact HTTP/1.1" 302 - "https://digitalskart.com/index.php?route=information/contact" "Mozilla/5.0 (Windows NT 6.1; WOW64; APCPMS=^N201302070257035267484A37ACF0A41BE63F_2704^; Trident/7.0; rv:11.0) like Gecko,gzip(gfe)"
173.244.209.64 - - [11/Aug/2021:17:58:18 +0000] "GET /index.php?route=information/contact/success HTTP/1.1" 200 99145 "https://digitalskart.com/index.php?route=information/contact" "Mozilla/5.0 (Windows NT 6.1; WOW64; APCPMS=^N201302070257035267484A37ACF0A41BE63F_2704^; Trident/7.0; rv:11.0) like Gecko,gzip(gfe)"
137.226.113.44 - - [11/Aug/2021:18:10:17 +0000] "GET / HTTP/1.1" 200 175636 "-" "Mozilla/5.0 (X11; Linux x86_64; rv:84.0) Gecko/20100101 Firefox/84.0"
77.88.5.220 - - [11/Aug/2021:18:54:29 +0000] "GET /robots.txt HTTP/1.1" 200 345 "-" "Mozilla/5.0 (compatible; YandexBot/3.0; +http://yandex.com/bots)"
77.88.5.220 - - [11/Aug/2021:18:54:33 +0000] "GET / HTTP/1.1" 200 211157 "-" "Mozilla/5.0 (compatible; YandexBot/3.0; +http://yandex.com/bots)"
173.208.200.106 - - [11/Aug/2021:19:08:32 +0000] "GET /image/catalog/cart.png HTTP/1.1" 200 421 "https://digitalskart.com/" "Mozilla/5.0 (Windows NT 6.1; Win64; x64) AppleWebKit/537.36 (KHTML, like Gecko) Chrome/60.0.3112.90 Safari/537.36"
207.46.13.123 - - [11/Aug/2021:19:23:06 +0000] "GET / HTTP/1.1" 200 211174 "-" "Mozilla/5.0 (compatible; bingbot/2.0; +http://www.bing.com/bingbot.htm)"
54.36.148.71 - - [11/Aug/2021:20:28:49 +0000] "GET / HTTP/1.1" 200 211182 "-" "Mozilla/5.0 (compatible; AhrefsBot/7.0; +http://ahrefs.com/robot/)"
40.77.167.44 - - [11/Aug/2021:21:37:00 +0000] "GET /sitemap.xml HTTP/1.1" 200 - "-" "Mozilla/5.0 (compatible; bingbot/2.0; +http://www.bing.com/bingbot.htm)"
157.55.39.60 - - [11/Aug/2021:22:02:43 +0000] "GET / HTTP/1.1" 200 211166 "-" "Mozilla/5.0 (compatible; bingbot/2.0; +http://www.bing.com/bingbot.htm)"
52.39.222.140 - - [11/Aug/2021:23:20:58 +0000] "GET / HTTP/1.1" 200 211154 "-" "Mozilla/5.0 (Windows NT 10.0; Win64; x64)AppleWebKit/537.36 (KHTML, like Gecko) Chrome/66.0.3359.181 Safari/537.36"
52.39.222.140 - - [11/Aug/2021:23:21:01 +0000] "GET / HTTP/1.1" 200 211164 "-" "Mozilla/5.0 (Windows NT 10.0; Win64; x64)AppleWebKit/537.36 (KHTML, like Gecko) Chrome/66.0.3359.181 Safari/537.36"
104.198.46.69 - - [11/Aug/2021:23:38:18 +0000] "GET / HTTP/1.1" 200 211156 "-" "Mozilla/5.0 (Windows NT 10.0; Win64; x64) AppleWebKit/537.36 (KHTML, like Gecko) Chrome/88.0.4240.193 Safari/537.36"
104.198.46.69 - - [11/Aug/2021:23:38:19 +0000] "GET / HTTP/1.1" 200 211156 "-" "Mozilla/5.0 (Windows NT 10.0; Win64; x64) AppleWebKit/537.36 (KHTML, like Gecko) Chrome/88.0.4240.193 Safari/537.36"
104.198.46.69 - - [11/Aug/2021:23:38:20 +0000] "GET /wp-includes/wlwmanifest.xml HTTP/1.1" 404 99489 "-" "Mozilla/5.0 (Windows NT 10.0; Win64; x64) AppleWebKit/537.36 (KHTML, like Gecko) Chrome/88.0.4240.193 Safari/537.36"
104.198.46.69 - - [11/Aug/2021:23:38:21 +0000] "GET /xmlrpc.php?rsd HTTP/1.1" 404 99481 "-" "Mozilla/5.0 (Windows NT 10.0; Win64; x64) AppleWebKit/537.36 (KHTML, like Gecko) Chrome/88.0.4240.193 Safari/537.36"
104.198.46.69 - - [11/Aug/2021:23:38:21 +0000] "GET / HTTP/1.1" 200 211156 "-" "Mozilla/5.0 (Windows NT 10.0; Win64; x64) AppleWebKit/537.36 (KHTML, like Gecko) Chrome/88.0.4240.193 Safari/537.36"
104.198.46.69 - - [11/Aug/2021:23:38:22 +0000] "GET /blog/wp-includes/wlwmanifest.xml HTTP/1.1" 404 99499 "-" "Mozilla/5.0 (Windows NT 10.0; Win64; x64) AppleWebKit/537.36 (KHTML, like Gecko) Chrome/88.0.4240.193 Safari/537.36"
104.198.46.69 - - [11/Aug/2021:23:38:23 +0000] "GET /web/wp-includes/wlwmanifest.xml HTTP/1.1" 404 99497 "-" "Mozilla/5.0 (Windows NT 10.0; Win64; x64) AppleWebKit/537.36 (KHTML, like Gecko) Chrome/88.0.4240.193 Safari/537.36"
104.198.46.69 - - [11/Aug/2021:23:38:24 +0000] "GET /wordpress/wp-includes/wlwmanifest.xml HTTP/1.1" 404 99509 "-" "Mozilla/5.0 (Windows NT 10.0; Win64; x64) AppleWebKit/537.36 (KHTML, like Gecko) Chrome/88.0.4240.193 Safari/537.36"
104.198.46.69 - - [11/Aug/2021:23:38:24 +0000] "GET /website/wp-includes/wlwmanifest.xml HTTP/1.1" 404 99505 "-" "Mozilla/5.0 (Windows NT 10.0; Win64; x64) AppleWebKit/537.36 (KHTML, like Gecko) Chrome/88.0.4240.193 Safari/537.36"
104.198.46.69 - - [11/Aug/2021:23:38:25 +0000] "GET /wp/wp-includes/wlwmanifest.xml HTTP/1.1" 404 99495 "-" "Mozilla/5.0 (Windows NT 10.0; Win64; x64) AppleWebKit/537.36 (KHTML, like Gecko) Chrome/88.0.4240.193 Safari/537.36"
104.198.46.69 - - [11/Aug/2021:23:38:26 +0000] "GET /news/wp-includes/wlwmanifest.xml HTTP/1.1" 404 99499 "-" "Mozilla/5.0 (Windows NT 10.0; Win64; x64) AppleWebKit/537.36 (KHTML, like Gecko) Chrome/88.0.4240.193 Safari/537.36"
104.198.46.69 - - [11/Aug/2021:23:38:26 +0000] "GET /2020/wp-includes/wlwmanifest.xml HTTP/1.1" 404 99499 "-" "Mozilla/5.0 (Windows NT 10.0; Win64; x64) AppleWebKit/537.36 (KHTML, like Gecko) Chrome/88.0.4240.193 Safari/537.36"
104.198.46.69 - - [11/Aug/2021:23:38:27 +0000] "GET /2019/wp-includes/wlwmanifest.xml HTTP/1.1" 404 99499 "-" "Mozilla/5.0 (Windows NT 10.0; Win64; x64) AppleWebKit/537.36 (KHTML, like Gecko) Chrome/88.0.4240.193 Safari/537.36"
104.198.46.69 - - [11/Aug/2021:23:38:27 +0000] "GET /shop/wp-includes/wlwmanifest.xml HTTP/1.1" 404 99499 "-" "Mozilla/5.0 (Windows NT 10.0; Win64; x64) AppleWebKit/537.36 (KHTML, like Gecko) Chrome/88.0.4240.193 Safari/537.36"
104.198.46.69 - - [11/Aug/2021:23:38:28 +0000] "GET /wp1/wp-includes/wlwmanifest.xml HTTP/1.1" 404 99497 "-" "Mozilla/5.0 (Windows NT 10.0; Win64; x64) AppleWebKit/537.36 (KHTML, like Gecko) Chrome/88.0.4240.193 Safari/537.36"
104.198.46.69 - - [11/Aug/2021:23:38:29 +0000] "GET /test/wp-includes/wlwmanifest.xml HTTP/1.1" 404 99535 "-" "Mozilla/5.0 (Windows NT 10.0; Win64; x64) AppleWebKit/537.36 (KHTML, like Gecko) Chrome/88.0.4240.193 Safari/537.36"
104.198.46.69 - - [11/Aug/2021:23:38:29 +0000] "GET /wp2/wp-includes/wlwmanifest.xml HTTP/1.1" 404 99497 "-" "Mozilla/5.0 (Windows NT 10.0; Win64; x64) AppleWebKit/537.36 (KHTML, like Gecko) Chrome/88.0.4240.193 Safari/537.36"
104.198.46.69 - - [11/Aug/2021:23:38:30 +0000] "GET /site/wp-includes/wlwmanifest.xml HTTP/1.1" 404 99499 "-" "Mozilla/5.0 (Windows NT 10.0; Win64; x64) AppleWebKit/537.36 (KHTML, like Gecko) Chrome/88.0.4240.193 Safari/537.36"
104.198.46.69 - - [11/Aug/2021:23:38:30 +0000] "GET /cms/wp-includes/wlwmanifest.xml HTTP/1.1" 404 99497 "-" "Mozilla/5.0 (Windows NT 10.0; Win64; x64) AppleWebKit/537.36 (KHTML, like Gecko) Chrome/88.0.4240.193 Safari/537.36"
104.198.46.69 - - [11/Aug/2021:23:38:31 +0000] "GET /sito/wp-includes/wlwmanifest.xml HTTP/1.1" 404 99499 "-" "Mozilla/5.0 (Windows NT 10.0; Win64; x64) AppleWebKit/537.36 (KHTML, like Gecko) Chrome/88.0.4240.193 Safari/537.36"
35.202.206.156 - - [12/Aug/2021:02:27:14 +0000] "HEAD /products/a1-smartwatch-with-multiple-fuctions-compatible-with-andriod-apple-assorted-colour-4464065?_fd=0 HTTP/1.1" 404 - "-" "Faraday v1.6.0"
35.223.4.113 - - [12/Aug/2021:02:31:04 +0000] "HEAD /collections/all?_fd=0 HTTP/1.1" 404 - "-" "Faraday v1.6.0"
157.55.39.60 - - [12/Aug/2021:02:52:00 +0000] "GET / HTTP/1.1" 200 211184 "-" "Mozilla/5.0 (compatible; bingbot/2.0; +http://www.bing.com/bingbot.htm)"
207.99.46.205 - - [12/Aug/2021:03:02:55 +0000] "GET / HTTP/1.1" 200 211159 "-" "Mozilla/5.0 (compatible; Googlebot/2.1; +http://www.google.com/bot.html)"
34.136.207.120 - - [12/Aug/2021:03:19:36 +0000] "GET / HTTP/1.1" 200 211157 "-" "Mozilla/5.0 (Windows NT 10.0; Win64; x64) AppleWebKit/537.36 (KHTML, like Gecko) Chrome/88.0.4240.193 Safari/537.36"
34.136.207.120 - - [12/Aug/2021:03:19:38 +0000] "GET / HTTP/1.1" 200 211154 "-" "Mozilla/5.0 (Windows NT 10.0; Win64; x64) AppleWebKit/537.36 (KHTML, like Gecko) Chrome/88.0.4240.193 Safari/537.36"
34.136.207.120 - - [12/Aug/2021:03:19:39 +0000] "GET /wp-includes/wlwmanifest.xml HTTP/1.1" 404 99489 "-" "Mozilla/5.0 (Windows NT 10.0; Win64; x64) AppleWebKit/537.36 (KHTML, like Gecko) Chrome/88.0.4240.193 Safari/537.36"
34.136.207.120 - - [12/Aug/2021:03:19:39 +0000] "GET /xmlrpc.php?rsd HTTP/1.1" 404 99481 "-" "Mozilla/5.0 (Windows NT 10.0; Win64; x64) AppleWebKit/537.36 (KHTML, like Gecko) Chrome/88.0.4240.193 Safari/537.36"
34.136.207.120 - - [12/Aug/2021:03:19:40 +0000] "GET / HTTP/1.1" 200 211151 "-" "Mozilla/5.0 (Windows NT 10.0; Win64; x64) AppleWebKit/537.36 (KHTML, like Gecko) Chrome/88.0.4240.193 Safari/537.36"
34.136.207.120 - - [12/Aug/2021:03:19:41 +0000] "GET /blog/wp-includes/wlwmanifest.xml HTTP/1.1" 404 99499 "-" "Mozilla/5.0 (Windows NT 10.0; Win64; x64) AppleWebKit/537.36 (KHTML, like Gecko) Chrome/88.0.4240.193 Safari/537.36"
34.136.207.120 - - [12/Aug/2021:03:19:42 +0000] "GET /web/wp-includes/wlwmanifest.xml HTTP/1.1" 404 99497 "-" "Mozilla/5.0 (Windows NT 10.0; Win64; x64) AppleWebKit/537.36 (KHTML, like Gecko) Chrome/88.0.4240.193 Safari/537.36"
34.136.207.120 - - [12/Aug/2021:03:19:42 +0000] "GET /wordpress/wp-includes/wlwmanifest.xml HTTP/1.1" 404 99509 "-" "Mozilla/5.0 (Windows NT 10.0; Win64; x64) AppleWebKit/537.36 (KHTML, like Gecko) Chrome/88.0.4240.193 Safari/537.36"
34.136.207.120 - - [12/Aug/2021:03:19:43 +0000] "GET /website/wp-includes/wlwmanifest.xml HTTP/1.1" 404 99505 "-" "Mozilla/5.0 (Windows NT 10.0; Win64; x64) AppleWebKit/537.36 (KHTML, like Gecko) Chrome/88.0.4240.193 Safari/537.36"
34.136.207.120 - - [12/Aug/2021:03:19:43 +0000] "GET /wp/wp-includes/wlwmanifest.xml HTTP/1.1" 404 99495 "-" "Mozilla/5.0 (Windows NT 10.0; Win64; x64) AppleWebKit/537.36 (KHTML, like Gecko) Chrome/88.0.4240.193 Safari/537.36"
34.136.207.120 - - [12/Aug/2021:03:19:44 +0000] "GET /news/wp-includes/wlwmanifest.xml HTTP/1.1" 404 99499 "-" "Mozilla/5.0 (Windows NT 10.0; Win64; x64) AppleWebKit/537.36 (KHTML, like Gecko) Chrome/88.0.4240.193 Safari/537.36"
34.136.207.120 - - [12/Aug/2021:03:19:45 +0000] "GET /2020/wp-includes/wlwmanifest.xml HTTP/1.1" 404 99499 "-" "Mozilla/5.0 (Windows NT 10.0; Win64; x64) AppleWebKit/537.36 (KHTML, like Gecko) Chrome/88.0.4240.193 Safari/537.36"
34.136.207.120 - - [12/Aug/2021:03:19:45 +0000] "GET /2019/wp-includes/wlwmanifest.xml HTTP/1.1" 404 99499 "-" "Mozilla/5.0 (Windows NT 10.0; Win64; x64) AppleWebKit/537.36 (KHTML, like Gecko) Chrome/88.0.4240.193 Safari/537.36"
34.136.207.120 - - [12/Aug/2021:03:19:46 +0000] "GET /shop/wp-includes/wlwmanifest.xml HTTP/1.1" 404 99499 "-" "Mozilla/5.0 (Windows NT 10.0; Win64; x64) AppleWebKit/537.36 (KHTML, like Gecko) Chrome/88.0.4240.193 Safari/537.36"
34.136.207.120 - - [12/Aug/2021:03:19:46 +0000] "GET /wp1/wp-includes/wlwmanifest.xml HTTP/1.1" 404 99497 "-" "Mozilla/5.0 (Windows NT 10.0; Win64; x64) AppleWebKit/537.36 (KHTML, like Gecko) Chrome/88.0.4240.193 Safari/537.36"
34.136.207.120 - - [12/Aug/2021:03:19:47 +0000] "GET /test/wp-includes/wlwmanifest.xml HTTP/1.1" 404 99535 "-" "Mozilla/5.0 (Windows NT 10.0; Win64; x64) AppleWebKit/537.36 (KHTML, like Gecko) Chrome/88.0.4240.193 Safari/537.36"
34.136.207.120 - - [12/Aug/2021:03:19:48 +0000] "GET /wp2/wp-includes/wlwmanifest.xml HTTP/1.1" 404 99497 "-" "Mozilla/5.0 (Windows NT 10.0; Win64; x64) AppleWebKit/537.36 (KHTML, like Gecko) Chrome/88.0.4240.193 Safari/537.36"
34.136.207.120 - - [12/Aug/2021:03:19:48 +0000] "GET /site/wp-includes/wlwmanifest.xml HTTP/1.1" 404 99499 "-" "Mozilla/5.0 (Windows NT 10.0; Win64; x64) AppleWebKit/537.36 (KHTML, like Gecko) Chrome/88.0.4240.193 Safari/537.36"
34.136.207.120 - - [12/Aug/2021:03:19:49 +0000] "GET /cms/wp-includes/wlwmanifest.xml HTTP/1.1" 404 99497 "-" "Mozilla/5.0 (Windows NT 10.0; Win64; x64) AppleWebKit/537.36 (KHTML, like Gecko) Chrome/88.0.4240.193 Safari/537.36"
34.136.207.120 - - [12/Aug/2021:03:19:49 +0000] "GET /sito/wp-includes/wlwmanifest.xml HTTP/1.1" 404 99499 "-" "Mozilla/5.0 (Windows NT 10.0; Win64; x64) AppleWebKit/537.36 (KHTML, like Gecko) Chrome/88.0.4240.193 Safari/537.36"
66.249.79.54 - - [12/Aug/2021:04:18:06 +0000] "GET /robots.txt HTTP/1.1" 200 345 "-" "Mozilla/5.0 (compatible; Googlebot/2.1; +http://www.google.com/bot.html)"
66.249.79.33 - - [12/Aug/2021:04:18:07 +0000] "GET / HTTP/1.1" 200 211164 "-" "Mozilla/5.0 (compatible; Googlebot/2.1; +http://www.google.com/bot.html)"
66.249.79.59 - - [12/Aug/2021:04:18:13 +0000] "GET /image/loading.svg HTTP/1.1" 404 99471 "https://digitalskart.com/" "Mozilla/5.0 AppleWebKit/537.36 (KHTML, like Gecko; compatible; Googlebot/2.1; +http://www.google.com/bot.html) Chrome/92.0.4515.119 Safari/537.36"
66.249.79.54 - - [12/Aug/2021:04:18:16 +0000] "GET /image/loading.svg HTTP/1.1" 404 99471 "https://digitalskart.com/" "Mozilla/5.0 AppleWebKit/537.36 (KHTML, like Gecko; compatible; Googlebot/2.1; +http://www.google.com/bot.html) Chrome/92.0.4515.119 Safari/537.36"
40.77.167.52 - - [12/Aug/2021:04:25:05 +0000] "GET /robots.txt HTTP/1.1" 200 345 "-" "Mozilla/5.0 (compatible; bingbot/2.0; +http://www.bing.com/bingbot.htm)"
207.46.13.123 - - [12/Aug/2021:04:25:09 +0000] "GET / HTTP/1.1" 200 211158 "-" "Mozilla/5.0 (compatible; bingbot/2.0; +http://www.bing.com/bingbot.htm)"
3.22.81.55 - - [12/Aug/2021:04:45:06 +0000] "HEAD / HTTP/1.1" 200 - "-" "CheckMarkNetwork/1.0 (+http://www.checkmarknetwork.com/spider.html)"
3.22.81.55 - - [12/Aug/2021:04:45:07 +0000] "GET /robots.txt HTTP/1.1" 200 345 "-" "CheckMarkNetwork/1.0 (+http://www.checkmarknetwork.com/spider.html)"
3.22.81.55 - - [12/Aug/2021:04:45:08 +0000] "GET / HTTP/1.1" 200 211154 "-" "CheckMarkNetwork/1.0 (+http://www.checkmarknetwork.com/spider.html)"
3.22.81.55 - - [12/Aug/2021:04:45:11 +0000] "GET /catalog/view/javascript/jquery/jquery-2.1.1.min.js HTTP/1.1" 200 84245 "http://digitalskart.com/" "CheckMarkNetwork/1.0 (+http://www.checkmarknetwork.com/spider.html)"
3.22.81.55 - - [12/Aug/2021:04:45:11 +0000] "GET /catalog/view/javascript/bootstrap/js/bootstrap.min.js HTTP/1.1" 200 36816 "http://digitalskart.com/" "CheckMarkNetwork/1.0 (+http://www.checkmarknetwork.com/spider.html)"
3.22.81.55 - - [12/Aug/2021:04:45:12 +0000] "GET /catalog/view/javascript/soconfig/js/libs.js HTTP/1.1" 200 23882 "http://digitalskart.com/" "CheckMarkNetwork/1.0 (+http://www.checkmarknetwork.com/spider.html)"
3.22.81.55 - - [12/Aug/2021:04:45:12 +0000] "GET /catalog/view/javascript/soconfig/js/so.system.js HTTP/1.1" 200 13249 "http://digitalskart.com/" "CheckMarkNetwork/1.0 (+http://www.checkmarknetwork.com/spider.html)"
3.22.81.55 - - [12/Aug/2021:04:45:12 +0000] "GET /catalog/view/javascript/soconfig/js/jquery.sticky-kit.min.js HTTP/1.1" 200 2798 "http://digitalskart.com/" "CheckMarkNetwork/1.0 (+http://www.checkmarknetwork.com/spider.html)"
3.22.81.55 - - [12/Aug/2021:04:45:12 +0000] "GET /catalog/view/javascript/lazysizes/lazysizes.min.js HTTP/1.1" 200 6675 "http://digitalskart.com/" "CheckMarkNetwork/1.0 (+http://www.checkmarknetwork.com/spider.html)"
3.22.81.55 - - [12/Aug/2021:04:45:13 +0000] "GET /catalog/view/theme/so-emarket/js/jquery.nav.js HTTP/1.1" 200 5138 "http://digitalskart.com/" "CheckMarkNetwork/1.0 (+http://www.checkmarknetwork.com/spider.html)"
3.22.81.55 - - [12/Aug/2021:04:45:13 +0000] "GET /catalog/view/theme/so-emarket/js/so.custom.js HTTP/1.1" 200 6440 "http://digitalskart.com/" "CheckMarkNetwork/1.0 (+http://www.checkmarknetwork.com/spider.html)"
3.22.81.55 - - [12/Aug/2021:04:45:13 +0000] "GET /catalog/view/theme/so-emarket/js/custom.js HTTP/1.1" 200 4797 "http://digitalskart.com/" "CheckMarkNetwork/1.0 (+http://www.checkmarknetwork.com/spider.html)"
3.22.81.55 - - [12/Aug/2021:04:45:13 +0000] "GET /catalog/view/theme/so-emarket/js/common.js HTTP/1.1" 200 13794 "http://digitalskart.com/" "CheckMarkNetwork/1.0 (+http://www.checkmarknetwork.com/spider.html)"
3.22.81.55 - - [12/Aug/2021:04:45:14 +0000] "GET /catalog/view/javascript/so_home_slider/js/owl.carousel.js HTTP/1.1" 200 96270 "http://digitalskart.com/" "CheckMarkNetwork/1.0 (+http://www.checkmarknetwork.com/spider.html)"
3.22.81.55 - - [12/Aug/2021:04:45:14 +0000] "GET /admin/view/template/extension/module/so_page_builder/assets/js/shortcodes.js HTTP/1.1" 200 6597 "http://digitalskart.com/" "CheckMarkNetwork/1.0 (+http://www.checkmarknetwork.com/spider.html)"
3.22.81.55 - - [12/Aug/2021:04:45:15 +0000] "GET /catalog/view/javascript/so_deals/js/slick.js HTTP/1.1" 200 84265 "http://digitalskart.com/" "CheckMarkNetwork/1.0 (+http://www.checkmarknetwork.com/spider.html)"
3.22.81.55 - - [12/Aug/2021:04:45:15 +0000] "GET /catalog/view/javascript/so_call_for_price/js/script.js HTTP/1.1" 200 3893 "http://digitalskart.com/" "CheckMarkNetwork/1.0 (+http://www.checkmarknetwork.com/spider.html)"
3.22.81.55 - - [12/Aug/2021:04:45:15 +0000] "GET /catalog/view/javascript/so_page_builder/js/section.js HTTP/1.1" 200 987 "http://digitalskart.com/" "CheckMarkNetwork/1.0 (+http://www.checkmarknetwork.com/spider.html)"
3.22.81.55 - - [12/Aug/2021:04:45:15 +0000] "GET /catalog/view/javascript/so_page_builder/js/modernizr.video.js HTTP/1.1" 200 7485 "http://digitalskart.com/" "CheckMarkNetwork/1.0 (+http://www.checkmarknetwork.com/spider.html)"
3.22.81.55 - - [12/Aug/2021:04:45:16 +0000] "GET /catalog/view/javascript/so_page_builder/js/swfobject.js HTTP/1.1" 200 9153 "http://digitalskart.com/" "CheckMarkNetwork/1.0 (+http://www.checkmarknetwork.com/spider.html)"
3.22.81.55 - - [12/Aug/2021:04:45:16 +0000] "GET /catalog/view/javascript/so_page_builder/js/video_background.js HTTP/1.1" 200 7823 "http://digitalskart.com/" "CheckMarkNetwork/1.0 (+http://www.checkmarknetwork.com/spider.html)"
3.22.81.55 - - [12/Aug/2021:04:45:16 +0000] "GET /catalog/view/javascript/so_tools/js/script.js HTTP/1.1" 200 7718 "http://digitalskart.com/" "CheckMarkNetwork/1.0 (+http://www.checkmarknetwork.com/spider.html)"
3.22.81.55 - - [12/Aug/2021:04:45:16 +0000] "GET /catalog/view/javascript/so_countdown/js/jquery.cookie.js HTTP/1.1" 200 1967 "http://digitalskart.com/" "CheckMarkNetwork/1.0 (+http://www.checkmarknetwork.com/spider.html)"
3.22.81.55 - - [12/Aug/2021:04:45:17 +0000] "GET /catalog/view/javascript/so_megamenu/so_megamenu.js HTTP/1.1" 200 9517 "http://digitalskart.com/" "CheckMarkNetwork/1.0 (+http://www.checkmarknetwork.com/spider.html)"
3.22.81.55 - - [12/Aug/2021:04:45:17 +0000] "GET /catalog/view/javascript/so_searchpro/js/chosen.jquery.js HTTP/1.1" 200 47491 "http://digitalskart.com/" "CheckMarkNetwork/1.0 (+http://www.checkmarknetwork.com/spider.html)"
40.77.167.52 - - [12/Aug/2021:04:53:19 +0000] "GET /robots.txt HTTP/1.1" 200 345 "-" "Mozilla/5.0 (compatible; bingbot/2.0; +http://www.bing.com/bingbot.htm)"
207.46.13.123 - - [12/Aug/2021:04:53:22 +0000] "GET / HTTP/1.1" 200 211176 "-" "Mozilla/5.0 (compatible; bingbot/2.0; +http://www.bing.com/bingbot.htm)"
159.203.37.43 - - [12/Aug/2021:06:04:50 +0000] "GET /wp-login.php HTTP/1.1" 404 99459 "-" "Mozilla/5.0 (X11; Ubuntu; Linux x86_64; rv:62.0) Gecko/20100101 Firefox/62.0"
207.99.46.205 - - [12/Aug/2021:06:08:51 +0000] "GET / HTTP/1.1" 200 211164 "-" "Mozilla/5.0 (compatible; Googlebot/2.1; +http://www.google.com/bot.html)"
54.36.148.213 - - [12/Aug/2021:06:26:40 +0000] "GET /robots.txt HTTP/1.1" 200 345 "-" "Mozilla/5.0 (compatible; AhrefsBot/7.0; +http://ahrefs.com/robot/)"
54.36.148.71 - - [12/Aug/2021:06:26:41 +0000] "GET / HTTP/1.1" 200 211179 "-" "Mozilla/5.0 (compatible; AhrefsBot/7.0; +http://ahrefs.com/robot/)"
66.249.79.109 - - [12/Aug/2021:07:10:39 +0000] "GET /index.php?route=information/contact HTTP/1.1" 200 101290 "-" "Mozilla/5.0 (Linux; Android 6.0.1; Nexus 5X Build/MMB29P) AppleWebKit/537.36 (KHTML, like Gecko) Chrome/92.0.4515.119 Mobile Safari/537.36 (compatible; Googlebot/2.1; +http://www.google.com/bot.html)"
66.249.79.111 - - [12/Aug/2021:07:47:21 +0000] "GET /robots.txt HTTP/1.1" 200 345 "-" "Mozilla/5.0 (compatible; Googlebot/2.1; +http://www.google.com/bot.html)"
66.249.79.113 - - [12/Aug/2021:07:47:22 +0000] "GET / HTTP/1.1" 200 211154 "-" "Mozilla/5.0 (Linux; Android 6.0.1; Nexus 5X Build/MMB29P) AppleWebKit/537.36 (KHTML, like Gecko) Chrome/92.0.4515.119 Mobile Safari/537.36 (compatible; Googlebot/2.1; +http://www.google.com/bot.html)"
54.36.148.115 - - [12/Aug/2021:07:50:37 +0000] "GET /robots.txt HTTP/1.1" 200 345 "-" "Mozilla/5.0 (compatible; AhrefsBot/7.0; +http://ahrefs.com/robot/)"
54.36.148.71 - - [12/Aug/2021:07:50:38 +0000] "GET / HTTP/1.1" 200 211156 "-" "Mozilla/5.0 (compatible; AhrefsBot/7.0; +http://ahrefs.com/robot/)"
157.55.39.60 - - [12/Aug/2021:07:52:28 +0000] "GET / HTTP/1.1" 200 211163 "-" "Mozilla/5.0 (compatible; bingbot/2.0; +http://www.bing.com/bingbot.htm)"
54.36.148.71 - - [12/Aug/2021:08:26:14 +0000] "GET / HTTP/1.1" 200 211161 "-" "Mozilla/5.0 (compatible; AhrefsBot/7.0; +http://ahrefs.com/robot/)"
66.249.79.109 - - [12/Aug/2021:11:24:08 +0000] "GET /index.php?route=product/product&product_id=34 HTTP/1.1" 200 148162 "-" "Mozilla/5.0 (Linux; Android 6.0.1; Nexus 5X Build/MMB29P) AppleWebKit/537.36 (KHTML, like Gecko) Chrome/92.0.4515.119 Mobile Safari/537.36 (compatible; Googlebot/2.1; +http://www.google.com/bot.html)"
185.191.34.215 - - [12/Aug/2021:11:49:41 +0000] "HEAD / HTTP/1.1" 200 - "-" "Mozilla/5.0 (Windows NT 10.0; Win64; x64; rv:66.0) Gecko/20100101 Firefox/66.0"
138.246.253.24 - - [12/Aug/2021:12:21:20 +0000] "GET /robots.txt HTTP/1.1" 200 345 "-" "Mozilla/5.0 (Windows NT 10.0; Win64; x64) AppleWebKit/537.36 (KHTML, like Gecko) Chrome/88.0.4324.146 Safari/537.36"
66.249.79.109 - - [12/Aug/2021:12:49:05 +0000] "GET /catalog/view/javascript/jquery/datetimepicker/moment/moment.min.js HTTP/1.1" 200 51465 "https://digitalskart.com/index.php?route=product/product&product_id=34" "Mozilla/5.0 (Linux; Android 6.0.1; Nexus 5X Build/MMB29P) AppleWebKit/537.36 (KHTML, like Gecko) Chrome/92.0.4515.119 Mobile Safari/537.36 (compatible; Googlebot/2.1; +http://www.google.com/bot.html)"
66.249.79.105 - - [12/Aug/2021:12:49:06 +0000] "GET /catalog/view/javascript/jquery/datetimepicker/moment/moment-with-locales.min.js HTTP/1.1" 200 249778 "https://digitalskart.com/index.php?route=product/product&product_id=34" "Mozilla/5.0 (Linux; Android 6.0.1; Nexus 5X Build/MMB29P) AppleWebKit/537.36 (KHTML, like Gecko) Chrome/92.0.4515.119 Mobile Safari/537.36 (compatible; Googlebot/2.1; +http://www.google.com/bot.html)"
66.249.79.109 - - [12/Aug/2021:12:49:07 +0000] "GET /catalog/view/javascript/soconfig/css/lightslider.css HTTP/1.1" 200 7980 "https://digitalskart.com/index.php?route=product/product&product_id=34" "Mozilla/5.0 (Linux; Android 6.0.1; Nexus 5X Build/MMB29P) AppleWebKit/537.36 (KHTML, like Gecko) Chrome/92.0.4515.119 Mobile Safari/537.36 (compatible; Googlebot/2.1; +http://www.google.com/bot.html)"
66.249.79.107 - - [12/Aug/2021:12:49:08 +0000] "GET /catalog/view/javascript/soconfig/js/lightslider.js HTTP/1.1" 200 48079 "https://digitalskart.com/index.php?route=product/product&product_id=34" "Mozilla/5.0 (Linux; Android 6.0.1; Nexus 5X Build/MMB29P) AppleWebKit/537.36 (KHTML, like Gecko) Chrome/92.0.4515.119 Mobile Safari/537.36 (compatible; Googlebot/2.1; +http://www.google.com/bot.html)"
66.249.79.105 - - [12/Aug/2021:12:49:09 +0000] "GET /catalog/view/javascript/so_megamenu/so_megamenu.js HTTP/1.1" 200 9517 "https://digitalskart.com/index.php?route=product/product&product_id=34" "Mozilla/5.0 (Linux; Android 6.0.1; Nexus 5X Build/MMB29P) AppleWebKit/537.36 (KHTML, like Gecko) Chrome/92.0.4515.119 Mobile Safari/537.36 (compatible; Googlebot/2.1; +http://www.google.com/bot.html)"
66.249.79.105 - - [12/Aug/2021:12:49:10 +0000] "GET /catalog/view/javascript/so_extra_slider/css/owl.carousel.css HTTP/1.1" 200 4990 "https://digitalskart.com/index.php?route=product/product&product_id=34" "Mozilla/5.0 (Linux; Android 6.0.1; Nexus 5X Build/MMB29P) AppleWebKit/537.36 (KHTML, like Gecko) Chrome/92.0.4515.119 Mobile Safari/537.36 (compatible; Googlebot/2.1; +http://www.google.com/bot.html)"
66.249.79.107 - - [12/Aug/2021:12:49:10 +0000] "GET /catalog/view/javascript/so_extra_slider/css/animate.css HTTP/1.1" 200 76121 "https://digitalskart.com/index.php?route=product/product&product_id=34" "Mozilla/5.0 (Linux; Android 6.0.1; Nexus 5X Build/MMB29P) AppleWebKit/537.36 (KHTML, like Gecko) Chrome/92.0.4515.119 Mobile Safari/537.36 (compatible; Googlebot/2.1; +http://www.google.com/bot.html)"
66.249.79.105 - - [12/Aug/2021:12:49:11 +0000] "GET /catalog/view/javascript/soconfig/js/jquery.elevateZoom-3.0.8.min.js HTTP/1.1" 200 32801 "https://digitalskart.com/index.php?route=product/product&product_id=34" "Mozilla/5.0 (Linux; Android 6.0.1; Nexus 5X Build/MMB29P) AppleWebKit/537.36 (KHTML, like Gecko) Chrome/92.0.4515.119 Mobile Safari/537.36 (compatible; Googlebot/2.1; +http://www.google.com/bot.html)"
66.249.79.105 - - [12/Aug/2021:12:49:12 +0000] "GET /catalog/view/javascript/jquery/datetimepicker/bootstrap-datetimepicker.min.css HTTP/1.1" 200 5058 "https://digitalskart.com/index.php?route=product/product&product_id=34" "Mozilla/5.0 (Linux; Android 6.0.1; Nexus 5X Build/MMB29P) AppleWebKit/537.36 (KHTML, like Gecko) Chrome/92.0.4515.119 Mobile Safari/537.36 (compatible; Googlebot/2.1; +http://www.google.com/bot.html)"
66.249.79.105 - - [12/Aug/2021:12:49:12 +0000] "GET /catalog/view/javascript/jquery/datetimepicker/bootstrap-datetimepicker.min.js HTTP/1.1" 200 23080 "https://digitalskart.com/index.php?route=product/product&product_id=34" "Mozilla/5.0 (Linux; Android 6.0.1; Nexus 5X Build/MMB29P) AppleWebKit/537.36 (KHTML, like Gecko) Chrome/92.0.4515.119 Mobile Safari/537.36 (compatible; Googlebot/2.1; +http://www.google.com/bot.html)"
66.249.79.107 - - [12/Aug/2021:12:49:13 +0000] "GET /catalog/view/theme/so-emarket/css/responsive.css HTTP/1.1" 200 136380 "https://digitalskart.com/index.php?route=product/product&product_id=34" "Mozilla/5.0 (Linux; Android 6.0.1; Nexus 5X Build/MMB29P) AppleWebKit/537.36 (KHTML, like Gecko) Chrome/92.0.4515.119 Mobile Safari/537.36 (compatible; Googlebot/2.1; +http://www.google.com/bot.html)"
66.249.79.105 - - [12/Aug/2021:12:49:14 +0000] "GET /catalog/view/javascript/so_extra_slider/js/owl.carousel.js HTTP/1.1" 200 96268 "https://digitalskart.com/index.php?route=product/product&product_id=34" "Mozilla/5.0 (Linux; Android 6.0.1; Nexus 5X Build/MMB29P) AppleWebKit/537.36 (KHTML, like Gecko) Chrome/92.0.4515.119 Mobile Safari/537.36 (compatible; Googlebot/2.1; +http://www.google.com/bot.html)"
66.249.79.105 - - [12/Aug/2021:12:49:14 +0000] "GET /catalog/view/javascript/so_searchpro/js/chosen.jquery.js HTTP/1.1" 200 47491 "https://digitalskart.com/index.php?route=product/product&product_id=34" "Mozilla/5.0 (Linux; Android 6.0.1; Nexus 5X Build/MMB29P) AppleWebKit/537.36 (KHTML, like Gecko) Chrome/92.0.4515.119 Mobile Safari/537.36 (compatible; Googlebot/2.1; +http://www.google.com/bot.html)"
66.249.79.105 - - [12/Aug/2021:12:49:15 +0000] "GET /index.php?route=product/product/review&product_id=34 HTTP/1.1" 200 47 "https://digitalskart.com/index.php?route=product/product&product_id=34" "Mozilla/5.0 (Linux; Android 6.0.1; Nexus 5X Build/MMB29P) AppleWebKit/537.36 (KHTML, like Gecko) Chrome/92.0.4515.119 Mobile Safari/537.36 (compatible; Googlebot/2.1; +http://www.google.com/bot.html)"
157.55.39.60 - - [12/Aug/2021:12:57:28 +0000] "GET / HTTP/1.1" 200 211181 "-" "Mozilla/5.0 (compatible; bingbot/2.0; +http://www.bing.com/bingbot.htm)"
93.158.66.18 - - [12/Aug/2021:13:15:13 +0000] "HEAD /.env HTTP/1.1" 404 - "-" "python-requests/2.26.0"
93.158.66.18 - - [12/Aug/2021:13:15:13 +0000] "HEAD /.env HTTP/1.1" 404 - "-" "python-requests/2.26.0"
93.158.66.18 - - [12/Aug/2021:13:15:18 +0000] "HEAD /.env HTTP/1.1" 404 - "-" "python-requests/2.26.0"
93.158.66.18 - - [12/Aug/2021:13:15:18 +0000] "HEAD /.env HTTP/1.1" 404 - "-" "python-requests/2.26.0"
54.36.149.39 - - [12/Aug/2021:13:52:35 +0000] "GET /robots.txt HTTP/1.1" 200 345 "-" "Mozilla/5.0 (compatible; AhrefsBot/7.0; +http://ahrefs.com/robot/)"
54.36.148.71 - - [12/Aug/2021:13:52:37 +0000] "GET / HTTP/1.1" 200 211183 "-" "Mozilla/5.0 (compatible; AhrefsBot/7.0; +http://ahrefs.com/robot/)"
35.222.152.162 - - [12/Aug/2021:14:00:51 +0000] "GET / HTTP/1.1" 200 211156 "-" "Mozilla/5.0 (Windows NT 10.0; Win64; x64) AppleWebKit/537.36 (KHTML, like Gecko) Chrome/80.0.3987.149 Safari/537.36"
35.222.152.162 - - [12/Aug/2021:14:00:52 +0000] "GET / HTTP/1.1" 200 211157 "-" "Mozilla/5.0 (Windows NT 10.0; Win64; x64) AppleWebKit/537.36 (KHTML, like Gecko) Chrome/80.0.3987.149 Safari/537.36"
35.222.152.162 - - [12/Aug/2021:14:00:53 +0000] "GET /wp-includes/wlwmanifest.xml HTTP/1.1" 404 99489 "-" "Mozilla/5.0 (Windows NT 10.0; Win64; x64) AppleWebKit/537.36 (KHTML, like Gecko) Chrome/80.0.3987.149 Safari/537.36"
35.222.152.162 - - [12/Aug/2021:14:00:54 +0000] "GET /xmlrpc.php?rsd HTTP/1.1" 404 99481 "-" "Mozilla/5.0 (Windows NT 10.0; Win64; x64) AppleWebKit/537.36 (KHTML, like Gecko) Chrome/80.0.3987.149 Safari/537.36"
35.222.152.162 - - [12/Aug/2021:14:00:54 +0000] "GET / HTTP/1.1" 200 211154 "-" "Mozilla/5.0 (Windows NT 10.0; Win64; x64) AppleWebKit/537.36 (KHTML, like Gecko) Chrome/80.0.3987.149 Safari/537.36"
35.222.152.162 - - [12/Aug/2021:14:00:55 +0000] "GET /blog/wp-includes/wlwmanifest.xml HTTP/1.1" 404 99499 "-" "Mozilla/5.0 (Windows NT 10.0; Win64; x64) AppleWebKit/537.36 (KHTML, like Gecko) Chrome/80.0.3987.149 Safari/537.36"
35.222.152.162 - - [12/Aug/2021:14:00:56 +0000] "GET /web/wp-includes/wlwmanifest.xml HTTP/1.1" 404 99497 "-" "Mozilla/5.0 (Windows NT 10.0; Win64; x64) AppleWebKit/537.36 (KHTML, like Gecko) Chrome/80.0.3987.149 Safari/537.36"
35.222.152.162 - - [12/Aug/2021:14:00:57 +0000] "GET /wordpress/wp-includes/wlwmanifest.xml HTTP/1.1" 404 99509 "-" "Mozilla/5.0 (Windows NT 10.0; Win64; x64) AppleWebKit/537.36 (KHTML, like Gecko) Chrome/80.0.3987.149 Safari/537.36"
35.222.152.162 - - [12/Aug/2021:14:00:57 +0000] "GET /website/wp-includes/wlwmanifest.xml HTTP/1.1" 404 99505 "-" "Mozilla/5.0 (Windows NT 10.0; Win64; x64) AppleWebKit/537.36 (KHTML, like Gecko) Chrome/80.0.3987.149 Safari/537.36"
35.222.152.162 - - [12/Aug/2021:14:00:58 +0000] "GET /wp/wp-includes/wlwmanifest.xml HTTP/1.1" 404 99495 "-" "Mozilla/5.0 (Windows NT 10.0; Win64; x64) AppleWebKit/537.36 (KHTML, like Gecko) Chrome/80.0.3987.149 Safari/537.36"
35.222.152.162 - - [12/Aug/2021:14:00:58 +0000] "GET /news/wp-includes/wlwmanifest.xml HTTP/1.1" 404 99499 "-" "Mozilla/5.0 (Windows NT 10.0; Win64; x64) AppleWebKit/537.36 (KHTML, like Gecko) Chrome/80.0.3987.149 Safari/537.36"
35.222.152.162 - - [12/Aug/2021:14:00:59 +0000] "GET /2018/wp-includes/wlwmanifest.xml HTTP/1.1" 404 99499 "-" "Mozilla/5.0 (Windows NT 10.0; Win64; x64) AppleWebKit/537.36 (KHTML, like Gecko) Chrome/80.0.3987.149 Safari/537.36"
35.222.152.162 - - [12/Aug/2021:14:01:00 +0000] "GET /2019/wp-includes/wlwmanifest.xml HTTP/1.1" 404 99499 "-" "Mozilla/5.0 (Windows NT 10.0; Win64; x64) AppleWebKit/537.36 (KHTML, like Gecko) Chrome/80.0.3987.149 Safari/537.36"
35.222.152.162 - - [12/Aug/2021:14:01:00 +0000] "GET /shop/wp-includes/wlwmanifest.xml HTTP/1.1" 404 99499 "-" "Mozilla/5.0 (Windows NT 10.0; Win64; x64) AppleWebKit/537.36 (KHTML, like Gecko) Chrome/80.0.3987.149 Safari/537.36"
35.222.152.162 - - [12/Aug/2021:14:01:01 +0000] "GET /wp1/wp-includes/wlwmanifest.xml HTTP/1.1" 404 99497 "-" "Mozilla/5.0 (Windows NT 10.0; Win64; x64) AppleWebKit/537.36 (KHTML, like Gecko) Chrome/80.0.3987.149 Safari/537.36"
35.222.152.162 - - [12/Aug/2021:14:01:01 +0000] "GET /test/wp-includes/wlwmanifest.xml HTTP/1.1" 404 99535 "-" "Mozilla/5.0 (Windows NT 10.0; Win64; x64) AppleWebKit/537.36 (KHTML, like Gecko) Chrome/80.0.3987.149 Safari/537.36"
35.222.152.162 - - [12/Aug/2021:14:01:02 +0000] "GET /media/wp-includes/wlwmanifest.xml HTTP/1.1" 404 99501 "-" "Mozilla/5.0 (Windows NT 10.0; Win64; x64) AppleWebKit/537.36 (KHTML, like Gecko) Chrome/80.0.3987.149 Safari/537.36"
35.222.152.162 - - [12/Aug/2021:14:01:03 +0000] "GET /wp2/wp-includes/wlwmanifest.xml HTTP/1.1" 404 99497 "-" "Mozilla/5.0 (Windows NT 10.0; Win64; x64) AppleWebKit/537.36 (KHTML, like Gecko) Chrome/80.0.3987.149 Safari/537.36"
35.222.152.162 - - [12/Aug/2021:14:01:03 +0000] "GET /site/wp-includes/wlwmanifest.xml HTTP/1.1" 404 99499 "-" "Mozilla/5.0 (Windows NT 10.0; Win64; x64) AppleWebKit/537.36 (KHTML, like Gecko) Chrome/80.0.3987.149 Safari/537.36"
35.222.152.162 - - [12/Aug/2021:14:01:04 +0000] "GET /cms/wp-includes/wlwmanifest.xml HTTP/1.1" 404 99497 "-" "Mozilla/5.0 (Windows NT 10.0; Win64; x64) AppleWebKit/537.36 (KHTML, like Gecko) Chrome/80.0.3987.149 Safari/537.36"
35.222.152.162 - - [12/Aug/2021:14:01:05 +0000] "GET /sito/wp-includes/wlwmanifest.xml HTTP/1.1" 404 99499 "-" "Mozilla/5.0 (Windows NT 10.0; Win64; x64) AppleWebKit/537.36 (KHTML, like Gecko) Chrome/80.0.3987.149 Safari/537.36"
103.130.213.36 - - [12/Aug/2021:14:32:49 +0000] "GET /wp-login.php HTTP/1.1" 404 99459 "-" "Mozilla/5.0 (X11; Ubuntu; Linux x86_64; rv:62.0) Gecko/20100101 Firefox/62.0"
93.158.66.18 - - [12/Aug/2021:15:06:45 +0000] "HEAD /.env HTTP/1.1" 404 - "-" "python-requests/2.26.0"
93.158.66.18 - - [12/Aug/2021:15:06:45 +0000] "HEAD /.env HTTP/1.1" 404 - "-" "python-requests/2.26.0"
93.158.66.18 - - [12/Aug/2021:15:06:46 +0000] "HEAD /.env HTTP/1.1" 404 - "-" "python-requests/2.26.0"
93.158.66.18 - - [12/Aug/2021:15:06:46 +0000] "HEAD /.env HTTP/1.1" 404 - "-" "python-requests/2.26.0"
66.249.79.105 - - [12/Aug/2021:15:06:50 +0000] "GET / HTTP/1.1" 200 211158 "-" "Mozilla/5.0 (Linux; Android 6.0.1; Nexus 5X Build/MMB29P) AppleWebKit/537.36 (KHTML, like Gecko) Chrome/92.0.4515.119 Mobile Safari/537.36 (compatible; Googlebot/2.1; +http://www.google.com/bot.html)"
66.249.79.111 - - [12/Aug/2021:15:08:14 +0000] "GET / HTTP/1.1" 200 211155 "-" "Mozilla/5.0 (compatible; Googlebot/2.1; +http://www.google.com/bot.html)"
66.249.79.107 - - [12/Aug/2021:15:08:19 +0000] "GET /catalog/view/javascript/so_categories/css/so-categories.css HTTP/1.1" 200 12164 "http://digitalskart.com/" "Mozilla/5.0 AppleWebKit/537.36 (KHTML, like Gecko; compatible; Googlebot/2.1; +http://www.google.com/bot.html) Chrome/92.0.4515.119 Safari/537.36"
66.249.79.105 - - [12/Aug/2021:15:08:20 +0000] "GET /image/loading.svg HTTP/1.1" 404 99471 "http://digitalskart.com/" "Mozilla/5.0 AppleWebKit/537.36 (KHTML, like Gecko; compatible; Googlebot/2.1; +http://www.google.com/bot.html) Chrome/92.0.4515.119 Safari/537.36"
66.249.79.107 - - [12/Aug/2021:15:08:21 +0000] "GET /image/loading.svg HTTP/1.1" 404 99471 "http://digitalskart.com/" "Mozilla/5.0 AppleWebKit/537.36 (KHTML, like Gecko; compatible; Googlebot/2.1; +http://www.google.com/bot.html) Chrome/92.0.4515.119 Safari/537.36"
66.249.79.109 - - [12/Aug/2021:15:29:53 +0000] "GET /index.php?route=information/contact HTTP/1.1" 200 101290 "-" "Mozilla/5.0 (compatible; Googlebot/2.1; +http://www.google.com/bot.html)"
66.249.79.107 - - [12/Aug/2021:15:29:58 +0000] "GET /catalog/view/javascript/soconfig/js/owl.carousel.js HTTP/1.1" 200 96233 "https://digitalskart.com/index.php?route=information/contact" "Mozilla/5.0 AppleWebKit/537.36 (KHTML, like Gecko; compatible; Googlebot/2.1; +http://www.google.com/bot.html) Chrome/92.0.4515.119 Safari/537.36"
66.249.79.109 - - [12/Aug/2021:15:59:23 +0000] "GET / HTTP/1.1" 200 211166 "-" "Mozilla/5.0 (Linux; Android 6.0.1; Nexus 5X Build/MMB29P) AppleWebKit/537.36 (KHTML, like Gecko) Chrome/92.0.4515.119 Mobile Safari/537.36 (compatible; Googlebot/2.1; +http://www.google.com/bot.html)"
207.55.255.20 - - [12/Aug/2021:19:05:33 +0000] "GET /wp-login.php HTTP/1.1" 404 99459 "-" "Mozilla/5.0 (X11; Ubuntu; Linux x86_64; rv:62.0) Gecko/20100101 Firefox/62.0"
157.55.39.60 - - [12/Aug/2021:20:44:02 +0000] "GET / HTTP/1.1" 200 211166 "-" "Mozilla/5.0 (compatible; bingbot/2.0; +http://www.bing.com/bingbot.htm)"
88.5.91.111 - - [12/Aug/2021:21:08:59 +0000] "GET / HTTP/1.1" 200 211159 "bludir.com" "Mozilla/5.0 (Windows NT 10.0; Win64; x64) AppleWebKit/537.36 (KHTML, like Gecko) Chrome/90.0.4430.93 Safari/537.36"
66.249.79.105 - - [12/Aug/2021:21:40:20 +0000] "GET /index.php?route=product/category&path=34_37 HTTP/1.1" 200 144778 "-" "Mozilla/5.0 (Linux; Android 6.0.1; Nexus 5X Build/MMB29P) AppleWebKit/537.36 (KHTML, like Gecko) Chrome/92.0.4515.119 Mobile Safari/537.36 (compatible; Googlebot/2.1; +http://www.google.com/bot.html)"
66.249.79.107 - - [12/Aug/2021:21:40:27 +0000] "GET /catalog/view/javascript/so_filter_shop_by/css/nouislider.css HTTP/1.1" 200 3110 "https://digitalskart.com/index.php?route=product/category&path=34_37" "Mozilla/5.0 (Linux; Android 6.0.1; Nexus 5X Build/MMB29P) AppleWebKit/537.36 (KHTML, like Gecko) Chrome/92.0.4515.119 Mobile Safari/537.36 (compatible; Googlebot/2.1; +http://www.google.com/bot.html)"
66.249.79.105 - - [12/Aug/2021:21:40:28 +0000] "GET /catalog/view/theme/so-emarket/js/so.custom.js HTTP/1.1" 200 6440 "https://digitalskart.com/index.php?route=product/category&path=34_37" "Mozilla/5.0 (Linux; Android 6.0.1; Nexus 5X Build/MMB29P) AppleWebKit/537.36 (KHTML, like Gecko) Chrome/92.0.4515.119 Mobile Safari/537.36 (compatible; Googlebot/2.1; +http://www.google.com/bot.html)"
40.77.167.44 - - [12/Aug/2021:22:42:49 +0000] "GET /sitemap.xml HTTP/1.1" 200 - "-" "Mozilla/5.0 (compatible; bingbot/2.0; +http://www.bing.com/bingbot.htm)"
34.213.147.215 - - [12/Aug/2021:23:07:24 +0000] "GET / HTTP/1.1" 200 211159 "-" "Mozilla/5.0 (Windows NT 10.0; Win64; x64)AppleWebKit/537.36 (KHTML, like Gecko) Chrome/66.0.3359.181 Safari/537.36"
34.213.147.215 - - [12/Aug/2021:23:07:28 +0000] "GET / HTTP/1.1" 200 159644 "-" "Mozilla/5.0 (Windows NT 10.0; Win64; x64)AppleWebKit/537.36 (KHTML, like Gecko) Chrome/66.0.3359.181 Safari/537.36"
34.219.167.131 - - [12/Aug/2021:23:19:28 +0000] "GET / HTTP/1.1" 200 211159 "-" "Mozilla/5.0 (X11; Linux x86_64) AppleWebKit/537.36 (KHTML, like Gecko) Chrome/83.0.4103.97 Safari/537.36"
54.213.139.181 - - [12/Aug/2021:23:20:00 +0000] "GET / HTTP/1.1" 200 211156 "-" "Mozilla/5.0 (X11; Linux x86_64) AppleWebKit/537.36 (KHTML, like Gecko) Chrome/83.0.4103.97 Safari/537.36"
54.213.139.181 - - [12/Aug/2021:23:20:03 +0000] "GET /image/catalog/cart.png HTTP/1.1" 200 421 "-" "Go-http-client/1.1"
54.68.116.190 - - [12/Aug/2021:23:22:28 +0000] "GET / HTTP/1.1" 200 211164 "-" "Mozilla/5.0 (X11; Linux x86_64) AppleWebKit/537.36 (KHTML, like Gecko) Chrome/83.0.4103.97 Safari/537.36"
34.214.127.212 - - [12/Aug/2021:23:25:22 +0000] "GET / HTTP/1.1" 200 211164 "-" "Mozilla/5.0 (X11; Linux x86_64) AppleWebKit/537.36 (KHTML, like Gecko) Chrome/83.0.4103.97 Safari/537.36"
34.217.125.138 - - [12/Aug/2021:23:25:42 +0000] "GET / HTTP/1.1" 200 211164 "-" "Mozilla/5.0 (X11; Linux x86_64) AppleWebKit/537.36 (KHTML, like Gecko) Chrome/83.0.4103.97 Safari/537.36"
54.68.116.190 - - [12/Aug/2021:23:36:52 +0000] "GET / HTTP/1.1" 200 159644 "-" "Mozilla/5.0 (X11; Linux x86_64) AppleWebKit/537.36 (KHTML, like Gecko) Chrome/83.0.4103.97 Safari/537.36"
121.5.103.58 - - [12/Aug/2021:23:52:18 +0000] "GET / HTTP/1.1" 200 211181 "-" "Mozilla/5.0 (Linux; Android 10; LIO-AN00 Build/HUAWEILIO-AN00; wv) AppleWebKit/537.36 (KHTML, like Gecko) Version/4.0 Chrome/78.0.3904.62 XWEB/2692 MMWEBSDK/200901 Mobile Safari/537.36"
54.36.148.71 - - [12/Aug/2021:23:56:34 +0000] "GET / HTTP/1.1" 200 211173 "-" "Mozilla/5.0 (compatible; AhrefsBot/7.0; +http://ahrefs.com/robot/)"
66.249.79.107 - - [13/Aug/2021:00:10:03 +0000] "GET /index.php?route=product/category&path=20 HTTP/1.1" 200 235643 "-" "Mozilla/5.0 (compatible; Googlebot/2.1; +http://www.google.com/bot.html)"
66.249.79.105 - - [13/Aug/2021:00:10:11 +0000] "GET /catalog/view/javascript/so_popular_tags/css/style.css HTTP/1.1" 200 808 "https://digitalskart.com/index.php?route=product/category&path=20" "Mozilla/5.0 AppleWebKit/537.36 (KHTML, like Gecko; compatible; Googlebot/2.1; +http://www.google.com/bot.html) Chrome/92.0.4515.119 Safari/537.36"
66.249.79.109 - - [13/Aug/2021:00:31:10 +0000] "GET /index.php?route=extension/soconfig/quickview&product_id=43 HTTP/1.1" 200 19635 "-" "Mozilla/5.0 (compatible; Googlebot/2.1; +http://www.google.com/bot.html)"
66.249.79.107 - - [13/Aug/2021:00:31:14 +0000] "GET /catalog/view/javascript/jquery/datetimepicker/bootstrap-datetimepicker.min.css HTTP/1.1" 200 5058 "https://digitalskart.com/index.php?route=extension/soconfig/quickview&product_id=43" "Mozilla/5.0 AppleWebKit/537.36 (KHTML, like Gecko; compatible; Googlebot/2.1; +http://www.google.com/bot.html) Chrome/92.0.4515.119 Safari/537.36"
66.249.79.107 - - [13/Aug/2021:00:31:15 +0000] "GET /index.php?route=extension/soconfig/quickview&product_id=30 HTTP/1.1" 200 19793 "-" "Mozilla/5.0 (compatible; Googlebot/2.1; +http://www.google.com/bot.html)"
66.249.79.105 - - [13/Aug/2021:00:31:16 +0000] "GET /catalog/view/javascript/soconfig/js/jquery.elevateZoom-3.0.8.min.js HTTP/1.1" 200 32801 "https://digitalskart.com/index.php?route=extension/soconfig/quickview&product_id=43" "Mozilla/5.0 AppleWebKit/537.36 (KHTML, like Gecko; compatible; Googlebot/2.1; +http://www.google.com/bot.html) Chrome/92.0.4515.119 Safari/537.36"
66.249.79.107 - - [13/Aug/2021:00:31:17 +0000] "GET /catalog/view/javascript/jquery/datetimepicker/moment/moment.min.js HTTP/1.1" 200 51465 "https://digitalskart.com/index.php?route=extension/soconfig/quickview&product_id=43" "Mozilla/5.0 AppleWebKit/537.36 (KHTML, like Gecko; compatible; Googlebot/2.1; +http://www.google.com/bot.html) Chrome/92.0.4515.119 Safari/537.36"
66.249.79.107 - - [13/Aug/2021:00:31:17 +0000] "GET /catalog/view/javascript/jquery/datetimepicker/moment/moment-with-locales.min.js HTTP/1.1" 200 249778 "https://digitalskart.com/index.php?route=extension/soconfig/quickview&product_id=43" "Mozilla/5.0 AppleWebKit/537.36 (KHTML, like Gecko; compatible; Googlebot/2.1; +http://www.google.com/bot.html) Chrome/92.0.4515.119 Safari/537.36"
66.249.79.105 - - [13/Aug/2021:00:31:18 +0000] "GET /catalog/view/javascript/jquery/datetimepicker/bootstrap-datetimepicker.min.js HTTP/1.1" 200 23080 "https://digitalskart.com/index.php?route=extension/soconfig/quickview&product_id=43" "Mozilla/5.0 AppleWebKit/537.36 (KHTML, like Gecko; compatible; Googlebot/2.1; +http://www.google.com/bot.html) Chrome/92.0.4515.119 Safari/537.36"
66.249.79.105 - - [13/Aug/2021:00:31:21 +0000] "GET /index.php?route=extension/soconfig/quickview&product_id=29 HTTP/1.1" 200 19067 "-" "Mozilla/5.0 (compatible; Googlebot/2.1; +http://www.google.com/bot.html)"
66.249.79.105 - - [13/Aug/2021:00:31:28 +0000] "GET /index.php?route=product/category&path=20&limit=50 HTTP/1.1" 200 236279 "-" "Mozilla/5.0 (compatible; Googlebot/2.1; +http://www.google.com/bot.html)"
66.249.79.105 - - [13/Aug/2021:00:31:32 +0000] "GET /catalog/view/theme/so-emarket/js/common.js HTTP/1.1" 200 13794 "https://digitalskart.com/index.php?route=product/category&path=20&limit=50" "Mozilla/5.0 AppleWebKit/537.36 (KHTML, like Gecko; compatible; Googlebot/2.1; +http://www.google.com/bot.html) Chrome/92.0.4515.119 Safari/537.36"
66.249.79.105 - - [13/Aug/2021:00:31:33 +0000] "POST /index.php?route=extension/module/so_filter_shop_by/filter_data HTTP/1.1" 200 50051 "https://digitalskart.com/index.php?route=product/category&path=20&limit=50" "Mozilla/5.0 AppleWebKit/537.36 (KHTML, like Gecko; compatible; Googlebot/2.1; +http://www.google.com/bot.html) Chrome/92.0.4515.119 Safari/537.36"
66.249.79.105 - - [13/Aug/2021:00:31:34 +0000] "GET /index.php?route=product/product&path=20&product_id=30 HTTP/1.1" 200 148392 "-" "Mozilla/5.0 (compatible; Googlebot/2.1; +http://www.google.com/bot.html)"
