171.13.14.36 - - [14/Aug/2021:05:31:26 +0000] "GET /catalog/view/javascript/so_extra_slider/css/style.css HTTP/1.1" 200 13368 "http://digitalskart.com/" "Mozilla/5.0 (Windows NT 10.0; Win64; x64) AppleWebKit/537.36 (KHTML, like Gecko) Chrome/78.0.3904.87 Safari/537.36"
171.13.14.83 - - [14/Aug/2021:05:31:26 +0000] "GET /catalog/view/javascript/so_extra_slider/css/css3.css HTTP/1.1" 200 41477 "http://digitalskart.com/" "Mozilla/5.0 (Windows NT 10.0; Win64; x64) AppleWebKit/537.36 (KHTML, like Gecko) Chrome/78.0.3904.87 Safari/537.36"
171.13.14.84 - - [14/Aug/2021:05:31:26 +0000] "GET /catalog/view/javascript/so_latest_blog/css/style.css HTTP/1.1" 200 10489 "http://digitalskart.com/" "Mozilla/5.0 (Windows NT 10.0; Win64; x64) AppleWebKit/537.36 (KHTML, like Gecko) Chrome/78.0.3904.87 Safari/537.36"
171.13.14.59 - - [14/Aug/2021:05:31:26 +0000] "GET /catalog/view/javascript/so_page_builder/css/style_render_290.css HTTP/1.1" 200 295 "http://digitalskart.com/" "Mozilla/5.0 (Windows NT 10.0; Win64; x64) AppleWebKit/537.36 (KHTML, like Gecko) Chrome/78.0.3904.87 Safari/537.36"
171.13.14.59 - - [14/Aug/2021:05:31:27 +0000] "GET /catalog/view/javascript/so_page_builder/css/style.css HTTP/1.1" 200 356 "http://digitalskart.com/" "Mozilla/5.0 (Windows NT 10.0; Win64; x64) AppleWebKit/537.36 (KHTML, like Gecko) Chrome/78.0.3904.87 Safari/537.36"
171.13.14.59 - - [14/Aug/2021:05:31:27 +0000] "GET /catalog/view/javascript/so_newletter_custom_popup/css/style.css HTTP/1.1" 200 2954 "http://digitalskart.com/" "Mozilla/5.0 (Windows NT 10.0; Win64; x64) AppleWebKit/537.36 (KHTML, like Gecko) Chrome/78.0.3904.87 Safari/537.36"
171.13.14.83 - - [14/Aug/2021:05:31:27 +0000] "GET /catalog/view/javascript/so_tools/css/style.css HTTP/1.1" 200 14836 "http://digitalskart.com/" "Mozilla/5.0 (Windows NT 10.0; Win64; x64) AppleWebKit/537.36 (KHTML, like Gecko) Chrome/78.0.3904.87 Safari/537.36"
72.14.199.15 - - [14/Aug/2021:05:31:42 +0000] "GET /.well-known/apple-app-site-association HTTP/1.1" 404 99513 "-" "AdsBot-Google (+http://www.google.com/adsbot.html)"
66.249.79.107 - - [14/Aug/2021:06:11:41 +0000] "GET /index.php?route=product/product&path=20&product_id=30&limit=75 HTTP/1.1" 200 148475 "-" "Mozilla/5.0 (Linux; Android 6.0.1; Nexus 5X Build/MMB29P) AppleWebKit/537.36 (KHTML, like Gecko) Chrome/92.0.4515.119 Mobile Safari/537.36 (compatible; Googlebot/2.1; +http://www.google.com/bot.html)"
66.249.79.107 - - [14/Aug/2021:06:11:44 +0000] "GET /index.php?route=product/product/review&product_id=30 HTTP/1.1" 200 47 "https://digitalskart.com/index.php?route=product/product&path=20&product_id=30&limit=75" "Mozilla/5.0 (Linux; Android 6.0.1; Nexus 5X Build/MMB29P) AppleWebKit/537.36 (KHTML, like Gecko) Chrome/92.0.4515.119 Mobile Safari/537.36 (compatible; Googlebot/2.1; +http://www.google.com/bot.html)"
66.249.79.111 - - [14/Aug/2021:09:40:10 +0000] "GET /robots.txt HTTP/1.1" 200 345 "-" "Mozilla/5.0 (compatible; Googlebot/2.1; +http://www.google.com/bot.html)"
66.249.79.109 - - [14/Aug/2021:09:40:12 +0000] "GET / HTTP/1.1" 200 211164 "-" "Mozilla/5.0 (compatible; Googlebot/2.1; +http://www.google.com/bot.html)"
66.249.79.109 - - [14/Aug/2021:09:40:17 +0000] "GET /catalog/view/javascript/so_deals/css/style.css HTTP/1.1" 200 34486 "https://digitalskart.com/" "Mozilla/5.0 AppleWebKit/537.36 (KHTML, like Gecko; compatible; Googlebot/2.1; +http://www.google.com/bot.html) Chrome/92.0.4515.119 Safari/537.36"
66.249.79.109 - - [14/Aug/2021:09:40:17 +0000] "GET /image/loading.svg HTTP/1.1" 404 99471 "https://digitalskart.com/" "Mozilla/5.0 AppleWebKit/537.36 (KHTML, like Gecko; compatible; Googlebot/2.1; +http://www.google.com/bot.html) Chrome/92.0.4515.119 Safari/537.36"
66.249.79.107 - - [14/Aug/2021:09:40:21 +0000] "GET /image/loading.svg HTTP/1.1" 404 99471 "https://digitalskart.com/" "Mozilla/5.0 AppleWebKit/537.36 (KHTML, like Gecko; compatible; Googlebot/2.1; +http://www.google.com/bot.html) Chrome/92.0.4515.119 Safari/537.36"
144.86.173.65 - - [14/Aug/2021:09:55:21 +0000] "GET / HTTP/1.1" 200 211157 "-" "Expanse, a Palo Alto Networks company, searches across the global IPv4 space multiple times per day to identify customers' presences on the Internet. If you would like to be excluded from our scans, please send IP addresses/domains to: scaninfo@paloaltonetworks.com"
144.86.173.131 - - [14/Aug/2021:10:10:25 +0000] "GET / HTTP/1.1" 200 211173 "-" "Expanse, a Palo Alto Networks company, searches across the global IPv4 space multiple times per day to identify customers' presences on the Internet. If you would like to be excluded from our scans, please send IP addresses/domains to: scaninfo@paloaltonetworks.com"
157.55.39.60 - - [14/Aug/2021:10:29:18 +0000] "GET / HTTP/1.1" 200 211186 "-" "Mozilla/5.0 (compatible; bingbot/2.0; +http://www.bing.com/bingbot.htm)"
40.77.167.44 - - [14/Aug/2021:11:18:21 +0000] "GET /sitemap.xml HTTP/1.1" 200 - "-" "Mozilla/5.0 (compatible; bingbot/2.0; +http://www.bing.com/bingbot.htm)"
66.249.79.109 - - [14/Aug/2021:11:19:24 +0000] "GET /index.php?route=product/category&path=34_37 HTTP/1.1" 200 144778 "-" "Mozilla/5.0 (Linux; Android 6.0.1; Nexus 5X Build/MMB29P) AppleWebKit/537.36 (KHTML, like Gecko) Chrome/92.0.4515.119 Mobile Safari/537.36 (compatible; Googlebot/2.1; +http://www.google.com/bot.html)"
157.55.39.106 - - [14/Aug/2021:12:03:03 +0000] "GET /robots.txt HTTP/1.1" 200 345 "-" "Mozilla/5.0 (compatible; bingbot/2.0; +http://www.bing.com/bingbot.htm)"
207.46.13.123 - - [14/Aug/2021:12:03:05 +0000] "GET / HTTP/1.1" 200 211156 "-" "Mozilla/5.0 (compatible; bingbot/2.0; +http://www.bing.com/bingbot.htm)"
54.36.148.71 - - [14/Aug/2021:12:05:08 +0000] "GET / HTTP/1.1" 200 211179 "-" "Mozilla/5.0 (compatible; AhrefsBot/7.0; +http://ahrefs.com/robot/)"
157.55.39.106 - - [14/Aug/2021:12:28:08 +0000] "GET /robots.txt HTTP/1.1" 200 345 "-" "Mozilla/5.0 (compatible; bingbot/2.0; +http://www.bing.com/bingbot.htm)"
207.46.13.123 - - [14/Aug/2021:12:28:17 +0000] "GET / HTTP/1.1" 200 211179 "-" "Mozilla/5.0 (compatible; bingbot/2.0; +http://www.bing.com/bingbot.htm)"
54.36.148.71 - - [14/Aug/2021:13:08:22 +0000] "GET / HTTP/1.1" 200 211156 "-" "Mozilla/5.0 (compatible; AhrefsBot/7.0; +http://ahrefs.com/robot/)"
185.191.34.215 - - [14/Aug/2021:14:19:37 +0000] "GET /hook-filters.php HTTP/1.1" 404 99469 "-" "Mozilla/5.0 (Windows NT 10.0; Win64; x64; rv:67.0) Gecko/20100101 Firefox/67.0"
59.120.86.217 - - [14/Aug/2021:14:30:09 +0000] "GET /index.php%3Froute%3Dproduct/category%26path%3D18 HTTP/1.1" 404 99533 "http://www.google.com" "Mozilla/5.0 (Windows NT 5.1) AppleWebKit/535.1 (KHTML, like Gecko) Chrome/14.0.835.202 Safari/535.1"
157.55.39.60 - - [14/Aug/2021:15:02:46 +0000] "GET / HTTP/1.1" 200 211164 "-" "Mozilla/5.0 (compatible; bingbot/2.0; +http://www.bing.com/bingbot.htm)"
89.46.73.190 - - [14/Aug/2021:15:38:22 +0000] "GET /index.php?route=product/category&path=37 HTTP/1.1" 200 119332 "-" "Mozilla/5.0 (X11; Linux x86_64) AppleWebKit/537.36 (KHTML, like Gecko) Chrome/70.0.3538.67 Safari/537.36"
72.14.199.11 - - [14/Aug/2021:16:57:02 +0000] "GET /apple-app-site-association HTTP/1.1" 404 99489 "-" "AdsBot-Google (+http://www.google.com/adsbot.html)"
66.249.79.109 - - [14/Aug/2021:17:49:24 +0000] "GET / HTTP/1.1" 200 211164 "-" "Mozilla/5.0 (Linux; Android 6.0.1; Nexus 5X Build/MMB29P) AppleWebKit/537.36 (KHTML, like Gecko) Chrome/92.0.4515.119 Mobile Safari/537.36 (compatible; Googlebot/2.1; +http://www.google.com/bot.html)"
40.77.167.102 - - [14/Aug/2021:17:59:01 +0000] "GET /index.php?route=product/category&path=79 HTTP/1.1" 404 118218 "-" "Mozilla/5.0 (compatible; bingbot/2.0; +http://www.bing.com/bingbot.htm)"
157.55.39.60 - - [14/Aug/2021:18:01:02 +0000] "GET / HTTP/1.1" 200 211156 "-" "Mozilla/5.0 (compatible; bingbot/2.0; +http://www.bing.com/bingbot.htm)"
35.202.215.22 - - [14/Aug/2021:18:26:02 +0000] "HEAD /collections/all?_fd=0 HTTP/1.1" 404 - "-" "Faraday v1.6.0"
35.222.164.72 - - [14/Aug/2021:18:26:02 +0000] "HEAD /products/a1-smartwatch-with-multiple-fuctions-compatible-with-andriod-apple-assorted-colour-4464065?_fd=0 HTTP/1.1" 404 - "-" "Faraday v1.6.0"
66.249.79.109 - - [14/Aug/2021:18:45:30 +0000] "GET /image/cache/catalog/demo/apple_cinema_30-47x47.jpg HTTP/1.1" 200 1560 "-" "Googlebot-Image/1.0"
64.21.98.47 - - [14/Aug/2021:18:47:04 +0000] "GET / HTTP/1.1" 200 199644 "-" "Mozilla/5.0 (compatible; Googlebot/2.1; +http://www.google.com/bot.html)"
54.36.148.71 - - [14/Aug/2021:18:47:23 +0000] "GET / HTTP/1.1" 200 211186 "-" "Mozilla/5.0 (compatible; AhrefsBot/7.0; +http://ahrefs.com/robot/)"
66.249.79.107 - - [14/Aug/2021:19:13:31 +0000] "GET /catalog/view/theme/so-emarket/css/layout25/light_yellow.css HTTP/1.1" 200 332407 "https://digitalskart.com/" "Mozilla/5.0 (Linux; Android 6.0.1; Nexus 5X Build/MMB29P) AppleWebKit/537.36 (KHTML, like Gecko) Chrome/92.0.4515.119 Mobile Safari/537.36 (compatible; Googlebot/2.1; +http://www.google.com/bot.html)"
66.249.79.109 - - [14/Aug/2021:19:13:32 +0000] "GET /catalog/view/javascript/bootstrap/js/bootstrap.min.js HTTP/1.1" 200 36816 "https://digitalskart.com/" "Mozilla/5.0 (Linux; Android 6.0.1; Nexus 5X Build/MMB29P) AppleWebKit/537.36 (KHTML, like Gecko) Chrome/92.0.4515.119 Mobile Safari/537.36 (compatible; Googlebot/2.1; +http://www.google.com/bot.html)"
66.249.79.109 - - [14/Aug/2021:19:13:33 +0000] "GET /catalog/view/javascript/jquery/jquery-2.1.1.min.js HTTP/1.1" 200 84245 "https://digitalskart.com/" "Mozilla/5.0 (Linux; Android 6.0.1; Nexus 5X Build/MMB29P) AppleWebKit/537.36 (KHTML, like Gecko) Chrome/92.0.4515.119 Mobile Safari/537.36 (compatible; Googlebot/2.1; +http://www.google.com/bot.html)"
66.249.79.107 - - [14/Aug/2021:19:13:35 +0000] "GET /image/loading.svg HTTP/1.1" 404 99471 "https://digitalskart.com/" "Mozilla/5.0 (Linux; Android 6.0.1; Nexus 5X Build/MMB29P) AppleWebKit/537.36 (KHTML, like Gecko) Chrome/92.0.4515.119 Mobile Safari/537.36 (compatible; Googlebot/2.1; +http://www.google.com/bot.html)"
92.118.160.61 - - [14/Aug/2021:19:53:56 +0000] "GET / HTTP/1.1" 200 211162 "-" "NetSystemsResearch studies the availability of various services across the internet. Our website is netsystemsresearch.com"
54.36.149.73 - - [14/Aug/2021:20:12:37 +0000] "GET /robots.txt HTTP/1.1" 200 345 "-" "Mozilla/5.0 (compatible; AhrefsBot/7.0; +http://ahrefs.com/robot/)"
54.36.148.71 - - [14/Aug/2021:20:12:39 +0000] "GET / HTTP/1.1" 200 211162 "-" "Mozilla/5.0 (compatible; AhrefsBot/7.0; +http://ahrefs.com/robot/)"
185.191.34.215 - - [14/Aug/2021:20:51:27 +0000] "POST /assets/images/accesson.php HTTP/1.1" 404 99489 "-" "Mozilla/5.0 (Windows NT 10.0; Win64; x64) AppleWebKit/537.36 (KHTML, like Gecko) Chrome/74.0.3729.169 Safari/537.36"
66.249.79.109 - - [14/Aug/2021:20:56:01 +0000] "GET /image/cache/catalog/demo/sony_vaio_4-270x270.jpg HTTP/1.1" 200 10880 "-" "Googlebot-Image/1.0"
157.55.39.60 - - [14/Aug/2021:22:28:38 +0000] "GET / HTTP/1.1" 200 211180 "-" "Mozilla/5.0 (compatible; bingbot/2.0; +http://www.bing.com/bingbot.htm)"
34.221.231.220 - - [14/Aug/2021:23:13:13 +0000] "GET / HTTP/1.1" 200 211159 "-" "Mozilla/5.0 (Windows NT 10.0; Win64; x64)AppleWebKit/537.36 (KHTML, like Gecko) Chrome/66.0.3359.181 Safari/537.36"
66.249.79.109 - - [14/Aug/2021:23:39:37 +0000] "GET /index.php?route=product/category&path=25 HTTP/1.1" 200 138320 "-" "Mozilla/5.0 (Linux; Android 6.0.1; Nexus 5X Build/MMB29P) AppleWebKit/537.36 (KHTML, like Gecko) Chrome/92.0.4515.119 Mobile Safari/537.36 (compatible; Googlebot/2.1; +http://www.google.com/bot.html)"
77.88.5.220 - - [15/Aug/2021:00:02:43 +0000] "GET /robots.txt HTTP/1.1" 200 345 "-" "Mozilla/5.0 (compatible; YandexBot/3.0; +http://yandex.com/bots)"
77.88.5.220 - - [15/Aug/2021:00:02:43 +0000] "GET /robots.txt HTTP/1.1" 200 345 "-" "Mozilla/5.0 (compatible; YandexBot/3.0; +http://yandex.com/bots)"
77.88.5.220 - - [15/Aug/2021:00:02:46 +0000] "GET / HTTP/1.1" 200 211161 "-" "Mozilla/5.0 (compatible; YandexBot/3.0; +http://yandex.com/bots)"
77.88.5.220 - - [15/Aug/2021:00:02:46 +0000] "GET / HTTP/1.1" 200 211154 "-" "Mozilla/5.0 (compatible; YandexBot/3.0; +http://yandex.com/bots)"
157.55.39.22 - - [15/Aug/2021:00:03:07 +0000] "GET / HTTP/1.1" 200 211158 "-" "Mozilla/5.0 (compatible; bingbot/2.0; +http://www.bing.com/bingbot.htm)"
66.249.79.113 - - [15/Aug/2021:00:08:27 +0000] "GET /robots.txt HTTP/1.1" 200 345 "-" "Mozilla/5.0 (compatible; Googlebot/2.1; +http://www.google.com/bot.html)"
66.249.79.114 - - [15/Aug/2021:00:08:27 +0000] "GET / HTTP/1.1" 200 211158 "-" "Mozilla/5.0 (compatible; Googlebot/2.1; +http://www.google.com/bot.html)"
66.249.79.114 - - [15/Aug/2021:00:17:03 +0000] "GET / HTTP/1.1" 200 211161 "-" "Mozilla/5.0 (Linux; Android 6.0.1; Nexus 5X Build/MMB29P) AppleWebKit/537.36 (KHTML, like Gecko) Chrome/92.0.4515.119 Mobile Safari/537.36 (compatible; Googlebot/2.1; +http://www.google.com/bot.html)"
66.249.79.111 - - [15/Aug/2021:00:18:44 +0000] "GET /image/loading.svg HTTP/1.1" 404 99471 "http://digitalskart.com/" "Mozilla/5.0 (Linux; Android 6.0.1; Nexus 5X Build/MMB29P) AppleWebKit/537.36 (KHTML, like Gecko) Chrome/92.0.4515.119 Mobile Safari/537.36 (compatible; Googlebot/2.1; +http://www.google.com/bot.html)"
66.249.79.107 - - [15/Aug/2021:00:18:46 +0000] "GET /image/loading.svg HTTP/1.1" 404 99471 "http://digitalskart.com/" "Mozilla/5.0 (Linux; Android 6.0.1; Nexus 5X Build/MMB29P) AppleWebKit/537.36 (KHTML, like Gecko) Chrome/92.0.4515.119 Mobile Safari/537.36 (compatible; Googlebot/2.1; +http://www.google.com/bot.html)"
157.55.39.22 - - [15/Aug/2021:00:29:04 +0000] "GET / HTTP/1.1" 200 211178 "-" "Mozilla/5.0 (compatible; bingbot/2.0; +http://www.bing.com/bingbot.htm)"
66.249.79.111 - - [15/Aug/2021:00:38:45 +0000] "GET /catalog/view/theme/so-emarket/css/layout25/light_yellow.css HTTP/1.1" 200 332407 "http://digitalskart.com/" "Mozilla/5.0 AppleWebKit/537.36 (KHTML, like Gecko; compatible; Googlebot/2.1; +http://www.google.com/bot.html) Chrome/92.0.4515.119 Safari/537.36"
66.249.79.107 - - [15/Aug/2021:00:38:47 +0000] "GET /catalog/view/javascript/so_searchpro/css/so_searchpro.css HTTP/1.1" 200 2827 "http://digitalskart.com/" "Mozilla/5.0 AppleWebKit/537.36 (KHTML, like Gecko; compatible; Googlebot/2.1; +http://www.google.com/bot.html) Chrome/92.0.4515.119 Safari/537.36"
66.249.79.107 - - [15/Aug/2021:00:38:47 +0000] "GET /catalog/view/javascript/so_deals/js/slick.js HTTP/1.1" 200 84265 "http://digitalskart.com/" "Mozilla/5.0 AppleWebKit/537.36 (KHTML, like Gecko; compatible; Googlebot/2.1; +http://www.google.com/bot.html) Chrome/92.0.4515.119 Safari/537.36"
66.249.79.109 - - [15/Aug/2021:00:38:48 +0000] "GET /image/loading.svg HTTP/1.1" 404 99471 "http://digitalskart.com/" "Mozilla/5.0 AppleWebKit/537.36 (KHTML, like Gecko; compatible; Googlebot/2.1; +http://www.google.com/bot.html) Chrome/92.0.4515.119 Safari/537.36"
66.249.79.109 - - [15/Aug/2021:00:38:55 +0000] "GET /image/loading.svg HTTP/1.1" 404 99471 "http://digitalskart.com/" "Mozilla/5.0 AppleWebKit/537.36 (KHTML, like Gecko; compatible; Googlebot/2.1; +http://www.google.com/bot.html) Chrome/92.0.4515.119 Safari/537.36"
66.249.79.109 - - [15/Aug/2021:02:37:01 +0000] "GET /index.php?route=product/category&path=79 HTTP/1.1" 404 118218 "-" "Mozilla/5.0 (Linux; Android 6.0.1; Nexus 5X Build/MMB29P) AppleWebKit/537.36 (KHTML, like Gecko) Chrome/92.0.4515.119 Mobile Safari/537.36 (compatible; Googlebot/2.1; +http://www.google.com/bot.html)"
185.191.34.215 - - [15/Aug/2021:02:43:58 +0000] "POST /assets/images/wp_wrong_datlib.php HTTP/1.1" 404 99503 "-" "Mozilla/5.0 (Macintosh; Intel Mac OS X 10.14; rv:68.0) Gecko/20100101 Firefox/68.0"
157.55.39.60 - - [15/Aug/2021:03:01:34 +0000] "GET / HTTP/1.1" 200 211166 "-" "Mozilla/5.0 (compatible; bingbot/2.0; +http://www.bing.com/bingbot.htm)"
157.55.39.49 - - [15/Aug/2021:03:48:31 +0000] "GET /robots.txt HTTP/1.1" 200 345 "-" "Mozilla/5.0 (compatible; bingbot/2.0; +http://www.bing.com/bingbot.htm)"
157.55.39.49 - - [15/Aug/2021:03:48:32 +0000] "GET /robots.txt HTTP/1.1" 200 345 "-" "Mozilla/5.0 (compatible; bingbot/2.0; +http://www.bing.com/bingbot.htm)"
157.55.39.22 - - [15/Aug/2021:03:48:33 +0000] "GET /products/mirza-dz09-smart-watch-kaju-bluetooth-headphone-for-lenovo-p90dz09-smart-watch-with-4g-sim-card-memory-card-kaju-bluetooth-headphone-5016527 HTTP/1.1" 404 99735 "-" "Mozilla/5.0 (compatible; bingbot/2.0; +http://www.bing.com/bingbot.htm)"
54.36.148.81 - - [15/Aug/2021:04:02:27 +0000] "GET /robots.txt HTTP/1.1" 200 345 "-" "Mozilla/5.0 (compatible; AhrefsBot/7.0; +http://ahrefs.com/robot/)"
54.36.148.71 - - [15/Aug/2021:04:02:29 +0000] "GET / HTTP/1.1" 200 211178 "-" "Mozilla/5.0 (compatible; AhrefsBot/7.0; +http://ahrefs.com/robot/)"
185.191.34.215 - - [15/Aug/2021:05:02:29 +0000] "POST /assets/images/s_noeval.php HTTP/1.1" 404 99489 "-" "Mozilla/5.0 (Windows NT 10.0; Win64; x64) AppleWebKit/537.36 (KHTML, like Gecko) Chrome/74.0.3729.157 Safari/537.36"
54.36.148.74 - - [15/Aug/2021:05:23:57 +0000] "GET /robots.txt HTTP/1.1" 200 345 "-" "Mozilla/5.0 (compatible; AhrefsBot/7.0; +http://ahrefs.com/robot/)"
54.36.148.71 - - [15/Aug/2021:05:23:58 +0000] "GET / HTTP/1.1" 200 211158 "-" "Mozilla/5.0 (compatible; AhrefsBot/7.0; +http://ahrefs.com/robot/)"
72.14.199.13 - - [15/Aug/2021:06:28:21 +0000] "GET /apple-app-site-association HTTP/1.1" 404 99489 "-" "AdsBot-Google (+http://www.google.com/adsbot.html)"
40.77.167.44 - - [15/Aug/2021:06:39:03 +0000] "GET /sitemap.xml HTTP/1.1" 200 - "-" "Mozilla/5.0 (compatible; bingbot/2.0; +http://www.bing.com/bingbot.htm)"
66.249.79.111 - - [15/Aug/2021:06:40:03 +0000] "GET /index.php?route=product/category&path=25 HTTP/1.1" 200 138320 "-" "Mozilla/5.0 (compatible; Googlebot/2.1; +http://www.google.com/bot.html)"
66.249.79.109 - - [15/Aug/2021:06:40:08 +0000] "GET /catalog/view/theme/so-emarket/css/layout25/light_yellow.css HTTP/1.1" 200 332407 "https://digitalskart.com/index.php?route=product/category&path=25" "Mozilla/5.0 AppleWebKit/537.36 (KHTML, like Gecko; compatible; Googlebot/2.1; +http://www.google.com/bot.html) Chrome/92.0.4515.119 Safari/537.36"
66.249.79.107 - - [15/Aug/2021:06:40:10 +0000] "GET /catalog/view/javascript/lazysizes/lazysizes.min.js HTTP/1.1" 200 6675 "https://digitalskart.com/index.php?route=product/category&path=25" "Mozilla/5.0 AppleWebKit/537.36 (KHTML, like Gecko; compatible; Googlebot/2.1; +http://www.google.com/bot.html) Chrome/92.0.4515.119 Safari/537.36"
157.55.39.60 - - [15/Aug/2021:08:18:14 +0000] "GET / HTTP/1.1" 200 211176 "-" "Mozilla/5.0 (compatible; bingbot/2.0; +http://www.bing.com/bingbot.htm)"
83.57.131.188 - - [15/Aug/2021:08:23:46 +0000] "GET / HTTP/1.1" 200 211161 "-" "Mozilla/5.0 (X11; Linux x86_64) AppleWebKit/537.36 (KHTML, like Gecko) Chrome/71.0.3578.98 Safari/537.36"
83.57.131.188 - - [15/Aug/2021:08:23:47 +0000] "GET /catalog/view/javascript/soconfig/js/libs.js HTTP/1.1" 200 23882 "http://digitalskart.com/" "Mozilla/5.0 (X11; Linux x86_64) AppleWebKit/537.36 (KHTML, like Gecko) Chrome/71.0.3578.98 Safari/537.36"
83.57.131.188 - - [15/Aug/2021:08:23:47 +0000] "GET /catalog/view/javascript/soconfig/js/jquery.sticky-kit.min.js HTTP/1.1" 200 2798 "http://digitalskart.com/" "Mozilla/5.0 (X11; Linux x86_64) AppleWebKit/537.36 (KHTML, like Gecko) Chrome/71.0.3578.98 Safari/537.36"
83.57.131.188 - - [15/Aug/2021:08:23:47 +0000] "GET /catalog/view/javascript/lazysizes/lazysizes.min.js HTTP/1.1" 200 6675 "http://digitalskart.com/" "Mozilla/5.0 (X11; Linux x86_64) AppleWebKit/537.36 (KHTML, like Gecko) Chrome/71.0.3578.98 Safari/537.36"
83.57.131.188 - - [15/Aug/2021:08:23:47 +0000] "GET /catalog/view/javascript/bootstrap/js/bootstrap.min.js HTTP/1.1" 200 36816 "http://digitalskart.com/" "Mozilla/5.0 (X11; Linux x86_64) AppleWebKit/537.36 (KHTML, like Gecko) Chrome/71.0.3578.98 Safari/537.36"
83.57.131.188 - - [15/Aug/2021:08:23:47 +0000] "GET /catalog/view/javascript/soconfig/js/so.system.js HTTP/1.1" 200 13249 "http://digitalskart.com/" "Mozilla/5.0 (X11; Linux x86_64) AppleWebKit/537.36 (KHTML, like Gecko) Chrome/71.0.3578.98 Safari/537.36"
83.57.131.188 - - [15/Aug/2021:08:23:47 +0000] "GET /catalog/view/theme/so-emarket/js/jquery.nav.js HTTP/1.1" 200 5138 "http://digitalskart.com/" "Mozilla/5.0 (X11; Linux x86_64) AppleWebKit/537.36 (KHTML, like Gecko) Chrome/71.0.3578.98 Safari/537.36"
83.57.131.188 - - [15/Aug/2021:08:23:47 +0000] "GET /catalog/view/theme/so-emarket/js/so.custom.js HTTP/1.1" 200 6440 "http://digitalskart.com/" "Mozilla/5.0 (X11; Linux x86_64) AppleWebKit/537.36 (KHTML, like Gecko) Chrome/71.0.3578.98 Safari/537.36"
83.57.131.188 - - [15/Aug/2021:08:23:47 +0000] "GET /catalog/view/javascript/jquery/jquery-2.1.1.min.js HTTP/1.1" 200 84245 "http://digitalskart.com/" "Mozilla/5.0 (X11; Linux x86_64) AppleWebKit/537.36 (KHTML, like Gecko) Chrome/71.0.3578.98 Safari/537.36"
83.57.131.188 - - [15/Aug/2021:08:23:48 +0000] "GET /catalog/view/theme/so-emarket/js/custom.js HTTP/1.1" 200 4797 "http://digitalskart.com/" "Mozilla/5.0 (X11; Linux x86_64) AppleWebKit/537.36 (KHTML, like Gecko) Chrome/71.0.3578.98 Safari/537.36"
83.57.131.188 - - [15/Aug/2021:08:23:48 +0000] "GET /catalog/view/theme/so-emarket/js/common.js HTTP/1.1" 200 13794 "http://digitalskart.com/" "Mozilla/5.0 (X11; Linux x86_64) AppleWebKit/537.36 (KHTML, like Gecko) Chrome/71.0.3578.98 Safari/537.36"
83.57.131.188 - - [15/Aug/2021:08:23:48 +0000] "GET /admin/view/template/extension/module/so_page_builder/assets/js/shortcodes.js HTTP/1.1" 200 6597 "http://digitalskart.com/" "Mozilla/5.0 (X11; Linux x86_64) AppleWebKit/537.36 (KHTML, like Gecko) Chrome/71.0.3578.98 Safari/537.36"
83.57.131.188 - - [15/Aug/2021:08:23:48 +0000] "GET /catalog/view/javascript/so_call_for_price/js/script.js HTTP/1.1" 200 3893 "http://digitalskart.com/" "Mozilla/5.0 (X11; Linux x86_64) AppleWebKit/537.36 (KHTML, like Gecko) Chrome/71.0.3578.98 Safari/537.36"
83.57.131.188 - - [15/Aug/2021:08:23:48 +0000] "GET /catalog/view/javascript/so_home_slider/js/owl.carousel.js HTTP/1.1" 200 96270 "http://digitalskart.com/" "Mozilla/5.0 (X11; Linux x86_64) AppleWebKit/537.36 (KHTML, like Gecko) Chrome/71.0.3578.98 Safari/537.36"
83.57.131.188 - - [15/Aug/2021:08:23:48 +0000] "GET /catalog/view/javascript/so_page_builder/js/section.js HTTP/1.1" 200 987 "http://digitalskart.com/" "Mozilla/5.0 (X11; Linux x86_64) AppleWebKit/537.36 (KHTML, like Gecko) Chrome/71.0.3578.98 Safari/537.36"
83.57.131.188 - - [15/Aug/2021:08:23:48 +0000] "GET /catalog/view/javascript/so_page_builder/js/modernizr.video.js HTTP/1.1" 200 7485 "http://digitalskart.com/" "Mozilla/5.0 (X11; Linux x86_64) AppleWebKit/537.36 (KHTML, like Gecko) Chrome/71.0.3578.98 Safari/537.36"
83.57.131.188 - - [15/Aug/2021:08:23:48 +0000] "GET /catalog/view/javascript/so_page_builder/js/swfobject.js HTTP/1.1" 200 9153 "http://digitalskart.com/" "Mozilla/5.0 (X11; Linux x86_64) AppleWebKit/537.36 (KHTML, like Gecko) Chrome/71.0.3578.98 Safari/537.36"
83.57.131.188 - - [15/Aug/2021:08:23:48 +0000] "GET /catalog/view/javascript/so_deals/js/slick.js HTTP/1.1" 200 84265 "http://digitalskart.com/" "Mozilla/5.0 (X11; Linux x86_64) AppleWebKit/537.36 (KHTML, like Gecko) Chrome/71.0.3578.98 Safari/537.36"
83.57.131.188 - - [15/Aug/2021:08:23:48 +0000] "GET /catalog/view/javascript/so_countdown/js/jquery.cookie.js HTTP/1.1" 200 1967 "http://digitalskart.com/" "Mozilla/5.0 (X11; Linux x86_64) AppleWebKit/537.36 (KHTML, like Gecko) Chrome/71.0.3578.98 Safari/537.36"
83.57.131.188 - - [15/Aug/2021:08:23:48 +0000] "GET /catalog/view/javascript/so_page_builder/js/video_background.js HTTP/1.1" 200 7823 "http://digitalskart.com/" "Mozilla/5.0 (X11; Linux x86_64) AppleWebKit/537.36 (KHTML, like Gecko) Chrome/71.0.3578.98 Safari/537.36"
83.57.131.188 - - [15/Aug/2021:08:23:48 +0000] "GET /catalog/view/javascript/so_tools/js/script.js HTTP/1.1" 200 7718 "http://digitalskart.com/" "Mozilla/5.0 (X11; Linux x86_64) AppleWebKit/537.36 (KHTML, like Gecko) Chrome/71.0.3578.98 Safari/537.36"
83.57.131.188 - - [15/Aug/2021:08:23:48 +0000] "GET /catalog/view/javascript/so_megamenu/so_megamenu.js HTTP/1.1" 200 9517 "http://digitalskart.com/" "Mozilla/5.0 (X11; Linux x86_64) AppleWebKit/537.36 (KHTML, like Gecko) Chrome/71.0.3578.98 Safari/537.36"
83.57.131.188 - - [15/Aug/2021:08:23:48 +0000] "GET /catalog/view/javascript/so_searchpro/js/chosen.jquery.js HTTP/1.1" 200 47491 "http://digitalskart.com/" "Mozilla/5.0 (X11; Linux x86_64) AppleWebKit/537.36 (KHTML, like Gecko) Chrome/71.0.3578.98 Safari/537.36"
69.171.249.14 - - [15/Aug/2021:08:46:38 +0000] "GET /image/catalog/404/404-image.png HTTP/1.1" 200 138271 "-" "facebookexternalhit/1.1 (+http://www.facebook.com/externalhit_uatext.php)"
157.55.39.22 - - [15/Aug/2021:09:52:11 +0000] "GET / HTTP/1.1" 200 211157 "-" "Mozilla/5.0 (compatible; bingbot/2.0; +http://www.bing.com/bingbot.htm)"
157.55.39.22 - - [15/Aug/2021:10:17:22 +0000] "GET / HTTP/1.1" 200 211176 "-" "Mozilla/5.0 (compatible; bingbot/2.0; +http://www.bing.com/bingbot.htm)"
66.249.79.111 - - [15/Aug/2021:10:23:03 +0000] "GET /robots.txt HTTP/1.1" 200 345 "-" "Mozilla/5.0 (compatible; Googlebot/2.1; +http://www.google.com/bot.html)"
66.249.79.107 - - [15/Aug/2021:10:23:04 +0000] "GET /index.php?route=product/category&path=25 HTTP/1.1" 200 138320 "-" "Mozilla/5.0 (Linux; Android 6.0.1; Nexus 5X Build/MMB29P) AppleWebKit/537.36 (KHTML, like Gecko) Chrome/92.0.4515.119 Mobile Safari/537.36 (compatible; Googlebot/2.1; +http://www.google.com/bot.html)"
54.36.148.55 - - [15/Aug/2021:10:51:54 +0000] "GET /robots.txt HTTP/1.1" 200 345 "-" "Mozilla/5.0 (compatible; AhrefsBot/7.0; +http://ahrefs.com/robot/)"
185.191.34.215 - - [15/Aug/2021:11:47:49 +0000] "POST /jss.php HTTP/1.1" 404 99451 "-" "Mozilla/5.0 (Windows NT 10.0; Win64; x64) AppleWebKit/537.36 (KHTML, like Gecko) Chrome/74.0.3729.169 Safari/537.36"
157.55.39.60 - - [15/Aug/2021:12:50:10 +0000] "GET / HTTP/1.1" 200 211164 "-" "Mozilla/5.0 (compatible; bingbot/2.0; +http://www.bing.com/bingbot.htm)"
147.182.236.176 - - [15/Aug/2021:12:56:59 +0000] "GET / HTTP/1.1" 200 211156 "-" "Mozilla/5.0 (Windows NT 10.0; Win64; x64) AppleWebKit/537.36 (KHTML, like Gecko) Chrome/78.0.3904.108 Safari/537.36"
147.182.236.176 - - [15/Aug/2021:12:57:00 +0000] "GET / HTTP/1.1" 200 211161 "-" "Mozilla/5.0 (Windows NT 10.0; Win64; x64) AppleWebKit/537.36 (KHTML, like Gecko) Chrome/78.0.3904.108 Safari/537.36"
147.182.236.176 - - [15/Aug/2021:12:57:02 +0000] "GET /wp-includes/wlwmanifest.xml HTTP/1.1" 404 99489 "-" "Mozilla/5.0 (Windows NT 10.0; Win64; x64) AppleWebKit/537.36 (KHTML, like Gecko) Chrome/78.0.3904.108 Safari/537.36"
147.182.236.176 - - [15/Aug/2021:12:57:02 +0000] "GET /xmlrpc.php?rsd HTTP/1.1" 404 99481 "-" "Mozilla/5.0 (Windows NT 10.0; Win64; x64) AppleWebKit/537.36 (KHTML, like Gecko) Chrome/78.0.3904.108 Safari/537.36"
147.182.236.176 - - [15/Aug/2021:12:57:03 +0000] "GET / HTTP/1.1" 200 211159 "-" "Mozilla/5.0 (Windows NT 10.0; Win64; x64) AppleWebKit/537.36 (KHTML, like Gecko) Chrome/78.0.3904.108 Safari/537.36"
147.182.236.176 - - [15/Aug/2021:12:57:04 +0000] "GET /blog/wp-includes/wlwmanifest.xml HTTP/1.1" 404 99499 "-" "Mozilla/5.0 (Windows NT 10.0; Win64; x64) AppleWebKit/537.36 (KHTML, like Gecko) Chrome/78.0.3904.108 Safari/537.36"
147.182.236.176 - - [15/Aug/2021:12:57:05 +0000] "GET /web/wp-includes/wlwmanifest.xml HTTP/1.1" 404 99497 "-" "Mozilla/5.0 (Windows NT 10.0; Win64; x64) AppleWebKit/537.36 (KHTML, like Gecko) Chrome/78.0.3904.108 Safari/537.36"
147.182.236.176 - - [15/Aug/2021:12:57:06 +0000] "GET /wordpress/wp-includes/wlwmanifest.xml HTTP/1.1" 404 99509 "-" "Mozilla/5.0 (Windows NT 10.0; Win64; x64) AppleWebKit/537.36 (KHTML, like Gecko) Chrome/78.0.3904.108 Safari/537.36"
147.182.236.176 - - [15/Aug/2021:12:57:08 +0000] "GET /website/wp-includes/wlwmanifest.xml HTTP/1.1" 404 99505 "-" "Mozilla/5.0 (Windows NT 10.0; Win64; x64) AppleWebKit/537.36 (KHTML, like Gecko) Chrome/78.0.3904.108 Safari/537.36"
147.182.236.176 - - [15/Aug/2021:12:57:10 +0000] "GET /wp/wp-includes/wlwmanifest.xml HTTP/1.1" 404 99495 "-" "Mozilla/5.0 (Windows NT 10.0; Win64; x64) AppleWebKit/537.36 (KHTML, like Gecko) Chrome/78.0.3904.108 Safari/537.36"
147.182.236.176 - - [15/Aug/2021:12:57:18 +0000] "GET /news/wp-includes/wlwmanifest.xml HTTP/1.1" 404 99499 "-" "Mozilla/5.0 (Windows NT 10.0; Win64; x64) AppleWebKit/537.36 (KHTML, like Gecko) Chrome/78.0.3904.108 Safari/537.36"
147.182.236.176 - - [15/Aug/2021:12:57:20 +0000] "GET /2018/wp-includes/wlwmanifest.xml HTTP/1.1" 404 99499 "-" "Mozilla/5.0 (Windows NT 10.0; Win64; x64) AppleWebKit/537.36 (KHTML, like Gecko) Chrome/78.0.3904.108 Safari/537.36"
147.182.236.176 - - [15/Aug/2021:12:57:25 +0000] "GET /2019/wp-includes/wlwmanifest.xml HTTP/1.1" 404 99499 "-" "Mozilla/5.0 (Windows NT 10.0; Win64; x64) AppleWebKit/537.36 (KHTML, like Gecko) Chrome/78.0.3904.108 Safari/537.36"
147.182.236.176 - - [15/Aug/2021:12:57:38 +0000] "GET /shop/wp-includes/wlwmanifest.xml HTTP/1.1" 404 99499 "-" "Mozilla/5.0 (Windows NT 10.0; Win64; x64) AppleWebKit/537.36 (KHTML, like Gecko) Chrome/78.0.3904.108 Safari/537.36"
147.182.236.176 - - [15/Aug/2021:12:57:41 +0000] "GET /wp1/wp-includes/wlwmanifest.xml HTTP/1.1" 404 99497 "-" "Mozilla/5.0 (Windows NT 10.0; Win64; x64) AppleWebKit/537.36 (KHTML, like Gecko) Chrome/78.0.3904.108 Safari/537.36"
147.182.236.176 - - [15/Aug/2021:12:57:42 +0000] "GET /test/wp-includes/wlwmanifest.xml HTTP/1.1" 404 99535 "-" "Mozilla/5.0 (Windows NT 10.0; Win64; x64) AppleWebKit/537.36 (KHTML, like Gecko) Chrome/78.0.3904.108 Safari/537.36"
147.182.236.176 - - [15/Aug/2021:12:57:45 +0000] "GET /media/wp-includes/wlwmanifest.xml HTTP/1.1" 404 99501 "-" "Mozilla/5.0 (Windows NT 10.0; Win64; x64) AppleWebKit/537.36 (KHTML, like Gecko) Chrome/78.0.3904.108 Safari/537.36"
147.182.236.176 - - [15/Aug/2021:12:57:47 +0000] "GET /wp2/wp-includes/wlwmanifest.xml HTTP/1.1" 404 99497 "-" "Mozilla/5.0 (Windows NT 10.0; Win64; x64) AppleWebKit/537.36 (KHTML, like Gecko) Chrome/78.0.3904.108 Safari/537.36"
147.182.236.176 - - [15/Aug/2021:12:57:59 +0000] "GET /site/wp-includes/wlwmanifest.xml HTTP/1.1" 404 99499 "-" "Mozilla/5.0 (Windows NT 10.0; Win64; x64) AppleWebKit/537.36 (KHTML, like Gecko) Chrome/78.0.3904.108 Safari/537.36"
147.182.236.176 - - [15/Aug/2021:12:58:07 +0000] "GET /cms/wp-includes/wlwmanifest.xml HTTP/1.1" 404 99497 "-" "Mozilla/5.0 (Windows NT 10.0; Win64; x64) AppleWebKit/537.36 (KHTML, like Gecko) Chrome/78.0.3904.108 Safari/537.36"
147.182.236.176 - - [15/Aug/2021:12:58:11 +0000] "GET /sito/wp-includes/wlwmanifest.xml HTTP/1.1" 404 99499 "-" "Mozilla/5.0 (Windows NT 10.0; Win64; x64) AppleWebKit/537.36 (KHTML, like Gecko) Chrome/78.0.3904.108 Safari/537.36"
92.118.160.57 - - [15/Aug/2021:14:09:45 +0000] "GET / HTTP/1.1" 200 211186 "-" "NetSystemsResearch studies the availability of various services across the internet. Our website is netsystemsresearch.com"
52.146.35.0 - - [15/Aug/2021:14:20:35 +0000] "GET / HTTP/1.1" 200 211159 "-" "Mozilla/5.0 (Windows NT 10.0; Win64; x64) AppleWebKit/537.36 (KHTML, like Gecko) Chrome/79.0 Safari/537.36"
52.146.35.0 - - [15/Aug/2021:14:20:36 +0000] "GET / HTTP/1.1" 200 211158 "-" "Mozilla/5.0 (Windows NT 10.0; Win64; x64) AppleWebKit/537.36 (KHTML, like Gecko) Chrome/79.0 Safari/537.36"
52.146.35.0 - - [15/Aug/2021:14:20:37 +0000] "GET /wp-includes/wlwmanifest.xml HTTP/1.1" 404 99489 "-" "Mozilla/5.0 (Windows NT 10.0; Win64; x64) AppleWebKit/537.36 (KHTML, like Gecko) Chrome/79.0 Safari/537.36"
52.146.35.0 - - [15/Aug/2021:14:20:38 +0000] "GET /xmlrpc.php?rsd HTTP/1.1" 404 99481 "-" "Mozilla/5.0 (Windows NT 10.0; Win64; x64) AppleWebKit/537.36 (KHTML, like Gecko) Chrome/79.0 Safari/537.36"
52.146.35.0 - - [15/Aug/2021:14:20:39 +0000] "GET / HTTP/1.1" 200 211157 "-" "Mozilla/5.0 (Windows NT 10.0; Win64; x64) AppleWebKit/537.36 (KHTML, like Gecko) Chrome/79.0 Safari/537.36"
52.146.35.0 - - [15/Aug/2021:14:20:40 +0000] "GET /blog/wp-includes/wlwmanifest.xml HTTP/1.1" 404 99499 "-" "Mozilla/5.0 (Windows NT 10.0; Win64; x64) AppleWebKit/537.36 (KHTML, like Gecko) Chrome/79.0 Safari/537.36"
52.146.35.0 - - [15/Aug/2021:14:20:40 +0000] "GET /web/wp-includes/wlwmanifest.xml HTTP/1.1" 404 99497 "-" "Mozilla/5.0 (Windows NT 10.0; Win64; x64) AppleWebKit/537.36 (KHTML, like Gecko) Chrome/79.0 Safari/537.36"
52.146.35.0 - - [15/Aug/2021:14:20:41 +0000] "GET /wordpress/wp-includes/wlwmanifest.xml HTTP/1.1" 404 99509 "-" "Mozilla/5.0 (Windows NT 10.0; Win64; x64) AppleWebKit/537.36 (KHTML, like Gecko) Chrome/79.0 Safari/537.36"
52.146.35.0 - - [15/Aug/2021:14:20:41 +0000] "GET /website/wp-includes/wlwmanifest.xml HTTP/1.1" 404 99505 "-" "Mozilla/5.0 (Windows NT 10.0; Win64; x64) AppleWebKit/537.36 (KHTML, like Gecko) Chrome/79.0 Safari/537.36"
52.146.35.0 - - [15/Aug/2021:14:20:42 +0000] "GET /wp/wp-includes/wlwmanifest.xml HTTP/1.1" 404 99495 "-" "Mozilla/5.0 (Windows NT 10.0; Win64; x64) AppleWebKit/537.36 (KHTML, like Gecko) Chrome/79.0 Safari/537.36"
52.146.35.0 - - [15/Aug/2021:14:20:43 +0000] "GET /news/wp-includes/wlwmanifest.xml HTTP/1.1" 404 99499 "-" "Mozilla/5.0 (Windows NT 10.0; Win64; x64) AppleWebKit/537.36 (KHTML, like Gecko) Chrome/79.0 Safari/537.36"
52.146.35.0 - - [15/Aug/2021:14:20:43 +0000] "GET /wp1/wp-includes/wlwmanifest.xml HTTP/1.1" 404 99497 "-" "Mozilla/5.0 (Windows NT 10.0; Win64; x64) AppleWebKit/537.36 (KHTML, like Gecko) Chrome/79.0 Safari/537.36"
52.146.35.0 - - [15/Aug/2021:14:20:44 +0000] "GET /test/wp-includes/wlwmanifest.xml HTTP/1.1" 404 99535 "-" "Mozilla/5.0 (Windows NT 10.0; Win64; x64) AppleWebKit/537.36 (KHTML, like Gecko) Chrome/79.0 Safari/537.36"
52.146.35.0 - - [15/Aug/2021:14:20:44 +0000] "GET /wp2/wp-includes/wlwmanifest.xml HTTP/1.1" 404 99497 "-" "Mozilla/5.0 (Windows NT 10.0; Win64; x64) AppleWebKit/537.36 (KHTML, like Gecko) Chrome/79.0 Safari/537.36"
52.146.35.0 - - [15/Aug/2021:14:20:45 +0000] "GET /site/wp-includes/wlwmanifest.xml HTTP/1.1" 404 99499 "-" "Mozilla/5.0 (Windows NT 10.0; Win64; x64) AppleWebKit/537.36 (KHTML, like Gecko) Chrome/79.0 Safari/537.36"
52.146.35.0 - - [15/Aug/2021:14:20:45 +0000] "GET /cms/wp-includes/wlwmanifest.xml HTTP/1.1" 404 99497 "-" "Mozilla/5.0 (Windows NT 10.0; Win64; x64) AppleWebKit/537.36 (KHTML, like Gecko) Chrome/79.0 Safari/537.36"
52.146.35.0 - - [15/Aug/2021:14:20:46 +0000] "GET /sito/wp-includes/wlwmanifest.xml HTTP/1.1" 404 99499 "-" "Mozilla/5.0 (Windows NT 10.0; Win64; x64) AppleWebKit/537.36 (KHTML, like Gecko) Chrome/79.0 Safari/537.36"
66.249.79.111 - - [15/Aug/2021:14:50:42 +0000] "GET / HTTP/1.1" 200 211159 "-" "Mozilla/5.0 (compatible; Googlebot/2.1; +http://www.google.com/bot.html)"
66.249.79.107 - - [15/Aug/2021:14:54:10 +0000] "GET /index.php?route=product/category&path=25 HTTP/1.1" 200 138320 "-" "Mozilla/5.0 (compatible; Googlebot/2.1; +http://www.google.com/bot.html)"
66.249.79.107 - - [15/Aug/2021:14:54:14 +0000] "GET /catalog/view/theme/so-emarket/css/ie9-and-up.css HTTP/1.1" 200 11856 "https://digitalskart.com/index.php?route=product/category&path=25" "Mozilla/5.0 AppleWebKit/537.36 (KHTML, like Gecko; compatible; Googlebot/2.1; +http://www.google.com/bot.html) Chrome/92.0.4515.119 Safari/537.36"
66.249.79.107 - - [15/Aug/2021:14:54:15 +0000] "GET /catalog/view/javascript/jquery/jquery-2.1.1.min.js HTTP/1.1" 200 84245 "https://digitalskart.com/index.php?route=product/category&path=25" "Mozilla/5.0 AppleWebKit/537.36 (KHTML, like Gecko; compatible; Googlebot/2.1; +http://www.google.com/bot.html) Chrome/92.0.4515.119 Safari/537.36"
66.249.79.107 - - [15/Aug/2021:14:54:16 +0000] "GET /catalog/view/theme/so-emarket/js/so.custom.js HTTP/1.1" 200 6440 "https://digitalskart.com/index.php?route=product/category&path=25" "Mozilla/5.0 AppleWebKit/537.36 (KHTML, like Gecko; compatible; Googlebot/2.1; +http://www.google.com/bot.html) Chrome/92.0.4515.119 Safari/537.36"
66.249.79.107 - - [15/Aug/2021:14:54:16 +0000] "GET /catalog/view/theme/so-emarket/css/layout25/light_yellow.css HTTP/1.1" 200 332407 "https://digitalskart.com/index.php?route=product/category&path=25" "Mozilla/5.0 AppleWebKit/537.36 (KHTML, like Gecko; compatible; Googlebot/2.1; +http://www.google.com/bot.html) Chrome/92.0.4515.119 Safari/537.36"
66.249.79.114 - - [15/Aug/2021:17:47:42 +0000] "GET / HTTP/1.1" 200 211156 "-" "Mozilla/5.0 (Linux; Android 6.0.1; Nexus 5X Build/MMB29P) AppleWebKit/537.36 (KHTML, like Gecko) Chrome/92.0.4515.119 Mobile Safari/537.36 (compatible; Googlebot/2.1; +http://www.google.com/bot.html)"
66.249.79.109 - - [15/Aug/2021:17:47:46 +0000] "GET /catalog/view/javascript/soconfig/css/lib.css HTTP/1.1" 200 5737 "http://digitalskart.com/" "Mozilla/5.0 (Linux; Android 6.0.1; Nexus 5X Build/MMB29P) AppleWebKit/537.36 (KHTML, like Gecko) Chrome/92.0.4515.119 Mobile Safari/537.36 (compatible; Googlebot/2.1; +http://www.google.com/bot.html)"
66.249.79.109 - - [15/Aug/2021:17:47:47 +0000] "GET /catalog/view/javascript/so_categories/css/so-categories.css HTTP/1.1" 200 12164 "http://digitalskart.com/" "Mozilla/5.0 (Linux; Android 6.0.1; Nexus 5X Build/MMB29P) AppleWebKit/537.36 (KHTML, like Gecko) Chrome/92.0.4515.119 Mobile Safari/537.36 (compatible; Googlebot/2.1; +http://www.google.com/bot.html)"
51.15.56.119 - - [15/Aug/2021:18:03:48 +0000] "GET /.well-known/security.txt HTTP/1.1" 404 99493 "-" "Mozilla/5.0 (Windows NT 10.0; Win64; x64) https://tools.ietf.org/html/draft-foudil-securitytxt-10"
66.249.79.111 - - [15/Aug/2021:18:18:08 +0000] "GET /index.php?route=product/product&product_id=34 HTTP/1.1" 200 148162 "-" "Mozilla/5.0 (Linux; Android 6.0.1; Nexus 5X Build/MMB29P) AppleWebKit/537.36 (KHTML, like Gecko) Chrome/92.0.4515.119 Mobile Safari/537.36 (compatible; Googlebot/2.1; +http://www.google.com/bot.html)"
157.55.39.22 - - [15/Aug/2021:18:45:37 +0000] "GET /products/mirza-dz09-smart-watch-kaju-bluetooth-headphone-for-lg-x-screendz09-smart-watch-with-4g-sim-card-memory-card-kaju-bluetooth-headphone-5016543 HTTP/1.1" 404 99737 "-" "Mozilla/5.0 (compatible; bingbot/2.0; +http://www.bing.com/bingbot.htm)"
54.36.148.71 - - [15/Aug/2021:18:49:49 +0000] "GET / HTTP/1.1" 200 211186 "-" "Mozilla/5.0 (compatible; AhrefsBot/7.0; +http://ahrefs.com/robot/)"
66.249.79.111 - - [15/Aug/2021:19:36:38 +0000] "GET /image/cache/catalog/demo/ipod_shuffle_1-1000x1000.jpg HTTP/1.1" 200 49952 "-" "Googlebot-Image/1.0"
54.36.148.71 - - [15/Aug/2021:20:03:43 +0000] "GET / HTTP/1.1" 200 211160 "-" "Mozilla/5.0 (compatible; AhrefsBot/7.0; +http://ahrefs.com/robot/)"
66.249.79.111 - - [15/Aug/2021:20:05:59 +0000] "GET /index.php?route=product/category&path=34_37 HTTP/1.1" 200 144778 "-" "Mozilla/5.0 (Linux; Android 6.0.1; Nexus 5X Build/MMB29P) AppleWebKit/537.36 (KHTML, like Gecko) Chrome/92.0.4515.119 Mobile Safari/537.36 (compatible; Googlebot/2.1; +http://www.google.com/bot.html)"
66.249.79.107 - - [15/Aug/2021:20:06:10 +0000] "GET /catalog/view/theme/so-emarket/css/footer/footer25.css HTTP/1.1" 200 13682 "https://digitalskart.com/index.php?route=product/category&path=34_37" "Mozilla/5.0 (Linux; Android 6.0.1; Nexus 5X Build/MMB29P) AppleWebKit/537.36 (KHTML, like Gecko) Chrome/92.0.4515.119 Mobile Safari/537.36 (compatible; Googlebot/2.1; +http://www.google.com/bot.html)"
66.249.79.107 - - [15/Aug/2021:20:06:10 +0000] "GET /catalog/view/javascript/soconfig/js/jquery.sticky-kit.min.js HTTP/1.1" 200 2798 "https://digitalskart.com/index.php?route=product/category&path=34_37" "Mozilla/5.0 (Linux; Android 6.0.1; Nexus 5X Build/MMB29P) AppleWebKit/537.36 (KHTML, like Gecko) Chrome/92.0.4515.119 Mobile Safari/537.36 (compatible; Googlebot/2.1; +http://www.google.com/bot.html)"
157.55.39.22 - - [15/Aug/2021:20:11:53 +0000] "GET / HTTP/1.1" 200 211154 "-" "Mozilla/5.0 (compatible; bingbot/2.0; +http://www.bing.com/bingbot.htm)"
40.77.189.191 - - [15/Aug/2021:20:12:00 +0000] "GET /catalog/view/javascript/bootstrap/css/bootstrap.min.css HTTP/1.1" 200 122540 "http://digitalskart.com/" "Mozilla/5.0 (Windows NT 6.1; WOW64) AppleWebKit/534+ (KHTML, like Gecko) BingPreview/1.0b"
40.77.189.191 - - [15/Aug/2021:20:12:02 +0000] "GET /catalog/view/javascript/font-awesome/css/font-awesome.min.css HTTP/1.1" 200 31000 "http://digitalskart.com/" "Mozilla/5.0 (Windows NT 6.1; WOW64) AppleWebKit/534+ (KHTML, like Gecko) BingPreview/1.0b"
40.77.189.191 - - [15/Aug/2021:20:12:03 +0000] "GET /catalog/view/javascript/soconfig/css/lib.css HTTP/1.1" 200 5737 "http://digitalskart.com/" "Mozilla/5.0 (Windows NT 6.1; WOW64) AppleWebKit/534+ (KHTML, like Gecko) BingPreview/1.0b"
40.77.189.191 - - [15/Aug/2021:20:12:03 +0000] "GET /catalog/view/theme/so-emarket/css/ie9-and-up.css HTTP/1.1" 200 11856 "http://digitalskart.com/" "Mozilla/5.0 (Windows NT 6.1; WOW64) AppleWebKit/534+ (KHTML, like Gecko) BingPreview/1.0b"
40.77.189.191 - - [15/Aug/2021:20:12:03 +0000] "GET /catalog/view/theme/so-emarket/css/custom.css HTTP/1.1" 200 1819 "http://digitalskart.com/" "Mozilla/5.0 (Windows NT 6.1; WOW64) AppleWebKit/534+ (KHTML, like Gecko) BingPreview/1.0b"
40.77.189.191 - - [15/Aug/2021:20:12:03 +0000] "GET /catalog/view/javascript/icomoon/css/style.css HTTP/1.1" 200 7470 "http://digitalskart.com/" "Mozilla/5.0 (Windows NT 6.1; WOW64) AppleWebKit/534+ (KHTML, like Gecko) BingPreview/1.0b"
40.77.189.191 - - [15/Aug/2021:20:12:03 +0000] "GET /catalog/view/javascript/so_home_slider/css/style.css HTTP/1.1" 200 4909 "http://digitalskart.com/" "Mozilla/5.0 (Windows NT 6.1; WOW64) AppleWebKit/534+ (KHTML, like Gecko) BingPreview/1.0b"
40.77.189.191 - - [15/Aug/2021:20:12:03 +0000] "GET /catalog/view/javascript/so_home_slider/css/animate.css HTTP/1.1" 200 76121 "http://digitalskart.com/" "Mozilla/5.0 (Windows NT 6.1; WOW64) AppleWebKit/534+ (KHTML, like Gecko) BingPreview/1.0b"
40.77.189.191 - - [15/Aug/2021:20:12:04 +0000] "GET /catalog/view/javascript/so_home_slider/css/owl.carousel.css HTTP/1.1" 200 4990 "http://digitalskart.com/" "Mozilla/5.0 (Windows NT 6.1; WOW64) AppleWebKit/534+ (KHTML, like Gecko) BingPreview/1.0b"
40.77.189.191 - - [15/Aug/2021:20:12:04 +0000] "GET /catalog/view/javascript/so_categories/css/so-categories.css HTTP/1.1" 200 12164 "http://digitalskart.com/" "Mozilla/5.0 (Windows NT 6.1; WOW64) AppleWebKit/534+ (KHTML, like Gecko) BingPreview/1.0b"
40.77.189.191 - - [15/Aug/2021:20:12:04 +0000] "GET /catalog/view/javascript/so_deals/css/style.css HTTP/1.1" 200 34486 "http://digitalskart.com/" "Mozilla/5.0 (Windows NT 6.1; WOW64) AppleWebKit/534+ (KHTML, like Gecko) BingPreview/1.0b"
40.77.189.191 - - [15/Aug/2021:20:12:04 +0000] "GET /catalog/view/javascript/so_deals/css/css3.css HTTP/1.1" 200 39165 "http://digitalskart.com/" "Mozilla/5.0 (Windows NT 6.1; WOW64) AppleWebKit/534+ (KHTML, like Gecko) BingPreview/1.0b"
40.77.189.191 - - [15/Aug/2021:20:12:04 +0000] "GET /admin/view/template/extension/module/so_page_builder/assets/css/shortcodes.css HTTP/1.1" 200 45284 "http://digitalskart.com/" "Mozilla/5.0 (Windows NT 6.1; WOW64) AppleWebKit/534+ (KHTML, like Gecko) BingPreview/1.0b"
40.77.189.191 - - [15/Aug/2021:20:12:04 +0000] "GET /catalog/view/javascript/so_deals/css/slick.css HTTP/1.1" 200 1729 "http://digitalskart.com/" "Mozilla/5.0 (Windows NT 6.1; WOW64) AppleWebKit/534+ (KHTML, like Gecko) BingPreview/1.0b"
40.77.189.191 - - [15/Aug/2021:20:12:05 +0000] "GET /catalog/view/javascript/so_call_for_price/css/jquery.fancybox.css HTTP/1.1" 200 17412 "http://digitalskart.com/" "Mozilla/5.0 (Windows NT 6.1; WOW64) AppleWebKit/534+ (KHTML, like Gecko) BingPreview/1.0b"
40.77.189.191 - - [15/Aug/2021:20:12:05 +0000] "GET /catalog/view/javascript/so_call_for_price/css/style.css HTTP/1.1" 200 186 "http://digitalskart.com/" "Mozilla/5.0 (Windows NT 6.1; WOW64) AppleWebKit/534+ (KHTML, like Gecko) BingPreview/1.0b"
40.77.189.191 - - [15/Aug/2021:20:12:05 +0000] "GET /catalog/view/javascript/so_listing_tabs/css/so-listing-tabs.css HTTP/1.1" 200 19641 "http://digitalskart.com/" "Mozilla/5.0 (Windows NT 6.1; WOW64) AppleWebKit/534+ (KHTML, like Gecko) BingPreview/1.0b"
40.77.189.191 - - [15/Aug/2021:20:12:05 +0000] "GET /catalog/view/javascript/so_extra_slider/css/style.css HTTP/1.1" 200 13368 "http://digitalskart.com/" "Mozilla/5.0 (Windows NT 6.1; WOW64) AppleWebKit/534+ (KHTML, like Gecko) BingPreview/1.0b"
40.77.189.191 - - [15/Aug/2021:20:12:05 +0000] "GET /catalog/view/javascript/so_extra_slider/css/css3.css HTTP/1.1" 200 41477 "http://digitalskart.com/" "Mozilla/5.0 (Windows NT 6.1; WOW64) AppleWebKit/534+ (KHTML, like Gecko) BingPreview/1.0b"
40.77.189.191 - - [15/Aug/2021:20:12:05 +0000] "GET /catalog/view/javascript/so_latest_blog/css/style.css HTTP/1.1" 200 10489 "http://digitalskart.com/" "Mozilla/5.0 (Windows NT 6.1; WOW64) AppleWebKit/534+ (KHTML, like Gecko) BingPreview/1.0b"
40.77.189.191 - - [15/Aug/2021:20:12:05 +0000] "GET /catalog/view/javascript/so_page_builder/css/style_render_290.css HTTP/1.1" 200 295 "http://digitalskart.com/" "Mozilla/5.0 (Windows NT 6.1; WOW64) AppleWebKit/534+ (KHTML, like Gecko) BingPreview/1.0b"
40.77.189.191 - - [15/Aug/2021:20:12:05 +0000] "GET /catalog/view/javascript/so_page_builder/css/style.css HTTP/1.1" 200 356 "http://digitalskart.com/" "Mozilla/5.0 (Windows NT 6.1; WOW64) AppleWebKit/534+ (KHTML, like Gecko) BingPreview/1.0b"
40.77.189.191 - - [15/Aug/2021:20:12:05 +0000] "GET /catalog/view/javascript/so_newletter_custom_popup/css/style.css HTTP/1.1" 200 2954 "http://digitalskart.com/" "Mozilla/5.0 (Windows NT 6.1; WOW64) AppleWebKit/534+ (KHTML, like Gecko) BingPreview/1.0b"
40.77.189.191 - - [15/Aug/2021:20:12:05 +0000] "GET /catalog/view/javascript/so_tools/css/style.css HTTP/1.1" 200 14836 "http://digitalskart.com/" "Mozilla/5.0 (Windows NT 6.1; WOW64) AppleWebKit/534+ (KHTML, like Gecko) BingPreview/1.0b"
40.77.189.191 - - [15/Aug/2021:20:12:05 +0000] "GET /catalog/view/javascript/so_page_builder/css/style_render_302.css HTTP/1.1" 200 228 "http://digitalskart.com/" "Mozilla/5.0 (Windows NT 6.1; WOW64) AppleWebKit/534+ (KHTML, like Gecko) BingPreview/1.0b"
40.77.189.191 - - [15/Aug/2021:20:12:05 +0000] "GET /catalog/view/javascript/so_popular_tags/css/style.css HTTP/1.1" 200 808 "http://digitalskart.com/" "Mozilla/5.0 (Windows NT 6.1; WOW64) AppleWebKit/534+ (KHTML, like Gecko) BingPreview/1.0b"
40.77.189.191 - - [15/Aug/2021:20:12:05 +0000] "GET /catalog/view/javascript/so_countdown/css/style.css HTTP/1.1" 200 1760 "http://digitalskart.com/" "Mozilla/5.0 (Windows NT 6.1; WOW64) AppleWebKit/534+ (KHTML, like Gecko) BingPreview/1.0b"
40.77.189.191 - - [15/Aug/2021:20:12:05 +0000] "GET /catalog/view/javascript/so_megamenu/so_megamenu.css HTTP/1.1" 200 19753 "http://digitalskart.com/" "Mozilla/5.0 (Windows NT 6.1; WOW64) AppleWebKit/534+ (KHTML, like Gecko) BingPreview/1.0b"
40.77.189.191 - - [15/Aug/2021:20:12:05 +0000] "GET /catalog/view/javascript/so_megamenu/wide-grid.css HTTP/1.1" 200 1246 "http://digitalskart.com/" "Mozilla/5.0 (Windows NT 6.1; WOW64) AppleWebKit/534+ (KHTML, like Gecko) BingPreview/1.0b"
40.77.189.191 - - [15/Aug/2021:20:12:05 +0000] "GET /catalog/view/javascript/so_basic_products/css/style.css HTTP/1.1" 200 7599 "http://digitalskart.com/" "Mozilla/5.0 (Windows NT 6.1; WOW64) AppleWebKit/534+ (KHTML, like Gecko) BingPreview/1.0b"
40.77.189.191 - - [15/Aug/2021:20:12:05 +0000] "GET /catalog/view/javascript/so_searchpro/css/chosen.css HTTP/1.1" 200 12188 "http://digitalskart.com/" "Mozilla/5.0 (Windows NT 6.1; WOW64) AppleWebKit/534+ (KHTML, like Gecko) BingPreview/1.0b"
40.77.189.191 - - [15/Aug/2021:20:12:05 +0000] "GET /catalog/view/javascript/so_searchpro/css/so_searchpro.css HTTP/1.1" 200 2827 "http://digitalskart.com/" "Mozilla/5.0 (Windows NT 6.1; WOW64) AppleWebKit/534+ (KHTML, like Gecko) BingPreview/1.0b"
40.77.189.191 - - [15/Aug/2021:20:12:05 +0000] "GET /catalog/view/javascript/so_sociallogin/css/so_sociallogin.css HTTP/1.1" 200 10539 "http://digitalskart.com/" "Mozilla/5.0 (Windows NT 6.1; WOW64) AppleWebKit/534+ (KHTML, like Gecko) BingPreview/1.0b"
40.77.189.191 - - [15/Aug/2021:20:12:05 +0000] "GET /catalog/view/theme/so-emarket/css/header/header25.css HTTP/1.1" 200 18991 "http://digitalskart.com/" "Mozilla/5.0 (Windows NT 6.1; WOW64) AppleWebKit/534+ (KHTML, like Gecko) BingPreview/1.0b"
40.77.189.191 - - [15/Aug/2021:20:12:06 +0000] "GET /catalog/view/theme/so-emarket/css/footer/footer25.css HTTP/1.1" 200 13682 "http://digitalskart.com/" "Mozilla/5.0 (Windows NT 6.1; WOW64) AppleWebKit/534+ (KHTML, like Gecko) BingPreview/1.0b"
40.77.189.191 - - [15/Aug/2021:20:12:06 +0000] "GET /catalog/view/theme/so-emarket/css/responsive.css HTTP/1.1" 200 136380 "http://digitalskart.com/" "Mozilla/5.0 (Windows NT 6.1; WOW64) AppleWebKit/534+ (KHTML, like Gecko) BingPreview/1.0b"
40.77.189.191 - - [15/Aug/2021:20:12:06 +0000] "GET /catalog/view/javascript/jquery/jquery-2.1.1.min.js HTTP/1.1" 200 84245 "http://digitalskart.com/" "Mozilla/5.0 (Windows NT 6.1; WOW64) AppleWebKit/534+ (KHTML, like Gecko) BingPreview/1.0b"
40.77.189.191 - - [15/Aug/2021:20:12:06 +0000] "GET /catalog/view/javascript/bootstrap/js/bootstrap.min.js HTTP/1.1" 200 36816 "http://digitalskart.com/" "Mozilla/5.0 (Windows NT 6.1; WOW64) AppleWebKit/534+ (KHTML, like Gecko) BingPreview/1.0b"
40.77.189.191 - - [15/Aug/2021:20:12:06 +0000] "GET /catalog/view/javascript/soconfig/js/libs.js HTTP/1.1" 200 23882 "http://digitalskart.com/" "Mozilla/5.0 (Windows NT 6.1; WOW64) AppleWebKit/534+ (KHTML, like Gecko) BingPreview/1.0b"
40.77.189.191 - - [15/Aug/2021:20:12:06 +0000] "GET /catalog/view/javascript/soconfig/js/so.system.js HTTP/1.1" 200 13249 "http://digitalskart.com/" "Mozilla/5.0 (Windows NT 6.1; WOW64) AppleWebKit/534+ (KHTML, like Gecko) BingPreview/1.0b"
40.77.189.191 - - [15/Aug/2021:20:12:05 +0000] "GET /catalog/view/theme/so-emarket/css/layout25/light_yellow.css HTTP/1.1" 200 332407 "http://digitalskart.com/" "Mozilla/5.0 (Windows NT 6.1; WOW64) AppleWebKit/534+ (KHTML, like Gecko) BingPreview/1.0b"
