40.77.189.191 - - [15/Aug/2021:20:12:06 +0000] "GET /catalog/view/javascript/soconfig/js/jquery.sticky-kit.min.js HTTP/1.1" 200 2798 "http://digitalskart.com/" "Mozilla/5.0 (Windows NT 6.1; WOW64) AppleWebKit/534+ (KHTML, like Gecko) BingPreview/1.0b"
40.77.189.191 - - [15/Aug/2021:20:12:06 +0000] "GET /catalog/view/javascript/lazysizes/lazysizes.min.js HTTP/1.1" 200 6675 "http://digitalskart.com/" "Mozilla/5.0 (Windows NT 6.1; WOW64) AppleWebKit/534+ (KHTML, like Gecko) BingPreview/1.0b"
40.77.189.191 - - [15/Aug/2021:20:12:06 +0000] "GET /catalog/view/theme/so-emarket/js/jquery.nav.js HTTP/1.1" 200 5138 "http://digitalskart.com/" "Mozilla/5.0 (Windows NT 6.1; WOW64) AppleWebKit/534+ (KHTML, like Gecko) BingPreview/1.0b"
40.77.189.191 - - [15/Aug/2021:20:12:06 +0000] "GET /catalog/view/theme/so-emarket/js/so.custom.js HTTP/1.1" 200 6440 "http://digitalskart.com/" "Mozilla/5.0 (Windows NT 6.1; WOW64) AppleWebKit/534+ (KHTML, like Gecko) BingPreview/1.0b"
40.77.189.191 - - [15/Aug/2021:20:12:06 +0000] "GET /catalog/view/theme/so-emarket/js/custom.js HTTP/1.1" 200 4797 "http://digitalskart.com/" "Mozilla/5.0 (Windows NT 6.1; WOW64) AppleWebKit/534+ (KHTML, like Gecko) BingPreview/1.0b"
40.77.189.191 - - [15/Aug/2021:20:12:06 +0000] "GET /catalog/view/theme/so-emarket/js/common.js HTTP/1.1" 200 13794 "http://digitalskart.com/" "Mozilla/5.0 (Windows NT 6.1; WOW64) AppleWebKit/534+ (KHTML, like Gecko) BingPreview/1.0b"
40.77.189.191 - - [15/Aug/2021:20:12:06 +0000] "GET /admin/view/template/extension/module/so_page_builder/assets/js/shortcodes.js HTTP/1.1" 200 6597 "http://digitalskart.com/" "Mozilla/5.0 (Windows NT 6.1; WOW64) AppleWebKit/534+ (KHTML, like Gecko) BingPreview/1.0b"
40.77.189.191 - - [15/Aug/2021:20:12:06 +0000] "GET /catalog/view/javascript/so_deals/js/slick.js HTTP/1.1" 200 84265 "http://digitalskart.com/" "Mozilla/5.0 (Windows NT 6.1; WOW64) AppleWebKit/534+ (KHTML, like Gecko) BingPreview/1.0b"
40.77.189.191 - - [15/Aug/2021:20:12:06 +0000] "GET /catalog/view/javascript/so_call_for_price/js/script.js HTTP/1.1" 200 3893 "http://digitalskart.com/" "Mozilla/5.0 (Windows NT 6.1; WOW64) AppleWebKit/534+ (KHTML, like Gecko) BingPreview/1.0b"
40.77.189.191 - - [15/Aug/2021:20:12:06 +0000] "GET /catalog/view/javascript/so_page_builder/js/section.js HTTP/1.1" 200 987 "http://digitalskart.com/" "Mozilla/5.0 (Windows NT 6.1; WOW64) AppleWebKit/534+ (KHTML, like Gecko) BingPreview/1.0b"
40.77.189.191 - - [15/Aug/2021:20:12:06 +0000] "GET /catalog/view/javascript/so_page_builder/js/modernizr.video.js HTTP/1.1" 200 7485 "http://digitalskart.com/" "Mozilla/5.0 (Windows NT 6.1; WOW64) AppleWebKit/534+ (KHTML, like Gecko) BingPreview/1.0b"
40.77.189.191 - - [15/Aug/2021:20:12:07 +0000] "GET /catalog/view/javascript/so_page_builder/js/swfobject.js HTTP/1.1" 200 9153 "http://digitalskart.com/" "Mozilla/5.0 (Windows NT 6.1; WOW64) AppleWebKit/534+ (KHTML, like Gecko) BingPreview/1.0b"
40.77.189.191 - - [15/Aug/2021:20:12:07 +0000] "GET /catalog/view/javascript/so_page_builder/js/video_background.js HTTP/1.1" 200 7823 "http://digitalskart.com/" "Mozilla/5.0 (Windows NT 6.1; WOW64) AppleWebKit/534+ (KHTML, like Gecko) BingPreview/1.0b"
40.77.189.191 - - [15/Aug/2021:20:12:07 +0000] "GET /catalog/view/javascript/so_tools/js/script.js HTTP/1.1" 200 7718 "http://digitalskart.com/" "Mozilla/5.0 (Windows NT 6.1; WOW64) AppleWebKit/534+ (KHTML, like Gecko) BingPreview/1.0b"
40.77.189.191 - - [15/Aug/2021:20:12:07 +0000] "GET /catalog/view/javascript/so_countdown/js/jquery.cookie.js HTTP/1.1" 200 1967 "http://digitalskart.com/" "Mozilla/5.0 (Windows NT 6.1; WOW64) AppleWebKit/534+ (KHTML, like Gecko) BingPreview/1.0b"
40.77.189.191 - - [15/Aug/2021:20:12:07 +0000] "GET /catalog/view/javascript/so_megamenu/so_megamenu.js HTTP/1.1" 200 9517 "http://digitalskart.com/" "Mozilla/5.0 (Windows NT 6.1; WOW64) AppleWebKit/534+ (KHTML, like Gecko) BingPreview/1.0b"
40.77.189.191 - - [15/Aug/2021:20:12:06 +0000] "GET /catalog/view/javascript/so_home_slider/js/owl.carousel.js HTTP/1.1" 200 96270 "http://digitalskart.com/" "Mozilla/5.0 (Windows NT 6.1; WOW64) AppleWebKit/534+ (KHTML, like Gecko) BingPreview/1.0b"
40.77.189.191 - - [15/Aug/2021:20:12:07 +0000] "GET /catalog/view/javascript/so_searchpro/js/chosen.jquery.js HTTP/1.1" 200 47491 "http://digitalskart.com/" "Mozilla/5.0 (Windows NT 6.1; WOW64) AppleWebKit/534+ (KHTML, like Gecko) BingPreview/1.0b"
40.77.189.191 - - [15/Aug/2021:20:12:07 +0000] "GET /image/loading.svg HTTP/1.1" 404 99471 "http://digitalskart.com/" "Mozilla/5.0 (Windows NT 6.1; WOW64) AppleWebKit/534+ (KHTML, like Gecko) BingPreview/1.0b"
40.77.189.191 - - [15/Aug/2021:20:12:08 +0000] "GET /catalog/view/javascript/font-awesome/fonts/fontawesome-webfont.woff2?v=4.7.0 HTTP/1.1" 200 77160 "https://digitalskart.com/catalog/view/javascript/font-awesome/css/font-awesome.min.css" "Mozilla/5.0 (Windows NT 6.1; WOW64) AppleWebKit/534+ (KHTML, like Gecko) BingPreview/1.0b"
40.77.189.191 - - [15/Aug/2021:20:12:09 +0000] "GET /catalog/view/javascript/font-awesome/fonts/fontawesome-webfont.woff?v=4.7.0 HTTP/1.1" 200 98024 "https://digitalskart.com/catalog/view/javascript/font-awesome/css/font-awesome.min.css" "Mozilla/5.0 (Windows NT 6.1; WOW64) AppleWebKit/534+ (KHTML, like Gecko) BingPreview/1.0b"
40.77.189.191 - - [15/Aug/2021:20:12:09 +0000] "GET /catalog/view/javascript/font-awesome/fonts/fontawesome-webfont.ttf?v=4.7.0 HTTP/1.1" 200 165548 "https://digitalskart.com/catalog/view/javascript/font-awesome/css/font-awesome.min.css" "Mozilla/5.0 (Windows NT 6.1; WOW64) AppleWebKit/534+ (KHTML, like Gecko) BingPreview/1.0b"
185.191.34.215 - - [15/Aug/2021:20:23:01 +0000] "POST /sites/default/settings.php HTTP/1.1" 404 99489 "-" "Mozilla/5.0 (Windows NT 10.0; Win64; x64) AppleWebKit/537.36 (KHTML, like Gecko) Chrome/74.0.3729.157 Safari/537.36"
40.77.167.68 - - [15/Aug/2021:20:47:07 +0000] "GET / HTTP/1.1" 200 211181 "-" "Mozilla/5.0 (compatible; bingbot/2.0; +http://www.bing.com/bingbot.htm)"
52.163.127.23 - - [15/Aug/2021:20:54:15 +0000] "GET /wp-login.php HTTP/1.1" 404 99467 "-" "Mozilla/5.0 (X11; Ubuntu; Linux x86_64; rv:62.0) Gecko/20100101 Firefox/62.0"
54.36.148.71 - - [15/Aug/2021:21:19:00 +0000] "GET / HTTP/1.1" 200 211179 "-" "Mozilla/5.0 (compatible; AhrefsBot/7.0; +http://ahrefs.com/robot/)"
66.249.79.111 - - [15/Aug/2021:21:45:54 +0000] "GET /image/cache/catalog/demo/ipod_shuffle_2-1000x1000.jpg HTTP/1.1" 200 58840 "-" "Googlebot-Image/1.0"
157.55.39.22 - - [15/Aug/2021:22:22:02 +0000] "GET / HTTP/1.1" 200 211156 "-" "Mozilla/5.0 (compatible; bingbot/2.0; +http://www.bing.com/bingbot.htm)"
54.36.148.71 - - [15/Aug/2021:22:31:18 +0000] "GET / HTTP/1.1" 200 211155 "-" "Mozilla/5.0 (compatible; AhrefsBot/7.0; +http://ahrefs.com/robot/)"
66.249.79.109 - - [15/Aug/2021:22:36:38 +0000] "GET /image/cache/catalog/demo/ipod_shuffle_5-1000x1000.jpg HTTP/1.1" 200 55422 "-" "Googlebot-Image/1.0"
157.55.39.22 - - [15/Aug/2021:22:50:24 +0000] "GET / HTTP/1.1" 200 211176 "-" "Mozilla/5.0 (compatible; bingbot/2.0; +http://www.bing.com/bingbot.htm)"
18.237.109.148 - - [15/Aug/2021:23:10:14 +0000] "GET / HTTP/1.1" 200 211158 "-" "Mozilla/5.0 (Windows NT 10.0; Win64; x64)AppleWebKit/537.36 (KHTML, like Gecko) Chrome/66.0.3359.181 Safari/537.36"
18.237.109.148 - - [15/Aug/2021:23:10:17 +0000] "GET / HTTP/1.1" 200 159644 "-" "Mozilla/5.0 (Windows NT 10.0; Win64; x64)AppleWebKit/537.36 (KHTML, like Gecko) Chrome/66.0.3359.181 Safari/537.36"
54.202.27.56 - - [15/Aug/2021:23:29:00 +0000] "GET / HTTP/1.1" 200 211164 "-" "Mozilla/5.0 (X11; Linux x86_64) AppleWebKit/537.36 (KHTML, like Gecko) Chrome/83.0.4103.97 Safari/537.36"
52.89.139.117 - - [15/Aug/2021:23:29:19 +0000] "GET / HTTP/1.1" 200 211152 "-" "Mozilla/5.0 (X11; Linux x86_64) AppleWebKit/537.36 (KHTML, like Gecko) Chrome/83.0.4103.97 Safari/537.36"
54.203.15.73 - - [15/Aug/2021:23:30:02 +0000] "GET /favicon.ico HTTP/1.1" 404 209 "-" "Mozilla/5.0 (X11; Linux x86_64) AppleWebKit/537.36 (KHTML, like Gecko) Chrome/83.0.4103.97 Safari/537.36"
54.203.15.73 - - [15/Aug/2021:23:30:07 +0000] "GET / HTTP/1.1" 200 211154 "-" "Mozilla/5.0 (X11; Linux x86_64) AppleWebKit/537.36 (KHTML, like Gecko) Chrome/83.0.4103.97 Safari/537.36"
66.249.79.109 - - [16/Aug/2021:00:31:01 +0000] "GET /index.php?route=product/category&path=54 HTTP/1.1" 200 119336 "-" "Mozilla/5.0 (compatible; Googlebot/2.1; +http://www.google.com/bot.html)"
185.191.34.215 - - [16/Aug/2021:00:43:09 +0000] "GET /cache/copyhold/th3_alpha.php?upload=hidden HTTP/1.1" 404 99557 "-" "Mozilla/5.0 (Windows NT 10.0; Win64; x64; rv:67.0) Gecko/20100101 Firefox/67.0"
66.249.79.111 - - [16/Aug/2021:00:44:44 +0000] "GET /image/cache/catalog/demo/ipod_shuffle_3-1000x1000.jpg HTTP/1.1" 200 56485 "-" "Googlebot-Image/1.0"
40.77.167.14 - - [16/Aug/2021:00:59:35 +0000] "GET /sitemap.xml HTTP/1.1" 200 - "-" "Mozilla/5.0 (compatible; bingbot/2.0; +http://www.bing.com/bingbot.htm)"
40.77.167.68 - - [16/Aug/2021:01:21:34 +0000] "GET / HTTP/1.1" 200 211166 "-" "Mozilla/5.0 (compatible; bingbot/2.0; +http://www.bing.com/bingbot.htm)"
35.202.215.22 - - [16/Aug/2021:02:01:13 +0000] "HEAD /collections/all?_fd=0 HTTP/1.1" 404 - "-" "Faraday v1.6.0"
34.67.188.136 - - [16/Aug/2021:02:20:42 +0000] "HEAD /products/a1-smartwatch-with-multiple-fuctions-compatible-with-andriod-apple-assorted-colour-4464065?_fd=0 HTTP/1.1" 404 - "-" "Faraday v1.6.0"
66.249.79.107 - - [16/Aug/2021:02:45:46 +0000] "GET /index.php?route=extension/simple_blog/article HTTP/1.1" 200 99292 "-" "Mozilla/5.0 (Linux; Android 6.0.1; Nexus 5X Build/MMB29P) AppleWebKit/537.36 (KHTML, like Gecko) Chrome/92.0.4515.119 Mobile Safari/537.36 (compatible; Googlebot/2.1; +http://www.google.com/bot.html)"
66.249.79.109 - - [16/Aug/2021:02:45:50 +0000] "GET /catalog/view/javascript/icomoon/css/style.css HTTP/1.1" 200 7470 "https://digitalskart.com/index.php?route=extension/simple_blog/article" "Mozilla/5.0 (Linux; Android 6.0.1; Nexus 5X Build/MMB29P) AppleWebKit/537.36 (KHTML, like Gecko) Chrome/92.0.4515.119 Mobile Safari/537.36 (compatible; Googlebot/2.1; +http://www.google.com/bot.html)"
66.249.79.109 - - [16/Aug/2021:02:45:51 +0000] "GET /catalog/view/javascript/soconfig/js/jquery.sticky-kit.min.js HTTP/1.1" 200 2798 "https://digitalskart.com/index.php?route=extension/simple_blog/article" "Mozilla/5.0 (Linux; Android 6.0.1; Nexus 5X Build/MMB29P) AppleWebKit/537.36 (KHTML, like Gecko) Chrome/92.0.4515.119 Mobile Safari/537.36 (compatible; Googlebot/2.1; +http://www.google.com/bot.html)"
66.249.79.109 - - [16/Aug/2021:02:45:51 +0000] "GET /catalog/view/javascript/so_page_builder/js/swfobject.js HTTP/1.1" 200 9153 "https://digitalskart.com/index.php?route=extension/simple_blog/article" "Mozilla/5.0 (Linux; Android 6.0.1; Nexus 5X Build/MMB29P) AppleWebKit/537.36 (KHTML, like Gecko) Chrome/92.0.4515.119 Mobile Safari/537.36 (compatible; Googlebot/2.1; +http://www.google.com/bot.html)"
66.249.79.107 - - [16/Aug/2021:02:45:52 +0000] "GET /catalog/view/javascript/soconfig/js/so.system.js HTTP/1.1" 200 13249 "https://digitalskart.com/index.php?route=extension/simple_blog/article" "Mozilla/5.0 (Linux; Android 6.0.1; Nexus 5X Build/MMB29P) AppleWebKit/537.36 (KHTML, like Gecko) Chrome/92.0.4515.119 Mobile Safari/537.36 (compatible; Googlebot/2.1; +http://www.google.com/bot.html)"
66.249.79.109 - - [16/Aug/2021:02:45:53 +0000] "GET /catalog/view/javascript/so_countdown/css/style.css HTTP/1.1" 200 1760 "https://digitalskart.com/index.php?route=extension/simple_blog/article" "Mozilla/5.0 (Linux; Android 6.0.1; Nexus 5X Build/MMB29P) AppleWebKit/537.36 (KHTML, like Gecko) Chrome/92.0.4515.119 Mobile Safari/537.36 (compatible; Googlebot/2.1; +http://www.google.com/bot.html)"
66.249.79.109 - - [16/Aug/2021:02:45:53 +0000] "GET /catalog/view/javascript/bootstrap/css/bootstrap.min.css HTTP/1.1" 200 122540 "https://digitalskart.com/index.php?route=extension/simple_blog/article" "Mozilla/5.0 (Linux; Android 6.0.1; Nexus 5X Build/MMB29P) AppleWebKit/537.36 (KHTML, like Gecko) Chrome/92.0.4515.119 Mobile Safari/537.36 (compatible; Googlebot/2.1; +http://www.google.com/bot.html)"
66.249.79.107 - - [16/Aug/2021:02:45:54 +0000] "GET /catalog/view/javascript/so_megamenu/wide-grid.css HTTP/1.1" 200 1246 "https://digitalskart.com/index.php?route=extension/simple_blog/article" "Mozilla/5.0 (Linux; Android 6.0.1; Nexus 5X Build/MMB29P) AppleWebKit/537.36 (KHTML, like Gecko) Chrome/92.0.4515.119 Mobile Safari/537.36 (compatible; Googlebot/2.1; +http://www.google.com/bot.html)"
66.249.79.107 - - [16/Aug/2021:02:45:54 +0000] "GET /catalog/view/javascript/so_page_builder/js/modernizr.video.js HTTP/1.1" 200 7485 "https://digitalskart.com/index.php?route=extension/simple_blog/article" "Mozilla/5.0 (Linux; Android 6.0.1; Nexus 5X Build/MMB29P) AppleWebKit/537.36 (KHTML, like Gecko) Chrome/92.0.4515.119 Mobile Safari/537.36 (compatible; Googlebot/2.1; +http://www.google.com/bot.html)"
66.249.79.107 - - [16/Aug/2021:02:45:55 +0000] "GET /catalog/view/theme/so-emarket/css/custom.css HTTP/1.1" 200 1819 "https://digitalskart.com/index.php?route=extension/simple_blog/article" "Mozilla/5.0 (Linux; Android 6.0.1; Nexus 5X Build/MMB29P) AppleWebKit/537.36 (KHTML, like Gecko) Chrome/92.0.4515.119 Mobile Safari/537.36 (compatible; Googlebot/2.1; +http://www.google.com/bot.html)"
66.249.79.107 - - [16/Aug/2021:02:45:56 +0000] "GET /catalog/view/theme/so-emarket/css/layout25/light_yellow.css HTTP/1.1" 200 332407 "https://digitalskart.com/index.php?route=extension/simple_blog/article" "Mozilla/5.0 (Linux; Android 6.0.1; Nexus 5X Build/MMB29P) AppleWebKit/537.36 (KHTML, like Gecko) Chrome/92.0.4515.119 Mobile Safari/537.36 (compatible; Googlebot/2.1; +http://www.google.com/bot.html)"
185.191.34.215 - - [16/Aug/2021:04:52:12 +0000] "GET /cache/mainview/th3_alpha.php?upload=hidden HTTP/1.1" 404 99557 "-" "Mozilla/5.0 (Windows NT 10.0; Win64; x64; rv:66.0) Gecko/20100101 Firefox/66.0"
147.135.137.126 - - [16/Aug/2021:05:29:05 +0000] "GET /?author=1 HTTP/1.1" 200 211202 "-" "Mozilla/5.0 (Windows NT 10.0; Win64; x64) AppleWebKit/537.36 (KHTML, like Gecko) Chrome/88.0.4240.193 Safari/537.36"
92.118.160.17 - - [16/Aug/2021:05:39:33 +0000] "GET / HTTP/1.1" 200 211157 "-" "NetSystemsResearch studies the availability of various services across the internet. Our website is netsystemsresearch.com"
207.46.13.9 - - [16/Aug/2021:06:12:11 +0000] "GET /robots.txt HTTP/1.1" 200 345 "-" "Mozilla/5.0 (compatible; bingbot/2.0; +http://www.bing.com/bingbot.htm)"
207.46.13.9 - - [16/Aug/2021:06:12:12 +0000] "GET /robots.txt HTTP/1.1" 200 345 "-" "Mozilla/5.0 (compatible; bingbot/2.0; +http://www.bing.com/bingbot.htm)"
40.77.167.68 - - [16/Aug/2021:06:12:22 +0000] "GET / HTTP/1.1" 200 211184 "-" "Mozilla/5.0 (compatible; bingbot/2.0; +http://www.bing.com/bingbot.htm)"
3.19.255.178 - - [16/Aug/2021:07:34:35 +0000] "GET / HTTP/1.1" 200 211163 "-" "-"
3.19.255.178 - - [16/Aug/2021:07:34:37 +0000] "GET / HTTP/1.1" 200 211156 "-" "-"
185.191.34.215 - - [16/Aug/2021:08:05:28 +0000] "GET /cache/eleutherozoan/th3_alpha.php?upload=hidden HTTP/1.1" 404 99567 "-" "Mozilla/5.0 (Windows NT 10.0; Win64; x64; rv:67.0) Gecko/20100101 Firefox/67.0"
157.55.39.22 - - [16/Aug/2021:08:13:06 +0000] "GET / HTTP/1.1" 200 211156 "-" "Mozilla/5.0 (compatible; bingbot/2.0; +http://www.bing.com/bingbot.htm)"
157.55.39.22 - - [16/Aug/2021:08:38:46 +0000] "GET / HTTP/1.1" 200 211178 "-" "Mozilla/5.0 (compatible; bingbot/2.0; +http://www.bing.com/bingbot.htm)"
54.36.148.71 - - [16/Aug/2021:09:38:46 +0000] "GET / HTTP/1.1" 200 211183 "-" "Mozilla/5.0 (compatible; AhrefsBot/7.0; +http://ahrefs.com/robot/)"
66.249.79.107 - - [16/Aug/2021:10:00:03 +0000] "GET / HTTP/1.1" 200 211158 "-" "Mozilla/5.0 (compatible; Googlebot/2.1; +http://www.google.com/bot.html)"
66.249.79.109 - - [16/Aug/2021:10:00:08 +0000] "GET /catalog/view/javascript/so_call_for_price/css/jquery.fancybox.css HTTP/1.1" 200 17412 "https://digitalskart.com/" "Mozilla/5.0 AppleWebKit/537.36 (KHTML, like Gecko; compatible; Googlebot/2.1; +http://www.google.com/bot.html) Chrome/92.0.4515.119 Safari/537.36"
66.249.79.107 - - [16/Aug/2021:10:00:10 +0000] "GET /catalog/view/javascript/so_listing_tabs/css/so-listing-tabs.css HTTP/1.1" 200 19641 "https://digitalskart.com/" "Mozilla/5.0 AppleWebKit/537.36 (KHTML, like Gecko; compatible; Googlebot/2.1; +http://www.google.com/bot.html) Chrome/92.0.4515.119 Safari/537.36"
66.249.79.109 - - [16/Aug/2021:10:00:11 +0000] "GET /image/loading.svg HTTP/1.1" 404 99471 "https://digitalskart.com/" "Mozilla/5.0 AppleWebKit/537.36 (KHTML, like Gecko; compatible; Googlebot/2.1; +http://www.google.com/bot.html) Chrome/92.0.4515.119 Safari/537.36"
66.249.79.107 - - [16/Aug/2021:10:00:15 +0000] "GET /image/loading.svg HTTP/1.1" 404 99471 "https://digitalskart.com/" "Mozilla/5.0 AppleWebKit/537.36 (KHTML, like Gecko; compatible; Googlebot/2.1; +http://www.google.com/bot.html) Chrome/92.0.4515.119 Safari/537.36"
54.36.148.198 - - [16/Aug/2021:10:29:50 +0000] "GET /robots.txt HTTP/1.1" 200 345 "-" "Mozilla/5.0 (compatible; AhrefsBot/7.0; +http://ahrefs.com/robot/)"
54.36.148.71 - - [16/Aug/2021:10:29:51 +0000] "GET / HTTP/1.1" 200 211161 "-" "Mozilla/5.0 (compatible; AhrefsBot/7.0; +http://ahrefs.com/robot/)"
40.77.167.68 - - [16/Aug/2021:11:13:20 +0000] "GET / HTTP/1.1" 200 211164 "-" "Mozilla/5.0 (compatible; bingbot/2.0; +http://www.bing.com/bingbot.htm)"
207.99.46.206 - - [16/Aug/2021:11:49:35 +0000] "GET / HTTP/1.1" 200 199644 "-" "Mozilla/5.0 (compatible; Googlebot/2.1; +http://www.google.com/bot.html)"
54.36.148.46 - - [16/Aug/2021:12:09:09 +0000] "GET /robots.txt HTTP/1.1" 200 345 "-" "Mozilla/5.0 (compatible; AhrefsBot/7.0; +http://ahrefs.com/robot/)"
54.36.148.71 - - [16/Aug/2021:12:09:10 +0000] "GET / HTTP/1.1" 200 211178 "-" "Mozilla/5.0 (compatible; AhrefsBot/7.0; +http://ahrefs.com/robot/)"
66.249.79.105 - - [16/Aug/2021:12:35:47 +0000] "GET /robots.txt HTTP/1.1" 200 345 "-" "Mozilla/5.0 (compatible; Googlebot/2.1; +http://www.google.com/bot.html)"
66.249.79.107 - - [16/Aug/2021:12:35:48 +0000] "GET /index.php?route=product/product&path=34&product_id=34&sort=p.price&order=DESC HTTP/1.1" 200 148591 "-" "Mozilla/5.0 (Linux; Android 6.0.1; Nexus 5X Build/MMB29P) AppleWebKit/537.36 (KHTML, like Gecko) Chrome/92.0.4515.119 Mobile Safari/537.36 (compatible; Googlebot/2.1; +http://www.google.com/bot.html)"
66.249.79.107 - - [16/Aug/2021:12:35:56 +0000] "GET /catalog/view/theme/so-emarket/css/layout25/light_yellow.css HTTP/1.1" 200 332407 "https://digitalskart.com/index.php?route=product/product&path=34&product_id=34&sort=p.price&order=DESC" "Mozilla/5.0 (Linux; Android 6.0.1; Nexus 5X Build/MMB29P) AppleWebKit/537.36 (KHTML, like Gecko) Chrome/92.0.4515.119 Mobile Safari/537.36 (compatible; Googlebot/2.1; +http://www.google.com/bot.html)"
66.249.79.107 - - [16/Aug/2021:12:35:58 +0000] "GET /catalog/view/theme/so-emarket/js/so.custom.js HTTP/1.1" 200 6440 "https://digitalskart.com/index.php?route=product/product&path=34&product_id=34&sort=p.price&order=DESC" "Mozilla/5.0 (Linux; Android 6.0.1; Nexus 5X Build/MMB29P) AppleWebKit/537.36 (KHTML, like Gecko) Chrome/92.0.4515.119 Mobile Safari/537.36 (compatible; Googlebot/2.1; +http://www.google.com/bot.html)"
66.249.79.105 - - [16/Aug/2021:12:36:00 +0000] "GET /index.php?route=product/product/review&product_id=34 HTTP/1.1" 200 47 "https://digitalskart.com/index.php?route=product/product&path=34&product_id=34&sort=p.price&order=DESC" "Mozilla/5.0 (Linux; Android 6.0.1; Nexus 5X Build/MMB29P) AppleWebKit/537.36 (KHTML, like Gecko) Chrome/92.0.4515.119 Mobile Safari/537.36 (compatible; Googlebot/2.1; +http://www.google.com/bot.html)"
72.167.37.139 - - [16/Aug/2021:12:59:42 +0000] "GET /wp-login.php HTTP/1.1" 404 99459 "-" "Mozilla/5.0 (X11; Ubuntu; Linux x86_64; rv:62.0) Gecko/20100101 Firefox/62.0"
54.36.148.255 - - [16/Aug/2021:13:24:55 +0000] "GET /robots.txt HTTP/1.1" 200 345 "-" "Mozilla/5.0 (compatible; AhrefsBot/7.0; +http://ahrefs.com/robot/)"
54.36.148.71 - - [16/Aug/2021:13:24:56 +0000] "GET / HTTP/1.1" 200 211156 "-" "Mozilla/5.0 (compatible; AhrefsBot/7.0; +http://ahrefs.com/robot/)"
185.191.34.215 - - [16/Aug/2021:15:30:51 +0000] "POST /accesson.php HTTP/1.1" 404 99461 "-" "Mozilla/5.0 (Macintosh; Intel Mac OS X 10.14; rv:68.0) Gecko/20100101 Firefox/68.0"
93.158.161.19 - - [16/Aug/2021:15:34:13 +0000] "GET /robots.txt HTTP/1.1" 200 345 "-" "Mozilla/5.0 (compatible; YandexBot/3.0; +http://yandex.com/bots)"
77.88.5.220 - - [16/Aug/2021:15:34:13 +0000] "GET /robots.txt HTTP/1.1" 200 345 "-" "Mozilla/5.0 (compatible; YandexBot/3.0; +http://yandex.com/bots)"
77.88.5.220 - - [16/Aug/2021:15:34:17 +0000] "GET / HTTP/1.1" 200 211161 "-" "Mozilla/5.0 (compatible; YandexBot/3.0; +http://yandex.com/bots)"
93.158.161.19 - - [16/Aug/2021:15:34:17 +0000] "GET / HTTP/1.1" 200 211158 "-" "Mozilla/5.0 (compatible; YandexBot/3.0; +http://yandex.com/bots)"
208.113.217.164 - - [16/Aug/2021:16:28:26 +0000] "GET /wp-login.php HTTP/1.1" 404 99467 "-" "Mozilla/5.0 (X11; Ubuntu; Linux x86_64; rv:62.0) Gecko/20100101 Firefox/62.0"
160.116.27.197 - - [16/Aug/2021:19:07:00 +0000] "GET / HTTP/1.1" 200 211156 "-" "Mozilla/5.0 (X11; CrOS aarch64 13816.82.0) AppleWebKit/537.36 (KHTML, like Gecko) Chrome/90.0.4430.218 Safari/537.36"
160.116.182.157 - - [16/Aug/2021:19:07:06 +0000] "GET / HTTP/1.1" 200 211176 "-" "Mozilla/5.0 (Macintosh; Intel Mac OS X 10.14; rv:89.0) Gecko/20100101 Firefox/89.0"
40.77.167.14 - - [16/Aug/2021:19:32:01 +0000] "GET /sitemap.xml HTTP/1.1" 200 - "-" "Mozilla/5.0 (compatible; bingbot/2.0; +http://www.bing.com/bingbot.htm)"
207.46.13.156 - - [16/Aug/2021:19:35:04 +0000] "GET / HTTP/1.1" 200 211186 "-" "Mozilla/5.0 (compatible; bingbot/2.0; +http://www.bing.com/bingbot.htm)"
66.249.79.109 - - [16/Aug/2021:20:49:05 +0000] "GET /index.php?route=product/category&path=34_56 HTTP/1.1" 200 144782 "-" "Mozilla/5.0 (Linux; Android 6.0.1; Nexus 5X Build/MMB29P) AppleWebKit/537.36 (KHTML, like Gecko) Chrome/92.0.4515.119 Mobile Safari/537.36 (compatible; Googlebot/2.1; +http://www.google.com/bot.html)"
66.249.79.105 - - [16/Aug/2021:21:05:58 +0000] "GET / HTTP/1.1" 200 211162 "-" "Mozilla/5.0 (Linux; Android 6.0.1; Nexus 5X Build/MMB29P) AppleWebKit/537.36 (KHTML, like Gecko) Chrome/92.0.4515.119 Mobile Safari/537.36 (compatible; Googlebot/2.1; +http://www.google.com/bot.html)"
157.55.39.53 - - [16/Aug/2021:21:08:02 +0000] "GET /robots.txt HTTP/1.1" 200 345 "-" "Mozilla/5.0 (compatible; bingbot/2.0; +http://www.bing.com/bingbot.htm)"
157.55.39.22 - - [16/Aug/2021:21:08:11 +0000] "GET / HTTP/1.1" 200 211161 "-" "Mozilla/5.0 (compatible; bingbot/2.0; +http://www.bing.com/bingbot.htm)"
52.149.220.232 - - [16/Aug/2021:21:10:52 +0000] "GET / HTTP/1.1" 200 211156 "-" "Mozilla/5.0 (Windows NT 10.0; Win64; x64) AppleWebKit/537.36 (KHTML, like Gecko) Chrome/78.0.3904.108 Safari/537.36"
52.149.220.232 - - [16/Aug/2021:21:10:54 +0000] "GET / HTTP/1.1" 200 211154 "-" "Mozilla/5.0 (Windows NT 10.0; Win64; x64) AppleWebKit/537.36 (KHTML, like Gecko) Chrome/78.0.3904.108 Safari/537.36"
52.149.220.232 - - [16/Aug/2021:21:10:55 +0000] "GET /wp-includes/wlwmanifest.xml HTTP/1.1" 404 99489 "-" "Mozilla/5.0 (Windows NT 10.0; Win64; x64) AppleWebKit/537.36 (KHTML, like Gecko) Chrome/78.0.3904.108 Safari/537.36"
52.149.220.232 - - [16/Aug/2021:21:10:55 +0000] "GET /xmlrpc.php?rsd HTTP/1.1" 404 99481 "-" "Mozilla/5.0 (Windows NT 10.0; Win64; x64) AppleWebKit/537.36 (KHTML, like Gecko) Chrome/78.0.3904.108 Safari/537.36"
52.149.220.232 - - [16/Aug/2021:21:10:56 +0000] "GET / HTTP/1.1" 200 211154 "-" "Mozilla/5.0 (Windows NT 10.0; Win64; x64) AppleWebKit/537.36 (KHTML, like Gecko) Chrome/78.0.3904.108 Safari/537.36"
52.149.220.232 - - [16/Aug/2021:21:10:57 +0000] "GET /blog/wp-includes/wlwmanifest.xml HTTP/1.1" 404 99499 "-" "Mozilla/5.0 (Windows NT 10.0; Win64; x64) AppleWebKit/537.36 (KHTML, like Gecko) Chrome/78.0.3904.108 Safari/537.36"
52.149.220.232 - - [16/Aug/2021:21:10:57 +0000] "GET /web/wp-includes/wlwmanifest.xml HTTP/1.1" 404 99497 "-" "Mozilla/5.0 (Windows NT 10.0; Win64; x64) AppleWebKit/537.36 (KHTML, like Gecko) Chrome/78.0.3904.108 Safari/537.36"
52.149.220.232 - - [16/Aug/2021:21:10:58 +0000] "GET /wordpress/wp-includes/wlwmanifest.xml HTTP/1.1" 404 99509 "-" "Mozilla/5.0 (Windows NT 10.0; Win64; x64) AppleWebKit/537.36 (KHTML, like Gecko) Chrome/78.0.3904.108 Safari/537.36"
52.149.220.232 - - [16/Aug/2021:21:10:59 +0000] "GET /website/wp-includes/wlwmanifest.xml HTTP/1.1" 404 99505 "-" "Mozilla/5.0 (Windows NT 10.0; Win64; x64) AppleWebKit/537.36 (KHTML, like Gecko) Chrome/78.0.3904.108 Safari/537.36"
52.149.220.232 - - [16/Aug/2021:21:10:59 +0000] "GET /wp/wp-includes/wlwmanifest.xml HTTP/1.1" 404 99495 "-" "Mozilla/5.0 (Windows NT 10.0; Win64; x64) AppleWebKit/537.36 (KHTML, like Gecko) Chrome/78.0.3904.108 Safari/537.36"
52.149.220.232 - - [16/Aug/2021:21:11:00 +0000] "GET /news/wp-includes/wlwmanifest.xml HTTP/1.1" 404 99499 "-" "Mozilla/5.0 (Windows NT 10.0; Win64; x64) AppleWebKit/537.36 (KHTML, like Gecko) Chrome/78.0.3904.108 Safari/537.36"
52.149.220.232 - - [16/Aug/2021:21:11:00 +0000] "GET /2018/wp-includes/wlwmanifest.xml HTTP/1.1" 404 99499 "-" "Mozilla/5.0 (Windows NT 10.0; Win64; x64) AppleWebKit/537.36 (KHTML, like Gecko) Chrome/78.0.3904.108 Safari/537.36"
52.149.220.232 - - [16/Aug/2021:21:11:01 +0000] "GET /2019/wp-includes/wlwmanifest.xml HTTP/1.1" 404 99499 "-" "Mozilla/5.0 (Windows NT 10.0; Win64; x64) AppleWebKit/537.36 (KHTML, like Gecko) Chrome/78.0.3904.108 Safari/537.36"
52.149.220.232 - - [16/Aug/2021:21:11:02 +0000] "GET /shop/wp-includes/wlwmanifest.xml HTTP/1.1" 404 99499 "-" "Mozilla/5.0 (Windows NT 10.0; Win64; x64) AppleWebKit/537.36 (KHTML, like Gecko) Chrome/78.0.3904.108 Safari/537.36"
52.149.220.232 - - [16/Aug/2021:21:11:02 +0000] "GET /wp1/wp-includes/wlwmanifest.xml HTTP/1.1" 404 99497 "-" "Mozilla/5.0 (Windows NT 10.0; Win64; x64) AppleWebKit/537.36 (KHTML, like Gecko) Chrome/78.0.3904.108 Safari/537.36"
52.149.220.232 - - [16/Aug/2021:21:11:03 +0000] "GET /test/wp-includes/wlwmanifest.xml HTTP/1.1" 404 99535 "-" "Mozilla/5.0 (Windows NT 10.0; Win64; x64) AppleWebKit/537.36 (KHTML, like Gecko) Chrome/78.0.3904.108 Safari/537.36"
52.149.220.232 - - [16/Aug/2021:21:11:03 +0000] "GET /media/wp-includes/wlwmanifest.xml HTTP/1.1" 404 99501 "-" "Mozilla/5.0 (Windows NT 10.0; Win64; x64) AppleWebKit/537.36 (KHTML, like Gecko) Chrome/78.0.3904.108 Safari/537.36"
52.149.220.232 - - [16/Aug/2021:21:11:04 +0000] "GET /wp2/wp-includes/wlwmanifest.xml HTTP/1.1" 404 99497 "-" "Mozilla/5.0 (Windows NT 10.0; Win64; x64) AppleWebKit/537.36 (KHTML, like Gecko) Chrome/78.0.3904.108 Safari/537.36"
52.149.220.232 - - [16/Aug/2021:21:11:05 +0000] "GET /site/wp-includes/wlwmanifest.xml HTTP/1.1" 404 99499 "-" "Mozilla/5.0 (Windows NT 10.0; Win64; x64) AppleWebKit/537.36 (KHTML, like Gecko) Chrome/78.0.3904.108 Safari/537.36"
52.149.220.232 - - [16/Aug/2021:21:11:05 +0000] "GET /cms/wp-includes/wlwmanifest.xml HTTP/1.1" 404 99497 "-" "Mozilla/5.0 (Windows NT 10.0; Win64; x64) AppleWebKit/537.36 (KHTML, like Gecko) Chrome/78.0.3904.108 Safari/537.36"
52.149.220.232 - - [16/Aug/2021:21:11:06 +0000] "GET /sito/wp-includes/wlwmanifest.xml HTTP/1.1" 404 99499 "-" "Mozilla/5.0 (Windows NT 10.0; Win64; x64) AppleWebKit/537.36 (KHTML, like Gecko) Chrome/78.0.3904.108 Safari/537.36"
66.249.79.109 - - [16/Aug/2021:21:19:19 +0000] "GET /catalog/view/javascript/so_page_builder/js/section.js HTTP/1.1" 200 987 "https://digitalskart.com/index.php?route=product/category&path=34_56" "Mozilla/5.0 (Linux; Android 6.0.1; Nexus 5X Build/MMB29P) AppleWebKit/537.36 (KHTML, like Gecko) Chrome/92.0.4515.119 Mobile Safari/537.36 (compatible; Googlebot/2.1; +http://www.google.com/bot.html)"
66.249.79.105 - - [16/Aug/2021:21:19:20 +0000] "GET /catalog/view/javascript/so_page_builder/js/swfobject.js HTTP/1.1" 200 9153 "https://digitalskart.com/index.php?route=product/category&path=34_56" "Mozilla/5.0 (Linux; Android 6.0.1; Nexus 5X Build/MMB29P) AppleWebKit/537.36 (KHTML, like Gecko) Chrome/92.0.4515.119 Mobile Safari/537.36 (compatible; Googlebot/2.1; +http://www.google.com/bot.html)"
157.55.39.22 - - [16/Aug/2021:21:33:42 +0000] "GET / HTTP/1.1" 200 211178 "-" "Mozilla/5.0 (compatible; bingbot/2.0; +http://www.bing.com/bingbot.htm)"
66.249.79.105 - - [16/Aug/2021:22:15:44 +0000] "GET /index.php?route=product/category&path=18_45 HTTP/1.1" 200 147898 "-" "Mozilla/5.0 (compatible; Googlebot/2.1; +http://www.google.com/bot.html)"
157.55.39.22 - - [16/Aug/2021:22:58:02 +0000] "GET / HTTP/1.1" 200 211161 "-" "Mozilla/5.0 (compatible; bingbot/2.0; +http://www.bing.com/bingbot.htm)"
18.236.102.120 - - [16/Aug/2021:23:31:19 +0000] "GET / HTTP/1.1" 200 211161 "-" "Mozilla/5.0 (Windows NT 10.0; Win64; x64)AppleWebKit/537.36 (KHTML, like Gecko) Chrome/66.0.3359.181 Safari/537.36"
18.236.102.120 - - [16/Aug/2021:23:31:23 +0000] "GET / HTTP/1.1" 200 211164 "-" "Mozilla/5.0 (Windows NT 10.0; Win64; x64)AppleWebKit/537.36 (KHTML, like Gecko) Chrome/66.0.3359.181 Safari/537.36"
54.36.149.23 - - [16/Aug/2021:23:34:26 +0000] "GET /robots.txt HTTP/1.1" 200 345 "-" "Mozilla/5.0 (compatible; AhrefsBot/7.0; +http://ahrefs.com/robot/)"
54.36.148.71 - - [16/Aug/2021:23:34:27 +0000] "GET / HTTP/1.1" 200 211178 "-" "Mozilla/5.0 (compatible; AhrefsBot/7.0; +http://ahrefs.com/robot/)"
34.121.196.134 - - [16/Aug/2021:23:46:05 +0000] "HEAD /products/a1-smartwatch-with-multiple-fuctions-compatible-with-andriod-apple-assorted-colour-4464065?_fd=0 HTTP/1.1" 404 - "-" "Faraday v1.7.0"
35.238.238.35 - - [16/Aug/2021:23:46:05 +0000] "HEAD /collections/all?_fd=0 HTTP/1.1" 404 - "-" "Faraday v1.7.0"
34.221.230.166 - - [16/Aug/2021:23:48:19 +0000] "GET / HTTP/1.1" 200 159644 "-" "Mozilla/5.0 (X11; Linux x86_64) AppleWebKit/537.36 (KHTML, like Gecko) Chrome/83.0.4103.97 Safari/537.36"
54.202.43.217 - - [16/Aug/2021:23:49:30 +0000] "GET / HTTP/1.1" 200 211157 "-" "Mozilla/5.0 (X11; Linux x86_64) AppleWebKit/537.36 (KHTML, like Gecko) Chrome/83.0.4103.97 Safari/537.36"
54.188.131.187 - - [16/Aug/2021:23:49:47 +0000] "GET / HTTP/1.1" 200 211163 "-" "Mozilla/5.0 (X11; Linux x86_64) AppleWebKit/537.36 (KHTML, like Gecko) Chrome/83.0.4103.97 Safari/537.36"
54.203.17.26 - - [16/Aug/2021:23:50:08 +0000] "GET /favicon.ico HTTP/1.1" 404 209 "-" "Mozilla/5.0 (X11; Linux x86_64) AppleWebKit/537.36 (KHTML, like Gecko) Chrome/83.0.4103.97 Safari/537.36"
34.209.85.86 - - [16/Aug/2021:23:50:22 +0000] "GET / HTTP/1.1" 200 211152 "-" "Mozilla/5.0 (X11; Linux x86_64) AppleWebKit/537.36 (KHTML, like Gecko) Chrome/83.0.4103.97 Safari/537.36"
54.244.158.198 - - [16/Aug/2021:23:50:26 +0000] "GET /favicon.ico HTTP/1.1" 404 209 "-" "Mozilla/5.0 (X11; Linux x86_64) AppleWebKit/537.36 (KHTML, like Gecko) Chrome/83.0.4103.97 Safari/537.36"
54.184.198.114 - - [16/Aug/2021:23:51:53 +0000] "GET /favicon.ico HTTP/1.1" 404 209 "-" "Mozilla/5.0 (X11; Linux x86_64) AppleWebKit/537.36 (KHTML, like Gecko) Chrome/83.0.4103.97 Safari/537.36"
54.184.198.114 - - [16/Aug/2021:23:51:59 +0000] "GET / HTTP/1.1" 200 151644 "-" "Mozilla/5.0 (X11; Linux x86_64) AppleWebKit/537.36 (KHTML, like Gecko) Chrome/83.0.4103.97 Safari/537.36"
54.201.87.79 - - [16/Aug/2021:23:52:19 +0000] "GET /favicon.ico HTTP/1.1" 404 209 "-" "Mozilla/5.0 (X11; Linux x86_64) AppleWebKit/537.36 (KHTML, like Gecko) Chrome/83.0.4103.97 Safari/537.36"
54.201.87.79 - - [16/Aug/2021:23:52:24 +0000] "GET / HTTP/1.1" 200 151644 "-" "Mozilla/5.0 (X11; Linux x86_64) AppleWebKit/537.36 (KHTML, like Gecko) Chrome/83.0.4103.97 Safari/537.36"
207.46.13.156 - - [17/Aug/2021:00:08:19 +0000] "GET / HTTP/1.1" 200 211160 "-" "Mozilla/5.0 (compatible; bingbot/2.0; +http://www.bing.com/bingbot.htm)"
185.191.34.215 - - [17/Aug/2021:00:19:22 +0000] "GET /kup.php?u=1 HTTP/1.1" 404 99475 "-" "Mozilla/5.0 (Windows NT 10.0; Win64; x64; rv:66.0) Gecko/20100101 Firefox/66.0"
54.36.148.71 - - [17/Aug/2021:00:44:09 +0000] "GET / HTTP/1.1" 200 211159 "-" "Mozilla/5.0 (compatible; AhrefsBot/7.0; +http://ahrefs.com/robot/)"
54.36.148.71 - - [17/Aug/2021:01:38:46 +0000] "GET / HTTP/1.1" 200 211176 "-" "Mozilla/5.0 (compatible; AhrefsBot/7.0; +http://ahrefs.com/robot/)"
192.40.57.57 - - [17/Aug/2021:02:00:39 +0000] "GET /index.php?route=information/contact HTTP/1.1" 200 101290 "-" "Mozilla/5.0 (Windows NT 6.1; WOW64; APCPMS=^N201302070257035267484A37ACF0A41BE63F_2704^; Trident/7.0; rv:11.0) like Gecko,gzip(gfe)"
192.40.57.57 - - [17/Aug/2021:02:00:45 +0000] "POST /index.php?route=information/contact HTTP/1.1" 302 - "https://digitalskart.com/index.php?route=information/contact" "Mozilla/5.0 (Windows NT 6.1; WOW64; APCPMS=^N201302070257035267484A37ACF0A41BE63F_2704^; Trident/7.0; rv:11.0) like Gecko,gzip(gfe)"
192.40.57.57 - - [17/Aug/2021:02:00:45 +0000] "GET /index.php?route=information/contact/success HTTP/1.1" 200 99145 "https://digitalskart.com/index.php?route=information/contact" "Mozilla/5.0 (Windows NT 6.1; WOW64; APCPMS=^N201302070257035267484A37ACF0A41BE63F_2704^; Trident/7.0; rv:11.0) like Gecko,gzip(gfe)"
144.86.173.79 - - [17/Aug/2021:02:22:58 +0000] "GET / HTTP/1.1" 200 211184 "-" "Expanse, a Palo Alto Networks company, searches across the global IPv4 space multiple times per day to identify customers' presences on the Internet. If you would like to be excluded from our scans, please send IP addresses/domains to: scaninfo@paloaltonetworks.com"
54.36.148.71 - - [17/Aug/2021:02:46:56 +0000] "GET / HTTP/1.1" 200 211156 "-" "Mozilla/5.0 (compatible; AhrefsBot/7.0; +http://ahrefs.com/robot/)"
207.46.13.156 - - [17/Aug/2021:04:58:38 +0000] "GET / HTTP/1.1" 200 211186 "-" "Mozilla/5.0 (compatible; bingbot/2.0; +http://www.bing.com/bingbot.htm)"
92.118.160.13 - - [17/Aug/2021:05:19:37 +0000] "GET / HTTP/1.1" 200 211179 "-" "NetSystemsResearch studies the availability of various services across the internet. Our website is netsystemsresearch.com"
207.46.13.9 - - [17/Aug/2021:05:31:30 +0000] "GET /robots.txt HTTP/1.1" 200 345 "-" "Mozilla/5.0 (compatible; bingbot/2.0; +http://www.bing.com/bingbot.htm)"
207.46.13.9 - - [17/Aug/2021:05:31:31 +0000] "GET /robots.txt HTTP/1.1" 200 345 "-" "Mozilla/5.0 (compatible; bingbot/2.0; +http://www.bing.com/bingbot.htm)"
207.46.13.156 - - [17/Aug/2021:05:31:41 +0000] "GET / HTTP/1.1" 200 211166 "-" "Mozilla/5.0 (compatible; bingbot/2.0; +http://www.bing.com/bingbot.htm)"
66.220.149.34 - - [17/Aug/2021:06:02:17 +0000] "GET / HTTP/1.1" 200 211161 "-" "facebookexternalhit/1.1 (+http://www.facebook.com/externalhit_uatext.php)"
66.249.79.105 - - [17/Aug/2021:06:15:42 +0000] "GET /index.php?route=product/category&path=34_56 HTTP/1.1" 200 144782 "-" "Mozilla/5.0 (compatible; Googlebot/2.1; +http://www.google.com/bot.html)"
66.249.79.107 - - [17/Aug/2021:06:15:46 +0000] "GET /catalog/view/theme/so-emarket/js/custom.js HTTP/1.1" 200 4797 "https://digitalskart.com/index.php?route=product/category&path=34_56" "Mozilla/5.0 AppleWebKit/537.36 (KHTML, like Gecko; compatible; Googlebot/2.1; +http://www.google.com/bot.html) Chrome/92.0.4515.119 Safari/537.36"
157.55.39.22 - - [17/Aug/2021:06:31:56 +0000] "GET / HTTP/1.1" 200 211159 "-" "Mozilla/5.0 (compatible; bingbot/2.0; +http://www.bing.com/bingbot.htm)"
157.55.39.53 - - [17/Aug/2021:06:56:56 +0000] "GET /robots.txt HTTP/1.1" 200 345 "-" "Mozilla/5.0 (compatible; bingbot/2.0; +http://www.bing.com/bingbot.htm)"
157.55.39.22 - - [17/Aug/2021:06:57:07 +0000] "GET / HTTP/1.1" 200 211171 "-" "Mozilla/5.0 (compatible; bingbot/2.0; +http://www.bing.com/bingbot.htm)"
62.210.114.97 - - [17/Aug/2021:08:41:08 +0000] "GET /wp-json/wp/v2/users/ HTTP/1.1" 404 99475 "-" "Mozilla/5.0 (Windows NT 10.0; Win64; x64) AppleWebKit/537.36 (KHTML, like Gecko) Chrome/88.0.4240.193 Safari/537.36"
66.249.79.109 - - [17/Aug/2021:08:54:04 +0000] "GET /index.php?route=product/product&path=24&product_id=29 HTTP/1.1" 200 148052 "-" "Mozilla/5.0 (Linux; Android 6.0.1; Nexus 5X Build/MMB29P) AppleWebKit/537.36 (KHTML, like Gecko) Chrome/92.0.4515.119 Mobile Safari/537.36 (compatible; Googlebot/2.1; +http://www.google.com/bot.html)"
103.46.200.214 - - [17/Aug/2021:09:27:15 +0000] "GET /index.php?route=account/order HTTP/1.1" 302 - "https://www.google.com/" "Mozilla/5.0 (Windows NT 10.0; Win64; x64) AppleWebKit/537.36 (KHTML, like Gecko) Chrome/92.0.4515.131 Safari/537.36"
103.46.200.214 - - [17/Aug/2021:09:27:15 +0000] "GET /index.php?route=account/login HTTP/1.1" 200 105389 "https://www.google.com/" "Mozilla/5.0 (Windows NT 10.0; Win64; x64) AppleWebKit/537.36 (KHTML, like Gecko) Chrome/92.0.4515.131 Safari/537.36"
103.46.200.214 - - [17/Aug/2021:09:27:16 +0000] "GET /catalog/view/javascript/font-awesome/css/font-awesome.min.css HTTP/1.1" 200 31000 "https://digitalskart.com/index.php?route=account/login" "Mozilla/5.0 (Windows NT 10.0; Win64; x64) AppleWebKit/537.36 (KHTML, like Gecko) Chrome/92.0.4515.131 Safari/537.36"
103.46.200.214 - - [17/Aug/2021:09:27:16 +0000] "GET /catalog/view/javascript/bootstrap/css/bootstrap.min.css HTTP/1.1" 200 122540 "https://digitalskart.com/index.php?route=account/login" "Mozilla/5.0 (Windows NT 10.0; Win64; x64) AppleWebKit/537.36 (KHTML, like Gecko) Chrome/92.0.4515.131 Safari/537.36"
103.46.200.214 - - [17/Aug/2021:09:27:16 +0000] "GET /catalog/view/theme/so-emarket/css/ie9-and-up.css HTTP/1.1" 200 11856 "https://digitalskart.com/index.php?route=account/login" "Mozilla/5.0 (Windows NT 10.0; Win64; x64) AppleWebKit/537.36 (KHTML, like Gecko) Chrome/92.0.4515.131 Safari/537.36"
103.46.200.214 - - [17/Aug/2021:09:27:16 +0000] "GET /catalog/view/theme/so-emarket/css/custom.css HTTP/1.1" 200 1819 "https://digitalskart.com/index.php?route=account/login" "Mozilla/5.0 (Windows NT 10.0; Win64; x64) AppleWebKit/537.36 (KHTML, like Gecko) Chrome/92.0.4515.131 Safari/537.36"
103.46.200.214 - - [17/Aug/2021:09:27:16 +0000] "GET /catalog/view/javascript/soconfig/css/lib.css HTTP/1.1" 200 5737 "https://digitalskart.com/index.php?route=account/login" "Mozilla/5.0 (Windows NT 10.0; Win64; x64) AppleWebKit/537.36 (KHTML, like Gecko) Chrome/92.0.4515.131 Safari/537.36"
103.46.200.214 - - [17/Aug/2021:09:27:16 +0000] "GET /catalog/view/javascript/icomoon/css/style.css HTTP/1.1" 200 7470 "https://digitalskart.com/index.php?route=account/login" "Mozilla/5.0 (Windows NT 10.0; Win64; x64) AppleWebKit/537.36 (KHTML, like Gecko) Chrome/92.0.4515.131 Safari/537.36"
103.46.200.214 - - [17/Aug/2021:09:27:16 +0000] "GET /admin/view/template/extension/module/so_page_builder/assets/css/shortcodes.css HTTP/1.1" 200 45284 "https://digitalskart.com/index.php?route=account/login" "Mozilla/5.0 (Windows NT 10.0; Win64; x64) AppleWebKit/537.36 (KHTML, like Gecko) Chrome/92.0.4515.131 Safari/537.36"
103.46.200.214 - - [17/Aug/2021:09:27:16 +0000] "GET /catalog/view/javascript/so_popular_tags/css/style.css HTTP/1.1" 200 808 "https://digitalskart.com/index.php?route=account/login" "Mozilla/5.0 (Windows NT 10.0; Win64; x64) AppleWebKit/537.36 (KHTML, like Gecko) Chrome/92.0.4515.131 Safari/537.36"
103.46.200.214 - - [17/Aug/2021:09:27:16 +0000] "GET /catalog/view/javascript/so_newletter_custom_popup/css/style.css HTTP/1.1" 200 2954 "https://digitalskart.com/index.php?route=account/login" "Mozilla/5.0 (Windows NT 10.0; Win64; x64) AppleWebKit/537.36 (KHTML, like Gecko) Chrome/92.0.4515.131 Safari/537.36"
103.46.200.214 - - [17/Aug/2021:09:27:16 +0000] "GET /catalog/view/javascript/so_page_builder/css/style_render_302.css HTTP/1.1" 200 228 "https://digitalskart.com/index.php?route=account/login" "Mozilla/5.0 (Windows NT 10.0; Win64; x64) AppleWebKit/537.36 (KHTML, like Gecko) Chrome/92.0.4515.131 Safari/537.36"
103.46.200.214 - - [17/Aug/2021:09:27:16 +0000] "GET /catalog/view/javascript/so_page_builder/css/style.css HTTP/1.1" 200 356 "https://digitalskart.com/index.php?route=account/login" "Mozilla/5.0 (Windows NT 10.0; Win64; x64) AppleWebKit/537.36 (KHTML, like Gecko) Chrome/92.0.4515.131 Safari/537.36"
103.46.200.214 - - [17/Aug/2021:09:27:16 +0000] "GET /catalog/view/javascript/so_megamenu/wide-grid.css HTTP/1.1" 200 1246 "https://digitalskart.com/index.php?route=account/login" "Mozilla/5.0 (Windows NT 10.0; Win64; x64) AppleWebKit/537.36 (KHTML, like Gecko) Chrome/92.0.4515.131 Safari/537.36"
103.46.200.214 - - [17/Aug/2021:09:27:16 +0000] "GET /catalog/view/javascript/so_megamenu/so_megamenu.css HTTP/1.1" 200 19753 "https://digitalskart.com/index.php?route=account/login" "Mozilla/5.0 (Windows NT 10.0; Win64; x64) AppleWebKit/537.36 (KHTML, like Gecko) Chrome/92.0.4515.131 Safari/537.36"
103.46.200.214 - - [17/Aug/2021:09:27:16 +0000] "GET /catalog/view/javascript/so_countdown/css/style.css HTTP/1.1" 200 1760 "https://digitalskart.com/index.php?route=account/login" "Mozilla/5.0 (Windows NT 10.0; Win64; x64) AppleWebKit/537.36 (KHTML, like Gecko) Chrome/92.0.4515.131 Safari/537.36"
103.46.200.214 - - [17/Aug/2021:09:27:16 +0000] "GET /catalog/view/javascript/so_basic_products/css/style.css HTTP/1.1" 200 7599 "https://digitalskart.com/index.php?route=account/login" "Mozilla/5.0 (Windows NT 10.0; Win64; x64) AppleWebKit/537.36 (KHTML, like Gecko) Chrome/92.0.4515.131 Safari/537.36"
103.46.200.214 - - [17/Aug/2021:09:27:16 +0000] "GET /catalog/view/javascript/so_searchpro/css/chosen.css HTTP/1.1" 200 12188 "https://digitalskart.com/index.php?route=account/login" "Mozilla/5.0 (Windows NT 10.0; Win64; x64) AppleWebKit/537.36 (KHTML, like Gecko) Chrome/92.0.4515.131 Safari/537.36"
103.46.200.214 - - [17/Aug/2021:09:27:16 +0000] "GET /catalog/view/javascript/so_searchpro/css/so_searchpro.css HTTP/1.1" 200 2827 "https://digitalskart.com/index.php?route=account/login" "Mozilla/5.0 (Windows NT 10.0; Win64; x64) AppleWebKit/537.36 (KHTML, like Gecko) Chrome/92.0.4515.131 Safari/537.36"
103.46.200.214 - - [17/Aug/2021:09:27:16 +0000] "GET /catalog/view/javascript/soconfig/css/owl.carousel.css HTTP/1.1" 200 5075 "https://digitalskart.com/index.php?route=account/login" "Mozilla/5.0 (Windows NT 10.0; Win64; x64) AppleWebKit/537.36 (KHTML, like Gecko) Chrome/92.0.4515.131 Safari/537.36"
103.46.200.214 - - [17/Aug/2021:09:27:16 +0000] "GET /catalog/view/javascript/so_sociallogin/css/so_sociallogin.css HTTP/1.1" 200 10539 "https://digitalskart.com/index.php?route=account/login" "Mozilla/5.0 (Windows NT 10.0; Win64; x64) AppleWebKit/537.36 (KHTML, like Gecko) Chrome/92.0.4515.131 Safari/537.36"
103.46.200.214 - - [17/Aug/2021:09:27:16 +0000] "GET /catalog/view/theme/so-emarket/css/header/header25.css HTTP/1.1" 200 18991 "https://digitalskart.com/index.php?route=account/login" "Mozilla/5.0 (Windows NT 10.0; Win64; x64) AppleWebKit/537.36 (KHTML, like Gecko) Chrome/92.0.4515.131 Safari/537.36"
103.46.200.214 - - [17/Aug/2021:09:27:16 +0000] "GET /catalog/view/theme/so-emarket/css/footer/footer25.css HTTP/1.1" 200 13682 "https://digitalskart.com/index.php?route=account/login" "Mozilla/5.0 (Windows NT 10.0; Win64; x64) AppleWebKit/537.36 (KHTML, like Gecko) Chrome/92.0.4515.131 Safari/537.36"
103.46.200.214 - - [17/Aug/2021:09:27:16 +0000] "GET /catalog/view/theme/so-emarket/css/responsive.css HTTP/1.1" 200 136380 "https://digitalskart.com/index.php?route=account/login" "Mozilla/5.0 (Windows NT 10.0; Win64; x64) AppleWebKit/537.36 (KHTML, like Gecko) Chrome/92.0.4515.131 Safari/537.36"
103.46.200.214 - - [17/Aug/2021:09:27:16 +0000] "GET /catalog/view/javascript/soconfig/js/libs.js HTTP/1.1" 200 23882 "https://digitalskart.com/index.php?route=account/login" "Mozilla/5.0 (Windows NT 10.0; Win64; x64) AppleWebKit/537.36 (KHTML, like Gecko) Chrome/92.0.4515.131 Safari/537.36"
103.46.200.214 - - [17/Aug/2021:09:27:16 +0000] "GET /catalog/view/javascript/bootstrap/js/bootstrap.min.js HTTP/1.1" 200 36816 "https://digitalskart.com/index.php?route=account/login" "Mozilla/5.0 (Windows NT 10.0; Win64; x64) AppleWebKit/537.36 (KHTML, like Gecko) Chrome/92.0.4515.131 Safari/537.36"
103.46.200.214 - - [17/Aug/2021:09:27:16 +0000] "GET /catalog/view/javascript/jquery/jquery-2.1.1.min.js HTTP/1.1" 200 84245 "https://digitalskart.com/index.php?route=account/login" "Mozilla/5.0 (Windows NT 10.0; Win64; x64) AppleWebKit/537.36 (KHTML, like Gecko) Chrome/92.0.4515.131 Safari/537.36"
103.46.200.214 - - [17/Aug/2021:09:27:16 +0000] "GET /catalog/view/javascript/soconfig/js/jquery.sticky-kit.min.js HTTP/1.1" 200 2798 "https://digitalskart.com/index.php?route=account/login" "Mozilla/5.0 (Windows NT 10.0; Win64; x64) AppleWebKit/537.36 (KHTML, like Gecko) Chrome/92.0.4515.131 Safari/537.36"
103.46.200.214 - - [17/Aug/2021:09:27:16 +0000] "GET /catalog/view/javascript/soconfig/js/so.system.js HTTP/1.1" 200 13249 "https://digitalskart.com/index.php?route=account/login" "Mozilla/5.0 (Windows NT 10.0; Win64; x64) AppleWebKit/537.36 (KHTML, like Gecko) Chrome/92.0.4515.131 Safari/537.36"
103.46.200.214 - - [17/Aug/2021:09:27:16 +0000] "GET /catalog/view/theme/so-emarket/css/layout25/light_yellow.css HTTP/1.1" 200 332407 "https://digitalskart.com/index.php?route=account/login" "Mozilla/5.0 (Windows NT 10.0; Win64; x64) AppleWebKit/537.36 (KHTML, like Gecko) Chrome/92.0.4515.131 Safari/537.36"
103.46.200.214 - - [17/Aug/2021:09:27:16 +0000] "GET /catalog/view/javascript/lazysizes/lazysizes.min.js HTTP/1.1" 200 6675 "https://digitalskart.com/index.php?route=account/login" "Mozilla/5.0 (Windows NT 10.0; Win64; x64) AppleWebKit/537.36 (KHTML, like Gecko) Chrome/92.0.4515.131 Safari/537.36"
103.46.200.214 - - [17/Aug/2021:09:27:16 +0000] "GET /catalog/view/theme/so-emarket/js/jquery.nav.js HTTP/1.1" 200 5138 "https://digitalskart.com/index.php?route=account/login" "Mozilla/5.0 (Windows NT 10.0; Win64; x64) AppleWebKit/537.36 (KHTML, like Gecko) Chrome/92.0.4515.131 Safari/537.36"
103.46.200.214 - - [17/Aug/2021:09:27:16 +0000] "GET /catalog/view/theme/so-emarket/js/so.custom.js HTTP/1.1" 200 6440 "https://digitalskart.com/index.php?route=account/login" "Mozilla/5.0 (Windows NT 10.0; Win64; x64) AppleWebKit/537.36 (KHTML, like Gecko) Chrome/92.0.4515.131 Safari/537.36"
103.46.200.214 - - [17/Aug/2021:09:27:16 +0000] "GET /catalog/view/theme/so-emarket/js/custom.js HTTP/1.1" 200 4797 "https://digitalskart.com/index.php?route=account/login" "Mozilla/5.0 (Windows NT 10.0; Win64; x64) AppleWebKit/537.36 (KHTML, like Gecko) Chrome/92.0.4515.131 Safari/537.36"
103.46.200.214 - - [17/Aug/2021:09:27:16 +0000] "GET /catalog/view/theme/so-emarket/js/common.js HTTP/1.1" 200 13794 "https://digitalskart.com/index.php?route=account/login" "Mozilla/5.0 (Windows NT 10.0; Win64; x64) AppleWebKit/537.36 (KHTML, like Gecko) Chrome/92.0.4515.131 Safari/537.36"
103.46.200.214 - - [17/Aug/2021:09:27:16 +0000] "GET /catalog/view/javascript/so_page_builder/js/section.js HTTP/1.1" 200 987 "https://digitalskart.com/index.php?route=account/login" "Mozilla/5.0 (Windows NT 10.0; Win64; x64) AppleWebKit/537.36 (KHTML, like Gecko) Chrome/92.0.4515.131 Safari/537.36"
103.46.200.214 - - [17/Aug/2021:09:27:16 +0000] "GET /admin/view/template/extension/module/so_page_builder/assets/js/shortcodes.js HTTP/1.1" 200 6597 "https://digitalskart.com/index.php?route=account/login" "Mozilla/5.0 (Windows NT 10.0; Win64; x64) AppleWebKit/537.36 (KHTML, like Gecko) Chrome/92.0.4515.131 Safari/537.36"
103.46.200.214 - - [17/Aug/2021:09:27:16 +0000] "GET /catalog/view/javascript/so_page_builder/js/modernizr.video.js HTTP/1.1" 200 7485 "https://digitalskart.com/index.php?route=account/login" "Mozilla/5.0 (Windows NT 10.0; Win64; x64) AppleWebKit/537.36 (KHTML, like Gecko) Chrome/92.0.4515.131 Safari/537.36"
103.46.200.214 - - [17/Aug/2021:09:27:16 +0000] "GET /catalog/view/javascript/so_page_builder/js/swfobject.js HTTP/1.1" 200 9153 "https://digitalskart.com/index.php?route=account/login" "Mozilla/5.0 (Windows NT 10.0; Win64; x64) AppleWebKit/537.36 (KHTML, like Gecko) Chrome/92.0.4515.131 Safari/537.36"
103.46.200.214 - - [17/Aug/2021:09:27:17 +0000] "GET /catalog/view/javascript/so_page_builder/js/video_background.js HTTP/1.1" 200 7823 "https://digitalskart.com/index.php?route=account/login" "Mozilla/5.0 (Windows NT 10.0; Win64; x64) AppleWebKit/537.36 (KHTML, like Gecko) Chrome/92.0.4515.131 Safari/537.36"
103.46.200.214 - - [17/Aug/2021:09:27:17 +0000] "GET /catalog/view/javascript/so_countdown/js/jquery.cookie.js HTTP/1.1" 200 1967 "https://digitalskart.com/index.php?route=account/login" "Mozilla/5.0 (Windows NT 10.0; Win64; x64) AppleWebKit/537.36 (KHTML, like Gecko) Chrome/92.0.4515.131 Safari/537.36"
103.46.200.214 - - [17/Aug/2021:09:27:17 +0000] "GET /catalog/view/javascript/so_searchpro/js/chosen.jquery.js HTTP/1.1" 200 47491 "https://digitalskart.com/index.php?route=account/login" "Mozilla/5.0 (Windows NT 10.0; Win64; x64) AppleWebKit/537.36 (KHTML, like Gecko) Chrome/92.0.4515.131 Safari/537.36"
103.46.200.214 - - [17/Aug/2021:09:27:17 +0000] "GET /catalog/view/javascript/so_megamenu/so_megamenu.js HTTP/1.1" 200 9517 "https://digitalskart.com/index.php?route=account/login" "Mozilla/5.0 (Windows NT 10.0; Win64; x64) AppleWebKit/537.36 (KHTML, like Gecko) Chrome/92.0.4515.131 Safari/537.36"
103.46.200.214 - - [17/Aug/2021:09:27:17 +0000] "GET /catalog/view/javascript/soconfig/js/owl.carousel.js HTTP/1.1" 200 96233 "https://digitalskart.com/index.php?route=account/login" "Mozilla/5.0 (Windows NT 10.0; Win64; x64) AppleWebKit/537.36 (KHTML, like Gecko) Chrome/92.0.4515.131 Safari/537.36"
103.46.200.214 - - [17/Aug/2021:09:27:17 +0000] "GET /image/catalog/menu/megabanner/image-5.jpg HTTP/1.1" 200 56159 "https://digitalskart.com/index.php?route=account/login" "Mozilla/5.0 (Windows NT 10.0; Win64; x64) AppleWebKit/537.36 (KHTML, like Gecko) Chrome/92.0.4515.131 Safari/537.36"
103.46.200.214 - - [17/Aug/2021:09:27:17 +0000] "GET /image/catalog/menu/megabanner/image-6.jpg HTTP/1.1" 200 49484 "https://digitalskart.com/index.php?route=account/login" "Mozilla/5.0 (Windows NT 10.0; Win64; x64) AppleWebKit/537.36 (KHTML, like Gecko) Chrome/92.0.4515.131 Safari/537.36"
