114.119.158.125 - - [07/Aug/2021:00:20:58 +0000] "GET /tour-package.php?id=23 HTTP/1.1" 200 57946 "-" "Mozilla/5.0 (Linux; Android 7.0;) AppleWebKit/537.36 (KHTML, like Gecko) Mobile Safari/537.36 (compatible; PetalBot;+https://webmaster.petalsearch.com/site/petalbot)"
49.7.20.98 - - [07/Aug/2021:00:40:18 +0000] "GET / HTTP/1.1" 200 78293 "-" "Sogou web spider/4.0(+http://www.sogou.com/docs/help/webmasters.htm#07)"
106.38.241.120 - - [07/Aug/2021:00:42:24 +0000] "GET / HTTP/1.1" 200 78293 "-" "Sogou web spider/4.0(+http://www.sogou.com/docs/help/webmasters.htm#07)"
114.119.155.175 - - [07/Aug/2021:00:48:21 +0000] "GET /tour-package.php?id=24 HTTP/1.1" 200 57948 "-" "Mozilla/5.0 (Linux; Android 7.0;) AppleWebKit/537.36 (KHTML, like Gecko) Mobile Safari/537.36 (compatible; PetalBot;+https://webmaster.petalsearch.com/site/petalbot)"
106.38.241.120 - - [07/Aug/2021:01:06:48 +0000] "GET / HTTP/1.1" 200 78293 "-" "Sogou web spider/4.0(+http://www.sogou.com/docs/help/webmasters.htm#07)"
66.249.66.57 - - [07/Aug/2021:01:12:04 +0000] "GET /beach-tour-packages.php HTTP/1.1" 200 55265 "-" "Mozilla/5.0 (compatible; Googlebot/2.1; +http://www.google.com/bot.html)"
35.223.25.142 - - [07/Aug/2021:01:12:39 +0000] "GET / HTTP/1.1" 200 78293 "-" "-"
106.38.241.120 - - [07/Aug/2021:01:29:07 +0000] "GET / HTTP/1.1" 200 78293 "-" "Sogou web spider/4.0(+http://www.sogou.com/docs/help/webmasters.htm#07)"
114.119.156.152 - - [07/Aug/2021:01:31:40 +0000] "GET /contact.php HTTP/1.1" 200 57552 "-" "Mozilla/5.0 (Linux; Android 7.0;) AppleWebKit/537.36 (KHTML, like Gecko) Mobile Safari/537.36 (compatible; PetalBot;+https://webmaster.petalsearch.com/site/petalbot)"
106.38.241.122 - - [07/Aug/2021:01:32:46 +0000] "GET / HTTP/1.1" 200 78293 "-" "Sogou web spider/4.0(+http://www.sogou.com/docs/help/webmasters.htm#07)"
207.46.13.30 - - [07/Aug/2021:01:34:14 +0000] "GET /about.php/js/vendor/modernizr-2.8.3.min.js HTTP/1.1" 302 253 "-" "Mozilla/5.0 (compatible; MSIE 9.0; Windows NT 6.1; Trident/5.0)"
207.46.13.30 - - [07/Aug/2021:01:34:14 +0000] "GET /about.php/js/vendor/modernizr-2.8.3.min.js HTTP/1.1" 200 57479 "-" "Mozilla/5.0 (compatible; MSIE 9.0; Windows NT 6.1; Trident/5.0)"
185.191.171.25 - - [07/Aug/2021:01:36:12 +0000] "GET /robots.txt HTTP/1.1" 301 249 "-" "Mozilla/5.0 (compatible; SemrushBot/7~bl; +http://www.semrush.com/bot.html)"
185.191.171.12 - - [07/Aug/2021:01:36:13 +0000] "GET /robots.txt HTTP/1.1" 404 78307 "-" "Mozilla/5.0 (compatible; SemrushBot/7~bl; +http://www.semrush.com/bot.html)"
185.191.171.24 - - [07/Aug/2021:01:36:15 +0000] "GET /tour-package.php?id=20 HTTP/1.1" 200 58920 "-" "Mozilla/5.0 (compatible; SemrushBot/7~bl; +http://www.semrush.com/bot.html)"
185.191.171.1 - - [07/Aug/2021:01:38:27 +0000] "GET /robots.txt HTTP/1.1" 404 78307 "-" "Mozilla/5.0 (compatible; SemrushBot/7~bl; +http://www.semrush.com/bot.html)"
185.191.171.8 - - [07/Aug/2021:01:38:29 +0000] "GET /Hongkong%E2%80%93Macau%E2%80%93DisneylandTour.html HTTP/1.1" 200 62383 "-" "Mozilla/5.0 (compatible; SemrushBot/7~bl; +http://www.semrush.com/bot.html)"
49.7.20.98 - - [07/Aug/2021:01:38:51 +0000] "GET / HTTP/1.1" 200 78293 "-" "Sogou web spider/4.0(+http://www.sogou.com/docs/help/webmasters.htm#07)"
106.38.241.122 - - [07/Aug/2021:01:39:14 +0000] "GET / HTTP/1.1" 200 78293 "-" "Sogou web spider/4.0(+http://www.sogou.com/docs/help/webmasters.htm#07)"
40.77.167.10 - - [07/Aug/2021:01:40:58 +0000] "GET /about.php/js/jquery.counterup.min.js HTTP/1.1" 302 247 "-" "Mozilla/5.0 (compatible; MSIE 9.0; Windows NT 6.1; Trident/5.0)"
40.77.167.10 - - [07/Aug/2021:01:40:59 +0000] "GET /about.php/js/jquery.counterup.min.js HTTP/1.1" 200 57479 "-" "Mozilla/5.0 (compatible; MSIE 9.0; Windows NT 6.1; Trident/5.0)"
114.119.152.233 - - [07/Aug/2021:01:42:21 +0000] "GET /RajasthanHeritageCultureTour.html HTTP/1.1" 200 63178 "-" "Mozilla/5.0 (Linux; Android 7.0;) AppleWebKit/537.36 (KHTML, like Gecko) Mobile Safari/537.36 (compatible; PetalBot;+https://webmaster.petalsearch.com/site/petalbot)"
106.38.241.122 - - [07/Aug/2021:01:55:17 +0000] "GET / HTTP/1.1" 200 78293 "-" "Sogou web spider/4.0(+http://www.sogou.com/docs/help/webmasters.htm#07)"
106.38.241.120 - - [07/Aug/2021:02:11:39 +0000] "GET / HTTP/1.1" 200 78293 "-" "Sogou web spider/4.0(+http://www.sogou.com/docs/help/webmasters.htm#07)"
54.36.148.59 - - [07/Aug/2021:02:13:44 +0000] "GET /robots.txt HTTP/1.1" 301 249 "-" "Mozilla/5.0 (compatible; AhrefsBot/7.0; +http://ahrefs.com/robot/)"
54.36.148.59 - - [07/Aug/2021:02:13:44 +0000] "GET /robots.txt HTTP/1.1" 404 78307 "-" "Mozilla/5.0 (compatible; AhrefsBot/7.0; +http://ahrefs.com/robot/)"
54.36.148.164 - - [07/Aug/2021:02:13:46 +0000] "GET / HTTP/1.1" 200 78293 "-" "Mozilla/5.0 (compatible; AhrefsBot/7.0; +http://ahrefs.com/robot/)"
106.38.241.122 - - [07/Aug/2021:02:14:17 +0000] "GET / HTTP/1.1" 200 78293 "-" "Sogou web spider/4.0(+http://www.sogou.com/docs/help/webmasters.htm#07)"
66.249.66.59 - - [07/Aug/2021:02:18:12 +0000] "GET /hill-station-tour-packages.php HTTP/1.1" 200 53993 "-" "Mozilla/5.0 (Linux; Android 6.0.1; Nexus 5X Build/MMB29P) AppleWebKit/537.36 (KHTML, like Gecko) Chrome/92.0.4515.119 Mobile Safari/537.36 (compatible; Googlebot/2.1; +http://www.google.com/bot.html)"
114.119.134.245 - - [07/Aug/2021:02:22:52 +0000] "GET /Dharamshala&DalhousieVolvotourPackage.html HTTP/1.1" 200 56940 "-" "Mozilla/5.0 (Linux; Android 7.0;) AppleWebKit/537.36 (KHTML, like Gecko) Mobile Safari/537.36 (compatible; PetalBot;+https://webmaster.petalsearch.com/site/petalbot)"
106.38.241.122 - - [07/Aug/2021:02:30:20 +0000] "GET / HTTP/1.1" 200 78293 "-" "Sogou web spider/4.0(+http://www.sogou.com/docs/help/webmasters.htm#07)"
14.161.47.218 - - [07/Aug/2021:02:39:26 +0000] "GET / HTTP/1.1" 200 78293 "-" "Mozilla/5.0 (Windows NT 10.0; Win64; x64) AppleWebKit/537.36 (KHTML, like Gecko) Chrome/85.0.4183.121 Safari/537.36"
14.161.47.218 - - [07/Aug/2021:02:39:57 +0000] "POST /submit-enquiry.php HTTP/1.1" 200 22 "-" "Mozilla/5.0 (Windows NT 10.0; Win64; x64) AppleWebKit/537.36 (KHTML, like Gecko) Chrome/85.0.4183.121 Safari/537.36"
14.161.47.218 - - [07/Aug/2021:02:39:58 +0000] "POST /submit-enquiry.php HTTP/1.1" 200 22 "-" "Mozilla/5.0 (Windows NT 10.0; Win64; x64) AppleWebKit/537.36 (KHTML, like Gecko) Chrome/85.0.4183.121 Safari/537.36"
14.161.47.218 - - [07/Aug/2021:02:39:58 +0000] "POST / HTTP/1.1" 200 78293 "-" "Mozilla/5.0 (Windows NT 10.0; Win64; x64) AppleWebKit/537.36 (KHTML, like Gecko) Chrome/85.0.4183.121 Safari/537.36"
14.161.47.218 - - [07/Aug/2021:02:40:00 +0000] "POST / HTTP/1.1" 200 78293 "-" "Mozilla/5.0 (Windows NT 10.0; Win64; x64) AppleWebKit/537.36 (KHTML, like Gecko) Chrome/85.0.4183.121 Safari/537.36"
14.161.47.218 - - [07/Aug/2021:02:40:34 +0000] "GET /contact.php HTTP/1.1" 200 57552 "-" "Mozilla/5.0 (Windows NT 10.0; Win64; x64) AppleWebKit/537.36 (KHTML, like Gecko) Chrome/85.0.4183.121 Safari/537.36"
14.161.47.218 - - [07/Aug/2021:02:40:49 +0000] "GET /contact.php HTTP/1.1" 200 57552 "-" "Mozilla/5.0 (Windows NT 10.0; Win64; x64) AppleWebKit/537.36 (KHTML, like Gecko) Chrome/85.0.4183.121 Safari/537.36"
14.161.47.218 - - [07/Aug/2021:02:40:51 +0000] "GET /contact.php HTTP/1.1" 200 57552 "-" "Mozilla/5.0 (Windows NT 10.0; Win64; x64) AppleWebKit/537.36 (KHTML, like Gecko) Chrome/85.0.4183.121 Safari/537.36"
106.38.241.122 - - [07/Aug/2021:02:45:59 +0000] "GET / HTTP/1.1" 200 78293 "-" "Sogou web spider/4.0(+http://www.sogou.com/docs/help/webmasters.htm#07)"
114.119.152.233 - - [07/Aug/2021:02:50:02 +0000] "GET /pagecontents.php?url=Terms-and-Conditions HTTP/1.1" 200 53481 "-" "Mozilla/5.0 (Linux; Android 7.0;) AppleWebKit/537.36 (KHTML, like Gecko) Mobile Safari/537.36 (compatible; PetalBot;+https://webmaster.petalsearch.com/site/petalbot)"
49.7.20.98 - - [07/Aug/2021:02:50:40 +0000] "GET / HTTP/1.1" 200 78293 "-" "Sogou web spider/4.0(+http://www.sogou.com/docs/help/webmasters.htm#07)"
106.38.241.133 - - [07/Aug/2021:02:52:06 +0000] "GET / HTTP/1.1" 200 78293 "-" "Sogou web spider/4.0(+http://www.sogou.com/docs/help/webmasters.htm#07)"
106.38.241.120 - - [07/Aug/2021:02:53:03 +0000] "GET / HTTP/1.1" 200 78293 "-" "Sogou web spider/4.0(+http://www.sogou.com/docs/help/webmasters.htm#07)"
66.249.66.59 - - [07/Aug/2021:02:54:56 +0000] "GET /beach-tour-packages.php HTTP/1.1" 200 55265 "-" "Mozilla/5.0 (Linux; Android 6.0.1; Nexus 5X Build/MMB29P) AppleWebKit/537.36 (KHTML, like Gecko) Chrome/92.0.4515.119 Mobile Safari/537.36 (compatible; Googlebot/2.1; +http://www.google.com/bot.html)"
106.38.241.133 - - [07/Aug/2021:03:08:13 +0000] "GET / HTTP/1.1" 200 78293 "-" "Sogou web spider/4.0(+http://www.sogou.com/docs/help/webmasters.htm#07)"
106.38.241.133 - - [07/Aug/2021:03:23:23 +0000] "GET / HTTP/1.1" 200 78293 "-" "Sogou web spider/4.0(+http://www.sogou.com/docs/help/webmasters.htm#07)"
106.38.241.133 - - [07/Aug/2021:03:37:20 +0000] "GET / HTTP/1.1" 200 78293 "-" "Sogou web spider/4.0(+http://www.sogou.com/docs/help/webmasters.htm#07)"
106.38.241.122 - - [07/Aug/2021:03:37:44 +0000] "GET / HTTP/1.1" 200 78293 "-" "Sogou web spider/4.0(+http://www.sogou.com/docs/help/webmasters.htm#07)"
114.119.155.175 - - [07/Aug/2021:03:41:46 +0000] "GET /honeymoon-tour-packages.php HTTP/1.1" 200 53985 "-" "Mozilla/5.0 (Linux; Android 7.0;) AppleWebKit/537.36 (KHTML, like Gecko) Mobile Safari/537.36 (compatible; PetalBot;+https://webmaster.petalsearch.com/site/petalbot)"
106.38.241.133 - - [07/Aug/2021:03:52:41 +0000] "GET / HTTP/1.1" 200 78293 "-" "Sogou web spider/4.0(+http://www.sogou.com/docs/help/webmasters.htm#07)"
185.191.171.44 - - [07/Aug/2021:03:56:25 +0000] "GET /robots.txt HTTP/1.1" 404 78307 "-" "Mozilla/5.0 (compatible; SemrushBot/7~bl; +http://www.semrush.com/bot.html)"
185.191.171.25 - - [07/Aug/2021:03:56:26 +0000] "GET /tour-package.php?id=21 HTTP/1.1" 200 57872 "-" "Mozilla/5.0 (compatible; SemrushBot/7~bl; +http://www.semrush.com/bot.html)"
106.38.241.133 - - [07/Aug/2021:04:06:42 +0000] "GET / HTTP/1.1" 200 78293 "-" "Sogou web spider/4.0(+http://www.sogou.com/docs/help/webmasters.htm#07)"
49.7.20.98 - - [07/Aug/2021:04:13:53 +0000] "GET / HTTP/1.1" 200 78293 "-" "Sogou web spider/4.0(+http://www.sogou.com/docs/help/webmasters.htm#07)"
66.249.66.55 - - [07/Aug/2021:04:20:24 +0000] "GET /Katra(VaishnoDevi)TourPackage.html HTTP/1.1" 200 58533 "-" "Mozilla/5.0 (compatible; Googlebot/2.1; +http://www.google.com/bot.html)"
106.38.241.133 - - [07/Aug/2021:04:20:56 +0000] "GET / HTTP/1.1" 200 78293 "-" "Sogou web spider/4.0(+http://www.sogou.com/docs/help/webmasters.htm#07)"
114.119.151.4 - - [07/Aug/2021:04:21:37 +0000] "GET /tour-package.php?id=17 HTTP/1.1" 200 61812 "-" "Mozilla/5.0 (Linux; Android 7.0;) AppleWebKit/537.36 (KHTML, like Gecko) Mobile Safari/537.36 (compatible; PetalBot;+https://webmaster.petalsearch.com/site/petalbot)"
106.38.241.122 - - [07/Aug/2021:04:26:33 +0000] "GET / HTTP/1.1" 200 78293 "-" "Sogou web spider/4.0(+http://www.sogou.com/docs/help/webmasters.htm#07)"
106.38.241.133 - - [07/Aug/2021:04:36:15 +0000] "GET / HTTP/1.1" 200 78293 "-" "Sogou web spider/4.0(+http://www.sogou.com/docs/help/webmasters.htm#07)"
114.119.159.39 - - [07/Aug/2021:04:38:23 +0000] "GET /tour-package.php?id=21 HTTP/1.1" 200 57872 "-" "Mozilla/5.0 (Linux; Android 7.0;) AppleWebKit/537.36 (KHTML, like Gecko) Mobile Safari/537.36 (compatible; PetalBot;+https://webmaster.petalsearch.com/site/petalbot)"
114.119.152.233 - - [07/Aug/2021:04:45:52 +0000] "GET /BaliTourPackages.html HTTP/1.1" 200 60436 "-" "Mozilla/5.0 (Linux; Android 7.0;) AppleWebKit/537.36 (KHTML, like Gecko) Mobile Safari/537.36 (compatible; PetalBot;+https://webmaster.petalsearch.com/site/petalbot)"
106.38.241.133 - - [07/Aug/2021:04:56:14 +0000] "GET / HTTP/1.1" 200 78293 "-" "Sogou web spider/4.0(+http://www.sogou.com/docs/help/webmasters.htm#07)"
106.38.241.122 - - [07/Aug/2021:04:57:28 +0000] "GET / HTTP/1.1" 200 78293 "-" "Sogou web spider/4.0(+http://www.sogou.com/docs/help/webmasters.htm#07)"
37.0.11.66 - - [07/Aug/2021:05:03:26 +0000] "GET /wp-admin/css/ HTTP/1.1" 301 252 "binance.com" "Mozilla/5.0 (Windows NT 10.0; Win64; x64) AppleWebKit/537.36 (KHTML, like Gecko) Chrome/90.0.4430.85 Safari/537.36"
37.0.11.66 - - [07/Aug/2021:05:03:35 +0000] "GET /wp-admin/css/ HTTP/1.1" 404 78310 "binance.com" "Mozilla/5.0 (Windows NT 10.0; Win64; x64) AppleWebKit/537.36 (KHTML, like Gecko) Chrome/90.0.4430.85 Safari/537.36"
37.0.11.66 - - [07/Aug/2021:05:03:42 +0000] "GET /.well-known/ HTTP/1.1" 301 251 "binance.com" "Mozilla/5.0 (Windows NT 10.0; Win64; x64) AppleWebKit/537.36 (KHTML, like Gecko) Chrome/90.0.4430.85 Safari/537.36"
37.0.11.66 - - [07/Aug/2021:05:03:48 +0000] "GET /.well-known/ HTTP/1.1" 404 78309 "binance.com" "Mozilla/5.0 (Windows NT 10.0; Win64; x64) AppleWebKit/537.36 (KHTML, like Gecko) Chrome/90.0.4430.85 Safari/537.36"
37.0.11.66 - - [07/Aug/2021:05:03:53 +0000] "GET /sites/default/files/ HTTP/1.1" 301 259 "binance.com" "Mozilla/5.0 (Windows NT 10.0; Win64; x64) AppleWebKit/537.36 (KHTML, like Gecko) Chrome/90.0.4430.85 Safari/537.36"
37.0.11.66 - - [07/Aug/2021:05:03:58 +0000] "GET /sites/default/files/ HTTP/1.1" 404 78317 "binance.com" "Mozilla/5.0 (Windows NT 10.0; Win64; x64) AppleWebKit/537.36 (KHTML, like Gecko) Chrome/90.0.4430.85 Safari/537.36"
37.0.11.66 - - [07/Aug/2021:05:04:04 +0000] "GET /admin/controller/extension/extension/ HTTP/1.1" 301 276 "binance.com" "Mozilla/5.0 (Windows NT 10.0; Win64; x64) AppleWebKit/537.36 (KHTML, like Gecko) Chrome/90.0.4430.85 Safari/537.36"
37.0.11.66 - - [07/Aug/2021:05:04:10 +0000] "GET /admin/controller/extension/extension/ HTTP/1.1" 404 78334 "binance.com" "Mozilla/5.0 (Windows NT 10.0; Win64; x64) AppleWebKit/537.36 (KHTML, like Gecko) Chrome/90.0.4430.85 Safari/537.36"
37.0.11.66 - - [07/Aug/2021:05:04:22 +0000] "GET /uploads/ HTTP/1.1" 301 247 "binance.com" "Mozilla/5.0 (Windows NT 10.0; Win64; x64) AppleWebKit/537.36 (KHTML, like Gecko) Chrome/90.0.4430.85 Safari/537.36"
37.0.11.66 - - [07/Aug/2021:05:04:24 +0000] "GET /uploads/ HTTP/1.1" 200 50964 "binance.com" "Mozilla/5.0 (Windows NT 10.0; Win64; x64) AppleWebKit/537.36 (KHTML, like Gecko) Chrome/90.0.4430.85 Safari/537.36"
37.0.11.66 - - [07/Aug/2021:05:04:27 +0000] "GET /images/ HTTP/1.1" 301 246 "binance.com" "Mozilla/5.0 (Windows NT 10.0; Win64; x64) AppleWebKit/537.36 (KHTML, like Gecko) Chrome/90.0.4430.85 Safari/537.36"
37.0.11.66 - - [07/Aug/2021:05:04:28 +0000] "GET /images/ HTTP/1.1" 200 50964 "binance.com" "Mozilla/5.0 (Windows NT 10.0; Win64; x64) AppleWebKit/537.36 (KHTML, like Gecko) Chrome/90.0.4430.85 Safari/537.36"
37.0.11.66 - - [07/Aug/2021:05:04:32 +0000] "GET /files/ HTTP/1.1" 301 245 "binance.com" "Mozilla/5.0 (Windows NT 10.0; Win64; x64) AppleWebKit/537.36 (KHTML, like Gecko) Chrome/90.0.4430.85 Safari/537.36"
37.0.11.66 - - [07/Aug/2021:05:04:33 +0000] "GET /files/ HTTP/1.1" 200 50964 "binance.com" "Mozilla/5.0 (Windows NT 10.0; Win64; x64) AppleWebKit/537.36 (KHTML, like Gecko) Chrome/90.0.4430.85 Safari/537.36"
77.243.91.23 - - [07/Aug/2021:05:09:56 +0000] "GET /__media__/js/netsoltrademark.php?d=b7zcou5lgi2r.com HTTP/1.1" 301 290 "-" "Mozilla/5.0 (Windows NT 10.0; WOW64) AppleWebKit/537.36 (KHTML, like Gecko) Chrome/51.0.2704.103 Safari/537.36"
77.243.91.23 - - [07/Aug/2021:05:09:57 +0000] "GET /__media__/js/netsoltrademark.php?d=b7zcou5lgi2r.com HTTP/1.1" 404 78348 "-" "Mozilla/5.0 (Windows NT 10.0; WOW64) AppleWebKit/537.36 (KHTML, like Gecko) Chrome/51.0.2704.103 Safari/537.36"
62.76.233.115 - - [07/Aug/2021:05:10:00 +0000] "GET /bitrix/rk.php?goto=https://ya.ru HTTP/1.1" 301 271 "-" "Mozilla/5.0 (Windows NT 10.0; WOW64) AppleWebKit/537.36 (KHTML, like Gecko) Chrome/51.0.2704.103 Safari/537.36"
62.76.233.115 - - [07/Aug/2021:05:10:05 +0000] "GET /bitrix/rk.php?goto=https://ya.ru HTTP/1.1" 404 78329 "-" "Mozilla/5.0 (Windows NT 10.0; WOW64) AppleWebKit/537.36 (KHTML, like Gecko) Chrome/51.0.2704.103 Safari/537.36"
193.202.81.160 - - [07/Aug/2021:05:11:00 +0000] "GET /wp-content/plugins/translator/translator.php?l=is&u=https://ya.ru HTTP/1.1" 301 308 "-" "Mozilla/5.0 (Windows NT 10.0; WOW64) AppleWebKit/537.36 (KHTML, like Gecko) Chrome/51.0.2704.103 Safari/537.36"
193.202.81.160 - - [07/Aug/2021:05:11:01 +0000] "GET /wp-content/plugins/translator/translator.php?l=is&u=https://ya.ru HTTP/1.1" 404 78362 "-" "Mozilla/5.0 (Windows NT 10.0; WOW64) AppleWebKit/537.36 (KHTML, like Gecko) Chrome/51.0.2704.103 Safari/537.36"
194.87.52.87 - - [07/Aug/2021:05:11:52 +0000] "GET /wp-content/themes/eatery/nav.php?-Menu-=https://ya.ru HTTP/1.1" 301 292 "-" "Mozilla/5.0 (Windows NT 10.0; WOW64) AppleWebKit/537.36 (KHTML, like Gecko) Chrome/51.0.2704.103 Safari/537.36"
194.87.52.87 - - [07/Aug/2021:05:11:53 +0000] "GET /wp-content/themes/eatery/nav.php?-Menu-=https://ya.ru HTTP/1.1" 404 78350 "-" "Mozilla/5.0 (Windows NT 10.0; WOW64) AppleWebKit/537.36 (KHTML, like Gecko) Chrome/51.0.2704.103 Safari/537.36"
194.87.112.92 - - [07/Aug/2021:05:11:54 +0000] "GET /wp-content/themes/nashvilleparent/directory-click-thru.php?id=27467&thru=https://ya.ru HTTP/1.1" 301 329 "-" "Mozilla/5.0 (Windows NT 10.0; WOW64) AppleWebKit/537.36 (KHTML, like Gecko) Chrome/51.0.2704.103 Safari/537.36"
194.87.112.92 - - [07/Aug/2021:05:11:55 +0000] "GET /wp-content/themes/nashvilleparent/directory-click-thru.php?id=27467&thru=https://ya.ru HTTP/1.1" 404 78383 "-" "Mozilla/5.0 (Windows NT 10.0; WOW64) AppleWebKit/537.36 (KHTML, like Gecko) Chrome/51.0.2704.103 Safari/537.36"
106.38.241.133 - - [07/Aug/2021:05:21:37 +0000] "GET / HTTP/1.1" 200 78293 "-" "Sogou web spider/4.0(+http://www.sogou.com/docs/help/webmasters.htm#07)"
106.38.241.122 - - [07/Aug/2021:05:33:03 +0000] "GET / HTTP/1.1" 200 78293 "-" "Sogou web spider/4.0(+http://www.sogou.com/docs/help/webmasters.htm#07)"
49.7.20.98 - - [07/Aug/2021:05:35:43 +0000] "GET / HTTP/1.1" 200 78293 "-" "Sogou web spider/4.0(+http://www.sogou.com/docs/help/webmasters.htm#07)"
128.1.248.34 - - [07/Aug/2021:05:39:56 +0000] "GET / HTTP/1.1" 302 211 "-" "Mozilla/5.0 (Windows NT 10.0; WOW64) AppleWebKit/537.36 (KHTML, like Gecko) Chrome/66.0.3359.117 Safari/537.36"
128.1.248.34 - - [07/Aug/2021:05:39:56 +0000] "GET / HTTP/1.1" 200 78293 "-" "Mozilla/5.0 (Windows NT 10.0; WOW64) AppleWebKit/537.36 (KHTML, like Gecko) Chrome/66.0.3359.117 Safari/537.36"
114.119.134.245 - - [07/Aug/2021:05:44:11 +0000] "GET /BaliHoneymoonSpecialTour.html HTTP/1.1" 200 60431 "-" "Mozilla/5.0 (Linux; Android 7.0;) AppleWebKit/537.36 (KHTML, like Gecko) Mobile Safari/537.36 (compatible; PetalBot;+https://webmaster.petalsearch.com/site/petalbot)"
106.38.241.133 - - [07/Aug/2021:05:49:58 +0000] "GET / HTTP/1.1" 200 78293 "-" "Sogou web spider/4.0(+http://www.sogou.com/docs/help/webmasters.htm#07)"
185.191.171.33 - - [07/Aug/2021:05:55:38 +0000] "GET /robots.txt HTTP/1.1" 301 249 "-" "Mozilla/5.0 (compatible; SemrushBot/7~bl; +http://www.semrush.com/bot.html)"
185.191.171.33 - - [07/Aug/2021:05:55:39 +0000] "GET /robots.txt HTTP/1.1" 404 78307 "-" "Mozilla/5.0 (compatible; SemrushBot/7~bl; +http://www.semrush.com/bot.html)"
185.191.171.38 - - [07/Aug/2021:05:55:40 +0000] "GET /tour-package.php?id=1 HTTP/1.1" 200 65712 "-" "Mozilla/5.0 (compatible; SemrushBot/7~bl; +http://www.semrush.com/bot.html)"
114.119.157.24 - - [07/Aug/2021:05:59:55 +0000] "GET /services.php HTTP/1.1" 200 56425 "-" "Mozilla/5.0 (Linux; Android 7.0;) AppleWebKit/537.36 (KHTML, like Gecko) Mobile Safari/537.36 (compatible; PetalBot;+https://webmaster.petalsearch.com/site/petalbot)"
106.38.241.122 - - [07/Aug/2021:06:10:58 +0000] "GET / HTTP/1.1" 200 78293 "-" "Sogou web spider/4.0(+http://www.sogou.com/docs/help/webmasters.htm#07)"
106.38.241.133 - - [07/Aug/2021:06:17:12 +0000] "GET / HTTP/1.1" 200 78293 "-" "Sogou web spider/4.0(+http://www.sogou.com/docs/help/webmasters.htm#07)"
114.119.156.152 - - [07/Aug/2021:06:21:03 +0000] "GET /index.php HTTP/1.1" 301 235 "-" "Mozilla/5.0 (Linux; Android 7.0;) AppleWebKit/537.36 (KHTML, like Gecko) Mobile Safari/537.36 (compatible; PetalBot;+https://webmaster.petalsearch.com/site/petalbot)"
114.119.156.152 - - [07/Aug/2021:06:21:03 +0000] "GET / HTTP/1.1" 200 78293 "-" "Mozilla/5.0 (Linux; Android 7.0;) AppleWebKit/537.36 (KHTML, like Gecko) Mobile Safari/537.36 (compatible; PetalBot;+https://webmaster.petalsearch.com/site/petalbot)"
78.46.61.245 - - [07/Aug/2021:06:25:24 +0000] "GET /robots.txt HTTP/1.1" 302 221 "-" "Mozilla/5.0 (compatible; MJ12bot/v1.4.8; http://mj12bot.com/)"
78.46.61.245 - - [07/Aug/2021:06:25:29 +0000] "GET /robots.txt HTTP/1.1" 301 249 "-" "Mozilla/5.0 (compatible; MJ12bot/v1.4.8; http://mj12bot.com/)"
78.46.61.245 - - [07/Aug/2021:06:25:30 +0000] "GET /robots.txt HTTP/1.1" 404 78307 "-" "Mozilla/5.0 (compatible; MJ12bot/v1.4.8; http://mj12bot.com/)"
78.46.61.245 - - [07/Aug/2021:06:25:38 +0000] "GET /BaliHoneymoonSpecialTour.html HTTP/1.1" 302 240 "-" "Mozilla/5.0 (compatible; MJ12bot/v1.4.8; http://mj12bot.com/)"
78.46.61.245 - - [07/Aug/2021:06:25:43 +0000] "GET /BaliHoneymoonSpecialTour.html HTTP/1.1" 301 268 "-" "Mozilla/5.0 (compatible; MJ12bot/v1.4.8; http://mj12bot.com/)"
78.46.61.245 - - [07/Aug/2021:06:25:49 +0000] "GET /BaliHoneymoonSpecialTour.html HTTP/1.1" 200 60431 "-" "Mozilla/5.0 (compatible; MJ12bot/v1.4.8; http://mj12bot.com/)"
78.46.61.245 - - [07/Aug/2021:06:26:00 +0000] "GET /BaliTourPackages.html HTTP/1.1" 302 232 "-" "Mozilla/5.0 (compatible; MJ12bot/v1.4.8; http://mj12bot.com/)"
78.46.61.245 - - [07/Aug/2021:06:26:06 +0000] "GET /BaliTourPackages.html HTTP/1.1" 301 260 "-" "Mozilla/5.0 (compatible; MJ12bot/v1.4.8; http://mj12bot.com/)"
78.46.61.245 - - [07/Aug/2021:06:26:13 +0000] "GET /BaliTourPackages.html HTTP/1.1" 200 60436 "-" "Mozilla/5.0 (compatible; MJ12bot/v1.4.8; http://mj12bot.com/)"
78.46.61.245 - - [07/Aug/2021:06:26:19 +0000] "GET /BeautifulBhutan.html HTTP/1.1" 302 231 "-" "Mozilla/5.0 (compatible; MJ12bot/v1.4.8; http://mj12bot.com/)"
78.46.61.245 - - [07/Aug/2021:06:26:23 +0000] "GET /BeautifulBhutan.html HTTP/1.1" 301 259 "-" "Mozilla/5.0 (compatible; MJ12bot/v1.4.8; http://mj12bot.com/)"
78.46.61.245 - - [07/Aug/2021:06:26:29 +0000] "GET /BeautifulBhutan.html HTTP/1.1" 200 62795 "-" "Mozilla/5.0 (compatible; MJ12bot/v1.4.8; http://mj12bot.com/)"
78.46.61.245 - - [07/Aug/2021:06:26:37 +0000] "GET /BeautifulUttaranchalTour.html HTTP/1.1" 302 240 "-" "Mozilla/5.0 (compatible; MJ12bot/v1.4.8; http://mj12bot.com/)"
78.46.61.245 - - [07/Aug/2021:06:26:41 +0000] "GET /BeautifulUttaranchalTour.html HTTP/1.1" 301 268 "-" "Mozilla/5.0 (compatible; MJ12bot/v1.4.8; http://mj12bot.com/)"
78.46.61.245 - - [07/Aug/2021:06:26:47 +0000] "GET /BeautifulUttaranchalTour.html HTTP/1.1" 200 61238 "-" "Mozilla/5.0 (compatible; MJ12bot/v1.4.8; http://mj12bot.com/)"
78.46.61.245 - - [07/Aug/2021:06:26:55 +0000] "GET /BestKeralaAyurveda.html HTTP/1.1" 302 234 "-" "Mozilla/5.0 (compatible; MJ12bot/v1.4.8; http://mj12bot.com/)"
78.46.61.245 - - [07/Aug/2021:06:27:00 +0000] "GET /BestKeralaAyurveda.html HTTP/1.1" 301 262 "-" "Mozilla/5.0 (compatible; MJ12bot/v1.4.8; http://mj12bot.com/)"
78.46.61.245 - - [07/Aug/2021:06:27:08 +0000] "GET /BestKeralaAyurveda.html HTTP/1.1" 200 61542 "-" "Mozilla/5.0 (compatible; MJ12bot/v1.4.8; http://mj12bot.com/)"
78.46.61.245 - - [07/Aug/2021:06:27:16 +0000] "GET /CORBETTTOUR.html HTTP/1.1" 302 227 "-" "Mozilla/5.0 (compatible; MJ12bot/v1.4.8; http://mj12bot.com/)"
78.46.61.245 - - [07/Aug/2021:06:27:23 +0000] "GET /CORBETTTOUR.html HTTP/1.1" 301 255 "-" "Mozilla/5.0 (compatible; MJ12bot/v1.4.8; http://mj12bot.com/)"
78.46.61.245 - - [07/Aug/2021:06:27:25 +0000] "GET /CORBETTTOUR.html HTTP/1.1" 200 59226 "-" "Mozilla/5.0 (compatible; MJ12bot/v1.4.8; http://mj12bot.com/)"
78.46.61.245 - - [07/Aug/2021:06:27:34 +0000] "GET /SrilankaHolidayTour.html HTTP/1.1" 302 235 "-" "Mozilla/5.0 (compatible; MJ12bot/v1.4.8; http://mj12bot.com/)"
78.46.61.245 - - [07/Aug/2021:06:27:40 +0000] "GET /SrilankaHolidayTour.html HTTP/1.1" 301 263 "-" "Mozilla/5.0 (compatible; MJ12bot/v1.4.8; http://mj12bot.com/)"
78.46.61.245 - - [07/Aug/2021:06:27:50 +0000] "GET /SrilankaHolidayTour.html HTTP/1.1" 200 66329 "-" "Mozilla/5.0 (compatible; MJ12bot/v1.4.8; http://mj12bot.com/)"
78.46.61.245 - - [07/Aug/2021:06:27:57 +0000] "GET /SrilankaHoneymoonTour.html HTTP/1.1" 302 237 "-" "Mozilla/5.0 (compatible; MJ12bot/v1.4.8; http://mj12bot.com/)"
78.46.61.245 - - [07/Aug/2021:06:28:03 +0000] "GET /SrilankaHoneymoonTour.html HTTP/1.1" 301 265 "-" "Mozilla/5.0 (compatible; MJ12bot/v1.4.8; http://mj12bot.com/)"
78.46.61.245 - - [07/Aug/2021:06:28:09 +0000] "GET /SrilankaHoneymoonTour.html HTTP/1.1" 200 65132 "-" "Mozilla/5.0 (compatible; MJ12bot/v1.4.8; http://mj12bot.com/)"
78.46.61.245 - - [07/Aug/2021:06:28:19 +0000] "GET /SrilankaTourPackage.html HTTP/1.1" 302 235 "-" "Mozilla/5.0 (compatible; MJ12bot/v1.4.8; http://mj12bot.com/)"
78.46.61.245 - - [07/Aug/2021:06:28:24 +0000] "GET /SrilankaTourPackage.html HTTP/1.1" 301 263 "-" "Mozilla/5.0 (compatible; MJ12bot/v1.4.8; http://mj12bot.com/)"
43.252.230.85 - - [07/Aug/2021:06:28:27 +0000] "GET /wp-includes/upload_index.php?auth=f02pz3831W0DTtLgq26L HTTP/1.1" 302 265 "-" "Mozilla/5.0 (Windows NT 10.0; Win64; x64) AppleWebKit/537.36 (KHTML, like Gecko) Chrome/92.0.4515.107 Safari/537.36"
78.46.61.245 - - [07/Aug/2021:06:28:31 +0000] "GET /SrilankaTourPackage.html HTTP/1.1" 200 63994 "-" "Mozilla/5.0 (compatible; MJ12bot/v1.4.8; http://mj12bot.com/)"
78.46.61.245 - - [07/Aug/2021:06:28:39 +0000] "GET /ThekkadyKumarkomPackages.html HTTP/1.1" 302 240 "-" "Mozilla/5.0 (compatible; MJ12bot/v1.4.8; http://mj12bot.com/)"
78.46.61.245 - - [07/Aug/2021:06:28:44 +0000] "GET /ThekkadyKumarkomPackages.html HTTP/1.1" 301 268 "-" "Mozilla/5.0 (compatible; MJ12bot/v1.4.8; http://mj12bot.com/)"
78.46.61.245 - - [07/Aug/2021:06:28:50 +0000] "GET /ThekkadyKumarkomPackages.html HTTP/1.1" 200 61447 "-" "Mozilla/5.0 (compatible; MJ12bot/v1.4.8; http://mj12bot.com/)"
78.46.61.245 - - [07/Aug/2021:06:28:57 +0000] "GET /UttrakhandHolidayTour.html HTTP/1.1" 302 237 "-" "Mozilla/5.0 (compatible; MJ12bot/v1.4.8; http://mj12bot.com/)"
78.46.61.245 - - [07/Aug/2021:06:29:03 +0000] "GET /UttrakhandHolidayTour.html HTTP/1.1" 301 265 "-" "Mozilla/5.0 (compatible; MJ12bot/v1.4.8; http://mj12bot.com/)"
78.46.61.245 - - [07/Aug/2021:06:29:10 +0000] "GET /UttrakhandHolidayTour.html HTTP/1.1" 200 60522 "-" "Mozilla/5.0 (compatible; MJ12bot/v1.4.8; http://mj12bot.com/)"
78.46.61.245 - - [07/Aug/2021:06:29:18 +0000] "GET /dharamshala-dalhoussie-car-tourpackage.html HTTP/1.1" 302 254 "-" "Mozilla/5.0 (compatible; MJ12bot/v1.4.8; http://mj12bot.com/)"
78.46.61.245 - - [07/Aug/2021:06:29:24 +0000] "GET /dharamshala-dalhoussie-car-tourpackage.html HTTP/1.1" 301 282 "-" "Mozilla/5.0 (compatible; MJ12bot/v1.4.8; http://mj12bot.com/)"
78.46.61.245 - - [07/Aug/2021:06:29:32 +0000] "GET /dharamshala-dalhoussie-car-tourpackage.html HTTP/1.1" 200 59193 "-" "Mozilla/5.0 (compatible; MJ12bot/v1.4.8; http://mj12bot.com/)"
78.46.61.245 - - [07/Aug/2021:06:29:42 +0000] "GET /robots.txt HTTP/1.1" 302 225 "-" "Mozilla/5.0 (compatible; MJ12bot/v1.4.8; http://mj12bot.com/)"
78.46.61.245 - - [07/Aug/2021:06:29:47 +0000] "GET /robots.txt HTTP/1.1" 404 78307 "-" "Mozilla/5.0 (compatible; MJ12bot/v1.4.8; http://mj12bot.com/)"
78.46.61.245 - - [07/Aug/2021:06:29:54 +0000] "GET /BaliHoneymoonSpecialTour.html HTTP/1.1" 302 244 "-" "Mozilla/5.0 (compatible; MJ12bot/v1.4.8; http://mj12bot.com/)"
78.46.61.245 - - [07/Aug/2021:06:29:59 +0000] "GET /BaliHoneymoonSpecialTour.html HTTP/1.1" 200 60431 "-" "Mozilla/5.0 (compatible; MJ12bot/v1.4.8; http://mj12bot.com/)"
78.46.61.245 - - [07/Aug/2021:06:30:09 +0000] "GET /BaliTourPackages.html HTTP/1.1" 302 236 "-" "Mozilla/5.0 (compatible; MJ12bot/v1.4.8; http://mj12bot.com/)"
78.46.61.245 - - [07/Aug/2021:06:30:15 +0000] "GET /BaliTourPackages.html HTTP/1.1" 200 60436 "-" "Mozilla/5.0 (compatible; MJ12bot/v1.4.8; http://mj12bot.com/)"
78.46.61.245 - - [07/Aug/2021:06:30:22 +0000] "GET /BeautifulBhutan.html HTTP/1.1" 302 235 "-" "Mozilla/5.0 (compatible; MJ12bot/v1.4.8; http://mj12bot.com/)"
78.46.61.245 - - [07/Aug/2021:06:30:27 +0000] "GET /BeautifulBhutan.html HTTP/1.1" 200 62795 "-" "Mozilla/5.0 (compatible; MJ12bot/v1.4.8; http://mj12bot.com/)"
78.46.61.245 - - [07/Aug/2021:06:30:35 +0000] "GET /BeautifulUttaranchalTour.html HTTP/1.1" 302 244 "-" "Mozilla/5.0 (compatible; MJ12bot/v1.4.8; http://mj12bot.com/)"
78.46.61.245 - - [07/Aug/2021:06:30:40 +0000] "GET /BeautifulUttaranchalTour.html HTTP/1.1" 200 61238 "-" "Mozilla/5.0 (compatible; MJ12bot/v1.4.8; http://mj12bot.com/)"
78.46.61.245 - - [07/Aug/2021:06:30:46 +0000] "GET /BestKeralaAyurveda.html HTTP/1.1" 200 61542 "-" "Mozilla/5.0 (compatible; MJ12bot/v1.4.8; http://mj12bot.com/)"
78.46.61.245 - - [07/Aug/2021:06:30:57 +0000] "GET /BestKeralaAyurveda.html HTTP/1.1" 302 238 "-" "Mozilla/5.0 (compatible; MJ12bot/v1.4.8; http://mj12bot.com/)"
78.46.61.245 - - [07/Aug/2021:06:31:04 +0000] "GET /BestKeralaAyurveda.html HTTP/1.1" 200 61542 "-" "Mozilla/5.0 (compatible; MJ12bot/v1.4.8; http://mj12bot.com/)"
78.46.61.245 - - [07/Aug/2021:06:31:10 +0000] "GET /CORBETTTOUR.html HTTP/1.1" 302 231 "-" "Mozilla/5.0 (compatible; MJ12bot/v1.4.8; http://mj12bot.com/)"
78.46.61.245 - - [07/Aug/2021:06:31:17 +0000] "GET /CORBETTTOUR.html HTTP/1.1" 200 59226 "-" "Mozilla/5.0 (compatible; MJ12bot/v1.4.8; http://mj12bot.com/)"
78.46.61.245 - - [07/Aug/2021:06:31:28 +0000] "GET /SrilankaHolidayTour.html HTTP/1.1" 302 239 "-" "Mozilla/5.0 (compatible; MJ12bot/v1.4.8; http://mj12bot.com/)"
78.46.61.245 - - [07/Aug/2021:06:31:33 +0000] "GET /SrilankaHolidayTour.html HTTP/1.1" 200 66329 "-" "Mozilla/5.0 (compatible; MJ12bot/v1.4.8; http://mj12bot.com/)"
78.46.61.245 - - [07/Aug/2021:06:31:41 +0000] "GET /SrilankaHoneymoonTour.html HTTP/1.1" 302 241 "-" "Mozilla/5.0 (compatible; MJ12bot/v1.4.8; http://mj12bot.com/)"
78.46.61.245 - - [07/Aug/2021:06:31:46 +0000] "GET /SrilankaHoneymoonTour.html HTTP/1.1" 200 65132 "-" "Mozilla/5.0 (compatible; MJ12bot/v1.4.8; http://mj12bot.com/)"
78.46.61.245 - - [07/Aug/2021:06:31:53 +0000] "GET /SrilankaTourPackage.html HTTP/1.1" 302 239 "-" "Mozilla/5.0 (compatible; MJ12bot/v1.4.8; http://mj12bot.com/)"
78.46.61.245 - - [07/Aug/2021:06:31:59 +0000] "GET /SrilankaTourPackage.html HTTP/1.1" 200 63994 "-" "Mozilla/5.0 (compatible; MJ12bot/v1.4.8; http://mj12bot.com/)"
78.46.61.245 - - [07/Aug/2021:06:32:06 +0000] "GET /ThekkadyKumarkomPackages.html HTTP/1.1" 200 61447 "-" "Mozilla/5.0 (compatible; MJ12bot/v1.4.8; http://mj12bot.com/)"
78.46.61.245 - - [07/Aug/2021:06:32:15 +0000] "GET /ThekkadyKumarkomPackages.html HTTP/1.1" 302 244 "-" "Mozilla/5.0 (compatible; MJ12bot/v1.4.8; http://mj12bot.com/)"
78.46.61.245 - - [07/Aug/2021:06:32:20 +0000] "GET /ThekkadyKumarkomPackages.html HTTP/1.1" 200 61447 "-" "Mozilla/5.0 (compatible; MJ12bot/v1.4.8; http://mj12bot.com/)"
78.46.61.245 - - [07/Aug/2021:06:32:31 +0000] "GET /UttrakhandHolidayTour.html HTTP/1.1" 200 60522 "-" "Mozilla/5.0 (compatible; MJ12bot/v1.4.8; http://mj12bot.com/)"
78.46.61.245 - - [07/Aug/2021:06:32:36 +0000] "GET /UttrakhandHolidayTour.html HTTP/1.1" 302 241 "-" "Mozilla/5.0 (compatible; MJ12bot/v1.4.8; http://mj12bot.com/)"
78.46.61.245 - - [07/Aug/2021:06:32:43 +0000] "GET /UttrakhandHolidayTour.html HTTP/1.1" 200 60522 "-" "Mozilla/5.0 (compatible; MJ12bot/v1.4.8; http://mj12bot.com/)"
78.46.61.245 - - [07/Aug/2021:06:32:50 +0000] "GET /dharamshala-dalhoussie-car-tourpackage.html HTTP/1.1" 302 258 "-" "Mozilla/5.0 (compatible; MJ12bot/v1.4.8; http://mj12bot.com/)"
78.46.61.245 - - [07/Aug/2021:06:32:57 +0000] "GET /dharamshala-dalhoussie-car-tourpackage.html HTTP/1.1" 200 59193 "-" "Mozilla/5.0 (compatible; MJ12bot/v1.4.8; http://mj12bot.com/)"
131.220.6.152 - - [07/Aug/2021:06:33:18 +0000] "GET / HTTP/1.1" 302 211 "-" "Mozilla/5.0 (X11; Linux x86_64) AppleWebKit/537.36 (KHTML, like Gecko) Chrome/79.0.3945.79 Safari/537.36"
131.220.6.152 - - [07/Aug/2021:06:33:19 +0000] "GET / HTTP/1.1" 200 78293 "-" "Mozilla/5.0 (X11; Linux x86_64) AppleWebKit/537.36 (KHTML, like Gecko) Chrome/79.0.3945.79 Safari/537.36"
49.7.20.91 - - [07/Aug/2021:06:34:51 +0000] "GET / HTTP/1.1" 200 78293 "-" "Sogou web spider/4.0(+http://www.sogou.com/docs/help/webmasters.htm#07)"
66.249.66.55 - - [07/Aug/2021:06:43:01 +0000] "GET /robots.txt HTTP/1.1" 404 78307 "-" "Mozilla/5.0 (compatible; Googlebot/2.1; +http://www.google.com/bot.html)"
66.249.66.55 - - [07/Aug/2021:06:43:02 +0000] "GET /hong-kong/tour-package.php?id=1 HTTP/1.1" 404 78328 "-" "Mozilla/5.0 (Linux; Android 6.0.1; Nexus 5X Build/MMB29P) AppleWebKit/537.36 (KHTML, like Gecko) Chrome/92.0.4515.119 Mobile Safari/537.36 (compatible; Googlebot/2.1; +http://www.google.com/bot.html)"
106.38.241.122 - - [07/Aug/2021:06:44:40 +0000] "GET / HTTP/1.1" 200 78293 "-" "Sogou web spider/4.0(+http://www.sogou.com/docs/help/webmasters.htm#07)"
106.38.241.133 - - [07/Aug/2021:06:45:56 +0000] "GET / HTTP/1.1" 200 78293 "-" "Sogou web spider/4.0(+http://www.sogou.com/docs/help/webmasters.htm#07)"
49.7.20.98 - - [07/Aug/2021:06:55:04 +0000] "GET / HTTP/1.1" 200 78293 "-" "Sogou web spider/4.0(+http://www.sogou.com/docs/help/webmasters.htm#07)"
66.249.66.57 - - [07/Aug/2021:07:12:44 +0000] "GET /hong-kong/tour-package.php?id=1 HTTP/1.1" 404 78328 "-" "Mozilla/5.0 (compatible; Googlebot/2.1; +http://www.google.com/bot.html)"
185.191.171.43 - - [07/Aug/2021:07:14:26 +0000] "GET /robots.txt HTTP/1.1" 404 78307 "-" "Mozilla/5.0 (compatible; SemrushBot/7~bl; +http://www.semrush.com/bot.html)"
185.191.171.40 - - [07/Aug/2021:07:14:27 +0000] "GET /pagecontents.php?url=Pyament-Option HTTP/1.1" 200 50964 "-" "Mozilla/5.0 (compatible; SemrushBot/7~bl; +http://www.semrush.com/bot.html)"
106.38.241.133 - - [07/Aug/2021:07:19:55 +0000] "GET / HTTP/1.1" 200 78293 "-" "Sogou web spider/4.0(+http://www.sogou.com/docs/help/webmasters.htm#07)"
106.38.241.122 - - [07/Aug/2021:07:28:15 +0000] "GET / HTTP/1.1" 200 78293 "-" "Sogou web spider/4.0(+http://www.sogou.com/docs/help/webmasters.htm#07)"
66.249.66.75 - - [07/Aug/2021:07:48:24 +0000] "GET /robots.txt HTTP/1.1" 302 221 "-" "Mozilla/5.0 (compatible; Googlebot/2.1; +http://www.google.com/bot.html)"
66.249.66.67 - - [07/Aug/2021:07:48:25 +0000] "GET /robots.txt HTTP/1.1" 301 249 "-" "Mozilla/5.0 (compatible; Googlebot/2.1; +http://www.google.com/bot.html)"
66.249.66.55 - - [07/Aug/2021:07:48:26 +0000] "GET /robots.txt HTTP/1.1" 404 78307 "-" "Mozilla/5.0 (compatible; Googlebot/2.1; +http://www.google.com/bot.html)"
66.249.66.74 - - [07/Aug/2021:07:48:27 +0000] "GET /pagecontents.php?url=Pyament-Option HTTP/1.1" 302 246 "-" "Mozilla/5.0 (compatible; Googlebot/2.1; +http://www.google.com/bot.html)"
66.249.66.65 - - [07/Aug/2021:07:48:28 +0000] "GET /pagecontents.php?url=Pyament-Option HTTP/1.1" 200 50964 "-" "Mozilla/5.0 (compatible; Googlebot/2.1; +http://www.google.com/bot.html)"
40.77.167.10 - - [07/Aug/2021:07:54:53 +0000] "GET /tour-package.php?id=17 HTTP/1.1" 302 233 "-" "Mozilla/5.0 (compatible; bingbot/2.0; +http://www.bing.com/bingbot.htm)"
40.77.167.10 - - [07/Aug/2021:07:54:55 +0000] "GET /tour-package.php?id=17 HTTP/1.1" 200 61812 "-" "Mozilla/5.0 (compatible; bingbot/2.0; +http://www.bing.com/bingbot.htm)"
40.77.167.10 - - [07/Aug/2021:07:55:10 +0000] "GET /css/meanmenu.min.css HTTP/1.1" 200 2732 "-" "Mozilla/5.0 (compatible; bingbot/2.0; +http://www.bing.com/bingbot.htm)"
40.77.167.10 - - [07/Aug/2021:07:55:10 +0000] "GET /lib/nivo-slider/home.js HTTP/1.1" 200 724 "-" "Mozilla/5.0 (compatible; bingbot/2.0; +http://www.bing.com/bingbot.htm)"
40.77.167.103 - - [07/Aug/2021:07:55:14 +0000] "GET /css/jquery-ui.css HTTP/1.1" 200 35228 "-" "Mozilla/5.0 (compatible; bingbot/2.0; +http://www.bing.com/bingbot.htm)"
40.77.167.103 - - [07/Aug/2021:07:55:15 +0000] "GET /js/owl.carousel.min.js HTTP/1.1" 200 23890 "-" "Mozilla/5.0 (compatible; bingbot/2.0; +http://www.bing.com/bingbot.htm)"
40.77.167.103 - - [07/Aug/2021:07:55:15 +0000] "GET /js/vendor/jquery-1.11.3.min.js HTTP/1.1" 200 95992 "-" "Mozilla/5.0 (compatible; bingbot/2.0; +http://www.bing.com/bingbot.htm)"
40.77.167.103 - - [07/Aug/2021:07:55:15 +0000] "GET /js/wow.min.js HTTP/1.1" 200 8426 "-" "Mozilla/5.0 (compatible; bingbot/2.0; +http://www.bing.com/bingbot.htm)"
40.77.167.103 - - [07/Aug/2021:07:55:15 +0000] "GET /lib/nivo-slider/css/nivo-slider.css HTTP/1.1" 200 8098 "-" "Mozilla/5.0 (compatible; bingbot/2.0; +http://www.bing.com/bingbot.htm)"
157.55.39.7 - - [07/Aug/2021:07:55:16 +0000] "GET /css/font-awesome.min.css HTTP/1.1" 200 27490 "-" "Mozilla/5.0 (compatible; bingbot/2.0; +http://www.bing.com/bingbot.htm)"
157.55.39.139 - - [07/Aug/2021:07:55:17 +0000] "GET /style.css HTTP/1.1" 200 115813 "-" "Mozilla/5.0 (compatible; bingbot/2.0; +http://www.bing.com/bingbot.htm)"
40.77.167.64 - - [07/Aug/2021:07:55:17 +0000] "GET /css/responsive.css HTTP/1.1" 200 27655 "-" "Mozilla/5.0 (compatible; bingbot/2.0; +http://www.bing.com/bingbot.htm)"
207.46.13.30 - - [07/Aug/2021:07:55:17 +0000] "GET /js/jquery-price-slider.js HTTP/1.1" 200 24017 "-" "Mozilla/5.0 (compatible; bingbot/2.0; +http://www.bing.com/bingbot.htm)"
40.77.167.104 - - [07/Aug/2021:07:55:17 +0000] "GET /css/owl.carousel.css HTTP/1.1" 200 7603 "-" "Mozilla/5.0 (compatible; bingbot/2.0; +http://www.bing.com/bingbot.htm)"
207.46.13.79 - - [07/Aug/2021:07:55:18 +0000] "GET /css/bootstrap.min.css HTTP/1.1" 200 138183 "-" "Mozilla/5.0 (compatible; bingbot/2.0; +http://www.bing.com/bingbot.htm)"
207.46.13.73 - - [07/Aug/2021:07:55:19 +0000] "GET /css/animate.css HTTP/1.1" 200 70824 "-" "Mozilla/5.0 (compatible; bingbot/2.0; +http://www.bing.com/bingbot.htm)"
40.77.167.81 - - [07/Aug/2021:07:55:20 +0000] "GET /lib/nivo-slider/css/preview.css HTTP/1.1" 200 5624 "-" "Mozilla/5.0 (compatible; bingbot/2.0; +http://www.bing.com/bingbot.htm)"
157.55.39.7 - - [07/Aug/2021:07:55:26 +0000] "GET /lib/nivo-slider/js/jquery.nivo.slider.js HTTP/1.1" 200 29113 "-" "Mozilla/5.0 (compatible; bingbot/2.0; +http://www.bing.com/bingbot.htm)"
40.77.167.64 - - [07/Aug/2021:07:55:31 +0000] "GET /js/bootstrap.min.js HTTP/1.1" 200 36868 "-" "Mozilla/5.0 (compatible; bingbot/2.0; +http://www.bing.com/bingbot.htm)"
40.77.167.64 - - [07/Aug/2021:07:55:31 +0000] "GET /js/jquery.meanmenu.js HTTP/1.1" 200 11467 "-" "Mozilla/5.0 (compatible; bingbot/2.0; +http://www.bing.com/bingbot.htm)"
40.77.167.104 - - [07/Aug/2021:07:55:37 +0000] "GET /galleryimg//thumb HTTP/1.1" 301 255 "-" "Mozilla/5.0 (compatible; bingbot/2.0; +http://www.bing.com/bingbot.htm)"
40.77.167.104 - - [07/Aug/2021:07:55:37 +0000] "GET /js/jquery.counterup.min.js HTTP/1.1" 200 1067 "-" "Mozilla/5.0 (compatible; bingbot/2.0; +http://www.bing.com/bingbot.htm)"
40.77.167.104 - - [07/Aug/2021:07:55:37 +0000] "GET /js/main.js HTTP/1.1" 200 2518 "-" "Mozilla/5.0 (compatible; bingbot/2.0; +http://www.bing.com/bingbot.htm)"
40.77.167.104 - - [07/Aug/2021:07:55:38 +0000] "GET /js/vendor/modernizr-2.8.3.min.js HTTP/1.1" 200 15514 "-" "Mozilla/5.0 (compatible; bingbot/2.0; +http://www.bing.com/bingbot.htm)"
207.46.13.73 - - [07/Aug/2021:07:55:41 +0000] "GET /js/jquery.scrollUp.min.js HTTP/1.1" 200 2035 "-" "Mozilla/5.0 (compatible; bingbot/2.0; +http://www.bing.com/bingbot.htm)"
207.46.13.73 - - [07/Aug/2021:07:55:42 +0000] "GET /js/plugins.js HTTP/1.1" 200 760 "-" "Mozilla/5.0 (compatible; bingbot/2.0; +http://www.bing.com/bingbot.htm)"
207.46.13.73 - - [07/Aug/2021:07:55:42 +0000] "GET /js/waypoints.min.js HTTP/1.1" 200 8044 "-" "Mozilla/5.0 (compatible; bingbot/2.0; +http://www.bing.com/bingbot.htm)"
40.77.167.104 - - [07/Aug/2021:07:55:47 +0000] "GET /galleryimg/thumb HTTP/1.1" 404 78313 "-" "Mozilla/5.0 (compatible; bingbot/2.0; +http://www.bing.com/bingbot.htm)"
106.38.241.133 - - [07/Aug/2021:07:57:29 +0000] "GET / HTTP/1.1" 200 78293 "-" "Sogou web spider/4.0(+http://www.sogou.com/docs/help/webmasters.htm#07)"
49.7.20.92 - - [07/Aug/2021:08:10:50 +0000] "GET / HTTP/1.1" 200 78293 "-" "Sogou web spider/4.0(+http://www.sogou.com/docs/help/webmasters.htm#07)"
49.7.20.98 - - [07/Aug/2021:08:21:01 +0000] "GET / HTTP/1.1" 200 78293 "-" "Sogou web spider/4.0(+http://www.sogou.com/docs/help/webmasters.htm#07)"
106.38.241.122 - - [07/Aug/2021:08:24:14 +0000] "GET / HTTP/1.1" 200 78293 "-" "Sogou web spider/4.0(+http://www.sogou.com/docs/help/webmasters.htm#07)"
40.77.189.220 - - [07/Aug/2021:08:26:12 +0000] "GET /fonts/fontawesome-webfont3295.woff2?v=4.5.0 HTTP/1.1" 200 66624 "-" "Mozilla/5.0 (Windows NT 6.1; WOW64) AppleWebKit/534+ (KHTML, like Gecko) BingPreview/1.0b"
106.38.241.133 - - [07/Aug/2021:08:35:51 +0000] "GET / HTTP/1.1" 200 78293 "-" "Sogou web spider/4.0(+http://www.sogou.com/docs/help/webmasters.htm#07)"
49.7.20.92 - - [07/Aug/2021:08:57:36 +0000] "GET / HTTP/1.1" 200 78293 "-" "Sogou web spider/4.0(+http://www.sogou.com/docs/help/webmasters.htm#07)"
35.185.69.234 - - [07/Aug/2021:09:00:37 +0000] "GET /robots.txt HTTP/1.0" 302 221 "-" "ZoominfoBot (zoominfobot at zoominfo dot com)"
35.185.69.234 - - [07/Aug/2021:09:00:38 +0000] "GET /robots.txt HTTP/1.1" 301 249 "-" "ZoominfoBot (zoominfobot at zoominfo dot com)"
35.185.69.234 - - [07/Aug/2021:09:00:38 +0000] "GET /robots.txt HTTP/1.1" 404 78307 "-" "ZoominfoBot (zoominfobot at zoominfo dot com)"
35.185.69.234 - - [07/Aug/2021:09:00:41 +0000] "GET /tour-package.php?id=22 HTTP/1.0" 302 233 "-" "ZoominfoBot (zoominfobot at zoominfo dot com)"
35.185.69.234 - - [07/Aug/2021:09:00:41 +0000] "GET /robots.txt HTTP/1.0" 301 249 "-" "ZoominfoBot (zoominfobot at zoominfo dot com)"
35.185.69.234 - - [07/Aug/2021:09:00:41 +0000] "GET /robots.txt HTTP/1.1" 404 78307 "-" "ZoominfoBot (zoominfobot at zoominfo dot com)"
35.185.69.234 - - [07/Aug/2021:09:00:43 +0000] "GET /pagecontents.php?url=Privacy-Policy HTTP/1.0" 302 246 "-" "ZoominfoBot (zoominfobot at zoominfo dot com)"
35.185.69.234 - - [07/Aug/2021:09:00:43 +0000] "GET /robots.txt HTTP/1.0" 301 249 "-" "ZoominfoBot (zoominfobot at zoominfo dot com)"
35.185.69.234 - - [07/Aug/2021:09:00:44 +0000] "GET /robots.txt HTTP/1.1" 404 78307 "-" "ZoominfoBot (zoominfobot at zoominfo dot com)"
35.185.69.234 - - [07/Aug/2021:09:00:45 +0000] "GET /tour-package.php?id=22 HTTP/1.0" 200 58102 "-" "ZoominfoBot (zoominfobot at zoominfo dot com)"
35.185.69.234 - - [07/Aug/2021:09:00:46 +0000] "GET /pagecontents.php?url=Privacy-Policy HTTP/1.0" 200 51008 "-" "ZoominfoBot (zoominfobot at zoominfo dot com)"
35.185.69.234 - - [07/Aug/2021:09:02:52 +0000] "GET /tour-package.php?id=26 HTTP/1.0" 302 233 "-" "ZoominfoBot (zoominfobot at zoominfo dot com)"
35.185.69.234 - - [07/Aug/2021:09:02:52 +0000] "GET /tour-package.php?id=26 HTTP/1.0" 200 57965 "-" "ZoominfoBot (zoominfobot at zoominfo dot com)"
35.185.69.234 - - [07/Aug/2021:09:02:57 +0000] "GET /tour-package.php?id=12 HTTP/1.0" 302 233 "-" "ZoominfoBot (zoominfobot at zoominfo dot com)"
35.185.69.234 - - [07/Aug/2021:09:02:57 +0000] "GET /tour-package.php?id=12 HTTP/1.0" 200 55085 "-" "ZoominfoBot (zoominfobot at zoominfo dot com)"
66.249.66.74 - - [07/Aug/2021:09:03:55 +0000] "GET /HimachalTourPackage.html HTTP/1.1" 302 235 "-" "Mozilla/5.0 (Linux; Android 6.0.1; Nexus 5X Build/MMB29P) AppleWebKit/537.36 (KHTML, like Gecko) Chrome/92.0.4515.119 Mobile Safari/537.36 (compatible; Googlebot/2.1; +http://www.google.com/bot.html)"
66.249.66.67 - - [07/Aug/2021:09:03:56 +0000] "GET /HimachalTourPackage.html HTTP/1.1" 301 263 "-" "Mozilla/5.0 (Linux; Android 6.0.1; Nexus 5X Build/MMB29P) AppleWebKit/537.36 (KHTML, like Gecko) Chrome/92.0.4515.119 Mobile Safari/537.36 (compatible; Googlebot/2.1; +http://www.google.com/bot.html)"
66.249.73.43 - - [07/Aug/2021:09:03:57 +0000] "GET /HimachalTourPackage.html HTTP/1.1" 200 60429 "-" "Mozilla/5.0 (Linux; Android 6.0.1; Nexus 5X Build/MMB29P) AppleWebKit/537.36 (KHTML, like Gecko) Chrome/92.0.4515.119 Mobile Safari/537.36 (compatible; Googlebot/2.1; +http://www.google.com/bot.html)"
34.75.152.158 - - [07/Aug/2021:09:07:21 +0000] "GET /robots.txt HTTP/1.0" 404 78307 "-" "ZoominfoBot (zoominfobot at zoominfo dot com)"
34.75.152.158 - - [07/Aug/2021:09:07:22 +0000] "GET /tour-package.php?id=17 HTTP/1.0" 200 61812 "-" "ZoominfoBot (zoominfobot at zoominfo dot com)"
35.185.69.234 - - [07/Aug/2021:09:08:35 +0000] "GET /tour-package.php?id=16 HTTP/1.0" 302 233 "-" "ZoominfoBot (zoominfobot at zoominfo dot com)"
35.185.69.234 - - [07/Aug/2021:09:08:35 +0000] "GET /tour-package.php?id=16 HTTP/1.0" 200 65697 "-" "ZoominfoBot (zoominfobot at zoominfo dot com)"
114.119.151.4 - - [07/Aug/2021:09:11:30 +0000] "GET /robots.txt HTTP/1.1" 302 225 "-" "Mozilla/5.0 (compatible;PetalBot;+https://webmaster.petalsearch.com/site/petalbot)"
114.119.151.4 - - [07/Aug/2021:09:11:30 +0000] "GET /robots.txt HTTP/1.1" 404 78307 "-" "Mozilla/5.0 (compatible;PetalBot;+https://webmaster.petalsearch.com/site/petalbot)"
35.185.69.234 - - [07/Aug/2021:09:13:56 +0000] "GET /contact.php HTTP/1.0" 302 222 "-" "ZoominfoBot (zoominfobot at zoominfo dot com)"
35.185.69.234 - - [07/Aug/2021:09:13:56 +0000] "GET /contact.php HTTP/1.0" 200 57552 "-" "ZoominfoBot (zoominfobot at zoominfo dot com)"
35.185.69.234 - - [07/Aug/2021:09:14:18 +0000] "GET /hill-station-tour-packages.php HTTP/1.0" 302 241 "-" "ZoominfoBot (zoominfobot at zoominfo dot com)"
35.185.69.234 - - [07/Aug/2021:09:14:18 +0000] "GET /hill-station-tour-packages.php HTTP/1.0" 200 53993 "-" "ZoominfoBot (zoominfobot at zoominfo dot com)"
106.38.241.133 - - [07/Aug/2021:09:15:47 +0000] "GET / HTTP/1.1" 200 78293 "-" "Sogou web spider/4.0(+http://www.sogou.com/docs/help/webmasters.htm#07)"
34.75.152.158 - - [07/Aug/2021:09:15:53 +0000] "GET /about.php HTTP/1.0" 200 57479 "-" "ZoominfoBot (zoominfobot at zoominfo dot com)"
34.75.152.158 - - [07/Aug/2021:09:19:39 +0000] "GET /RajasthanTour3Days/2Nights.html HTTP/1.0" 404 78328 "-" "ZoominfoBot (zoominfobot at zoominfo dot com)"
106.38.241.122 - - [07/Aug/2021:09:19:40 +0000] "GET / HTTP/1.1" 200 78293 "-" "Sogou web spider/4.0(+http://www.sogou.com/docs/help/webmasters.htm#07)"
34.75.152.158 - - [07/Aug/2021:09:21:03 +0000] "GET /tour-package.php?id=19 HTTP/1.0" 200 65720 "-" "ZoominfoBot (zoominfobot at zoominfo dot com)"
35.185.69.234 - - [07/Aug/2021:09:23:06 +0000] "GET /tour-package.php?id=23 HTTP/1.0" 302 233 "-" "ZoominfoBot (zoominfobot at zoominfo dot com)"
35.185.69.234 - - [07/Aug/2021:09:23:07 +0000] "GET /tour-package.php?id=23 HTTP/1.0" 200 57946 "-" "ZoominfoBot (zoominfobot at zoominfo dot com)"
34.75.152.158 - - [07/Aug/2021:09:23:17 +0000] "GET /Jammu&KashmirPackages.html HTTP/1.0" 200 56924 "-" "ZoominfoBot (zoominfobot at zoominfo dot com)"
34.75.152.158 - - [07/Aug/2021:09:25:30 +0000] "GET /robots.txt HTTP/1.0" 301 249 "-" "ZoominfoBot (zoominfobot at zoominfo dot com)"
34.75.152.158 - - [07/Aug/2021:09:25:31 +0000] "GET /robots.txt HTTP/1.1" 404 78307 "-" "ZoominfoBot (zoominfobot at zoominfo dot com)"
34.75.152.158 - - [07/Aug/2021:09:25:33 +0000] "GET /tour-package.php?id=1 HTTP/1.0" 200 65712 "-" "ZoominfoBot (zoominfobot at zoominfo dot com)"
35.185.69.234 - - [07/Aug/2021:09:28:16 +0000] "GET /tour-package.php?id=13 HTTP/1.0" 302 233 "-" "ZoominfoBot (zoominfobot at zoominfo dot com)"
35.185.69.234 - - [07/Aug/2021:09:28:16 +0000] "GET /tour-package.php?id=13 HTTP/1.0" 200 64719 "-" "ZoominfoBot (zoominfobot at zoominfo dot com)"
34.75.152.158 - - [07/Aug/2021:09:29:24 +0000] "GET /tour-package.php?id=1 HTTP/1.0" 200 65712 "-" "ZoominfoBot (zoominfobot at zoominfo dot com)"
35.185.69.234 - - [07/Aug/2021:09:32:44 +0000] "GET /services.php HTTP/1.0" 302 223 "-" "ZoominfoBot (zoominfobot at zoominfo dot com)"
35.185.69.234 - - [07/Aug/2021:09:32:45 +0000] "GET /services.php HTTP/1.0" 200 56425 "-" "ZoominfoBot (zoominfobot at zoominfo dot com)"
35.185.69.234 - - [07/Aug/2021:09:33:04 +0000] "GET /tour-package.php?id=17 HTTP/1.0" 302 233 "-" "ZoominfoBot (zoominfobot at zoominfo dot com)"
35.185.69.234 - - [07/Aug/2021:09:33:05 +0000] "GET /tour-package.php?id=17 HTTP/1.0" 200 61812 "-" "ZoominfoBot (zoominfobot at zoominfo dot com)"
54.36.148.122 - - [07/Aug/2021:09:34:01 +0000] "GET /robots.txt HTTP/1.1" 404 78307 "-" "Mozilla/5.0 (compatible; AhrefsBot/7.0; +http://ahrefs.com/robot/)"
54.36.148.185 - - [07/Aug/2021:09:34:03 +0000] "GET / HTTP/1.1" 200 78297 "-" "Mozilla/5.0 (compatible; AhrefsBot/7.0; +http://ahrefs.com/robot/)"
34.75.152.158 - - [07/Aug/2021:09:34:06 +0000] "GET /tour-package.php?id=19 HTTP/1.0" 200 65720 "-" "ZoominfoBot (zoominfobot at zoominfo dot com)"
35.185.69.234 - - [07/Aug/2021:09:36:57 +0000] "GET /tour-package.php?id=30 HTTP/1.0" 302 233 "-" "ZoominfoBot (zoominfobot at zoominfo dot com)"
35.185.69.234 - - [07/Aug/2021:09:36:57 +0000] "GET /tour-package.php?id=30 HTTP/1.0" 200 55085 "-" "ZoominfoBot (zoominfobot at zoominfo dot com)"
34.75.152.158 - - [07/Aug/2021:09:37:38 +0000] "GET /tour-package.php?id=28 HTTP/1.0" 200 65751 "-" "ZoominfoBot (zoominfobot at zoominfo dot com)"
34.75.152.158 - - [07/Aug/2021:09:39:26 +0000] "GET /contact.php HTTP/1.0" 200 57552 "-" "ZoominfoBot (zoominfobot at zoominfo dot com)"
34.75.152.158 - - [07/Aug/2021:09:41:03 +0000] "GET /Jammu&KatraTour.html HTTP/1.0" 200 56918 "-" "ZoominfoBot (zoominfobot at zoominfo dot com)"
34.75.152.158 - - [07/Aug/2021:09:41:22 +0000] "GET /tour-package.php?id=17 HTTP/1.0" 200 61812 "-" "ZoominfoBot (zoominfobot at zoominfo dot com)"
35.185.69.234 - - [07/Aug/2021:09:41:27 +0000] "GET /about.php HTTP/1.0" 302 220 "-" "ZoominfoBot (zoominfobot at zoominfo dot com)"
35.185.69.234 - - [07/Aug/2021:09:41:28 +0000] "GET /about.php HTTP/1.0" 200 57479 "-" "ZoominfoBot (zoominfobot at zoominfo dot com)"
35.185.69.234 - - [07/Aug/2021:09:41:51 +0000] "GET /tour-package.php?id=20 HTTP/1.0" 302 233 "-" "ZoominfoBot (zoominfobot at zoominfo dot com)"
35.185.69.234 - - [07/Aug/2021:09:41:51 +0000] "GET /tour-package.php?id=20 HTTP/1.0" 200 58920 "-" "ZoominfoBot (zoominfobot at zoominfo dot com)"
