103.111.33.131 - - [08/Aug/2021:13:34:10 +0000] "GET /js/jquery.scrollUp.min.js HTTP/1.1" 200 2035 "http://www.indiatravelkart.com/tour-package.php?id=14" "Mozilla/5.0 (Windows NT 10.0; Win64; x64) AppleWebKit/537.36 (KHTML, like Gecko) Chrome/92.0.4515.115 Safari/537.36"
103.111.33.131 - - [08/Aug/2021:13:34:10 +0000] "GET /js/waypoints.min.js HTTP/1.1" 200 8044 "http://www.indiatravelkart.com/tour-package.php?id=14" "Mozilla/5.0 (Windows NT 10.0; Win64; x64) AppleWebKit/537.36 (KHTML, like Gecko) Chrome/92.0.4515.115 Safari/537.36"
103.111.33.131 - - [08/Aug/2021:13:34:10 +0000] "GET /js/jquery.counterup.min.js HTTP/1.1" 200 1067 "http://www.indiatravelkart.com/tour-package.php?id=14" "Mozilla/5.0 (Windows NT 10.0; Win64; x64) AppleWebKit/537.36 (KHTML, like Gecko) Chrome/92.0.4515.115 Safari/537.36"
103.111.33.131 - - [08/Aug/2021:13:34:11 +0000] "GET /js/plugins.js HTTP/1.1" 200 760 "http://www.indiatravelkart.com/tour-package.php?id=14" "Mozilla/5.0 (Windows NT 10.0; Win64; x64) AppleWebKit/537.36 (KHTML, like Gecko) Chrome/92.0.4515.115 Safari/537.36"
103.111.33.131 - - [08/Aug/2021:13:34:11 +0000] "GET /js/main.js HTTP/1.1" 200 2518 "http://www.indiatravelkart.com/tour-package.php?id=14" "Mozilla/5.0 (Windows NT 10.0; Win64; x64) AppleWebKit/537.36 (KHTML, like Gecko) Chrome/92.0.4515.115 Safari/537.36"
103.111.33.131 - - [08/Aug/2021:13:34:11 +0000] "GET /img/logo/logo.png HTTP/1.1" 200 16597 "http://www.indiatravelkart.com/tour-package.php?id=14" "Mozilla/5.0 (Windows NT 10.0; Win64; x64) AppleWebKit/537.36 (KHTML, like Gecko) Chrome/92.0.4515.115 Safari/537.36"
103.111.33.131 - - [08/Aug/2021:13:34:12 +0000] "GET /galleryimg/6204518honeymoon.jpg HTTP/1.1" 200 12403 "http://www.indiatravelkart.com/tour-package.php?id=14" "Mozilla/5.0 (Windows NT 10.0; Win64; x64) AppleWebKit/537.36 (KHTML, like Gecko) Chrome/92.0.4515.115 Safari/537.36"
103.111.33.131 - - [08/Aug/2021:13:34:12 +0000] "GET /galleryimg/2516933images.jpg HTTP/1.1" 200 13371 "http://www.indiatravelkart.com/tour-package.php?id=14" "Mozilla/5.0 (Windows NT 10.0; Win64; x64) AppleWebKit/537.36 (KHTML, like Gecko) Chrome/92.0.4515.115 Safari/537.36"
103.111.33.131 - - [08/Aug/2021:13:34:13 +0000] "GET /img/icon/select-bg-three.png HTTP/1.1" 200 1299 "http://www.indiatravelkart.com/style.css" "Mozilla/5.0 (Windows NT 10.0; Win64; x64) AppleWebKit/537.36 (KHTML, like Gecko) Chrome/92.0.4515.115 Safari/537.36"
103.111.33.131 - - [08/Aug/2021:13:34:12 +0000] "GET /galleryimg/e06eab75ec630df006f110cced74726c.jpg HTTP/1.1" 200 378217 "http://www.indiatravelkart.com/tour-package.php?id=14" "Mozilla/5.0 (Windows NT 10.0; Win64; x64) AppleWebKit/537.36 (KHTML, like Gecko) Chrome/92.0.4515.115 Safari/537.36"
103.111.33.131 - - [08/Aug/2021:13:34:14 +0000] "GET /img/banner/transparent-bottom.png HTTP/1.1" 200 4263 "http://www.indiatravelkart.com/style.css" "Mozilla/5.0 (Windows NT 10.0; Win64; x64) AppleWebKit/537.36 (KHTML, like Gecko) Chrome/92.0.4515.115 Safari/537.36"
103.111.33.131 - - [08/Aug/2021:13:34:14 +0000] "GET /img/icon/title-icon-3.png HTTP/1.1" 200 1460 "http://www.indiatravelkart.com/style.css" "Mozilla/5.0 (Windows NT 10.0; Win64; x64) AppleWebKit/537.36 (KHTML, like Gecko) Chrome/92.0.4515.115 Safari/537.36"
103.111.33.131 - - [08/Aug/2021:13:34:16 +0000] "GET /galleryimg/30490797691.jpg HTTP/1.1" 200 33167 "http://www.indiatravelkart.com/tour-package.php?id=14" "Mozilla/5.0 (Windows NT 10.0; Win64; x64) AppleWebKit/537.36 (KHTML, like Gecko) Chrome/92.0.4515.115 Safari/537.36"
103.111.33.131 - - [08/Aug/2021:13:34:16 +0000] "GET /img/payment.png HTTP/1.1" 200 13240 "http://www.indiatravelkart.com/tour-package.php?id=14" "Mozilla/5.0 (Windows NT 10.0; Win64; x64) AppleWebKit/537.36 (KHTML, like Gecko) Chrome/92.0.4515.115 Safari/537.36"
103.111.33.131 - - [08/Aug/2021:13:34:19 +0000] "GET /img/banner/11.jpg HTTP/1.1" 200 496051 "http://www.indiatravelkart.com/style.css" "Mozilla/5.0 (Windows NT 10.0; Win64; x64) AppleWebKit/537.36 (KHTML, like Gecko) Chrome/92.0.4515.115 Safari/537.36"
103.111.33.131 - - [08/Aug/2021:13:34:26 +0000] "GET /img/favicon.ico HTTP/1.1" 200 1150 "http://www.indiatravelkart.com/tour-package.php?id=14" "Mozilla/5.0 (Windows NT 10.0; Win64; x64) AppleWebKit/537.36 (KHTML, like Gecko) Chrome/92.0.4515.115 Safari/537.36"
103.111.33.131 - - [08/Aug/2021:13:34:27 +0000] "GET /img/banner/transparent-2.png HTTP/1.1" 200 4229 "http://www.indiatravelkart.com/style.css" "Mozilla/5.0 (Windows NT 10.0; Win64; x64) AppleWebKit/537.36 (KHTML, like Gecko) Chrome/92.0.4515.115 Safari/537.36"
103.111.33.131 - - [08/Aug/2021:13:34:32 +0000] "GET /fonts/fontawesome-webfont3295.woff2?v=4.5.0 HTTP/1.1" 200 66624 "http://www.indiatravelkart.com/css/font-awesome.min.css" "Mozilla/5.0 (Windows NT 10.0; Win64; x64) AppleWebKit/537.36 (KHTML, like Gecko) Chrome/92.0.4515.115 Safari/537.36"
114.119.151.4 - - [08/Aug/2021:13:36:21 +0000] "GET /DubaiTourPackage.html HTTP/1.1" 200 59557 "-" "Mozilla/5.0 (Linux; Android 7.0;) AppleWebKit/537.36 (KHTML, like Gecko) Mobile Safari/537.36 (compatible; PetalBot;+https://webmaster.petalsearch.com/site/petalbot)"
139.59.20.176 - - [08/Aug/2021:13:39:22 +0000] "GET / HTTP/1.1" 200 78293 "-" "Mozilla/5.0 (Windows NT 10.0; Win64; x64) AppleWebKit/537.36 (KHTML, like Gecko) Chrome/59.0.3071.115 Safari/537.36"
139.59.20.176 - - [08/Aug/2021:13:39:22 +0000] "GET / HTTP/1.1" 200 78293 "-" "Mozilla/5.0 (Windows NT 10.0; Win64; x64) AppleWebKit/537.36 (KHTML, like Gecko) Chrome/59.0.3071.115 Safari/537.36"
40.77.167.10 - - [08/Aug/2021:13:41:55 +0000] "GET /3CountriesMagicTour.html HTTP/1.1" 302 235 "-" "Mozilla/5.0 (compatible; bingbot/2.0; +http://www.bing.com/bingbot.htm)"
40.77.167.10 - - [08/Aug/2021:13:41:56 +0000] "GET /3CountriesMagicTour.html HTTP/1.1" 301 263 "-" "Mozilla/5.0 (compatible; bingbot/2.0; +http://www.bing.com/bingbot.htm)"
49.7.20.95 - - [08/Aug/2021:13:44:47 +0000] "GET / HTTP/1.1" 200 78293 "-" "Sogou web spider/4.0(+http://www.sogou.com/docs/help/webmasters.htm#07)"
66.249.64.70 - - [08/Aug/2021:13:47:00 +0000] "GET /robots.txt HTTP/1.1" 302 221 "-" "Mozilla/5.0 (compatible; Googlebot/2.1; +http://www.google.com/bot.html)"
66.249.64.71 - - [08/Aug/2021:13:47:01 +0000] "GET /robots.txt HTTP/1.1" 301 249 "-" "Mozilla/5.0 (compatible; Googlebot/2.1; +http://www.google.com/bot.html)"
66.249.64.149 - - [08/Aug/2021:13:47:01 +0000] "GET /robots.txt HTTP/1.1" 404 78307 "-" "Mozilla/5.0 (compatible; Googlebot/2.1; +http://www.google.com/bot.html)"
66.249.64.95 - - [08/Aug/2021:13:47:03 +0000] "GET /KeralaAyurvedaTour.html HTTP/1.1" 302 234 "-" "Mozilla/5.0 (Linux; Android 6.0.1; Nexus 5X Build/MMB29P) AppleWebKit/537.36 (KHTML, like Gecko) Chrome/92.0.4515.119 Mobile Safari/537.36 (compatible; Googlebot/2.1; +http://www.google.com/bot.html)"
66.249.64.95 - - [08/Aug/2021:13:47:03 +0000] "GET /KeralaAyurvedaTour.html HTTP/1.1" 301 262 "-" "Mozilla/5.0 (Linux; Android 6.0.1; Nexus 5X Build/MMB29P) AppleWebKit/537.36 (KHTML, like Gecko) Chrome/92.0.4515.119 Mobile Safari/537.36 (compatible; Googlebot/2.1; +http://www.google.com/bot.html)"
66.249.64.155 - - [08/Aug/2021:13:47:04 +0000] "GET /KeralaAyurvedaTour.html HTTP/1.1" 200 61219 "-" "Mozilla/5.0 (Linux; Android 6.0.1; Nexus 5X Build/MMB29P) AppleWebKit/537.36 (KHTML, like Gecko) Chrome/92.0.4515.119 Mobile Safari/537.36 (compatible; Googlebot/2.1; +http://www.google.com/bot.html)"
106.38.241.120 - - [08/Aug/2021:13:50:28 +0000] "GET / HTTP/1.1" 200 78293 "-" "Sogou web spider/4.0(+http://www.sogou.com/docs/help/webmasters.htm#07)"
49.7.20.98 - - [08/Aug/2021:13:59:02 +0000] "GET / HTTP/1.1" 200 78293 "-" "Sogou web spider/4.0(+http://www.sogou.com/docs/help/webmasters.htm#07)"
114.119.155.175 - - [08/Aug/2021:14:00:07 +0000] "GET /HaridwarRishikeshTour.html HTTP/1.1" 200 59160 "-" "Mozilla/5.0 (Linux; Android 7.0;) AppleWebKit/537.36 (KHTML, like Gecko) Mobile Safari/537.36 (compatible; PetalBot;+https://webmaster.petalsearch.com/site/petalbot)"
114.119.155.175 - - [08/Aug/2021:14:09:52 +0000] "GET /AmazingBhutan.html HTTP/1.1" 200 64929 "-" "Mozilla/5.0 (Linux; Android 7.0;) AppleWebKit/537.36 (KHTML, like Gecko) Mobile Safari/537.36 (compatible; PetalBot;+https://webmaster.petalsearch.com/site/petalbot)"
49.7.20.92 - - [08/Aug/2021:14:17:29 +0000] "GET / HTTP/1.1" 200 78293 "-" "Sogou web spider/4.0(+http://www.sogou.com/docs/help/webmasters.htm#07)"
114.119.156.152 - - [08/Aug/2021:14:19:22 +0000] "GET /shimlamanali-chandigarh-cartour.html HTTP/1.1" 200 59545 "-" "Mozilla/5.0 (Linux; Android 7.0;) AppleWebKit/537.36 (KHTML, like Gecko) Mobile Safari/537.36 (compatible; PetalBot;+https://webmaster.petalsearch.com/site/petalbot)"
49.7.20.95 - - [08/Aug/2021:14:21:34 +0000] "GET / HTTP/1.1" 200 78293 "-" "Sogou web spider/4.0(+http://www.sogou.com/docs/help/webmasters.htm#07)"
106.38.241.120 - - [08/Aug/2021:14:29:35 +0000] "GET / HTTP/1.1" 200 78293 "-" "Sogou web spider/4.0(+http://www.sogou.com/docs/help/webmasters.htm#07)"
114.119.152.233 - - [08/Aug/2021:14:31:02 +0000] "GET /SrilankaHolidayTour.html HTTP/1.1" 200 66329 "-" "Mozilla/5.0 (Linux; Android 7.0;) AppleWebKit/537.36 (KHTML, like Gecko) Mobile Safari/537.36 (compatible; PetalBot;+https://webmaster.petalsearch.com/site/petalbot)"
162.215.208.119 - - [08/Aug/2021:14:56:59 +0000] "GET /wp-login.php HTTP/1.1" 301 251 "-" "Mozilla/5.0 (X11; Ubuntu; Linux x86_64; rv:62.0) Gecko/20100101 Firefox/62.0"
162.215.208.119 - - [08/Aug/2021:14:57:00 +0000] "GET /wp-login.php HTTP/1.1" 404 78309 "http://indiatravelkart.com/wp-login.php" "Mozilla/5.0 (X11; Ubuntu; Linux x86_64; rv:62.0) Gecko/20100101 Firefox/62.0"
49.7.20.95 - - [08/Aug/2021:14:59:04 +0000] "GET / HTTP/1.1" 200 78293 "-" "Sogou web spider/4.0(+http://www.sogou.com/docs/help/webmasters.htm#07)"
49.7.20.98 - - [08/Aug/2021:15:01:13 +0000] "GET / HTTP/1.1" 200 78293 "-" "Sogou web spider/4.0(+http://www.sogou.com/docs/help/webmasters.htm#07)"
66.249.64.70 - - [08/Aug/2021:15:07:47 +0000] "GET /dubai/tour-package.php?id=21 HTTP/1.1" 302 239 "-" "Mozilla/5.0 (compatible; Googlebot/2.1; +http://www.google.com/bot.html)"
66.249.64.71 - - [08/Aug/2021:15:07:49 +0000] "GET /dubai/tour-package.php?id=21 HTTP/1.1" 301 267 "-" "Mozilla/5.0 (compatible; Googlebot/2.1; +http://www.google.com/bot.html)"
66.249.64.129 - - [08/Aug/2021:15:07:50 +0000] "GET /dubai/tour-package.php?id=21 HTTP/1.1" 404 78325 "-" "Mozilla/5.0 (compatible; Googlebot/2.1; +http://www.google.com/bot.html)"
193.169.254.217 - - [08/Aug/2021:15:08:41 +0000] "GET /wp-content/themes/botanica-theme/style.css HTTP/1.1" 301 281 "http://indiatravelkart.com/wp-content/themes/botanica-theme/style.css" "Mozilla/5.0 (Windows NT 6.1; WOW64) AppleWebKit/537.36 (KHTML, like Gecko) Chrome/42.0.2311.152 Safari/537.36"
193.169.254.217 - - [08/Aug/2021:15:08:48 +0000] "GET /wp-content/themes/botanica-theme/style.css HTTP/1.1" 404 78339 "http://indiatravelkart.com/wp-content/themes/botanica-theme/style.css" "Mozilla/5.0 (Windows NT 6.1; WOW64) AppleWebKit/537.36 (KHTML, like Gecko) Chrome/42.0.2311.152 Safari/537.36"
49.7.20.92 - - [08/Aug/2021:15:08:57 +0000] "GET / HTTP/1.1" 200 78293 "-" "Sogou web spider/4.0(+http://www.sogou.com/docs/help/webmasters.htm#07)"
106.38.241.120 - - [08/Aug/2021:15:09:45 +0000] "GET / HTTP/1.1" 200 78293 "-" "Sogou web spider/4.0(+http://www.sogou.com/docs/help/webmasters.htm#07)"
114.119.159.39 - - [08/Aug/2021:15:22:52 +0000] "GET /galleryimg/2250638images%20(5 HTTP/1.1" 404 78326 "-" "Mozilla/5.0 (Linux; Android 7.0;) AppleWebKit/537.36 (KHTML, like Gecko) Mobile Safari/537.36 (compatible; PetalBot;+https://webmaster.petalsearch.com/site/petalbot)"
54.36.148.75 - - [08/Aug/2021:15:24:27 +0000] "GET /tour-package.php?id=22 HTTP/1.1" 200 58102 "-" "Mozilla/5.0 (compatible; AhrefsBot/7.0; +http://ahrefs.com/robot/)"
114.119.151.4 - - [08/Aug/2021:15:32:32 +0000] "GET /MunnarTourPackage.html HTTP/1.1" 200 62322 "-" "Mozilla/5.0 (Linux; Android 7.0;) AppleWebKit/537.36 (KHTML, like Gecko) Mobile Safari/537.36 (compatible; PetalBot;+https://webmaster.petalsearch.com/site/petalbot)"
49.7.20.95 - - [08/Aug/2021:15:34:02 +0000] "GET / HTTP/1.1" 200 78293 "-" "Sogou web spider/4.0(+http://www.sogou.com/docs/help/webmasters.htm#07)"
185.244.173.138 - - [08/Aug/2021:15:34:44 +0000] "GET /3index.php?f=/NmRtJOUjAdutReQj/scRjKUhleBpzmTyO.txt HTTP/1.1" 301 277 "-" "Mozilla/5.0 (Windows NT 5.1; Trident/7.0; rv:11.0) like Gecko"
185.244.173.138 - - [08/Aug/2021:15:34:45 +0000] "GET /3?f=/NmRtJOUjAdutReQj/scRjKUhleBpzmTyO.txt HTTP/1.1" 301 281 "-" "Mozilla/5.0 (Windows NT 5.1; Trident/7.0; rv:11.0) like Gecko"
185.244.173.138 - - [08/Aug/2021:15:34:45 +0000] "GET /3?f=/NmRtJOUjAdutReQj/scRjKUhleBpzmTyO.txt HTTP/1.1" 200 50964 "-" "Mozilla/5.0 (Windows NT 5.1; Trident/7.0; rv:11.0) like Gecko"
114.119.156.152 - - [08/Aug/2021:15:42:28 +0000] "GET /ExploreLaddakhvaiManaliTour.html HTTP/1.1" 200 62443 "-" "Mozilla/5.0 (Linux; Android 7.0;) AppleWebKit/537.36 (KHTML, like Gecko) Mobile Safari/537.36 (compatible; PetalBot;+https://webmaster.petalsearch.com/site/petalbot)"
106.38.241.120 - - [08/Aug/2021:15:48:00 +0000] "GET / HTTP/1.1" 200 78293 "-" "Sogou web spider/4.0(+http://www.sogou.com/docs/help/webmasters.htm#07)"
114.119.159.183 - - [08/Aug/2021:15:52:01 +0000] "GET /pagecontents.php?url=Privacy-Policy HTTP/1.1" 200 51008 "-" "Mozilla/5.0 (Linux; Android 7.0;) AppleWebKit/537.36 (KHTML, like Gecko) Mobile Safari/537.36 (compatible; PetalBot;+https://webmaster.petalsearch.com/site/petalbot)"
49.7.20.92 - - [08/Aug/2021:15:57:27 +0000] "GET / HTTP/1.1" 200 78293 "-" "Sogou web spider/4.0(+http://www.sogou.com/docs/help/webmasters.htm#07)"
114.119.151.4 - - [08/Aug/2021:16:02:00 +0000] "GET /galleryimg/9664992darjeeling-tour-package.jpg HTTP/1.1" 200 127908 "-" "Mozilla/5.0 (Linux; Android 7.0;) AppleWebKit/537.36 (KHTML, like Gecko) Mobile Safari/537.36 (compatible; PetalBot;+https://webmaster.petalsearch.com/site/petalbot)"
49.7.20.98 - - [08/Aug/2021:16:02:08 +0000] "GET / HTTP/1.1" 200 78293 "-" "Sogou web spider/4.0(+http://www.sogou.com/docs/help/webmasters.htm#07)"
66.249.64.149 - - [08/Aug/2021:16:06:46 +0000] "GET /pagecontents.php?url=Pyament-Option HTTP/1.1" 200 50964 "-" "Mozilla/5.0 (compatible; Googlebot/2.1; +http://www.google.com/bot.html)"
66.249.64.155 - - [08/Aug/2021:16:06:51 +0000] "GET /js/vendor/jquery-1.11.3.min.js HTTP/1.1" 200 95992 "http://www.indiatravelkart.com/pagecontents.php?url=Pyament-Option" "Mozilla/5.0 AppleWebKit/537.36 (KHTML, like Gecko; compatible; Googlebot/2.1; +http://www.google.com/bot.html) Chrome/92.0.4515.119 Safari/537.36"
49.7.20.95 - - [08/Aug/2021:16:09:09 +0000] "GET / HTTP/1.1" 200 78293 "-" "Sogou web spider/4.0(+http://www.sogou.com/docs/help/webmasters.htm#07)"
34.74.5.189 - - [08/Aug/2021:16:10:24 +0000] "GET /robots.txt HTTP/1.0" 404 78307 "-" "ZoominfoBot (zoominfobot at zoominfo dot com)"
34.74.5.189 - - [08/Aug/2021:16:10:26 +0000] "GET / HTTP/1.0" 200 78297 "-" "ZoominfoBot (zoominfobot at zoominfo dot com)"
34.74.5.189 - - [08/Aug/2021:16:10:35 +0000] "GET /robots.txt HTTP/1.0" 301 249 "-" "ZoominfoBot (zoominfobot at zoominfo dot com)"
34.74.5.189 - - [08/Aug/2021:16:10:35 +0000] "GET /robots.txt HTTP/1.1" 404 78307 "-" "ZoominfoBot (zoominfobot at zoominfo dot com)"
34.74.5.189 - - [08/Aug/2021:16:10:37 +0000] "GET / HTTP/1.0" 200 78293 "-" "ZoominfoBot (zoominfobot at zoominfo dot com)"
114.119.159.183 - - [08/Aug/2021:16:12:07 +0000] "GET /GoaTourPackage.html HTTP/1.1" 200 59761 "-" "Mozilla/5.0 (Linux; Android 7.0;) AppleWebKit/537.36 (KHTML, like Gecko) Mobile Safari/537.36 (compatible; PetalBot;+https://webmaster.petalsearch.com/site/petalbot)"
114.119.129.191 - - [08/Aug/2021:16:21:42 +0000] "GET /galleryimg/08596bbe7a7b4852a666980daea79b10.jpg HTTP/1.1" 200 419841 "-" "Mozilla/5.0 (Linux; Android 7.0;) AppleWebKit/537.36 (KHTML, like Gecko) Mobile Safari/537.36 (compatible; PetalBot;+https://webmaster.petalsearch.com/site/petalbot)"
106.38.241.120 - - [08/Aug/2021:16:23:20 +0000] "GET / HTTP/1.1" 200 78293 "-" "Sogou web spider/4.0(+http://www.sogou.com/docs/help/webmasters.htm#07)"
114.119.152.233 - - [08/Aug/2021:16:31:20 +0000] "GET /cruise-tour-packages.php HTTP/1.1" 200 54000 "-" "Mozilla/5.0 (Linux; Android 7.0;) AppleWebKit/537.36 (KHTML, like Gecko) Mobile Safari/537.36 (compatible; PetalBot;+https://webmaster.petalsearch.com/site/petalbot)"
66.249.64.149 - - [08/Aug/2021:16:35:20 +0000] "GET /tour-package.php?id=23 HTTP/1.1" 200 57946 "-" "Mozilla/5.0 (Linux; Android 6.0.1; Nexus 5X Build/MMB29P) AppleWebKit/537.36 (KHTML, like Gecko) Chrome/92.0.4515.119 Mobile Safari/537.36 (compatible; Googlebot/2.1; +http://www.google.com/bot.html)"
114.119.159.39 - - [08/Aug/2021:16:41:13 +0000] "GET /galleryimg/ HTTP/1.1" 200 50964 "-" "Mozilla/5.0 (Linux; Android 7.0;) AppleWebKit/537.36 (KHTML, like Gecko) Mobile Safari/537.36 (compatible; PetalBot;+https://webmaster.petalsearch.com/site/petalbot)"
49.7.20.95 - - [08/Aug/2021:16:42:40 +0000] "GET / HTTP/1.1" 200 78293 "-" "Sogou web spider/4.0(+http://www.sogou.com/docs/help/webmasters.htm#07)"
49.7.20.92 - - [08/Aug/2021:16:43:30 +0000] "GET / HTTP/1.1" 200 78293 "-" "Sogou web spider/4.0(+http://www.sogou.com/docs/help/webmasters.htm#07)"
114.119.159.39 - - [08/Aug/2021:16:50:41 +0000] "GET /galleryimg/167d26d9d1e0c58ca9ca4cc4db85e5d7.jpg HTTP/1.1" 200 325975 "-" "Mozilla/5.0 (Linux; Android 7.0;) AppleWebKit/537.36 (KHTML, like Gecko) Mobile Safari/537.36 (compatible; PetalBot;+https://webmaster.petalsearch.com/site/petalbot)"
194.127.179.142 - - [08/Aug/2021:16:54:09 +0000] "GET //knt.PhP HTTP/1.1" 301 246 "-" "Python-urllib/2.7"
194.127.179.142 - - [08/Aug/2021:16:55:53 +0000] "GET /knt.PhP HTTP/1.1" 404 78304 "-" "Python-urllib/2.7"
106.38.241.120 - - [08/Aug/2021:16:58:16 +0000] "GET / HTTP/1.1" 200 78293 "-" "Sogou web spider/4.0(+http://www.sogou.com/docs/help/webmasters.htm#07)"
49.7.20.98 - - [08/Aug/2021:17:00:57 +0000] "GET / HTTP/1.1" 200 78293 "-" "Sogou web spider/4.0(+http://www.sogou.com/docs/help/webmasters.htm#07)"
114.119.158.125 - - [08/Aug/2021:17:10:03 +0000] "GET /galleryimg/4421637images%20(3 HTTP/1.1" 404 78326 "-" "Mozilla/5.0 (Linux; Android 7.0;) AppleWebKit/537.36 (KHTML, like Gecko) Mobile Safari/537.36 (compatible; PetalBot;+https://webmaster.petalsearch.com/site/petalbot)"
49.7.20.95 - - [08/Aug/2021:17:15:31 +0000] "GET / HTTP/1.1" 200 78293 "-" "Sogou web spider/4.0(+http://www.sogou.com/docs/help/webmasters.htm#07)"
114.119.152.233 - - [08/Aug/2021:17:19:56 +0000] "GET /galleryimg/8899687Dabai.jpg HTTP/1.1" 200 37658 "-" "Mozilla/5.0 (Linux; Android 7.0;) AppleWebKit/537.36 (KHTML, like Gecko) Mobile Safari/537.36 (compatible; PetalBot;+https://webmaster.petalsearch.com/site/petalbot)"
54.36.148.104 - - [08/Aug/2021:17:20:46 +0000] "GET / HTTP/1.1" 200 78297 "-" "Mozilla/5.0 (compatible; AhrefsBot/7.0; +http://ahrefs.com/robot/)"
212.83.176.120 - - [08/Aug/2021:17:27:05 +0000] "GET /wp-json/wp/v2/users HTTP/1.1" 301 258 "-" "node-fetch/1.0 (+https://github.com/bitinn/node-fetch)"
212.83.176.120 - - [08/Aug/2021:17:27:05 +0000] "GET /feed/ HTTP/1.1" 301 244 "-" "node-fetch/1.0 (+https://github.com/bitinn/node-fetch)"
49.7.20.92 - - [08/Aug/2021:17:29:19 +0000] "GET / HTTP/1.1" 200 78293 "-" "Sogou web spider/4.0(+http://www.sogou.com/docs/help/webmasters.htm#07)"
114.119.156.152 - - [08/Aug/2021:17:29:46 +0000] "GET /DelhiAgraJaipurTour.html HTTP/1.1" 200 60863 "-" "Mozilla/5.0 (Linux; Android 7.0;) AppleWebKit/537.36 (KHTML, like Gecko) Mobile Safari/537.36 (compatible; PetalBot;+https://webmaster.petalsearch.com/site/petalbot)"
106.38.241.120 - - [08/Aug/2021:17:29:49 +0000] "GET / HTTP/1.1" 200 78293 "-" "Sogou web spider/4.0(+http://www.sogou.com/docs/help/webmasters.htm#07)"
114.119.155.175 - - [08/Aug/2021:17:39:09 +0000] "GET /tour-package.php?id=19 HTTP/1.1" 200 65720 "-" "Mozilla/5.0 (Linux; Android 7.0;) AppleWebKit/537.36 (KHTML, like Gecko) Mobile Safari/537.36 (compatible; PetalBot;+https://webmaster.petalsearch.com/site/petalbot)"
49.7.20.95 - - [08/Aug/2021:17:48:15 +0000] "GET / HTTP/1.1" 200 78293 "-" "Sogou web spider/4.0(+http://www.sogou.com/docs/help/webmasters.htm#07)"
114.119.152.233 - - [08/Aug/2021:17:49:29 +0000] "GET /darjeelingtourpackages.html HTTP/1.1" 200 60313 "-" "Mozilla/5.0 (Linux; Android 7.0;) AppleWebKit/537.36 (KHTML, like Gecko) Mobile Safari/537.36 (compatible; PetalBot;+https://webmaster.petalsearch.com/site/petalbot)"
114.119.155.175 - - [08/Aug/2021:17:59:06 +0000] "GET /galleryimg/6455772rajasthan-itinerary01.jpg HTTP/1.1" 200 45087 "-" "Mozilla/5.0 (Linux; Android 7.0;) AppleWebKit/537.36 (KHTML, like Gecko) Mobile Safari/537.36 (compatible; PetalBot;+https://webmaster.petalsearch.com/site/petalbot)"
49.7.20.98 - - [08/Aug/2021:18:01:17 +0000] "GET / HTTP/1.1" 200 78293 "-" "Sogou web spider/4.0(+http://www.sogou.com/docs/help/webmasters.htm#07)"
106.38.241.120 - - [08/Aug/2021:18:01:46 +0000] "GET / HTTP/1.1" 200 78293 "-" "Sogou web spider/4.0(+http://www.sogou.com/docs/help/webmasters.htm#07)"
66.249.64.95 - - [08/Aug/2021:18:06:47 +0000] "GET /tour-package.php?id=21 HTTP/1.1" 302 233 "-" "Mozilla/5.0 (Linux; Android 6.0.1; Nexus 5X Build/MMB29P) AppleWebKit/537.36 (KHTML, like Gecko) Chrome/92.0.4515.119 Mobile Safari/537.36 (compatible; Googlebot/2.1; +http://www.google.com/bot.html)"
66.249.64.95 - - [08/Aug/2021:18:06:47 +0000] "GET /tour-package.php?id=21 HTTP/1.1" 200 57872 "-" "Mozilla/5.0 (Linux; Android 6.0.1; Nexus 5X Build/MMB29P) AppleWebKit/537.36 (KHTML, like Gecko) Chrome/92.0.4515.119 Mobile Safari/537.36 (compatible; Googlebot/2.1; +http://www.google.com/bot.html)"
114.119.159.183 - - [08/Aug/2021:18:08:14 +0000] "GET /BeautifulUttaranchalTour.html HTTP/1.1" 200 61238 "-" "Mozilla/5.0 (Linux; Android 7.0;) AppleWebKit/537.36 (KHTML, like Gecko) Mobile Safari/537.36 (compatible; PetalBot;+https://webmaster.petalsearch.com/site/petalbot)"
194.127.179.142 - - [08/Aug/2021:18:14:50 +0000] "GET //wp-1ogin_bak.php HTTP/1.1" 301 255 "-" "python-requests/2.23.0"
194.127.179.142 - - [08/Aug/2021:18:14:54 +0000] "GET /wp-1ogin_bak.php HTTP/1.1" 404 78313 "-" "python-requests/2.23.0"
194.127.179.142 - - [08/Aug/2021:18:15:00 +0000] "GET //wp-content//wp-1ogin_bak.php HTTP/1.1" 301 266 "-" "python-requests/2.23.0"
194.127.179.142 - - [08/Aug/2021:18:15:07 +0000] "GET /wp-content/wp-1ogin_bak.php HTTP/1.1" 404 78324 "-" "python-requests/2.23.0"
194.127.179.142 - - [08/Aug/2021:18:15:13 +0000] "GET ///wp-admin//wp-1ogin_bak.php HTTP/1.1" 301 264 "-" "python-requests/2.23.0"
194.127.179.142 - - [08/Aug/2021:18:15:21 +0000] "GET /wp-admin/wp-1ogin_bak.php HTTP/1.1" 404 78322 "-" "python-requests/2.23.0"
194.127.179.142 - - [08/Aug/2021:18:15:28 +0000] "GET //wp-content/themes/wp-1ogin_bak.php HTTP/1.1" 301 273 "-" "python-requests/2.23.0"
194.127.179.142 - - [08/Aug/2021:18:15:32 +0000] "GET /wp-content/themes/wp-1ogin_bak.php HTTP/1.1" 404 78331 "-" "python-requests/2.23.0"
114.119.157.24 - - [08/Aug/2021:18:18:01 +0000] "GET /galleryimg/6226802ao-nang-thailand.jpg HTTP/1.1" 200 64591 "-" "Mozilla/5.0 (Linux; Android 7.0;) AppleWebKit/537.36 (KHTML, like Gecko) Mobile Safari/537.36 (compatible; PetalBot;+https://webmaster.petalsearch.com/site/petalbot)"
49.7.20.95 - - [08/Aug/2021:18:20:15 +0000] "GET / HTTP/1.1" 200 78293 "-" "Sogou web spider/4.0(+http://www.sogou.com/docs/help/webmasters.htm#07)"
114.119.156.152 - - [08/Aug/2021:18:27:23 +0000] "GET /MonasticExperienceTour.html HTTP/1.1" 200 60992 "-" "Mozilla/5.0 (Linux; Android 7.0;) AppleWebKit/537.36 (KHTML, like Gecko) Mobile Safari/537.36 (compatible; PetalBot;+https://webmaster.petalsearch.com/site/petalbot)"
66.249.64.95 - - [08/Aug/2021:18:29:38 +0000] "GET /pagecontents.php?url=Privacy-Policy HTTP/1.1" 302 246 "-" "Mozilla/5.0 (Linux; Android 6.0.1; Nexus 5X Build/MMB29P) AppleWebKit/537.36 (KHTML, like Gecko) Chrome/92.0.4515.119 Mobile Safari/537.36 (compatible; Googlebot/2.1; +http://www.google.com/bot.html)"
66.249.64.71 - - [08/Aug/2021:18:29:39 +0000] "GET /pagecontents.php?url=Privacy-Policy HTTP/1.1" 200 51008 "-" "Mozilla/5.0 (Linux; Android 6.0.1; Nexus 5X Build/MMB29P) AppleWebKit/537.36 (KHTML, like Gecko) Chrome/92.0.4515.119 Mobile Safari/537.36 (compatible; Googlebot/2.1; +http://www.google.com/bot.html)"
106.38.241.120 - - [08/Aug/2021:18:32:04 +0000] "GET / HTTP/1.1" 200 78293 "-" "Sogou web spider/4.0(+http://www.sogou.com/docs/help/webmasters.htm#07)"
212.83.176.120 - - [08/Aug/2021:18:35:20 +0000] "GET /feed/ HTTP/1.1" 200 50964 "-" "node-fetch/1.0 (+https://github.com/bitinn/node-fetch)"
212.83.176.120 - - [08/Aug/2021:18:35:20 +0000] "GET /wp-json/wp/v2/users HTTP/1.1" 404 78316 "-" "node-fetch/1.0 (+https://github.com/bitinn/node-fetch)"
114.119.159.39 - - [08/Aug/2021:18:37:22 +0000] "GET /pagecontents.php?url=Pyament-Option HTTP/1.1" 200 50964 "-" "Mozilla/5.0 (Linux; Android 7.0;) AppleWebKit/537.36 (KHTML, like Gecko) Mobile Safari/537.36 (compatible; PetalBot;+https://webmaster.petalsearch.com/site/petalbot)"
114.119.134.245 - - [08/Aug/2021:18:47:22 +0000] "GET /galleryimg/6663220download%20(2 HTTP/1.1" 404 78328 "-" "Mozilla/5.0 (Linux; Android 7.0;) AppleWebKit/537.36 (KHTML, like Gecko) Mobile Safari/537.36 (compatible; PetalBot;+https://webmaster.petalsearch.com/site/petalbot)"
49.7.20.95 - - [08/Aug/2021:18:53:35 +0000] "GET / HTTP/1.1" 200 78293 "-" "Sogou web spider/4.0(+http://www.sogou.com/docs/help/webmasters.htm#07)"
114.119.152.233 - - [08/Aug/2021:18:56:57 +0000] "GET /galleryimg/6147300hongkong-harbour-xlarge.jpg HTTP/1.1" 200 182294 "-" "Mozilla/5.0 (Linux; Android 7.0;) AppleWebKit/537.36 (KHTML, like Gecko) Mobile Safari/537.36 (compatible; PetalBot;+https://webmaster.petalsearch.com/site/petalbot)"
114.119.159.39 - - [08/Aug/2021:19:06:49 +0000] "GET /tour-package.php?id=14 HTTP/1.1" 200 58793 "-" "Mozilla/5.0 (Linux; Android 7.0;) AppleWebKit/537.36 (KHTML, like Gecko) Mobile Safari/537.36 (compatible; PetalBot;+https://webmaster.petalsearch.com/site/petalbot)"
49.7.20.98 - - [08/Aug/2021:19:09:13 +0000] "GET / HTTP/1.1" 200 78293 "-" "Sogou web spider/4.0(+http://www.sogou.com/docs/help/webmasters.htm#07)"
114.119.155.175 - - [08/Aug/2021:19:16:17 +0000] "GET /about.php HTTP/1.1" 200 57479 "-" "Mozilla/5.0 (Linux; Android 7.0;) AppleWebKit/537.36 (KHTML, like Gecko) Mobile Safari/537.36 (compatible; PetalBot;+https://webmaster.petalsearch.com/site/petalbot)"
114.119.155.175 - - [08/Aug/2021:19:26:06 +0000] "GET /galleryimg/4449726Jodhpur-tour.jpg HTTP/1.1" 200 46231 "-" "Mozilla/5.0 (Linux; Android 7.0;) AppleWebKit/537.36 (KHTML, like Gecko) Mobile Safari/537.36 (compatible; PetalBot;+https://webmaster.petalsearch.com/site/petalbot)"
49.7.20.95 - - [08/Aug/2021:19:26:09 +0000] "GET / HTTP/1.1" 200 78293 "-" "Sogou web spider/4.0(+http://www.sogou.com/docs/help/webmasters.htm#07)"
106.38.241.120 - - [08/Aug/2021:19:34:53 +0000] "GET / HTTP/1.1" 200 78293 "-" "Sogou web spider/4.0(+http://www.sogou.com/docs/help/webmasters.htm#07)"
114.119.156.152 - - [08/Aug/2021:19:35:58 +0000] "GET /JammuKashmirTour.html HTTP/1.1" 200 62875 "-" "Mozilla/5.0 (Linux; Android 7.0;) AppleWebKit/537.36 (KHTML, like Gecko) Mobile Safari/537.36 (compatible; PetalBot;+https://webmaster.petalsearch.com/site/petalbot)"
114.119.155.175 - - [08/Aug/2021:19:45:09 +0000] "GET /SingaporeBaliTourPackage.html HTTP/1.1" 200 63442 "-" "Mozilla/5.0 (Linux; Android 7.0;) AppleWebKit/537.36 (KHTML, like Gecko) Mobile Safari/537.36 (compatible; PetalBot;+https://webmaster.petalsearch.com/site/petalbot)"
114.119.157.24 - - [08/Aug/2021:19:55:01 +0000] "GET /galleryimg/6715942darj_i0005d7.jpg HTTP/1.1" 200 30425 "-" "Mozilla/5.0 (Linux; Android 7.0;) AppleWebKit/537.36 (KHTML, like Gecko) Mobile Safari/537.36 (compatible; PetalBot;+https://webmaster.petalsearch.com/site/petalbot)"
49.7.20.95 - - [08/Aug/2021:19:59:34 +0000] "GET / HTTP/1.1" 200 78293 "-" "Sogou web spider/4.0(+http://www.sogou.com/docs/help/webmasters.htm#07)"
185.254.31.122 - - [08/Aug/2021:20:00:35 +0000] "GET /.env HTTP/1.1" 302 219 "-" "Mozilla/5.0 (X11; Linux x86_64) AppleWebKit/537.36 (KHTML, like Gecko) Chrome/81.0.4044.129 Safari/537.36"
185.254.31.122 - - [08/Aug/2021:20:00:36 +0000] "POST /.env HTTP/1.1" 302 219 "-" "Mozilla/5.0 (X11; Linux x86_64) AppleWebKit/537.36 (KHTML, like Gecko) Chrome/81.0.4044.129 Safari/537.36"
114.119.158.125 - - [08/Aug/2021:20:04:28 +0000] "GET /hill-station-tour-packages.php HTTP/1.1" 200 53993 "-" "Mozilla/5.0 (Linux; Android 7.0;) AppleWebKit/537.36 (KHTML, like Gecko) Mobile Safari/537.36 (compatible; PetalBot;+https://webmaster.petalsearch.com/site/petalbot)"
106.38.241.120 - - [08/Aug/2021:20:06:21 +0000] "GET / HTTP/1.1" 200 78293 "-" "Sogou web spider/4.0(+http://www.sogou.com/docs/help/webmasters.htm#07)"
114.119.129.191 - - [08/Aug/2021:20:14:24 +0000] "GET /galleryimg/1510944jammu-and-kashmir-tourism.jpg HTTP/1.1" 200 181848 "-" "Mozilla/5.0 (Linux; Android 7.0;) AppleWebKit/537.36 (KHTML, like Gecko) Mobile Safari/537.36 (compatible; PetalBot;+https://webmaster.petalsearch.com/site/petalbot)"
49.7.20.98 - - [08/Aug/2021:20:21:18 +0000] "GET / HTTP/1.1" 200 78293 "-" "Sogou web spider/4.0(+http://www.sogou.com/docs/help/webmasters.htm#07)"
66.249.64.143 - - [08/Aug/2021:20:29:38 +0000] "GET / HTTP/1.1" 302 215 "-" "Mozilla/5.0 (compatible; Googlebot/2.1; +http://www.google.com/bot.html)"
66.249.64.155 - - [08/Aug/2021:20:29:39 +0000] "GET / HTTP/1.1" 200 78297 "-" "Mozilla/5.0 (compatible; Googlebot/2.1; +http://www.google.com/bot.html)"
49.7.20.95 - - [08/Aug/2021:20:31:48 +0000] "GET / HTTP/1.1" 200 78293 "-" "Sogou web spider/4.0(+http://www.sogou.com/docs/help/webmasters.htm#07)"
114.119.152.233 - - [08/Aug/2021:20:35:11 +0000] "GET /CORBETTTOUR.html HTTP/1.1" 200 59226 "-" "Mozilla/5.0 (Linux; Android 7.0;) AppleWebKit/537.36 (KHTML, like Gecko) Mobile Safari/537.36 (compatible; PetalBot;+https://webmaster.petalsearch.com/site/petalbot)"
106.38.241.120 - - [08/Aug/2021:20:35:54 +0000] "GET / HTTP/1.1" 200 78293 "-" "Sogou web spider/4.0(+http://www.sogou.com/docs/help/webmasters.htm#07)"
114.119.134.245 - - [08/Aug/2021:20:44:43 +0000] "GET /tour-package.php?id=27 HTTP/1.1" 200 58674 "-" "Mozilla/5.0 (Linux; Android 7.0;) AppleWebKit/537.36 (KHTML, like Gecko) Mobile Safari/537.36 (compatible; PetalBot;+https://webmaster.petalsearch.com/site/petalbot)"
114.119.151.4 - - [08/Aug/2021:20:54:43 +0000] "GET /galleryimg/3e9c91af3ed88b903c272ccff7341411.jpg HTTP/1.1" 200 68023 "-" "Mozilla/5.0 (Linux; Android 7.0;) AppleWebKit/537.36 (KHTML, like Gecko) Mobile Safari/537.36 (compatible; PetalBot;+https://webmaster.petalsearch.com/site/petalbot)"
207.46.13.49 - - [08/Aug/2021:21:01:39 +0000] "GET /robots.txt HTTP/1.1" 302 221 "-" "Mozilla/5.0 (compatible; bingbot/2.0; +http://www.bing.com/bingbot.htm)"
207.46.13.49 - - [08/Aug/2021:21:01:40 +0000] "GET /robots.txt HTTP/1.1" 302 221 "-" "Mozilla/5.0 (compatible; bingbot/2.0; +http://www.bing.com/bingbot.htm)"
40.77.167.103 - - [08/Aug/2021:21:01:48 +0000] "GET / HTTP/1.1" 302 211 "-" "Mozilla/5.0 (compatible; bingbot/2.0; +http://www.bing.com/bingbot.htm)"
40.77.167.103 - - [08/Aug/2021:21:01:49 +0000] "GET / HTTP/1.1" 200 78293 "-" "Mozilla/5.0 (compatible; bingbot/2.0; +http://www.bing.com/bingbot.htm)"
49.7.20.95 - - [08/Aug/2021:21:02:23 +0000] "GET / HTTP/1.1" 200 78293 "-" "Sogou web spider/4.0(+http://www.sogou.com/docs/help/webmasters.htm#07)"
114.119.159.39 - - [08/Aug/2021:21:04:38 +0000] "GET /MunnarThekkadyTourPackage.html HTTP/1.1" 200 62326 "-" "Mozilla/5.0 (Linux; Android 7.0;) AppleWebKit/537.36 (KHTML, like Gecko) Mobile Safari/537.36 (compatible; PetalBot;+https://webmaster.petalsearch.com/site/petalbot)"
106.38.241.120 - - [08/Aug/2021:21:05:36 +0000] "GET / HTTP/1.1" 200 78293 "-" "Sogou web spider/4.0(+http://www.sogou.com/docs/help/webmasters.htm#07)"
114.119.155.175 - - [08/Aug/2021:21:14:08 +0000] "GET /.html HTTP/1.1" 403 214 "-" "Mozilla/5.0 (Linux; Android 7.0;) AppleWebKit/537.36 (KHTML, like Gecko) Mobile Safari/537.36 (compatible; PetalBot;+https://webmaster.petalsearch.com/site/petalbot)"
66.249.64.94 - - [08/Aug/2021:21:26:47 +0000] "GET /Jammu&KatraTour.html HTTP/1.1" 302 235 "-" "Mozilla/5.0 (Linux; Android 6.0.1; Nexus 5X Build/MMB29P) AppleWebKit/537.36 (KHTML, like Gecko) Chrome/92.0.4515.119 Mobile Safari/537.36 (compatible; Googlebot/2.1; +http://www.google.com/bot.html)"
66.249.64.70 - - [08/Aug/2021:21:26:47 +0000] "GET /Jammu&KatraTour.html HTTP/1.1" 301 263 "-" "Mozilla/5.0 (Linux; Android 6.0.1; Nexus 5X Build/MMB29P) AppleWebKit/537.36 (KHTML, like Gecko) Chrome/92.0.4515.119 Mobile Safari/537.36 (compatible; Googlebot/2.1; +http://www.google.com/bot.html)"
66.249.64.149 - - [08/Aug/2021:21:26:48 +0000] "GET /Jammu&KatraTour.html HTTP/1.1" 200 56918 "-" "Mozilla/5.0 (Linux; Android 6.0.1; Nexus 5X Build/MMB29P) AppleWebKit/537.36 (KHTML, like Gecko) Chrome/92.0.4515.119 Mobile Safari/537.36 (compatible; Googlebot/2.1; +http://www.google.com/bot.html)"
54.36.149.16 - - [08/Aug/2021:21:29:47 +0000] "GET /tour-package.php?id=23 HTTP/1.1" 200 57946 "-" "Mozilla/5.0 (compatible; AhrefsBot/7.0; +http://ahrefs.com/robot/)"
49.7.20.98 - - [08/Aug/2021:21:30:58 +0000] "GET / HTTP/1.1" 200 78293 "-" "Sogou web spider/4.0(+http://www.sogou.com/docs/help/webmasters.htm#07)"
66.249.64.155 - - [08/Aug/2021:21:31:42 +0000] "GET /RajasthanHeritageCultureTour.html HTTP/1.1" 200 63178 "-" "Mozilla/5.0 (compatible; Googlebot/2.1; +http://www.google.com/bot.html)"
49.7.20.95 - - [08/Aug/2021:21:32:28 +0000] "GET / HTTP/1.1" 200 78293 "-" "Sogou web spider/4.0(+http://www.sogou.com/docs/help/webmasters.htm#07)"
106.38.241.120 - - [08/Aug/2021:21:34:17 +0000] "GET / HTTP/1.1" 200 78293 "-" "Sogou web spider/4.0(+http://www.sogou.com/docs/help/webmasters.htm#07)"
114.119.152.233 - - [08/Aug/2021:21:42:47 +0000] "GET /galleryimg/7502367images%20(5 HTTP/1.1" 404 78326 "-" "Mozilla/5.0 (Linux; Android 7.0;) AppleWebKit/537.36 (KHTML, like Gecko) Mobile Safari/537.36 (compatible; PetalBot;+https://webmaster.petalsearch.com/site/petalbot)"
114.119.159.39 - - [08/Aug/2021:21:57:23 +0000] "GET /galleryimg/144074528.jpg HTTP/1.1" 200 185746 "-" "Mozilla/5.0 (Linux; Android 7.0;) AppleWebKit/537.36 (KHTML, like Gecko) Mobile Safari/537.36 (compatible; PetalBot;+https://webmaster.petalsearch.com/site/petalbot)"
49.7.20.95 - - [08/Aug/2021:22:01:13 +0000] "GET / HTTP/1.1" 200 78293 "-" "Sogou web spider/4.0(+http://www.sogou.com/docs/help/webmasters.htm#07)"
106.38.241.120 - - [08/Aug/2021:22:02:05 +0000] "GET / HTTP/1.1" 200 78293 "-" "Sogou web spider/4.0(+http://www.sogou.com/docs/help/webmasters.htm#07)"
66.249.64.94 - - [08/Aug/2021:22:02:51 +0000] "GET /css/font-awesome.min.css HTTP/1.1" 302 235 "https://indiatravelkart.com/Hongkong%E2%80%93Macau%E2%80%93Shenzhen%E2%80%93DisneylandTour.html" "Mozilla/5.0 AppleWebKit/537.36 (KHTML, like Gecko; compatible; Googlebot/2.1; +http://www.google.com/bot.html) Chrome/92.0.4515.119 Safari/537.36"
66.249.64.94 - - [08/Aug/2021:22:02:51 +0000] "GET /style.css HTTP/1.1" 302 220 "https://indiatravelkart.com/Hongkong%E2%80%93Macau%E2%80%93Shenzhen%E2%80%93DisneylandTour.html" "Mozilla/5.0 AppleWebKit/537.36 (KHTML, like Gecko; compatible; Googlebot/2.1; +http://www.google.com/bot.html) Chrome/92.0.4515.119 Safari/537.36"
66.249.64.70 - - [08/Aug/2021:22:02:53 +0000] "GET /css/responsive.css HTTP/1.1" 302 229 "https://indiatravelkart.com/Hongkong%E2%80%93Macau%E2%80%93Shenzhen%E2%80%93DisneylandTour.html" "Mozilla/5.0 AppleWebKit/537.36 (KHTML, like Gecko; compatible; Googlebot/2.1; +http://www.google.com/bot.html) Chrome/92.0.4515.119 Safari/537.36"
114.119.156.152 - - [08/Aug/2021:22:07:23 +0000] "GET /tour-package.php?id=13 HTTP/1.1" 200 64719 "-" "Mozilla/5.0 (Linux; Android 7.0;) AppleWebKit/537.36 (KHTML, like Gecko) Mobile Safari/537.36 (compatible; PetalBot;+https://webmaster.petalsearch.com/site/petalbot)"
114.119.156.152 - - [08/Aug/2021:22:18:57 +0000] "GET /index.html HTTP/1.1" 302 221 "-" "Mozilla/5.0 (Linux; Android 7.0;) AppleWebKit/537.36 (KHTML, like Gecko) Mobile Safari/537.36 (compatible; PetalBot;+https://webmaster.petalsearch.com/site/petalbot)"
114.119.156.152 - - [08/Aug/2021:22:18:57 +0000] "GET /index.html HTTP/1.1" 301 249 "-" "Mozilla/5.0 (Linux; Android 7.0;) AppleWebKit/537.36 (KHTML, like Gecko) Mobile Safari/537.36 (compatible; PetalBot;+https://webmaster.petalsearch.com/site/petalbot)"
114.119.156.152 - - [08/Aug/2021:22:18:57 +0000] "GET /index.html HTTP/1.1" 200 56908 "-" "Mozilla/5.0 (Linux; Android 7.0;) AppleWebKit/537.36 (KHTML, like Gecko) Mobile Safari/537.36 (compatible; PetalBot;+https://webmaster.petalsearch.com/site/petalbot)"
3.223.3.66 - - [08/Aug/2021:22:24:49 +0000] "GET / HTTP/1.1" 200 78293 "-" "Mozilla/5.0 (Macintosh; Intel Mac OS X 10_15_0) AppleWebKit/537.36 (KHTML, like Gecko) Chrome/78.0.3904.87 Safari/537.36"
114.119.134.245 - - [08/Aug/2021:22:29:00 +0000] "GET /galleryimg/1004642hongkong1.jpg HTTP/1.1" 200 644383 "-" "Mozilla/5.0 (Linux; Android 7.0;) AppleWebKit/537.36 (KHTML, like Gecko) Mobile Safari/537.36 (compatible; PetalBot;+https://webmaster.petalsearch.com/site/petalbot)"
106.38.241.120 - - [08/Aug/2021:22:29:26 +0000] "GET / HTTP/1.1" 200 78293 "-" "Sogou web spider/4.0(+http://www.sogou.com/docs/help/webmasters.htm#07)"
49.7.20.95 - - [08/Aug/2021:22:29:43 +0000] "GET / HTTP/1.1" 200 78293 "-" "Sogou web spider/4.0(+http://www.sogou.com/docs/help/webmasters.htm#07)"
49.7.20.98 - - [08/Aug/2021:22:38:20 +0000] "GET / HTTP/1.1" 200 78293 "-" "Sogou web spider/4.0(+http://www.sogou.com/docs/help/webmasters.htm#07)"
34.74.229.138 - - [08/Aug/2021:22:46:55 +0000] "GET /robots.txt HTTP/1.0" 404 78307 "-" "ZoominfoBot (zoominfobot at zoominfo dot com)"
34.74.229.138 - - [08/Aug/2021:22:46:56 +0000] "GET / HTTP/1.0" 200 78297 "-" "ZoominfoBot (zoominfobot at zoominfo dot com)"
34.74.229.138 - - [08/Aug/2021:22:47:06 +0000] "GET /robots.txt HTTP/1.0" 301 249 "-" "ZoominfoBot (zoominfobot at zoominfo dot com)"
34.74.229.138 - - [08/Aug/2021:22:47:06 +0000] "GET /robots.txt HTTP/1.1" 404 78307 "-" "ZoominfoBot (zoominfobot at zoominfo dot com)"
34.74.229.138 - - [08/Aug/2021:22:47:08 +0000] "GET / HTTP/1.0" 200 78293 "-" "ZoominfoBot (zoominfobot at zoominfo dot com)"
194.127.179.142 - - [08/Aug/2021:22:51:49 +0000] "GET //wp-1ogin_bak.php HTTP/1.1" 301 255 "-" "Python-urllib/2.7"
114.119.134.245 - - [08/Aug/2021:22:53:48 +0000] "GET /galleryimg/6020861rajasthan-tour-package.jpg HTTP/1.1" 200 32169 "-" "Mozilla/5.0 (Linux; Android 7.0;) AppleWebKit/537.36 (KHTML, like Gecko) Mobile Safari/537.36 (compatible; PetalBot;+https://webmaster.petalsearch.com/site/petalbot)"
194.127.179.142 - - [08/Aug/2021:22:54:11 +0000] "GET /wp-1ogin_bak.php HTTP/1.1" 404 78313 "-" "Python-urllib/2.7"
49.7.20.95 - - [08/Aug/2021:22:59:38 +0000] "GET / HTTP/1.1" 200 78293 "-" "Sogou web spider/4.0(+http://www.sogou.com/docs/help/webmasters.htm#07)"
114.119.157.24 - - [08/Aug/2021:23:03:39 +0000] "GET /galleryimg/7085757images%20(3 HTTP/1.1" 404 78326 "-" "Mozilla/5.0 (Linux; Android 7.0;) AppleWebKit/537.36 (KHTML, like Gecko) Mobile Safari/537.36 (compatible; PetalBot;+https://webmaster.petalsearch.com/site/petalbot)"
185.191.171.2 - - [08/Aug/2021:23:24:10 +0000] "GET /robots.txt HTTP/1.1" 404 78307 "-" "Mozilla/5.0 (compatible; SemrushBot/7~bl; +http://www.semrush.com/bot.html)"
185.191.171.6 - - [08/Aug/2021:23:24:11 +0000] "GET /tour-package.php?id=23 HTTP/1.1" 200 57946 "-" "Mozilla/5.0 (compatible; SemrushBot/7~bl; +http://www.semrush.com/bot.html)"
106.38.241.120 - - [08/Aug/2021:23:27:53 +0000] "GET / HTTP/1.1" 200 78293 "-" "Sogou web spider/4.0(+http://www.sogou.com/docs/help/webmasters.htm#07)"
49.7.20.95 - - [08/Aug/2021:23:29:07 +0000] "GET / HTTP/1.1" 200 78293 "-" "Sogou web spider/4.0(+http://www.sogou.com/docs/help/webmasters.htm#07)"
114.119.155.175 - - [08/Aug/2021:23:31:30 +0000] "GET /Jammu&KatraTour.html HTTP/1.1" 200 56918 "-" "Mozilla/5.0 (Linux; Android 7.0;) AppleWebKit/537.36 (KHTML, like Gecko) Mobile Safari/537.36 (compatible; PetalBot;+https://webmaster.petalsearch.com/site/petalbot)"
114.119.129.191 - - [08/Aug/2021:23:43:06 +0000] "GET /ThailandTourPackage.html HTTP/1.1" 200 59959 "-" "Mozilla/5.0 (Linux; Android 7.0;) AppleWebKit/537.36 (KHTML, like Gecko) Mobile Safari/537.36 (compatible; PetalBot;+https://webmaster.petalsearch.com/site/petalbot)"
49.7.20.98 - - [08/Aug/2021:23:45:30 +0000] "GET / HTTP/1.1" 200 78293 "-" "Sogou web spider/4.0(+http://www.sogou.com/docs/help/webmasters.htm#07)"
114.119.157.24 - - [08/Aug/2021:23:53:01 +0000] "GET /tour-package.php?id=22 HTTP/1.1" 200 58102 "-" "Mozilla/5.0 (Linux; Android 7.0;) AppleWebKit/537.36 (KHTML, like Gecko) Mobile Safari/537.36 (compatible; PetalBot;+https://webmaster.petalsearch.com/site/petalbot)"
106.38.241.120 - - [08/Aug/2021:23:58:11 +0000] "GET / HTTP/1.1" 200 78293 "-" "Sogou web spider/4.0(+http://www.sogou.com/docs/help/webmasters.htm#07)"
49.7.20.95 - - [09/Aug/2021:00:00:28 +0000] "GET / HTTP/1.1" 200 78293 "-" "Sogou web spider/4.0(+http://www.sogou.com/docs/help/webmasters.htm#07)"
114.119.151.4 - - [09/Aug/2021:00:18:01 +0000] "GET /galleryimg/557599e98efa0a2d7d86b6aa36808980.jpg HTTP/1.1" 200 75807 "-" "Mozilla/5.0 (Linux; Android 7.0;) AppleWebKit/537.36 (KHTML, like Gecko) Mobile Safari/537.36 (compatible; PetalBot;+https://webmaster.petalsearch.com/site/petalbot)"
106.38.241.120 - - [09/Aug/2021:00:26:42 +0000] "GET / HTTP/1.1" 200 78293 "-" "Sogou web spider/4.0(+http://www.sogou.com/docs/help/webmasters.htm#07)"
49.7.20.95 - - [09/Aug/2021:00:28:44 +0000] "GET / HTTP/1.1" 200 78293 "-" "Sogou web spider/4.0(+http://www.sogou.com/docs/help/webmasters.htm#07)"
114.119.151.4 - - [09/Aug/2021:00:48:59 +0000] "GET /family-fun-tour-packages.php HTTP/1.1" 200 53987 "-" "Mozilla/5.0 (Linux; Android 7.0;) AppleWebKit/537.36 (KHTML, like Gecko) Mobile Safari/537.36 (compatible; PetalBot;+https://webmaster.petalsearch.com/site/petalbot)"
49.7.20.98 - - [09/Aug/2021:00:52:06 +0000] "GET / HTTP/1.1" 200 78293 "-" "Sogou web spider/4.0(+http://www.sogou.com/docs/help/webmasters.htm#07)"
106.38.241.120 - - [09/Aug/2021:00:56:35 +0000] "GET / HTTP/1.1" 200 78293 "-" "Sogou web spider/4.0(+http://www.sogou.com/docs/help/webmasters.htm#07)"
114.119.157.24 - - [09/Aug/2021:00:58:35 +0000] "GET /BeautifulBhutan.html HTTP/1.1" 200 62795 "-" "Mozilla/5.0 (Linux; Android 7.0;) AppleWebKit/537.36 (KHTML, like Gecko) Mobile Safari/537.36 (compatible; PetalBot;+https://webmaster.petalsearch.com/site/petalbot)"
49.7.20.95 - - [09/Aug/2021:00:59:35 +0000] "GET / HTTP/1.1" 200 78293 "-" "Sogou web spider/4.0(+http://www.sogou.com/docs/help/webmasters.htm#07)"
114.119.157.24 - - [09/Aug/2021:01:08:35 +0000] "GET /LittleTibetExperience.html HTTP/1.1" 200 61463 "-" "Mozilla/5.0 (Linux; Android 7.0;) AppleWebKit/537.36 (KHTML, like Gecko) Mobile Safari/537.36 (compatible; PetalBot;+https://webmaster.petalsearch.com/site/petalbot)"
35.223.25.142 - - [09/Aug/2021:01:17:58 +0000] "GET / HTTP/1.1" 200 78293 "-" "-"
114.119.158.125 - - [09/Aug/2021:01:18:58 +0000] "GET /index-2.html HTTP/1.1" 301 251 "-" "Mozilla/5.0 (Linux; Android 7.0;) AppleWebKit/537.36 (KHTML, like Gecko) Mobile Safari/537.36 (compatible; PetalBot;+https://webmaster.petalsearch.com/site/petalbot)"
114.119.158.125 - - [09/Aug/2021:01:18:58 +0000] "GET /index-2.html HTTP/1.1" 200 56910 "-" "Mozilla/5.0 (Linux; Android 7.0;) AppleWebKit/537.36 (KHTML, like Gecko) Mobile Safari/537.36 (compatible; PetalBot;+https://webmaster.petalsearch.com/site/petalbot)"
106.38.241.120 - - [09/Aug/2021:01:24:29 +0000] "GET / HTTP/1.1" 200 78293 "-" "Sogou web spider/4.0(+http://www.sogou.com/docs/help/webmasters.htm#07)"
49.7.20.95 - - [09/Aug/2021:01:26:45 +0000] "GET / HTTP/1.1" 200 78293 "-" "Sogou web spider/4.0(+http://www.sogou.com/docs/help/webmasters.htm#07)"
54.36.148.196 - - [09/Aug/2021:01:28:48 +0000] "GET / HTTP/1.1" 200 78293 "-" "Mozilla/5.0 (compatible; AhrefsBot/7.0; +http://ahrefs.com/robot/)"
114.119.155.175 - - [09/Aug/2021:01:29:20 +0000] "GET /GangtokTourPackage.html HTTP/1.1" 200 59975 "-" "Mozilla/5.0 (Linux; Android 7.0;) AppleWebKit/537.36 (KHTML, like Gecko) Mobile Safari/537.36 (compatible; PetalBot;+https://webmaster.petalsearch.com/site/petalbot)"
40.77.167.10 - - [09/Aug/2021:01:30:53 +0000] "GET /beach-tour-packages.php HTTP/1.1" 302 234 "-" "Mozilla/5.0 (compatible; bingbot/2.0; +http://www.bing.com/bingbot.htm)"
40.77.167.10 - - [09/Aug/2021:01:30:54 +0000] "GET /beach-tour-packages.php HTTP/1.1" 200 55265 "-" "Mozilla/5.0 (compatible; bingbot/2.0; +http://www.bing.com/bingbot.htm)"
49.7.20.92 - - [09/Aug/2021:01:49:07 +0000] "GET / HTTP/1.1" 200 78293 "-" "Sogou web spider/4.0(+http://www.sogou.com/docs/help/webmasters.htm#07)"
114.119.134.245 - - [09/Aug/2021:01:50:48 +0000] "GET /SrilankaHoneymoonTour.html HTTP/1.1" 200 65132 "-" "Mozilla/5.0 (Linux; Android 7.0;) AppleWebKit/537.36 (KHTML, like Gecko) Mobile Safari/537.36 (compatible; PetalBot;+https://webmaster.petalsearch.com/site/petalbot)"
34.78.64.164 - - [09/Aug/2021:01:52:27 +0000] "GET / HTTP/1.1" 200 78297 "-" "Mozilla/5.0 (Windows NT 10.0; Win64; x64) AppleWebKit/537.36 (KHTML, like Gecko) Chrome/84.0.4147.105 Safari/537.36"
49.7.20.98 - - [09/Aug/2021:01:57:27 +0000] "GET / HTTP/1.1" 200 78293 "-" "Sogou web spider/4.0(+http://www.sogou.com/docs/help/webmasters.htm#07)"
49.7.20.95 - - [09/Aug/2021:01:57:41 +0000] "GET / HTTP/1.1" 200 78293 "-" "Sogou web spider/4.0(+http://www.sogou.com/docs/help/webmasters.htm#07)"
35.231.17.232 - - [09/Aug/2021:02:07:48 +0000] "GET /robots.txt HTTP/1.0" 404 78307 "-" "ZoominfoBot (zoominfobot at zoominfo dot com)"
35.231.17.232 - - [09/Aug/2021:02:07:50 +0000] "GET / HTTP/1.0" 200 78297 "-" "ZoominfoBot (zoominfobot at zoominfo dot com)"
35.231.17.232 - - [09/Aug/2021:02:08:00 +0000] "GET /robots.txt HTTP/1.0" 301 249 "-" "ZoominfoBot (zoominfobot at zoominfo dot com)"
35.231.17.232 - - [09/Aug/2021:02:08:01 +0000] "GET /robots.txt HTTP/1.1" 404 78307 "-" "ZoominfoBot (zoominfobot at zoominfo dot com)"
35.231.17.232 - - [09/Aug/2021:02:08:02 +0000] "GET / HTTP/1.0" 200 78293 "-" "ZoominfoBot (zoominfobot at zoominfo dot com)"
49.7.20.92 - - [09/Aug/2021:02:10:04 +0000] "GET / HTTP/1.1" 200 78293 "-" "Sogou web spider/4.0(+http://www.sogou.com/docs/help/webmasters.htm#07)"
106.38.241.120 - - [09/Aug/2021:02:13:55 +0000] "GET / HTTP/1.1" 200 78293 "-" "Sogou web spider/4.0(+http://www.sogou.com/docs/help/webmasters.htm#07)"
49.7.20.95 - - [09/Aug/2021:02:26:39 +0000] "GET / HTTP/1.1" 200 78293 "-" "Sogou web spider/4.0(+http://www.sogou.com/docs/help/webmasters.htm#07)"
49.7.20.92 - - [09/Aug/2021:02:30:52 +0000] "GET / HTTP/1.1" 200 78293 "-" "Sogou web spider/4.0(+http://www.sogou.com/docs/help/webmasters.htm#07)"
49.7.20.92 - - [09/Aug/2021:02:52:01 +0000] "GET / HTTP/1.1" 200 78293 "-" "Sogou web spider/4.0(+http://www.sogou.com/docs/help/webmasters.htm#07)"
66.249.64.149 - - [09/Aug/2021:02:52:29 +0000] "GET /robots.txt HTTP/1.1" 404 78307 "-" "Mozilla/5.0 (compatible; Googlebot/2.1; +http://www.google.com/bot.html)"
66.249.64.129 - - [09/Aug/2021:02:52:30 +0000] "GET /tour-package.php?id=24 HTTP/1.1" 200 57948 "-" "Mozilla/5.0 (Linux; Android 6.0.1; Nexus 5X Build/MMB29P) AppleWebKit/537.36 (KHTML, like Gecko) Chrome/92.0.4515.119 Mobile Safari/537.36 (compatible; Googlebot/2.1; +http://www.google.com/bot.html)"
49.7.20.95 - - [09/Aug/2021:03:00:08 +0000] "GET / HTTP/1.1" 200 78293 "-" "Sogou web spider/4.0(+http://www.sogou.com/docs/help/webmasters.htm#07)"
49.7.20.98 - - [09/Aug/2021:03:17:43 +0000] "GET / HTTP/1.1" 200 78293 "-" "Sogou web spider/4.0(+http://www.sogou.com/docs/help/webmasters.htm#07)"
49.7.20.92 - - [09/Aug/2021:03:22:30 +0000] "GET / HTTP/1.1" 200 78293 "-" "Sogou web spider/4.0(+http://www.sogou.com/docs/help/webmasters.htm#07)"
37.0.8.128 - - [09/Aug/2021:03:33:13 +0000] "GET /style.php HTTP/1.1" 301 248 "anonymousfox.co" "Mozilla/5.0 (Windows NT 10.0; Win64; x64) AppleWebKit/537.36 (KHTML, like Gecko) Chrome/90.0.4430.85 Safari/537.36"
37.0.8.128 - - [09/Aug/2021:03:33:15 +0000] "GET /style.php HTTP/1.1" 404 78306 "anonymousfox.co" "Mozilla/5.0 (Windows NT 10.0; Win64; x64) AppleWebKit/537.36 (KHTML, like Gecko) Chrome/90.0.4430.85 Safari/537.36"
37.0.8.128 - - [09/Aug/2021:03:33:18 +0000] "GET /moduless.php HTTP/1.1" 301 251 "anonymousfox.co" "Mozilla/5.0 (Windows NT 10.0; Win64; x64) AppleWebKit/537.36 (KHTML, like Gecko) Chrome/90.0.4430.85 Safari/537.36"
37.0.8.128 - - [09/Aug/2021:03:33:20 +0000] "GET /moduless.php HTTP/1.1" 404 78309 "anonymousfox.co" "Mozilla/5.0 (Windows NT 10.0; Win64; x64) AppleWebKit/537.36 (KHTML, like Gecko) Chrome/90.0.4430.85 Safari/537.36"
37.0.8.128 - - [09/Aug/2021:03:33:23 +0000] "GET /wp-content/plugins/t_file_wp/t_file_wp.php?test=hello HTTP/1.1" 301 292 "anonymousfox.co" "Mozilla/5.0 (Windows NT 10.0; Win64; x64) AppleWebKit/537.36 (KHTML, like Gecko) Chrome/90.0.4430.85 Safari/537.36"
37.0.8.128 - - [09/Aug/2021:03:33:25 +0000] "GET /wp-content/plugins/t_file_wp/t_file_wp.php?test=hello HTTP/1.1" 404 78350 "anonymousfox.co" "Mozilla/5.0 (Windows NT 10.0; Win64; x64) AppleWebKit/537.36 (KHTML, like Gecko) Chrome/90.0.4430.85 Safari/537.36"
37.0.8.128 - - [09/Aug/2021:03:33:29 +0000] "GET /admin.php HTTP/1.1" 301 248 "anonymousfox.co" "Mozilla/5.0 (Windows NT 10.0; Win64; x64) AppleWebKit/537.36 (KHTML, like Gecko) Chrome/90.0.4430.85 Safari/537.36"
37.0.8.128 - - [09/Aug/2021:03:33:32 +0000] "GET /admin.php HTTP/1.1" 404 78306 "anonymousfox.co" "Mozilla/5.0 (Windows NT 10.0; Win64; x64) AppleWebKit/537.36 (KHTML, like Gecko) Chrome/90.0.4430.85 Safari/537.36"
37.0.8.128 - - [09/Aug/2021:03:33:37 +0000] "GET /index.php?3x=3x HTTP/1.1" 301 241 "anonymousfox.co" "Mozilla/5.0 (Windows NT 10.0; Win64; x64) AppleWebKit/537.36 (KHTML, like Gecko) Chrome/90.0.4430.85 Safari/537.36"
