106.38.241.135 - - [01/Aug/2021:09:53:29 +0000] "GET / HTTP/1.1" 200 78293 "-" "Sogou web spider/4.0(+http://www.sogou.com/docs/help/webmasters.htm#07)"
216.244.66.236 - - [01/Aug/2021:09:58:51 +0000] "GET /SingaporeTourPackage.html HTTP/1.1" 200 60437 "-" "Mozilla/5.0 (compatible; DotBot/1.2; +https://opensiteexplorer.org/dotbot; help@moz.com)"
185.191.171.9 - - [01/Aug/2021:10:07:19 +0000] "GET /robots.txt HTTP/1.1" 302 221 "-" "Mozilla/5.0 (compatible; SemrushBot/7~bl; +http://www.semrush.com/bot.html)"
185.191.171.37 - - [01/Aug/2021:10:07:19 +0000] "GET /robots.txt HTTP/1.1" 301 249 "-" "Mozilla/5.0 (compatible; SemrushBot/7~bl; +http://www.semrush.com/bot.html)"
185.191.171.14 - - [01/Aug/2021:10:07:20 +0000] "GET /robots.txt HTTP/1.1" 404 78307 "-" "Mozilla/5.0 (compatible; SemrushBot/7~bl; +http://www.semrush.com/bot.html)"
185.191.171.39 - - [01/Aug/2021:10:07:22 +0000] "GET /RajasthanTourPackage.html HTTP/1.1" 302 236 "-" "Mozilla/5.0 (compatible; SemrushBot/7~bl; +http://www.semrush.com/bot.html)"
185.191.171.23 - - [01/Aug/2021:10:07:23 +0000] "GET /RajasthanTourPackage.html HTTP/1.1" 301 264 "-" "Mozilla/5.0 (compatible; SemrushBot/7~bl; +http://www.semrush.com/bot.html)"
185.191.171.20 - - [01/Aug/2021:10:07:24 +0000] "GET /robots.txt HTTP/1.1" 404 78307 "-" "Mozilla/5.0 (compatible; SemrushBot/7~bl; +http://www.semrush.com/bot.html)"
185.191.171.41 - - [01/Aug/2021:10:07:25 +0000] "GET /RajasthanTourPackage.html HTTP/1.1" 200 66881 "-" "Mozilla/5.0 (compatible; SemrushBot/7~bl; +http://www.semrush.com/bot.html)"
106.38.241.135 - - [01/Aug/2021:10:13:59 +0000] "GET / HTTP/1.1" 200 78293 "-" "Sogou web spider/4.0(+http://www.sogou.com/docs/help/webmasters.htm#07)"
106.38.241.135 - - [01/Aug/2021:10:35:08 +0000] "GET / HTTP/1.1" 200 78293 "-" "Sogou web spider/4.0(+http://www.sogou.com/docs/help/webmasters.htm#07)"
188.72.187.157 - - [01/Aug/2021:10:35:27 +0000] "GET /wp-content/plugins/superstorefinder-wp/ssf-wp-admin/pages/SSF_WP_UPLOADS_PATH/csv/import/shell.csv.php HTTP/1.1" 301 341 "-" "Mozilla/5.0 (Windows NT 10.0; WOW64) AppleWebKit/537.36 (KHTML, like Gecko) Chrome/65.0.3325.181 Safari/537.36"
188.72.187.157 - - [01/Aug/2021:10:35:27 +0000] "GET /wp-content/plugins/superstorefinder-wp/ssf-wp-admin/pages/SSF_WP_UPLOADS_PATH/csv/import/shell.csv.php HTTP/1.1" 404 78399 "-" "Mozilla/5.0 (Windows NT 10.0; WOW64) AppleWebKit/537.36 (KHTML, like Gecko) Chrome/65.0.3325.181 Safari/537.36"
114.119.134.245 - - [01/Aug/2021:10:35:53 +0000] "GET /tour-package.php?id=28 HTTP/1.1" 200 65751 "-" "Mozilla/5.0 (Linux; Android 7.0;) AppleWebKit/537.36 (KHTML, like Gecko) Mobile Safari/537.36 (compatible; PetalBot;+https://webmaster.petalsearch.com/site/petalbot)"
114.119.155.175 - - [01/Aug/2021:10:41:43 +0000] "GET /tour-package.php?id=23 HTTP/1.1" 200 57946 "-" "Mozilla/5.0 (Linux; Android 7.0;) AppleWebKit/537.36 (KHTML, like Gecko) Mobile Safari/537.36 (compatible; PetalBot;+https://webmaster.petalsearch.com/site/petalbot)"
66.249.66.45 - - [01/Aug/2021:10:42:27 +0000] "GET / HTTP/1.1" 302 215 "-" "Mozilla/5.0 (Linux; Android 6.0.1; Nexus 5X Build/MMB29P) AppleWebKit/537.36 (KHTML, like Gecko) Chrome/92.0.4515.119 Mobile Safari/537.36 (compatible; Googlebot/2.1; +http://www.google.com/bot.html)"
66.249.66.57 - - [01/Aug/2021:10:42:27 +0000] "GET / HTTP/1.1" 200 78297 "-" "Mozilla/5.0 (Linux; Android 6.0.1; Nexus 5X Build/MMB29P) AppleWebKit/537.36 (KHTML, like Gecko) Chrome/92.0.4515.119 Mobile Safari/537.36 (compatible; Googlebot/2.1; +http://www.google.com/bot.html)"
114.119.159.39 - - [01/Aug/2021:10:47:57 +0000] "GET /pagecontents.php?url=Return-and-Refund-Policy HTTP/1.1" 200 50964 "-" "Mozilla/5.0 (Linux; Android 7.0;) AppleWebKit/537.36 (KHTML, like Gecko) Mobile Safari/537.36 (compatible; PetalBot;+https://webmaster.petalsearch.com/site/petalbot)"
114.119.151.4 - - [01/Aug/2021:10:54:13 +0000] "GET /tour-package.php?id=26 HTTP/1.1" 200 57965 "-" "Mozilla/5.0 (Linux; Android 7.0;) AppleWebKit/537.36 (KHTML, like Gecko) Mobile Safari/537.36 (compatible; PetalBot;+https://webmaster.petalsearch.com/site/petalbot)"
106.38.241.135 - - [01/Aug/2021:10:55:41 +0000] "GET / HTTP/1.1" 200 78293 "-" "Sogou web spider/4.0(+http://www.sogou.com/docs/help/webmasters.htm#07)"
114.119.159.39 - - [01/Aug/2021:11:00:35 +0000] "GET /KeralahouseboatTour.html HTTP/1.1" 200 62075 "-" "Mozilla/5.0 (Linux; Android 7.0;) AppleWebKit/537.36 (KHTML, like Gecko) Mobile Safari/537.36 (compatible; PetalBot;+https://webmaster.petalsearch.com/site/petalbot)"
23.228.109.147 - - [01/Aug/2021:11:00:38 +0000] "GET / HTTP/1.1" 200 78293 "-" "ALittle Client"
114.119.152.233 - - [01/Aug/2021:11:06:54 +0000] "GET /KashmirTourism.html HTTP/1.1" 200 62026 "-" "Mozilla/5.0 (Linux; Android 7.0;) AppleWebKit/537.36 (KHTML, like Gecko) Mobile Safari/537.36 (compatible; PetalBot;+https://webmaster.petalsearch.com/site/petalbot)"
185.191.171.44 - - [01/Aug/2021:11:10:41 +0000] "GET /robots.txt HTTP/1.1" 404 78307 "-" "Mozilla/5.0 (compatible; SemrushBot/7~bl; +http://www.semrush.com/bot.html)"
185.191.171.22 - - [01/Aug/2021:11:10:42 +0000] "GET /HIMALAYANGOLDENTRIANGLE.html HTTP/1.1" 200 61288 "-" "Mozilla/5.0 (compatible; SemrushBot/7~bl; +http://www.semrush.com/bot.html)"
114.119.157.24 - - [01/Aug/2021:11:13:10 +0000] "GET /services.php HTTP/1.1" 200 56425 "-" "Mozilla/5.0 (Linux; Android 7.0;) AppleWebKit/537.36 (KHTML, like Gecko) Mobile Safari/537.36 (compatible; PetalBot;+https://webmaster.petalsearch.com/site/petalbot)"
106.38.241.135 - - [01/Aug/2021:11:16:11 +0000] "GET / HTTP/1.1" 200 78293 "-" "Sogou web spider/4.0(+http://www.sogou.com/docs/help/webmasters.htm#07)"
114.119.159.39 - - [01/Aug/2021:11:19:33 +0000] "GET /SWEETMEMORYOFKHANGCHENDZONGHA.html HTTP/1.1" 200 61705 "-" "Mozilla/5.0 (Linux; Android 7.0;) AppleWebKit/537.36 (KHTML, like Gecko) Mobile Safari/537.36 (compatible; PetalBot;+https://webmaster.petalsearch.com/site/petalbot)"
114.119.129.191 - - [01/Aug/2021:11:25:51 +0000] "GET /tour-package.php?id=25 HTTP/1.1" 200 58055 "-" "Mozilla/5.0 (Linux; Android 7.0;) AppleWebKit/537.36 (KHTML, like Gecko) Mobile Safari/537.36 (compatible; PetalBot;+https://webmaster.petalsearch.com/site/petalbot)"
216.244.66.236 - - [01/Aug/2021:11:30:18 +0000] "GET /robots.txt HTTP/1.1" 404 78307 "-" "Mozilla/5.0 (compatible; DotBot/1.2; +https://opensiteexplorer.org/dotbot; help@moz.com)"
185.191.171.6 - - [01/Aug/2021:11:33:21 +0000] "GET /robots.txt HTTP/1.1" 302 221 "-" "Mozilla/5.0 (compatible; SemrushBot/7~bl; +http://www.semrush.com/bot.html)"
185.191.171.10 - - [01/Aug/2021:11:33:21 +0000] "GET /robots.txt HTTP/1.1" 301 249 "-" "Mozilla/5.0 (compatible; SemrushBot/7~bl; +http://www.semrush.com/bot.html)"
185.191.171.8 - - [01/Aug/2021:11:33:22 +0000] "GET /robots.txt HTTP/1.1" 404 78307 "-" "Mozilla/5.0 (compatible; SemrushBot/7~bl; +http://www.semrush.com/bot.html)"
185.191.171.38 - - [01/Aug/2021:11:33:23 +0000] "GET /ManaliCarTourPackage.html HTTP/1.1" 302 236 "-" "Mozilla/5.0 (compatible; SemrushBot/7~bl; +http://www.semrush.com/bot.html)"
185.191.171.41 - - [01/Aug/2021:11:33:25 +0000] "GET /ManaliCarTourPackage.html HTTP/1.1" 301 264 "-" "Mozilla/5.0 (compatible; SemrushBot/7~bl; +http://www.semrush.com/bot.html)"
185.191.171.13 - - [01/Aug/2021:11:33:26 +0000] "GET /ManaliCarTourPackage.html HTTP/1.1" 200 58008 "-" "Mozilla/5.0 (compatible; SemrushBot/7~bl; +http://www.semrush.com/bot.html)"
114.119.158.125 - - [01/Aug/2021:11:36:50 +0000] "GET /Katra%28VaishnoDevi%29TourPackage.html HTTP/1.1" 200 58537 "-" "Mozilla/5.0 (Linux; Android 7.0;) AppleWebKit/537.36 (KHTML, like Gecko) Mobile Safari/537.36 (compatible; PetalBot;+https://webmaster.petalsearch.com/site/petalbot)"
106.38.241.135 - - [01/Aug/2021:11:37:56 +0000] "GET / HTTP/1.1" 200 78293 "-" "Sogou web spider/4.0(+http://www.sogou.com/docs/help/webmasters.htm#07)"
216.244.66.236 - - [01/Aug/2021:11:39:34 +0000] "GET /Hongkong%E2%80%93Macau%E2%80%93Shenzhen%E2%80%93DisneylandTour.html HTTP/1.1" 200 66098 "-" "Mozilla/5.0 (compatible; DotBot/1.2; +https://opensiteexplorer.org/dotbot; help@moz.com)"
66.249.66.74 - - [01/Aug/2021:11:51:03 +0000] "GET / HTTP/1.1" 302 211 "-" "Mozilla/5.0 (compatible; Googlebot/2.1; +http://www.google.com/bot.html)"
66.249.66.95 - - [01/Aug/2021:11:51:04 +0000] "GET /robots.txt HTTP/1.1" 301 249 "-" "Mozilla/5.0 (compatible; Googlebot/2.1; +http://www.google.com/bot.html)"
66.249.66.59 - - [01/Aug/2021:11:51:05 +0000] "GET /robots.txt HTTP/1.1" 404 78307 "-" "Mozilla/5.0 (compatible; Googlebot/2.1; +http://www.google.com/bot.html)"
66.249.66.67 - - [01/Aug/2021:11:51:06 +0000] "GET / HTTP/1.1" 200 78293 "-" "Mozilla/5.0 (compatible; Googlebot/2.1; +http://www.google.com/bot.html)"
66.249.66.65 - - [01/Aug/2021:11:51:09 +0000] "GET /lib/nivo-slider/css/preview.css HTTP/1.1" 200 5624 "http://indiatravelkart.com/" "Mozilla/5.0 AppleWebKit/537.36 (KHTML, like Gecko; compatible; Googlebot/2.1; +http://www.google.com/bot.html) Chrome/91.0.4472.90 Safari/537.36"
66.249.66.95 - - [01/Aug/2021:11:51:10 +0000] "GET /lib/nivo-slider/js/jquery.nivo.slider.js HTTP/1.1" 200 29113 "http://indiatravelkart.com/" "Mozilla/5.0 AppleWebKit/537.36 (KHTML, like Gecko; compatible; Googlebot/2.1; +http://www.google.com/bot.html) Chrome/91.0.4472.90 Safari/537.36"
66.249.66.95 - - [01/Aug/2021:11:51:11 +0000] "GET /js/waypoints.min.js HTTP/1.1" 200 8044 "http://indiatravelkart.com/" "Mozilla/5.0 AppleWebKit/537.36 (KHTML, like Gecko; compatible; Googlebot/2.1; +http://www.google.com/bot.html) Chrome/91.0.4472.90 Safari/537.36"
66.249.66.95 - - [01/Aug/2021:11:51:12 +0000] "GET /js/jquery.counterup.min.js HTTP/1.1" 200 1067 "http://indiatravelkart.com/" "Mozilla/5.0 AppleWebKit/537.36 (KHTML, like Gecko; compatible; Googlebot/2.1; +http://www.google.com/bot.html) Chrome/91.0.4472.90 Safari/537.36"
114.119.134.245 - - [01/Aug/2021:11:53:07 +0000] "GET /galleryimg/5149875images%20(1 HTTP/1.1" 302 240 "-" "Mozilla/5.0 (Linux; Android 7.0;) AppleWebKit/537.36 (KHTML, like Gecko) Mobile Safari/537.36 (compatible; PetalBot;+https://webmaster.petalsearch.com/site/petalbot)"
114.119.134.245 - - [01/Aug/2021:11:53:07 +0000] "GET /galleryimg/5149875images%20(1 HTTP/1.1" 301 268 "-" "Mozilla/5.0 (Linux; Android 7.0;) AppleWebKit/537.36 (KHTML, like Gecko) Mobile Safari/537.36 (compatible; PetalBot;+https://webmaster.petalsearch.com/site/petalbot)"
114.119.134.245 - - [01/Aug/2021:11:53:08 +0000] "GET /galleryimg/5149875images%20(1 HTTP/1.1" 404 78326 "-" "Mozilla/5.0 (Linux; Android 7.0;) AppleWebKit/537.36 (KHTML, like Gecko) Mobile Safari/537.36 (compatible; PetalBot;+https://webmaster.petalsearch.com/site/petalbot)"
106.38.241.135 - - [01/Aug/2021:11:58:27 +0000] "GET / HTTP/1.1" 200 78293 "-" "Sogou web spider/4.0(+http://www.sogou.com/docs/help/webmasters.htm#07)"
157.41.15.134 - - [01/Aug/2021:12:00:07 +0000] "GET /img/map-marker.png HTTP/1.1" 404 78315 "http://indiatravelkart.com/" "Mozilla/5.0 (Linux; Android 11; CPH2119) AppleWebKit/537.36 (KHTML, like Gecko) Chrome/88.0.4324.181 Mobile Safari/537.36"
157.41.15.134 - - [01/Aug/2021:12:00:07 +0000] "GET /img/map-marker.png HTTP/1.1" 404 78315 "http://indiatravelkart.com/" "Mozilla/5.0 (Linux; Android 11; CPH2119) AppleWebKit/537.36 (KHTML, like Gecko) Chrome/88.0.4324.181 Mobile Safari/537.36"
114.119.158.125 - - [01/Aug/2021:12:01:25 +0000] "GET /honeymoon-tour-packages.php HTTP/1.1" 200 53985 "-" "Mozilla/5.0 (Linux; Android 7.0;) AppleWebKit/537.36 (KHTML, like Gecko) Mobile Safari/537.36 (compatible; PetalBot;+https://webmaster.petalsearch.com/site/petalbot)"
158.69.241.223 - - [01/Aug/2021:12:04:53 +0000] "GET /contact.php HTTP/1.1" 302 222 "-" "Mozilla/5.0 (X11; Linux x86_64) AppleWebKit/537.36 (KHTML, like Gecko) HeadlessChrome/89.0.4389.90 Safari/537.36"
158.69.241.223 - - [01/Aug/2021:12:04:54 +0000] "GET /contact.php HTTP/1.1" 200 57552 "-" "Mozilla/5.0 (X11; Linux x86_64) AppleWebKit/537.36 (KHTML, like Gecko) HeadlessChrome/89.0.4389.90 Safari/537.36"
158.69.241.223 - - [01/Aug/2021:12:04:54 +0000] "GET /css/owl.carousel.css HTTP/1.1" 200 7603 "http://indiatravelkart.com/contact.php" "Mozilla/5.0 (X11; Linux x86_64) AppleWebKit/537.36 (KHTML, like Gecko) HeadlessChrome/89.0.4389.90 Safari/537.36"
158.69.241.223 - - [01/Aug/2021:12:04:54 +0000] "GET /css/jquery-ui.css HTTP/1.1" 200 35228 "http://indiatravelkart.com/contact.php" "Mozilla/5.0 (X11; Linux x86_64) AppleWebKit/537.36 (KHTML, like Gecko) HeadlessChrome/89.0.4389.90 Safari/537.36"
158.69.241.223 - - [01/Aug/2021:12:04:54 +0000] "GET /css/font-awesome.min.css HTTP/1.1" 200 27490 "http://indiatravelkart.com/contact.php" "Mozilla/5.0 (X11; Linux x86_64) AppleWebKit/537.36 (KHTML, like Gecko) HeadlessChrome/89.0.4389.90 Safari/537.36"
158.69.241.223 - - [01/Aug/2021:12:04:54 +0000] "GET /css/meanmenu.min.css HTTP/1.1" 200 2732 "http://indiatravelkart.com/contact.php" "Mozilla/5.0 (X11; Linux x86_64) AppleWebKit/537.36 (KHTML, like Gecko) HeadlessChrome/89.0.4389.90 Safari/537.36"
158.69.241.223 - - [01/Aug/2021:12:04:55 +0000] "GET /css/animate.css HTTP/1.1" 200 70824 "http://indiatravelkart.com/contact.php" "Mozilla/5.0 (X11; Linux x86_64) AppleWebKit/537.36 (KHTML, like Gecko) HeadlessChrome/89.0.4389.90 Safari/537.36"
158.69.241.223 - - [01/Aug/2021:12:04:54 +0000] "GET /css/bootstrap.min.css HTTP/1.1" 200 138183 "http://indiatravelkart.com/contact.php" "Mozilla/5.0 (X11; Linux x86_64) AppleWebKit/537.36 (KHTML, like Gecko) HeadlessChrome/89.0.4389.90 Safari/537.36"
158.69.241.223 - - [01/Aug/2021:12:04:55 +0000] "GET /lib/nivo-slider/css/preview.css HTTP/1.1" 200 5624 "http://indiatravelkart.com/contact.php" "Mozilla/5.0 (X11; Linux x86_64) AppleWebKit/537.36 (KHTML, like Gecko) HeadlessChrome/89.0.4389.90 Safari/537.36"
158.69.241.223 - - [01/Aug/2021:12:04:55 +0000] "GET /lib/nivo-slider/css/nivo-slider.css HTTP/1.1" 200 8098 "http://indiatravelkart.com/contact.php" "Mozilla/5.0 (X11; Linux x86_64) AppleWebKit/537.36 (KHTML, like Gecko) HeadlessChrome/89.0.4389.90 Safari/537.36"
158.69.241.223 - - [01/Aug/2021:12:04:55 +0000] "GET /css/responsive.css HTTP/1.1" 200 27655 "http://indiatravelkart.com/contact.php" "Mozilla/5.0 (X11; Linux x86_64) AppleWebKit/537.36 (KHTML, like Gecko) HeadlessChrome/89.0.4389.90 Safari/537.36"
158.69.241.223 - - [01/Aug/2021:12:04:55 +0000] "GET /js/vendor/modernizr-2.8.3.min.js HTTP/1.1" 200 15514 "http://indiatravelkart.com/contact.php" "Mozilla/5.0 (X11; Linux x86_64) AppleWebKit/537.36 (KHTML, like Gecko) HeadlessChrome/89.0.4389.90 Safari/537.36"
158.69.241.223 - - [01/Aug/2021:12:04:55 +0000] "GET /style.css HTTP/1.1" 200 115813 "http://indiatravelkart.com/contact.php" "Mozilla/5.0 (X11; Linux x86_64) AppleWebKit/537.36 (KHTML, like Gecko) HeadlessChrome/89.0.4389.90 Safari/537.36"
158.69.241.223 - - [01/Aug/2021:12:04:55 +0000] "GET /js/vendor/jquery-1.11.3.min.js HTTP/1.1" 200 95992 "http://indiatravelkart.com/contact.php" "Mozilla/5.0 (X11; Linux x86_64) AppleWebKit/537.36 (KHTML, like Gecko) HeadlessChrome/89.0.4389.90 Safari/537.36"
158.69.241.223 - - [01/Aug/2021:12:04:55 +0000] "GET /js/bootstrap.min.js HTTP/1.1" 200 36868 "http://indiatravelkart.com/contact.php" "Mozilla/5.0 (X11; Linux x86_64) AppleWebKit/537.36 (KHTML, like Gecko) HeadlessChrome/89.0.4389.90 Safari/537.36"
158.69.241.223 - - [01/Aug/2021:12:04:55 +0000] "GET /lib/nivo-slider/home.js HTTP/1.1" 200 724 "http://indiatravelkart.com/contact.php" "Mozilla/5.0 (X11; Linux x86_64) AppleWebKit/537.36 (KHTML, like Gecko) HeadlessChrome/89.0.4389.90 Safari/537.36"
158.69.241.223 - - [01/Aug/2021:12:04:55 +0000] "GET /js/wow.min.js HTTP/1.1" 200 8426 "http://indiatravelkart.com/contact.php" "Mozilla/5.0 (X11; Linux x86_64) AppleWebKit/537.36 (KHTML, like Gecko) HeadlessChrome/89.0.4389.90 Safari/537.36"
158.69.241.223 - - [01/Aug/2021:12:04:55 +0000] "GET /lib/nivo-slider/js/jquery.nivo.slider.js HTTP/1.1" 200 29113 "http://indiatravelkart.com/contact.php" "Mozilla/5.0 (X11; Linux x86_64) AppleWebKit/537.36 (KHTML, like Gecko) HeadlessChrome/89.0.4389.90 Safari/537.36"
158.69.241.223 - - [01/Aug/2021:12:04:55 +0000] "GET /js/jquery-price-slider.js HTTP/1.1" 200 24017 "http://indiatravelkart.com/contact.php" "Mozilla/5.0 (X11; Linux x86_64) AppleWebKit/537.36 (KHTML, like Gecko) HeadlessChrome/89.0.4389.90 Safari/537.36"
158.69.241.223 - - [01/Aug/2021:12:04:56 +0000] "GET /img/banner/transparent-bottom.png HTTP/1.1" 200 4263 "http://indiatravelkart.com/style.css" "Mozilla/5.0 (X11; Linux x86_64) AppleWebKit/537.36 (KHTML, like Gecko) HeadlessChrome/89.0.4389.90 Safari/537.36"
158.69.241.223 - - [01/Aug/2021:12:04:56 +0000] "GET /img/icon/title-icon-3.png HTTP/1.1" 200 1460 "http://indiatravelkart.com/style.css" "Mozilla/5.0 (X11; Linux x86_64) AppleWebKit/537.36 (KHTML, like Gecko) HeadlessChrome/89.0.4389.90 Safari/537.36"
158.69.241.223 - - [01/Aug/2021:12:04:56 +0000] "GET /fonts/fontawesome-webfont3295.woff2?v=4.5.0 HTTP/1.1" 200 66624 "http://indiatravelkart.com/css/font-awesome.min.css" "Mozilla/5.0 (X11; Linux x86_64) AppleWebKit/537.36 (KHTML, like Gecko) HeadlessChrome/89.0.4389.90 Safari/537.36"
158.69.241.223 - - [01/Aug/2021:12:04:56 +0000] "GET /img/icon/title-icon-2.png HTTP/1.1" 200 1506 "http://indiatravelkart.com/style.css" "Mozilla/5.0 (X11; Linux x86_64) AppleWebKit/537.36 (KHTML, like Gecko) HeadlessChrome/89.0.4389.90 Safari/537.36"
158.69.241.223 - - [01/Aug/2021:12:04:56 +0000] "GET /img/icon/contact-2.png HTTP/1.1" 200 2540 "http://indiatravelkart.com/contact.php" "Mozilla/5.0 (X11; Linux x86_64) AppleWebKit/537.36 (KHTML, like Gecko) HeadlessChrome/89.0.4389.90 Safari/537.36"
158.69.241.223 - - [01/Aug/2021:12:04:56 +0000] "GET /img/logo/logo.png HTTP/1.1" 200 16597 "http://indiatravelkart.com/contact.php" "Mozilla/5.0 (X11; Linux x86_64) AppleWebKit/537.36 (KHTML, like Gecko) HeadlessChrome/89.0.4389.90 Safari/537.36"
158.69.241.223 - - [01/Aug/2021:12:04:56 +0000] "GET /img/icon/contact-4.png HTTP/1.1" 200 1980 "http://indiatravelkart.com/contact.php" "Mozilla/5.0 (X11; Linux x86_64) AppleWebKit/537.36 (KHTML, like Gecko) HeadlessChrome/89.0.4389.90 Safari/537.36"
158.69.241.223 - - [01/Aug/2021:12:04:56 +0000] "GET /img/icon/contact-1.png HTTP/1.1" 200 2463 "http://indiatravelkart.com/contact.php" "Mozilla/5.0 (X11; Linux x86_64) AppleWebKit/537.36 (KHTML, like Gecko) HeadlessChrome/89.0.4389.90 Safari/537.36"
158.69.241.223 - - [01/Aug/2021:12:04:56 +0000] "GET /img/banner/22.jpg HTTP/1.1" 200 514354 "http://indiatravelkart.com/style.css" "Mozilla/5.0 (X11; Linux x86_64) AppleWebKit/537.36 (KHTML, like Gecko) HeadlessChrome/89.0.4389.90 Safari/537.36"
158.69.241.223 - - [01/Aug/2021:12:04:56 +0000] "GET /js/jquery.meanmenu.js HTTP/1.1" 200 11467 "http://indiatravelkart.com/contact.php" "Mozilla/5.0 (X11; Linux x86_64) AppleWebKit/537.36 (KHTML, like Gecko) HeadlessChrome/89.0.4389.90 Safari/537.36"
158.69.241.223 - - [01/Aug/2021:12:04:56 +0000] "GET /js/owl.carousel.min.js HTTP/1.1" 200 23890 "http://indiatravelkart.com/contact.php" "Mozilla/5.0 (X11; Linux x86_64) AppleWebKit/537.36 (KHTML, like Gecko) HeadlessChrome/89.0.4389.90 Safari/537.36"
158.69.241.223 - - [01/Aug/2021:12:04:56 +0000] "GET /js/jquery.scrollUp.min.js HTTP/1.1" 200 2035 "http://indiatravelkart.com/contact.php" "Mozilla/5.0 (X11; Linux x86_64) AppleWebKit/537.36 (KHTML, like Gecko) HeadlessChrome/89.0.4389.90 Safari/537.36"
158.69.241.223 - - [01/Aug/2021:12:04:56 +0000] "GET /js/waypoints.min.js HTTP/1.1" 200 8044 "http://indiatravelkart.com/contact.php" "Mozilla/5.0 (X11; Linux x86_64) AppleWebKit/537.36 (KHTML, like Gecko) HeadlessChrome/89.0.4389.90 Safari/537.36"
158.69.241.223 - - [01/Aug/2021:12:04:56 +0000] "GET /js/jquery.counterup.min.js HTTP/1.1" 200 1067 "http://indiatravelkart.com/contact.php" "Mozilla/5.0 (X11; Linux x86_64) AppleWebKit/537.36 (KHTML, like Gecko) HeadlessChrome/89.0.4389.90 Safari/537.36"
158.69.241.223 - - [01/Aug/2021:12:04:57 +0000] "GET /js/plugins.js HTTP/1.1" 200 760 "http://indiatravelkart.com/contact.php" "Mozilla/5.0 (X11; Linux x86_64) AppleWebKit/537.36 (KHTML, like Gecko) HeadlessChrome/89.0.4389.90 Safari/537.36"
158.69.241.223 - - [01/Aug/2021:12:04:57 +0000] "GET /js/main.js HTTP/1.1" 200 2518 "http://indiatravelkart.com/contact.php" "Mozilla/5.0 (X11; Linux x86_64) AppleWebKit/537.36 (KHTML, like Gecko) HeadlessChrome/89.0.4389.90 Safari/537.36"
158.69.241.223 - - [01/Aug/2021:12:04:57 +0000] "GET /img/icon/contact-1-hover.png HTTP/1.1" 200 2344 "http://indiatravelkart.com/contact.php" "Mozilla/5.0 (X11; Linux x86_64) AppleWebKit/537.36 (KHTML, like Gecko) HeadlessChrome/89.0.4389.90 Safari/537.36"
158.69.241.223 - - [01/Aug/2021:12:04:57 +0000] "GET /img/icon/contact-2-hover.png HTTP/1.1" 200 2423 "http://indiatravelkart.com/contact.php" "Mozilla/5.0 (X11; Linux x86_64) AppleWebKit/537.36 (KHTML, like Gecko) HeadlessChrome/89.0.4389.90 Safari/537.36"
158.69.241.223 - - [01/Aug/2021:12:04:57 +0000] "GET /img/icon/contact-4-hover.png HTTP/1.1" 200 1926 "http://indiatravelkart.com/contact.php" "Mozilla/5.0 (X11; Linux x86_64) AppleWebKit/537.36 (KHTML, like Gecko) HeadlessChrome/89.0.4389.90 Safari/537.36"
158.69.241.223 - - [01/Aug/2021:12:04:57 +0000] "GET /img/payment.png HTTP/1.1" 200 13240 "http://indiatravelkart.com/contact.php" "Mozilla/5.0 (X11; Linux x86_64) AppleWebKit/537.36 (KHTML, like Gecko) HeadlessChrome/89.0.4389.90 Safari/537.36"
158.69.241.223 - - [01/Aug/2021:12:04:57 +0000] "GET /img/banner/transparent-2.png HTTP/1.1" 200 4229 "http://indiatravelkart.com/style.css" "Mozilla/5.0 (X11; Linux x86_64) AppleWebKit/537.36 (KHTML, like Gecko) HeadlessChrome/89.0.4389.90 Safari/537.36"
158.69.241.223 - - [01/Aug/2021:12:04:57 +0000] "GET /img/banner/11.jpg HTTP/1.1" 200 496051 "http://indiatravelkart.com/style.css" "Mozilla/5.0 (X11; Linux x86_64) AppleWebKit/537.36 (KHTML, like Gecko) HeadlessChrome/89.0.4389.90 Safari/537.36"
158.69.241.223 - - [01/Aug/2021:12:04:58 +0000] "GET /img/map-marker.png HTTP/1.1" 301 257 "http://indiatravelkart.com/contact.php" "Mozilla/5.0 (X11; Linux x86_64) AppleWebKit/537.36 (KHTML, like Gecko) HeadlessChrome/89.0.4389.90 Safari/537.36"
158.69.241.223 - - [01/Aug/2021:12:04:59 +0000] "GET /img/map-marker.png HTTP/1.1" 404 78315 "http://indiatravelkart.com/" "Mozilla/5.0 (X11; Linux x86_64) AppleWebKit/537.36 (KHTML, like Gecko) HeadlessChrome/89.0.4389.90 Safari/537.36"
158.69.241.223 - - [01/Aug/2021:12:05:00 +0000] "GET /img/map-marker.png HTTP/1.1" 404 78315 "http://indiatravelkart.com/" "Mozilla/5.0 (X11; Linux x86_64) AppleWebKit/537.36 (KHTML, like Gecko) HeadlessChrome/89.0.4389.90 Safari/537.36"
114.119.151.4 - - [01/Aug/2021:12:08:00 +0000] "GET /SingaporeHolidayTour.html HTTP/1.1" 200 62813 "-" "Mozilla/5.0 (Linux; Android 7.0;) AppleWebKit/537.36 (KHTML, like Gecko) Mobile Safari/537.36 (compatible; PetalBot;+https://webmaster.petalsearch.com/site/petalbot)"
114.119.158.125 - - [01/Aug/2021:12:14:23 +0000] "GET /3CountriesMagicTour.html HTTP/1.1" 200 66744 "-" "Mozilla/5.0 (Linux; Android 7.0;) AppleWebKit/537.36 (KHTML, like Gecko) Mobile Safari/537.36 (compatible; PetalBot;+https://webmaster.petalsearch.com/site/petalbot)"
106.38.241.135 - - [01/Aug/2021:12:18:57 +0000] "GET / HTTP/1.1" 200 78293 "-" "Sogou web spider/4.0(+http://www.sogou.com/docs/help/webmasters.htm#07)"
114.119.129.191 - - [01/Aug/2021:12:30:12 +0000] "GET /Hongkong%E2%80%93Macau%E2%80%93Shenzhen%E2%80%93DisneylandTour.html HTTP/1.1" 200 66098 "-" "Mozilla/5.0 (Linux; Android 7.0;) AppleWebKit/537.36 (KHTML, like Gecko) Mobile Safari/537.36 (compatible; PetalBot;+https://webmaster.petalsearch.com/site/petalbot)"
40.88.21.235 - - [01/Aug/2021:12:33:43 +0000] "GET / HTTP/1.1" 200 78293 "http://indiatravelkart.com/" "Mozilla/5.0 (compatible; DuckDuckGo-Favicons-Bot/1.0; +http://duckduckgo.com)"
40.88.21.235 - - [01/Aug/2021:12:33:43 +0000] "GET /img/favicon.ico HTTP/1.1" 200 1150 "http://indiatravelkart.com/img/favicon.ico" "Mozilla/5.0 (compatible; DuckDuckGo-Favicons-Bot/1.0; +http://duckduckgo.com)"
114.119.129.191 - - [01/Aug/2021:12:36:31 +0000] "GET /RajasthanTour3Days/2Nights.html HTTP/1.1" 404 78328 "-" "Mozilla/5.0 (Linux; Android 7.0;) AppleWebKit/537.36 (KHTML, like Gecko) Mobile Safari/537.36 (compatible; PetalBot;+https://webmaster.petalsearch.com/site/petalbot)"
35.162.106.227 - - [01/Aug/2021:12:36:36 +0000] "GET / HTTP/1.1" 302 211 "-" "Mozilla/5.0 (X11; Linux x86_64) AppleWebKit/537.36 (KHTML, like Gecko) Chrome/83.0.4103.97 Safari/537.36"
35.162.106.227 - - [01/Aug/2021:12:36:40 +0000] "GET / HTTP/1.1" 200 78293 "-" "Mozilla/5.0 (X11; Linux x86_64) AppleWebKit/537.36 (KHTML, like Gecko) Chrome/83.0.4103.97 Safari/537.36"
34.221.94.156 - - [01/Aug/2021:12:37:13 +0000] "GET / HTTP/1.1" 302 211 "-" "Mozilla/5.0 (X11; Linux x86_64) AppleWebKit/537.36 (KHTML, like Gecko) Chrome/83.0.4103.97 Safari/537.36"
35.243.164.185 - - [01/Aug/2021:12:37:43 +0000] "GET /robots.txt HTTP/1.0" 302 221 "-" "ZoominfoBot (zoominfobot at zoominfo dot com)"
35.243.164.185 - - [01/Aug/2021:12:37:44 +0000] "GET /robots.txt HTTP/1.1" 301 249 "-" "ZoominfoBot (zoominfobot at zoominfo dot com)"
35.243.164.185 - - [01/Aug/2021:12:37:45 +0000] "GET /robots.txt HTTP/1.1" 404 78307 "-" "ZoominfoBot (zoominfobot at zoominfo dot com)"
35.243.164.185 - - [01/Aug/2021:12:37:47 +0000] "GET /tour-package.php?id=22 HTTP/1.0" 302 233 "-" "ZoominfoBot (zoominfobot at zoominfo dot com)"
35.243.164.185 - - [01/Aug/2021:12:37:47 +0000] "GET /robots.txt HTTP/1.0" 301 249 "-" "ZoominfoBot (zoominfobot at zoominfo dot com)"
35.243.164.185 - - [01/Aug/2021:12:37:48 +0000] "GET /robots.txt HTTP/1.1" 404 78307 "-" "ZoominfoBot (zoominfobot at zoominfo dot com)"
35.243.164.185 - - [01/Aug/2021:12:37:49 +0000] "GET /pagecontents.php?url=Privacy-Policy HTTP/1.0" 302 246 "-" "ZoominfoBot (zoominfobot at zoominfo dot com)"
35.243.164.185 - - [01/Aug/2021:12:37:50 +0000] "GET /robots.txt HTTP/1.0" 301 249 "-" "ZoominfoBot (zoominfobot at zoominfo dot com)"
35.243.164.185 - - [01/Aug/2021:12:37:50 +0000] "GET /robots.txt HTTP/1.1" 404 78307 "-" "ZoominfoBot (zoominfobot at zoominfo dot com)"
35.243.164.185 - - [01/Aug/2021:12:37:52 +0000] "GET /tour-package.php?id=22 HTTP/1.0" 200 58102 "-" "ZoominfoBot (zoominfobot at zoominfo dot com)"
35.243.164.185 - - [01/Aug/2021:12:37:52 +0000] "GET /pagecontents.php?url=Privacy-Policy HTTP/1.0" 200 51008 "-" "ZoominfoBot (zoominfobot at zoominfo dot com)"
52.13.101.126 - - [01/Aug/2021:12:39:06 +0000] "GET / HTTP/1.1" 200 78293 "-" "Mozilla/5.0 (X11; Linux x86_64) AppleWebKit/537.36 (KHTML, like Gecko) Chrome/83.0.4103.97 Safari/537.36"
35.243.164.185 - - [01/Aug/2021:12:39:37 +0000] "GET /tour-package.php?id=26 HTTP/1.0" 302 233 "-" "ZoominfoBot (zoominfobot at zoominfo dot com)"
35.243.164.185 - - [01/Aug/2021:12:39:37 +0000] "GET /tour-package.php?id=26 HTTP/1.0" 200 57965 "-" "ZoominfoBot (zoominfobot at zoominfo dot com)"
35.243.164.185 - - [01/Aug/2021:12:39:40 +0000] "GET /tour-package.php?id=12 HTTP/1.0" 302 233 "-" "ZoominfoBot (zoominfobot at zoominfo dot com)"
35.243.164.185 - - [01/Aug/2021:12:39:40 +0000] "GET /tour-package.php?id=12 HTTP/1.0" 200 55085 "-" "ZoominfoBot (zoominfobot at zoominfo dot com)"
54.212.12.125 - - [01/Aug/2021:12:39:55 +0000] "GET /favicon.ico HTTP/1.1" 301 250 "-" "Mozilla/5.0 (X11; Linux x86_64) AppleWebKit/537.36 (KHTML, like Gecko) Chrome/83.0.4103.97 Safari/537.36"
54.212.12.125 - - [01/Aug/2021:12:39:58 +0000] "GET / HTTP/1.1" 200 78293 "-" "Mozilla/5.0 (X11; Linux x86_64) AppleWebKit/537.36 (KHTML, like Gecko) Chrome/83.0.4103.97 Safari/537.36"
106.38.241.135 - - [01/Aug/2021:12:40:18 +0000] "GET / HTTP/1.1" 200 78293 "-" "Sogou web spider/4.0(+http://www.sogou.com/docs/help/webmasters.htm#07)"
114.119.151.4 - - [01/Aug/2021:12:42:43 +0000] "GET /family-fun-tour-packages.php HTTP/1.1" 200 53987 "-" "Mozilla/5.0 (Linux; Android 7.0;) AppleWebKit/537.36 (KHTML, like Gecko) Mobile Safari/537.36 (compatible; PetalBot;+https://webmaster.petalsearch.com/site/petalbot)"
35.243.164.185 - - [01/Aug/2021:12:44:00 +0000] "GET /tour-package.php?id=16 HTTP/1.0" 302 233 "-" "ZoominfoBot (zoominfobot at zoominfo dot com)"
35.243.164.185 - - [01/Aug/2021:12:44:00 +0000] "GET /tour-package.php?id=16 HTTP/1.0" 200 65697 "-" "ZoominfoBot (zoominfobot at zoominfo dot com)"
35.243.164.185 - - [01/Aug/2021:12:48:00 +0000] "GET /contact.php HTTP/1.0" 302 222 "-" "ZoominfoBot (zoominfobot at zoominfo dot com)"
35.243.164.185 - - [01/Aug/2021:12:48:00 +0000] "GET /contact.php HTTP/1.0" 200 57552 "-" "ZoominfoBot (zoominfobot at zoominfo dot com)"
35.243.164.185 - - [01/Aug/2021:12:48:20 +0000] "GET /hill-station-tour-packages.php HTTP/1.0" 302 241 "-" "ZoominfoBot (zoominfobot at zoominfo dot com)"
35.243.164.185 - - [01/Aug/2021:12:48:20 +0000] "GET /hill-station-tour-packages.php HTTP/1.0" 200 53993 "-" "ZoominfoBot (zoominfobot at zoominfo dot com)"
35.243.164.185 - - [01/Aug/2021:12:55:49 +0000] "GET /tour-package.php?id=23 HTTP/1.0" 302 233 "-" "ZoominfoBot (zoominfobot at zoominfo dot com)"
35.243.164.185 - - [01/Aug/2021:12:55:50 +0000] "GET /tour-package.php?id=23 HTTP/1.0" 200 57946 "-" "ZoominfoBot (zoominfobot at zoominfo dot com)"
35.243.164.185 - - [01/Aug/2021:13:00:01 +0000] "GET /tour-package.php?id=13 HTTP/1.0" 302 233 "-" "ZoominfoBot (zoominfobot at zoominfo dot com)"
35.243.164.185 - - [01/Aug/2021:13:00:02 +0000] "GET /tour-package.php?id=13 HTTP/1.0" 200 64719 "-" "ZoominfoBot (zoominfobot at zoominfo dot com)"
106.38.241.135 - - [01/Aug/2021:13:01:17 +0000] "GET / HTTP/1.1" 200 78293 "-" "Sogou web spider/4.0(+http://www.sogou.com/docs/help/webmasters.htm#07)"
35.243.164.185 - - [01/Aug/2021:13:03:57 +0000] "GET /services.php HTTP/1.0" 302 223 "-" "ZoominfoBot (zoominfobot at zoominfo dot com)"
35.243.164.185 - - [01/Aug/2021:13:03:58 +0000] "GET /services.php HTTP/1.0" 200 56425 "-" "ZoominfoBot (zoominfobot at zoominfo dot com)"
35.243.164.185 - - [01/Aug/2021:13:04:19 +0000] "GET /tour-package.php?id=17 HTTP/1.0" 302 233 "-" "ZoominfoBot (zoominfobot at zoominfo dot com)"
35.243.164.185 - - [01/Aug/2021:13:04:20 +0000] "GET /tour-package.php?id=17 HTTP/1.0" 200 61812 "-" "ZoominfoBot (zoominfobot at zoominfo dot com)"
35.243.164.185 - - [01/Aug/2021:13:07:23 +0000] "GET /tour-package.php?id=30 HTTP/1.0" 302 233 "-" "ZoominfoBot (zoominfobot at zoominfo dot com)"
35.243.164.185 - - [01/Aug/2021:13:07:24 +0000] "GET /tour-package.php?id=30 HTTP/1.0" 200 55085 "-" "ZoominfoBot (zoominfobot at zoominfo dot com)"
35.243.164.185 - - [01/Aug/2021:13:11:03 +0000] "GET /about.php HTTP/1.0" 302 220 "-" "ZoominfoBot (zoominfobot at zoominfo dot com)"
35.243.164.185 - - [01/Aug/2021:13:11:03 +0000] "GET /about.php HTTP/1.0" 200 57479 "-" "ZoominfoBot (zoominfobot at zoominfo dot com)"
35.243.164.185 - - [01/Aug/2021:13:11:25 +0000] "GET /tour-package.php?id=20 HTTP/1.0" 302 233 "-" "ZoominfoBot (zoominfobot at zoominfo dot com)"
35.243.164.185 - - [01/Aug/2021:13:11:26 +0000] "GET /tour-package.php?id=20 HTTP/1.0" 200 58920 "-" "ZoominfoBot (zoominfobot at zoominfo dot com)"
216.244.66.236 - - [01/Aug/2021:13:11:28 +0000] "GET /robots.txt HTTP/1.1" 404 78307 "-" "Mozilla/5.0 (compatible; DotBot/1.2; +https://opensiteexplorer.org/dotbot; help@moz.com)"
74.125.209.58 - - [01/Aug/2021:13:12:52 +0000] "GET /wp-content/themes/twentyfifteen-child/images/itk_logo.png HTTP/1.1" 301 296 "-" "Mozilla/5.0 (Windows NT 5.1; rv:11.0) Gecko Firefox/11.0 (via ggpht.com GoogleImageProxy)"
74.125.209.27 - - [01/Aug/2021:13:12:53 +0000] "GET /wp-content/themes/twentyfifteen-child/images/itk_logo.png HTTP/1.1" 404 78354 "-" "Mozilla/5.0 (Windows NT 5.1; rv:11.0) Gecko Firefox/11.0 (via ggpht.com GoogleImageProxy)"
35.243.164.185 - - [01/Aug/2021:13:15:29 +0000] "GET /tour-package.php?id=24 HTTP/1.0" 302 233 "-" "ZoominfoBot (zoominfobot at zoominfo dot com)"
35.243.164.185 - - [01/Aug/2021:13:15:29 +0000] "GET /tour-package.php?id=24 HTTP/1.0" 200 57948 "-" "ZoominfoBot (zoominfobot at zoominfo dot com)"
35.243.164.185 - - [01/Aug/2021:13:15:32 +0000] "GET /tour-package.php?id=10 HTTP/1.0" 302 233 "-" "ZoominfoBot (zoominfobot at zoominfo dot com)"
35.243.164.185 - - [01/Aug/2021:13:15:33 +0000] "GET /tour-package.php?id=10 HTTP/1.0" 200 55085 "-" "ZoominfoBot (zoominfobot at zoominfo dot com)"
66.249.66.55 - - [01/Aug/2021:13:17:03 +0000] "GET /tour-details.php?id=52 HTTP/1.1" 200 56927 "-" "Mozilla/5.0 (compatible; Googlebot/2.1; +http://www.google.com/bot.html)"
35.243.164.185 - - [01/Aug/2021:13:17:21 +0000] "GET /pagecontents.php?url=Cancellation-Policy HTTP/1.0" 302 251 "-" "ZoominfoBot (zoominfobot at zoominfo dot com)"
35.243.164.185 - - [01/Aug/2021:13:17:21 +0000] "GET /pagecontents.php?url=Cancellation-Policy HTTP/1.0" 200 50964 "-" "ZoominfoBot (zoominfobot at zoominfo dot com)"
114.119.129.191 - - [01/Aug/2021:13:19:01 +0000] "GET /LittleTibetExperience.html HTTP/1.1" 200 61463 "-" "Mozilla/5.0 (Linux; Android 7.0;) AppleWebKit/537.36 (KHTML, like Gecko) Mobile Safari/537.36 (compatible; PetalBot;+https://webmaster.petalsearch.com/site/petalbot)"
35.243.164.185 - - [01/Aug/2021:13:19:44 +0000] "GET /tour-package.php?id=28 HTTP/1.0" 302 233 "-" "ZoominfoBot (zoominfobot at zoominfo dot com)"
35.243.164.185 - - [01/Aug/2021:13:19:44 +0000] "GET /tour-package.php?id=28 HTTP/1.0" 200 65751 "-" "ZoominfoBot (zoominfobot at zoominfo dot com)"
35.243.164.185 - - [01/Aug/2021:13:19:47 +0000] "GET /tour-package.php?id=14 HTTP/1.0" 302 233 "-" "ZoominfoBot (zoominfobot at zoominfo dot com)"
35.243.164.185 - - [01/Aug/2021:13:19:47 +0000] "GET /tour-package.php?id=14 HTTP/1.0" 200 58793 "-" "ZoominfoBot (zoominfobot at zoominfo dot com)"
106.38.241.135 - - [01/Aug/2021:13:21:47 +0000] "GET / HTTP/1.1" 200 78293 "-" "Sogou web spider/4.0(+http://www.sogou.com/docs/help/webmasters.htm#07)"
216.244.66.236 - - [01/Aug/2021:13:22:17 +0000] "GET /Shimla,Manali&ChandigarhCarTour.html HTTP/1.1" 200 56934 "-" "Mozilla/5.0 (compatible; DotBot/1.2; +https://opensiteexplorer.org/dotbot; help@moz.com)"
35.243.164.185 - - [01/Aug/2021:13:26:15 +0000] "GET /pagecontents.php?url=Pyament-Option HTTP/1.0" 302 246 "-" "ZoominfoBot (zoominfobot at zoominfo dot com)"
35.243.164.185 - - [01/Aug/2021:13:26:15 +0000] "GET /pagecontents.php?url=Pyament-Option HTTP/1.0" 200 50964 "-" "ZoominfoBot (zoominfobot at zoominfo dot com)"
35.243.164.185 - - [01/Aug/2021:13:27:17 +0000] "GET /pagecontents.php?url=Return-and-Refund-Policy HTTP/1.0" 302 256 "-" "ZoominfoBot (zoominfobot at zoominfo dot com)"
35.243.164.185 - - [01/Aug/2021:13:27:17 +0000] "GET /pagecontents.php?url=Return-and-Refund-Policy HTTP/1.0" 200 50964 "-" "ZoominfoBot (zoominfobot at zoominfo dot com)"
35.243.164.185 - - [01/Aug/2021:13:29:14 +0000] "GET /index.php HTTP/1.0" 302 220 "-" "ZoominfoBot (zoominfobot at zoominfo dot com)"
35.243.164.185 - - [01/Aug/2021:13:29:14 +0000] "GET /index.php HTTP/1.0" 301 235 "-" "ZoominfoBot (zoominfobot at zoominfo dot com)"
35.243.164.185 - - [01/Aug/2021:13:29:15 +0000] "GET / HTTP/1.0" 200 78293 "-" "ZoominfoBot (zoominfobot at zoominfo dot com)"
35.243.164.185 - - [01/Aug/2021:13:31:21 +0000] "GET /tour-package.php?id=21 HTTP/1.0" 302 233 "-" "ZoominfoBot (zoominfobot at zoominfo dot com)"
35.243.164.185 - - [01/Aug/2021:13:31:22 +0000] "GET /tour-package.php?id=21 HTTP/1.0" 200 57872 "-" "ZoominfoBot (zoominfobot at zoominfo dot com)"
35.243.164.185 - - [01/Aug/2021:13:35:05 +0000] "GET /honeymoon-tour-packages.php HTTP/1.0" 302 238 "-" "ZoominfoBot (zoominfobot at zoominfo dot com)"
35.243.164.185 - - [01/Aug/2021:13:35:06 +0000] "GET /honeymoon-tour-packages.php HTTP/1.0" 200 53985 "-" "ZoominfoBot (zoominfobot at zoominfo dot com)"
35.243.164.185 - - [01/Aug/2021:13:35:34 +0000] "GET /tour-package.php?id=25 HTTP/1.0" 302 233 "-" "ZoominfoBot (zoominfobot at zoominfo dot com)"
35.243.164.185 - - [01/Aug/2021:13:35:35 +0000] "GET /tour-package.php?id=25 HTTP/1.0" 200 58055 "-" "ZoominfoBot (zoominfobot at zoominfo dot com)"
114.119.159.183 - - [01/Aug/2021:13:36:51 +0000] "GET /CORBETTTOUR.html HTTP/1.1" 200 59226 "-" "Mozilla/5.0 (Linux; Android 7.0;) AppleWebKit/537.36 (KHTML, like Gecko) Mobile Safari/537.36 (compatible; PetalBot;+https://webmaster.petalsearch.com/site/petalbot)"
42.236.10.83 - - [01/Aug/2021:13:39:25 +0000] "GET / HTTP/1.1" 200 78293 "http://indiatravelkart.com/" "-"
35.243.164.185 - - [01/Aug/2021:13:40:12 +0000] "GET /tour-package.php?id=15 HTTP/1.0" 302 233 "-" "ZoominfoBot (zoominfobot at zoominfo dot com)"
35.243.164.185 - - [01/Aug/2021:13:40:13 +0000] "GET /tour-package.php?id=15 HTTP/1.0" 200 65841 "-" "ZoominfoBot (zoominfobot at zoominfo dot com)"
42.236.10.91 - - [01/Aug/2021:13:40:32 +0000] "GET / HTTP/1.1" 302 211 "https://indiatravelkart.com/" "-"
42.236.10.69 - - [01/Aug/2021:13:40:33 +0000] "GET / HTTP/1.1" 200 78293 "http://indiatravelkart.com/" "-"
106.38.241.135 - - [01/Aug/2021:13:42:31 +0000] "GET / HTTP/1.1" 200 78293 "-" "Sogou web spider/4.0(+http://www.sogou.com/docs/help/webmasters.htm#07)"
35.243.164.185 - - [01/Aug/2021:13:44:26 +0000] "GET /tour-package.php?id=19 HTTP/1.0" 302 233 "-" "ZoominfoBot (zoominfobot at zoominfo dot com)"
35.243.164.185 - - [01/Aug/2021:13:44:26 +0000] "GET /tour-package.php?id=19 HTTP/1.0" 200 65720 "-" "ZoominfoBot (zoominfobot at zoominfo dot com)"
35.243.164.185 - - [01/Aug/2021:13:47:59 +0000] "GET /tour-package.php?id=1 HTTP/1.0" 302 232 "-" "ZoominfoBot (zoominfobot at zoominfo dot com)"
35.243.164.185 - - [01/Aug/2021:13:47:59 +0000] "GET /tour-package.php?id=1 HTTP/1.0" 200 65712 "-" "ZoominfoBot (zoominfobot at zoominfo dot com)"
35.243.164.185 - - [01/Aug/2021:13:48:14 +0000] "GET /pagecontents.php?url=Terms-and-Conditions HTTP/1.0" 302 252 "-" "ZoominfoBot (zoominfobot at zoominfo dot com)"
35.243.164.185 - - [01/Aug/2021:13:48:14 +0000] "GET /pagecontents.php?url=Terms-and-Conditions HTTP/1.0" 200 53481 "-" "ZoominfoBot (zoominfobot at zoominfo dot com)"
115.187.41.170 - - [01/Aug/2021:13:54:36 +0000] "GET / HTTP/1.1" 200 78293 "https://www.google.co.in/" "Mozilla/5.0 (Windows NT 10.0; Win64; x64) AppleWebKit/537.36 (KHTML, like Gecko) Chrome/92.0.4515.107 Safari/537.36"
115.187.41.170 - - [01/Aug/2021:13:54:36 +0000] "GET /css/owl.carousel.css HTTP/1.1" 200 7603 "http://indiatravelkart.com/" "Mozilla/5.0 (Windows NT 10.0; Win64; x64) AppleWebKit/537.36 (KHTML, like Gecko) Chrome/92.0.4515.107 Safari/537.36"
115.187.41.170 - - [01/Aug/2021:13:54:36 +0000] "GET /css/font-awesome.min.css HTTP/1.1" 200 27490 "http://indiatravelkart.com/" "Mozilla/5.0 (Windows NT 10.0; Win64; x64) AppleWebKit/537.36 (KHTML, like Gecko) Chrome/92.0.4515.107 Safari/537.36"
115.187.41.170 - - [01/Aug/2021:13:54:36 +0000] "GET /css/jquery-ui.css HTTP/1.1" 200 35228 "http://indiatravelkart.com/" "Mozilla/5.0 (Windows NT 10.0; Win64; x64) AppleWebKit/537.36 (KHTML, like Gecko) Chrome/92.0.4515.107 Safari/537.36"
115.187.41.170 - - [01/Aug/2021:13:54:36 +0000] "GET /css/meanmenu.min.css HTTP/1.1" 200 2732 "http://indiatravelkart.com/" "Mozilla/5.0 (Windows NT 10.0; Win64; x64) AppleWebKit/537.36 (KHTML, like Gecko) Chrome/92.0.4515.107 Safari/537.36"
115.187.41.170 - - [01/Aug/2021:13:54:36 +0000] "GET /css/animate.css HTTP/1.1" 200 70824 "http://indiatravelkart.com/" "Mozilla/5.0 (Windows NT 10.0; Win64; x64) AppleWebKit/537.36 (KHTML, like Gecko) Chrome/92.0.4515.107 Safari/537.36"
115.187.41.170 - - [01/Aug/2021:13:54:36 +0000] "GET /lib/nivo-slider/css/nivo-slider.css HTTP/1.1" 200 8098 "http://indiatravelkart.com/" "Mozilla/5.0 (Windows NT 10.0; Win64; x64) AppleWebKit/537.36 (KHTML, like Gecko) Chrome/92.0.4515.107 Safari/537.36"
115.187.41.170 - - [01/Aug/2021:13:54:36 +0000] "GET /lib/nivo-slider/css/preview.css HTTP/1.1" 200 5624 "http://indiatravelkart.com/" "Mozilla/5.0 (Windows NT 10.0; Win64; x64) AppleWebKit/537.36 (KHTML, like Gecko) Chrome/92.0.4515.107 Safari/537.36"
115.187.41.170 - - [01/Aug/2021:13:54:36 +0000] "GET /style.css HTTP/1.1" 200 115813 "http://indiatravelkart.com/" "Mozilla/5.0 (Windows NT 10.0; Win64; x64) AppleWebKit/537.36 (KHTML, like Gecko) Chrome/92.0.4515.107 Safari/537.36"
115.187.41.170 - - [01/Aug/2021:13:54:36 +0000] "GET /css/responsive.css HTTP/1.1" 200 27655 "http://indiatravelkart.com/" "Mozilla/5.0 (Windows NT 10.0; Win64; x64) AppleWebKit/537.36 (KHTML, like Gecko) Chrome/92.0.4515.107 Safari/537.36"
115.187.41.170 - - [01/Aug/2021:13:54:36 +0000] "GET /js/vendor/modernizr-2.8.3.min.js HTTP/1.1" 200 15514 "http://indiatravelkart.com/" "Mozilla/5.0 (Windows NT 10.0; Win64; x64) AppleWebKit/537.36 (KHTML, like Gecko) Chrome/92.0.4515.107 Safari/537.36"
115.187.41.170 - - [01/Aug/2021:13:54:36 +0000] "GET /scripts/gen_validatorv4.js HTTP/1.1" 200 32085 "http://indiatravelkart.com/" "Mozilla/5.0 (Windows NT 10.0; Win64; x64) AppleWebKit/537.36 (KHTML, like Gecko) Chrome/92.0.4515.107 Safari/537.36"
115.187.41.170 - - [01/Aug/2021:13:54:36 +0000] "GET /css/bootstrap.min.css HTTP/1.1" 200 138183 "http://indiatravelkart.com/" "Mozilla/5.0 (Windows NT 10.0; Win64; x64) AppleWebKit/537.36 (KHTML, like Gecko) Chrome/92.0.4515.107 Safari/537.36"
115.187.41.170 - - [01/Aug/2021:13:54:37 +0000] "GET /js/bootstrap.min.js HTTP/1.1" 200 36868 "http://indiatravelkart.com/" "Mozilla/5.0 (Windows NT 10.0; Win64; x64) AppleWebKit/537.36 (KHTML, like Gecko) Chrome/92.0.4515.107 Safari/537.36"
115.187.41.170 - - [01/Aug/2021:13:54:37 +0000] "GET /js/vendor/jquery-1.11.3.min.js HTTP/1.1" 200 95992 "http://indiatravelkart.com/" "Mozilla/5.0 (Windows NT 10.0; Win64; x64) AppleWebKit/537.36 (KHTML, like Gecko) Chrome/92.0.4515.107 Safari/537.36"
115.187.41.170 - - [01/Aug/2021:13:54:37 +0000] "GET /lib/nivo-slider/home.js HTTP/1.1" 200 724 "http://indiatravelkart.com/" "Mozilla/5.0 (Windows NT 10.0; Win64; x64) AppleWebKit/537.36 (KHTML, like Gecko) Chrome/92.0.4515.107 Safari/537.36"
115.187.41.170 - - [01/Aug/2021:13:54:37 +0000] "GET /lib/nivo-slider/js/jquery.nivo.slider.js HTTP/1.1" 200 29113 "http://indiatravelkart.com/" "Mozilla/5.0 (Windows NT 10.0; Win64; x64) AppleWebKit/537.36 (KHTML, like Gecko) Chrome/92.0.4515.107 Safari/537.36"
115.187.41.170 - - [01/Aug/2021:13:54:37 +0000] "GET /js/jquery.meanmenu.js HTTP/1.1" 200 11467 "http://indiatravelkart.com/" "Mozilla/5.0 (Windows NT 10.0; Win64; x64) AppleWebKit/537.36 (KHTML, like Gecko) Chrome/92.0.4515.107 Safari/537.36"
115.187.41.170 - - [01/Aug/2021:13:54:37 +0000] "GET /js/owl.carousel.min.js HTTP/1.1" 200 23890 "http://indiatravelkart.com/" "Mozilla/5.0 (Windows NT 10.0; Win64; x64) AppleWebKit/537.36 (KHTML, like Gecko) Chrome/92.0.4515.107 Safari/537.36"
115.187.41.170 - - [01/Aug/2021:13:54:37 +0000] "GET /js/wow.min.js HTTP/1.1" 200 8426 "http://indiatravelkart.com/" "Mozilla/5.0 (Windows NT 10.0; Win64; x64) AppleWebKit/537.36 (KHTML, like Gecko) Chrome/92.0.4515.107 Safari/537.36"
115.187.41.170 - - [01/Aug/2021:13:54:37 +0000] "GET /js/jquery-price-slider.js HTTP/1.1" 200 24017 "http://indiatravelkart.com/" "Mozilla/5.0 (Windows NT 10.0; Win64; x64) AppleWebKit/537.36 (KHTML, like Gecko) Chrome/92.0.4515.107 Safari/537.36"
115.187.41.170 - - [01/Aug/2021:13:54:37 +0000] "GET /js/jquery.scrollUp.min.js HTTP/1.1" 200 2035 "http://indiatravelkart.com/" "Mozilla/5.0 (Windows NT 10.0; Win64; x64) AppleWebKit/537.36 (KHTML, like Gecko) Chrome/92.0.4515.107 Safari/537.36"
115.187.41.170 - - [01/Aug/2021:13:54:37 +0000] "GET /js/waypoints.min.js HTTP/1.1" 200 8044 "http://indiatravelkart.com/" "Mozilla/5.0 (Windows NT 10.0; Win64; x64) AppleWebKit/537.36 (KHTML, like Gecko) Chrome/92.0.4515.107 Safari/537.36"
115.187.41.170 - - [01/Aug/2021:13:54:37 +0000] "GET /js/jquery.counterup.min.js HTTP/1.1" 200 1067 "http://indiatravelkart.com/" "Mozilla/5.0 (Windows NT 10.0; Win64; x64) AppleWebKit/537.36 (KHTML, like Gecko) Chrome/92.0.4515.107 Safari/537.36"
115.187.41.170 - - [01/Aug/2021:13:54:37 +0000] "GET /js/plugins.js HTTP/1.1" 200 760 "http://indiatravelkart.com/" "Mozilla/5.0 (Windows NT 10.0; Win64; x64) AppleWebKit/537.36 (KHTML, like Gecko) Chrome/92.0.4515.107 Safari/537.36"
115.187.41.170 - - [01/Aug/2021:13:54:37 +0000] "GET /js/main.js HTTP/1.1" 200 2518 "http://indiatravelkart.com/" "Mozilla/5.0 (Windows NT 10.0; Win64; x64) AppleWebKit/537.36 (KHTML, like Gecko) Chrome/92.0.4515.107 Safari/537.36"
115.187.41.170 - - [01/Aug/2021:13:54:37 +0000] "GET /img/logo/logo.png HTTP/1.1" 200 16597 "http://indiatravelkart.com/" "Mozilla/5.0 (Windows NT 10.0; Win64; x64) AppleWebKit/537.36 (KHTML, like Gecko) Chrome/92.0.4515.107 Safari/537.36"
115.187.41.170 - - [01/Aug/2021:13:54:37 +0000] "GET /img/icon/serv-12.png HTTP/1.1" 200 4169 "http://indiatravelkart.com/" "Mozilla/5.0 (Windows NT 10.0; Win64; x64) AppleWebKit/537.36 (KHTML, like Gecko) Chrome/92.0.4515.107 Safari/537.36"
115.187.41.170 - - [01/Aug/2021:13:54:37 +0000] "GET /img/icon/serv-11.png HTTP/1.1" 200 2223 "http://indiatravelkart.com/" "Mozilla/5.0 (Windows NT 10.0; Win64; x64) AppleWebKit/537.36 (KHTML, like Gecko) Chrome/92.0.4515.107 Safari/537.36"
115.187.41.170 - - [01/Aug/2021:13:54:37 +0000] "GET /img/icon/serv-13.png HTTP/1.1" 200 5515 "http://indiatravelkart.com/" "Mozilla/5.0 (Windows NT 10.0; Win64; x64) AppleWebKit/537.36 (KHTML, like Gecko) Chrome/92.0.4515.107 Safari/537.36"
115.187.41.170 - - [01/Aug/2021:13:54:37 +0000] "GET /fonts/fontawesome-webfont3295.woff2?v=4.5.0 HTTP/1.1" 200 66624 "http://indiatravelkart.com/css/font-awesome.min.css" "Mozilla/5.0 (Windows NT 10.0; Win64; x64) AppleWebKit/537.36 (KHTML, like Gecko) Chrome/92.0.4515.107 Safari/537.36"
115.187.41.170 - - [01/Aug/2021:13:54:37 +0000] "GET /img/icon/serv-14.png HTTP/1.1" 200 4516 "http://indiatravelkart.com/" "Mozilla/5.0 (Windows NT 10.0; Win64; x64) AppleWebKit/537.36 (KHTML, like Gecko) Chrome/92.0.4515.107 Safari/537.36"
115.187.41.170 - - [01/Aug/2021:13:54:37 +0000] "GET /img/icon/serv-15.png HTTP/1.1" 200 9605 "http://indiatravelkart.com/" "Mozilla/5.0 (Windows NT 10.0; Win64; x64) AppleWebKit/537.36 (KHTML, like Gecko) Chrome/92.0.4515.107 Safari/537.36"
115.187.41.170 - - [01/Aug/2021:13:54:37 +0000] "GET /galleryimg/29237e4e8c812419f8af7e905fdbf24e.jpg HTTP/1.1" 200 113570 "http://indiatravelkart.com/" "Mozilla/5.0 (Windows NT 10.0; Win64; x64) AppleWebKit/537.36 (KHTML, like Gecko) Chrome/92.0.4515.107 Safari/537.36"
115.187.41.170 - - [01/Aug/2021:13:54:37 +0000] "GET /img/slider/13.jpg HTTP/1.1" 200 514354 "http://indiatravelkart.com/" "Mozilla/5.0 (Windows NT 10.0; Win64; x64) AppleWebKit/537.36 (KHTML, like Gecko) Chrome/92.0.4515.107 Safari/537.36"
115.187.41.170 - - [01/Aug/2021:13:54:37 +0000] "GET /img/icon/title2-icon-1.png HTTP/1.1" 200 1992 "http://indiatravelkart.com/style.css" "Mozilla/5.0 (Windows NT 10.0; Win64; x64) AppleWebKit/537.36 (KHTML, like Gecko) Chrome/92.0.4515.107 Safari/537.36"
115.187.41.170 - - [01/Aug/2021:13:54:37 +0000] "GET /galleryimg/167d26d9d1e0c58ca9ca4cc4db85e5d7.jpg HTTP/1.1" 200 325975 "http://indiatravelkart.com/" "Mozilla/5.0 (Windows NT 10.0; Win64; x64) AppleWebKit/537.36 (KHTML, like Gecko) Chrome/92.0.4515.107 Safari/537.36"
115.187.41.170 - - [01/Aug/2021:13:54:37 +0000] "GET /galleryimg/6663220download%20(2).jpg HTTP/1.1" 200 13499 "http://indiatravelkart.com/" "Mozilla/5.0 (Windows NT 10.0; Win64; x64) AppleWebKit/537.36 (KHTML, like Gecko) Chrome/92.0.4515.107 Safari/537.36"
115.187.41.170 - - [01/Aug/2021:13:54:37 +0000] "GET /galleryimg/57419392.jpg HTTP/1.1" 200 916910 "http://indiatravelkart.com/" "Mozilla/5.0 (Windows NT 10.0; Win64; x64) AppleWebKit/537.36 (KHTML, like Gecko) Chrome/92.0.4515.107 Safari/537.36"
115.187.41.170 - - [01/Aug/2021:13:54:38 +0000] "GET /img/banner/7.jpg HTTP/1.1" 200 130547 "http://indiatravelkart.com/style.css" "Mozilla/5.0 (Windows NT 10.0; Win64; x64) AppleWebKit/537.36 (KHTML, like Gecko) Chrome/92.0.4515.107 Safari/537.36"
115.187.41.170 - - [01/Aug/2021:13:54:38 +0000] "GET /img/icon/home-two-select-bg-two.png HTTP/1.1" 200 1503 "http://indiatravelkart.com/style.css" "Mozilla/5.0 (Windows NT 10.0; Win64; x64) AppleWebKit/537.36 (KHTML, like Gecko) Chrome/92.0.4515.107 Safari/537.36"
115.187.41.170 - - [01/Aug/2021:13:54:37 +0000] "GET /galleryimg/c63c289fbb6529b23b49bf5a220d5f2b.jpg HTTP/1.1" 200 170012 "http://indiatravelkart.com/" "Mozilla/5.0 (Windows NT 10.0; Win64; x64) AppleWebKit/537.36 (KHTML, like Gecko) Chrome/92.0.4515.107 Safari/537.36"
115.187.41.170 - - [01/Aug/2021:13:54:38 +0000] "GET /galleryimg/4573876download%20(2).jpg HTTP/1.1" 200 13499 "http://indiatravelkart.com/" "Mozilla/5.0 (Windows NT 10.0; Win64; x64) AppleWebKit/537.36 (KHTML, like Gecko) Chrome/92.0.4515.107 Safari/537.36"
115.187.41.170 - - [01/Aug/2021:13:54:38 +0000] "GET /galleryimg/335577download%20(1).jpg HTTP/1.1" 200 11390 "http://indiatravelkart.com/" "Mozilla/5.0 (Windows NT 10.0; Win64; x64) AppleWebKit/537.36 (KHTML, like Gecko) Chrome/92.0.4515.107 Safari/537.36"
115.187.41.170 - - [01/Aug/2021:13:54:38 +0000] "GET /galleryimg/8637951exotic-kerala-tour-840.jpeg HTTP/1.1" 200 28339 "http://indiatravelkart.com/" "Mozilla/5.0 (Windows NT 10.0; Win64; x64) AppleWebKit/537.36 (KHTML, like Gecko) Chrome/92.0.4515.107 Safari/537.36"
115.187.41.170 - - [01/Aug/2021:13:54:38 +0000] "GET /img/icon/7.png HTTP/1.1" 200 2738 "http://indiatravelkart.com/" "Mozilla/5.0 (Windows NT 10.0; Win64; x64) AppleWebKit/537.36 (KHTML, like Gecko) Chrome/92.0.4515.107 Safari/537.36"
115.187.41.170 - - [01/Aug/2021:13:54:38 +0000] "GET /img/icon/7-hover.png HTTP/1.1" 200 2927 "http://indiatravelkart.com/" "Mozilla/5.0 (Windows NT 10.0; Win64; x64) AppleWebKit/537.36 (KHTML, like Gecko) Chrome/92.0.4515.107 Safari/537.36"
115.187.41.170 - - [01/Aug/2021:13:54:38 +0000] "GET /img/icon/8.png HTTP/1.1" 200 2450 "http://indiatravelkart.com/" "Mozilla/5.0 (Windows NT 10.0; Win64; x64) AppleWebKit/537.36 (KHTML, like Gecko) Chrome/92.0.4515.107 Safari/537.36"
