185.191.171.19 - - [02/Aug/2021:22:28:06 +0000] "GET /BeautifulUttaranchalTour.html HTTP/1.1" 301 268 "-" "Mozilla/5.0 (compatible; SemrushBot/7~bl; +http://www.semrush.com/bot.html)"
185.191.171.6 - - [02/Aug/2021:22:28:07 +0000] "GET /BeautifulUttaranchalTour.html HTTP/1.1" 200 61238 "-" "Mozilla/5.0 (compatible; SemrushBot/7~bl; +http://www.semrush.com/bot.html)"
114.119.159.183 - - [02/Aug/2021:22:29:31 +0000] "GET /Hongkong%E2%80%93Macau%E2%80%93DisneylandTour.html HTTP/1.1" 200 62383 "-" "Mozilla/5.0 (Linux; Android 7.0;) AppleWebKit/537.36 (KHTML, like Gecko) Mobile Safari/537.36 (compatible; PetalBot;+https://webmaster.petalsearch.com/site/petalbot)"
106.38.241.120 - - [02/Aug/2021:22:34:55 +0000] "GET / HTTP/1.1" 200 78293 "-" "Sogou web spider/4.0(+http://www.sogou.com/docs/help/webmasters.htm#07)"
66.249.66.55 - - [02/Aug/2021:22:38:27 +0000] "GET /DubaiTourPackage.html HTTP/1.1" 200 59557 "-" "Mozilla/5.0 (compatible; Googlebot/2.1; +http://www.google.com/bot.html)"
114.119.152.233 - - [02/Aug/2021:22:46:47 +0000] "GET /tour-package.php?id=13 HTTP/1.1" 200 64719 "-" "Mozilla/5.0 (Linux; Android 7.0;) AppleWebKit/537.36 (KHTML, like Gecko) Mobile Safari/537.36 (compatible; PetalBot;+https://webmaster.petalsearch.com/site/petalbot)"
66.249.66.77 - - [02/Aug/2021:22:49:09 +0000] "GET /services.php HTTP/1.1" 302 223 "-" "Mozilla/5.0 (Linux; Android 6.0.1; Nexus 5X Build/MMB29P) AppleWebKit/537.36 (KHTML, like Gecko) Chrome/92.0.4515.119 Mobile Safari/537.36 (compatible; Googlebot/2.1; +http://www.google.com/bot.html)"
66.249.66.79 - - [02/Aug/2021:22:49:09 +0000] "GET /services.php HTTP/1.1" 200 56425 "-" "Mozilla/5.0 (Linux; Android 6.0.1; Nexus 5X Build/MMB29P) AppleWebKit/537.36 (KHTML, like Gecko) Chrome/92.0.4515.119 Mobile Safari/537.36 (compatible; Googlebot/2.1; +http://www.google.com/bot.html)"
35.237.64.8 - - [02/Aug/2021:22:50:18 +0000] "GET /robots.txt HTTP/1.0" 302 221 "-" "ZoominfoBot (zoominfobot at zoominfo dot com)"
35.237.64.8 - - [02/Aug/2021:22:50:18 +0000] "GET /robots.txt HTTP/1.1" 301 249 "-" "ZoominfoBot (zoominfobot at zoominfo dot com)"
35.237.64.8 - - [02/Aug/2021:22:50:19 +0000] "GET /robots.txt HTTP/1.1" 404 78307 "-" "ZoominfoBot (zoominfobot at zoominfo dot com)"
35.237.64.8 - - [02/Aug/2021:22:50:21 +0000] "GET /tour-package.php?id=22 HTTP/1.0" 302 233 "-" "ZoominfoBot (zoominfobot at zoominfo dot com)"
35.237.64.8 - - [02/Aug/2021:22:50:21 +0000] "GET /robots.txt HTTP/1.0" 301 249 "-" "ZoominfoBot (zoominfobot at zoominfo dot com)"
35.237.64.8 - - [02/Aug/2021:22:50:22 +0000] "GET /robots.txt HTTP/1.1" 404 78307 "-" "ZoominfoBot (zoominfobot at zoominfo dot com)"
35.237.64.8 - - [02/Aug/2021:22:50:23 +0000] "GET /pagecontents.php?url=Privacy-Policy HTTP/1.0" 302 246 "-" "ZoominfoBot (zoominfobot at zoominfo dot com)"
35.237.64.8 - - [02/Aug/2021:22:50:24 +0000] "GET /robots.txt HTTP/1.0" 301 249 "-" "ZoominfoBot (zoominfobot at zoominfo dot com)"
35.237.64.8 - - [02/Aug/2021:22:50:24 +0000] "GET /robots.txt HTTP/1.1" 404 78307 "-" "ZoominfoBot (zoominfobot at zoominfo dot com)"
35.237.64.8 - - [02/Aug/2021:22:50:26 +0000] "GET /tour-package.php?id=22 HTTP/1.0" 200 58102 "-" "ZoominfoBot (zoominfobot at zoominfo dot com)"
35.237.64.8 - - [02/Aug/2021:22:50:26 +0000] "GET /pagecontents.php?url=Privacy-Policy HTTP/1.0" 200 51008 "-" "ZoominfoBot (zoominfobot at zoominfo dot com)"
35.237.64.8 - - [02/Aug/2021:22:52:32 +0000] "GET /tour-package.php?id=26 HTTP/1.0" 302 233 "-" "ZoominfoBot (zoominfobot at zoominfo dot com)"
35.237.64.8 - - [02/Aug/2021:22:52:33 +0000] "GET /tour-package.php?id=26 HTTP/1.0" 200 57965 "-" "ZoominfoBot (zoominfobot at zoominfo dot com)"
35.237.64.8 - - [02/Aug/2021:22:52:37 +0000] "GET /tour-package.php?id=12 HTTP/1.0" 302 233 "-" "ZoominfoBot (zoominfobot at zoominfo dot com)"
35.237.64.8 - - [02/Aug/2021:22:52:37 +0000] "GET /tour-package.php?id=12 HTTP/1.0" 200 55085 "-" "ZoominfoBot (zoominfobot at zoominfo dot com)"
114.119.159.39 - - [02/Aug/2021:22:53:37 +0000] "GET /RajasthanTour.html HTTP/1.1" 200 65184 "-" "Mozilla/5.0 (Linux; Android 7.0;) AppleWebKit/537.36 (KHTML, like Gecko) Mobile Safari/537.36 (compatible; PetalBot;+https://webmaster.petalsearch.com/site/petalbot)"
35.237.64.8 - - [02/Aug/2021:22:57:58 +0000] "GET /tour-package.php?id=16 HTTP/1.0" 302 233 "-" "ZoominfoBot (zoominfobot at zoominfo dot com)"
35.237.64.8 - - [02/Aug/2021:22:57:59 +0000] "GET /tour-package.php?id=16 HTTP/1.0" 200 65697 "-" "ZoominfoBot (zoominfobot at zoominfo dot com)"
35.237.64.8 - - [02/Aug/2021:23:02:59 +0000] "GET /contact.php HTTP/1.0" 302 222 "-" "ZoominfoBot (zoominfobot at zoominfo dot com)"
35.237.64.8 - - [02/Aug/2021:23:03:00 +0000] "GET /contact.php HTTP/1.0" 200 57552 "-" "ZoominfoBot (zoominfobot at zoominfo dot com)"
35.237.64.8 - - [02/Aug/2021:23:03:22 +0000] "GET /hill-station-tour-packages.php HTTP/1.0" 302 241 "-" "ZoominfoBot (zoominfobot at zoominfo dot com)"
35.237.64.8 - - [02/Aug/2021:23:03:23 +0000] "GET /hill-station-tour-packages.php HTTP/1.0" 200 53993 "-" "ZoominfoBot (zoominfobot at zoominfo dot com)"
35.237.64.8 - - [02/Aug/2021:23:11:52 +0000] "GET /tour-package.php?id=23 HTTP/1.0" 302 233 "-" "ZoominfoBot (zoominfobot at zoominfo dot com)"
35.237.64.8 - - [02/Aug/2021:23:11:52 +0000] "GET /tour-package.php?id=23 HTTP/1.0" 200 57946 "-" "ZoominfoBot (zoominfobot at zoominfo dot com)"
106.38.241.120 - - [02/Aug/2021:23:14:03 +0000] "GET / HTTP/1.1" 200 78293 "-" "Sogou web spider/4.0(+http://www.sogou.com/docs/help/webmasters.htm#07)"
35.237.64.8 - - [02/Aug/2021:23:16:53 +0000] "GET /tour-package.php?id=13 HTTP/1.0" 302 233 "-" "ZoominfoBot (zoominfobot at zoominfo dot com)"
35.237.64.8 - - [02/Aug/2021:23:16:53 +0000] "GET /tour-package.php?id=13 HTTP/1.0" 200 64719 "-" "ZoominfoBot (zoominfobot at zoominfo dot com)"
35.237.64.8 - - [02/Aug/2021:23:21:10 +0000] "GET /services.php HTTP/1.0" 302 223 "-" "ZoominfoBot (zoominfobot at zoominfo dot com)"
35.237.64.8 - - [02/Aug/2021:23:21:10 +0000] "GET /services.php HTTP/1.0" 200 56425 "-" "ZoominfoBot (zoominfobot at zoominfo dot com)"
35.237.64.8 - - [02/Aug/2021:23:21:33 +0000] "GET /tour-package.php?id=17 HTTP/1.0" 302 233 "-" "ZoominfoBot (zoominfobot at zoominfo dot com)"
35.237.64.8 - - [02/Aug/2021:23:21:33 +0000] "GET /tour-package.php?id=17 HTTP/1.0" 200 61812 "-" "ZoominfoBot (zoominfobot at zoominfo dot com)"
114.119.129.191 - - [02/Aug/2021:23:22:23 +0000] "GET /honeymoon-tour-packages.php HTTP/1.1" 200 53985 "-" "Mozilla/5.0 (Linux; Android 7.0;) AppleWebKit/537.36 (KHTML, like Gecko) Mobile Safari/537.36 (compatible; PetalBot;+https://webmaster.petalsearch.com/site/petalbot)"
35.237.64.8 - - [02/Aug/2021:23:25:08 +0000] "GET /tour-package.php?id=30 HTTP/1.0" 302 233 "-" "ZoominfoBot (zoominfobot at zoominfo dot com)"
35.237.64.8 - - [02/Aug/2021:23:25:09 +0000] "GET /tour-package.php?id=30 HTTP/1.0" 200 55085 "-" "ZoominfoBot (zoominfobot at zoominfo dot com)"
35.237.64.8 - - [02/Aug/2021:23:29:33 +0000] "GET /about.php HTTP/1.0" 302 220 "-" "ZoominfoBot (zoominfobot at zoominfo dot com)"
35.237.64.8 - - [02/Aug/2021:23:29:34 +0000] "GET /about.php HTTP/1.0" 200 57479 "-" "ZoominfoBot (zoominfobot at zoominfo dot com)"
35.237.64.8 - - [02/Aug/2021:23:29:53 +0000] "GET /tour-package.php?id=20 HTTP/1.0" 302 233 "-" "ZoominfoBot (zoominfobot at zoominfo dot com)"
35.237.64.8 - - [02/Aug/2021:23:29:54 +0000] "GET /tour-package.php?id=20 HTTP/1.0" 200 58920 "-" "ZoominfoBot (zoominfobot at zoominfo dot com)"
66.249.66.78 - - [02/Aug/2021:23:33:51 +0000] "GET / HTTP/1.1" 200 78293 "-" "Mozilla/5.0 (Linux; Android 6.0.1; Nexus 5X Build/MMB29P) AppleWebKit/537.36 (KHTML, like Gecko) Chrome/92.0.4515.119 Mobile Safari/537.36 (compatible; Googlebot/2.1; +http://www.google.com/bot.html)"
66.249.66.57 - - [02/Aug/2021:23:34:18 +0000] "GET /NorthEastTourPackages.html HTTP/1.1" 200 60718 "-" "Mozilla/5.0 (compatible; Googlebot/2.1; +http://www.google.com/bot.html)"
35.237.64.8 - - [02/Aug/2021:23:34:49 +0000] "GET /tour-package.php?id=24 HTTP/1.0" 302 233 "-" "ZoominfoBot (zoominfobot at zoominfo dot com)"
35.237.64.8 - - [02/Aug/2021:23:34:50 +0000] "GET /tour-package.php?id=24 HTTP/1.0" 200 57948 "-" "ZoominfoBot (zoominfobot at zoominfo dot com)"
35.237.64.8 - - [02/Aug/2021:23:34:54 +0000] "GET /tour-package.php?id=10 HTTP/1.0" 302 233 "-" "ZoominfoBot (zoominfobot at zoominfo dot com)"
35.237.64.8 - - [02/Aug/2021:23:34:54 +0000] "GET /tour-package.php?id=10 HTTP/1.0" 200 55085 "-" "ZoominfoBot (zoominfobot at zoominfo dot com)"
35.237.64.8 - - [02/Aug/2021:23:37:18 +0000] "GET /pagecontents.php?url=Cancellation-Policy HTTP/1.0" 302 251 "-" "ZoominfoBot (zoominfobot at zoominfo dot com)"
35.237.64.8 - - [02/Aug/2021:23:37:18 +0000] "GET /pagecontents.php?url=Cancellation-Policy HTTP/1.0" 200 50964 "-" "ZoominfoBot (zoominfobot at zoominfo dot com)"
35.237.64.8 - - [02/Aug/2021:23:40:04 +0000] "GET /tour-package.php?id=28 HTTP/1.0" 302 233 "-" "ZoominfoBot (zoominfobot at zoominfo dot com)"
35.237.64.8 - - [02/Aug/2021:23:40:05 +0000] "GET /tour-package.php?id=28 HTTP/1.0" 200 65751 "-" "ZoominfoBot (zoominfobot at zoominfo dot com)"
35.237.64.8 - - [02/Aug/2021:23:40:07 +0000] "GET /tour-package.php?id=14 HTTP/1.0" 302 233 "-" "ZoominfoBot (zoominfobot at zoominfo dot com)"
35.237.64.8 - - [02/Aug/2021:23:40:08 +0000] "GET /tour-package.php?id=14 HTTP/1.0" 200 58793 "-" "ZoominfoBot (zoominfobot at zoominfo dot com)"
114.119.129.191 - - [02/Aug/2021:23:47:01 +0000] "GET /tour-package.php?id=14 HTTP/1.1" 200 58793 "-" "Mozilla/5.0 (Linux; Android 7.0;) AppleWebKit/537.36 (KHTML, like Gecko) Mobile Safari/537.36 (compatible; PetalBot;+https://webmaster.petalsearch.com/site/petalbot)"
35.237.64.8 - - [02/Aug/2021:23:47:36 +0000] "GET /pagecontents.php?url=Pyament-Option HTTP/1.0" 302 246 "-" "ZoominfoBot (zoominfobot at zoominfo dot com)"
35.237.64.8 - - [02/Aug/2021:23:47:36 +0000] "GET /pagecontents.php?url=Pyament-Option HTTP/1.0" 200 50964 "-" "ZoominfoBot (zoominfobot at zoominfo dot com)"
35.237.64.8 - - [02/Aug/2021:23:48:38 +0000] "GET /pagecontents.php?url=Return-and-Refund-Policy HTTP/1.0" 302 256 "-" "ZoominfoBot (zoominfobot at zoominfo dot com)"
35.237.64.8 - - [02/Aug/2021:23:48:38 +0000] "GET /pagecontents.php?url=Return-and-Refund-Policy HTTP/1.0" 200 50964 "-" "ZoominfoBot (zoominfobot at zoominfo dot com)"
35.237.64.8 - - [02/Aug/2021:23:50:33 +0000] "GET /index.php HTTP/1.0" 302 220 "-" "ZoominfoBot (zoominfobot at zoominfo dot com)"
35.237.64.8 - - [02/Aug/2021:23:50:33 +0000] "GET /index.php HTTP/1.0" 301 235 "-" "ZoominfoBot (zoominfobot at zoominfo dot com)"
35.237.64.8 - - [02/Aug/2021:23:50:34 +0000] "GET / HTTP/1.0" 200 78293 "-" "ZoominfoBot (zoominfobot at zoominfo dot com)"
106.38.241.120 - - [02/Aug/2021:23:51:12 +0000] "GET / HTTP/1.1" 200 78293 "-" "Sogou web spider/4.0(+http://www.sogou.com/docs/help/webmasters.htm#07)"
35.237.64.8 - - [02/Aug/2021:23:52:57 +0000] "GET /tour-package.php?id=21 HTTP/1.0" 302 233 "-" "ZoominfoBot (zoominfobot at zoominfo dot com)"
35.237.64.8 - - [02/Aug/2021:23:52:57 +0000] "GET /tour-package.php?id=21 HTTP/1.0" 200 57872 "-" "ZoominfoBot (zoominfobot at zoominfo dot com)"
66.249.66.80 - - [02/Aug/2021:23:53:29 +0000] "GET / HTTP/1.1" 200 78293 "-" "Mozilla/5.0 (compatible; Googlebot/2.1; +http://www.google.com/bot.html)"
35.237.64.8 - - [02/Aug/2021:23:56:33 +0000] "GET /honeymoon-tour-packages.php HTTP/1.0" 302 238 "-" "ZoominfoBot (zoominfobot at zoominfo dot com)"
35.237.64.8 - - [02/Aug/2021:23:56:33 +0000] "GET /honeymoon-tour-packages.php HTTP/1.0" 200 53985 "-" "ZoominfoBot (zoominfobot at zoominfo dot com)"
35.237.64.8 - - [02/Aug/2021:23:57:11 +0000] "GET /tour-package.php?id=25 HTTP/1.0" 302 233 "-" "ZoominfoBot (zoominfobot at zoominfo dot com)"
35.237.64.8 - - [02/Aug/2021:23:57:11 +0000] "GET /tour-package.php?id=25 HTTP/1.0" 200 58055 "-" "ZoominfoBot (zoominfobot at zoominfo dot com)"
176.125.229.143 - - [02/Aug/2021:23:59:25 +0000] "GET / HTTP/1.0" 200 78293 "http://indiatravelkart.com/" "Mozilla/5.0 (Windows NT 10.0; Win64; x64) AppleWebKit/537.36 (KHTML, like Gecko) Chrome/64.0.3282.140 Safari/537.36 Edge/17.17134"
176.125.229.143 - - [02/Aug/2021:23:59:26 +0000] "GET /contact.php HTTP/1.0" 200 57552 "http://indiatravelkart.com/contact.php" "Mozilla/5.0 (Windows NT 10.0; Win64; x64) AppleWebKit/537.36 (KHTML, like Gecko) Chrome/64.0.3282.140 Safari/537.36 Edge/17.17134"
35.237.64.8 - - [03/Aug/2021:00:01:49 +0000] "GET /tour-package.php?id=15 HTTP/1.0" 302 233 "-" "ZoominfoBot (zoominfobot at zoominfo dot com)"
35.237.64.8 - - [03/Aug/2021:00:01:49 +0000] "GET /tour-package.php?id=15 HTTP/1.0" 200 65841 "-" "ZoominfoBot (zoominfobot at zoominfo dot com)"
35.237.64.8 - - [03/Aug/2021:00:06:35 +0000] "GET /tour-package.php?id=19 HTTP/1.0" 302 233 "-" "ZoominfoBot (zoominfobot at zoominfo dot com)"
35.237.64.8 - - [03/Aug/2021:00:06:36 +0000] "GET /tour-package.php?id=19 HTTP/1.0" 200 65720 "-" "ZoominfoBot (zoominfobot at zoominfo dot com)"
114.119.158.125 - - [03/Aug/2021:00:06:42 +0000] "GET /galleryimg/4942741images%20%281%29.jpg HTTP/1.1" 200 5788 "-" "Mozilla/5.0 (Linux; Android 7.0;) AppleWebKit/537.36 (KHTML, like Gecko) Mobile Safari/537.36 (compatible; PetalBot;+https://webmaster.petalsearch.com/site/petalbot)"
54.36.148.239 - - [03/Aug/2021:00:07:25 +0000] "GET /robots.txt HTTP/1.1" 302 225 "-" "Mozilla/5.0 (compatible; AhrefsBot/7.0; +http://ahrefs.com/robot/)"
54.36.148.239 - - [03/Aug/2021:00:07:25 +0000] "GET /robots.txt HTTP/1.1" 404 78307 "-" "Mozilla/5.0 (compatible; AhrefsBot/7.0; +http://ahrefs.com/robot/)"
54.36.148.122 - - [03/Aug/2021:00:07:27 +0000] "GET /UttrakhandTourism.html HTTP/1.1" 302 237 "-" "Mozilla/5.0 (compatible; AhrefsBot/7.0; +http://ahrefs.com/robot/)"
66.249.66.55 - - [03/Aug/2021:00:08:39 +0000] "GET /KashmirHoneymoonPackages.html HTTP/1.1" 200 62145 "-" "Mozilla/5.0 (compatible; Googlebot/2.1; +http://www.google.com/bot.html)"
35.237.64.8 - - [03/Aug/2021:00:10:13 +0000] "GET /tour-package.php?id=1 HTTP/1.0" 302 232 "-" "ZoominfoBot (zoominfobot at zoominfo dot com)"
35.237.64.8 - - [03/Aug/2021:00:10:14 +0000] "GET /tour-package.php?id=1 HTTP/1.0" 200 65712 "-" "ZoominfoBot (zoominfobot at zoominfo dot com)"
35.237.64.8 - - [03/Aug/2021:00:10:30 +0000] "GET /pagecontents.php?url=Terms-and-Conditions HTTP/1.0" 302 252 "-" "ZoominfoBot (zoominfobot at zoominfo dot com)"
35.237.64.8 - - [03/Aug/2021:00:10:30 +0000] "GET /pagecontents.php?url=Terms-and-Conditions HTTP/1.0" 200 53481 "-" "ZoominfoBot (zoominfobot at zoominfo dot com)"
185.191.171.39 - - [03/Aug/2021:00:17:11 +0000] "GET /robots.txt HTTP/1.1" 404 78307 "-" "Mozilla/5.0 (compatible; SemrushBot/7~bl; +http://www.semrush.com/bot.html)"
185.191.171.42 - - [03/Aug/2021:00:17:12 +0000] "GET /BestKeralaAyurveda.html HTTP/1.1" 200 61542 "-" "Mozilla/5.0 (compatible; SemrushBot/7~bl; +http://www.semrush.com/bot.html)"
66.249.66.55 - - [03/Aug/2021:00:18:35 +0000] "GET /kerala/pagecontents.php?url=Cancellation-Policy HTTP/1.1" 404 78344 "-" "Mozilla/5.0 (Linux; Android 6.0.1; Nexus 5X Build/MMB29P) AppleWebKit/537.36 (KHTML, like Gecko) Chrome/92.0.4515.119 Mobile Safari/537.36 (compatible; Googlebot/2.1; +http://www.google.com/bot.html)"
216.244.66.236 - - [03/Aug/2021:00:26:41 +0000] "GET /robots.txt HTTP/1.1" 404 78307 "-" "Mozilla/5.0 (compatible; DotBot/1.2; +https://opensiteexplorer.org/dotbot; help@moz.com)"
106.38.241.120 - - [03/Aug/2021:00:28:31 +0000] "GET / HTTP/1.1" 200 78293 "-" "Sogou web spider/4.0(+http://www.sogou.com/docs/help/webmasters.htm#07)"
66.249.66.59 - - [03/Aug/2021:00:28:31 +0000] "GET /SrilankaHolidayTour.html HTTP/1.1" 200 66329 "-" "Mozilla/5.0 (compatible; Googlebot/2.1; +http://www.google.com/bot.html)"
114.119.129.191 - - [03/Aug/2021:00:29:50 +0000] "GET /galleryimg/6135117darjeeling-tour-package.jpg HTTP/1.1" 200 127908 "-" "Mozilla/5.0 (Linux; Android 7.0;) AppleWebKit/537.36 (KHTML, like Gecko) Mobile Safari/537.36 (compatible; PetalBot;+https://webmaster.petalsearch.com/site/petalbot)"
216.244.66.236 - - [03/Aug/2021:00:37:23 +0000] "GET /3-countries-magic-tour/tour-package.php?id=16 HTTP/1.1" 404 78342 "-" "Mozilla/5.0 (compatible; DotBot/1.2; +https://opensiteexplorer.org/dotbot; help@moz.com)"
114.119.155.175 - - [03/Aug/2021:00:43:02 +0000] "GET /galleryimg/6135117darjeeling-tour-package.jpg HTTP/1.1" 200 127908 "-" "Mozilla/5.0 (Linux; Android 7.0;) AppleWebKit/537.36 (KHTML, like Gecko) Mobile Safari/537.36 (compatible; PetalBot;+https://webmaster.petalsearch.com/site/petalbot)"
185.191.171.13 - - [03/Aug/2021:00:52:50 +0000] "GET /robots.txt HTTP/1.1" 301 249 "-" "Mozilla/5.0 (compatible; SemrushBot/7~bl; +http://www.semrush.com/bot.html)"
185.191.171.26 - - [03/Aug/2021:00:52:50 +0000] "GET /robots.txt HTTP/1.1" 404 78307 "-" "Mozilla/5.0 (compatible; SemrushBot/7~bl; +http://www.semrush.com/bot.html)"
185.191.171.43 - - [03/Aug/2021:00:52:51 +0000] "GET /tour-package.php?id=15 HTTP/1.1" 200 65841 "-" "Mozilla/5.0 (compatible; SemrushBot/7~bl; +http://www.semrush.com/bot.html)"
114.119.159.39 - - [03/Aug/2021:01:03:50 +0000] "GET /RajasthanTourism.html HTTP/1.1" 200 60974 "-" "Mozilla/5.0 (Linux; Android 7.0;) AppleWebKit/537.36 (KHTML, like Gecko) Mobile Safari/537.36 (compatible; PetalBot;+https://webmaster.petalsearch.com/site/petalbot)"
106.38.241.120 - - [03/Aug/2021:01:05:50 +0000] "GET / HTTP/1.1" 200 78293 "-" "Sogou web spider/4.0(+http://www.sogou.com/docs/help/webmasters.htm#07)"
66.249.66.57 - - [03/Aug/2021:01:08:22 +0000] "GET /tour-package.php?id=28 HTTP/1.1" 200 65751 "-" "Mozilla/5.0 (Linux; Android 6.0.1; Nexus 5X Build/MMB29P) AppleWebKit/537.36 (KHTML, like Gecko) Chrome/92.0.4515.119 Mobile Safari/537.36 (compatible; Googlebot/2.1; +http://www.google.com/bot.html)"
158.255.147.107 - - [03/Aug/2021:01:20:04 +0000] "GET /contact.php HTTP/1.0" 200 57552 "http://indiatravelkart.com/contact.php" "Mozilla/5.0 (Windows NT 6.1; ) AppleWebKit/537.36 (KHTML, like Gecko) Chrome/83.0.4103.61 Safari/537.36"
114.119.156.152 - - [03/Aug/2021:01:29:13 +0000] "GET /Jammu&KatraTour.html HTTP/1.1" 200 56918 "-" "Mozilla/5.0 (Linux; Android 7.0;) AppleWebKit/537.36 (KHTML, like Gecko) Mobile Safari/537.36 (compatible; PetalBot;+https://webmaster.petalsearch.com/site/petalbot)"
40.77.167.103 - - [03/Aug/2021:01:31:50 +0000] "GET / HTTP/1.1" 302 211 "-" "Mozilla/5.0 (compatible; bingbot/2.0; +http://www.bing.com/bingbot.htm)"
40.77.167.103 - - [03/Aug/2021:01:31:51 +0000] "GET / HTTP/1.1" 200 78293 "-" "Mozilla/5.0 (compatible; bingbot/2.0; +http://www.bing.com/bingbot.htm)"
40.77.139.34 - - [03/Aug/2021:01:31:55 +0000] "GET /css/font-awesome.min.css HTTP/1.1" 200 27490 "-" "Mozilla/5.0 (Windows NT 6.1; WOW64) AppleWebKit/534+ (KHTML, like Gecko) BingPreview/1.0b"
40.77.139.118 - - [03/Aug/2021:01:31:55 +0000] "GET /css/owl.carousel.css HTTP/1.1" 200 7603 "-" "Mozilla/5.0 (Windows NT 6.1; WOW64) AppleWebKit/534+ (KHTML, like Gecko) BingPreview/1.0b"
40.77.191.231 - - [03/Aug/2021:01:31:55 +0000] "GET /css/meanmenu.min.css HTTP/1.1" 200 2732 "-" "Mozilla/5.0 (Windows NT 6.1; WOW64) AppleWebKit/534+ (KHTML, like Gecko) BingPreview/1.0b"
40.77.139.69 - - [03/Aug/2021:01:31:55 +0000] "GET /css/jquery-ui.css HTTP/1.1" 200 35228 "-" "Mozilla/5.0 (Windows NT 6.1; WOW64) AppleWebKit/534+ (KHTML, like Gecko) BingPreview/1.0b"
40.77.139.118 - - [03/Aug/2021:01:31:56 +0000] "GET /lib/nivo-slider/css/preview.css HTTP/1.1" 200 5624 "-" "Mozilla/5.0 (Windows NT 6.1; WOW64) AppleWebKit/534+ (KHTML, like Gecko) BingPreview/1.0b"
40.77.139.111 - - [03/Aug/2021:01:31:56 +0000] "GET /lib/nivo-slider/css/nivo-slider.css HTTP/1.1" 200 8098 "-" "Mozilla/5.0 (Windows NT 6.1; WOW64) AppleWebKit/534+ (KHTML, like Gecko) BingPreview/1.0b"
40.77.191.225 - - [03/Aug/2021:01:31:57 +0000] "GET /js/vendor/modernizr-2.8.3.min.js HTTP/1.1" 200 15514 "-" "Mozilla/5.0 (Windows NT 6.1; WOW64) AppleWebKit/534+ (KHTML, like Gecko) BingPreview/1.0b"
40.77.191.237 - - [03/Aug/2021:01:31:57 +0000] "GET /scripts/gen_validatorv4.js HTTP/1.1" 200 32085 "-" "Mozilla/5.0 (Windows NT 6.1; WOW64) AppleWebKit/534+ (KHTML, like Gecko) BingPreview/1.0b"
40.77.139.103 - - [03/Aug/2021:01:31:57 +0000] "GET /css/responsive.css HTTP/1.1" 200 27655 "-" "Mozilla/5.0 (Windows NT 6.1; WOW64) AppleWebKit/534+ (KHTML, like Gecko) BingPreview/1.0b"
40.77.139.35 - - [03/Aug/2021:01:31:59 +0000] "GET /js/bootstrap.min.js HTTP/1.1" 200 36868 "-" "Mozilla/5.0 (Windows NT 6.1; WOW64) AppleWebKit/534+ (KHTML, like Gecko) BingPreview/1.0b"
40.77.191.242 - - [03/Aug/2021:01:31:59 +0000] "GET /lib/nivo-slider/js/jquery.nivo.slider.js HTTP/1.1" 200 29113 "-" "Mozilla/5.0 (Windows NT 6.1; WOW64) AppleWebKit/534+ (KHTML, like Gecko) BingPreview/1.0b"
40.77.191.216 - - [03/Aug/2021:01:32:00 +0000] "GET /lib/nivo-slider/home.js HTTP/1.1" 200 724 "-" "Mozilla/5.0 (Windows NT 6.1; WOW64) AppleWebKit/534+ (KHTML, like Gecko) BingPreview/1.0b"
40.77.139.53 - - [03/Aug/2021:01:32:00 +0000] "GET /js/wow.min.js HTTP/1.1" 200 8426 "-" "Mozilla/5.0 (Windows NT 6.1; WOW64) AppleWebKit/534+ (KHTML, like Gecko) BingPreview/1.0b"
40.77.139.34 - - [03/Aug/2021:01:32:00 +0000] "GET /js/jquery-price-slider.js HTTP/1.1" 200 24017 "-" "Mozilla/5.0 (Windows NT 6.1; WOW64) AppleWebKit/534+ (KHTML, like Gecko) BingPreview/1.0b"
40.77.191.227 - - [03/Aug/2021:01:32:00 +0000] "GET /js/jquery.meanmenu.js HTTP/1.1" 200 11467 "-" "Mozilla/5.0 (Windows NT 6.1; WOW64) AppleWebKit/534+ (KHTML, like Gecko) BingPreview/1.0b"
40.77.139.44 - - [03/Aug/2021:01:32:00 +0000] "GET /js/owl.carousel.min.js HTTP/1.1" 200 23890 "-" "Mozilla/5.0 (Windows NT 6.1; WOW64) AppleWebKit/534+ (KHTML, like Gecko) BingPreview/1.0b"
40.77.191.218 - - [03/Aug/2021:01:32:00 +0000] "GET /js/jquery.scrollUp.min.js HTTP/1.1" 200 2035 "-" "Mozilla/5.0 (Windows NT 6.1; WOW64) AppleWebKit/534+ (KHTML, like Gecko) BingPreview/1.0b"
40.77.191.227 - - [03/Aug/2021:01:32:01 +0000] "GET /js/waypoints.min.js HTTP/1.1" 200 8044 "-" "Mozilla/5.0 (Windows NT 6.1; WOW64) AppleWebKit/534+ (KHTML, like Gecko) BingPreview/1.0b"
40.77.191.237 - - [03/Aug/2021:01:32:01 +0000] "GET /js/jquery.counterup.min.js HTTP/1.1" 200 1067 "-" "Mozilla/5.0 (Windows NT 6.1; WOW64) AppleWebKit/534+ (KHTML, like Gecko) BingPreview/1.0b"
40.77.139.103 - - [03/Aug/2021:01:32:01 +0000] "GET /js/main.js HTTP/1.1" 200 2518 "-" "Mozilla/5.0 (Windows NT 6.1; WOW64) AppleWebKit/534+ (KHTML, like Gecko) BingPreview/1.0b"
40.77.139.22 - - [03/Aug/2021:01:32:01 +0000] "GET /js/plugins.js HTTP/1.1" 200 760 "-" "Mozilla/5.0 (Windows NT 6.1; WOW64) AppleWebKit/534+ (KHTML, like Gecko) BingPreview/1.0b"
40.77.191.225 - - [03/Aug/2021:01:32:01 +0000] "GET /fonts/fontawesome-webfont3295.woff2?v=4.5.0 HTTP/1.1" 200 66624 "-" "Mozilla/5.0 (Windows NT 6.1; WOW64) AppleWebKit/534+ (KHTML, like Gecko) BingPreview/1.0b"
66.249.66.75 - - [03/Aug/2021:01:38:27 +0000] "GET /tour-package.php?id=26 HTTP/1.1" 302 233 "-" "Mozilla/5.0 (Linux; Android 6.0.1; Nexus 5X Build/MMB29P) AppleWebKit/537.36 (KHTML, like Gecko) Chrome/92.0.4515.119 Mobile Safari/537.36 (compatible; Googlebot/2.1; +http://www.google.com/bot.html)"
66.249.66.67 - - [03/Aug/2021:01:38:28 +0000] "GET /tour-package.php?id=26 HTTP/1.1" 200 57965 "-" "Mozilla/5.0 (Linux; Android 6.0.1; Nexus 5X Build/MMB29P) AppleWebKit/537.36 (KHTML, like Gecko) Chrome/92.0.4515.119 Mobile Safari/537.36 (compatible; Googlebot/2.1; +http://www.google.com/bot.html)"
106.38.241.120 - - [03/Aug/2021:01:41:00 +0000] "GET / HTTP/1.1" 200 78293 "-" "Sogou web spider/4.0(+http://www.sogou.com/docs/help/webmasters.htm#07)"
144.76.6.230 - - [03/Aug/2021:01:47:29 +0000] "GET /robots.txt HTTP/1.1" 404 78307 "-" "Mozilla/5.0 (compatible; MJ12bot/v1.4.8; http://mj12bot.com/)"
114.119.152.233 - - [03/Aug/2021:01:47:31 +0000] "GET /BeautifulBhutan.html HTTP/1.1" 200 62795 "-" "Mozilla/5.0 (Linux; Android 7.0;) AppleWebKit/537.36 (KHTML, like Gecko) Mobile Safari/537.36 (compatible; PetalBot;+https://webmaster.petalsearch.com/site/petalbot)"
144.76.6.230 - - [03/Aug/2021:01:47:31 +0000] "GET /AlleppeyTourPackages.html HTTP/1.1" 200 61136 "-" "Mozilla/5.0 (compatible; MJ12bot/v1.4.8; http://mj12bot.com/)"
144.76.6.230 - - [03/Aug/2021:01:47:33 +0000] "GET /Jammu&KashmirPackages.html HTTP/1.1" 200 56924 "-" "Mozilla/5.0 (compatible; MJ12bot/v1.4.8; http://mj12bot.com/)"
144.76.6.230 - - [03/Aug/2021:01:47:35 +0000] "GET /Jammu&KatraTour.html HTTP/1.1" 200 56918 "-" "Mozilla/5.0 (compatible; MJ12bot/v1.4.8; http://mj12bot.com/)"
144.76.6.230 - - [03/Aug/2021:01:47:38 +0000] "GET /KashmirHoneymoonPackages.html HTTP/1.1" 200 62145 "-" "Mozilla/5.0 (compatible; MJ12bot/v1.4.8; http://mj12bot.com/)"
144.76.6.230 - - [03/Aug/2021:01:47:40 +0000] "GET /KashmirTour.html HTTP/1.1" 200 59335 "-" "Mozilla/5.0 (compatible; MJ12bot/v1.4.8; http://mj12bot.com/)"
144.76.6.230 - - [03/Aug/2021:01:47:42 +0000] "GET /Katra(VaishnoDevi)TourPackage.html HTTP/1.1" 200 58533 "-" "Mozilla/5.0 (compatible; MJ12bot/v1.4.8; http://mj12bot.com/)"
144.76.6.230 - - [03/Aug/2021:01:47:45 +0000] "GET /KeralaAyurvedaTour.html HTTP/1.1" 200 61219 "-" "Mozilla/5.0 (compatible; MJ12bot/v1.4.8; http://mj12bot.com/)"
144.76.6.230 - - [03/Aug/2021:01:47:47 +0000] "GET /KeralaTourPackage.html HTTP/1.1" 200 61004 "-" "Mozilla/5.0 (compatible; MJ12bot/v1.4.8; http://mj12bot.com/)"
144.76.6.230 - - [03/Aug/2021:01:47:49 +0000] "GET /KeralahouseboatTour.html HTTP/1.1" 200 62075 "-" "Mozilla/5.0 (compatible; MJ12bot/v1.4.8; http://mj12bot.com/)"
144.76.6.230 - - [03/Aug/2021:01:47:52 +0000] "GET /MunnarTourPackage.html HTTP/1.1" 200 62322 "-" "Mozilla/5.0 (compatible; MJ12bot/v1.4.8; http://mj12bot.com/)"
144.76.6.230 - - [03/Aug/2021:01:47:54 +0000] "GET /RajasthanTour3Days/2Nights.html HTTP/1.1" 404 78328 "-" "Mozilla/5.0 (compatible; MJ12bot/v1.4.8; http://mj12bot.com/)"
144.76.6.230 - - [03/Aug/2021:01:47:56 +0000] "GET /ThailandTourPackage.html HTTP/1.1" 200 59959 "-" "Mozilla/5.0 (compatible; MJ12bot/v1.4.8; http://mj12bot.com/)"
144.76.6.230 - - [03/Aug/2021:01:47:58 +0000] "GET /about.php HTTP/1.1" 200 57479 "-" "Mozilla/5.0 (compatible; MJ12bot/v1.4.8; http://mj12bot.com/)"
144.76.6.230 - - [03/Aug/2021:01:48:00 +0000] "GET /contact.php HTTP/1.1" 200 57552 "-" "Mozilla/5.0 (compatible; MJ12bot/v1.4.8; http://mj12bot.com/)"
144.76.6.230 - - [03/Aug/2021:01:48:02 +0000] "GET /index.php HTTP/1.1" 301 239 "-" "Mozilla/5.0 (compatible; MJ12bot/v1.4.8; http://mj12bot.com/)"
144.76.6.230 - - [03/Aug/2021:01:48:04 +0000] "GET / HTTP/1.1" 200 78297 "-" "Mozilla/5.0 (compatible; MJ12bot/v1.4.8; http://mj12bot.com/)"
144.76.6.230 - - [03/Aug/2021:01:48:06 +0000] "GET /pagecontents.php?url=Cancellation-Policy HTTP/1.1" 200 50964 "-" "Mozilla/5.0 (compatible; MJ12bot/v1.4.8; http://mj12bot.com/)"
144.76.6.230 - - [03/Aug/2021:01:48:08 +0000] "GET /pagecontents.php?url=Privacy-Policy HTTP/1.1" 200 51008 "-" "Mozilla/5.0 (compatible; MJ12bot/v1.4.8; http://mj12bot.com/)"
144.76.6.230 - - [03/Aug/2021:01:48:10 +0000] "GET /pagecontents.php?url=Pyament-Option HTTP/1.1" 200 50964 "-" "Mozilla/5.0 (compatible; MJ12bot/v1.4.8; http://mj12bot.com/)"
144.76.6.230 - - [03/Aug/2021:01:48:12 +0000] "GET /pagecontents.php?url=Return-and-Refund-Policy HTTP/1.1" 200 50964 "-" "Mozilla/5.0 (compatible; MJ12bot/v1.4.8; http://mj12bot.com/)"
144.76.6.230 - - [03/Aug/2021:01:48:14 +0000] "GET /pagecontents.php?url=Terms-and-Conditions HTTP/1.1" 200 53481 "-" "Mozilla/5.0 (compatible; MJ12bot/v1.4.8; http://mj12bot.com/)"
144.76.6.230 - - [03/Aug/2021:01:48:16 +0000] "GET /services.php HTTP/1.1" 200 56425 "-" "Mozilla/5.0 (compatible; MJ12bot/v1.4.8; http://mj12bot.com/)"
144.76.6.230 - - [03/Aug/2021:01:48:18 +0000] "GET /tour-package.php?id=1 HTTP/1.1" 200 65712 "-" "Mozilla/5.0 (compatible; MJ12bot/v1.4.8; http://mj12bot.com/)"
144.76.6.230 - - [03/Aug/2021:01:48:20 +0000] "GET /tour-package.php?id=13 HTTP/1.1" 200 64719 "-" "Mozilla/5.0 (compatible; MJ12bot/v1.4.8; http://mj12bot.com/)"
144.76.6.230 - - [03/Aug/2021:01:48:22 +0000] "GET /tour-package.php?id=14 HTTP/1.1" 200 58793 "-" "Mozilla/5.0 (compatible; MJ12bot/v1.4.8; http://mj12bot.com/)"
144.76.6.230 - - [03/Aug/2021:01:48:24 +0000] "GET /tour-package.php?id=15 HTTP/1.1" 200 65841 "-" "Mozilla/5.0 (compatible; MJ12bot/v1.4.8; http://mj12bot.com/)"
144.76.6.230 - - [03/Aug/2021:01:48:26 +0000] "GET /tour-package.php?id=16 HTTP/1.1" 200 65697 "-" "Mozilla/5.0 (compatible; MJ12bot/v1.4.8; http://mj12bot.com/)"
144.76.6.230 - - [03/Aug/2021:01:48:28 +0000] "GET /tour-package.php?id=17 HTTP/1.1" 200 61812 "-" "Mozilla/5.0 (compatible; MJ12bot/v1.4.8; http://mj12bot.com/)"
144.76.6.230 - - [03/Aug/2021:01:48:30 +0000] "GET /tour-package.php?id=19 HTTP/1.1" 200 65720 "-" "Mozilla/5.0 (compatible; MJ12bot/v1.4.8; http://mj12bot.com/)"
144.76.6.230 - - [03/Aug/2021:01:48:32 +0000] "GET /tour-package.php?id=20 HTTP/1.1" 200 58920 "-" "Mozilla/5.0 (compatible; MJ12bot/v1.4.8; http://mj12bot.com/)"
144.76.6.230 - - [03/Aug/2021:01:48:34 +0000] "GET /tour-package.php?id=21 HTTP/1.1" 200 57872 "-" "Mozilla/5.0 (compatible; MJ12bot/v1.4.8; http://mj12bot.com/)"
144.76.6.230 - - [03/Aug/2021:01:48:36 +0000] "GET /tour-package.php?id=22 HTTP/1.1" 200 58102 "-" "Mozilla/5.0 (compatible; MJ12bot/v1.4.8; http://mj12bot.com/)"
144.76.6.230 - - [03/Aug/2021:01:48:38 +0000] "GET /tour-package.php?id=23 HTTP/1.1" 200 57946 "-" "Mozilla/5.0 (compatible; MJ12bot/v1.4.8; http://mj12bot.com/)"
144.76.6.230 - - [03/Aug/2021:01:48:40 +0000] "GET /tour-package.php?id=24 HTTP/1.1" 200 57948 "-" "Mozilla/5.0 (compatible; MJ12bot/v1.4.8; http://mj12bot.com/)"
144.76.6.230 - - [03/Aug/2021:01:48:42 +0000] "GET /tour-package.php?id=25 HTTP/1.1" 200 58055 "-" "Mozilla/5.0 (compatible; MJ12bot/v1.4.8; http://mj12bot.com/)"
144.76.6.230 - - [03/Aug/2021:01:48:44 +0000] "GET /tour-package.php?id=26 HTTP/1.1" 200 57965 "-" "Mozilla/5.0 (compatible; MJ12bot/v1.4.8; http://mj12bot.com/)"
144.76.6.230 - - [03/Aug/2021:01:48:46 +0000] "GET /tour-package.php?id=27 HTTP/1.1" 200 58674 "-" "Mozilla/5.0 (compatible; MJ12bot/v1.4.8; http://mj12bot.com/)"
144.76.6.230 - - [03/Aug/2021:01:48:48 +0000] "GET /tour-package.php?id=28 HTTP/1.1" 200 65751 "-" "Mozilla/5.0 (compatible; MJ12bot/v1.4.8; http://mj12bot.com/)"
35.223.25.142 - - [03/Aug/2021:02:02:54 +0000] "GET / HTTP/1.1" 200 78293 "-" "-"
114.119.159.39 - - [03/Aug/2021:02:03:27 +0000] "GET /RajasthanTourPackage.html HTTP/1.1" 200 66881 "-" "Mozilla/5.0 (Linux; Android 7.0;) AppleWebKit/537.36 (KHTML, like Gecko) Mobile Safari/537.36 (compatible; PetalBot;+https://webmaster.petalsearch.com/site/petalbot)"
66.249.66.76 - - [03/Aug/2021:02:23:13 +0000] "GET / HTTP/1.1" 302 211 "-" "Mozilla/5.0 (compatible; Googlebot/2.1; +http://www.google.com/bot.html)"
66.249.66.95 - - [03/Aug/2021:02:23:14 +0000] "GET / HTTP/1.1" 200 78293 "-" "Mozilla/5.0 (compatible; Googlebot/2.1; +http://www.google.com/bot.html)"
49.7.20.89 - - [03/Aug/2021:02:53:40 +0000] "GET / HTTP/1.1" 200 78293 "-" "Sogou web spider/4.0(+http://www.sogou.com/docs/help/webmasters.htm#07)"
49.7.20.95 - - [03/Aug/2021:02:58:42 +0000] "GET / HTTP/1.1" 200 78293 "-" "Sogou web spider/4.0(+http://www.sogou.com/docs/help/webmasters.htm#07)"
185.81.158.174 - - [03/Aug/2021:03:09:09 +0000] "GET //.env HTTP/1.1" 302 215 "-" "Mozilla/5.0 (Macintosh; Intel Mac OS X 10.15; rv:77.0) Gecko/20100101 Firefox/77.0"
185.81.158.174 - - [03/Aug/2021:03:09:11 +0000] "GET /.env HTTP/1.1" 301 243 "-" "Mozilla/5.0 (Macintosh; Intel Mac OS X 10.15; rv:77.0) Gecko/20100101 Firefox/77.0"
185.81.158.174 - - [03/Aug/2021:03:09:14 +0000] "GET /.env HTTP/1.1" 404 78301 "-" "Mozilla/5.0 (Macintosh; Intel Mac OS X 10.15; rv:77.0) Gecko/20100101 Firefox/77.0"
185.81.158.174 - - [03/Aug/2021:03:09:16 +0000] "GET //wp-content/ HTTP/1.1" 302 222 "-" "Mozilla/5.0 (Macintosh; Intel Mac OS X 10.15; rv:77.0) Gecko/20100101 Firefox/77.0"
185.81.158.174 - - [03/Aug/2021:03:09:18 +0000] "GET /wp-content/ HTTP/1.1" 301 250 "-" "Mozilla/5.0 (Macintosh; Intel Mac OS X 10.15; rv:77.0) Gecko/20100101 Firefox/77.0"
185.81.158.174 - - [03/Aug/2021:03:09:21 +0000] "GET /wp-content/ HTTP/1.1" 200 50964 "-" "Mozilla/5.0 (Macintosh; Intel Mac OS X 10.15; rv:77.0) Gecko/20100101 Firefox/77.0"
49.7.20.89 - - [03/Aug/2021:03:25:47 +0000] "GET / HTTP/1.1" 200 78293 "-" "Sogou web spider/4.0(+http://www.sogou.com/docs/help/webmasters.htm#07)"
49.7.20.89 - - [03/Aug/2021:03:56:31 +0000] "GET / HTTP/1.1" 200 78293 "-" "Sogou web spider/4.0(+http://www.sogou.com/docs/help/webmasters.htm#07)"
66.249.66.76 - - [03/Aug/2021:04:04:51 +0000] "GET / HTTP/1.1" 302 211 "-" "Mozilla/5.0 (Linux; Android 6.0.1; Nexus 5X Build/MMB29P) AppleWebKit/537.36 (KHTML, like Gecko) Chrome/92.0.4515.119 Mobile Safari/537.36 (compatible; Googlebot/2.1; +http://www.google.com/bot.html)"
66.249.66.65 - - [03/Aug/2021:04:04:51 +0000] "GET /robots.txt HTTP/1.1" 301 249 "-" "Mozilla/5.0 (compatible; Googlebot/2.1; +http://www.google.com/bot.html)"
66.249.66.59 - - [03/Aug/2021:04:04:52 +0000] "GET /robots.txt HTTP/1.1" 404 78307 "-" "Mozilla/5.0 (compatible; Googlebot/2.1; +http://www.google.com/bot.html)"
66.249.66.65 - - [03/Aug/2021:04:04:53 +0000] "GET / HTTP/1.1" 200 78293 "-" "Mozilla/5.0 (Linux; Android 6.0.1; Nexus 5X Build/MMB29P) AppleWebKit/537.36 (KHTML, like Gecko) Chrome/92.0.4515.119 Mobile Safari/537.36 (compatible; Googlebot/2.1; +http://www.google.com/bot.html)"
185.220.102.245 - - [03/Aug/2021:04:29:08 +0000] "GET /ckeditor/ckfinder/core/connector/php/connector.php HTTP/1.1" 301 289 "-" "Mozilla/5.0 (Windows NT 10.0; Win64; x64) AppleWebKit/537.36 (KHTML, like Gecko) Chrome/89.0.3945.117 Safari/537.36"
185.220.102.245 - - [03/Aug/2021:04:29:09 +0000] "GET /ckeditor/ckfinder/core/connector/php/connector.php HTTP/1.1" 404 78347 "-" "Mozilla/5.0 (Windows NT 10.0; Win64; x64) AppleWebKit/537.36 (KHTML, like Gecko) Chrome/89.0.3945.117 Safari/537.36"
42.236.10.116 - - [03/Aug/2021:04:44:51 +0000] "GET / HTTP/1.1" 200 78293 "http://indiatravelkart.com/" "-"
42.236.10.89 - - [03/Aug/2021:04:45:01 +0000] "GET / HTTP/1.1" 302 211 "https://indiatravelkart.com/" "-"
42.236.10.83 - - [03/Aug/2021:04:45:01 +0000] "GET / HTTP/1.1" 200 78293 "http://indiatravelkart.com/" "-"
45.129.18.125 - - [03/Aug/2021:04:55:24 +0000] "HEAD / HTTP/1.1" 200 - "-" "Mozilla/5.0 (Macintosh; Intel Mac OS X 10_9_3) AppleWebKit/537.36 (KHTML, like Gecko) Chrome/35.0.1916.47 Safari/537.36"
66.249.66.59 - - [03/Aug/2021:04:59:31 +0000] "GET /KeralaAyurvedaTour.html HTTP/1.1" 200 61219 "-" "Mozilla/5.0 (compatible; Googlebot/2.1; +http://www.google.com/bot.html)"
40.77.167.104 - - [03/Aug/2021:05:29:10 +0000] "GET /tour-package.php?id=26 HTTP/1.1" 302 233 "-" "Mozilla/5.0 (compatible; bingbot/2.0; +http://www.bing.com/bingbot.htm)"
40.77.167.104 - - [03/Aug/2021:05:29:11 +0000] "GET /tour-package.php?id=26 HTTP/1.1" 200 57965 "-" "Mozilla/5.0 (compatible; bingbot/2.0; +http://www.bing.com/bingbot.htm)"
66.249.66.55 - - [03/Aug/2021:05:36:05 +0000] "GET /kerala/tour-package.php?id=16 HTTP/1.1" 404 78326 "-" "Mozilla/5.0 (Linux; Android 6.0.1; Nexus 5X Build/MMB29P) AppleWebKit/537.36 (KHTML, like Gecko) Chrome/92.0.4515.119 Mobile Safari/537.36 (compatible; Googlebot/2.1; +http://www.google.com/bot.html)"
5.188.48.58 - - [03/Aug/2021:05:37:02 +0000] "GET /RajasthanHoneymoonPackage.html HTTP/1.0" 302 241 "https://indiatravelkart.com/RajasthanHoneymoonPackage.html" "Mozilla/5.0 (Windows NT 6.1; Win64; x64) AppleWebKit/537.36 (KHTML, like Gecko) Chrome/83.0.4103.24 Safari/537.36 Edg/83.0.478.18"
5.188.48.58 - - [03/Aug/2021:05:37:02 +0000] "GET /RajasthanHoneymoonPackage.html HTTP/1.0" 301 269 "http://indiatravelkart.com/RajasthanHoneymoonPackage.html" "Mozilla/5.0 (Windows NT 6.1; Win64; x64) AppleWebKit/537.36 (KHTML, like Gecko) Chrome/83.0.4103.24 Safari/537.36 Edg/83.0.478.18"
5.188.48.58 - - [03/Aug/2021:05:37:03 +0000] "GET /RajasthanHoneymoonPackage.html HTTP/1.0" 200 61422 "http://www.indiatravelkart.com/RajasthanHoneymoonPackage.html" "Mozilla/5.0 (Windows NT 6.1; Win64; x64) AppleWebKit/537.36 (KHTML, like Gecko) Chrome/83.0.4103.24 Safari/537.36 Edg/83.0.478.18"
5.188.48.58 - - [03/Aug/2021:05:37:04 +0000] "POST /submit-enquiry.php HTTP/1.0" 200 22 "http://www.indiatravelkart.com/RajasthanHoneymoonPackage.html" "Mozilla/5.0 (Windows NT 6.1; Win64; x64) AppleWebKit/537.36 (KHTML, like Gecko) Chrome/83.0.4103.24 Safari/537.36 Edg/83.0.478.18"
185.191.171.26 - - [03/Aug/2021:05:57:46 +0000] "GET /robots.txt HTTP/1.1" 301 249 "-" "Mozilla/5.0 (compatible; SemrushBot/7~bl; +http://www.semrush.com/bot.html)"
185.191.171.39 - - [03/Aug/2021:05:57:47 +0000] "GET /robots.txt HTTP/1.1" 404 78307 "-" "Mozilla/5.0 (compatible; SemrushBot/7~bl; +http://www.semrush.com/bot.html)"
185.191.171.7 - - [03/Aug/2021:05:57:48 +0000] "GET /pagecontents.php?url=Pyament-Option HTTP/1.1" 200 50964 "-" "Mozilla/5.0 (compatible; SemrushBot/7~bl; +http://www.semrush.com/bot.html)"
185.191.171.18 - - [03/Aug/2021:06:10:41 +0000] "GET /robots.txt HTTP/1.1" 404 78307 "-" "Mozilla/5.0 (compatible; SemrushBot/7~bl; +http://www.semrush.com/bot.html)"
185.191.171.9 - - [03/Aug/2021:06:10:43 +0000] "GET /tour-package.php?id=17 HTTP/1.1" 200 61812 "-" "Mozilla/5.0 (compatible; SemrushBot/7~bl; +http://www.semrush.com/bot.html)"
66.249.66.59 - - [03/Aug/2021:06:11:33 +0000] "GET /tour-package.php?id=16 HTTP/1.1" 200 65697 "-" "Mozilla/5.0 (Linux; Android 6.0.1; Nexus 5X Build/MMB29P) AppleWebKit/537.36 (KHTML, like Gecko) Chrome/92.0.4515.119 Mobile Safari/537.36 (compatible; Googlebot/2.1; +http://www.google.com/bot.html)"
49.7.20.91 - - [03/Aug/2021:06:36:00 +0000] "GET / HTTP/1.1" 200 78293 "-" "Sogou web spider/4.0(+http://www.sogou.com/docs/help/webmasters.htm#07)"
131.220.6.152 - - [03/Aug/2021:06:39:55 +0000] "GET / HTTP/1.1" 302 211 "-" "Mozilla/5.0 (X11; Linux x86_64) AppleWebKit/537.36 (KHTML, like Gecko) Chrome/79.0.3945.79 Safari/537.36"
131.220.6.152 - - [03/Aug/2021:06:39:56 +0000] "GET / HTTP/1.1" 200 78293 "-" "Mozilla/5.0 (X11; Linux x86_64) AppleWebKit/537.36 (KHTML, like Gecko) Chrome/79.0.3945.79 Safari/537.36"
185.191.171.6 - - [03/Aug/2021:06:56:47 +0000] "GET /tour-package.php?id=16 HTTP/1.1" 302 233 "-" "Mozilla/5.0 (compatible; SemrushBot/7~bl; +http://www.semrush.com/bot.html)"
185.191.171.12 - - [03/Aug/2021:06:56:49 +0000] "GET /tour-package.php?id=16 HTTP/1.1" 200 65697 "-" "Mozilla/5.0 (compatible; SemrushBot/7~bl; +http://www.semrush.com/bot.html)"
5.188.48.58 - - [03/Aug/2021:07:08:48 +0000] "GET /DubaiHolidayPackage.html HTTP/1.0" 302 235 "https://indiatravelkart.com/DubaiHolidayPackage.html" "Mozilla/5.0 (Windows NT 10.0; Win64; x64) AppleWebKit/537.36 (KHTML, like Gecko) Chrome/83.0.4089.0 Safari/537.36"
5.188.48.58 - - [03/Aug/2021:07:08:48 +0000] "GET /DubaiHolidayPackage.html HTTP/1.0" 301 263 "http://indiatravelkart.com/DubaiHolidayPackage.html" "Mozilla/5.0 (Windows NT 10.0; Win64; x64) AppleWebKit/537.36 (KHTML, like Gecko) Chrome/83.0.4089.0 Safari/537.36"
5.188.48.58 - - [03/Aug/2021:07:08:49 +0000] "GET /DubaiHolidayPackage.html HTTP/1.0" 200 59641 "http://www.indiatravelkart.com/DubaiHolidayPackage.html" "Mozilla/5.0 (Windows NT 10.0; Win64; x64) AppleWebKit/537.36 (KHTML, like Gecko) Chrome/83.0.4089.0 Safari/537.36"
5.188.48.58 - - [03/Aug/2021:07:08:50 +0000] "POST /submit-enquiry.php HTTP/1.0" 200 22 "http://www.indiatravelkart.com/DubaiHolidayPackage.html" "Mozilla/5.0 (Windows NT 10.0; Win64; x64) AppleWebKit/537.36 (KHTML, like Gecko) Chrome/83.0.4089.0 Safari/537.36"
157.55.39.139 - - [03/Aug/2021:07:35:03 +0000] "GET /tour-package.php?id=25 HTTP/1.1" 302 233 "-" "Mozilla/5.0 (compatible; bingbot/2.0; +http://www.bing.com/bingbot.htm)"
157.55.39.139 - - [03/Aug/2021:07:35:03 +0000] "GET /tour-package.php?id=25 HTTP/1.1" 200 58055 "-" "Mozilla/5.0 (compatible; bingbot/2.0; +http://www.bing.com/bingbot.htm)"
49.7.20.91 - - [03/Aug/2021:07:35:05 +0000] "GET / HTTP/1.1" 200 78293 "-" "Sogou web spider/4.0(+http://www.sogou.com/docs/help/webmasters.htm#07)"
185.191.171.34 - - [03/Aug/2021:07:42:46 +0000] "GET /robots.txt HTTP/1.1" 404 78307 "-" "Mozilla/5.0 (compatible; SemrushBot/7~bl; +http://www.semrush.com/bot.html)"
185.191.171.44 - - [03/Aug/2021:07:42:47 +0000] "GET /ManaliCarTourPackage.html HTTP/1.1" 200 58008 "-" "Mozilla/5.0 (compatible; SemrushBot/7~bl; +http://www.semrush.com/bot.html)"
66.249.66.55 - - [03/Aug/2021:07:48:37 +0000] "GET /robots.txt HTTP/1.1" 404 78307 "-" "Mozilla/5.0 (compatible; Googlebot/2.1; +http://www.google.com/bot.html)"
66.249.66.57 - - [03/Aug/2021:07:48:38 +0000] "GET /about.php HTTP/1.1" 200 57479 "-" "Mozilla/5.0 (compatible; Googlebot/2.1; +http://www.google.com/bot.html)"
103.226.203.166 - - [03/Aug/2021:07:57:14 +0000] "GET / HTTP/1.1" 200 78297 "https://www.google.com/" "Mozilla/5.0 (Windows NT 6.1; Win64; x64) AppleWebKit/537.36 (KHTML, like Gecko) Chrome/92.0.4515.107 Safari/537.36"
103.226.203.166 - - [03/Aug/2021:07:57:14 +0000] "GET /css/bootstrap.min.css HTTP/1.1" 200 138183 "http://www.indiatravelkart.com/" "Mozilla/5.0 (Windows NT 6.1; Win64; x64) AppleWebKit/537.36 (KHTML, like Gecko) Chrome/92.0.4515.107 Safari/537.36"
103.226.203.166 - - [03/Aug/2021:07:57:15 +0000] "GET /css/font-awesome.min.css HTTP/1.1" 200 27490 "http://www.indiatravelkart.com/" "Mozilla/5.0 (Windows NT 6.1; Win64; x64) AppleWebKit/537.36 (KHTML, like Gecko) Chrome/92.0.4515.107 Safari/537.36"
103.226.203.166 - - [03/Aug/2021:07:57:15 +0000] "GET /css/owl.carousel.css HTTP/1.1" 200 7603 "http://www.indiatravelkart.com/" "Mozilla/5.0 (Windows NT 6.1; Win64; x64) AppleWebKit/537.36 (KHTML, like Gecko) Chrome/92.0.4515.107 Safari/537.36"
103.226.203.166 - - [03/Aug/2021:07:57:15 +0000] "GET /css/meanmenu.min.css HTTP/1.1" 200 2732 "http://www.indiatravelkart.com/" "Mozilla/5.0 (Windows NT 6.1; Win64; x64) AppleWebKit/537.36 (KHTML, like Gecko) Chrome/92.0.4515.107 Safari/537.36"
103.226.203.166 - - [03/Aug/2021:07:57:15 +0000] "GET /css/jquery-ui.css HTTP/1.1" 200 35228 "http://www.indiatravelkart.com/" "Mozilla/5.0 (Windows NT 6.1; Win64; x64) AppleWebKit/537.36 (KHTML, like Gecko) Chrome/92.0.4515.107 Safari/537.36"
103.226.203.166 - - [03/Aug/2021:07:57:15 +0000] "GET /css/animate.css HTTP/1.1" 200 70824 "http://www.indiatravelkart.com/" "Mozilla/5.0 (Windows NT 6.1; Win64; x64) AppleWebKit/537.36 (KHTML, like Gecko) Chrome/92.0.4515.107 Safari/537.36"
103.226.203.166 - - [03/Aug/2021:07:57:15 +0000] "GET /lib/nivo-slider/css/preview.css HTTP/1.1" 200 5624 "http://www.indiatravelkart.com/" "Mozilla/5.0 (Windows NT 6.1; Win64; x64) AppleWebKit/537.36 (KHTML, like Gecko) Chrome/92.0.4515.107 Safari/537.36"
103.226.203.166 - - [03/Aug/2021:07:57:15 +0000] "GET /lib/nivo-slider/css/nivo-slider.css HTTP/1.1" 200 8098 "http://www.indiatravelkart.com/" "Mozilla/5.0 (Windows NT 6.1; Win64; x64) AppleWebKit/537.36 (KHTML, like Gecko) Chrome/92.0.4515.107 Safari/537.36"
103.226.203.166 - - [03/Aug/2021:07:57:15 +0000] "GET /style.css HTTP/1.1" 200 115813 "http://www.indiatravelkart.com/" "Mozilla/5.0 (Windows NT 6.1; Win64; x64) AppleWebKit/537.36 (KHTML, like Gecko) Chrome/92.0.4515.107 Safari/537.36"
103.226.203.166 - - [03/Aug/2021:07:57:15 +0000] "GET /css/responsive.css HTTP/1.1" 200 27655 "http://www.indiatravelkart.com/" "Mozilla/5.0 (Windows NT 6.1; Win64; x64) AppleWebKit/537.36 (KHTML, like Gecko) Chrome/92.0.4515.107 Safari/537.36"
103.226.203.166 - - [03/Aug/2021:07:57:15 +0000] "GET /js/vendor/modernizr-2.8.3.min.js HTTP/1.1" 200 15514 "http://www.indiatravelkart.com/" "Mozilla/5.0 (Windows NT 6.1; Win64; x64) AppleWebKit/537.36 (KHTML, like Gecko) Chrome/92.0.4515.107 Safari/537.36"
103.226.203.166 - - [03/Aug/2021:07:57:15 +0000] "GET /scripts/gen_validatorv4.js HTTP/1.1" 200 32085 "http://www.indiatravelkart.com/" "Mozilla/5.0 (Windows NT 6.1; Win64; x64) AppleWebKit/537.36 (KHTML, like Gecko) Chrome/92.0.4515.107 Safari/537.36"
103.226.203.166 - - [03/Aug/2021:07:57:15 +0000] "GET /js/vendor/jquery-1.11.3.min.js HTTP/1.1" 200 95992 "http://www.indiatravelkart.com/" "Mozilla/5.0 (Windows NT 6.1; Win64; x64) AppleWebKit/537.36 (KHTML, like Gecko) Chrome/92.0.4515.107 Safari/537.36"
103.226.203.166 - - [03/Aug/2021:07:57:15 +0000] "GET /js/bootstrap.min.js HTTP/1.1" 200 36868 "http://www.indiatravelkart.com/" "Mozilla/5.0 (Windows NT 6.1; Win64; x64) AppleWebKit/537.36 (KHTML, like Gecko) Chrome/92.0.4515.107 Safari/537.36"
103.226.203.166 - - [03/Aug/2021:07:57:15 +0000] "GET /lib/nivo-slider/js/jquery.nivo.slider.js HTTP/1.1" 200 29113 "http://www.indiatravelkart.com/" "Mozilla/5.0 (Windows NT 6.1; Win64; x64) AppleWebKit/537.36 (KHTML, like Gecko) Chrome/92.0.4515.107 Safari/537.36"
103.226.203.166 - - [03/Aug/2021:07:57:16 +0000] "GET /lib/nivo-slider/home.js HTTP/1.1" 200 724 "http://www.indiatravelkart.com/" "Mozilla/5.0 (Windows NT 6.1; Win64; x64) AppleWebKit/537.36 (KHTML, like Gecko) Chrome/92.0.4515.107 Safari/537.36"
103.226.203.166 - - [03/Aug/2021:07:57:16 +0000] "GET /js/wow.min.js HTTP/1.1" 200 8426 "http://www.indiatravelkart.com/" "Mozilla/5.0 (Windows NT 6.1; Win64; x64) AppleWebKit/537.36 (KHTML, like Gecko) Chrome/92.0.4515.107 Safari/537.36"
103.226.203.166 - - [03/Aug/2021:07:57:16 +0000] "GET /js/jquery.meanmenu.js HTTP/1.1" 200 11467 "http://www.indiatravelkart.com/" "Mozilla/5.0 (Windows NT 6.1; Win64; x64) AppleWebKit/537.36 (KHTML, like Gecko) Chrome/92.0.4515.107 Safari/537.36"
103.226.203.166 - - [03/Aug/2021:07:57:16 +0000] "GET /js/owl.carousel.min.js HTTP/1.1" 200 23890 "http://www.indiatravelkart.com/" "Mozilla/5.0 (Windows NT 6.1; Win64; x64) AppleWebKit/537.36 (KHTML, like Gecko) Chrome/92.0.4515.107 Safari/537.36"
103.226.203.166 - - [03/Aug/2021:07:57:16 +0000] "GET /fonts/fontawesome-webfont3295.woff2?v=4.5.0 HTTP/1.1" 200 66624 "http://www.indiatravelkart.com/css/font-awesome.min.css" "Mozilla/5.0 (Windows NT 6.1; Win64; x64) AppleWebKit/537.36 (KHTML, like Gecko) Chrome/92.0.4515.107 Safari/537.36"
103.226.203.166 - - [03/Aug/2021:07:57:16 +0000] "GET /img/banner/7.jpg HTTP/1.1" 200 130547 "http://www.indiatravelkart.com/style.css" "Mozilla/5.0 (Windows NT 6.1; Win64; x64) AppleWebKit/537.36 (KHTML, like Gecko) Chrome/92.0.4515.107 Safari/537.36"
103.226.203.166 - - [03/Aug/2021:07:57:16 +0000] "GET /img/icon/title2-icon-1.png HTTP/1.1" 200 1992 "http://www.indiatravelkart.com/style.css" "Mozilla/5.0 (Windows NT 6.1; Win64; x64) AppleWebKit/537.36 (KHTML, like Gecko) Chrome/92.0.4515.107 Safari/537.36"
103.226.203.166 - - [03/Aug/2021:07:57:17 +0000] "GET /img/logo/logo.png HTTP/1.1" 200 16597 "http://www.indiatravelkart.com/" "Mozilla/5.0 (Windows NT 6.1; Win64; x64) AppleWebKit/537.36 (KHTML, like Gecko) Chrome/92.0.4515.107 Safari/537.36"
103.226.203.166 - - [03/Aug/2021:07:57:17 +0000] "GET /img/icon/serv-11.png HTTP/1.1" 200 2223 "http://www.indiatravelkart.com/" "Mozilla/5.0 (Windows NT 6.1; Win64; x64) AppleWebKit/537.36 (KHTML, like Gecko) Chrome/92.0.4515.107 Safari/537.36"
103.226.203.166 - - [03/Aug/2021:07:57:17 +0000] "GET /img/icon/serv-12.png HTTP/1.1" 200 4169 "http://www.indiatravelkart.com/" "Mozilla/5.0 (Windows NT 6.1; Win64; x64) AppleWebKit/537.36 (KHTML, like Gecko) Chrome/92.0.4515.107 Safari/537.36"
103.226.203.166 - - [03/Aug/2021:07:57:17 +0000] "GET /img/icon/serv-13.png HTTP/1.1" 200 5515 "http://www.indiatravelkart.com/" "Mozilla/5.0 (Windows NT 6.1; Win64; x64) AppleWebKit/537.36 (KHTML, like Gecko) Chrome/92.0.4515.107 Safari/537.36"
103.226.203.166 - - [03/Aug/2021:07:57:17 +0000] "GET /img/slider/15.jpg HTTP/1.1" 200 696042 "http://www.indiatravelkart.com/" "Mozilla/5.0 (Windows NT 6.1; Win64; x64) AppleWebKit/537.36 (KHTML, like Gecko) Chrome/92.0.4515.107 Safari/537.36"
103.226.203.166 - - [03/Aug/2021:07:57:17 +0000] "GET /img/icon/serv-14.png HTTP/1.1" 200 4516 "http://www.indiatravelkart.com/" "Mozilla/5.0 (Windows NT 6.1; Win64; x64) AppleWebKit/537.36 (KHTML, like Gecko) Chrome/92.0.4515.107 Safari/537.36"
103.226.203.166 - - [03/Aug/2021:07:57:17 +0000] "GET /img/icon/serv-15.png HTTP/1.1" 200 9605 "http://www.indiatravelkart.com/" "Mozilla/5.0 (Windows NT 6.1; Win64; x64) AppleWebKit/537.36 (KHTML, like Gecko) Chrome/92.0.4515.107 Safari/537.36"
103.226.203.166 - - [03/Aug/2021:07:57:17 +0000] "GET /js/jquery-price-slider.js HTTP/1.1" 200 24017 "http://www.indiatravelkart.com/" "Mozilla/5.0 (Windows NT 6.1; Win64; x64) AppleWebKit/537.36 (KHTML, like Gecko) Chrome/92.0.4515.107 Safari/537.36"
103.226.203.166 - - [03/Aug/2021:07:57:17 +0000] "GET /js/jquery.scrollUp.min.js HTTP/1.1" 200 2035 "http://www.indiatravelkart.com/" "Mozilla/5.0 (Windows NT 6.1; Win64; x64) AppleWebKit/537.36 (KHTML, like Gecko) Chrome/92.0.4515.107 Safari/537.36"
103.226.203.166 - - [03/Aug/2021:07:57:17 +0000] "GET /js/waypoints.min.js HTTP/1.1" 200 8044 "http://www.indiatravelkart.com/" "Mozilla/5.0 (Windows NT 6.1; Win64; x64) AppleWebKit/537.36 (KHTML, like Gecko) Chrome/92.0.4515.107 Safari/537.36"
103.226.203.166 - - [03/Aug/2021:07:57:17 +0000] "GET /js/jquery.counterup.min.js HTTP/1.1" 200 1067 "http://www.indiatravelkart.com/" "Mozilla/5.0 (Windows NT 6.1; Win64; x64) AppleWebKit/537.36 (KHTML, like Gecko) Chrome/92.0.4515.107 Safari/537.36"
103.226.203.166 - - [03/Aug/2021:07:57:17 +0000] "GET /js/plugins.js HTTP/1.1" 200 760 "http://www.indiatravelkart.com/" "Mozilla/5.0 (Windows NT 6.1; Win64; x64) AppleWebKit/537.36 (KHTML, like Gecko) Chrome/92.0.4515.107 Safari/537.36"
103.226.203.166 - - [03/Aug/2021:07:57:17 +0000] "GET /js/main.js HTTP/1.1" 200 2518 "http://www.indiatravelkart.com/" "Mozilla/5.0 (Windows NT 6.1; Win64; x64) AppleWebKit/537.36 (KHTML, like Gecko) Chrome/92.0.4515.107 Safari/537.36"
103.226.203.166 - - [03/Aug/2021:07:57:17 +0000] "GET /img/slider/13.jpg HTTP/1.1" 200 514354 "http://www.indiatravelkart.com/" "Mozilla/5.0 (Windows NT 6.1; Win64; x64) AppleWebKit/537.36 (KHTML, like Gecko) Chrome/92.0.4515.107 Safari/537.36"
