MINI MINI MANI MO

Path : /usr/local/apache.old/domlogs/
File Upload :
Current File : //usr/local/apache.old/domlogs/indiatravelkart.com.log

66.249.68.25 - - [29/Jul/2021:08:07:27 +0000] "GET /robots.txt HTTP/1.1" 404 208 "-" "Mozilla/5.0 (compatible; Googlebot/2.1; +http://www.google.com/bot.html)"
66.249.68.23 - - [29/Jul/2021:08:07:27 +0000] "GET / HTTP/1.1" 200 5048 "-" "Mozilla/5.0 (compatible; Googlebot/2.1; +http://www.google.com/bot.html)"
118.184.177.74 - - [29/Jul/2021:08:20:17 +0000] "GET / HTTP/1.1" 200 5048 "-" "Sogou web spider/4.0(+http://www.sogou.com/docs/help/webmasters.htm#07)"
216.244.66.236 - - [29/Jul/2021:08:57:43 +0000] "GET /robots.txt HTTP/1.1" 404 208 "-" "Mozilla/5.0 (compatible; DotBot/1.2; +https://opensiteexplorer.org/dotbot; help@moz.com)"
216.244.66.236 - - [29/Jul/2021:09:15:26 +0000] "GET /GangtokDarjeelingTour.html HTTP/1.1" 404 224 "-" "Mozilla/5.0 (compatible; DotBot/1.2; +https://opensiteexplorer.org/dotbot; help@moz.com)"
216.244.66.236 - - [29/Jul/2021:09:50:06 +0000] "GET /robots.txt HTTP/1.1" 404 208 "-" "Mozilla/5.0 (compatible; DotBot/1.2; +https://opensiteexplorer.org/dotbot; help@moz.com)"
216.244.66.236 - - [29/Jul/2021:10:07:42 +0000] "GET /RajasthanHeritage&CultureTour.html HTTP/1.1" 404 236 "-" "Mozilla/5.0 (compatible; DotBot/1.2; +https://opensiteexplorer.org/dotbot; help@moz.com)"
143.244.162.64 - - [29/Jul/2021:11:32:01 +0000] "GET / HTTP/1.1" 200 5048 "-" "Mozilla/5.0 (Windows NT 10.0; Win64; x64) AppleWebKit/537.36 (KHTML, like Gecko) Chrome/88.0.4240.193 Safari/537.36"
143.244.162.64 - - [29/Jul/2021:11:32:01 +0000] "GET / HTTP/1.1" 200 5048 "-" "Mozilla/5.0 (Windows NT 10.0; Win64; x64) AppleWebKit/537.36 (KHTML, like Gecko) Chrome/88.0.4240.193 Safari/537.36"
143.244.162.64 - - [29/Jul/2021:11:32:01 +0000] "GET / HTTP/1.1" 200 5048 "-" "Mozilla/5.0 (Windows NT 10.0; Win64; x64) AppleWebKit/537.36 (KHTML, like Gecko) Chrome/88.0.4240.193 Safari/537.36"
143.244.162.64 - - [29/Jul/2021:11:32:01 +0000] "GET / HTTP/1.1" 200 5048 "-" "Mozilla/5.0 (Windows NT 10.0; Win64; x64) AppleWebKit/537.36 (KHTML, like Gecko) Chrome/88.0.4240.193 Safari/537.36"
143.244.162.64 - - [29/Jul/2021:11:32:02 +0000] "GET /wp-includes/wlwmanifest.xml HTTP/1.1" 404 225 "-" "Mozilla/5.0 (Windows NT 10.0; Win64; x64) AppleWebKit/537.36 (KHTML, like Gecko) Chrome/88.0.4240.193 Safari/537.36"
143.244.162.64 - - [29/Jul/2021:11:32:02 +0000] "GET /xmlrpc.php?rsd HTTP/1.1" 404 208 "-" "Mozilla/5.0 (Windows NT 10.0; Win64; x64) AppleWebKit/537.36 (KHTML, like Gecko) Chrome/88.0.4240.193 Safari/537.36"
143.244.162.64 - - [29/Jul/2021:11:32:02 +0000] "GET /wp-includes/wlwmanifest.xml HTTP/1.1" 404 225 "-" "Mozilla/5.0 (Windows NT 10.0; Win64; x64) AppleWebKit/537.36 (KHTML, like Gecko) Chrome/88.0.4240.193 Safari/537.36"
143.244.162.64 - - [29/Jul/2021:11:32:02 +0000] "GET / HTTP/1.1" 200 5048 "-" "Mozilla/5.0 (Windows NT 10.0; Win64; x64) AppleWebKit/537.36 (KHTML, like Gecko) Chrome/88.0.4240.193 Safari/537.36"
143.244.162.64 - - [29/Jul/2021:11:32:02 +0000] "GET /xmlrpc.php?rsd HTTP/1.1" 404 208 "-" "Mozilla/5.0 (Windows NT 10.0; Win64; x64) AppleWebKit/537.36 (KHTML, like Gecko) Chrome/88.0.4240.193 Safari/537.36"
143.244.162.64 - - [29/Jul/2021:11:32:03 +0000] "GET /blog/wp-includes/wlwmanifest.xml HTTP/1.1" 404 230 "-" "Mozilla/5.0 (Windows NT 10.0; Win64; x64) AppleWebKit/537.36 (KHTML, like Gecko) Chrome/88.0.4240.193 Safari/537.36"
143.244.162.64 - - [29/Jul/2021:11:32:03 +0000] "GET / HTTP/1.1" 200 5048 "-" "Mozilla/5.0 (Windows NT 10.0; Win64; x64) AppleWebKit/537.36 (KHTML, like Gecko) Chrome/88.0.4240.193 Safari/537.36"
143.244.162.64 - - [29/Jul/2021:11:32:03 +0000] "GET /web/wp-includes/wlwmanifest.xml HTTP/1.1" 404 229 "-" "Mozilla/5.0 (Windows NT 10.0; Win64; x64) AppleWebKit/537.36 (KHTML, like Gecko) Chrome/88.0.4240.193 Safari/537.36"
143.244.162.64 - - [29/Jul/2021:11:32:03 +0000] "GET /blog/wp-includes/wlwmanifest.xml HTTP/1.1" 404 230 "-" "Mozilla/5.0 (Windows NT 10.0; Win64; x64) AppleWebKit/537.36 (KHTML, like Gecko) Chrome/88.0.4240.193 Safari/537.36"
143.244.162.64 - - [29/Jul/2021:11:32:03 +0000] "GET /wordpress/wp-includes/wlwmanifest.xml HTTP/1.1" 404 235 "-" "Mozilla/5.0 (Windows NT 10.0; Win64; x64) AppleWebKit/537.36 (KHTML, like Gecko) Chrome/88.0.4240.193 Safari/537.36"
143.244.162.64 - - [29/Jul/2021:11:32:03 +0000] "GET /website/wp-includes/wlwmanifest.xml HTTP/1.1" 404 233 "-" "Mozilla/5.0 (Windows NT 10.0; Win64; x64) AppleWebKit/537.36 (KHTML, like Gecko) Chrome/88.0.4240.193 Safari/537.36"
143.244.162.64 - - [29/Jul/2021:11:32:03 +0000] "GET /web/wp-includes/wlwmanifest.xml HTTP/1.1" 404 229 "-" "Mozilla/5.0 (Windows NT 10.0; Win64; x64) AppleWebKit/537.36 (KHTML, like Gecko) Chrome/88.0.4240.193 Safari/537.36"
143.244.162.64 - - [29/Jul/2021:11:32:04 +0000] "GET /wp/wp-includes/wlwmanifest.xml HTTP/1.1" 404 228 "-" "Mozilla/5.0 (Windows NT 10.0; Win64; x64) AppleWebKit/537.36 (KHTML, like Gecko) Chrome/88.0.4240.193 Safari/537.36"
143.244.162.64 - - [29/Jul/2021:11:32:04 +0000] "GET /wordpress/wp-includes/wlwmanifest.xml HTTP/1.1" 404 235 "-" "Mozilla/5.0 (Windows NT 10.0; Win64; x64) AppleWebKit/537.36 (KHTML, like Gecko) Chrome/88.0.4240.193 Safari/537.36"
143.244.162.64 - - [29/Jul/2021:11:32:04 +0000] "GET /news/wp-includes/wlwmanifest.xml HTTP/1.1" 404 230 "-" "Mozilla/5.0 (Windows NT 10.0; Win64; x64) AppleWebKit/537.36 (KHTML, like Gecko) Chrome/88.0.4240.193 Safari/537.36"
143.244.162.64 - - [29/Jul/2021:11:32:04 +0000] "GET /website/wp-includes/wlwmanifest.xml HTTP/1.1" 404 233 "-" "Mozilla/5.0 (Windows NT 10.0; Win64; x64) AppleWebKit/537.36 (KHTML, like Gecko) Chrome/88.0.4240.193 Safari/537.36"
143.244.162.64 - - [29/Jul/2021:11:32:04 +0000] "GET /2020/wp-includes/wlwmanifest.xml HTTP/1.1" 404 230 "-" "Mozilla/5.0 (Windows NT 10.0; Win64; x64) AppleWebKit/537.36 (KHTML, like Gecko) Chrome/88.0.4240.193 Safari/537.36"
143.244.162.64 - - [29/Jul/2021:11:32:04 +0000] "GET /wp/wp-includes/wlwmanifest.xml HTTP/1.1" 404 228 "-" "Mozilla/5.0 (Windows NT 10.0; Win64; x64) AppleWebKit/537.36 (KHTML, like Gecko) Chrome/88.0.4240.193 Safari/537.36"
143.244.162.64 - - [29/Jul/2021:11:32:04 +0000] "GET /2019/wp-includes/wlwmanifest.xml HTTP/1.1" 404 230 "-" "Mozilla/5.0 (Windows NT 10.0; Win64; x64) AppleWebKit/537.36 (KHTML, like Gecko) Chrome/88.0.4240.193 Safari/537.36"
143.244.162.64 - - [29/Jul/2021:11:32:05 +0000] "GET /shop/wp-includes/wlwmanifest.xml HTTP/1.1" 404 230 "-" "Mozilla/5.0 (Windows NT 10.0; Win64; x64) AppleWebKit/537.36 (KHTML, like Gecko) Chrome/88.0.4240.193 Safari/537.36"
143.244.162.64 - - [29/Jul/2021:11:32:05 +0000] "GET /news/wp-includes/wlwmanifest.xml HTTP/1.1" 404 230 "-" "Mozilla/5.0 (Windows NT 10.0; Win64; x64) AppleWebKit/537.36 (KHTML, like Gecko) Chrome/88.0.4240.193 Safari/537.36"
143.244.162.64 - - [29/Jul/2021:11:32:05 +0000] "GET /wp1/wp-includes/wlwmanifest.xml HTTP/1.1" 404 229 "-" "Mozilla/5.0 (Windows NT 10.0; Win64; x64) AppleWebKit/537.36 (KHTML, like Gecko) Chrome/88.0.4240.193 Safari/537.36"
143.244.162.64 - - [29/Jul/2021:11:32:05 +0000] "GET /2020/wp-includes/wlwmanifest.xml HTTP/1.1" 404 230 "-" "Mozilla/5.0 (Windows NT 10.0; Win64; x64) AppleWebKit/537.36 (KHTML, like Gecko) Chrome/88.0.4240.193 Safari/537.36"
143.244.162.64 - - [29/Jul/2021:11:32:05 +0000] "GET /test/wp-includes/wlwmanifest.xml HTTP/1.1" 404 230 "-" "Mozilla/5.0 (Windows NT 10.0; Win64; x64) AppleWebKit/537.36 (KHTML, like Gecko) Chrome/88.0.4240.193 Safari/537.36"
143.244.162.64 - - [29/Jul/2021:11:32:05 +0000] "GET /2019/wp-includes/wlwmanifest.xml HTTP/1.1" 404 230 "-" "Mozilla/5.0 (Windows NT 10.0; Win64; x64) AppleWebKit/537.36 (KHTML, like Gecko) Chrome/88.0.4240.193 Safari/537.36"
143.244.162.64 - - [29/Jul/2021:11:32:06 +0000] "GET /wp2/wp-includes/wlwmanifest.xml HTTP/1.1" 404 229 "-" "Mozilla/5.0 (Windows NT 10.0; Win64; x64) AppleWebKit/537.36 (KHTML, like Gecko) Chrome/88.0.4240.193 Safari/537.36"
143.244.162.64 - - [29/Jul/2021:11:32:06 +0000] "GET /shop/wp-includes/wlwmanifest.xml HTTP/1.1" 404 230 "-" "Mozilla/5.0 (Windows NT 10.0; Win64; x64) AppleWebKit/537.36 (KHTML, like Gecko) Chrome/88.0.4240.193 Safari/537.36"
143.244.162.64 - - [29/Jul/2021:11:32:06 +0000] "GET /site/wp-includes/wlwmanifest.xml HTTP/1.1" 404 230 "-" "Mozilla/5.0 (Windows NT 10.0; Win64; x64) AppleWebKit/537.36 (KHTML, like Gecko) Chrome/88.0.4240.193 Safari/537.36"
143.244.162.64 - - [29/Jul/2021:11:32:06 +0000] "GET /cms/wp-includes/wlwmanifest.xml HTTP/1.1" 404 229 "-" "Mozilla/5.0 (Windows NT 10.0; Win64; x64) AppleWebKit/537.36 (KHTML, like Gecko) Chrome/88.0.4240.193 Safari/537.36"
143.244.162.64 - - [29/Jul/2021:11:32:06 +0000] "GET /wp1/wp-includes/wlwmanifest.xml HTTP/1.1" 404 229 "-" "Mozilla/5.0 (Windows NT 10.0; Win64; x64) AppleWebKit/537.36 (KHTML, like Gecko) Chrome/88.0.4240.193 Safari/537.36"
143.244.162.64 - - [29/Jul/2021:11:32:06 +0000] "GET /sito/wp-includes/wlwmanifest.xml HTTP/1.1" 404 230 "-" "Mozilla/5.0 (Windows NT 10.0; Win64; x64) AppleWebKit/537.36 (KHTML, like Gecko) Chrome/88.0.4240.193 Safari/537.36"
143.244.162.64 - - [29/Jul/2021:11:32:06 +0000] "GET /test/wp-includes/wlwmanifest.xml HTTP/1.1" 404 230 "-" "Mozilla/5.0 (Windows NT 10.0; Win64; x64) AppleWebKit/537.36 (KHTML, like Gecko) Chrome/88.0.4240.193 Safari/537.36"
143.244.162.64 - - [29/Jul/2021:11:32:07 +0000] "GET /wp2/wp-includes/wlwmanifest.xml HTTP/1.1" 404 229 "-" "Mozilla/5.0 (Windows NT 10.0; Win64; x64) AppleWebKit/537.36 (KHTML, like Gecko) Chrome/88.0.4240.193 Safari/537.36"
143.244.162.64 - - [29/Jul/2021:11:32:07 +0000] "GET /site/wp-includes/wlwmanifest.xml HTTP/1.1" 404 230 "-" "Mozilla/5.0 (Windows NT 10.0; Win64; x64) AppleWebKit/537.36 (KHTML, like Gecko) Chrome/88.0.4240.193 Safari/537.36"
143.244.162.64 - - [29/Jul/2021:11:32:07 +0000] "GET /cms/wp-includes/wlwmanifest.xml HTTP/1.1" 404 229 "-" "Mozilla/5.0 (Windows NT 10.0; Win64; x64) AppleWebKit/537.36 (KHTML, like Gecko) Chrome/88.0.4240.193 Safari/537.36"
143.244.162.64 - - [29/Jul/2021:11:32:08 +0000] "GET /sito/wp-includes/wlwmanifest.xml HTTP/1.1" 404 230 "-" "Mozilla/5.0 (Windows NT 10.0; Win64; x64) AppleWebKit/537.36 (KHTML, like Gecko) Chrome/88.0.4240.193 Safari/537.36"
40.77.167.104 - - [29/Jul/2021:11:33:10 +0000] "GET / HTTP/1.1" 200 5048 "-" "Mozilla/5.0 (compatible; bingbot/2.0; +http://www.bing.com/bingbot.htm)"
52.13.104.118 - - [29/Jul/2021:12:03:55 +0000] "GET / HTTP/1.1" 200 5048 "-" "Mozilla/5.0 (X11; Linux x86_64) AppleWebKit/537.36 (KHTML, like Gecko) Chrome/83.0.4103.97 Safari/537.36"
54.213.139.245 - - [29/Jul/2021:12:04:30 +0000] "GET /favicon.ico HTTP/1.1" 404 209 "-" "Mozilla/5.0 (X11; Linux x86_64) AppleWebKit/537.36 (KHTML, like Gecko) Chrome/83.0.4103.97 Safari/537.36"
54.213.139.245 - - [29/Jul/2021:12:04:31 +0000] "GET / HTTP/1.1" 200 5048 "-" "Mozilla/5.0 (X11; Linux x86_64) AppleWebKit/537.36 (KHTML, like Gecko) Chrome/83.0.4103.97 Safari/537.36"
216.244.66.236 - - [29/Jul/2021:14:11:08 +0000] "GET /robots.txt HTTP/1.1" 404 208 "-" "Mozilla/5.0 (compatible; DotBot/1.2; +https://opensiteexplorer.org/dotbot; help@moz.com)"
216.244.66.236 - - [29/Jul/2021:14:29:24 +0000] "GET /BestKeralaAyurveda.html HTTP/1.1" 404 221 "-" "Mozilla/5.0 (compatible; DotBot/1.2; +https://opensiteexplorer.org/dotbot; help@moz.com)"
216.244.66.236 - - [29/Jul/2021:14:37:50 +0000] "GET /tour-package.php?id=15 HTTP/1.1" 404 214 "-" "Mozilla/5.0 (compatible; DotBot/1.2; +https://opensiteexplorer.org/dotbot; help@moz.com)"
216.244.66.236 - - [29/Jul/2021:14:37:55 +0000] "GET /tour-package.php?id=21 HTTP/1.1" 404 214 "-" "Mozilla/5.0 (compatible; DotBot/1.2; +https://opensiteexplorer.org/dotbot; help@moz.com)"
74.125.209.62 - - [29/Jul/2021:14:49:07 +0000] "GET /wp-content/themes/twentyfifteen-child/images/itk_logo.png HTTP/1.1" 404 255 "-" "Mozilla/5.0 (Windows NT 5.1; rv:11.0) Gecko Firefox/11.0 (via ggpht.com GoogleImageProxy)"
74.125.209.58 - - [29/Jul/2021:14:49:07 +0000] "GET /wp-content/themes/twentyfifteen-child/images/itk_logo.png HTTP/1.1" 404 255 "-" "Mozilla/5.0 (Windows NT 5.1; rv:11.0) Gecko Firefox/11.0 (via ggpht.com GoogleImageProxy)"
216.244.66.236 - - [29/Jul/2021:15:08:51 +0000] "GET /robots.txt HTTP/1.1" 404 208 "-" "Mozilla/5.0 (compatible; DotBot/1.2; +https://opensiteexplorer.org/dotbot; help@moz.com)"
216.244.66.236 - - [29/Jul/2021:15:26:18 +0000] "GET /RajasthanTourism.html HTTP/1.1" 404 219 "-" "Mozilla/5.0 (compatible; DotBot/1.2; +https://opensiteexplorer.org/dotbot; help@moz.com)"
216.244.66.236 - - [29/Jul/2021:15:26:27 +0000] "GET /honeymoon-tour-packages.php HTTP/1.1" 404 225 "-" "Mozilla/5.0 (compatible; DotBot/1.2; +https://opensiteexplorer.org/dotbot; help@moz.com)"
216.244.66.236 - - [29/Jul/2021:16:06:34 +0000] "GET /robots.txt HTTP/1.1" 404 208 "-" "Mozilla/5.0 (compatible; DotBot/1.2; +https://opensiteexplorer.org/dotbot; help@moz.com)"
216.244.66.236 - - [29/Jul/2021:16:20:40 +0000] "GET /HaridwarRishikeshTour.html HTTP/1.1" 404 224 "-" "Mozilla/5.0 (compatible; DotBot/1.2; +https://opensiteexplorer.org/dotbot; help@moz.com)"
216.244.66.236 - - [29/Jul/2021:16:31:54 +0000] "GET /tour-package.php?id=26 HTTP/1.1" 404 214 "-" "Mozilla/5.0 (compatible; DotBot/1.2; +https://opensiteexplorer.org/dotbot; help@moz.com)"
45.85.242.109 - - [29/Jul/2021:16:56:16 +0000] "HEAD / HTTP/1.1" 200 - "-" "Mozilla/5.0 (Windows NT 6.0; rv:2.0) Gecko/20100101 Firefox/4.0"
216.244.66.236 - - [29/Jul/2021:17:00:25 +0000] "GET /robots.txt HTTP/1.1" 404 208 "-" "Mozilla/5.0 (compatible; DotBot/1.2; +https://opensiteexplorer.org/dotbot; help@moz.com)"
134.209.67.45 - - [29/Jul/2021:17:06:17 +0000] "GET /wp-login.php HTTP/1.1" 404 210 "-" "Mozilla/5.0 (X11; Ubuntu; Linux x86_64; rv:62.0) Gecko/20100101 Firefox/62.0"
134.209.67.45 - - [29/Jul/2021:17:06:17 +0000] "GET /wp-login.php HTTP/1.1" 404 210 "-" "Mozilla/5.0 (X11; Ubuntu; Linux x86_64; rv:62.0) Gecko/20100101 Firefox/62.0"
134.209.67.45 - - [29/Jul/2021:17:06:17 +0000] "GET /wp-login.php HTTP/1.1" 404 210 "-" "Mozilla/5.0 (X11; Ubuntu; Linux x86_64; rv:62.0) Gecko/20100101 Firefox/62.0"
216.244.66.236 - - [29/Jul/2021:17:17:13 +0000] "GET /WEETMEMORYOFKHANGCHENDZONGHA.html HTTP/1.1" 404 231 "-" "Mozilla/5.0 (compatible; DotBot/1.2; +https://opensiteexplorer.org/dotbot; help@moz.com)"
216.244.66.236 - - [29/Jul/2021:17:52:29 +0000] "GET /robots.txt HTTP/1.1" 404 208 "-" "Mozilla/5.0 (compatible; DotBot/1.2; +https://opensiteexplorer.org/dotbot; help@moz.com)"
216.244.66.236 - - [29/Jul/2021:18:07:58 +0000] "GET /KashmirTourism.html HTTP/1.1" 404 217 "-" "Mozilla/5.0 (compatible; DotBot/1.2; +https://opensiteexplorer.org/dotbot; help@moz.com)"
216.244.66.236 - - [29/Jul/2021:18:08:03 +0000] "GET /MonasticExperienceTour.html HTTP/1.1" 404 225 "-" "Mozilla/5.0 (compatible; DotBot/1.2; +https://opensiteexplorer.org/dotbot; help@moz.com)"
216.244.66.236 - - [29/Jul/2021:18:08:08 +0000] "GET /ShimlaVolvoTourPackage.html HTTP/1.1" 404 225 "-" "Mozilla/5.0 (compatible; DotBot/1.2; +https://opensiteexplorer.org/dotbot; help@moz.com)"
216.244.66.236 - - [29/Jul/2021:18:42:46 +0000] "GET /robots.txt HTTP/1.1" 404 208 "-" "Mozilla/5.0 (compatible; DotBot/1.2; +https://opensiteexplorer.org/dotbot; help@moz.com)"
45.79.214.18 - - [29/Jul/2021:18:48:30 +0000] "GET /wp-login.php HTTP/1.1" 404 210 "-" "Mozilla/5.0 (X11; Ubuntu; Linux x86_64; rv:62.0) Gecko/20100101 Firefox/62.0"
45.79.214.18 - - [29/Jul/2021:18:48:30 +0000] "GET /wp-login.php HTTP/1.1" 404 210 "-" "Mozilla/5.0 (X11; Ubuntu; Linux x86_64; rv:62.0) Gecko/20100101 Firefox/62.0"
45.79.214.18 - - [29/Jul/2021:18:48:30 +0000] "GET /wp-login.php HTTP/1.1" 404 210 "-" "Mozilla/5.0 (X11; Ubuntu; Linux x86_64; rv:62.0) Gecko/20100101 Firefox/62.0"
216.244.66.236 - - [29/Jul/2021:18:57:57 +0000] "GET /KeralahouseboatTour.html HTTP/1.1" 404 222 "-" "Mozilla/5.0 (compatible; DotBot/1.2; +https://opensiteexplorer.org/dotbot; help@moz.com)"
216.244.66.236 - - [29/Jul/2021:18:58:02 +0000] "GET /RajasthanHeritageCultureTour.html HTTP/1.1" 404 231 "-" "Mozilla/5.0 (compatible; DotBot/1.2; +https://opensiteexplorer.org/dotbot; help@moz.com)"
216.244.66.236 - - [29/Jul/2021:18:58:07 +0000] "GET /UttrakhandTourism.html HTTP/1.1" 404 220 "-" "Mozilla/5.0 (compatible; DotBot/1.2; +https://opensiteexplorer.org/dotbot; help@moz.com)"
46.4.120.232 - - [29/Jul/2021:19:10:41 +0000] "GET /robots.txt HTTP/1.1" 404 208 "-" "Mozilla/5.0 (compatible; BLEXBot/1.0; +http://webmeup-crawler.com/)"
46.4.120.232 - - [29/Jul/2021:19:10:42 +0000] "GET /sitemap.xml HTTP/1.1" 404 209 "-" "Mozilla/5.0 (compatible; BLEXBot/1.0; +http://webmeup-crawler.com/)"
46.4.120.232 - - [29/Jul/2021:19:10:51 +0000] "GET /sitemap.xml HTTP/1.1" 404 209 "-" "Mozilla/5.0 (compatible; BLEXBot/1.0; +http://webmeup-crawler.com/)"
37.187.72.216 - - [29/Jul/2021:19:23:11 +0000] "GET /.well-known/acme-challenge/449577d9307d3eae093e478450029bc9key HTTP/1.0" 200 33 "-" "-"
18.159.196.172 - - [29/Jul/2021:19:23:21 +0000] "GET /.well-known/acme-challenge/nVMw2G6Yn0xMjxztMp_kCaPjJcweLQEH8iltQ25rJhQ HTTP/1.1" 200 87 "-" "Mozilla/5.0 (compatible; Let's Encrypt validation server; +https://www.letsencrypt.org)"
18.116.86.117 - - [29/Jul/2021:19:23:21 +0000] "GET /.well-known/acme-challenge/nVMw2G6Yn0xMjxztMp_kCaPjJcweLQEH8iltQ25rJhQ HTTP/1.1" 200 87 "-" "Mozilla/5.0 (compatible; Let's Encrypt validation server; +https://www.letsencrypt.org)"
34.219.87.132 - - [29/Jul/2021:19:23:21 +0000] "GET /.well-known/acme-challenge/nVMw2G6Yn0xMjxztMp_kCaPjJcweLQEH8iltQ25rJhQ HTTP/1.1" 200 87 "-" "Mozilla/5.0 (compatible; Let's Encrypt validation server; +https://www.letsencrypt.org)"
64.78.149.164 - - [29/Jul/2021:19:23:21 +0000] "GET /.well-known/acme-challenge/nVMw2G6Yn0xMjxztMp_kCaPjJcweLQEH8iltQ25rJhQ HTTP/1.1" 200 87 "-" "Mozilla/5.0 (compatible; Let's Encrypt validation server; +https://www.letsencrypt.org)"
18.192.36.99 - - [29/Jul/2021:19:23:25 +0000] "GET /.well-known/acme-challenge/a45rwFIGI3DGhvFyFLjtVoMsxrhjRVeL22PmEYBKohQ HTTP/1.1" 200 87 "-" "Mozilla/5.0 (compatible; Let's Encrypt validation server; +https://www.letsencrypt.org)"
52.39.4.59 - - [29/Jul/2021:19:23:25 +0000] "GET /.well-known/acme-challenge/a45rwFIGI3DGhvFyFLjtVoMsxrhjRVeL22PmEYBKohQ HTTP/1.1" 200 87 "-" "Mozilla/5.0 (compatible; Let's Encrypt validation server; +https://www.letsencrypt.org)"
3.19.56.43 - - [29/Jul/2021:19:23:25 +0000] "GET /.well-known/acme-challenge/a45rwFIGI3DGhvFyFLjtVoMsxrhjRVeL22PmEYBKohQ HTTP/1.1" 200 87 "-" "Mozilla/5.0 (compatible; Let's Encrypt validation server; +https://www.letsencrypt.org)"
66.133.109.36 - - [29/Jul/2021:19:23:25 +0000] "GET /.well-known/acme-challenge/a45rwFIGI3DGhvFyFLjtVoMsxrhjRVeL22PmEYBKohQ HTTP/1.1" 200 87 "-" "Mozilla/5.0 (compatible; Let's Encrypt validation server; +https://www.letsencrypt.org)"
216.244.66.236 - - [29/Jul/2021:19:31:53 +0000] "GET /robots.txt HTTP/1.1" 404 208 "-" "Mozilla/5.0 (compatible; DotBot/1.2; +https://opensiteexplorer.org/dotbot; help@moz.com)"
216.244.66.236 - - [29/Jul/2021:19:45:32 +0000] "GET /ExploreLaddakhvaiManaliTour.html HTTP/1.1" 404 230 "-" "Mozilla/5.0 (compatible; DotBot/1.2; +https://opensiteexplorer.org/dotbot; help@moz.com)"
66.249.72.19 - - [29/Jul/2021:20:06:42 +0000] "GET /robots.txt HTTP/1.1" 404 208 "-" "Mozilla/5.0 (compatible; Googlebot/2.1; +http://www.google.com/bot.html)"
66.249.72.17 - - [29/Jul/2021:20:06:43 +0000] "GET / HTTP/1.1" 200 5048 "-" "Mozilla/5.0 (compatible; Googlebot/2.1; +http://www.google.com/bot.html)"
107.173.246.150 - - [29/Jul/2021:20:13:03 +0000] "GET / HTTP/1.1" 200 5048 "-" "Mozilla/5.0 (X11; Linux x86_64) AppleWebKit/537.36 (KHTML, like Gecko) Chrome/88.0.4324.96 Safari/537.36"
66.249.72.21 - - [29/Jul/2021:20:14:02 +0000] "GET / HTTP/1.1" 200 5048 "-" "Mozilla/5.0 (Linux; Android 6.0.1; Nexus 5X Build/MMB29P) AppleWebKit/537.36 (KHTML, like Gecko) Chrome/91.0.4472.90 Mobile Safari/537.36 (compatible; Googlebot/2.1; +http://www.google.com/bot.html)"
185.191.171.34 - - [29/Jul/2021:20:29:45 +0000] "GET /robots.txt HTTP/1.1" 404 208 "-" "Mozilla/5.0 (compatible; SemrushBot/7~bl; +http://www.semrush.com/bot.html)"
185.191.171.2 - - [29/Jul/2021:20:29:46 +0000] "GET /SrilankaTourPackage.html HTTP/1.1" 404 222 "-" "Mozilla/5.0 (compatible; SemrushBot/7~bl; +http://www.semrush.com/bot.html)"
185.191.171.25 - - [29/Jul/2021:20:29:53 +0000] "GET /sitemap.xml HTTP/1.1" 404 209 "-" "Mozilla/5.0 (compatible; SemrushBot/7~bl; +http://www.semrush.com/bot.html)"
157.55.39.113 - - [29/Jul/2021:20:39:20 +0000] "GET /tour-package.php?id=10 HTTP/1.1" 404 214 "-" "Mozilla/5.0 (compatible; bingbot/2.0; +http://www.bing.com/bingbot.htm)"
185.191.171.38 - - [29/Jul/2021:20:47:10 +0000] "GET /.html HTTP/1.1" 403 214 "-" "Mozilla/5.0 (compatible; SemrushBot/7~bl; +http://www.semrush.com/bot.html)"
18.223.249.20 - - [29/Jul/2021:20:48:33 +0000] "GET / HTTP/1.1" 200 5048 "-" "python-requests/2.26.0"
195.154.63.222 - - [29/Jul/2021:21:22:17 +0000] "GET /.well-known/security.txt HTTP/1.1" 404 222 "-" "Mozilla/5.0 (X11; Ubuntu; Linux x86_64; rv:58.0) Gecko/20100101 Firefox/58.0"
195.154.63.222 - - [29/Jul/2021:21:35:43 +0000] "GET /.well-known/security.txt HTTP/1.1" 404 222 "-" "Mozilla/5.0 (X11; Ubuntu; Linux x86_64; rv:58.0) Gecko/20100101 Firefox/58.0"
216.244.66.236 - - [29/Jul/2021:22:04:03 +0000] "GET /robots.txt HTTP/1.1" 404 208 "-" "Mozilla/5.0 (compatible; DotBot/1.2; +https://opensiteexplorer.org/dotbot; help@moz.com)"
216.244.66.236 - - [29/Jul/2021:22:17:54 +0000] "GET /BaliTourPackages.html HTTP/1.1" 404 219 "-" "Mozilla/5.0 (compatible; DotBot/1.2; +https://opensiteexplorer.org/dotbot; help@moz.com)"
91.79.53.155 - - [29/Jul/2021:22:21:05 +0000] "GET /contact.php HTTP/1.0" 404 209 "https://indiatravelkart.com/contact.php" "Mozilla/5.0 (Windows NT 10.0; Win64; x64) AppleWebKit/537.36 (KHTML, like Gecko) Chrome/83.0.4103.0 Safari/537.36"
91.79.53.155 - - [29/Jul/2021:22:21:06 +0000] "GET / HTTP/1.0" 200 5048 "https://indiatravelkart.com/" "Mozilla/5.0 (Windows NT 10.0; Win64; x64) AppleWebKit/537.36 (KHTML, like Gecko) Chrome/83.0.4103.0 Safari/537.36"
65.155.30.101 - - [29/Jul/2021:22:29:43 +0000] "GET / HTTP/1.1" 200 5048 "-" "Mozilla/5.0 (Windows NT 10.0; Win64; x64) AppleWebKit/537.36 (KHTML, like Gecko) Chrome/76.0.3809.71 Safari/537.36"
216.244.66.236 - - [29/Jul/2021:22:54:39 +0000] "GET /robots.txt HTTP/1.1" 404 208 "-" "Mozilla/5.0 (compatible; DotBot/1.2; +https://opensiteexplorer.org/dotbot; help@moz.com)"
216.244.66.236 - - [29/Jul/2021:23:08:36 +0000] "GET /DarjeelingTourPackages.html HTTP/1.1" 404 225 "-" "Mozilla/5.0 (compatible; DotBot/1.2; +https://opensiteexplorer.org/dotbot; help@moz.com)"
216.244.66.236 - - [29/Jul/2021:23:08:41 +0000] "GET /GangtokTourPackage.html HTTP/1.1" 404 221 "-" "Mozilla/5.0 (compatible; DotBot/1.2; +https://opensiteexplorer.org/dotbot; help@moz.com)"
216.244.66.236 - - [29/Jul/2021:23:08:45 +0000] "GET /HimachalTourPackage.html HTTP/1.1" 404 222 "-" "Mozilla/5.0 (compatible; DotBot/1.2; +https://opensiteexplorer.org/dotbot; help@moz.com)"
216.244.66.236 - - [29/Jul/2021:23:45:12 +0000] "GET /robots.txt HTTP/1.1" 404 208 "-" "Mozilla/5.0 (compatible; DotBot/1.2; +https://opensiteexplorer.org/dotbot; help@moz.com)"
216.244.66.236 - - [29/Jul/2021:23:59:04 +0000] "GET /Dharamshala&DalhoussieCarTourPackage.html HTTP/1.1" 404 243 "-" "Mozilla/5.0 (compatible; DotBot/1.2; +https://opensiteexplorer.org/dotbot; help@moz.com)"
216.244.66.236 - - [29/Jul/2021:23:59:09 +0000] "GET /KualaLumpurPenangTour.html HTTP/1.1" 404 224 "-" "Mozilla/5.0 (compatible; DotBot/1.2; +https://opensiteexplorer.org/dotbot; help@moz.com)"
216.244.66.236 - - [29/Jul/2021:23:59:13 +0000] "GET /LaddakhWithMoonValleyTour.html HTTP/1.1" 404 228 "-" "Mozilla/5.0 (compatible; DotBot/1.2; +https://opensiteexplorer.org/dotbot; help@moz.com)"
216.244.66.236 - - [29/Jul/2021:23:59:17 +0000] "GET /NainitalTour.html HTTP/1.1" 404 215 "-" "Mozilla/5.0 (compatible; DotBot/1.2; +https://opensiteexplorer.org/dotbot; help@moz.com)"
216.244.66.236 - - [29/Jul/2021:23:59:21 +0000] "GET /darjeelingtourpackages.html HTTP/1.1" 404 225 "-" "Mozilla/5.0 (compatible; DotBot/1.2; +https://opensiteexplorer.org/dotbot; help@moz.com)"
45.12.223.138 - - [30/Jul/2021:00:09:21 +0000] "GET /assets/global/plugins/jquery-file-upload/server/php/index.php?secure=1 HTTP/1.1" 404 259 "-" "Mozilla/5.0 (Windows NT 10.0; Win64; x64)"
45.12.223.138 - - [30/Jul/2021:00:09:21 +0000] "GET /assets/plugins/jquery-file-upload/server/php/index.php?secure=1 HTTP/1.1" 404 252 "-" "Mozilla/5.0 (Windows NT 10.0; Win64; x64)"
45.12.223.138 - - [30/Jul/2021:00:09:22 +0000] "GET /assets/jquery-file-upload/server/php/index.php?secure=1 HTTP/1.1" 404 244 "-" "Mozilla/5.0 (Windows NT 10.0; Win64; x64)"
45.12.223.138 - - [30/Jul/2021:00:09:23 +0000] "GET /phpformbuilder/plugins/jQuery-File-Upload/server/php/index.php?secure=1 HTTP/1.1" 404 260 "-" "Mozilla/5.0 (Windows NT 10.0; Win64; x64)"
114.119.146.20 - - [30/Jul/2021:00:11:06 +0000] "GET /robots.txt HTTP/1.1" 404 208 "-" "Mozilla/5.0 (compatible;PetalBot;+https://webmaster.petalsearch.com/site/petalbot)"
158.69.171.152 - - [30/Jul/2021:00:17:05 +0000] "GET /wp-content/plugins/advanced_file_manager_5/files/_elghoul.php?0=UP HTTP/1.1" 404 259 "-" "Mozilla/5.0 (Windows NT 10.0; WOW64) AppleWebKit/537.36 (KHTML, like Gecko) Chrome/65.0.3325.181 Safari/537.36"
35.237.99.167 - - [30/Jul/2021:00:27:21 +0000] "GET /robots.txt HTTP/1.0" 404 208 "-" "ZoominfoBot (zoominfobot at zoominfo dot com)"
35.237.99.167 - - [30/Jul/2021:00:27:23 +0000] "GET /tour-package.php?id=22 HTTP/1.0" 404 214 "-" "ZoominfoBot (zoominfobot at zoominfo dot com)"
35.237.99.167 - - [30/Jul/2021:00:27:25 +0000] "GET /pagecontents.php?url=Privacy-Policy HTTP/1.0" 404 214 "-" "ZoominfoBot (zoominfobot at zoominfo dot com)"
114.119.151.156 - - [30/Jul/2021:00:29:35 +0000] "GET /robots.txt HTTP/1.1" 404 208 "-" "Mozilla/5.0 (compatible;PetalBot;+https://webmaster.petalsearch.com/site/petalbot)"
35.237.99.167 - - [30/Jul/2021:00:29:44 +0000] "GET /tour-package.php?id=26 HTTP/1.0" 404 214 "-" "ZoominfoBot (zoominfobot at zoominfo dot com)"
35.237.99.167 - - [30/Jul/2021:00:29:49 +0000] "GET /tour-package.php?id=12 HTTP/1.0" 404 214 "-" "ZoominfoBot (zoominfobot at zoominfo dot com)"
106.11.152.109 - - [30/Jul/2021:00:30:14 +0000] "GET /robots.txt HTTP/1.1" 404 208 "-" "YisouSpider"
106.11.154.144 - - [30/Jul/2021:00:30:15 +0000] "GET /css/meanmenu.min.css HTTP/1.1" 404 218 "https://indiatravelkart.com/" "YisouSpider"
40.77.167.52 - - [30/Jul/2021:00:32:05 +0000] "GET /robots.txt HTTP/1.1" 404 208 "-" "Mozilla/5.0 (compatible; bingbot/2.0; +http://www.bing.com/bingbot.htm)"
40.77.167.52 - - [30/Jul/2021:00:32:06 +0000] "GET /robots.txt HTTP/1.1" 404 208 "-" "Mozilla/5.0 (compatible; bingbot/2.0; +http://www.bing.com/bingbot.htm)"
40.77.167.80 - - [30/Jul/2021:00:32:11 +0000] "GET / HTTP/1.1" 200 5048 "-" "Mozilla/5.0 (compatible; bingbot/2.0; +http://www.bing.com/bingbot.htm)"
40.77.167.104 - - [30/Jul/2021:00:33:25 +0000] "GET / HTTP/1.1" 200 5048 "-" "Mozilla/5.0 (compatible; bingbot/2.0; +http://www.bing.com/bingbot.htm)"
35.237.99.167 - - [30/Jul/2021:00:35:32 +0000] "GET /tour-package.php?id=16 HTTP/1.0" 404 214 "-" "ZoominfoBot (zoominfobot at zoominfo dot com)"
35.237.99.167 - - [30/Jul/2021:00:40:46 +0000] "GET /contact.php HTTP/1.0" 404 209 "-" "ZoominfoBot (zoominfobot at zoominfo dot com)"
35.237.99.167 - - [30/Jul/2021:00:41:11 +0000] "GET /hill-station-tour-packages.php HTTP/1.0" 404 228 "-" "ZoominfoBot (zoominfobot at zoominfo dot com)"
185.191.171.43 - - [30/Jul/2021:00:46:53 +0000] "GET /robots.txt HTTP/1.1" 404 208 "-" "Mozilla/5.0 (compatible; SemrushBot/7~bl; +http://www.semrush.com/bot.html)"
185.191.171.11 - - [30/Jul/2021:00:46:54 +0000] "GET /HimachalTourPackage.html HTTP/1.1" 404 222 "-" "Mozilla/5.0 (compatible; SemrushBot/7~bl; +http://www.semrush.com/bot.html)"
35.237.99.167 - - [30/Jul/2021:00:50:02 +0000] "GET /tour-package.php?id=23 HTTP/1.0" 404 214 "-" "ZoominfoBot (zoominfobot at zoominfo dot com)"
35.237.99.167 - - [30/Jul/2021:00:55:16 +0000] "GET /tour-package.php?id=13 HTTP/1.0" 404 214 "-" "ZoominfoBot (zoominfobot at zoominfo dot com)"
35.237.99.167 - - [30/Jul/2021:00:59:47 +0000] "GET /services.php HTTP/1.0" 404 210 "-" "ZoominfoBot (zoominfobot at zoominfo dot com)"
35.237.99.167 - - [30/Jul/2021:01:00:13 +0000] "GET /tour-package.php?id=17 HTTP/1.0" 404 214 "-" "ZoominfoBot (zoominfobot at zoominfo dot com)"
35.237.99.167 - - [30/Jul/2021:01:04:07 +0000] "GET /tour-package.php?id=30 HTTP/1.0" 404 214 "-" "ZoominfoBot (zoominfobot at zoominfo dot com)"
35.237.99.167 - - [30/Jul/2021:01:08:42 +0000] "GET /about.php HTTP/1.0" 404 207 "-" "ZoominfoBot (zoominfobot at zoominfo dot com)"
35.237.99.167 - - [30/Jul/2021:01:09:07 +0000] "GET /tour-package.php?id=20 HTTP/1.0" 404 214 "-" "ZoominfoBot (zoominfobot at zoominfo dot com)"
35.223.25.142 - - [30/Jul/2021:01:09:15 +0000] "GET / HTTP/1.1" 200 5048 "-" "-"
54.36.148.100 - - [30/Jul/2021:01:10:24 +0000] "GET /robots.txt HTTP/1.1" 404 208 "-" "Mozilla/5.0 (compatible; AhrefsBot/7.0; +http://ahrefs.com/robot/)"
54.36.148.108 - - [30/Jul/2021:01:10:25 +0000] "GET /UttrakhandTourism.html HTTP/1.1" 404 220 "-" "Mozilla/5.0 (compatible; AhrefsBot/7.0; +http://ahrefs.com/robot/)"
35.237.99.167 - - [30/Jul/2021:01:14:25 +0000] "GET /tour-package.php?id=24 HTTP/1.0" 404 214 "-" "ZoominfoBot (zoominfobot at zoominfo dot com)"
35.237.99.167 - - [30/Jul/2021:01:14:31 +0000] "GET /tour-package.php?id=10 HTTP/1.0" 404 214 "-" "ZoominfoBot (zoominfobot at zoominfo dot com)"
35.237.99.167 - - [30/Jul/2021:01:17:05 +0000] "GET /pagecontents.php?url=Cancellation-Policy HTTP/1.0" 404 214 "-" "ZoominfoBot (zoominfobot at zoominfo dot com)"
35.237.99.167 - - [30/Jul/2021:01:20:14 +0000] "GET /tour-package.php?id=28 HTTP/1.0" 404 214 "-" "ZoominfoBot (zoominfobot at zoominfo dot com)"
35.237.99.167 - - [30/Jul/2021:01:20:16 +0000] "GET /tour-package.php?id=14 HTTP/1.0" 404 214 "-" "ZoominfoBot (zoominfobot at zoominfo dot com)"
216.244.66.236 - - [30/Jul/2021:01:22:44 +0000] "GET /robots.txt HTTP/1.1" 404 208 "-" "Mozilla/5.0 (compatible; DotBot/1.2; +https://opensiteexplorer.org/dotbot; help@moz.com)"
35.237.99.167 - - [30/Jul/2021:01:28:19 +0000] "GET /pagecontents.php?url=Pyament-Option HTTP/1.0" 404 214 "-" "ZoominfoBot (zoominfobot at zoominfo dot com)"
35.237.99.167 - - [30/Jul/2021:01:29:29 +0000] "GET /pagecontents.php?url=Return-and-Refund-Policy HTTP/1.0" 404 214 "-" "ZoominfoBot (zoominfobot at zoominfo dot com)"
35.237.99.167 - - [30/Jul/2021:01:31:55 +0000] "GET /index.php HTTP/1.0" 404 207 "-" "ZoominfoBot (zoominfobot at zoominfo dot com)"
35.237.99.167 - - [30/Jul/2021:01:34:58 +0000] "GET /tour-package.php?id=21 HTTP/1.0" 404 214 "-" "ZoominfoBot (zoominfobot at zoominfo dot com)"
216.244.66.236 - - [30/Jul/2021:01:37:41 +0000] "GET /NorthEastTourPackages.html HTTP/1.1" 404 224 "-" "Mozilla/5.0 (compatible; DotBot/1.2; +https://opensiteexplorer.org/dotbot; help@moz.com)"
35.237.99.167 - - [30/Jul/2021:01:39:34 +0000] "GET /honeymoon-tour-packages.php HTTP/1.0" 404 225 "-" "ZoominfoBot (zoominfobot at zoominfo dot com)"
35.237.99.167 - - [30/Jul/2021:01:40:12 +0000] "GET /tour-package.php?id=25 HTTP/1.0" 404 214 "-" "ZoominfoBot (zoominfobot at zoominfo dot com)"
35.237.99.167 - - [30/Jul/2021:01:45:39 +0000] "GET /tour-package.php?id=15 HTTP/1.0" 404 214 "-" "ZoominfoBot (zoominfobot at zoominfo dot com)"
35.237.99.167 - - [30/Jul/2021:01:50:59 +0000] "GET /tour-package.php?id=19 HTTP/1.0" 404 214 "-" "ZoominfoBot (zoominfobot at zoominfo dot com)"
35.237.99.167 - - [30/Jul/2021:01:55:16 +0000] "GET /tour-package.php?id=1 HTTP/1.0" 404 214 "-" "ZoominfoBot (zoominfobot at zoominfo dot com)"
35.237.99.167 - - [30/Jul/2021:01:55:32 +0000] "GET /pagecontents.php?url=Terms-and-Conditions HTTP/1.0" 404 214 "-" "ZoominfoBot (zoominfobot at zoominfo dot com)"
66.249.75.78 - - [30/Jul/2021:02:09:40 +0000] "GET /robots.txt HTTP/1.1" 404 208 "-" "Mozilla/5.0 (compatible; Googlebot/2.1; +http://www.google.com/bot.html)"
66.249.75.80 - - [30/Jul/2021:02:09:41 +0000] "GET /goa/pagecontents.php?url=Pyament-Option HTTP/1.1" 404 218 "-" "Mozilla/5.0 (Linux; Android 6.0.1; Nexus 5X Build/MMB29P) AppleWebKit/537.36 (KHTML, like Gecko) Chrome/92.0.4515.119 Mobile Safari/537.36 (compatible; Googlebot/2.1; +http://www.google.com/bot.html)"
216.244.66.236 - - [30/Jul/2021:02:12:07 +0000] "GET /robots.txt HTTP/1.1" 404 208 "-" "Mozilla/5.0 (compatible; DotBot/1.2; +https://opensiteexplorer.org/dotbot; help@moz.com)"
216.244.66.236 - - [30/Jul/2021:02:27:19 +0000] "GET /GoaHoneymoonPackage.html HTTP/1.1" 404 222 "-" "Mozilla/5.0 (compatible; DotBot/1.2; +https://opensiteexplorer.org/dotbot; help@moz.com)"
114.119.148.93 - - [30/Jul/2021:03:23:16 +0000] "GET /robots.txt HTTP/1.1" 404 208 "-" "Mozilla/5.0 (compatible;PetalBot;+https://webmaster.petalsearch.com/site/petalbot)"
185.191.171.9 - - [30/Jul/2021:03:32:31 +0000] "GET /robots.txt HTTP/1.1" 404 208 "-" "Mozilla/5.0 (compatible; SemrushBot/7~bl; +http://www.semrush.com/bot.html)"
185.191.171.36 - - [30/Jul/2021:03:32:32 +0000] "GET /SWEETMEMORYOFKHANGCHENDZONGHA.html HTTP/1.1" 404 232 "-" "Mozilla/5.0 (compatible; SemrushBot/7~bl; +http://www.semrush.com/bot.html)"
216.244.66.236 - - [30/Jul/2021:03:56:06 +0000] "GET /robots.txt HTTP/1.1" 404 208 "-" "Mozilla/5.0 (compatible; DotBot/1.2; +https://opensiteexplorer.org/dotbot; help@moz.com)"
34.79.101.78 - - [30/Jul/2021:04:04:56 +0000] "HEAD / HTTP/1.1" 200 - "-" "Apache-HttpClient/4.5.5 (Java/11.0.9)"
216.244.66.236 - - [30/Jul/2021:04:11:53 +0000] "GET /night-life-tour-packages.php HTTP/1.1" 404 226 "-" "Mozilla/5.0 (compatible; DotBot/1.2; +https://opensiteexplorer.org/dotbot; help@moz.com)"
103.221.55.71 - - [30/Jul/2021:04:29:59 +0000] "GET /?utm=semalt.com HTTP/1.1" 200 5048 "https://semalt.com-----google.com/?q=semalt" "Mozilla/5.0 (Windows NT 6.1; WOW64) AppleWebKit/537.36 (KHTML, like Gecko) Chrome/36.0.1985.143 Safari/537.36"
138.199.22.180 - - [30/Jul/2021:04:45:51 +0000] "GET / HTTP/1.1" 200 5048 "-" "Mozilla/5.0 (Windows NT 10.0; Win64; x64) AppleWebKit/537.36 (KHTML, like Gecko) Chrome/88.0.4240.193 Safari/537.36"
138.199.22.180 - - [30/Jul/2021:04:45:51 +0000] "GET / HTTP/1.1" 200 5048 "-" "Mozilla/5.0 (Windows NT 10.0; Win64; x64) AppleWebKit/537.36 (KHTML, like Gecko) Chrome/88.0.4240.193 Safari/537.36"
138.199.22.180 - - [30/Jul/2021:04:45:51 +0000] "GET /wp-includes/wlwmanifest.xml HTTP/1.1" 404 225 "-" "Mozilla/5.0 (Windows NT 10.0; Win64; x64) AppleWebKit/537.36 (KHTML, like Gecko) Chrome/88.0.4240.193 Safari/537.36"
138.199.22.180 - - [30/Jul/2021:04:45:51 +0000] "GET /xmlrpc.php?rsd HTTP/1.1" 404 208 "-" "Mozilla/5.0 (Windows NT 10.0; Win64; x64) AppleWebKit/537.36 (KHTML, like Gecko) Chrome/88.0.4240.193 Safari/537.36"
138.199.22.180 - - [30/Jul/2021:04:45:51 +0000] "GET / HTTP/1.1" 200 5048 "-" "Mozilla/5.0 (Windows NT 10.0; Win64; x64) AppleWebKit/537.36 (KHTML, like Gecko) Chrome/88.0.4240.193 Safari/537.36"
138.199.22.180 - - [30/Jul/2021:04:45:51 +0000] "GET /blog/wp-includes/wlwmanifest.xml HTTP/1.1" 404 230 "-" "Mozilla/5.0 (Windows NT 10.0; Win64; x64) AppleWebKit/537.36 (KHTML, like Gecko) Chrome/88.0.4240.193 Safari/537.36"
138.199.22.180 - - [30/Jul/2021:04:45:52 +0000] "GET /web/wp-includes/wlwmanifest.xml HTTP/1.1" 404 229 "-" "Mozilla/5.0 (Windows NT 10.0; Win64; x64) AppleWebKit/537.36 (KHTML, like Gecko) Chrome/88.0.4240.193 Safari/537.36"
138.199.22.180 - - [30/Jul/2021:04:45:52 +0000] "GET /wordpress/wp-includes/wlwmanifest.xml HTTP/1.1" 404 235 "-" "Mozilla/5.0 (Windows NT 10.0; Win64; x64) AppleWebKit/537.36 (KHTML, like Gecko) Chrome/88.0.4240.193 Safari/537.36"
138.199.22.180 - - [30/Jul/2021:04:45:52 +0000] "GET /website/wp-includes/wlwmanifest.xml HTTP/1.1" 404 233 "-" "Mozilla/5.0 (Windows NT 10.0; Win64; x64) AppleWebKit/537.36 (KHTML, like Gecko) Chrome/88.0.4240.193 Safari/537.36"
138.199.22.180 - - [30/Jul/2021:04:45:52 +0000] "GET /wp/wp-includes/wlwmanifest.xml HTTP/1.1" 404 228 "-" "Mozilla/5.0 (Windows NT 10.0; Win64; x64) AppleWebKit/537.36 (KHTML, like Gecko) Chrome/88.0.4240.193 Safari/537.36"
138.199.22.180 - - [30/Jul/2021:04:45:52 +0000] "GET /news/wp-includes/wlwmanifest.xml HTTP/1.1" 404 230 "-" "Mozilla/5.0 (Windows NT 10.0; Win64; x64) AppleWebKit/537.36 (KHTML, like Gecko) Chrome/88.0.4240.193 Safari/537.36"
138.199.22.180 - - [30/Jul/2021:04:45:52 +0000] "GET /2020/wp-includes/wlwmanifest.xml HTTP/1.1" 404 230 "-" "Mozilla/5.0 (Windows NT 10.0; Win64; x64) AppleWebKit/537.36 (KHTML, like Gecko) Chrome/88.0.4240.193 Safari/537.36"
138.199.22.180 - - [30/Jul/2021:04:45:52 +0000] "GET /2019/wp-includes/wlwmanifest.xml HTTP/1.1" 404 230 "-" "Mozilla/5.0 (Windows NT 10.0; Win64; x64) AppleWebKit/537.36 (KHTML, like Gecko) Chrome/88.0.4240.193 Safari/537.36"
138.199.22.180 - - [30/Jul/2021:04:45:53 +0000] "GET /shop/wp-includes/wlwmanifest.xml HTTP/1.1" 404 230 "-" "Mozilla/5.0 (Windows NT 10.0; Win64; x64) AppleWebKit/537.36 (KHTML, like Gecko) Chrome/88.0.4240.193 Safari/537.36"
138.199.22.180 - - [30/Jul/2021:04:45:53 +0000] "GET /wp1/wp-includes/wlwmanifest.xml HTTP/1.1" 404 229 "-" "Mozilla/5.0 (Windows NT 10.0; Win64; x64) AppleWebKit/537.36 (KHTML, like Gecko) Chrome/88.0.4240.193 Safari/537.36"
138.199.22.180 - - [30/Jul/2021:04:45:53 +0000] "GET /test/wp-includes/wlwmanifest.xml HTTP/1.1" 404 230 "-" "Mozilla/5.0 (Windows NT 10.0; Win64; x64) AppleWebKit/537.36 (KHTML, like Gecko) Chrome/88.0.4240.193 Safari/537.36"
138.199.22.180 - - [30/Jul/2021:04:45:53 +0000] "GET /wp2/wp-includes/wlwmanifest.xml HTTP/1.1" 404 229 "-" "Mozilla/5.0 (Windows NT 10.0; Win64; x64) AppleWebKit/537.36 (KHTML, like Gecko) Chrome/88.0.4240.193 Safari/537.36"
138.199.22.180 - - [30/Jul/2021:04:45:53 +0000] "GET /site/wp-includes/wlwmanifest.xml HTTP/1.1" 404 230 "-" "Mozilla/5.0 (Windows NT 10.0; Win64; x64) AppleWebKit/537.36 (KHTML, like Gecko) Chrome/88.0.4240.193 Safari/537.36"
138.199.22.180 - - [30/Jul/2021:04:45:53 +0000] "GET /cms/wp-includes/wlwmanifest.xml HTTP/1.1" 404 229 "-" "Mozilla/5.0 (Windows NT 10.0; Win64; x64) AppleWebKit/537.36 (KHTML, like Gecko) Chrome/88.0.4240.193 Safari/537.36"
138.199.22.180 - - [30/Jul/2021:04:45:53 +0000] "GET /sito/wp-includes/wlwmanifest.xml HTTP/1.1" 404 230 "-" "Mozilla/5.0 (Windows NT 10.0; Win64; x64) AppleWebKit/537.36 (KHTML, like Gecko) Chrome/88.0.4240.193 Safari/537.36"
106.11.158.74 - - [30/Jul/2021:04:56:00 +0000] "GET / HTTP/1.1" 200 5048 "-" "Mozilla/5.0 (Windows NT 6.1; Win64; x64) AppleWebKit/537.36 (KHTML, like Gecko) Chrome/69.0.3497.81 YisouSpider/5.0 Safari/537.36"
212.83.146.233 - - [30/Jul/2021:05:08:26 +0000] "GET / HTTP/1.1" 200 5048 "-" "Mozilla/5.0 (X11; Ubuntu; Linux x86_64; rv:58.0) Gecko/20100101 Firefox/58.0"
212.83.146.233 - - [30/Jul/2021:05:12:14 +0000] "GET / HTTP/1.1" 200 5048 "-" "Mozilla/5.0 (X11; Ubuntu; Linux x86_64; rv:58.0) Gecko/20100101 Firefox/58.0"
40.77.167.80 - - [30/Jul/2021:05:22:50 +0000] "GET /about.php HTTP/1.1" 404 207 "-" "Mozilla/5.0 (compatible; bingbot/2.0; +http://www.bing.com/bingbot.htm)"
195.154.61.206 - - [30/Jul/2021:05:35:04 +0000] "GET / HTTP/1.1" 200 5048 "-" "Mozilla/5.0 (X11; Ubuntu; Linux x86_64; rv:58.0) Gecko/20100101 Firefox/58.0"
216.244.66.236 - - [30/Jul/2021:05:41:56 +0000] "GET /robots.txt HTTP/1.1" 404 208 "-" "Mozilla/5.0 (compatible; DotBot/1.2; +https://opensiteexplorer.org/dotbot; help@moz.com)"
195.154.61.206 - - [30/Jul/2021:06:03:27 +0000] "GET / HTTP/1.1" 200 5048 "-" "Mozilla/5.0 (X11; Ubuntu; Linux x86_64; rv:58.0) Gecko/20100101 Firefox/58.0"
216.244.66.236 - - [30/Jul/2021:06:05:43 +0000] "GET /tour-package.php?id=16 HTTP/1.1" 404 214 "-" "Mozilla/5.0 (compatible; DotBot/1.2; +https://opensiteexplorer.org/dotbot; help@moz.com)"
66.249.75.76 - - [30/Jul/2021:06:25:59 +0000] "GET /goa/pagecontents.php?url=Privacy-Policy HTTP/1.1" 404 218 "-" "Mozilla/5.0 (Linux; Android 6.0.1; Nexus 5X Build/MMB29P) AppleWebKit/537.36 (KHTML, like Gecko) Chrome/92.0.4515.119 Mobile Safari/537.36 (compatible; Googlebot/2.1; +http://www.google.com/bot.html)"
185.191.171.14 - - [30/Jul/2021:06:30:57 +0000] "GET /robots.txt HTTP/1.1" 404 208 "-" "Mozilla/5.0 (compatible; SemrushBot/7~bl; +http://www.semrush.com/bot.html)"
185.191.171.15 - - [30/Jul/2021:06:30:59 +0000] "GET /ManaliCarTourPackage.html HTTP/1.1" 404 223 "-" "Mozilla/5.0 (compatible; SemrushBot/7~bl; +http://www.semrush.com/bot.html)"
216.244.66.236 - - [30/Jul/2021:06:31:51 +0000] "GET /robots.txt HTTP/1.1" 404 208 "-" "Mozilla/5.0 (compatible; DotBot/1.2; +https://opensiteexplorer.org/dotbot; help@moz.com)"
131.220.6.152 - - [30/Jul/2021:06:36:09 +0000] "GET / HTTP/1.1" 200 5048 "-" "Mozilla/5.0 (X11; Linux x86_64) AppleWebKit/537.36 (KHTML, like Gecko) Chrome/79.0.3945.79 Safari/537.36"
216.244.66.236 - - [30/Jul/2021:06:48:23 +0000] "GET /SingaporeHoneymoonTour.html HTTP/1.1" 404 225 "-" "Mozilla/5.0 (compatible; DotBot/1.2; +https://opensiteexplorer.org/dotbot; help@moz.com)"
207.46.13.9 - - [30/Jul/2021:07:17:12 +0000] "GET /robots.txt HTTP/1.1" 404 208 "-" "Mozilla/5.0 (compatible; bingbot/2.0; +http://www.bing.com/bingbot.htm)"
40.77.167.104 - - [30/Jul/2021:07:17:23 +0000] "GET / HTTP/1.1" 200 5048 "-" "Mozilla/5.0 (compatible; bingbot/2.0; +http://www.bing.com/bingbot.htm)"
101.100.179.4 - - [30/Jul/2021:07:21:17 +0000] "GET / HTTP/1.1" 200 5048 "-" "Mozilla/5.0 (Windows NT 10.0; Win64; x64) AppleWebKit/537.36 (KHTML, like Gecko) Chrome/91.0.4472.124 Safari/537.36"
216.244.66.236 - - [30/Jul/2021:07:26:40 +0000] "GET /robots.txt HTTP/1.1" 404 208 "-" "Mozilla/5.0 (compatible; DotBot/1.2; +https://opensiteexplorer.org/dotbot; help@moz.com)"
216.244.66.236 - - [30/Jul/2021:07:42:25 +0000] "GET /family-fun-tour-packages.php HTTP/1.1" 404 226 "-" "Mozilla/5.0 (compatible; DotBot/1.2; +https://opensiteexplorer.org/dotbot; help@moz.com)"
62.210.10.77 - - [30/Jul/2021:07:57:45 +0000] "GET /.well-known/security.txt HTTP/1.1" 404 222 "-" "Mozilla/5.0 (X11; Ubuntu; Linux x86_64; rv:58.0) Gecko/20100101 Firefox/58.0"
62.210.10.77 - - [30/Jul/2021:08:00:36 +0000] "GET /.well-known/security.txt HTTP/1.1" 404 222 "-" "Mozilla/5.0 (X11; Ubuntu; Linux x86_64; rv:58.0) Gecko/20100101 Firefox/58.0"
184.22.125.167 - - [30/Jul/2021:08:02:53 +0000] "GET /?utm=semalt.com HTTP/1.1" 200 5048 "https://semalt.com-----google.com/?q=semalt" "Mozilla/5.0 (Windows NT 10.0; Win64; x64) AppleWebKit/537.36 (KHTML, like Gecko) Chrome/74.0.3729.169 Safari/537.36"
114.119.158.125 - - [30/Jul/2021:08:13:06 +0000] "GET /tour-package.php?id=21 HTTP/1.1" 404 214 "-" "Mozilla/5.0 (Linux; Android 7.0;) AppleWebKit/537.36 (KHTML, like Gecko) Mobile Safari/537.36 (compatible; PetalBot;+https://webmaster.petalsearch.com/site/petalbot)"
114.119.152.233 - - [30/Jul/2021:08:35:49 +0000] "GET /tour-package.php?id=26 HTTP/1.1" 404 214 "-" "Mozilla/5.0 (Linux; Android 7.0;) AppleWebKit/537.36 (KHTML, like Gecko) Mobile Safari/537.36 (compatible; PetalBot;+https://webmaster.petalsearch.com/site/petalbot)"
195.176.3.19 - - [30/Jul/2021:08:41:30 +0000] "GET / HTTP/1.1" 200 5048 "-" "Mozilla/5.0 (X11; Linux x86_64) AppleWebKit/537.36 (KHTML, like Gecko) Chrome/79.0.3945.0 Safari/537.36"
216.244.66.236 - - [30/Jul/2021:09:11:43 +0000] "GET /robots.txt HTTP/1.1" 404 208 "-" "Mozilla/5.0 (compatible; DotBot/1.2; +https://opensiteexplorer.org/dotbot; help@moz.com)"
47.8.48.242 - - [30/Jul/2021:09:24:58 +0000] "GET / HTTP/1.1" 200 5048 "-" "Mozilla/5.0 (Windows NT 6.1) AppleWebKit/537.36 (KHTML, like Gecko) Chrome/92.0.4515.107 Safari/537.36"
216.244.66.236 - - [30/Jul/2021:09:28:05 +0000] "GET /KeralaTourPackage.html HTTP/1.1" 404 220 "-" "Mozilla/5.0 (compatible; DotBot/1.2; +https://opensiteexplorer.org/dotbot; help@moz.com)"
216.244.66.236 - - [30/Jul/2021:09:36:39 +0000] "GET /tour-package.php?id=25 HTTP/1.1" 404 214 "-" "Mozilla/5.0 (compatible; DotBot/1.2; +https://opensiteexplorer.org/dotbot; help@moz.com)"
54.36.148.145 - - [30/Jul/2021:09:46:20 +0000] "GET /RajasthanCarTour.html HTTP/1.1" 404 219 "-" "Mozilla/5.0 (compatible; AhrefsBot/7.0; +http://ahrefs.com/robot/)"
76.72.172.166 - - [30/Jul/2021:09:51:24 +0000] "GET / HTTP/1.1" 206 5048 "-" "Mozilla/5.0 (Windows NT 10.0; WOW64; rv:40.0) Gecko/20100101 Firefox/40.0"
185.191.171.23 - - [30/Jul/2021:09:59:25 +0000] "GET /robots.txt HTTP/1.1" 404 208 "-" "Mozilla/5.0 (compatible; SemrushBot/7~bl; +http://www.semrush.com/bot.html)"
185.191.171.21 - - [30/Jul/2021:09:59:26 +0000] "GET /GangtokTourPackage.html HTTP/1.1" 404 221 "-" "Mozilla/5.0 (compatible; SemrushBot/7~bl; +http://www.semrush.com/bot.html)"
216.244.66.236 - - [30/Jul/2021:10:04:55 +0000] "GET /robots.txt HTTP/1.1" 404 208 "-" "Mozilla/5.0 (compatible; DotBot/1.2; +https://opensiteexplorer.org/dotbot; help@moz.com)"
23.228.109.147 - - [30/Jul/2021:10:09:41 +0000] "GET / HTTP/1.1" 200 5048 "-" "ALittle Client"
185.244.173.138 - - [30/Jul/2021:10:12:59 +0000] "GET /3index.php?f=/NmRtJOUjAdutReQj/scRjKUhleBpzmTyO.txt HTTP/1.1" 404 208 "-" "Mozilla/5.0 (Macintosh; Intel Mac OS X 10_9_2) AppleWebKit/537.36 (KHTML, like Gecko) Chrome/55.0.2905.6 Safari/537.36"
31.210.20.127 - - [30/Jul/2021:10:19:17 +0000] "GET /.env HTTP/1.1" 404 202 "-" "Mozilla/5.0 (Macintosh;                 Intel Mac OS X 10_10_1) AppleWebKit/537.36 (KHTML,                 like Gecko) Chrome/39.0.2171.95 Safari/537.36"
31.210.20.127 - - [30/Jul/2021:10:19:18 +0000] "GET /vendor/.env HTTP/1.1" 404 209 "-" "Mozilla/5.0 (Macintosh;                 Intel Mac OS X 10_10_1) AppleWebKit/537.36 (KHTML,                 like Gecko) Chrome/39.0.2171.95 Safari/537.36"
31.210.20.127 - - [30/Jul/2021:10:19:19 +0000] "GET /assets/.env HTTP/1.1" 404 209 "-" "Mozilla/5.0 (Macintosh;                 Intel Mac OS X 10_10_1) AppleWebKit/537.36 (KHTML,                 like Gecko) Chrome/39.0.2171.95 Safari/537.36"
31.210.20.127 - - [30/Jul/2021:10:19:21 +0000] "GET /storage/.env HTTP/1.1" 404 210 "-" "Mozilla/5.0 (Macintosh;                 Intel Mac OS X 10_10_1) AppleWebKit/537.36 (KHTML,                 like Gecko) Chrome/39.0.2171.95 Safari/537.36"
31.210.20.127 - - [30/Jul/2021:10:19:23 +0000] "GET /public/.env HTTP/1.1" 404 209 "-" "Mozilla/5.0 (Macintosh;                 Intel Mac OS X 10_10_1) AppleWebKit/537.36 (KHTML,                 like Gecko) Chrome/39.0.2171.95 Safari/537.36"
31.210.20.127 - - [30/Jul/2021:10:19:24 +0000] "GET /app/.env HTTP/1.1" 404 206 "-" "Mozilla/5.0 (Macintosh;                 Intel Mac OS X 10_10_1) AppleWebKit/537.36 (KHTML,                 like Gecko) Chrome/39.0.2171.95 Safari/537.36"
31.210.20.127 - - [30/Jul/2021:10:19:25 +0000] "GET /admin/.env HTTP/1.1" 404 208 "-" "Mozilla/5.0 (Macintosh;                 Intel Mac OS X 10_10_1) AppleWebKit/537.36 (KHTML,                 like Gecko) Chrome/39.0.2171.95 Safari/537.36"
31.210.20.127 - - [30/Jul/2021:10:19:26 +0000] "GET /laravel/.env HTTP/1.1" 404 210 "-" "Mozilla/5.0 (Macintosh;                 Intel Mac OS X 10_10_1) AppleWebKit/537.36 (KHTML,                 like Gecko) Chrome/39.0.2171.95 Safari/537.36"
31.210.20.127 - - [30/Jul/2021:10:19:28 +0000] "POST / HTTP/1.1" 200 5048 "-" "Mozilla/5.0 (Macintosh;                 Intel Mac OS X 10_10_1) AppleWebKit/537.36 (KHTML,                 like Gecko) Chrome/39.0.2171.95 Safari/537.36"
31.210.20.127 - - [30/Jul/2021:10:19:28 +0000] "GET /vendor/phpunit/phpunit/src/Util/PHP/eval-stdin.php HTTP/1.1" 404 248 "-" "Mozilla/5.0 (Macintosh;                 Intel Mac OS X 10_10_1) AppleWebKit/537.36 (KHTML,                 like Gecko) Chrome/39.0.2171.95 Safari/537.36"
40.77.167.80 - - [30/Jul/2021:10:21:08 +0000] "GET / HTTP/1.1" 200 5048 "-" "Mozilla/5.0 (compatible; bingbot/2.0; +http://www.bing.com/bingbot.htm)"
216.244.66.236 - - [30/Jul/2021:10:21:38 +0000] "GET /DubaiTourPackage.html HTTP/1.1" 404 219 "-" "Mozilla/5.0 (compatible; DotBot/1.2; +https://opensiteexplorer.org/dotbot; help@moz.com)"
207.46.13.9 - - [30/Jul/2021:10:21:56 +0000] "GET /robots.txt HTTP/1.1" 404 208 "-" "Mozilla/5.0 (compatible; bingbot/2.0; +http://www.bing.com/bingbot.htm)"
40.77.167.104 - - [30/Jul/2021:10:22:03 +0000] "GET / HTTP/1.1" 200 5048 "-" "Mozilla/5.0 (compatible; bingbot/2.0; +http://www.bing.com/bingbot.htm)"
216.244.66.236 - - [30/Jul/2021:10:29:53 +0000] "GET /tour-package.php?id=12 HTTP/1.1" 404 214 "-" "Mozilla/5.0 (compatible; DotBot/1.2; +https://opensiteexplorer.org/dotbot; help@moz.com)"
40.77.167.52 - - [30/Jul/2021:11:27:52 +0000] "GET /robots.txt HTTP/1.1" 404 208 "-" "Mozilla/5.0 (compatible; bingbot/2.0; +http://www.bing.com/bingbot.htm)"
40.77.167.52 - - [30/Jul/2021:11:27:53 +0000] "GET /robots.txt HTTP/1.1" 404 208 "-" "Mozilla/5.0 (compatible; bingbot/2.0; +http://www.bing.com/bingbot.htm)"
207.46.13.30 - - [30/Jul/2021:11:28:04 +0000] "GET /galleryimg/5461196jammu-kashmir-tourism-6-638.jpg HTTP/1.1" 404 247 "-" "Mozilla/5.0 (compatible; bingbot/2.0; +http://www.bing.com/bingbot.htm)"
216.244.66.236 - - [30/Jul/2021:11:51:03 +0000] "GET /robots.txt HTTP/1.1" 404 208 "-" "Mozilla/5.0 (compatible; DotBot/1.2; +https://opensiteexplorer.org/dotbot; help@moz.com)"
185.191.171.21 - - [30/Jul/2021:12:02:15 +0000] "GET /robots.txt HTTP/1.1" 404 208 "-" "Mozilla/5.0 (compatible; SemrushBot/7~bl; +http://www.semrush.com/bot.html)"
185.191.171.6 - - [30/Jul/2021:12:02:16 +0000] "GET /about.php HTTP/1.1" 404 207 "-" "Mozilla/5.0 (compatible; SemrushBot/7~bl; +http://www.semrush.com/bot.html)"
216.244.66.236 - - [30/Jul/2021:12:07:52 +0000] "GET /HimalayanKingdomofBhutan.html HTTP/1.1" 404 227 "-" "Mozilla/5.0 (compatible; DotBot/1.2; +https://opensiteexplorer.org/dotbot; help@moz.com)"
216.244.66.236 - - [30/Jul/2021:12:10:41 +0000] "GET /3-countries-magic-tour/index.php HTTP/1.1" 404 230 "-" "Mozilla/5.0 (compatible; DotBot/1.2; +https://opensiteexplorer.org/dotbot; help@moz.com)"
66.249.66.55 - - [30/Jul/2021:12:13:59 +0000] "GET /robots.txt HTTP/1.1" 404 208 "-" "Mozilla/5.0 (compatible; Googlebot/2.1; +http://www.google.com/bot.html)"
