35.196.81.20 - - [03/Aug/2021:13:54:22 +0000] "GET /services.php HTTP/1.0" 200 56425 "-" "ZoominfoBot (zoominfobot at zoominfo dot com)"
66.249.66.59 - - [03/Aug/2021:13:54:49 +0000] "GET /hong-kong/tour-package.php?id=26 HTTP/1.1" 404 78329 "-" "Mozilla/5.0 (Linux; Android 6.0.1; Nexus 5X Build/MMB29P) AppleWebKit/537.36 (KHTML, like Gecko) Chrome/92.0.4515.119 Mobile Safari/537.36 (compatible; Googlebot/2.1; +http://www.google.com/bot.html)"
35.196.81.20 - - [03/Aug/2021:13:54:50 +0000] "GET /tour-package.php?id=17 HTTP/1.0" 302 233 "-" "ZoominfoBot (zoominfobot at zoominfo dot com)"
35.196.81.20 - - [03/Aug/2021:13:54:51 +0000] "GET /tour-package.php?id=17 HTTP/1.0" 200 61812 "-" "ZoominfoBot (zoominfobot at zoominfo dot com)"
35.196.81.20 - - [03/Aug/2021:13:58:18 +0000] "GET /tour-package.php?id=30 HTTP/1.0" 302 233 "-" "ZoominfoBot (zoominfobot at zoominfo dot com)"
35.196.81.20 - - [03/Aug/2021:13:58:19 +0000] "GET /tour-package.php?id=30 HTTP/1.0" 200 55085 "-" "ZoominfoBot (zoominfobot at zoominfo dot com)"
35.196.81.20 - - [03/Aug/2021:14:02:31 +0000] "GET /about.php HTTP/1.0" 302 220 "-" "ZoominfoBot (zoominfobot at zoominfo dot com)"
35.196.81.20 - - [03/Aug/2021:14:02:31 +0000] "GET /about.php HTTP/1.0" 200 57479 "-" "ZoominfoBot (zoominfobot at zoominfo dot com)"
35.196.81.20 - - [03/Aug/2021:14:02:55 +0000] "GET /tour-package.php?id=20 HTTP/1.0" 302 233 "-" "ZoominfoBot (zoominfobot at zoominfo dot com)"
35.196.81.20 - - [03/Aug/2021:14:02:56 +0000] "GET /tour-package.php?id=20 HTTP/1.0" 200 58920 "-" "ZoominfoBot (zoominfobot at zoominfo dot com)"
66.249.66.76 - - [03/Aug/2021:14:03:55 +0000] "GET / HTTP/1.1" 302 211 "-" "Mozilla/5.0 (Linux; Android 6.0.1; Nexus 5X Build/MMB29P) AppleWebKit/537.36 (KHTML, like Gecko) Chrome/92.0.4515.119 Mobile Safari/537.36 (compatible; Googlebot/2.1; +http://www.google.com/bot.html)"
66.249.66.95 - - [03/Aug/2021:14:03:55 +0000] "GET / HTTP/1.1" 200 78293 "-" "Mozilla/5.0 (Linux; Android 6.0.1; Nexus 5X Build/MMB29P) AppleWebKit/537.36 (KHTML, like Gecko) Chrome/92.0.4515.119 Mobile Safari/537.36 (compatible; Googlebot/2.1; +http://www.google.com/bot.html)"
66.249.66.59 - - [03/Aug/2021:14:04:17 +0000] "GET /hong-kong/tour-package.php?id=13 HTTP/1.1" 404 78329 "-" "Mozilla/5.0 (Linux; Android 6.0.1; Nexus 5X Build/MMB29P) AppleWebKit/537.36 (KHTML, like Gecko) Chrome/92.0.4515.119 Mobile Safari/537.36 (compatible; Googlebot/2.1; +http://www.google.com/bot.html)"
35.196.81.20 - - [03/Aug/2021:14:07:31 +0000] "GET /tour-package.php?id=24 HTTP/1.0" 302 233 "-" "ZoominfoBot (zoominfobot at zoominfo dot com)"
35.196.81.20 - - [03/Aug/2021:14:07:31 +0000] "GET /tour-package.php?id=24 HTTP/1.0" 200 57948 "-" "ZoominfoBot (zoominfobot at zoominfo dot com)"
35.196.81.20 - - [03/Aug/2021:14:07:34 +0000] "GET /tour-package.php?id=10 HTTP/1.0" 302 233 "-" "ZoominfoBot (zoominfobot at zoominfo dot com)"
35.196.81.20 - - [03/Aug/2021:14:07:34 +0000] "GET /tour-package.php?id=10 HTTP/1.0" 200 55085 "-" "ZoominfoBot (zoominfobot at zoominfo dot com)"
144.86.173.76 - - [03/Aug/2021:14:08:50 +0000] "GET / HTTP/1.1" 200 78297 "-" "Expanse, a Palo Alto Networks company, searches across the global IPv4 space multiple times per day to identify customers' presences on the Internet. If you would like to be excluded from our scans, please send IP addresses/domains to: scaninfo@paloaltonetworks.com"
35.196.81.20 - - [03/Aug/2021:14:09:33 +0000] "GET /pagecontents.php?url=Cancellation-Policy HTTP/1.0" 302 251 "-" "ZoominfoBot (zoominfobot at zoominfo dot com)"
35.196.81.20 - - [03/Aug/2021:14:09:33 +0000] "GET /pagecontents.php?url=Cancellation-Policy HTTP/1.0" 200 50964 "-" "ZoominfoBot (zoominfobot at zoominfo dot com)"
35.196.81.20 - - [03/Aug/2021:14:12:12 +0000] "GET /tour-package.php?id=28 HTTP/1.0" 302 233 "-" "ZoominfoBot (zoominfobot at zoominfo dot com)"
35.196.81.20 - - [03/Aug/2021:14:12:12 +0000] "GET /tour-package.php?id=28 HTTP/1.0" 200 65751 "-" "ZoominfoBot (zoominfobot at zoominfo dot com)"
35.196.81.20 - - [03/Aug/2021:14:12:15 +0000] "GET /tour-package.php?id=14 HTTP/1.0" 302 233 "-" "ZoominfoBot (zoominfobot at zoominfo dot com)"
35.196.81.20 - - [03/Aug/2021:14:12:15 +0000] "GET /tour-package.php?id=14 HTTP/1.0" 200 58793 "-" "ZoominfoBot (zoominfobot at zoominfo dot com)"
66.249.66.59 - - [03/Aug/2021:14:13:45 +0000] "GET /hong-kong/tour-package.php?id=15 HTTP/1.1" 404 78329 "-" "Mozilla/5.0 (Linux; Android 6.0.1; Nexus 5X Build/MMB29P) AppleWebKit/537.36 (KHTML, like Gecko) Chrome/92.0.4515.119 Mobile Safari/537.36 (compatible; Googlebot/2.1; +http://www.google.com/bot.html)"
185.191.171.7 - - [03/Aug/2021:14:16:33 +0000] "GET /robots.txt HTTP/1.1" 404 78307 "-" "Mozilla/5.0 (compatible; SemrushBot/7~bl; +http://www.semrush.com/bot.html)"
185.191.171.37 - - [03/Aug/2021:14:16:35 +0000] "GET /RajasthanTour3Days/2Nights.html HTTP/1.1" 404 78328 "-" "Mozilla/5.0 (compatible; SemrushBot/7~bl; +http://www.semrush.com/bot.html)"
35.196.81.20 - - [03/Aug/2021:14:19:20 +0000] "GET /pagecontents.php?url=Pyament-Option HTTP/1.0" 302 246 "-" "ZoominfoBot (zoominfobot at zoominfo dot com)"
35.196.81.20 - - [03/Aug/2021:14:19:20 +0000] "GET /pagecontents.php?url=Pyament-Option HTTP/1.0" 200 50964 "-" "ZoominfoBot (zoominfobot at zoominfo dot com)"
35.196.81.20 - - [03/Aug/2021:14:20:25 +0000] "GET /pagecontents.php?url=Return-and-Refund-Policy HTTP/1.0" 302 256 "-" "ZoominfoBot (zoominfobot at zoominfo dot com)"
35.196.81.20 - - [03/Aug/2021:14:20:26 +0000] "GET /pagecontents.php?url=Return-and-Refund-Policy HTTP/1.0" 200 50964 "-" "ZoominfoBot (zoominfobot at zoominfo dot com)"
35.196.81.20 - - [03/Aug/2021:14:22:34 +0000] "GET /index.php HTTP/1.0" 302 220 "-" "ZoominfoBot (zoominfobot at zoominfo dot com)"
35.196.81.20 - - [03/Aug/2021:14:22:35 +0000] "GET /index.php HTTP/1.0" 301 235 "-" "ZoominfoBot (zoominfobot at zoominfo dot com)"
35.196.81.20 - - [03/Aug/2021:14:22:35 +0000] "GET / HTTP/1.0" 200 78293 "-" "ZoominfoBot (zoominfobot at zoominfo dot com)"
66.249.66.57 - - [03/Aug/2021:14:23:13 +0000] "GET /hong-kong/tour-package.php?id=20 HTTP/1.1" 404 78329 "-" "Mozilla/5.0 (Linux; Android 6.0.1; Nexus 5X Build/MMB29P) AppleWebKit/537.36 (KHTML, like Gecko) Chrome/92.0.4515.119 Mobile Safari/537.36 (compatible; Googlebot/2.1; +http://www.google.com/bot.html)"
35.196.81.20 - - [03/Aug/2021:14:24:53 +0000] "GET /tour-package.php?id=21 HTTP/1.0" 302 233 "-" "ZoominfoBot (zoominfobot at zoominfo dot com)"
35.196.81.20 - - [03/Aug/2021:14:24:54 +0000] "GET /tour-package.php?id=21 HTTP/1.0" 200 57872 "-" "ZoominfoBot (zoominfobot at zoominfo dot com)"
185.191.171.15 - - [03/Aug/2021:14:28:48 +0000] "GET /robots.txt HTTP/1.1" 302 221 "-" "Mozilla/5.0 (compatible; SemrushBot/7~bl; +http://www.semrush.com/bot.html)"
185.191.171.15 - - [03/Aug/2021:14:28:48 +0000] "GET /robots.txt HTTP/1.1" 301 249 "-" "Mozilla/5.0 (compatible; SemrushBot/7~bl; +http://www.semrush.com/bot.html)"
185.191.171.38 - - [03/Aug/2021:14:28:49 +0000] "GET /robots.txt HTTP/1.1" 404 78307 "-" "Mozilla/5.0 (compatible; SemrushBot/7~bl; +http://www.semrush.com/bot.html)"
185.191.171.25 - - [03/Aug/2021:14:28:51 +0000] "GET /RajasthanTourPackage.html HTTP/1.1" 302 236 "-" "Mozilla/5.0 (compatible; SemrushBot/7~bl; +http://www.semrush.com/bot.html)"
185.191.171.5 - - [03/Aug/2021:14:28:52 +0000] "GET /RajasthanTourPackage.html HTTP/1.1" 301 264 "-" "Mozilla/5.0 (compatible; SemrushBot/7~bl; +http://www.semrush.com/bot.html)"
185.191.171.44 - - [03/Aug/2021:14:28:53 +0000] "GET /RajasthanTourPackage.html HTTP/1.1" 200 66881 "-" "Mozilla/5.0 (compatible; SemrushBot/7~bl; +http://www.semrush.com/bot.html)"
35.196.81.20 - - [03/Aug/2021:14:29:07 +0000] "GET /honeymoon-tour-packages.php HTTP/1.0" 302 238 "-" "ZoominfoBot (zoominfobot at zoominfo dot com)"
35.196.81.20 - - [03/Aug/2021:14:29:08 +0000] "GET /honeymoon-tour-packages.php HTTP/1.0" 200 53985 "-" "ZoominfoBot (zoominfobot at zoominfo dot com)"
35.196.81.20 - - [03/Aug/2021:14:29:42 +0000] "GET /tour-package.php?id=25 HTTP/1.0" 302 233 "-" "ZoominfoBot (zoominfobot at zoominfo dot com)"
35.196.81.20 - - [03/Aug/2021:14:29:43 +0000] "GET /tour-package.php?id=25 HTTP/1.0" 200 58055 "-" "ZoominfoBot (zoominfobot at zoominfo dot com)"
207.46.13.30 - - [03/Aug/2021:14:30:46 +0000] "GET /tour-package.php?id=12 HTTP/1.1" 302 233 "-" "Mozilla/5.0 (compatible; bingbot/2.0; +http://www.bing.com/bingbot.htm)"
207.46.13.30 - - [03/Aug/2021:14:30:48 +0000] "GET /tour-package.php?id=12 HTTP/1.1" 200 55085 "-" "Mozilla/5.0 (compatible; bingbot/2.0; +http://www.bing.com/bingbot.htm)"
66.249.66.55 - - [03/Aug/2021:14:32:42 +0000] "GET /hong-kong/tour-package.php?id=27 HTTP/1.1" 404 78329 "-" "Mozilla/5.0 (Linux; Android 6.0.1; Nexus 5X Build/MMB29P) AppleWebKit/537.36 (KHTML, like Gecko) Chrome/92.0.4515.119 Mobile Safari/537.36 (compatible; Googlebot/2.1; +http://www.google.com/bot.html)"
66.249.66.59 - - [03/Aug/2021:14:42:09 +0000] "GET /hong-kong/pagecontents.php?url=Privacy-Policy HTTP/1.1" 404 78342 "-" "Mozilla/5.0 (Linux; Android 6.0.1; Nexus 5X Build/MMB29P) AppleWebKit/537.36 (KHTML, like Gecko) Chrome/92.0.4515.119 Mobile Safari/537.36 (compatible; Googlebot/2.1; +http://www.google.com/bot.html)"
185.191.171.2 - - [03/Aug/2021:14:49:17 +0000] "GET /tour-package.php?id=16 HTTP/1.1" 200 65697 "-" "Mozilla/5.0 (compatible; SemrushBot/7~bl; +http://www.semrush.com/bot.html)"
66.249.66.55 - - [03/Aug/2021:14:51:37 +0000] "GET /hong-kong/tour-package.php?id=25 HTTP/1.1" 404 78329 "-" "Mozilla/5.0 (Linux; Android 6.0.1; Nexus 5X Build/MMB29P) AppleWebKit/537.36 (KHTML, like Gecko) Chrome/92.0.4515.119 Mobile Safari/537.36 (compatible; Googlebot/2.1; +http://www.google.com/bot.html)"
66.249.66.55 - - [03/Aug/2021:15:01:05 +0000] "GET /hong-kong/pagecontents.php?url=Cancellation-Policy HTTP/1.1" 404 78347 "-" "Mozilla/5.0 (Linux; Android 6.0.1; Nexus 5X Build/MMB29P) AppleWebKit/537.36 (KHTML, like Gecko) Chrome/92.0.4515.119 Mobile Safari/537.36 (compatible; Googlebot/2.1; +http://www.google.com/bot.html)"
66.249.66.76 - - [03/Aug/2021:15:01:49 +0000] "GET / HTTP/1.1" 302 211 "-" "Mozilla/5.0 (compatible; Googlebot/2.1; +http://www.google.com/bot.html)"
66.249.66.95 - - [03/Aug/2021:15:01:49 +0000] "GET / HTTP/1.1" 200 78293 "-" "Mozilla/5.0 (compatible; Googlebot/2.1; +http://www.google.com/bot.html)"
192.163.198.248 - - [03/Aug/2021:15:03:56 +0000] "GET /wp-login.php HTTP/1.1" 301 251 "-" "Mozilla/5.0 (X11; Ubuntu; Linux x86_64; rv:62.0) Gecko/20100101 Firefox/62.0"
192.163.198.248 - - [03/Aug/2021:15:03:57 +0000] "GET /wp-login.php HTTP/1.1" 404 78309 "http://indiatravelkart.com/wp-login.php" "Mozilla/5.0 (X11; Ubuntu; Linux x86_64; rv:62.0) Gecko/20100101 Firefox/62.0"
66.249.66.67 - - [03/Aug/2021:15:04:42 +0000] "GET /vacations/vacation-3/ HTTP/1.1" 301 260 "-" "Mozilla/5.0 (compatible; Googlebot/2.1; +http://www.google.com/bot.html)"
66.249.66.55 - - [03/Aug/2021:15:04:43 +0000] "GET /vacations/vacation-3/ HTTP/1.1" 404 78318 "-" "Mozilla/5.0 (compatible; Googlebot/2.1; +http://www.google.com/bot.html)"
34.73.61.18 - - [03/Aug/2021:15:09:41 +0000] "GET /robots.txt HTTP/1.0" 302 221 "-" "ZoominfoBot (zoominfobot at zoominfo dot com)"
34.73.61.18 - - [03/Aug/2021:15:09:42 +0000] "GET /robots.txt HTTP/1.1" 301 249 "-" "ZoominfoBot (zoominfobot at zoominfo dot com)"
34.73.61.18 - - [03/Aug/2021:15:09:42 +0000] "GET /robots.txt HTTP/1.1" 404 78307 "-" "ZoominfoBot (zoominfobot at zoominfo dot com)"
34.73.61.18 - - [03/Aug/2021:15:09:45 +0000] "GET /tour-package.php?id=22 HTTP/1.0" 302 233 "-" "ZoominfoBot (zoominfobot at zoominfo dot com)"
34.73.61.18 - - [03/Aug/2021:15:09:45 +0000] "GET /robots.txt HTTP/1.0" 301 249 "-" "ZoominfoBot (zoominfobot at zoominfo dot com)"
34.73.61.18 - - [03/Aug/2021:15:09:45 +0000] "GET /robots.txt HTTP/1.1" 404 78307 "-" "ZoominfoBot (zoominfobot at zoominfo dot com)"
34.73.61.18 - - [03/Aug/2021:15:09:47 +0000] "GET /pagecontents.php?url=Privacy-Policy HTTP/1.0" 302 246 "-" "ZoominfoBot (zoominfobot at zoominfo dot com)"
34.73.61.18 - - [03/Aug/2021:15:09:47 +0000] "GET /robots.txt HTTP/1.0" 301 249 "-" "ZoominfoBot (zoominfobot at zoominfo dot com)"
34.73.61.18 - - [03/Aug/2021:15:09:48 +0000] "GET /robots.txt HTTP/1.1" 404 78307 "-" "ZoominfoBot (zoominfobot at zoominfo dot com)"
34.73.61.18 - - [03/Aug/2021:15:09:49 +0000] "GET /tour-package.php?id=22 HTTP/1.0" 200 58102 "-" "ZoominfoBot (zoominfobot at zoominfo dot com)"
34.73.61.18 - - [03/Aug/2021:15:09:50 +0000] "GET /pagecontents.php?url=Privacy-Policy HTTP/1.0" 200 51008 "-" "ZoominfoBot (zoominfobot at zoominfo dot com)"
66.249.66.55 - - [03/Aug/2021:15:10:33 +0000] "GET /hong-kong/tour-package.php?id=23 HTTP/1.1" 404 78329 "-" "Mozilla/5.0 (Linux; Android 6.0.1; Nexus 5X Build/MMB29P) AppleWebKit/537.36 (KHTML, like Gecko) Chrome/92.0.4515.119 Mobile Safari/537.36 (compatible; Googlebot/2.1; +http://www.google.com/bot.html)"
34.73.61.18 - - [03/Aug/2021:15:11:35 +0000] "GET /tour-package.php?id=26 HTTP/1.0" 302 233 "-" "ZoominfoBot (zoominfobot at zoominfo dot com)"
34.73.61.18 - - [03/Aug/2021:15:11:35 +0000] "GET /tour-package.php?id=26 HTTP/1.0" 200 57965 "-" "ZoominfoBot (zoominfobot at zoominfo dot com)"
34.73.61.18 - - [03/Aug/2021:15:11:39 +0000] "GET /tour-package.php?id=12 HTTP/1.0" 302 233 "-" "ZoominfoBot (zoominfobot at zoominfo dot com)"
34.73.61.18 - - [03/Aug/2021:15:11:39 +0000] "GET /tour-package.php?id=12 HTTP/1.0" 200 55085 "-" "ZoominfoBot (zoominfobot at zoominfo dot com)"
34.73.61.18 - - [03/Aug/2021:15:16:13 +0000] "GET /tour-package.php?id=16 HTTP/1.0" 302 233 "-" "ZoominfoBot (zoominfobot at zoominfo dot com)"
34.73.61.18 - - [03/Aug/2021:15:16:14 +0000] "GET /tour-package.php?id=16 HTTP/1.0" 200 65697 "-" "ZoominfoBot (zoominfobot at zoominfo dot com)"
66.249.66.59 - - [03/Aug/2021:15:20:02 +0000] "GET /hong-kong/pagecontents.php?url=Terms-and-Conditions HTTP/1.1" 404 78348 "-" "Mozilla/5.0 (Linux; Android 6.0.1; Nexus 5X Build/MMB29P) AppleWebKit/537.36 (KHTML, like Gecko) Chrome/92.0.4515.119 Mobile Safari/537.36 (compatible; Googlebot/2.1; +http://www.google.com/bot.html)"
34.73.61.18 - - [03/Aug/2021:15:20:18 +0000] "GET /contact.php HTTP/1.0" 302 222 "-" "ZoominfoBot (zoominfobot at zoominfo dot com)"
34.73.61.18 - - [03/Aug/2021:15:20:19 +0000] "GET /contact.php HTTP/1.0" 200 57552 "-" "ZoominfoBot (zoominfobot at zoominfo dot com)"
74.125.209.62 - - [03/Aug/2021:15:20:31 +0000] "GET /wp-content/themes/twentyfifteen-child/images/itk_logo.png HTTP/1.1" 301 296 "-" "Mozilla/5.0 (Windows NT 5.1; rv:11.0) Gecko Firefox/11.0 (via ggpht.com GoogleImageProxy)"
74.125.209.27 - - [03/Aug/2021:15:20:32 +0000] "GET /wp-content/themes/twentyfifteen-child/images/itk_logo.png HTTP/1.1" 404 78354 "-" "Mozilla/5.0 (Windows NT 5.1; rv:11.0) Gecko Firefox/11.0 (via ggpht.com GoogleImageProxy)"
74.125.209.60 - - [03/Aug/2021:15:21:18 +0000] "GET /wp-content/themes/twentyfifteen-child/images/itk_logo.png HTTP/1.1" 301 296 "-" "Mozilla/5.0 (Windows NT 5.1; rv:11.0) Gecko Firefox/11.0 (via ggpht.com GoogleImageProxy)"
74.125.209.25 - - [03/Aug/2021:15:21:18 +0000] "GET /wp-content/themes/twentyfifteen-child/images/itk_logo.png HTTP/1.1" 404 78354 "-" "Mozilla/5.0 (Windows NT 5.1; rv:11.0) Gecko Firefox/11.0 (via ggpht.com GoogleImageProxy)"
163.198.40.43 - - [03/Aug/2021:15:29:43 +0000] "GET / HTTP/1.1" 200 78293 "-" "Mozilla/5.0 (Macintosh; Intel Mac OS X 10_12_6) AppleWebKit/537.36 (KHTML, like Gecko) Chrome/91.0.4472.106 Safari/537.36"
196.17.149.168 - - [03/Aug/2021:15:29:49 +0000] "GET / HTTP/1.1" 200 78293 "-" "Mozilla/5.0 (Windows NT 6.3; Win64; x64) AppleWebKit/537.36 (KHTML, like Gecko) Chrome/90.0.4430.72 Safari/537.36"
104.224.73.195 - - [03/Aug/2021:15:29:55 +0000] "GET /contact.php HTTP/1.1" 200 57552 "-" "Mozilla/5.0 (Windows NT 6.2; Win64; x64) AppleWebKit/537.36 (KHTML, like Gecko) Chrome/89.0.4389.90 Safari/537.36"
166.88.104.156 - - [03/Aug/2021:15:30:02 +0000] "GET /tour-package.php HTTP/1.1" 200 55085 "-" "Mozilla/5.0 (Macintosh; Intel Mac OS X 10.13; rv:90.0) Gecko/20100101 Firefox/90.0"
181.215.205.188 - - [03/Aug/2021:15:30:10 +0000] "GET /contact.php HTTP/1.1" 302 222 "https://www.google.com/search?num=10&q=india+travel+kart+%2B+india+%2B+Contact+Us&sl=en&hl=en&ucbcb=1" "Mozilla/5.0 (Windows NT 10.0; Win64; x64) AppleWebKit/537.36 (KHTML, like Gecko) Chrome/91.0.4472.106 Safari/537.36"
63.141.32.118 - - [03/Aug/2021:15:30:16 +0000] "GET /about.php HTTP/1.1" 200 57479 "-" "Mozilla/5.0 (Windows NT 10.0; Win64; x64; rv:91.0) Gecko/20100101 Firefox/91.0"
216.244.66.236 - - [03/Aug/2021:15:47:22 +0000] "GET /robots.txt HTTP/1.1" 404 78307 "-" "Mozilla/5.0 (compatible; DotBot/1.2; +https://opensiteexplorer.org/dotbot; help@moz.com)"
66.249.66.57 - - [03/Aug/2021:15:55:40 +0000] "GET /SingaporeTourPackage.html HTTP/1.1" 200 60437 "-" "Mozilla/5.0 (Linux; Android 6.0.1; Nexus 5X Build/MMB29P) AppleWebKit/537.36 (KHTML, like Gecko) Chrome/92.0.4515.119 Mobile Safari/537.36 (compatible; Googlebot/2.1; +http://www.google.com/bot.html)"
216.244.66.236 - - [03/Aug/2021:16:03:28 +0000] "GET /SingaporeBaliTourPackage.html HTTP/1.1" 200 63442 "-" "Mozilla/5.0 (compatible; DotBot/1.2; +https://opensiteexplorer.org/dotbot; help@moz.com)"
216.244.66.236 - - [03/Aug/2021:16:14:03 +0000] "GET /tour-package.php?id=27 HTTP/1.1" 200 58674 "-" "Mozilla/5.0 (compatible; DotBot/1.2; +https://opensiteexplorer.org/dotbot; help@moz.com)"
185.191.171.10 - - [03/Aug/2021:16:16:43 +0000] "GET /robots.txt HTTP/1.1" 404 78307 "-" "Mozilla/5.0 (compatible; SemrushBot/7~bl; +http://www.semrush.com/bot.html)"
185.191.171.5 - - [03/Aug/2021:16:16:44 +0000] "GET /HIMALAYANGOLDENTRIANGLE.html HTTP/1.1" 200 61288 "-" "Mozilla/5.0 (compatible; SemrushBot/7~bl; +http://www.semrush.com/bot.html)"
144.86.173.12 - - [03/Aug/2021:16:27:00 +0000] "GET / HTTP/1.1" 302 215 "-" "Expanse, a Palo Alto Networks company, searches across the global IPv4 space multiple times per day to identify customers' presences on the Internet. If you would like to be excluded from our scans, please send IP addresses/domains to: scaninfo@paloaltonetworks.com"
185.191.171.45 - - [03/Aug/2021:16:27:13 +0000] "GET /robots.txt HTTP/1.1" 302 221 "-" "Mozilla/5.0 (compatible; SemrushBot/7~bl; +http://www.semrush.com/bot.html)"
185.191.171.3 - - [03/Aug/2021:16:27:14 +0000] "GET /robots.txt HTTP/1.1" 301 249 "-" "Mozilla/5.0 (compatible; SemrushBot/7~bl; +http://www.semrush.com/bot.html)"
185.191.171.3 - - [03/Aug/2021:16:27:14 +0000] "GET /robots.txt HTTP/1.1" 404 78307 "-" "Mozilla/5.0 (compatible; SemrushBot/7~bl; +http://www.semrush.com/bot.html)"
185.191.171.12 - - [03/Aug/2021:16:27:16 +0000] "GET /HIMALAYANGOLDENTRIANGLE.html HTTP/1.1" 302 239 "-" "Mozilla/5.0 (compatible; SemrushBot/7~bl; +http://www.semrush.com/bot.html)"
185.191.171.16 - - [03/Aug/2021:16:27:18 +0000] "GET /HIMALAYANGOLDENTRIANGLE.html HTTP/1.1" 301 267 "-" "Mozilla/5.0 (compatible; SemrushBot/7~bl; +http://www.semrush.com/bot.html)"
185.191.171.44 - - [03/Aug/2021:16:27:19 +0000] "GET /HIMALAYANGOLDENTRIANGLE.html HTTP/1.1" 200 61288 "-" "Mozilla/5.0 (compatible; SemrushBot/7~bl; +http://www.semrush.com/bot.html)"
66.220.149.1 - - [03/Aug/2021:16:38:55 +0000] "GET / HTTP/1.1" 302 211 "-" "facebookexternalhit/1.1 (+http://www.facebook.com/externalhit_uatext.php)"
66.220.149.1 - - [03/Aug/2021:16:38:56 +0000] "GET / HTTP/1.1" 200 78293 "-" "facebookexternalhit/1.1 (+http://www.facebook.com/externalhit_uatext.php)"
66.220.149.31 - - [03/Aug/2021:16:38:58 +0000] "GET /img/logo/logo.png HTTP/1.1" 200 16597 "-" "facebookexternalhit/1.1 (+http://www.facebook.com/externalhit_uatext.php)"
66.220.149.38 - - [03/Aug/2021:16:38:58 +0000] "GET /galleryimg/8637951exotic-kerala-tour-840.jpeg HTTP/1.1" 200 28339 "-" "facebookexternalhit/1.1 (+http://www.facebook.com/externalhit_uatext.php)"
66.220.149.25 - - [03/Aug/2021:16:38:58 +0000] "GET /galleryimg/335577download%20(1).jpg HTTP/1.1" 200 11390 "-" "facebookexternalhit/1.1 (+http://www.facebook.com/externalhit_uatext.php)"
66.220.149.1 - - [03/Aug/2021:16:38:58 +0000] "GET /galleryimg/6663220download%20(2).jpg HTTP/1.1" 200 13499 "-" "facebookexternalhit/1.1 (+http://www.facebook.com/externalhit_uatext.php)"
66.220.149.29 - - [03/Aug/2021:16:38:58 +0000] "GET /img/icon/serv-14.png HTTP/1.1" 200 4516 "-" "facebookexternalhit/1.1 (+http://www.facebook.com/externalhit_uatext.php)"
66.220.149.53 - - [03/Aug/2021:16:38:58 +0000] "GET / HTTP/1.1" 200 78293 "-" "facebookexternalhit/1.1 (+http://www.facebook.com/externalhit_uatext.php)"
66.220.149.25 - - [03/Aug/2021:16:38:58 +0000] "GET /img/icon/7.png HTTP/1.1" 200 2738 "-" "facebookexternalhit/1.1 (+http://www.facebook.com/externalhit_uatext.php)"
66.220.149.53 - - [03/Aug/2021:16:38:58 +0000] "GET /galleryimg/4573876download%20(2).jpg HTTP/1.1" 200 13499 "-" "facebookexternalhit/1.1 (+http://www.facebook.com/externalhit_uatext.php)"
66.220.149.118 - - [03/Aug/2021:16:38:58 +0000] "GET /img/icon/serv-11.png HTTP/1.1" 200 2223 "-" "facebookexternalhit/1.1 (+http://www.facebook.com/externalhit_uatext.php)"
66.220.149.53 - - [03/Aug/2021:16:38:58 +0000] "GET /img/icon/7-hover.png HTTP/1.1" 200 2927 "-" "facebookexternalhit/1.1 (+http://www.facebook.com/externalhit_uatext.php)"
66.220.149.31 - - [03/Aug/2021:16:38:59 +0000] "GET /img/icon/serv-13.png HTTP/1.1" 200 5515 "-" "facebookexternalhit/1.1 (+http://www.facebook.com/externalhit_uatext.php)"
66.220.149.49 - - [03/Aug/2021:16:38:59 +0000] "GET /img/icon/serv-15.png HTTP/1.1" 200 9605 "-" "facebookexternalhit/1.1 (+http://www.facebook.com/externalhit_uatext.php)"
66.220.149.1 - - [03/Aug/2021:16:38:59 +0000] "GET /img/icon/serv-12.png HTTP/1.1" 200 4169 "-" "facebookexternalhit/1.1 (+http://www.facebook.com/externalhit_uatext.php)"
66.220.149.38 - - [03/Aug/2021:16:38:58 +0000] "GET /galleryimg/29237e4e8c812419f8af7e905fdbf24e.jpg HTTP/1.1" 200 113570 "-" "facebookexternalhit/1.1 (+http://www.facebook.com/externalhit_uatext.php)"
66.220.149.118 - - [03/Aug/2021:16:38:59 +0000] "GET /galleryimg/c63c289fbb6529b23b49bf5a220d5f2b.jpg HTTP/1.1" 200 170012 "-" "facebookexternalhit/1.1 (+http://www.facebook.com/externalhit_uatext.php)"
66.220.149.118 - - [03/Aug/2021:16:38:59 +0000] "GET /galleryimg/335577download%20(1).jpg HTTP/1.1" 200 11390 "-" "facebookexternalhit/1.1 (+http://www.facebook.com/externalhit_uatext.php)"
66.220.149.16 - - [03/Aug/2021:16:38:58 +0000] "GET /galleryimg/e06eab75ec630df006f110cced74726c.jpg HTTP/1.1" 200 378217 "-" "facebookexternalhit/1.1 (+http://www.facebook.com/externalhit_uatext.php)"
66.220.149.25 - - [03/Aug/2021:16:38:58 +0000] "GET /galleryimg/167d26d9d1e0c58ca9ca4cc4db85e5d7.jpg HTTP/1.1" 200 325975 "-" "facebookexternalhit/1.1 (+http://www.facebook.com/externalhit_uatext.php)"
66.220.149.16 - - [03/Aug/2021:16:38:59 +0000] "GET /galleryimg/4573876download%20(2).jpg HTTP/1.1" 200 13499 "-" "facebookexternalhit/1.1 (+http://www.facebook.com/externalhit_uatext.php)"
66.220.149.1 - - [03/Aug/2021:16:38:58 +0000] "GET /img/slider/13.jpg HTTP/1.1" 200 514354 "-" "facebookexternalhit/1.1 (+http://www.facebook.com/externalhit_uatext.php)"
66.220.149.1 - - [03/Aug/2021:16:38:59 +0000] "GET /galleryimg/6663220download%20(2).jpg HTTP/1.1" 200 13499 "-" "facebookexternalhit/1.1 (+http://www.facebook.com/externalhit_uatext.php)"
66.220.149.31 - - [03/Aug/2021:16:38:58 +0000] "GET /galleryimg/57419392.jpg HTTP/1.1" 200 916910 "-" "facebookexternalhit/1.1 (+http://www.facebook.com/externalhit_uatext.php)"
66.220.149.49 - - [03/Aug/2021:16:38:58 +0000] "GET /img/slider/15.jpg HTTP/1.1" 200 696042 "-" "facebookexternalhit/1.1 (+http://www.facebook.com/externalhit_uatext.php)"
66.220.149.38 - - [03/Aug/2021:16:38:58 +0000] "GET /galleryimg/5567479maxresdefault.jpg HTTP/1.1" 200 742856 "-" "facebookexternalhit/1.1 (+http://www.facebook.com/externalhit_uatext.php)"
207.46.13.110 - - [03/Aug/2021:16:39:59 +0000] "GET /tour-package.php?id=10 HTTP/1.1" 302 233 "-" "Mozilla/5.0 (compatible; bingbot/2.0; +http://www.bing.com/bingbot.htm)"
207.46.13.110 - - [03/Aug/2021:16:40:00 +0000] "GET /tour-package.php?id=10 HTTP/1.1" 200 55085 "-" "Mozilla/5.0 (compatible; bingbot/2.0; +http://www.bing.com/bingbot.htm)"
207.46.13.9 - - [03/Aug/2021:16:40:16 +0000] "GET /robots.txt HTTP/1.1" 301 249 "-" "Mozilla/5.0 (compatible; bingbot/2.0; +http://www.bing.com/bingbot.htm)"
207.46.13.9 - - [03/Aug/2021:16:40:17 +0000] "GET /robots.txt HTTP/1.1" 301 249 "-" "Mozilla/5.0 (compatible; bingbot/2.0; +http://www.bing.com/bingbot.htm)"
207.46.13.9 - - [03/Aug/2021:16:40:17 +0000] "GET /robots.txt HTTP/1.1" 404 78307 "-" "Mozilla/5.0 (compatible; bingbot/2.0; +http://www.bing.com/bingbot.htm)"
207.46.13.9 - - [03/Aug/2021:16:40:17 +0000] "GET /robots.txt HTTP/1.1" 404 78307 "-" "Mozilla/5.0 (compatible; bingbot/2.0; +http://www.bing.com/bingbot.htm)"
207.46.13.73 - - [03/Aug/2021:16:40:22 +0000] "GET /galleryimg/833889 HTTP/1.1" 301 256 "-" "Mozilla/5.0 (compatible; bingbot/2.0; +http://www.bing.com/bingbot.htm)"
207.46.13.30 - - [03/Aug/2021:16:40:28 +0000] "GET /galleryimg/ HTTP/1.1" 200 50964 "-" "Mozilla/5.0 (compatible; bingbot/2.0; +http://www.bing.com/bingbot.htm)"
207.46.13.73 - - [03/Aug/2021:16:40:32 +0000] "GET /galleryimg/833889 HTTP/1.1" 404 78314 "-" "Mozilla/5.0 (compatible; bingbot/2.0; +http://www.bing.com/bingbot.htm)"
185.191.171.33 - - [03/Aug/2021:17:00:14 +0000] "GET /Jammu&KashmirPackages.html HTTP/1.1" 200 56924 "-" "Mozilla/5.0 (compatible; SemrushBot/7~bl; +http://www.semrush.com/bot.html)"
5.45.207.143 - - [03/Aug/2021:17:08:30 +0000] "GET /robots.txt HTTP/1.1" 301 249 "-" "Mozilla/5.0 (compatible; YandexBot/3.0; +http://yandex.com/bots)"
5.255.231.244 - - [03/Aug/2021:17:08:30 +0000] "GET /robots.txt HTTP/1.1" 404 78307 "-" "Mozilla/5.0 (compatible; YandexBot/3.0; +http://yandex.com/bots)"
5.45.207.143 - - [03/Aug/2021:17:08:30 +0000] "GET /robots.txt HTTP/1.1" 404 78307 "-" "Mozilla/5.0 (compatible; YandexBot/3.0; +http://yandex.com/bots)"
5.45.207.143 - - [03/Aug/2021:17:08:34 +0000] "GET / HTTP/1.1" 200 78297 "-" "Mozilla/5.0 (compatible; YandexBot/3.0; +http://yandex.com/bots)"
5.45.207.143 - - [03/Aug/2021:17:08:34 +0000] "GET / HTTP/1.1" 200 78293 "-" "Mozilla/5.0 (compatible; YandexBot/3.0; +http://yandex.com/bots)"
66.249.66.55 - - [03/Aug/2021:17:18:48 +0000] "GET /NainitalTour.html HTTP/1.1" 200 58923 "-" "Mozilla/5.0 (compatible; Googlebot/2.1; +http://www.google.com/bot.html)"
216.244.66.236 - - [03/Aug/2021:17:33:00 +0000] "GET /robots.txt HTTP/1.1" 404 78307 "-" "Mozilla/5.0 (compatible; DotBot/1.2; +https://opensiteexplorer.org/dotbot; help@moz.com)"
157.245.113.200 - - [03/Aug/2021:17:45:09 +0000] "GET / HTTP/1.0" 200 78297 "-" "Mozilla/5.0 (compatible; NetcraftSurveyAgent/1.0; +info@netcraft.com)"
114.119.159.183 - - [03/Aug/2021:17:45:14 +0000] "GET /galleryimg/2270591925003695s.jpg HTTP/1.1" 200 1311752 "-" "Mozilla/5.0 (Linux; Android 7.0;) AppleWebKit/537.36 (KHTML, like Gecko) Mobile Safari/537.36 (compatible; PetalBot;+https://webmaster.petalsearch.com/site/petalbot)"
216.244.66.236 - - [03/Aug/2021:17:46:03 +0000] "GET /3-countries-magic-tour/tour-package.php?id=23 HTTP/1.1" 404 78342 "-" "Mozilla/5.0 (compatible; DotBot/1.2; +https://opensiteexplorer.org/dotbot; help@moz.com)"
216.244.66.236 - - [03/Aug/2021:17:46:10 +0000] "GET /3-countries-magic-tour/tour-package.php?id=27 HTTP/1.1" 404 78342 "-" "Mozilla/5.0 (compatible; DotBot/1.2; +https://opensiteexplorer.org/dotbot; help@moz.com)"
66.249.66.39 - - [03/Aug/2021:17:58:37 +0000] "GET /robots.txt HTTP/1.1" 302 225 "-" "Mozilla/5.0 (compatible; Googlebot/2.1; +http://www.google.com/bot.html)"
66.249.66.57 - - [03/Aug/2021:17:58:37 +0000] "GET /robots.txt HTTP/1.1" 404 78307 "-" "Mozilla/5.0 (compatible; Googlebot/2.1; +http://www.google.com/bot.html)"
66.249.66.39 - - [03/Aug/2021:17:58:38 +0000] "GET / HTTP/1.1" 302 215 "-" "Mozilla/5.0 (compatible; Googlebot/2.1; +http://www.google.com/bot.html)"
66.249.66.55 - - [03/Aug/2021:17:58:39 +0000] "GET / HTTP/1.1" 200 78297 "-" "Mozilla/5.0 (compatible; Googlebot/2.1; +http://www.google.com/bot.html)"
114.119.151.4 - - [03/Aug/2021:18:07:03 +0000] "GET /galleryimg/755893darj_i0005d7.jpg HTTP/1.1" 200 30425 "-" "Mozilla/5.0 (Linux; Android 7.0;) AppleWebKit/537.36 (KHTML, like Gecko) Mobile Safari/537.36 (compatible; PetalBot;+https://webmaster.petalsearch.com/site/petalbot)"
207.46.13.30 - - [03/Aug/2021:18:16:58 +0000] "GET /Dharamshala&DalhousieVolvotourPackage.html HTTP/1.1" 302 257 "-" "Mozilla/5.0 (compatible; bingbot/2.0; +http://www.bing.com/bingbot.htm)"
207.46.13.30 - - [03/Aug/2021:18:16:59 +0000] "GET /Dharamshala&DalhousieVolvotourPackage.html HTTP/1.1" 301 285 "-" "Mozilla/5.0 (compatible; bingbot/2.0; +http://www.bing.com/bingbot.htm)"
114.119.151.4 - - [03/Aug/2021:18:17:01 +0000] "GET /galleryimg/8342219rajasthan-tour.jpg HTTP/1.1" 200 142920 "-" "Mozilla/5.0 (Linux; Android 7.0;) AppleWebKit/537.36 (KHTML, like Gecko) Mobile Safari/537.36 (compatible; PetalBot;+https://webmaster.petalsearch.com/site/petalbot)"
216.244.66.236 - - [03/Aug/2021:18:24:14 +0000] "GET /robots.txt HTTP/1.1" 404 78307 "-" "Mozilla/5.0 (compatible; DotBot/1.2; +https://opensiteexplorer.org/dotbot; help@moz.com)"
66.249.66.76 - - [03/Aug/2021:18:29:28 +0000] "GET /kerala/index.php HTTP/1.1" 302 227 "-" "Mozilla/5.0 (Linux; Android 6.0.1; Nexus 5X Build/MMB29P) AppleWebKit/537.36 (KHTML, like Gecko) Chrome/92.0.4515.119 Mobile Safari/537.36 (compatible; Googlebot/2.1; +http://www.google.com/bot.html)"
66.249.66.65 - - [03/Aug/2021:18:29:29 +0000] "GET /robots.txt HTTP/1.1" 301 249 "-" "Mozilla/5.0 (compatible; Googlebot/2.1; +http://www.google.com/bot.html)"
66.249.66.67 - - [03/Aug/2021:18:29:30 +0000] "GET /kerala/index.php HTTP/1.1" 301 242 "-" "Mozilla/5.0 (Linux; Android 6.0.1; Nexus 5X Build/MMB29P) AppleWebKit/537.36 (KHTML, like Gecko) Chrome/92.0.4515.119 Mobile Safari/537.36 (compatible; Googlebot/2.1; +http://www.google.com/bot.html)"
66.249.66.65 - - [03/Aug/2021:18:29:30 +0000] "GET /kerala/ HTTP/1.1" 301 246 "-" "Mozilla/5.0 (Linux; Android 6.0.1; Nexus 5X Build/MMB29P) AppleWebKit/537.36 (KHTML, like Gecko) Chrome/92.0.4515.119 Mobile Safari/537.36 (compatible; Googlebot/2.1; +http://www.google.com/bot.html)"
66.249.66.55 - - [03/Aug/2021:18:29:31 +0000] "GET /kerala/ HTTP/1.1" 200 50964 "-" "Mozilla/5.0 (Linux; Android 6.0.1; Nexus 5X Build/MMB29P) AppleWebKit/537.36 (KHTML, like Gecko) Chrome/92.0.4515.119 Mobile Safari/537.36 (compatible; Googlebot/2.1; +http://www.google.com/bot.html)"
66.249.66.55 - - [03/Aug/2021:18:29:37 +0000] "GET /kerala/css/owl.carousel.css HTTP/1.1" 404 78324 "http://www.indiatravelkart.com/kerala/" "Mozilla/5.0 (Linux; Android 6.0.1; Nexus 5X Build/MMB29P) AppleWebKit/537.36 (KHTML, like Gecko) Chrome/91.0.4472.90 Mobile Safari/537.36 (compatible; Googlebot/2.1; +http://www.google.com/bot.html)"
66.249.66.55 - - [03/Aug/2021:18:29:38 +0000] "GET /kerala/style.css HTTP/1.1" 404 78313 "http://www.indiatravelkart.com/kerala/" "Mozilla/5.0 (Linux; Android 6.0.1; Nexus 5X Build/MMB29P) AppleWebKit/537.36 (KHTML, like Gecko) Chrome/91.0.4472.90 Mobile Safari/537.36 (compatible; Googlebot/2.1; +http://www.google.com/bot.html)"
66.249.66.55 - - [03/Aug/2021:18:29:39 +0000] "GET /kerala/css/bootstrap.min.css HTTP/1.1" 404 78325 "http://www.indiatravelkart.com/kerala/" "Mozilla/5.0 (Linux; Android 6.0.1; Nexus 5X Build/MMB29P) AppleWebKit/537.36 (KHTML, like Gecko) Chrome/91.0.4472.90 Mobile Safari/537.36 (compatible; Googlebot/2.1; +http://www.google.com/bot.html)"
66.249.66.55 - - [03/Aug/2021:18:29:40 +0000] "GET /kerala/css/responsive.css HTTP/1.1" 404 78322 "http://www.indiatravelkart.com/kerala/" "Mozilla/5.0 (Linux; Android 6.0.1; Nexus 5X Build/MMB29P) AppleWebKit/537.36 (KHTML, like Gecko) Chrome/91.0.4472.90 Mobile Safari/537.36 (compatible; Googlebot/2.1; +http://www.google.com/bot.html)"
66.249.66.55 - - [03/Aug/2021:18:29:40 +0000] "GET /kerala/js/vendor/modernizr-2.8.3.min.js HTTP/1.1" 404 78336 "http://www.indiatravelkart.com/kerala/" "Mozilla/5.0 (Linux; Android 6.0.1; Nexus 5X Build/MMB29P) AppleWebKit/537.36 (KHTML, like Gecko) Chrome/91.0.4472.90 Mobile Safari/537.36 (compatible; Googlebot/2.1; +http://www.google.com/bot.html)"
66.249.66.55 - - [03/Aug/2021:18:29:41 +0000] "GET /kerala/css/font-awesome.min.css HTTP/1.1" 404 78328 "http://www.indiatravelkart.com/kerala/" "Mozilla/5.0 (Linux; Android 6.0.1; Nexus 5X Build/MMB29P) AppleWebKit/537.36 (KHTML, like Gecko) Chrome/91.0.4472.90 Mobile Safari/537.36 (compatible; Googlebot/2.1; +http://www.google.com/bot.html)"
66.249.66.55 - - [03/Aug/2021:18:29:42 +0000] "GET /kerala/lib/nivo-slider/css/nivo-slider.css HTTP/1.1" 404 78339 "http://www.indiatravelkart.com/kerala/" "Mozilla/5.0 (Linux; Android 6.0.1; Nexus 5X Build/MMB29P) AppleWebKit/537.36 (KHTML, like Gecko) Chrome/91.0.4472.90 Mobile Safari/537.36 (compatible; Googlebot/2.1; +http://www.google.com/bot.html)"
66.249.66.55 - - [03/Aug/2021:18:29:42 +0000] "GET /kerala/css/jquery-ui.css HTTP/1.1" 404 78321 "http://www.indiatravelkart.com/kerala/" "Mozilla/5.0 (Linux; Android 6.0.1; Nexus 5X Build/MMB29P) AppleWebKit/537.36 (KHTML, like Gecko) Chrome/91.0.4472.90 Mobile Safari/537.36 (compatible; Googlebot/2.1; +http://www.google.com/bot.html)"
66.249.66.55 - - [03/Aug/2021:18:29:43 +0000] "GET /kerala/css/meanmenu.min.css HTTP/1.1" 404 78324 "http://www.indiatravelkart.com/kerala/" "Mozilla/5.0 (Linux; Android 6.0.1; Nexus 5X Build/MMB29P) AppleWebKit/537.36 (KHTML, like Gecko) Chrome/91.0.4472.90 Mobile Safari/537.36 (compatible; Googlebot/2.1; +http://www.google.com/bot.html)"
66.249.66.55 - - [03/Aug/2021:18:29:43 +0000] "GET /kerala/css/animate.css HTTP/1.1" 404 78319 "http://www.indiatravelkart.com/kerala/" "Mozilla/5.0 (Linux; Android 6.0.1; Nexus 5X Build/MMB29P) AppleWebKit/537.36 (KHTML, like Gecko) Chrome/91.0.4472.90 Mobile Safari/537.36 (compatible; Googlebot/2.1; +http://www.google.com/bot.html)"
66.249.66.55 - - [03/Aug/2021:18:29:44 +0000] "GET /kerala/lib/nivo-slider/css/preview.css HTTP/1.1" 404 78335 "http://www.indiatravelkart.com/kerala/" "Mozilla/5.0 (Linux; Android 6.0.1; Nexus 5X Build/MMB29P) AppleWebKit/537.36 (KHTML, like Gecko) Chrome/91.0.4472.90 Mobile Safari/537.36 (compatible; Googlebot/2.1; +http://www.google.com/bot.html)"
66.249.66.55 - - [03/Aug/2021:18:29:45 +0000] "GET /kerala/css/font-awesome.min.css HTTP/1.1" 404 78328 "http://www.indiatravelkart.com/kerala/" "Mozilla/5.0 (Linux; Android 6.0.1; Nexus 5X Build/MMB29P) AppleWebKit/537.36 (KHTML, like Gecko) Chrome/91.0.4472.90 Mobile Safari/537.36 (compatible; Googlebot/2.1; +http://www.google.com/bot.html)"
66.249.66.55 - - [03/Aug/2021:18:29:46 +0000] "GET /kerala/css/animate.css HTTP/1.1" 404 78319 "http://www.indiatravelkart.com/kerala/" "Mozilla/5.0 (Linux; Android 6.0.1; Nexus 5X Build/MMB29P) AppleWebKit/537.36 (KHTML, like Gecko) Chrome/91.0.4472.90 Mobile Safari/537.36 (compatible; Googlebot/2.1; +http://www.google.com/bot.html)"
66.249.66.55 - - [03/Aug/2021:18:29:46 +0000] "GET /kerala/js/vendor/jquery-1.11.3.min.js HTTP/1.1" 404 78334 "http://www.indiatravelkart.com/kerala/" "Mozilla/5.0 (Linux; Android 6.0.1; Nexus 5X Build/MMB29P) AppleWebKit/537.36 (KHTML, like Gecko) Chrome/91.0.4472.90 Mobile Safari/537.36 (compatible; Googlebot/2.1; +http://www.google.com/bot.html)"
66.249.66.55 - - [03/Aug/2021:18:29:47 +0000] "GET /kerala/js/main.js HTTP/1.1" 404 78314 "http://www.indiatravelkart.com/kerala/" "Mozilla/5.0 (Linux; Android 6.0.1; Nexus 5X Build/MMB29P) AppleWebKit/537.36 (KHTML, like Gecko) Chrome/91.0.4472.90 Mobile Safari/537.36 (compatible; Googlebot/2.1; +http://www.google.com/bot.html)"
66.249.66.55 - - [03/Aug/2021:18:29:48 +0000] "GET /kerala/js/jquery-price-slider.js HTTP/1.1" 404 78329 "http://www.indiatravelkart.com/kerala/" "Mozilla/5.0 (Linux; Android 6.0.1; Nexus 5X Build/MMB29P) AppleWebKit/537.36 (KHTML, like Gecko) Chrome/91.0.4472.90 Mobile Safari/537.36 (compatible; Googlebot/2.1; +http://www.google.com/bot.html)"
66.249.66.55 - - [03/Aug/2021:18:29:48 +0000] "GET /kerala/js/jquery.counterup.min.js HTTP/1.1" 404 78330 "http://www.indiatravelkart.com/kerala/" "Mozilla/5.0 (Linux; Android 6.0.1; Nexus 5X Build/MMB29P) AppleWebKit/537.36 (KHTML, like Gecko) Chrome/91.0.4472.90 Mobile Safari/537.36 (compatible; Googlebot/2.1; +http://www.google.com/bot.html)"
66.249.66.55 - - [03/Aug/2021:18:29:48 +0000] "GET /kerala/js/owl.carousel.min.js HTTP/1.1" 404 78326 "http://www.indiatravelkart.com/kerala/" "Mozilla/5.0 (Linux; Android 6.0.1; Nexus 5X Build/MMB29P) AppleWebKit/537.36 (KHTML, like Gecko) Chrome/91.0.4472.90 Mobile Safari/537.36 (compatible; Googlebot/2.1; +http://www.google.com/bot.html)"
66.249.66.55 - - [03/Aug/2021:18:29:49 +0000] "GET /kerala/js/bootstrap.min.js HTTP/1.1" 404 78323 "http://www.indiatravelkart.com/kerala/" "Mozilla/5.0 (Linux; Android 6.0.1; Nexus 5X Build/MMB29P) AppleWebKit/537.36 (KHTML, like Gecko) Chrome/91.0.4472.90 Mobile Safari/537.36 (compatible; Googlebot/2.1; +http://www.google.com/bot.html)"
66.249.66.55 - - [03/Aug/2021:18:29:49 +0000] "GET /kerala/lib/nivo-slider/js/jquery.nivo.slider.js HTTP/1.1" 404 78344 "http://www.indiatravelkart.com/kerala/" "Mozilla/5.0 (Linux; Android 6.0.1; Nexus 5X Build/MMB29P) AppleWebKit/537.36 (KHTML, like Gecko) Chrome/91.0.4472.90 Mobile Safari/537.36 (compatible; Googlebot/2.1; +http://www.google.com/bot.html)"
66.249.66.55 - - [03/Aug/2021:18:29:50 +0000] "GET /kerala/js/jquery.scrollUp.min.js HTTP/1.1" 404 78329 "http://www.indiatravelkart.com/kerala/" "Mozilla/5.0 (Linux; Android 6.0.1; Nexus 5X Build/MMB29P) AppleWebKit/537.36 (KHTML, like Gecko) Chrome/91.0.4472.90 Mobile Safari/537.36 (compatible; Googlebot/2.1; +http://www.google.com/bot.html)"
66.249.66.55 - - [03/Aug/2021:18:29:50 +0000] "GET /kerala/js/plugins.js HTTP/1.1" 404 78317 "http://www.indiatravelkart.com/kerala/" "Mozilla/5.0 (Linux; Android 6.0.1; Nexus 5X Build/MMB29P) AppleWebKit/537.36 (KHTML, like Gecko) Chrome/91.0.4472.90 Mobile Safari/537.36 (compatible; Googlebot/2.1; +http://www.google.com/bot.html)"
66.249.66.57 - - [03/Aug/2021:18:29:51 +0000] "GET /kerala/js/jquery.meanmenu.js HTTP/1.1" 404 78325 "http://www.indiatravelkart.com/kerala/" "Mozilla/5.0 (Linux; Android 6.0.1; Nexus 5X Build/MMB29P) AppleWebKit/537.36 (KHTML, like Gecko) Chrome/91.0.4472.90 Mobile Safari/537.36 (compatible; Googlebot/2.1; +http://www.google.com/bot.html)"
66.249.66.57 - - [03/Aug/2021:18:29:52 +0000] "GET /kerala/js/waypoints.min.js HTTP/1.1" 404 78323 "http://www.indiatravelkart.com/kerala/" "Mozilla/5.0 (Linux; Android 6.0.1; Nexus 5X Build/MMB29P) AppleWebKit/537.36 (KHTML, like Gecko) Chrome/91.0.4472.90 Mobile Safari/537.36 (compatible; Googlebot/2.1; +http://www.google.com/bot.html)"
66.249.66.57 - - [03/Aug/2021:18:29:53 +0000] "GET /kerala/lib/nivo-slider/home.js HTTP/1.1" 404 78327 "http://www.indiatravelkart.com/kerala/" "Mozilla/5.0 (Linux; Android 6.0.1; Nexus 5X Build/MMB29P) AppleWebKit/537.36 (KHTML, like Gecko) Chrome/91.0.4472.90 Mobile Safari/537.36 (compatible; Googlebot/2.1; +http://www.google.com/bot.html)"
66.249.66.55 - - [03/Aug/2021:18:29:53 +0000] "GET /kerala/js/wow.min.js HTTP/1.1" 404 78317 "http://www.indiatravelkart.com/kerala/" "Mozilla/5.0 (Linux; Android 6.0.1; Nexus 5X Build/MMB29P) AppleWebKit/537.36 (KHTML, like Gecko) Chrome/91.0.4472.90 Mobile Safari/537.36 (compatible; Googlebot/2.1; +http://www.google.com/bot.html)"
66.249.66.57 - - [03/Aug/2021:18:29:54 +0000] "GET /kerala/js/jquery-price-slider.js HTTP/1.1" 404 78329 "http://www.indiatravelkart.com/kerala/" "Mozilla/5.0 (Linux; Android 6.0.1; Nexus 5X Build/MMB29P) AppleWebKit/537.36 (KHTML, like Gecko) Chrome/91.0.4472.90 Mobile Safari/537.36 (compatible; Googlebot/2.1; +http://www.google.com/bot.html)"
66.249.66.55 - - [03/Aug/2021:18:29:55 +0000] "GET /kerala/js/owl.carousel.min.js HTTP/1.1" 404 78326 "http://www.indiatravelkart.com/kerala/" "Mozilla/5.0 (Linux; Android 6.0.1; Nexus 5X Build/MMB29P) AppleWebKit/537.36 (KHTML, like Gecko) Chrome/91.0.4472.90 Mobile Safari/537.36 (compatible; Googlebot/2.1; +http://www.google.com/bot.html)"
66.249.66.57 - - [03/Aug/2021:18:29:55 +0000] "GET /kerala/js/bootstrap.min.js HTTP/1.1" 404 78323 "http://www.indiatravelkart.com/kerala/" "Mozilla/5.0 (Linux; Android 6.0.1; Nexus 5X Build/MMB29P) AppleWebKit/537.36 (KHTML, like Gecko) Chrome/91.0.4472.90 Mobile Safari/537.36 (compatible; Googlebot/2.1; +http://www.google.com/bot.html)"
66.249.66.57 - - [03/Aug/2021:18:29:56 +0000] "GET /kerala/js/jquery.meanmenu.js HTTP/1.1" 404 78325 "http://www.indiatravelkart.com/kerala/" "Mozilla/5.0 (Linux; Android 6.0.1; Nexus 5X Build/MMB29P) AppleWebKit/537.36 (KHTML, like Gecko) Chrome/91.0.4472.90 Mobile Safari/537.36 (compatible; Googlebot/2.1; +http://www.google.com/bot.html)"
66.249.66.55 - - [03/Aug/2021:18:29:56 +0000] "GET /kerala/js/waypoints.min.js HTTP/1.1" 404 78323 "http://www.indiatravelkart.com/kerala/" "Mozilla/5.0 (Linux; Android 6.0.1; Nexus 5X Build/MMB29P) AppleWebKit/537.36 (KHTML, like Gecko) Chrome/91.0.4472.90 Mobile Safari/537.36 (compatible; Googlebot/2.1; +http://www.google.com/bot.html)"
66.249.66.55 - - [03/Aug/2021:18:29:57 +0000] "GET /kerala/lib/nivo-slider/home.js HTTP/1.1" 404 78327 "http://www.indiatravelkart.com/kerala/" "Mozilla/5.0 (Linux; Android 6.0.1; Nexus 5X Build/MMB29P) AppleWebKit/537.36 (KHTML, like Gecko) Chrome/91.0.4472.90 Mobile Safari/537.36 (compatible; Googlebot/2.1; +http://www.google.com/bot.html)"
216.244.66.236 - - [03/Aug/2021:18:36:52 +0000] "GET /3-countries-magic-tour/tour-package.php?id=22 HTTP/1.1" 404 78342 "-" "Mozilla/5.0 (compatible; DotBot/1.2; +https://opensiteexplorer.org/dotbot; help@moz.com)"
108.174.2.215 - - [03/Aug/2021:18:57:41 +0000] "GET /robots.txt HTTP/1.1" 404 78307 "-" "LinkedInBot/1.0 (compatible; Mozilla/5.0; Apache-HttpClient +http://www.linkedin.com)"
108.174.2.215 - - [03/Aug/2021:18:57:42 +0000] "GET / HTTP/1.1" 200 78297 "-" "LinkedInBot/1.0 (compatible; Mozilla/5.0; Apache-HttpClient +http://www.linkedin.com)"
185.191.171.20 - - [03/Aug/2021:19:16:16 +0000] "GET /robots.txt HTTP/1.1" 302 221 "-" "Mozilla/5.0 (compatible; SemrushBot/7~bl; +http://www.semrush.com/bot.html)"
185.191.171.44 - - [03/Aug/2021:19:16:16 +0000] "GET /robots.txt HTTP/1.1" 301 249 "-" "Mozilla/5.0 (compatible; SemrushBot/7~bl; +http://www.semrush.com/bot.html)"
185.191.171.2 - - [03/Aug/2021:19:16:17 +0000] "GET /robots.txt HTTP/1.1" 404 78307 "-" "Mozilla/5.0 (compatible; SemrushBot/7~bl; +http://www.semrush.com/bot.html)"
185.191.171.16 - - [03/Aug/2021:19:16:19 +0000] "GET /pagecontents.php?url=Cancellation-Policy HTTP/1.1" 302 251 "-" "Mozilla/5.0 (compatible; SemrushBot/7~bl; +http://www.semrush.com/bot.html)"
185.191.171.3 - - [03/Aug/2021:19:16:20 +0000] "GET /pagecontents.php?url=Cancellation-Policy HTTP/1.1" 200 50964 "-" "Mozilla/5.0 (compatible; SemrushBot/7~bl; +http://www.semrush.com/bot.html)"
157.55.39.139 - - [03/Aug/2021:19:31:03 +0000] "GET /js/vendor/jquery-1.11.3.min.js HTTP/1.1" 302 241 "-" "Mozilla/5.0 (compatible; MSIE 9.0; Windows NT 6.1; Trident/5.0)"
157.55.39.139 - - [03/Aug/2021:19:31:05 +0000] "GET /js/vendor/jquery-1.11.3.min.js HTTP/1.1" 200 95992 "-" "Mozilla/5.0 (compatible; MSIE 9.0; Windows NT 6.1; Trident/5.0)"
114.119.157.24 - - [03/Aug/2021:19:48:09 +0000] "GET /pagecontents.php?url=Terms-and-Conditions HTTP/1.1" 200 53481 "-" "Mozilla/5.0 (Linux; Android 7.0;) AppleWebKit/537.36 (KHTML, like Gecko) Mobile Safari/537.36 (compatible; PetalBot;+https://webmaster.petalsearch.com/site/petalbot)"
185.191.171.16 - - [03/Aug/2021:19:56:27 +0000] "GET /robots.txt HTTP/1.1" 404 78307 "-" "Mozilla/5.0 (compatible; SemrushBot/7~bl; +http://www.semrush.com/bot.html)"
185.191.171.7 - - [03/Aug/2021:19:56:28 +0000] "GET /GangtokTourPackage.html HTTP/1.1" 200 59975 "-" "Mozilla/5.0 (compatible; SemrushBot/7~bl; +http://www.semrush.com/bot.html)"
66.249.66.75 - - [03/Aug/2021:20:07:23 +0000] "GET /UttrakhandHolidayTour.html HTTP/1.1" 302 237 "-" "Mozilla/5.0 (Linux; Android 6.0.1; Nexus 5X Build/MMB29P) AppleWebKit/537.36 (KHTML, like Gecko) Chrome/92.0.4515.119 Mobile Safari/537.36 (compatible; Googlebot/2.1; +http://www.google.com/bot.html)"
66.249.66.67 - - [03/Aug/2021:20:07:24 +0000] "GET /UttrakhandHolidayTour.html HTTP/1.1" 301 265 "-" "Mozilla/5.0 (Linux; Android 6.0.1; Nexus 5X Build/MMB29P) AppleWebKit/537.36 (KHTML, like Gecko) Chrome/92.0.4515.119 Mobile Safari/537.36 (compatible; Googlebot/2.1; +http://www.google.com/bot.html)"
66.249.66.59 - - [03/Aug/2021:20:07:24 +0000] "GET /robots.txt HTTP/1.1" 404 78307 "-" "Mozilla/5.0 (compatible; Googlebot/2.1; +http://www.google.com/bot.html)"
66.249.66.55 - - [03/Aug/2021:20:07:26 +0000] "GET /UttrakhandHolidayTour.html HTTP/1.1" 200 60522 "-" "Mozilla/5.0 (Linux; Android 6.0.1; Nexus 5X Build/MMB29P) AppleWebKit/537.36 (KHTML, like Gecko) Chrome/92.0.4515.119 Mobile Safari/537.36 (compatible; Googlebot/2.1; +http://www.google.com/bot.html)"
66.249.66.55 - - [03/Aug/2021:20:22:36 +0000] "GET /tour-package.php?id=15 HTTP/1.1" 200 65841 "-" "Mozilla/5.0 (compatible; Googlebot/2.1; +http://www.google.com/bot.html)"
94.158.36.183 - - [03/Aug/2021:20:31:21 +0000] "GET / HTTP/1.0" 200 78293 "-" "Mozilla/5.0 (Windows NT 10.0; Win64; x64) AppleWebKit/537.36 (KHTML, like Gecko) Chrome/71.0.3578.98 Safari/537.36"
66.249.66.59 - - [03/Aug/2021:20:40:44 +0000] "GET /tour-package.php?id=22 HTTP/1.1" 200 58102 "-" "Mozilla/5.0 (Linux; Android 6.0.1; Nexus 5X Build/MMB29P) AppleWebKit/537.36 (KHTML, like Gecko) Chrome/92.0.4515.119 Mobile Safari/537.36 (compatible; Googlebot/2.1; +http://www.google.com/bot.html)"
144.76.176.171 - - [03/Aug/2021:21:07:26 +0000] "GET /robots.txt HTTP/1.1" 302 221 "-" "Mozilla/5.0 (compatible; MJ12bot/v1.4.8; http://mj12bot.com/)"
144.76.176.171 - - [03/Aug/2021:21:07:28 +0000] "GET /robots.txt HTTP/1.1" 301 249 "-" "Mozilla/5.0 (compatible; MJ12bot/v1.4.8; http://mj12bot.com/)"
144.76.176.171 - - [03/Aug/2021:21:07:31 +0000] "GET /robots.txt HTTP/1.1" 404 78307 "-" "Mozilla/5.0 (compatible; MJ12bot/v1.4.8; http://mj12bot.com/)"
144.76.176.171 - - [03/Aug/2021:21:07:37 +0000] "GET /Hongkong%E2%80%93Macau%E2%80%93DisneylandTour.html HTTP/1.1" 302 261 "-" "Mozilla/5.0 (compatible; MJ12bot/v1.4.8; http://mj12bot.com/)"
144.76.176.171 - - [03/Aug/2021:21:07:43 +0000] "GET /Hongkong%E2%80%93Macau%E2%80%93DisneylandTour.html HTTP/1.1" 301 289 "-" "Mozilla/5.0 (compatible; MJ12bot/v1.4.8; http://mj12bot.com/)"
66.249.66.59 - - [03/Aug/2021:21:07:45 +0000] "GET /tour-package.php?id=22 HTTP/1.1" 200 58102 "-" "Mozilla/5.0 (compatible; Googlebot/2.1; +http://www.google.com/bot.html)"
144.76.176.171 - - [03/Aug/2021:21:07:51 +0000] "GET /Hongkong%E2%80%93Macau%E2%80%93DisneylandTour.html HTTP/1.1" 200 62383 "-" "Mozilla/5.0 (compatible; MJ12bot/v1.4.8; http://mj12bot.com/)"
144.76.176.171 - - [03/Aug/2021:21:07:58 +0000] "GET /Hongkong%E2%80%93Macau%E2%80%93Shenzhen%E2%80%93DisneylandTour.html HTTP/1.1" 302 278 "-" "Mozilla/5.0 (compatible; MJ12bot/v1.4.8; http://mj12bot.com/)"
144.76.176.171 - - [03/Aug/2021:21:08:03 +0000] "GET /Hongkong%E2%80%93Macau%E2%80%93Shenzhen%E2%80%93DisneylandTour.html HTTP/1.1" 301 306 "-" "Mozilla/5.0 (compatible; MJ12bot/v1.4.8; http://mj12bot.com/)"
144.76.176.171 - - [03/Aug/2021:21:08:11 +0000] "GET /Hongkong%E2%80%93Macau%E2%80%93Shenzhen%E2%80%93DisneylandTour.html HTTP/1.1" 200 66098 "-" "Mozilla/5.0 (compatible; MJ12bot/v1.4.8; http://mj12bot.com/)"
144.76.176.171 - - [03/Aug/2021:21:08:18 +0000] "GET /Hongkong%E2%80%93Macau%E2%80%93DisneylandTour.html HTTP/1.1" 200 62383 "-" "Mozilla/5.0 (compatible; MJ12bot/v1.4.8; http://mj12bot.com/)"
144.76.176.171 - - [03/Aug/2021:21:08:24 +0000] "GET /Hongkong%E2%80%93Macau%E2%80%93Shenzhen%E2%80%93DisneylandTour.html HTTP/1.1" 200 66098 "-" "Mozilla/5.0 (compatible; MJ12bot/v1.4.8; http://mj12bot.com/)"
79.125.14.224 - - [03/Aug/2021:21:21:46 +0000] "GET /.env HTTP/1.1" 302 215 "-" "Mozilla/5.0 (X11; Linux x86_64) AppleWebKit/537.36 (KHTML, like Gecko) Chrome/81.0.4044.129 Safari/537.36"
79.125.14.224 - - [03/Aug/2021:21:21:46 +0000] "POST / HTTP/1.1" 302 211 "-" "Mozilla/5.0 (X11; Linux x86_64) AppleWebKit/537.36 (KHTML, like Gecko) Chrome/81.0.4044.129 Safari/537.36"
20.204.53.227 - - [03/Aug/2021:22:16:20 +0000] "GET /tour-package.php?id=27'A=0 HTTP/1.1" 302 237 "https://indiatravelkart.com/tour-package.php?id=27'A=0" "Mozilla/5.0 (Windows; U; Windows NT 5.1; pt-PT; rv:1.9.1.2) Gecko/20090729 Firefox/3.5.2 (.NET CLR 3.5.30729)"
20.204.53.227 - - [03/Aug/2021:22:16:20 +0000] "GET /tour-package.php?id=27'A=0 HTTP/1.1" 200 25 "-" "Mozilla/5.0 (Windows; U; Windows NT 5.1; pt-PT; rv:1.9.1.2) Gecko/20090729 Firefox/3.5.2 (.NET CLR 3.5.30729)"
114.119.134.245 - - [03/Aug/2021:22:24:54 +0000] "GET / HTTP/1.1" 200 78293 "-" "Mozilla/5.0 (compatible;PetalBot;+https://webmaster.petalsearch.com/site/petalbot)"
17.121.114.170 - - [03/Aug/2021:22:42:28 +0000] "GET /robots.txt HTTP/1.1" 404 78307 "-" "Mozilla/5.0 (Macintosh; Intel Mac OS X 10_15_5) AppleWebKit/605.1.15 (KHTML, like Gecko) Version/13.1.1 Safari/605.1.15 (Applebot/0.1; +http://www.apple.com/go/applebot)"
17.121.114.170 - - [03/Aug/2021:22:42:29 +0000] "GET / HTTP/1.1" 200 78297 "-" "Mozilla/5.0 (Macintosh; Intel Mac OS X 10_15_5) AppleWebKit/605.1.15 (KHTML, like Gecko) Version/13.1.1 Safari/605.1.15 (Applebot/0.1; +http://www.apple.com/go/applebot)"
185.182.11.159 - - [03/Aug/2021:22:43:45 +0000] "GET /contact.php HTTP/1.0" 302 222 "-" "Mozilla/5.0 (Macintosh; Intel Mac OS X 10_13_4) AppleWebKit/537.36 (KHTML, like Gecko) Chrome/61.0.3163.79 Safari/537.36"
185.182.11.159 - - [03/Aug/2021:22:43:45 +0000] "GET /contact.php HTTP/1.0" 200 57552 "-" "Mozilla/5.0 (Macintosh; Intel Mac OS X 10_13_4) AppleWebKit/537.36 (KHTML, like Gecko) Chrome/61.0.3163.79 Safari/537.36"
