114.119.159.183 - - [06/Aug/2021:13:56:01 +0000] "GET / HTTP/1.1" 200 78297 "-" "Mozilla/5.0 (Linux; Android 7.0;) AppleWebKit/537.36 (KHTML, like Gecko) Mobile Safari/537.36 (compatible; PetalBot;+https://webmaster.petalsearch.com/site/petalbot)"
40.77.167.64 - - [06/Aug/2021:14:02:18 +0000] "GET /beach-tour-packages.php/js/jquery.counterup.min.js HTTP/1.1" 302 261 "-" "Mozilla/5.0 (compatible; MSIE 9.0; Windows NT 6.1; Trident/5.0)"
40.77.167.64 - - [06/Aug/2021:14:02:20 +0000] "GET /beach-tour-packages.php/js/jquery.counterup.min.js HTTP/1.1" 200 55265 "-" "Mozilla/5.0 (compatible; MSIE 9.0; Windows NT 6.1; Trident/5.0)"
207.46.13.30 - - [06/Aug/2021:14:06:03 +0000] "GET /beach-tour-packages.php/js/plugins.js HTTP/1.1" 302 248 "-" "Mozilla/5.0 (compatible; MSIE 9.0; Windows NT 6.1; Trident/5.0)"
207.46.13.30 - - [06/Aug/2021:14:06:05 +0000] "GET /beach-tour-packages.php/js/plugins.js HTTP/1.1" 200 55265 "-" "Mozilla/5.0 (compatible; MSIE 9.0; Windows NT 6.1; Trident/5.0)"
49.7.20.98 - - [06/Aug/2021:14:18:34 +0000] "GET / HTTP/1.1" 200 78293 "-" "Sogou web spider/4.0(+http://www.sogou.com/docs/help/webmasters.htm#07)"
5.188.48.58 - - [06/Aug/2021:14:18:55 +0000] "GET /3CountriesMagicTour.html HTTP/1.0" 302 235 "https://indiatravelkart.com/3CountriesMagicTour.html" "Mozilla/5.0 (Windows NT 6.1; ) AppleWebKit/537.36 (KHTML, like Gecko) Chrome/83.0.4103.61 Safari/537.36"
5.188.48.58 - - [06/Aug/2021:14:18:55 +0000] "GET /3CountriesMagicTour.html HTTP/1.0" 301 263 "http://indiatravelkart.com/3CountriesMagicTour.html" "Mozilla/5.0 (Windows NT 6.1; ) AppleWebKit/537.36 (KHTML, like Gecko) Chrome/83.0.4103.61 Safari/537.36"
5.188.48.58 - - [06/Aug/2021:14:18:56 +0000] "GET /3CountriesMagicTour.html HTTP/1.0" 200 66744 "http://www.indiatravelkart.com/3CountriesMagicTour.html" "Mozilla/5.0 (Windows NT 6.1; ) AppleWebKit/537.36 (KHTML, like Gecko) Chrome/83.0.4103.61 Safari/537.36"
5.188.48.58 - - [06/Aug/2021:14:18:57 +0000] "POST /submit-enquiry.php HTTP/1.0" 200 22 "http://www.indiatravelkart.com/3CountriesMagicTour.html" "Mozilla/5.0 (Windows NT 6.1; ) AppleWebKit/537.36 (KHTML, like Gecko) Chrome/83.0.4103.61 Safari/537.36"
106.38.241.120 - - [06/Aug/2021:14:22:38 +0000] "GET / HTTP/1.1" 200 78293 "-" "Sogou web spider/4.0(+http://www.sogou.com/docs/help/webmasters.htm#07)"
207.46.13.30 - - [06/Aug/2021:14:45:47 +0000] "GET /RajasthanHeritageCultureTour.html HTTP/1.1" 302 244 "-" "Mozilla/5.0 (compatible; bingbot/2.0; +http://www.bing.com/bingbot.htm)"
207.46.13.30 - - [06/Aug/2021:14:45:49 +0000] "GET /RajasthanHeritageCultureTour.html HTTP/1.1" 301 272 "-" "Mozilla/5.0 (compatible; bingbot/2.0; +http://www.bing.com/bingbot.htm)"
207.46.13.9 - - [06/Aug/2021:14:45:53 +0000] "GET /robots.txt HTTP/1.1" 404 78307 "-" "Mozilla/5.0 (compatible; bingbot/2.0; +http://www.bing.com/bingbot.htm)"
207.46.13.30 - - [06/Aug/2021:14:45:58 +0000] "GET /RajasthanHeritageCultureTour.html HTTP/1.1" 200 63178 "-" "Mozilla/5.0 (compatible; bingbot/2.0; +http://www.bing.com/bingbot.htm)"
106.38.241.120 - - [06/Aug/2021:14:54:49 +0000] "GET / HTTP/1.1" 200 78293 "-" "Sogou web spider/4.0(+http://www.sogou.com/docs/help/webmasters.htm#07)"
185.191.171.33 - - [06/Aug/2021:15:17:48 +0000] "GET /robots.txt HTTP/1.1" 302 221 "-" "Mozilla/5.0 (compatible; SemrushBot/7~bl; +http://www.semrush.com/bot.html)"
185.191.171.26 - - [06/Aug/2021:15:17:48 +0000] "GET /robots.txt HTTP/1.1" 301 249 "-" "Mozilla/5.0 (compatible; SemrushBot/7~bl; +http://www.semrush.com/bot.html)"
185.191.171.4 - - [06/Aug/2021:15:17:49 +0000] "GET /robots.txt HTTP/1.1" 404 78307 "-" "Mozilla/5.0 (compatible; SemrushBot/7~bl; +http://www.semrush.com/bot.html)"
185.191.171.36 - - [06/Aug/2021:15:17:50 +0000] "GET /RajasthanHoneymoonPackage.html HTTP/1.1" 302 241 "-" "Mozilla/5.0 (compatible; SemrushBot/7~bl; +http://www.semrush.com/bot.html)"
185.191.171.34 - - [06/Aug/2021:15:17:52 +0000] "GET /RajasthanHoneymoonPackage.html HTTP/1.1" 301 269 "-" "Mozilla/5.0 (compatible; SemrushBot/7~bl; +http://www.semrush.com/bot.html)"
185.191.171.6 - - [06/Aug/2021:15:17:53 +0000] "GET /robots.txt HTTP/1.1" 404 78307 "-" "Mozilla/5.0 (compatible; SemrushBot/7~bl; +http://www.semrush.com/bot.html)"
185.191.171.4 - - [06/Aug/2021:15:17:54 +0000] "GET /RajasthanHoneymoonPackage.html HTTP/1.1" 200 61422 "-" "Mozilla/5.0 (compatible; SemrushBot/7~bl; +http://www.semrush.com/bot.html)"
106.38.241.120 - - [06/Aug/2021:15:24:11 +0000] "GET / HTTP/1.1" 200 78293 "-" "Sogou web spider/4.0(+http://www.sogou.com/docs/help/webmasters.htm#07)"
66.249.66.59 - - [06/Aug/2021:15:24:19 +0000] "GET /BeautifulUttaranchalTour.html HTTP/1.1" 200 61238 "-" "Mozilla/5.0 (Linux; Android 6.0.1; Nexus 5X Build/MMB29P) AppleWebKit/537.36 (KHTML, like Gecko) Chrome/92.0.4515.119 Mobile Safari/537.36 (compatible; Googlebot/2.1; +http://www.google.com/bot.html)"
139.59.20.176 - - [06/Aug/2021:15:31:16 +0000] "GET /sitemap_index.xml HTTP/1.1" 404 78314 "-" "Mozilla/5.0 (Windows NT 10.0; Win64; x64) AppleWebKit/537.36 (KHTML, like Gecko) Chrome/59.0.3071.115 Safari/537.36"
40.77.167.47 - - [06/Aug/2021:15:50:08 +0000] "GET /robots.txt HTTP/1.1" 302 221 "-" "Mozilla/5.0 (compatible; bingbot/2.0; +http://www.bing.com/bingbot.htm)"
40.77.167.47 - - [06/Aug/2021:15:50:09 +0000] "GET /robots.txt HTTP/1.1" 302 221 "-" "Mozilla/5.0 (compatible; bingbot/2.0; +http://www.bing.com/bingbot.htm)"
40.77.167.103 - - [06/Aug/2021:15:50:19 +0000] "GET / HTTP/1.1" 302 211 "-" "Mozilla/5.0 (compatible; bingbot/2.0; +http://www.bing.com/bingbot.htm)"
40.77.167.103 - - [06/Aug/2021:15:50:21 +0000] "GET / HTTP/1.1" 200 78293 "-" "Mozilla/5.0 (compatible; bingbot/2.0; +http://www.bing.com/bingbot.htm)"
106.38.241.120 - - [06/Aug/2021:15:53:30 +0000] "GET / HTTP/1.1" 200 78293 "-" "Sogou web spider/4.0(+http://www.sogou.com/docs/help/webmasters.htm#07)"
35.222.152.162 - - [06/Aug/2021:16:01:19 +0000] "GET / HTTP/1.1" 200 78293 "-" "Mozilla/5.0 (Windows NT 10.0; Win64; x64) AppleWebKit/537.36 (KHTML, like Gecko) Chrome/80.0.3987.149 Safari/537.36"
35.222.152.162 - - [06/Aug/2021:16:01:20 +0000] "GET / HTTP/1.1" 200 78293 "-" "Mozilla/5.0 (Windows NT 10.0; Win64; x64) AppleWebKit/537.36 (KHTML, like Gecko) Chrome/80.0.3987.149 Safari/537.36"
35.222.152.162 - - [06/Aug/2021:16:01:20 +0000] "GET /wp-includes/wlwmanifest.xml HTTP/1.1" 301 266 "-" "Mozilla/5.0 (Windows NT 10.0; Win64; x64) AppleWebKit/537.36 (KHTML, like Gecko) Chrome/80.0.3987.149 Safari/537.36"
35.222.152.162 - - [06/Aug/2021:16:01:20 +0000] "GET /xmlrpc.php?rsd HTTP/1.1" 301 253 "-" "Mozilla/5.0 (Windows NT 10.0; Win64; x64) AppleWebKit/537.36 (KHTML, like Gecko) Chrome/80.0.3987.149 Safari/537.36"
35.222.152.162 - - [06/Aug/2021:16:01:20 +0000] "GET / HTTP/1.1" 200 78293 "-" "Mozilla/5.0 (Windows NT 10.0; Win64; x64) AppleWebKit/537.36 (KHTML, like Gecko) Chrome/80.0.3987.149 Safari/537.36"
35.222.152.162 - - [06/Aug/2021:16:01:21 +0000] "GET /blog/wp-includes/wlwmanifest.xml HTTP/1.1" 301 271 "-" "Mozilla/5.0 (Windows NT 10.0; Win64; x64) AppleWebKit/537.36 (KHTML, like Gecko) Chrome/80.0.3987.149 Safari/537.36"
35.222.152.162 - - [06/Aug/2021:16:01:21 +0000] "GET /web/wp-includes/wlwmanifest.xml HTTP/1.1" 301 270 "-" "Mozilla/5.0 (Windows NT 10.0; Win64; x64) AppleWebKit/537.36 (KHTML, like Gecko) Chrome/80.0.3987.149 Safari/537.36"
35.222.152.162 - - [06/Aug/2021:16:01:21 +0000] "GET /wordpress/wp-includes/wlwmanifest.xml HTTP/1.1" 301 276 "-" "Mozilla/5.0 (Windows NT 10.0; Win64; x64) AppleWebKit/537.36 (KHTML, like Gecko) Chrome/80.0.3987.149 Safari/537.36"
35.222.152.162 - - [06/Aug/2021:16:01:21 +0000] "GET /website/wp-includes/wlwmanifest.xml HTTP/1.1" 301 274 "-" "Mozilla/5.0 (Windows NT 10.0; Win64; x64) AppleWebKit/537.36 (KHTML, like Gecko) Chrome/80.0.3987.149 Safari/537.36"
35.222.152.162 - - [06/Aug/2021:16:01:22 +0000] "GET /wp/wp-includes/wlwmanifest.xml HTTP/1.1" 301 269 "-" "Mozilla/5.0 (Windows NT 10.0; Win64; x64) AppleWebKit/537.36 (KHTML, like Gecko) Chrome/80.0.3987.149 Safari/537.36"
35.222.152.162 - - [06/Aug/2021:16:01:22 +0000] "GET /news/wp-includes/wlwmanifest.xml HTTP/1.1" 301 271 "-" "Mozilla/5.0 (Windows NT 10.0; Win64; x64) AppleWebKit/537.36 (KHTML, like Gecko) Chrome/80.0.3987.149 Safari/537.36"
35.222.152.162 - - [06/Aug/2021:16:01:22 +0000] "GET /2018/wp-includes/wlwmanifest.xml HTTP/1.1" 301 271 "-" "Mozilla/5.0 (Windows NT 10.0; Win64; x64) AppleWebKit/537.36 (KHTML, like Gecko) Chrome/80.0.3987.149 Safari/537.36"
35.222.152.162 - - [06/Aug/2021:16:01:22 +0000] "GET /2019/wp-includes/wlwmanifest.xml HTTP/1.1" 301 271 "-" "Mozilla/5.0 (Windows NT 10.0; Win64; x64) AppleWebKit/537.36 (KHTML, like Gecko) Chrome/80.0.3987.149 Safari/537.36"
35.222.152.162 - - [06/Aug/2021:16:01:23 +0000] "GET /shop/wp-includes/wlwmanifest.xml HTTP/1.1" 301 271 "-" "Mozilla/5.0 (Windows NT 10.0; Win64; x64) AppleWebKit/537.36 (KHTML, like Gecko) Chrome/80.0.3987.149 Safari/537.36"
35.222.152.162 - - [06/Aug/2021:16:01:23 +0000] "GET /wp1/wp-includes/wlwmanifest.xml HTTP/1.1" 301 270 "-" "Mozilla/5.0 (Windows NT 10.0; Win64; x64) AppleWebKit/537.36 (KHTML, like Gecko) Chrome/80.0.3987.149 Safari/537.36"
35.222.152.162 - - [06/Aug/2021:16:01:23 +0000] "GET /test/wp-includes/wlwmanifest.xml HTTP/1.1" 301 271 "-" "Mozilla/5.0 (Windows NT 10.0; Win64; x64) AppleWebKit/537.36 (KHTML, like Gecko) Chrome/80.0.3987.149 Safari/537.36"
35.222.152.162 - - [06/Aug/2021:16:01:23 +0000] "GET /media/wp-includes/wlwmanifest.xml HTTP/1.1" 301 272 "-" "Mozilla/5.0 (Windows NT 10.0; Win64; x64) AppleWebKit/537.36 (KHTML, like Gecko) Chrome/80.0.3987.149 Safari/537.36"
35.222.152.162 - - [06/Aug/2021:16:01:23 +0000] "GET /wp2/wp-includes/wlwmanifest.xml HTTP/1.1" 301 270 "-" "Mozilla/5.0 (Windows NT 10.0; Win64; x64) AppleWebKit/537.36 (KHTML, like Gecko) Chrome/80.0.3987.149 Safari/537.36"
35.222.152.162 - - [06/Aug/2021:16:01:24 +0000] "GET /site/wp-includes/wlwmanifest.xml HTTP/1.1" 301 271 "-" "Mozilla/5.0 (Windows NT 10.0; Win64; x64) AppleWebKit/537.36 (KHTML, like Gecko) Chrome/80.0.3987.149 Safari/537.36"
35.222.152.162 - - [06/Aug/2021:16:01:24 +0000] "GET /cms/wp-includes/wlwmanifest.xml HTTP/1.1" 301 270 "-" "Mozilla/5.0 (Windows NT 10.0; Win64; x64) AppleWebKit/537.36 (KHTML, like Gecko) Chrome/80.0.3987.149 Safari/537.36"
35.222.152.162 - - [06/Aug/2021:16:01:24 +0000] "GET /sito/wp-includes/wlwmanifest.xml HTTP/1.1" 301 271 "-" "Mozilla/5.0 (Windows NT 10.0; Win64; x64) AppleWebKit/537.36 (KHTML, like Gecko) Chrome/80.0.3987.149 Safari/537.36"
35.231.141.141 - - [06/Aug/2021:16:03:07 +0000] "GET /robots.txt HTTP/1.0" 404 78307 "-" "ZoominfoBot (zoominfobot at zoominfo dot com)"
35.231.141.141 - - [06/Aug/2021:16:03:08 +0000] "GET / HTTP/1.0" 200 78297 "-" "ZoominfoBot (zoominfobot at zoominfo dot com)"
35.231.141.141 - - [06/Aug/2021:16:03:20 +0000] "GET /robots.txt HTTP/1.0" 301 249 "-" "ZoominfoBot (zoominfobot at zoominfo dot com)"
35.231.141.141 - - [06/Aug/2021:16:03:21 +0000] "GET /robots.txt HTTP/1.1" 404 78307 "-" "ZoominfoBot (zoominfobot at zoominfo dot com)"
35.231.141.141 - - [06/Aug/2021:16:03:23 +0000] "GET / HTTP/1.0" 200 78293 "-" "ZoominfoBot (zoominfobot at zoominfo dot com)"
49.7.20.98 - - [06/Aug/2021:16:04:01 +0000] "GET / HTTP/1.1" 200 78293 "-" "Sogou web spider/4.0(+http://www.sogou.com/docs/help/webmasters.htm#07)"
114.119.159.183 - - [06/Aug/2021:16:10:10 +0000] "GET /galleryimg/7085757images%20(3 HTTP/1.1" 302 240 "-" "Mozilla/5.0 (Linux; Android 7.0;) AppleWebKit/537.36 (KHTML, like Gecko) Mobile Safari/537.36 (compatible; PetalBot;+https://webmaster.petalsearch.com/site/petalbot)"
114.119.159.183 - - [06/Aug/2021:16:10:10 +0000] "GET /galleryimg/7085757images%20(3 HTTP/1.1" 301 268 "-" "Mozilla/5.0 (Linux; Android 7.0;) AppleWebKit/537.36 (KHTML, like Gecko) Mobile Safari/537.36 (compatible; PetalBot;+https://webmaster.petalsearch.com/site/petalbot)"
114.119.159.183 - - [06/Aug/2021:16:10:10 +0000] "GET /galleryimg/7085757images%20(3 HTTP/1.1" 404 78326 "-" "Mozilla/5.0 (Linux; Android 7.0;) AppleWebKit/537.36 (KHTML, like Gecko) Mobile Safari/537.36 (compatible; PetalBot;+https://webmaster.petalsearch.com/site/petalbot)"
106.38.241.120 - - [06/Aug/2021:16:20:49 +0000] "GET / HTTP/1.1" 200 78293 "-" "Sogou web spider/4.0(+http://www.sogou.com/docs/help/webmasters.htm#07)"
66.249.66.74 - - [06/Aug/2021:16:40:09 +0000] "GET /robots.txt HTTP/1.1" 302 221 "-" "Mozilla/5.0 (compatible; Googlebot/2.1; +http://www.google.com/bot.html)"
66.249.66.65 - - [06/Aug/2021:16:40:10 +0000] "GET /robots.txt HTTP/1.1" 301 249 "-" "Mozilla/5.0 (compatible; Googlebot/2.1; +http://www.google.com/bot.html)"
66.249.66.55 - - [06/Aug/2021:16:40:10 +0000] "GET /robots.txt HTTP/1.1" 404 78307 "-" "Mozilla/5.0 (compatible; Googlebot/2.1; +http://www.google.com/bot.html)"
66.249.66.76 - - [06/Aug/2021:16:40:12 +0000] "GET / HTTP/1.1" 302 211 "-" "Mozilla/5.0 (compatible; Googlebot/2.1; +http://www.google.com/bot.html)"
66.249.66.59 - - [06/Aug/2021:16:40:12 +0000] "GET /robots.txt HTTP/1.1" 404 78307 "-" "Mozilla/5.0 (compatible; Googlebot/2.1; +http://www.google.com/bot.html)"
66.249.66.95 - - [06/Aug/2021:16:40:14 +0000] "GET / HTTP/1.1" 200 78293 "-" "Mozilla/5.0 (compatible; Googlebot/2.1; +http://www.google.com/bot.html)"
106.38.241.120 - - [06/Aug/2021:16:48:01 +0000] "GET / HTTP/1.1" 200 78293 "-" "Sogou web spider/4.0(+http://www.sogou.com/docs/help/webmasters.htm#07)"
114.119.152.233 - - [06/Aug/2021:16:51:38 +0000] "GET /robots.txt HTTP/1.1" 301 249 "-" "Mozilla/5.0 (compatible;PetalBot;+https://webmaster.petalsearch.com/site/petalbot)"
114.119.152.233 - - [06/Aug/2021:16:51:38 +0000] "GET /robots.txt HTTP/1.1" 404 78307 "-" "Mozilla/5.0 (compatible;PetalBot;+https://webmaster.petalsearch.com/site/petalbot)"
139.59.20.176 - - [06/Aug/2021:16:53:21 +0000] "GET /2021/ HTTP/1.1" 301 244 "-" "Mozilla/4.0 (compatible; MSIE 5.01; Windows NT 5.0)"
139.59.20.176 - - [06/Aug/2021:16:53:21 +0000] "GET /2021/ HTTP/1.1" 301 244 "-" "-"
139.59.20.176 - - [06/Aug/2021:16:53:21 +0000] "GET /2021/ HTTP/1.1" 200 50964 "-" "-"
49.7.20.98 - - [06/Aug/2021:17:00:35 +0000] "GET / HTTP/1.1" 200 78293 "-" "Sogou web spider/4.0(+http://www.sogou.com/docs/help/webmasters.htm#07)"
106.38.241.120 - - [06/Aug/2021:17:13:54 +0000] "GET / HTTP/1.1" 200 78293 "-" "Sogou web spider/4.0(+http://www.sogou.com/docs/help/webmasters.htm#07)"
114.119.159.39 - - [06/Aug/2021:17:18:31 +0000] "GET /robots.txt HTTP/1.1" 302 221 "-" "Mozilla/5.0 (compatible;PetalBot;+https://webmaster.petalsearch.com/site/petalbot)"
114.119.159.39 - - [06/Aug/2021:17:18:31 +0000] "GET /robots.txt HTTP/1.1" 301 249 "-" "Mozilla/5.0 (compatible;PetalBot;+https://webmaster.petalsearch.com/site/petalbot)"
114.119.159.39 - - [06/Aug/2021:17:18:31 +0000] "GET /robots.txt HTTP/1.1" 404 78307 "-" "Mozilla/5.0 (compatible;PetalBot;+https://webmaster.petalsearch.com/site/petalbot)"
106.38.241.120 - - [06/Aug/2021:17:40:22 +0000] "GET / HTTP/1.1" 200 78293 "-" "Sogou web spider/4.0(+http://www.sogou.com/docs/help/webmasters.htm#07)"
106.38.241.120 - - [06/Aug/2021:18:08:08 +0000] "GET / HTTP/1.1" 200 78293 "-" "Sogou web spider/4.0(+http://www.sogou.com/docs/help/webmasters.htm#07)"
66.249.66.57 - - [06/Aug/2021:18:10:11 +0000] "GET /robots.txt HTTP/1.1" 404 78307 "-" "Mozilla/5.0 (compatible; Googlebot/2.1; +http://www.google.com/bot.html)"
66.249.66.55 - - [06/Aug/2021:18:10:12 +0000] "GET /SingaporeTourPackage.html HTTP/1.1" 200 60437 "-" "Mozilla/5.0 (Linux; Android 6.0.1; Nexus 5X Build/MMB29P) AppleWebKit/537.36 (KHTML, like Gecko) Chrome/92.0.4515.119 Mobile Safari/537.36 (compatible; Googlebot/2.1; +http://www.google.com/bot.html)"
66.249.66.76 - - [06/Aug/2021:18:13:18 +0000] "GET /tour-package.php?id=14 HTTP/1.1" 302 233 "-" "Mozilla/5.0 (Linux; Android 6.0.1; Nexus 5X Build/MMB29P) AppleWebKit/537.36 (KHTML, like Gecko) Chrome/92.0.4515.119 Mobile Safari/537.36 (compatible; Googlebot/2.1; +http://www.google.com/bot.html)"
66.249.66.95 - - [06/Aug/2021:18:13:19 +0000] "GET /tour-package.php?id=14 HTTP/1.1" 200 58793 "-" "Mozilla/5.0 (Linux; Android 6.0.1; Nexus 5X Build/MMB29P) AppleWebKit/537.36 (KHTML, like Gecko) Chrome/92.0.4515.119 Mobile Safari/537.36 (compatible; Googlebot/2.1; +http://www.google.com/bot.html)"
92.118.160.9 - - [06/Aug/2021:18:32:25 +0000] "GET / HTTP/1.1" 302 211 "-" "NetSystemsResearch studies the availability of various services across the internet. Our website is netsystemsresearch.com"
92.118.160.9 - - [06/Aug/2021:18:32:26 +0000] "GET / HTTP/1.1" 200 78293 "-" "Go http package"
106.38.241.120 - - [06/Aug/2021:18:33:34 +0000] "GET / HTTP/1.1" 200 78293 "-" "Sogou web spider/4.0(+http://www.sogou.com/docs/help/webmasters.htm#07)"
114.119.158.125 - - [06/Aug/2021:18:40:17 +0000] "GET /RajasthanTour3Days/2Nights.html HTTP/1.1" 404 78328 "-" "Mozilla/5.0 (Linux; Android 7.0;) AppleWebKit/537.36 (KHTML, like Gecko) Mobile Safari/537.36 (compatible; PetalBot;+https://webmaster.petalsearch.com/site/petalbot)"
40.77.167.10 - - [06/Aug/2021:18:45:10 +0000] "GET /tour-package.php?id=17 HTTP/1.1" 302 233 "-" "Mozilla/5.0 (compatible; bingbot/2.0; +http://www.bing.com/bingbot.htm)"
40.77.167.10 - - [06/Aug/2021:18:45:12 +0000] "GET /tour-package.php?id=17 HTTP/1.1" 200 61812 "-" "Mozilla/5.0 (compatible; bingbot/2.0; +http://www.bing.com/bingbot.htm)"
139.59.20.176 - - [06/Aug/2021:18:52:06 +0000] "GET / HTTP/1.1" 200 78293 "-" "Mozilla/5.0 (Windows NT 10.0; Win64; x64) AppleWebKit/537.36 (KHTML, like Gecko) Chrome/59.0.3071.115 Safari/537.36"
139.59.20.176 - - [06/Aug/2021:18:52:06 +0000] "GET /feed HTTP/1.1" 301 243 "-" "Mozilla/5.0 (Windows NT 10.0; Win64; x64) AppleWebKit/537.36 (KHTML, like Gecko) Chrome/59.0.3071.115 Safari/537.36"
139.59.20.176 - - [06/Aug/2021:18:52:06 +0000] "GET /feed HTTP/1.1" 200 50964 "-" "Mozilla/5.0 (Windows NT 10.0; Win64; x64) AppleWebKit/537.36 (KHTML, like Gecko) Chrome/59.0.3071.115 Safari/537.36"
49.7.20.98 - - [06/Aug/2021:18:53:42 +0000] "GET / HTTP/1.1" 200 78293 "-" "Sogou web spider/4.0(+http://www.sogou.com/docs/help/webmasters.htm#07)"
106.38.241.120 - - [06/Aug/2021:19:02:09 +0000] "GET / HTTP/1.1" 200 78293 "-" "Sogou web spider/4.0(+http://www.sogou.com/docs/help/webmasters.htm#07)"
114.119.156.152 - - [06/Aug/2021:19:09:10 +0000] "GET /hill-station-tour-packages.php HTTP/1.1" 200 53993 "-" "Mozilla/5.0 (Linux; Android 7.0;) AppleWebKit/537.36 (KHTML, like Gecko) Mobile Safari/537.36 (compatible; PetalBot;+https://webmaster.petalsearch.com/site/petalbot)"
185.191.171.14 - - [06/Aug/2021:19:09:45 +0000] "GET /robots.txt HTTP/1.1" 404 78307 "-" "Mozilla/5.0 (compatible; SemrushBot/7~bl; +http://www.semrush.com/bot.html)"
185.191.171.45 - - [06/Aug/2021:19:09:46 +0000] "GET /tour-package.php?id=23 HTTP/1.1" 200 57946 "-" "Mozilla/5.0 (compatible; SemrushBot/7~bl; +http://www.semrush.com/bot.html)"
35.231.97.214 - - [06/Aug/2021:19:18:46 +0000] "GET /robots.txt HTTP/1.0" 404 78307 "-" "ZoominfoBot (zoominfobot at zoominfo dot com)"
35.231.97.214 - - [06/Aug/2021:19:18:47 +0000] "GET / HTTP/1.0" 200 78297 "-" "ZoominfoBot (zoominfobot at zoominfo dot com)"
35.231.97.214 - - [06/Aug/2021:19:18:56 +0000] "GET /robots.txt HTTP/1.0" 301 249 "-" "ZoominfoBot (zoominfobot at zoominfo dot com)"
35.231.97.214 - - [06/Aug/2021:19:18:57 +0000] "GET /robots.txt HTTP/1.1" 404 78307 "-" "ZoominfoBot (zoominfobot at zoominfo dot com)"
35.231.97.214 - - [06/Aug/2021:19:18:59 +0000] "GET / HTTP/1.0" 200 78293 "-" "ZoominfoBot (zoominfobot at zoominfo dot com)"
114.119.158.125 - - [06/Aug/2021:19:25:11 +0000] "GET /tour-package.php?id=22 HTTP/1.1" 200 58102 "-" "Mozilla/5.0 (Linux; Android 7.0;) AppleWebKit/537.36 (KHTML, like Gecko) Mobile Safari/537.36 (compatible; PetalBot;+https://webmaster.petalsearch.com/site/petalbot)"
106.38.241.120 - - [06/Aug/2021:19:28:36 +0000] "GET / HTTP/1.1" 200 78293 "-" "Sogou web spider/4.0(+http://www.sogou.com/docs/help/webmasters.htm#07)"
49.7.20.98 - - [06/Aug/2021:19:50:45 +0000] "GET / HTTP/1.1" 200 78293 "-" "Sogou web spider/4.0(+http://www.sogou.com/docs/help/webmasters.htm#07)"
106.38.241.120 - - [06/Aug/2021:19:56:35 +0000] "GET / HTTP/1.1" 200 78293 "-" "Sogou web spider/4.0(+http://www.sogou.com/docs/help/webmasters.htm#07)"
114.119.159.39 - - [06/Aug/2021:20:07:45 +0000] "GET /cruise-tour-packages.php HTTP/1.1" 200 54000 "-" "Mozilla/5.0 (Linux; Android 7.0;) AppleWebKit/537.36 (KHTML, like Gecko) Mobile Safari/537.36 (compatible; PetalBot;+https://webmaster.petalsearch.com/site/petalbot)"
66.249.66.59 - - [06/Aug/2021:20:10:51 +0000] "GET /pagecontents.php?url=Pyament-Option HTTP/1.1" 200 50964 "-" "Mozilla/5.0 (Linux; Android 6.0.1; Nexus 5X Build/MMB29P) AppleWebKit/537.36 (KHTML, like Gecko) Chrome/92.0.4515.119 Mobile Safari/537.36 (compatible; Googlebot/2.1; +http://www.google.com/bot.html)"
114.119.158.125 - - [06/Aug/2021:20:22:33 +0000] "GET /tour-package.php?id=12 HTTP/1.1" 200 55085 "-" "Mozilla/5.0 (Linux; Android 7.0;) AppleWebKit/537.36 (KHTML, like Gecko) Mobile Safari/537.36 (compatible; PetalBot;+https://webmaster.petalsearch.com/site/petalbot)"
106.38.241.120 - - [06/Aug/2021:20:22:47 +0000] "GET / HTTP/1.1" 200 78293 "-" "Sogou web spider/4.0(+http://www.sogou.com/docs/help/webmasters.htm#07)"
66.249.66.57 - - [06/Aug/2021:20:25:32 +0000] "GET /pagecontents.php?url=Pyament-Option HTTP/1.1" 200 50964 "-" "Mozilla/5.0 (compatible; Googlebot/2.1; +http://www.google.com/bot.html)"
138.246.253.24 - - [06/Aug/2021:20:39:05 +0000] "GET /robots.txt HTTP/1.1" 302 221 "-" "Mozilla/5.0 (Windows NT 10.0; Win64; x64) AppleWebKit/537.36 (KHTML, like Gecko) Chrome/88.0.4324.146 Safari/537.36"
49.7.20.98 - - [06/Aug/2021:20:48:28 +0000] "GET / HTTP/1.1" 200 78293 "-" "Sogou web spider/4.0(+http://www.sogou.com/docs/help/webmasters.htm#07)"
106.38.241.120 - - [06/Aug/2021:20:50:13 +0000] "GET / HTTP/1.1" 200 78293 "-" "Sogou web spider/4.0(+http://www.sogou.com/docs/help/webmasters.htm#07)"
78.46.176.21 - - [06/Aug/2021:20:57:16 +0000] "GET /robots.txt HTTP/1.1" 302 221 "-" "Mozilla/5.0 (compatible; MJ12bot/v1.4.8; http://mj12bot.com/)"
78.46.176.21 - - [06/Aug/2021:20:57:17 +0000] "GET /robots.txt HTTP/1.1" 301 249 "-" "Mozilla/5.0 (compatible; MJ12bot/v1.4.8; http://mj12bot.com/)"
78.46.176.21 - - [06/Aug/2021:20:57:18 +0000] "GET /robots.txt HTTP/1.1" 404 78307 "-" "Mozilla/5.0 (compatible; MJ12bot/v1.4.8; http://mj12bot.com/)"
78.46.176.21 - - [06/Aug/2021:20:57:20 +0000] "GET /Hongkong%E2%80%93Macau%E2%80%93DisneylandTour.html HTTP/1.1" 302 261 "-" "Mozilla/5.0 (compatible; MJ12bot/v1.4.8; http://mj12bot.com/)"
78.46.176.21 - - [06/Aug/2021:20:57:24 +0000] "GET /Hongkong%E2%80%93Macau%E2%80%93DisneylandTour.html HTTP/1.1" 301 289 "-" "Mozilla/5.0 (compatible; MJ12bot/v1.4.8; http://mj12bot.com/)"
78.46.176.21 - - [06/Aug/2021:20:57:28 +0000] "GET /Hongkong%E2%80%93Macau%E2%80%93DisneylandTour.html HTTP/1.1" 200 62383 "-" "Mozilla/5.0 (compatible; MJ12bot/v1.4.8; http://mj12bot.com/)"
78.46.176.21 - - [06/Aug/2021:20:57:31 +0000] "GET /Hongkong%E2%80%93Macau%E2%80%93Shenzhen%E2%80%93DisneylandTour.html HTTP/1.1" 302 278 "-" "Mozilla/5.0 (compatible; MJ12bot/v1.4.8; http://mj12bot.com/)"
78.46.176.21 - - [06/Aug/2021:20:57:34 +0000] "GET /Hongkong%E2%80%93Macau%E2%80%93Shenzhen%E2%80%93DisneylandTour.html HTTP/1.1" 301 306 "-" "Mozilla/5.0 (compatible; MJ12bot/v1.4.8; http://mj12bot.com/)"
78.46.176.21 - - [06/Aug/2021:20:57:36 +0000] "GET /Hongkong%E2%80%93Macau%E2%80%93Shenzhen%E2%80%93DisneylandTour.html HTTP/1.1" 200 66098 "-" "Mozilla/5.0 (compatible; MJ12bot/v1.4.8; http://mj12bot.com/)"
78.46.176.21 - - [06/Aug/2021:20:57:39 +0000] "GET /Hongkong%E2%80%93Macau%E2%80%93DisneylandTour.html HTTP/1.1" 200 62383 "-" "Mozilla/5.0 (compatible; MJ12bot/v1.4.8; http://mj12bot.com/)"
78.46.176.21 - - [06/Aug/2021:20:57:48 +0000] "GET /Hongkong%E2%80%93Macau%E2%80%93Shenzhen%E2%80%93DisneylandTour.html HTTP/1.1" 200 66098 "-" "Mozilla/5.0 (compatible; MJ12bot/v1.4.8; http://mj12bot.com/)"
114.119.159.39 - - [06/Aug/2021:21:05:56 +0000] "GET /tour-package.php?id=13 HTTP/1.1" 200 64719 "-" "Mozilla/5.0 (Linux; Android 7.0;) AppleWebKit/537.36 (KHTML, like Gecko) Mobile Safari/537.36 (compatible; PetalBot;+https://webmaster.petalsearch.com/site/petalbot)"
157.55.39.139 - - [06/Aug/2021:21:08:14 +0000] "GET /about.php/js/main.js HTTP/1.1" 302 231 "-" "Mozilla/5.0 (compatible; MSIE 9.0; Windows NT 6.1; Trident/5.0)"
157.55.39.139 - - [06/Aug/2021:21:08:16 +0000] "GET /about.php/js/main.js HTTP/1.1" 200 57479 "-" "Mozilla/5.0 (compatible; MSIE 9.0; Windows NT 6.1; Trident/5.0)"
40.77.167.104 - - [06/Aug/2021:21:08:48 +0000] "GET /about.php/js/vendor/jquery-1.11.3.min.js HTTP/1.1" 302 251 "-" "Mozilla/5.0 (compatible; MSIE 9.0; Windows NT 6.1; Trident/5.0)"
40.77.167.104 - - [06/Aug/2021:21:08:49 +0000] "GET /about.php/js/vendor/jquery-1.11.3.min.js HTTP/1.1" 200 57479 "-" "Mozilla/5.0 (compatible; MSIE 9.0; Windows NT 6.1; Trident/5.0)"
106.38.241.120 - - [06/Aug/2021:21:16:28 +0000] "GET / HTTP/1.1" 200 78293 "-" "Sogou web spider/4.0(+http://www.sogou.com/docs/help/webmasters.htm#07)"
114.119.134.245 - - [06/Aug/2021:21:21:18 +0000] "GET /Hongkong%E2%80%93Macau%E2%80%93Shenzhen%E2%80%93DisneylandTour.html HTTP/1.1" 200 66098 "-" "Mozilla/5.0 (Linux; Android 7.0;) AppleWebKit/537.36 (KHTML, like Gecko) Mobile Safari/537.36 (compatible; PetalBot;+https://webmaster.petalsearch.com/site/petalbot)"
185.191.171.36 - - [06/Aug/2021:21:38:51 +0000] "GET /robots.txt HTTP/1.1" 301 249 "-" "Mozilla/5.0 (compatible; SemrushBot/7~bl; +http://www.semrush.com/bot.html)"
185.191.171.4 - - [06/Aug/2021:21:38:52 +0000] "GET /robots.txt HTTP/1.1" 404 78307 "-" "Mozilla/5.0 (compatible; SemrushBot/7~bl; +http://www.semrush.com/bot.html)"
185.191.171.17 - - [06/Aug/2021:21:38:53 +0000] "GET /tour-package.php?id=21 HTTP/1.1" 200 57872 "-" "Mozilla/5.0 (compatible; SemrushBot/7~bl; +http://www.semrush.com/bot.html)"
106.38.241.120 - - [06/Aug/2021:21:43:17 +0000] "GET / HTTP/1.1" 200 78293 "-" "Sogou web spider/4.0(+http://www.sogou.com/docs/help/webmasters.htm#07)"
49.7.20.98 - - [06/Aug/2021:21:46:25 +0000] "GET / HTTP/1.1" 200 78293 "-" "Sogou web spider/4.0(+http://www.sogou.com/docs/help/webmasters.htm#07)"
92.118.160.61 - - [06/Aug/2021:21:56:48 +0000] "GET / HTTP/1.1" 200 78293 "-" "NetSystemsResearch studies the availability of various services across the internet. Our website is netsystemsresearch.com"
66.249.66.55 - - [06/Aug/2021:22:01:03 +0000] "GET /contact.php HTTP/1.1" 200 57552 "-" "Mozilla/5.0 (Linux; Android 6.0.1; Nexus 5X Build/MMB29P) AppleWebKit/537.36 (KHTML, like Gecko) Chrome/92.0.4515.119 Mobile Safari/537.36 (compatible; Googlebot/2.1; +http://www.google.com/bot.html)"
106.38.241.120 - - [06/Aug/2021:22:10:14 +0000] "GET / HTTP/1.1" 200 78293 "-" "Sogou web spider/4.0(+http://www.sogou.com/docs/help/webmasters.htm#07)"
114.119.157.24 - - [06/Aug/2021:22:15:58 +0000] "GET /RajasthanCarTour.html HTTP/1.1" 200 68297 "-" "Mozilla/5.0 (Linux; Android 7.0;) AppleWebKit/537.36 (KHTML, like Gecko) Mobile Safari/537.36 (compatible; PetalBot;+https://webmaster.petalsearch.com/site/petalbot)"
92.118.160.61 - - [06/Aug/2021:22:26:52 +0000] "GET / HTTP/1.1" 302 215 "-" "NetSystemsResearch studies the availability of various services across the internet. Our website is netsystemsresearch.com"
92.118.160.61 - - [06/Aug/2021:22:26:53 +0000] "GET / HTTP/1.1" 200 78297 "-" "Go http package"
106.38.241.120 - - [06/Aug/2021:22:35:35 +0000] "GET / HTTP/1.1" 200 78293 "-" "Sogou web spider/4.0(+http://www.sogou.com/docs/help/webmasters.htm#07)"
144.86.173.81 - - [06/Aug/2021:22:43:14 +0000] "GET / HTTP/1.1" 302 215 "-" "Expanse, a Palo Alto Networks company, searches across the global IPv4 space multiple times per day to identify customers' presences on the Internet. If you would like to be excluded from our scans, please send IP addresses/domains to: scaninfo@paloaltonetworks.com"
49.7.20.98 - - [06/Aug/2021:22:44:21 +0000] "GET / HTTP/1.1" 200 78293 "-" "Sogou web spider/4.0(+http://www.sogou.com/docs/help/webmasters.htm#07)"
114.119.152.233 - - [06/Aug/2021:22:59:52 +0000] "GET /SingaporeTourPackage.html HTTP/1.1" 200 60437 "-" "Mozilla/5.0 (Linux; Android 7.0;) AppleWebKit/537.36 (KHTML, like Gecko) Mobile Safari/537.36 (compatible; PetalBot;+https://webmaster.petalsearch.com/site/petalbot)"
106.38.241.120 - - [06/Aug/2021:23:02:02 +0000] "GET / HTTP/1.1" 200 78293 "-" "Sogou web spider/4.0(+http://www.sogou.com/docs/help/webmasters.htm#07)"
185.191.171.20 - - [06/Aug/2021:23:04:28 +0000] "GET /robots.txt HTTP/1.1" 404 78307 "-" "Mozilla/5.0 (compatible; SemrushBot/7~bl; +http://www.semrush.com/bot.html)"
185.191.171.38 - - [06/Aug/2021:23:04:30 +0000] "GET /Shimla,Manali&AgraCarTour.html HTTP/1.1" 200 56928 "-" "Mozilla/5.0 (compatible; SemrushBot/7~bl; +http://www.semrush.com/bot.html)"
66.102.8.222 - - [06/Aug/2021:23:09:15 +0000] "GET /pagecontents.php?url=Privacy-Policy HTTP/1.1" 302 246 "https://www.google.com/url?sa=t&rct=j&q=&esrc=s&source=web&cd=1&ved=0CCQQFjAB&url=https%3A%2F%2Findiatravelkart.com%2Fpagecontents.php%3Furl%3DPrivacy-Policy&ei=GsENYcTuFtK4yAWepgE&usg=AFQjCNERAN4XledHBhCIO1Jv0ZOn_cdopw" "Mozilla/5.0 (iPhone; CPU iPhone OS 14_6 like Mac OS X) AppleWebKit/605.1.15 (KHTML, like Gecko) Version/14.1.1 Mobile/15E148 Safari/604.1"
66.102.8.223 - - [06/Aug/2021:23:09:16 +0000] "GET /pagecontents.php?url=Privacy-Policy HTTP/1.1" 302 246 "https://www.google.com/url?sa=t&rct=j&q=&esrc=s&source=web&cd=1&ved=0CFQQFjAD&url=https%3A%2F%2Findiatravelkart.com%2Fpagecontents.php%3Furl%3DPrivacy-Policy&ei=F8ENYfP_B6azlQf5PQ&usg=AFQjCNERAN4XledHBhCIO1Jv0ZOn_cdopw" "Mozilla/5.0 (Windows NT 10.0; WOW64; Trident/7.0; rv:11.0) like Gecko"
66.102.8.199 - - [06/Aug/2021:23:09:16 +0000] "GET /pagecontents.php?url=Privacy-Policy HTTP/1.1" 200 51008 "https://www.google.com/url?sa=t&rct=j&q=&esrc=s&source=web&cd=1&ved=0CCQQFjAB&url=https%3A%2F%2Findiatravelkart.com%2Fpagecontents.php%3Furl%3DPrivacy-Policy&ei=GsENYcTuFtK4yAWepgE&usg=AFQjCNERAN4XledHBhCIO1Jv0ZOn_cdopw" "Mozilla/5.0 (iPhone; CPU iPhone OS 14_6 like Mac OS X) AppleWebKit/605.1.15 (KHTML, like Gecko) Version/14.1.1 Mobile/15E148 Safari/604.1"
66.102.8.199 - - [06/Aug/2021:23:09:17 +0000] "GET /css/font-awesome.min.css HTTP/1.1" 200 27490 "http://indiatravelkart.com/pagecontents.php?url=Privacy-Policy" "Mozilla/5.0 (iPhone; CPU iPhone OS 14_6 like Mac OS X) AppleWebKit/605.1.15 (KHTML, like Gecko) Version/14.1.1 Mobile/15E148 Safari/604.1"
66.102.8.199 - - [06/Aug/2021:23:09:16 +0000] "GET /pagecontents.php?url=Privacy-Policy HTTP/1.1" 200 51008 "https://www.google.com/url?sa=t&rct=j&q=&esrc=s&source=web&cd=1&ved=0CFQQFjAD&url=https%3A%2F%2Findiatravelkart.com%2Fpagecontents.php%3Furl%3DPrivacy-Policy&ei=F8ENYfP_B6azlQf5PQ&usg=AFQjCNERAN4XledHBhCIO1Jv0ZOn_cdopw" "Mozilla/5.0 (Windows NT 10.0; WOW64; Trident/7.0; rv:11.0) like Gecko"
66.102.8.199 - - [06/Aug/2021:23:09:17 +0000] "GET /css/owl.carousel.css HTTP/1.1" 200 7603 "http://indiatravelkart.com/pagecontents.php?url=Privacy-Policy" "Mozilla/5.0 (iPhone; CPU iPhone OS 14_6 like Mac OS X) AppleWebKit/605.1.15 (KHTML, like Gecko) Version/14.1.1 Mobile/15E148 Safari/604.1"
66.102.8.198 - - [06/Aug/2021:23:09:17 +0000] "GET /css/jquery-ui.css HTTP/1.1" 200 35228 "http://indiatravelkart.com/pagecontents.php?url=Privacy-Policy" "Mozilla/5.0 (iPhone; CPU iPhone OS 14_6 like Mac OS X) AppleWebKit/605.1.15 (KHTML, like Gecko) Version/14.1.1 Mobile/15E148 Safari/604.1"
66.102.8.199 - - [06/Aug/2021:23:09:17 +0000] "GET /css/meanmenu.min.css HTTP/1.1" 200 2732 "http://indiatravelkart.com/pagecontents.php?url=Privacy-Policy" "Mozilla/5.0 (iPhone; CPU iPhone OS 14_6 like Mac OS X) AppleWebKit/605.1.15 (KHTML, like Gecko) Version/14.1.1 Mobile/15E148 Safari/604.1"
66.102.8.223 - - [06/Aug/2021:23:09:17 +0000] "GET /lib/nivo-slider/css/nivo-slider.css HTTP/1.1" 200 8098 "http://indiatravelkart.com/pagecontents.php?url=Privacy-Policy" "Mozilla/5.0 (iPhone; CPU iPhone OS 14_6 like Mac OS X) AppleWebKit/605.1.15 (KHTML, like Gecko) Version/14.1.1 Mobile/15E148 Safari/604.1"
66.102.8.199 - - [06/Aug/2021:23:09:17 +0000] "GET /css/animate.css HTTP/1.1" 200 70824 "http://indiatravelkart.com/pagecontents.php?url=Privacy-Policy" "Mozilla/5.0 (Windows NT 10.0; WOW64; Trident/7.0; rv:11.0) like Gecko"
66.102.8.199 - - [06/Aug/2021:23:09:17 +0000] "GET /css/owl.carousel.css HTTP/1.1" 200 7603 "http://indiatravelkart.com/pagecontents.php?url=Privacy-Policy" "Mozilla/5.0 (Windows NT 10.0; WOW64; Trident/7.0; rv:11.0) like Gecko"
66.102.8.199 - - [06/Aug/2021:23:09:17 +0000] "GET /css/font-awesome.min.css HTTP/1.1" 200 27490 "http://indiatravelkart.com/pagecontents.php?url=Privacy-Policy" "Mozilla/5.0 (Windows NT 10.0; WOW64; Trident/7.0; rv:11.0) like Gecko"
66.102.8.223 - - [06/Aug/2021:23:09:17 +0000] "GET /css/animate.css HTTP/1.1" 200 70824 "http://indiatravelkart.com/pagecontents.php?url=Privacy-Policy" "Mozilla/5.0 (iPhone; CPU iPhone OS 14_6 like Mac OS X) AppleWebKit/605.1.15 (KHTML, like Gecko) Version/14.1.1 Mobile/15E148 Safari/604.1"
66.102.8.198 - - [06/Aug/2021:23:09:17 +0000] "GET /lib/nivo-slider/css/preview.css HTTP/1.1" 200 5624 "http://indiatravelkart.com/pagecontents.php?url=Privacy-Policy" "Mozilla/5.0 (iPhone; CPU iPhone OS 14_6 like Mac OS X) AppleWebKit/605.1.15 (KHTML, like Gecko) Version/14.1.1 Mobile/15E148 Safari/604.1"
66.102.8.199 - - [06/Aug/2021:23:09:18 +0000] "GET /css/meanmenu.min.css HTTP/1.1" 200 2732 "http://indiatravelkart.com/pagecontents.php?url=Privacy-Policy" "Mozilla/5.0 (Windows NT 10.0; WOW64; Trident/7.0; rv:11.0) like Gecko"
66.102.8.198 - - [06/Aug/2021:23:09:18 +0000] "GET /css/jquery-ui.css HTTP/1.1" 200 35228 "http://indiatravelkart.com/pagecontents.php?url=Privacy-Policy" "Mozilla/5.0 (Windows NT 10.0; WOW64; Trident/7.0; rv:11.0) like Gecko"
66.102.8.199 - - [06/Aug/2021:23:09:18 +0000] "GET /lib/nivo-slider/css/nivo-slider.css HTTP/1.1" 200 8098 "http://indiatravelkart.com/pagecontents.php?url=Privacy-Policy" "Mozilla/5.0 (Windows NT 10.0; WOW64; Trident/7.0; rv:11.0) like Gecko"
66.102.8.198 - - [06/Aug/2021:23:09:17 +0000] "GET /css/bootstrap.min.css HTTP/1.1" 200 138183 "http://indiatravelkart.com/pagecontents.php?url=Privacy-Policy" "Mozilla/5.0 (iPhone; CPU iPhone OS 14_6 like Mac OS X) AppleWebKit/605.1.15 (KHTML, like Gecko) Version/14.1.1 Mobile/15E148 Safari/604.1"
66.102.8.199 - - [06/Aug/2021:23:09:18 +0000] "GET /lib/nivo-slider/css/preview.css HTTP/1.1" 200 5624 "http://indiatravelkart.com/pagecontents.php?url=Privacy-Policy" "Mozilla/5.0 (Windows NT 10.0; WOW64; Trident/7.0; rv:11.0) like Gecko"
66.102.8.199 - - [06/Aug/2021:23:09:17 +0000] "GET /css/bootstrap.min.css HTTP/1.1" 200 138183 "http://indiatravelkart.com/pagecontents.php?url=Privacy-Policy" "Mozilla/5.0 (Windows NT 10.0; WOW64; Trident/7.0; rv:11.0) like Gecko"
66.102.8.198 - - [06/Aug/2021:23:09:18 +0000] "GET /css/responsive.css HTTP/1.1" 200 27655 "http://indiatravelkart.com/pagecontents.php?url=Privacy-Policy" "Mozilla/5.0 (iPhone; CPU iPhone OS 14_6 like Mac OS X) AppleWebKit/605.1.15 (KHTML, like Gecko) Version/14.1.1 Mobile/15E148 Safari/604.1"
66.102.8.199 - - [06/Aug/2021:23:09:18 +0000] "GET /js/vendor/modernizr-2.8.3.min.js HTTP/1.1" 200 15514 "http://indiatravelkart.com/pagecontents.php?url=Privacy-Policy" "Mozilla/5.0 (iPhone; CPU iPhone OS 14_6 like Mac OS X) AppleWebKit/605.1.15 (KHTML, like Gecko) Version/14.1.1 Mobile/15E148 Safari/604.1"
66.102.8.223 - - [06/Aug/2021:23:09:18 +0000] "GET /style.css HTTP/1.1" 200 115813 "http://indiatravelkart.com/pagecontents.php?url=Privacy-Policy" "Mozilla/5.0 (Windows NT 10.0; WOW64; Trident/7.0; rv:11.0) like Gecko"
66.102.8.223 - - [06/Aug/2021:23:09:18 +0000] "GET /js/vendor/modernizr-2.8.3.min.js HTTP/1.1" 200 15514 "http://indiatravelkart.com/pagecontents.php?url=Privacy-Policy" "Mozilla/5.0 (Windows NT 10.0; WOW64; Trident/7.0; rv:11.0) like Gecko"
66.102.8.199 - - [06/Aug/2021:23:09:18 +0000] "GET /css/responsive.css HTTP/1.1" 200 27655 "http://indiatravelkart.com/pagecontents.php?url=Privacy-Policy" "Mozilla/5.0 (Windows NT 10.0; WOW64; Trident/7.0; rv:11.0) like Gecko"
66.102.8.199 - - [06/Aug/2021:23:09:18 +0000] "GET /js/vendor/jquery-1.11.3.min.js HTTP/1.1" 200 95992 "http://indiatravelkart.com/pagecontents.php?url=Privacy-Policy" "Mozilla/5.0 (Windows NT 10.0; WOW64; Trident/7.0; rv:11.0) like Gecko"
66.102.8.223 - - [06/Aug/2021:23:09:18 +0000] "GET /style.css HTTP/1.1" 200 115813 "http://indiatravelkart.com/pagecontents.php?url=Privacy-Policy" "Mozilla/5.0 (iPhone; CPU iPhone OS 14_6 like Mac OS X) AppleWebKit/605.1.15 (KHTML, like Gecko) Version/14.1.1 Mobile/15E148 Safari/604.1"
66.102.8.198 - - [06/Aug/2021:23:09:18 +0000] "GET /lib/nivo-slider/js/jquery.nivo.slider.js HTTP/1.1" 200 29113 "http://indiatravelkart.com/pagecontents.php?url=Privacy-Policy" "Mozilla/5.0 (Windows NT 10.0; WOW64; Trident/7.0; rv:11.0) like Gecko"
66.102.8.199 - - [06/Aug/2021:23:09:18 +0000] "GET /lib/nivo-slider/home.js HTTP/1.1" 200 724 "http://indiatravelkart.com/pagecontents.php?url=Privacy-Policy" "Mozilla/5.0 (Windows NT 10.0; WOW64; Trident/7.0; rv:11.0) like Gecko"
66.102.8.223 - - [06/Aug/2021:23:09:18 +0000] "GET /js/bootstrap.min.js HTTP/1.1" 200 36868 "http://indiatravelkart.com/pagecontents.php?url=Privacy-Policy" "Mozilla/5.0 (Windows NT 10.0; WOW64; Trident/7.0; rv:11.0) like Gecko"
66.102.8.199 - - [06/Aug/2021:23:09:18 +0000] "GET /js/wow.min.js HTTP/1.1" 200 8426 "http://indiatravelkart.com/pagecontents.php?url=Privacy-Policy" "Mozilla/5.0 (Windows NT 10.0; WOW64; Trident/7.0; rv:11.0) like Gecko"
66.102.8.198 - - [06/Aug/2021:23:09:18 +0000] "GET /js/jquery-price-slider.js HTTP/1.1" 200 24017 "http://indiatravelkart.com/pagecontents.php?url=Privacy-Policy" "Mozilla/5.0 (Windows NT 10.0; WOW64; Trident/7.0; rv:11.0) like Gecko"
66.102.8.198 - - [06/Aug/2021:23:09:18 +0000] "GET /js/jquery.meanmenu.js HTTP/1.1" 200 11467 "http://indiatravelkart.com/pagecontents.php?url=Privacy-Policy" "Mozilla/5.0 (Windows NT 10.0; WOW64; Trident/7.0; rv:11.0) like Gecko"
66.102.8.199 - - [06/Aug/2021:23:09:19 +0000] "GET /js/owl.carousel.min.js HTTP/1.1" 200 23890 "http://indiatravelkart.com/pagecontents.php?url=Privacy-Policy" "Mozilla/5.0 (Windows NT 10.0; WOW64; Trident/7.0; rv:11.0) like Gecko"
66.102.8.199 - - [06/Aug/2021:23:09:19 +0000] "GET /js/jquery.scrollUp.min.js HTTP/1.1" 200 2035 "http://indiatravelkart.com/pagecontents.php?url=Privacy-Policy" "Mozilla/5.0 (Windows NT 10.0; WOW64; Trident/7.0; rv:11.0) like Gecko"
66.102.8.199 - - [06/Aug/2021:23:09:18 +0000] "GET /js/vendor/jquery-1.11.3.min.js HTTP/1.1" 200 95992 "http://indiatravelkart.com/pagecontents.php?url=Privacy-Policy" "Mozilla/5.0 (iPhone; CPU iPhone OS 14_6 like Mac OS X) AppleWebKit/605.1.15 (KHTML, like Gecko) Version/14.1.1 Mobile/15E148 Safari/604.1"
66.102.8.199 - - [06/Aug/2021:23:09:19 +0000] "GET /js/bootstrap.min.js HTTP/1.1" 200 36868 "http://indiatravelkart.com/pagecontents.php?url=Privacy-Policy" "Mozilla/5.0 (iPhone; CPU iPhone OS 14_6 like Mac OS X) AppleWebKit/605.1.15 (KHTML, like Gecko) Version/14.1.1 Mobile/15E148 Safari/604.1"
66.102.8.199 - - [06/Aug/2021:23:09:19 +0000] "GET /lib/nivo-slider/js/jquery.nivo.slider.js HTTP/1.1" 200 29113 "http://indiatravelkart.com/pagecontents.php?url=Privacy-Policy" "Mozilla/5.0 (iPhone; CPU iPhone OS 14_6 like Mac OS X) AppleWebKit/605.1.15 (KHTML, like Gecko) Version/14.1.1 Mobile/15E148 Safari/604.1"
66.102.8.199 - - [06/Aug/2021:23:09:19 +0000] "GET /js/wow.min.js HTTP/1.1" 200 8426 "http://indiatravelkart.com/pagecontents.php?url=Privacy-Policy" "Mozilla/5.0 (iPhone; CPU iPhone OS 14_6 like Mac OS X) AppleWebKit/605.1.15 (KHTML, like Gecko) Version/14.1.1 Mobile/15E148 Safari/604.1"
66.102.8.198 - - [06/Aug/2021:23:09:19 +0000] "GET /js/jquery-price-slider.js HTTP/1.1" 200 24017 "http://indiatravelkart.com/pagecontents.php?url=Privacy-Policy" "Mozilla/5.0 (iPhone; CPU iPhone OS 14_6 like Mac OS X) AppleWebKit/605.1.15 (KHTML, like Gecko) Version/14.1.1 Mobile/15E148 Safari/604.1"
66.102.8.223 - - [06/Aug/2021:23:09:19 +0000] "GET /js/waypoints.min.js HTTP/1.1" 200 8044 "http://indiatravelkart.com/pagecontents.php?url=Privacy-Policy" "Mozilla/5.0 (Windows NT 10.0; WOW64; Trident/7.0; rv:11.0) like Gecko"
66.102.8.198 - - [06/Aug/2021:23:09:19 +0000] "GET /js/jquery.counterup.min.js HTTP/1.1" 200 1067 "http://indiatravelkart.com/pagecontents.php?url=Privacy-Policy" "Mozilla/5.0 (Windows NT 10.0; WOW64; Trident/7.0; rv:11.0) like Gecko"
66.102.8.198 - - [06/Aug/2021:23:09:19 +0000] "GET /js/plugins.js HTTP/1.1" 200 760 "http://indiatravelkart.com/pagecontents.php?url=Privacy-Policy" "Mozilla/5.0 (Windows NT 10.0; WOW64; Trident/7.0; rv:11.0) like Gecko"
66.102.8.223 - - [06/Aug/2021:23:09:19 +0000] "GET /js/main.js HTTP/1.1" 200 2518 "http://indiatravelkart.com/pagecontents.php?url=Privacy-Policy" "Mozilla/5.0 (Windows NT 10.0; WOW64; Trident/7.0; rv:11.0) like Gecko"
66.102.8.199 - - [06/Aug/2021:23:09:19 +0000] "GET /img/logo/logo.png HTTP/1.1" 200 16597 "http://indiatravelkart.com/pagecontents.php?url=Privacy-Policy" "Mozilla/5.0 (Windows NT 10.0; WOW64; Trident/7.0; rv:11.0) like Gecko"
66.102.8.223 - - [06/Aug/2021:23:09:19 +0000] "GET /js/jquery.meanmenu.js HTTP/1.1" 200 11467 "http://indiatravelkart.com/pagecontents.php?url=Privacy-Policy" "Mozilla/5.0 (iPhone; CPU iPhone OS 14_6 like Mac OS X) AppleWebKit/605.1.15 (KHTML, like Gecko) Version/14.1.1 Mobile/15E148 Safari/604.1"
66.102.8.198 - - [06/Aug/2021:23:09:19 +0000] "GET /js/owl.carousel.min.js HTTP/1.1" 200 23890 "http://indiatravelkart.com/pagecontents.php?url=Privacy-Policy" "Mozilla/5.0 (iPhone; CPU iPhone OS 14_6 like Mac OS X) AppleWebKit/605.1.15 (KHTML, like Gecko) Version/14.1.1 Mobile/15E148 Safari/604.1"
66.102.8.199 - - [06/Aug/2021:23:09:19 +0000] "GET /lib/nivo-slider/home.js HTTP/1.1" 200 724 "http://indiatravelkart.com/pagecontents.php?url=Privacy-Policy" "Mozilla/5.0 (iPhone; CPU iPhone OS 14_6 like Mac OS X) AppleWebKit/605.1.15 (KHTML, like Gecko) Version/14.1.1 Mobile/15E148 Safari/604.1"
66.102.8.199 - - [06/Aug/2021:23:09:19 +0000] "GET /img/banner/transparent-bottom.png HTTP/1.1" 200 4263 "http://indiatravelkart.com/pagecontents.php?url=Privacy-Policy" "Mozilla/5.0 (Windows NT 10.0; WOW64; Trident/7.0; rv:11.0) like Gecko"
66.102.8.198 - - [06/Aug/2021:23:09:19 +0000] "GET /js/waypoints.min.js HTTP/1.1" 200 8044 "http://indiatravelkart.com/pagecontents.php?url=Privacy-Policy" "Mozilla/5.0 (iPhone; CPU iPhone OS 14_6 like Mac OS X) AppleWebKit/605.1.15 (KHTML, like Gecko) Version/14.1.1 Mobile/15E148 Safari/604.1"
66.102.8.223 - - [06/Aug/2021:23:09:19 +0000] "GET /img/icon/title-icon-3.png HTTP/1.1" 200 1460 "http://indiatravelkart.com/pagecontents.php?url=Privacy-Policy" "Mozilla/5.0 (Windows NT 10.0; WOW64; Trident/7.0; rv:11.0) like Gecko"
66.102.8.223 - - [06/Aug/2021:23:09:19 +0000] "GET /img/banner/transparent-2.png HTTP/1.1" 200 4229 "http://indiatravelkart.com/pagecontents.php?url=Privacy-Policy" "Mozilla/5.0 (Windows NT 10.0; WOW64; Trident/7.0; rv:11.0) like Gecko"
66.102.8.198 - - [06/Aug/2021:23:09:19 +0000] "GET /js/jquery.counterup.min.js HTTP/1.1" 200 1067 "http://indiatravelkart.com/pagecontents.php?url=Privacy-Policy" "Mozilla/5.0 (iPhone; CPU iPhone OS 14_6 like Mac OS X) AppleWebKit/605.1.15 (KHTML, like Gecko) Version/14.1.1 Mobile/15E148 Safari/604.1"
66.102.8.199 - - [06/Aug/2021:23:09:19 +0000] "GET /js/plugins.js HTTP/1.1" 200 760 "http://indiatravelkart.com/pagecontents.php?url=Privacy-Policy" "Mozilla/5.0 (iPhone; CPU iPhone OS 14_6 like Mac OS X) AppleWebKit/605.1.15 (KHTML, like Gecko) Version/14.1.1 Mobile/15E148 Safari/604.1"
66.102.8.198 - - [06/Aug/2021:23:09:19 +0000] "GET /js/jquery.scrollUp.min.js HTTP/1.1" 200 2035 "http://indiatravelkart.com/pagecontents.php?url=Privacy-Policy" "Mozilla/5.0 (iPhone; CPU iPhone OS 14_6 like Mac OS X) AppleWebKit/605.1.15 (KHTML, like Gecko) Version/14.1.1 Mobile/15E148 Safari/604.1"
66.102.8.223 - - [06/Aug/2021:23:09:19 +0000] "GET /js/main.js HTTP/1.1" 200 2518 "http://indiatravelkart.com/pagecontents.php?url=Privacy-Policy" "Mozilla/5.0 (iPhone; CPU iPhone OS 14_6 like Mac OS X) AppleWebKit/605.1.15 (KHTML, like Gecko) Version/14.1.1 Mobile/15E148 Safari/604.1"
66.102.8.223 - - [06/Aug/2021:23:09:19 +0000] "GET /img/banner/11.jpg HTTP/1.1" 200 496051 "http://indiatravelkart.com/pagecontents.php?url=Privacy-Policy" "Mozilla/5.0 (Windows NT 10.0; WOW64; Trident/7.0; rv:11.0) like Gecko"
66.102.8.199 - - [06/Aug/2021:23:09:19 +0000] "GET /img/logo/logo.png HTTP/1.1" 200 16597 "http://indiatravelkart.com/pagecontents.php?url=Privacy-Policy" "Mozilla/5.0 (iPhone; CPU iPhone OS 14_6 like Mac OS X) AppleWebKit/605.1.15 (KHTML, like Gecko) Version/14.1.1 Mobile/15E148 Safari/604.1"
66.102.8.198 - - [06/Aug/2021:23:09:19 +0000] "GET /fonts/fontawesome-webfontd41d.eot? HTTP/1.1" 200 70807 "http://indiatravelkart.com/pagecontents.php?url=Privacy-Policy" "Mozilla/5.0 (Windows NT 10.0; WOW64; Trident/7.0; rv:11.0) like Gecko"
66.102.8.199 - - [06/Aug/2021:23:09:19 +0000] "GET /img/payment.png HTTP/1.1" 200 13240 "http://indiatravelkart.com/pagecontents.php?url=Privacy-Policy" "Mozilla/5.0 (iPhone; CPU iPhone OS 14_6 like Mac OS X) AppleWebKit/605.1.15 (KHTML, like Gecko) Version/14.1.1 Mobile/15E148 Safari/604.1"
66.102.8.199 - - [06/Aug/2021:23:09:19 +0000] "GET /img/banner/22.jpg HTTP/1.1" 200 514354 "http://indiatravelkart.com/pagecontents.php?url=Privacy-Policy" "Mozilla/5.0 (Windows NT 10.0; WOW64; Trident/7.0; rv:11.0) like Gecko"
66.102.8.223 - - [06/Aug/2021:23:09:20 +0000] "GET /img/payment.png HTTP/1.1" 200 13240 "http://indiatravelkart.com/pagecontents.php?url=Privacy-Policy" "Mozilla/5.0 (Windows NT 10.0; WOW64; Trident/7.0; rv:11.0) like Gecko"
66.102.8.223 - - [06/Aug/2021:23:09:20 +0000] "GET /img/icon/title-icon-3.png HTTP/1.1" 200 1460 "http://indiatravelkart.com/style.css" "Mozilla/5.0 (iPhone; CPU iPhone OS 14_6 like Mac OS X) AppleWebKit/605.1.15 (KHTML, like Gecko) Version/14.1.1 Mobile/15E148 Safari/604.1"
66.102.8.223 - - [06/Aug/2021:23:09:20 +0000] "GET /img/banner/transparent-bottom.png HTTP/1.1" 200 4263 "http://indiatravelkart.com/style.css" "Mozilla/5.0 (iPhone; CPU iPhone OS 14_6 like Mac OS X) AppleWebKit/605.1.15 (KHTML, like Gecko) Version/14.1.1 Mobile/15E148 Safari/604.1"
66.102.8.199 - - [06/Aug/2021:23:09:20 +0000] "GET /fonts/fontawesome-webfont3295.woff2?v=4.5.0 HTTP/1.1" 200 66624 "http://indiatravelkart.com/css/font-awesome.min.css" "Mozilla/5.0 (iPhone; CPU iPhone OS 14_6 like Mac OS X) AppleWebKit/605.1.15 (KHTML, like Gecko) Version/14.1.1 Mobile/15E148 Safari/604.1"
66.102.8.223 - - [06/Aug/2021:23:09:20 +0000] "GET /img/banner/transparent-2.png HTTP/1.1" 200 4229 "http://indiatravelkart.com/style.css" "Mozilla/5.0 (iPhone; CPU iPhone OS 14_6 like Mac OS X) AppleWebKit/605.1.15 (KHTML, like Gecko) Version/14.1.1 Mobile/15E148 Safari/604.1"
66.102.8.223 - - [06/Aug/2021:23:09:20 +0000] "GET /img/banner/22.jpg HTTP/1.1" 200 514354 "http://indiatravelkart.com/style.css" "Mozilla/5.0 (iPhone; CPU iPhone OS 14_6 like Mac OS X) AppleWebKit/605.1.15 (KHTML, like Gecko) Version/14.1.1 Mobile/15E148 Safari/604.1"
66.102.8.199 - - [06/Aug/2021:23:09:21 +0000] "GET /img/favicon.ico HTTP/1.1" 200 1150 "-" "Mozilla/5.0 (Windows NT 10.0; WOW64; Trident/7.0; rv:11.0) like Gecko"
66.102.8.223 - - [06/Aug/2021:23:09:20 +0000] "GET /img/banner/11.jpg HTTP/1.1" 200 496051 "http://indiatravelkart.com/style.css" "Mozilla/5.0 (iPhone; CPU iPhone OS 14_6 like Mac OS X) AppleWebKit/605.1.15 (KHTML, like Gecko) Version/14.1.1 Mobile/15E148 Safari/604.1"
106.38.241.120 - - [06/Aug/2021:23:26:21 +0000] "GET / HTTP/1.1" 200 78293 "-" "Sogou web spider/4.0(+http://www.sogou.com/docs/help/webmasters.htm#07)"
185.191.171.16 - - [06/Aug/2021:23:30:05 +0000] "GET /submit-enquiry.php HTTP/1.1" 200 22 "-" "Mozilla/5.0 (compatible; SemrushBot/7~bl; +http://www.semrush.com/bot.html)"
185.191.171.38 - - [06/Aug/2021:23:32:09 +0000] "GET /robots.txt HTTP/1.1" 302 221 "-" "Mozilla/5.0 (compatible; SemrushBot/7~bl; +http://www.semrush.com/bot.html)"
185.191.171.11 - - [06/Aug/2021:23:32:10 +0000] "GET /robots.txt HTTP/1.1" 301 249 "-" "Mozilla/5.0 (compatible; SemrushBot/7~bl; +http://www.semrush.com/bot.html)"
185.191.171.14 - - [06/Aug/2021:23:32:11 +0000] "GET /robots.txt HTTP/1.1" 404 78307 "-" "Mozilla/5.0 (compatible; SemrushBot/7~bl; +http://www.semrush.com/bot.html)"
185.191.171.35 - - [06/Aug/2021:23:32:12 +0000] "GET /CORBETTTOUR.html HTTP/1.1" 302 227 "-" "Mozilla/5.0 (compatible; SemrushBot/7~bl; +http://www.semrush.com/bot.html)"
185.191.171.37 - - [06/Aug/2021:23:32:14 +0000] "GET /CORBETTTOUR.html HTTP/1.1" 301 255 "-" "Mozilla/5.0 (compatible; SemrushBot/7~bl; +http://www.semrush.com/bot.html)"
185.191.171.9 - - [06/Aug/2021:23:32:15 +0000] "GET /CORBETTTOUR.html HTTP/1.1" 200 59226 "-" "Mozilla/5.0 (compatible; SemrushBot/7~bl; +http://www.semrush.com/bot.html)"
93.158.66.18 - - [06/Aug/2021:23:36:27 +0000] "HEAD /.env HTTP/1.1" 302 - "-" "python-requests/2.26.0"
93.158.66.18 - - [06/Aug/2021:23:36:27 +0000] "HEAD /.env HTTP/1.1" 302 - "-" "python-requests/2.26.0"
49.7.20.98 - - [06/Aug/2021:23:42:19 +0000] "GET / HTTP/1.1" 200 78293 "-" "Sogou web spider/4.0(+http://www.sogou.com/docs/help/webmasters.htm#07)"
106.38.241.120 - - [07/Aug/2021:00:17:25 +0000] "GET / HTTP/1.1" 200 78293 "-" "Sogou web spider/4.0(+http://www.sogou.com/docs/help/webmasters.htm#07)"
185.191.171.17 - - [07/Aug/2021:00:17:40 +0000] "GET /robots.txt HTTP/1.1" 404 78307 "-" "Mozilla/5.0 (compatible; SemrushBot/7~bl; +http://www.semrush.com/bot.html)"
185.191.171.24 - - [07/Aug/2021:00:17:41 +0000] "GET /tour-package.php?id=28 HTTP/1.1" 200 65751 "-" "Mozilla/5.0 (compatible; SemrushBot/7~bl; +http://www.semrush.com/bot.html)"
