114.119.152.233 - - [05/Aug/2021:22:50:30 +0000] "GET / HTTP/1.1" 302 211 "-" "Mozilla/5.0 (Linux; Android 7.0;) AppleWebKit/537.36 (KHTML, like Gecko) Mobile Safari/537.36 (compatible; PetalBot;+https://webmaster.petalsearch.com/site/petalbot)"
114.119.152.233 - - [05/Aug/2021:22:50:30 +0000] "GET / HTTP/1.1" 200 78293 "-" "Mozilla/5.0 (Linux; Android 7.0;) AppleWebKit/537.36 (KHTML, like Gecko) Mobile Safari/537.36 (compatible; PetalBot;+https://webmaster.petalsearch.com/site/petalbot)"
114.119.158.125 - - [05/Aug/2021:23:42:02 +0000] "GET /robots.txt HTTP/1.1" 302 225 "-" "Mozilla/5.0 (compatible;PetalBot;+https://webmaster.petalsearch.com/site/petalbot)"
114.119.158.125 - - [05/Aug/2021:23:42:02 +0000] "GET /robots.txt HTTP/1.1" 404 78307 "-" "Mozilla/5.0 (compatible;PetalBot;+https://webmaster.petalsearch.com/site/petalbot)"
114.119.159.183 - - [05/Aug/2021:23:51:01 +0000] "GET /SrilankaHolidayTour.html HTTP/1.1" 302 235 "-" "Mozilla/5.0 (Linux; Android 7.0;) AppleWebKit/537.36 (KHTML, like Gecko) Mobile Safari/537.36 (compatible; PetalBot;+https://webmaster.petalsearch.com/site/petalbot)"
114.119.159.183 - - [05/Aug/2021:23:51:02 +0000] "GET /SrilankaHolidayTour.html HTTP/1.1" 301 263 "-" "Mozilla/5.0 (Linux; Android 7.0;) AppleWebKit/537.36 (KHTML, like Gecko) Mobile Safari/537.36 (compatible; PetalBot;+https://webmaster.petalsearch.com/site/petalbot)"
114.119.159.183 - - [05/Aug/2021:23:51:02 +0000] "GET /SrilankaHolidayTour.html HTTP/1.1" 200 66329 "-" "Mozilla/5.0 (Linux; Android 7.0;) AppleWebKit/537.36 (KHTML, like Gecko) Mobile Safari/537.36 (compatible; PetalBot;+https://webmaster.petalsearch.com/site/petalbot)"
185.191.171.40 - - [05/Aug/2021:23:58:35 +0000] "GET /robots.txt HTTP/1.1" 404 78307 "-" "Mozilla/5.0 (compatible; SemrushBot/7~bl; +http://www.semrush.com/bot.html)"
185.191.171.33 - - [05/Aug/2021:23:58:36 +0000] "GET /tour-package.php?id=27 HTTP/1.1" 200 58674 "-" "Mozilla/5.0 (compatible; SemrushBot/7~bl; +http://www.semrush.com/bot.html)"
54.36.148.202 - - [06/Aug/2021:00:10:31 +0000] "GET /tour-package.php?id=16 HTTP/1.1" 200 65697 "-" "Mozilla/5.0 (compatible; AhrefsBot/7.0; +http://ahrefs.com/robot/)"
114.119.159.183 - - [06/Aug/2021:00:19:54 +0000] "GET /HaridwarRishikeshTour.html HTTP/1.1" 302 237 "-" "Mozilla/5.0 (Linux; Android 7.0;) AppleWebKit/537.36 (KHTML, like Gecko) Mobile Safari/537.36 (compatible; PetalBot;+https://webmaster.petalsearch.com/site/petalbot)"
114.119.159.183 - - [06/Aug/2021:00:19:55 +0000] "GET /HaridwarRishikeshTour.html HTTP/1.1" 301 265 "-" "Mozilla/5.0 (Linux; Android 7.0;) AppleWebKit/537.36 (KHTML, like Gecko) Mobile Safari/537.36 (compatible; PetalBot;+https://webmaster.petalsearch.com/site/petalbot)"
114.119.159.183 - - [06/Aug/2021:00:19:55 +0000] "GET /HaridwarRishikeshTour.html HTTP/1.1" 200 59160 "-" "Mozilla/5.0 (Linux; Android 7.0;) AppleWebKit/537.36 (KHTML, like Gecko) Mobile Safari/537.36 (compatible; PetalBot;+https://webmaster.petalsearch.com/site/petalbot)"
114.119.151.4 - - [06/Aug/2021:00:29:14 +0000] "GET /tour-package.php?id=10 HTTP/1.1" 200 55085 "-" "Mozilla/5.0 (Linux; Android 7.0;) AppleWebKit/537.36 (KHTML, like Gecko) Mobile Safari/537.36 (compatible; PetalBot;+https://webmaster.petalsearch.com/site/petalbot)"
5.188.48.58 - - [06/Aug/2021:00:29:20 +0000] "GET /tour-package.php?id=16 HTTP/1.0" 302 233 "https://indiatravelkart.com/tour-package.php?id=16" "Mozilla/5.0 (Windows NT 10.0; Win64; x64) AppleWebKit/537.36 (KHTML, like Gecko) Chrome/83.0.4093.3 Safari/537.36"
5.188.48.58 - - [06/Aug/2021:00:29:21 +0000] "GET /tour-package.php?id=16 HTTP/1.0" 200 65697 "http://indiatravelkart.com/tour-package.php?id=16" "Mozilla/5.0 (Windows NT 10.0; Win64; x64) AppleWebKit/537.36 (KHTML, like Gecko) Chrome/83.0.4093.3 Safari/537.36"
3.238.110.194 - - [06/Aug/2021:00:29:37 +0000] "GET / HTTP/1.1" 200 78293 "-" "Scrapy/2.2.1 (+https://scrapy.org)"
3.238.110.194 - - [06/Aug/2021:00:29:48 +0000] "GET / HTTP/1.1" 200 78293 "-" "Scrapy/2.2.1 (+https://scrapy.org)"
114.119.129.191 - - [06/Aug/2021:00:38:35 +0000] "GET /HimachalTourPackage.html HTTP/1.1" 302 235 "-" "Mozilla/5.0 (Linux; Android 7.0;) AppleWebKit/537.36 (KHTML, like Gecko) Mobile Safari/537.36 (compatible; PetalBot;+https://webmaster.petalsearch.com/site/petalbot)"
114.119.129.191 - - [06/Aug/2021:00:38:36 +0000] "GET /HimachalTourPackage.html HTTP/1.1" 301 263 "-" "Mozilla/5.0 (Linux; Android 7.0;) AppleWebKit/537.36 (KHTML, like Gecko) Mobile Safari/537.36 (compatible; PetalBot;+https://webmaster.petalsearch.com/site/petalbot)"
114.119.129.191 - - [06/Aug/2021:00:38:36 +0000] "GET /HimachalTourPackage.html HTTP/1.1" 200 60429 "-" "Mozilla/5.0 (Linux; Android 7.0;) AppleWebKit/537.36 (KHTML, like Gecko) Mobile Safari/537.36 (compatible; PetalBot;+https://webmaster.petalsearch.com/site/petalbot)"
185.191.171.3 - - [06/Aug/2021:00:42:53 +0000] "GET /DubaiTourPackage.html HTTP/1.1" 200 59557 "-" "Mozilla/5.0 (compatible; SemrushBot/7~bl; +http://www.semrush.com/bot.html)"
66.249.66.76 - - [06/Aug/2021:00:58:21 +0000] "GET /tour-package.php?id=17 HTTP/1.1" 302 233 "-" "Mozilla/5.0 (Linux; Android 6.0.1; Nexus 5X Build/MMB29P) AppleWebKit/537.36 (KHTML, like Gecko) Chrome/92.0.4515.119 Mobile Safari/537.36 (compatible; Googlebot/2.1; +http://www.google.com/bot.html)"
66.249.66.95 - - [06/Aug/2021:00:58:21 +0000] "GET /tour-package.php?id=17 HTTP/1.1" 200 61812 "-" "Mozilla/5.0 (Linux; Android 6.0.1; Nexus 5X Build/MMB29P) AppleWebKit/537.36 (KHTML, like Gecko) Chrome/92.0.4515.119 Mobile Safari/537.36 (compatible; Googlebot/2.1; +http://www.google.com/bot.html)"
185.191.171.16 - - [06/Aug/2021:01:06:10 +0000] "GET /robots.txt HTTP/1.1" 301 249 "-" "Mozilla/5.0 (compatible; SemrushBot/7~bl; +http://www.semrush.com/bot.html)"
185.191.171.16 - - [06/Aug/2021:01:06:11 +0000] "GET /robots.txt HTTP/1.1" 404 78307 "-" "Mozilla/5.0 (compatible; SemrushBot/7~bl; +http://www.semrush.com/bot.html)"
185.191.171.35 - - [06/Aug/2021:01:06:12 +0000] "GET /tour-package.php?id=16 HTTP/1.1" 200 65697 "-" "Mozilla/5.0 (compatible; SemrushBot/7~bl; +http://www.semrush.com/bot.html)"
35.223.25.142 - - [06/Aug/2021:01:13:04 +0000] "GET / HTTP/1.1" 200 78293 "-" "-"
93.158.66.18 - - [06/Aug/2021:01:24:19 +0000] "HEAD /.env HTTP/1.1" 302 - "-" "python-requests/2.26.0"
93.158.66.18 - - [06/Aug/2021:01:24:19 +0000] "HEAD /.env HTTP/1.1" 302 - "-" "python-requests/2.26.0"
66.249.66.76 - - [06/Aug/2021:01:26:46 +0000] "GET /about.php HTTP/1.1" 302 220 "-" "Mozilla/5.0 (Linux; Android 6.0.1; Nexus 5X Build/MMB29P) AppleWebKit/537.36 (KHTML, like Gecko) Chrome/92.0.4515.119 Mobile Safari/537.36 (compatible; Googlebot/2.1; +http://www.google.com/bot.html)"
66.249.66.65 - - [06/Aug/2021:01:26:47 +0000] "GET /about.php HTTP/1.1" 200 57479 "-" "Mozilla/5.0 (Linux; Android 6.0.1; Nexus 5X Build/MMB29P) AppleWebKit/537.36 (KHTML, like Gecko) Chrome/92.0.4515.119 Mobile Safari/537.36 (compatible; Googlebot/2.1; +http://www.google.com/bot.html)"
66.249.66.76 - - [06/Aug/2021:01:41:28 +0000] "GET /honeymoon-tour-packages.php HTTP/1.1" 302 238 "-" "Mozilla/5.0 (Linux; Android 6.0.1; Nexus 5X Build/MMB29P) AppleWebKit/537.36 (KHTML, like Gecko) Chrome/92.0.4515.119 Mobile Safari/537.36 (compatible; Googlebot/2.1; +http://www.google.com/bot.html)"
66.249.66.95 - - [06/Aug/2021:01:41:29 +0000] "GET /honeymoon-tour-packages.php HTTP/1.1" 200 53985 "-" "Mozilla/5.0 (Linux; Android 6.0.1; Nexus 5X Build/MMB29P) AppleWebKit/537.36 (KHTML, like Gecko) Chrome/92.0.4515.119 Mobile Safari/537.36 (compatible; Googlebot/2.1; +http://www.google.com/bot.html)"
118.184.177.73 - - [06/Aug/2021:01:49:14 +0000] "GET / HTTP/1.1" 200 78293 "-" "Sogou web spider/4.0(+http://www.sogou.com/docs/help/webmasters.htm#07)"
185.191.171.13 - - [06/Aug/2021:01:49:56 +0000] "GET /robots.txt HTTP/1.1" 404 78307 "-" "Mozilla/5.0 (compatible; SemrushBot/7~bl; +http://www.semrush.com/bot.html)"
185.191.171.43 - - [06/Aug/2021:01:49:57 +0000] "GET /tour-package.php?id=26 HTTP/1.1" 200 57965 "-" "Mozilla/5.0 (compatible; SemrushBot/7~bl; +http://www.semrush.com/bot.html)"
157.55.39.139 - - [06/Aug/2021:01:55:48 +0000] "GET /beach-tour-packages.php/js/main.js HTTP/1.1" 302 245 "-" "Mozilla/5.0 (compatible; MSIE 9.0; Windows NT 6.1; Trident/5.0)"
157.55.39.139 - - [06/Aug/2021:01:55:49 +0000] "GET /beach-tour-packages.php/js/main.js HTTP/1.1" 200 55265 "-" "Mozilla/5.0 (compatible; MSIE 9.0; Windows NT 6.1; Trident/5.0)"
40.77.167.64 - - [06/Aug/2021:01:57:58 +0000] "GET /beach-tour-packages.php/js/jquery-price-slider.js HTTP/1.1" 302 260 "-" "Mozilla/5.0 (compatible; MSIE 9.0; Windows NT 6.1; Trident/5.0)"
40.77.167.64 - - [06/Aug/2021:01:58:00 +0000] "GET /beach-tour-packages.php/js/jquery-price-slider.js HTTP/1.1" 200 55265 "-" "Mozilla/5.0 (compatible; MSIE 9.0; Windows NT 6.1; Trident/5.0)"
5.188.48.58 - - [06/Aug/2021:02:18:40 +0000] "GET /tour-package.php?id=23 HTTP/1.0" 302 233 "https://indiatravelkart.com/tour-package.php?id=23" "Mozilla/5.0 (Windows NT 6.1; Win64; x64) AppleWebKit/537.36 (KHTML, like Gecko) Chrome/83.0.4103.61 Safari/537.36 Edg/83.0.478.37"
5.188.48.58 - - [06/Aug/2021:02:18:41 +0000] "GET /tour-package.php?id=23 HTTP/1.0" 200 57946 "http://indiatravelkart.com/tour-package.php?id=23" "Mozilla/5.0 (Windows NT 6.1; Win64; x64) AppleWebKit/537.36 (KHTML, like Gecko) Chrome/83.0.4103.61 Safari/537.36 Edg/83.0.478.37"
173.244.209.63 - - [06/Aug/2021:02:30:56 +0000] "GET / HTTP/1.1" 302 211 "-" "Mozilla/5.0 (Macintosh; Intel Mac OS X 10_13_4) AppleWebKit/537.36 (KHTML, like Gecko) Chrome/61.0.3163.79 Safari/537.36"
173.244.209.63 - - [06/Aug/2021:02:30:56 +0000] "GET / HTTP/1.1" 200 78293 "-" "Mozilla/5.0 (Macintosh; Intel Mac OS X 10_13_4) AppleWebKit/537.36 (KHTML, like Gecko) Chrome/61.0.3163.79 Safari/537.36"
173.244.209.63 - - [06/Aug/2021:02:30:58 +0000] "GET / HTTP/1.1" 302 211 "https://indiatravelkart.com/" "Mozilla/5.0 (Macintosh; Intel Mac OS X 10_13_4) AppleWebKit/537.36 (KHTML, like Gecko) Chrome/61.0.3163.79 Safari/537.36"
173.244.209.63 - - [06/Aug/2021:02:30:58 +0000] "GET / HTTP/1.1" 200 78293 "-" "Mozilla/5.0 (Macintosh; Intel Mac OS X 10_13_4) AppleWebKit/537.36 (KHTML, like Gecko) Chrome/61.0.3163.79 Safari/537.36"
173.244.209.63 - - [06/Aug/2021:02:31:02 +0000] "POST /submit-enquiry.php HTTP/1.1" 200 22 "http://indiatravelkart.com/" "Mozilla/5.0 (Macintosh; Intel Mac OS X 10_13_4) AppleWebKit/537.36 (KHTML, like Gecko) Chrome/61.0.3163.79 Safari/537.36"
49.7.20.91 - - [06/Aug/2021:02:33:15 +0000] "GET / HTTP/1.1" 200 78293 "-" "Sogou web spider/4.0(+http://www.sogou.com/docs/help/webmasters.htm#07)"
66.249.66.74 - - [06/Aug/2021:02:40:15 +0000] "GET /hill-station-tour-packages.php HTTP/1.1" 302 241 "-" "Mozilla/5.0 (Linux; Android 6.0.1; Nexus 5X Build/MMB29P) AppleWebKit/537.36 (KHTML, like Gecko) Chrome/92.0.4515.119 Mobile Safari/537.36 (compatible; Googlebot/2.1; +http://www.google.com/bot.html)"
66.249.66.67 - - [06/Aug/2021:02:40:16 +0000] "GET /hill-station-tour-packages.php HTTP/1.1" 200 53993 "-" "Mozilla/5.0 (Linux; Android 6.0.1; Nexus 5X Build/MMB29P) AppleWebKit/537.36 (KHTML, like Gecko) Chrome/92.0.4515.119 Mobile Safari/537.36 (compatible; Googlebot/2.1; +http://www.google.com/bot.html)"
114.119.159.183 - - [06/Aug/2021:02:52:50 +0000] "GET /robots.txt HTTP/1.1" 302 225 "-" "Mozilla/5.0 (compatible;PetalBot;+https://webmaster.petalsearch.com/site/petalbot)"
114.119.159.183 - - [06/Aug/2021:02:52:50 +0000] "GET /robots.txt HTTP/1.1" 404 78307 "-" "Mozilla/5.0 (compatible;PetalBot;+https://webmaster.petalsearch.com/site/petalbot)"
185.191.171.3 - - [06/Aug/2021:03:15:49 +0000] "GET /robots.txt HTTP/1.1" 301 249 "-" "Mozilla/5.0 (compatible; SemrushBot/7~bl; +http://www.semrush.com/bot.html)"
185.191.171.12 - - [06/Aug/2021:03:15:50 +0000] "GET /robots.txt HTTP/1.1" 404 78307 "-" "Mozilla/5.0 (compatible; SemrushBot/7~bl; +http://www.semrush.com/bot.html)"
185.191.171.23 - - [06/Aug/2021:03:15:51 +0000] "GET /tour-package.php?id=14 HTTP/1.1" 200 58793 "-" "Mozilla/5.0 (compatible; SemrushBot/7~bl; +http://www.semrush.com/bot.html)"
66.249.66.76 - - [06/Aug/2021:03:46:22 +0000] "GET /robots.txt HTTP/1.1" 302 221 "-" "Mozilla/5.0 (compatible; Googlebot/2.1; +http://www.google.com/bot.html)"
66.249.66.65 - - [06/Aug/2021:03:46:23 +0000] "GET /robots.txt HTTP/1.1" 301 249 "-" "Mozilla/5.0 (compatible; Googlebot/2.1; +http://www.google.com/bot.html)"
66.249.66.55 - - [06/Aug/2021:03:46:23 +0000] "GET /robots.txt HTTP/1.1" 404 78307 "-" "Mozilla/5.0 (compatible; Googlebot/2.1; +http://www.google.com/bot.html)"
66.249.66.74 - - [06/Aug/2021:03:46:27 +0000] "GET /pagecontents.php?url=Privacy-Policy HTTP/1.1" 302 246 "-" "Mozilla/5.0 (Linux; Android 6.0.1; Nexus 5X Build/MMB29P) AppleWebKit/537.36 (KHTML, like Gecko) Chrome/92.0.4515.119 Mobile Safari/537.36 (compatible; Googlebot/2.1; +http://www.google.com/bot.html)"
66.249.66.65 - - [06/Aug/2021:03:46:28 +0000] "GET /pagecontents.php?url=Privacy-Policy HTTP/1.1" 200 51008 "-" "Mozilla/5.0 (Linux; Android 6.0.1; Nexus 5X Build/MMB29P) AppleWebKit/537.36 (KHTML, like Gecko) Chrome/92.0.4515.119 Mobile Safari/537.36 (compatible; Googlebot/2.1; +http://www.google.com/bot.html)"
185.191.171.22 - - [06/Aug/2021:03:47:34 +0000] "GET /robots.txt HTTP/1.1" 404 78307 "-" "Mozilla/5.0 (compatible; SemrushBot/7~bl; +http://www.semrush.com/bot.html)"
185.191.171.34 - - [06/Aug/2021:03:47:35 +0000] "GET /pagecontents.php?url=Cancellation-Policy HTTP/1.1" 200 50964 "-" "Mozilla/5.0 (compatible; SemrushBot/7~bl; +http://www.semrush.com/bot.html)"
185.191.171.42 - - [06/Aug/2021:03:52:41 +0000] "GET /ExploreLaddakhvaiManaliTour.html HTTP/1.1" 302 243 "-" "Mozilla/5.0 (compatible; SemrushBot/7~bl; +http://www.semrush.com/bot.html)"
185.191.171.12 - - [06/Aug/2021:03:52:43 +0000] "GET /ExploreLaddakhvaiManaliTour.html HTTP/1.1" 301 271 "-" "Mozilla/5.0 (compatible; SemrushBot/7~bl; +http://www.semrush.com/bot.html)"
185.191.171.40 - - [06/Aug/2021:03:52:44 +0000] "GET /ExploreLaddakhvaiManaliTour.html HTTP/1.1" 200 62443 "-" "Mozilla/5.0 (compatible; SemrushBot/7~bl; +http://www.semrush.com/bot.html)"
114.119.157.24 - - [06/Aug/2021:04:03:38 +0000] "GET /tour-package.php?id=30 HTTP/1.1" 302 233 "-" "Mozilla/5.0 (Linux; Android 7.0;) AppleWebKit/537.36 (KHTML, like Gecko) Mobile Safari/537.36 (compatible; PetalBot;+https://webmaster.petalsearch.com/site/petalbot)"
114.119.157.24 - - [06/Aug/2021:04:03:38 +0000] "GET /tour-package.php?id=30 HTTP/1.1" 200 55085 "-" "Mozilla/5.0 (Linux; Android 7.0;) AppleWebKit/537.36 (KHTML, like Gecko) Mobile Safari/537.36 (compatible; PetalBot;+https://webmaster.petalsearch.com/site/petalbot)"
66.249.66.55 - - [06/Aug/2021:04:11:06 +0000] "GET /robots.txt HTTP/1.1" 404 78307 "-" "Mozilla/5.0 (compatible; Googlebot/2.1; +http://www.google.com/bot.html)"
66.249.66.59 - - [06/Aug/2021:04:11:08 +0000] "GET /hong-kong/tour-package.php?id=24 HTTP/1.1" 404 78329 "-" "Mozilla/5.0 (Linux; Android 6.0.1; Nexus 5X Build/MMB29P) AppleWebKit/537.36 (KHTML, like Gecko) Chrome/92.0.4515.119 Mobile Safari/537.36 (compatible; Googlebot/2.1; +http://www.google.com/bot.html)"
20.204.53.227 - - [06/Aug/2021:04:23:01 +0000] "GET /tour-package.php?id=13'A=0 HTTP/1.1" 200 25 "http://www.indiatravelkart.com/tour-package.php?id=13'A=0" "Mozilla/5.0 (Windows; U; Windows NT 5.1; pt-PT; rv:1.9.1.2) Gecko/20090729 Firefox/3.5.2 (.NET CLR 3.5.30729)"
66.249.66.55 - - [06/Aug/2021:04:24:34 +0000] "GET /hong-kong/tour-package.php?id=24 HTTP/1.1" 404 78329 "-" "Mozilla/5.0 (compatible; Googlebot/2.1; +http://www.google.com/bot.html)"
66.249.66.75 - - [06/Aug/2021:04:30:27 +0000] "GET /tour-package.php?id=28 HTTP/1.1" 302 233 "-" "Mozilla/5.0 (Linux; Android 6.0.1; Nexus 5X Build/MMB29P) AppleWebKit/537.36 (KHTML, like Gecko) Chrome/92.0.4515.119 Mobile Safari/537.36 (compatible; Googlebot/2.1; +http://www.google.com/bot.html)"
66.249.66.67 - - [06/Aug/2021:04:30:27 +0000] "GET /tour-package.php?id=28 HTTP/1.1" 200 65751 "-" "Mozilla/5.0 (Linux; Android 6.0.1; Nexus 5X Build/MMB29P) AppleWebKit/537.36 (KHTML, like Gecko) Chrome/92.0.4515.119 Mobile Safari/537.36 (compatible; Googlebot/2.1; +http://www.google.com/bot.html)"
114.119.156.152 - - [06/Aug/2021:04:36:53 +0000] "GET /tour-package.php?id=1 HTTP/1.1" 200 65712 "-" "Mozilla/5.0 (Linux; Android 7.0;) AppleWebKit/537.36 (KHTML, like Gecko) Mobile Safari/537.36 (compatible; PetalBot;+https://webmaster.petalsearch.com/site/petalbot)"
114.119.134.245 - - [06/Aug/2021:04:47:52 +0000] "GET /SingaporeBaliTourPackage.html HTTP/1.1" 302 240 "-" "Mozilla/5.0 (Linux; Android 7.0;) AppleWebKit/537.36 (KHTML, like Gecko) Mobile Safari/537.36 (compatible; PetalBot;+https://webmaster.petalsearch.com/site/petalbot)"
114.119.134.245 - - [06/Aug/2021:04:47:52 +0000] "GET /SingaporeBaliTourPackage.html HTTP/1.1" 301 268 "-" "Mozilla/5.0 (Linux; Android 7.0;) AppleWebKit/537.36 (KHTML, like Gecko) Mobile Safari/537.36 (compatible; PetalBot;+https://webmaster.petalsearch.com/site/petalbot)"
114.119.134.245 - - [06/Aug/2021:04:47:52 +0000] "GET /SingaporeBaliTourPackage.html HTTP/1.1" 200 63442 "-" "Mozilla/5.0 (Linux; Android 7.0;) AppleWebKit/537.36 (KHTML, like Gecko) Mobile Safari/537.36 (compatible; PetalBot;+https://webmaster.petalsearch.com/site/petalbot)"
35.185.69.234 - - [06/Aug/2021:05:10:19 +0000] "GET /robots.txt HTTP/1.0" 302 221 "-" "ZoominfoBot (zoominfobot at zoominfo dot com)"
35.185.69.234 - - [06/Aug/2021:05:10:20 +0000] "GET /robots.txt HTTP/1.1" 301 249 "-" "ZoominfoBot (zoominfobot at zoominfo dot com)"
35.185.69.234 - - [06/Aug/2021:05:10:21 +0000] "GET /robots.txt HTTP/1.1" 404 78307 "-" "ZoominfoBot (zoominfobot at zoominfo dot com)"
35.185.69.234 - - [06/Aug/2021:05:10:23 +0000] "GET /tour-package.php?id=22 HTTP/1.0" 302 233 "-" "ZoominfoBot (zoominfobot at zoominfo dot com)"
35.185.69.234 - - [06/Aug/2021:05:10:23 +0000] "GET /robots.txt HTTP/1.0" 301 249 "-" "ZoominfoBot (zoominfobot at zoominfo dot com)"
35.185.69.234 - - [06/Aug/2021:05:10:24 +0000] "GET /robots.txt HTTP/1.1" 404 78307 "-" "ZoominfoBot (zoominfobot at zoominfo dot com)"
35.185.69.234 - - [06/Aug/2021:05:10:25 +0000] "GET /pagecontents.php?url=Privacy-Policy HTTP/1.0" 302 246 "-" "ZoominfoBot (zoominfobot at zoominfo dot com)"
35.185.69.234 - - [06/Aug/2021:05:10:26 +0000] "GET /robots.txt HTTP/1.0" 301 249 "-" "ZoominfoBot (zoominfobot at zoominfo dot com)"
35.185.69.234 - - [06/Aug/2021:05:10:27 +0000] "GET /robots.txt HTTP/1.1" 404 78307 "-" "ZoominfoBot (zoominfobot at zoominfo dot com)"
35.185.69.234 - - [06/Aug/2021:05:10:28 +0000] "GET /tour-package.php?id=22 HTTP/1.0" 200 58102 "-" "ZoominfoBot (zoominfobot at zoominfo dot com)"
35.185.69.234 - - [06/Aug/2021:05:10:28 +0000] "GET /pagecontents.php?url=Privacy-Policy HTTP/1.0" 200 51008 "-" "ZoominfoBot (zoominfobot at zoominfo dot com)"
35.185.69.234 - - [06/Aug/2021:05:12:09 +0000] "GET /tour-package.php?id=26 HTTP/1.0" 302 233 "-" "ZoominfoBot (zoominfobot at zoominfo dot com)"
35.185.69.234 - - [06/Aug/2021:05:12:09 +0000] "GET /tour-package.php?id=26 HTTP/1.0" 200 57965 "-" "ZoominfoBot (zoominfobot at zoominfo dot com)"
35.185.69.234 - - [06/Aug/2021:05:12:12 +0000] "GET /tour-package.php?id=12 HTTP/1.0" 302 233 "-" "ZoominfoBot (zoominfobot at zoominfo dot com)"
35.185.69.234 - - [06/Aug/2021:05:12:12 +0000] "GET /tour-package.php?id=12 HTTP/1.0" 200 55085 "-" "ZoominfoBot (zoominfobot at zoominfo dot com)"
35.185.69.234 - - [06/Aug/2021:05:17:00 +0000] "GET /tour-package.php?id=16 HTTP/1.0" 302 233 "-" "ZoominfoBot (zoominfobot at zoominfo dot com)"
35.185.69.234 - - [06/Aug/2021:05:17:00 +0000] "GET /tour-package.php?id=16 HTTP/1.0" 200 65697 "-" "ZoominfoBot (zoominfobot at zoominfo dot com)"
35.185.69.234 - - [06/Aug/2021:05:21:14 +0000] "GET /contact.php HTTP/1.0" 302 222 "-" "ZoominfoBot (zoominfobot at zoominfo dot com)"
35.185.69.234 - - [06/Aug/2021:05:21:15 +0000] "GET /contact.php HTTP/1.0" 200 57552 "-" "ZoominfoBot (zoominfobot at zoominfo dot com)"
35.185.69.234 - - [06/Aug/2021:05:21:41 +0000] "GET /hill-station-tour-packages.php HTTP/1.0" 302 241 "-" "ZoominfoBot (zoominfobot at zoominfo dot com)"
35.185.69.234 - - [06/Aug/2021:05:21:41 +0000] "GET /hill-station-tour-packages.php HTTP/1.0" 200 53993 "-" "ZoominfoBot (zoominfobot at zoominfo dot com)"
35.185.69.234 - - [06/Aug/2021:05:29:38 +0000] "GET /tour-package.php?id=23 HTTP/1.0" 302 233 "-" "ZoominfoBot (zoominfobot at zoominfo dot com)"
35.185.69.234 - - [06/Aug/2021:05:29:39 +0000] "GET /tour-package.php?id=23 HTTP/1.0" 200 57946 "-" "ZoominfoBot (zoominfobot at zoominfo dot com)"
35.185.69.234 - - [06/Aug/2021:05:34:03 +0000] "GET /tour-package.php?id=13 HTTP/1.0" 302 233 "-" "ZoominfoBot (zoominfobot at zoominfo dot com)"
35.185.69.234 - - [06/Aug/2021:05:34:04 +0000] "GET /tour-package.php?id=13 HTTP/1.0" 200 64719 "-" "ZoominfoBot (zoominfobot at zoominfo dot com)"
114.119.129.191 - - [06/Aug/2021:05:35:16 +0000] "GET /robots.txt HTTP/1.1" 302 225 "-" "Mozilla/5.0 (compatible;PetalBot;+https://webmaster.petalsearch.com/site/petalbot)"
114.119.129.191 - - [06/Aug/2021:05:35:16 +0000] "GET /robots.txt HTTP/1.1" 404 78307 "-" "Mozilla/5.0 (compatible;PetalBot;+https://webmaster.petalsearch.com/site/petalbot)"
185.191.171.24 - - [06/Aug/2021:05:37:47 +0000] "GET /robots.txt HTTP/1.1" 302 221 "-" "Mozilla/5.0 (compatible; SemrushBot/7~bl; +http://www.semrush.com/bot.html)"
185.191.171.24 - - [06/Aug/2021:05:37:48 +0000] "GET /robots.txt HTTP/1.1" 301 249 "-" "Mozilla/5.0 (compatible; SemrushBot/7~bl; +http://www.semrush.com/bot.html)"
185.191.171.10 - - [06/Aug/2021:05:37:48 +0000] "GET /robots.txt HTTP/1.1" 404 78307 "-" "Mozilla/5.0 (compatible; SemrushBot/7~bl; +http://www.semrush.com/bot.html)"
185.191.171.41 - - [06/Aug/2021:05:37:50 +0000] "GET /hill-station-tour-packages.php HTTP/1.1" 302 241 "-" "Mozilla/5.0 (compatible; SemrushBot/7~bl; +http://www.semrush.com/bot.html)"
185.191.171.38 - - [06/Aug/2021:05:37:52 +0000] "GET /hill-station-tour-packages.php HTTP/1.1" 200 53993 "-" "Mozilla/5.0 (compatible; SemrushBot/7~bl; +http://www.semrush.com/bot.html)"
35.185.69.234 - - [06/Aug/2021:05:38:17 +0000] "GET /services.php HTTP/1.0" 302 223 "-" "ZoominfoBot (zoominfobot at zoominfo dot com)"
35.185.69.234 - - [06/Aug/2021:05:38:18 +0000] "GET /services.php HTTP/1.0" 200 56425 "-" "ZoominfoBot (zoominfobot at zoominfo dot com)"
35.185.69.234 - - [06/Aug/2021:05:38:42 +0000] "GET /tour-package.php?id=17 HTTP/1.0" 302 233 "-" "ZoominfoBot (zoominfobot at zoominfo dot com)"
35.185.69.234 - - [06/Aug/2021:05:38:43 +0000] "GET /tour-package.php?id=17 HTTP/1.0" 200 61812 "-" "ZoominfoBot (zoominfobot at zoominfo dot com)"
35.185.69.234 - - [06/Aug/2021:05:41:53 +0000] "GET /tour-package.php?id=30 HTTP/1.0" 302 233 "-" "ZoominfoBot (zoominfobot at zoominfo dot com)"
35.185.69.234 - - [06/Aug/2021:05:41:54 +0000] "GET /tour-package.php?id=30 HTTP/1.0" 200 55085 "-" "ZoominfoBot (zoominfobot at zoominfo dot com)"
35.185.69.234 - - [06/Aug/2021:05:45:42 +0000] "GET /about.php HTTP/1.0" 302 220 "-" "ZoominfoBot (zoominfobot at zoominfo dot com)"
35.185.69.234 - - [06/Aug/2021:05:45:42 +0000] "GET /about.php HTTP/1.0" 200 57479 "-" "ZoominfoBot (zoominfobot at zoominfo dot com)"
35.185.69.234 - - [06/Aug/2021:05:46:02 +0000] "GET /tour-package.php?id=20 HTTP/1.0" 302 233 "-" "ZoominfoBot (zoominfobot at zoominfo dot com)"
35.185.69.234 - - [06/Aug/2021:05:46:03 +0000] "GET /tour-package.php?id=20 HTTP/1.0" 200 58920 "-" "ZoominfoBot (zoominfobot at zoominfo dot com)"
114.119.152.233 - - [06/Aug/2021:05:47:21 +0000] "GET /SingaporeHoneymoonTour.html HTTP/1.1" 302 238 "-" "Mozilla/5.0 (Linux; Android 7.0;) AppleWebKit/537.36 (KHTML, like Gecko) Mobile Safari/537.36 (compatible; PetalBot;+https://webmaster.petalsearch.com/site/petalbot)"
114.119.152.233 - - [06/Aug/2021:05:47:21 +0000] "GET /SingaporeHoneymoonTour.html HTTP/1.1" 301 266 "-" "Mozilla/5.0 (Linux; Android 7.0;) AppleWebKit/537.36 (KHTML, like Gecko) Mobile Safari/537.36 (compatible; PetalBot;+https://webmaster.petalsearch.com/site/petalbot)"
114.119.152.233 - - [06/Aug/2021:05:47:21 +0000] "GET /SingaporeHoneymoonTour.html HTTP/1.1" 200 61143 "-" "Mozilla/5.0 (Linux; Android 7.0;) AppleWebKit/537.36 (KHTML, like Gecko) Mobile Safari/537.36 (compatible; PetalBot;+https://webmaster.petalsearch.com/site/petalbot)"
35.185.69.234 - - [06/Aug/2021:05:50:07 +0000] "GET /tour-package.php?id=24 HTTP/1.0" 302 233 "-" "ZoominfoBot (zoominfobot at zoominfo dot com)"
35.185.69.234 - - [06/Aug/2021:05:50:07 +0000] "GET /tour-package.php?id=24 HTTP/1.0" 200 57948 "-" "ZoominfoBot (zoominfobot at zoominfo dot com)"
35.185.69.234 - - [06/Aug/2021:05:50:11 +0000] "GET /tour-package.php?id=10 HTTP/1.0" 302 233 "-" "ZoominfoBot (zoominfobot at zoominfo dot com)"
35.185.69.234 - - [06/Aug/2021:05:50:12 +0000] "GET /tour-package.php?id=10 HTTP/1.0" 200 55085 "-" "ZoominfoBot (zoominfobot at zoominfo dot com)"
35.185.69.234 - - [06/Aug/2021:05:52:05 +0000] "GET /pagecontents.php?url=Cancellation-Policy HTTP/1.0" 302 251 "-" "ZoominfoBot (zoominfobot at zoominfo dot com)"
35.185.69.234 - - [06/Aug/2021:05:52:06 +0000] "GET /pagecontents.php?url=Cancellation-Policy HTTP/1.0" 200 50964 "-" "ZoominfoBot (zoominfobot at zoominfo dot com)"
185.191.171.23 - - [06/Aug/2021:05:54:06 +0000] "GET /tour-package.php?id=22 HTTP/1.1" 200 58102 "-" "Mozilla/5.0 (compatible; SemrushBot/7~bl; +http://www.semrush.com/bot.html)"
35.185.69.234 - - [06/Aug/2021:05:54:34 +0000] "GET /tour-package.php?id=28 HTTP/1.0" 302 233 "-" "ZoominfoBot (zoominfobot at zoominfo dot com)"
35.185.69.234 - - [06/Aug/2021:05:54:35 +0000] "GET /tour-package.php?id=28 HTTP/1.0" 200 65751 "-" "ZoominfoBot (zoominfobot at zoominfo dot com)"
35.185.69.234 - - [06/Aug/2021:05:54:37 +0000] "GET /tour-package.php?id=14 HTTP/1.0" 302 233 "-" "ZoominfoBot (zoominfobot at zoominfo dot com)"
35.185.69.234 - - [06/Aug/2021:05:54:37 +0000] "GET /tour-package.php?id=14 HTTP/1.0" 200 58793 "-" "ZoominfoBot (zoominfobot at zoominfo dot com)"
34.76.54.235 - - [06/Aug/2021:05:56:37 +0000] "GET / HTTP/1.1" 200 78297 "-" "Mozilla/5.0 (Windows NT 10.0; Win64; x64) AppleWebKit/537.36 (KHTML, like Gecko) Chrome/84.0.4147.105 Safari/537.36"
5.188.48.58 - - [06/Aug/2021:05:57:18 +0000] "GET /KualaLumpurPenangTour.html HTTP/1.0" 302 237 "https://indiatravelkart.com/KualaLumpurPenangTour.html" "Mozilla/5.0 (Windows NT 6.1; WOW64) AppleWebKit/537.36 (KHTML, like Gecko) Chrome/83.0.4103.61 Safari/537.36"
5.188.48.58 - - [06/Aug/2021:05:57:19 +0000] "GET /KualaLumpurPenangTour.html HTTP/1.0" 301 265 "http://indiatravelkart.com/KualaLumpurPenangTour.html" "Mozilla/5.0 (Windows NT 6.1; WOW64) AppleWebKit/537.36 (KHTML, like Gecko) Chrome/83.0.4103.61 Safari/537.36"
5.188.48.58 - - [06/Aug/2021:05:57:19 +0000] "GET /KualaLumpurPenangTour.html HTTP/1.0" 200 61105 "http://www.indiatravelkart.com/KualaLumpurPenangTour.html" "Mozilla/5.0 (Windows NT 6.1; WOW64) AppleWebKit/537.36 (KHTML, like Gecko) Chrome/83.0.4103.61 Safari/537.36"
5.188.48.58 - - [06/Aug/2021:05:57:20 +0000] "POST /submit-enquiry.php HTTP/1.0" 200 22 "http://www.indiatravelkart.com/KualaLumpurPenangTour.html" "Mozilla/5.0 (Windows NT 6.1; WOW64) AppleWebKit/537.36 (KHTML, like Gecko) Chrome/83.0.4103.61 Safari/537.36"
66.249.66.75 - - [06/Aug/2021:05:57:44 +0000] "GET / HTTP/1.1" 302 211 "-" "Mozilla/5.0 (compatible; Googlebot/2.1; +http://www.google.com/bot.html)"
66.249.66.67 - - [06/Aug/2021:05:57:44 +0000] "GET / HTTP/1.1" 200 78293 "-" "Mozilla/5.0 (compatible; Googlebot/2.1; +http://www.google.com/bot.html)"
207.46.13.73 - - [06/Aug/2021:06:00:27 +0000] "GET /beach-tour-packages.php/js/wow.min.js HTTP/1.1" 302 248 "-" "Mozilla/5.0 (compatible; MSIE 9.0; Windows NT 6.1; Trident/5.0)"
207.46.13.73 - - [06/Aug/2021:06:00:28 +0000] "GET /beach-tour-packages.php/js/wow.min.js HTTP/1.1" 200 55265 "-" "Mozilla/5.0 (compatible; MSIE 9.0; Windows NT 6.1; Trident/5.0)"
35.185.69.234 - - [06/Aug/2021:06:01:11 +0000] "GET /pagecontents.php?url=Pyament-Option HTTP/1.0" 302 246 "-" "ZoominfoBot (zoominfobot at zoominfo dot com)"
35.185.69.234 - - [06/Aug/2021:06:01:12 +0000] "GET /pagecontents.php?url=Pyament-Option HTTP/1.0" 200 50964 "-" "ZoominfoBot (zoominfobot at zoominfo dot com)"
35.185.69.234 - - [06/Aug/2021:06:02:11 +0000] "GET /pagecontents.php?url=Return-and-Refund-Policy HTTP/1.0" 302 256 "-" "ZoominfoBot (zoominfobot at zoominfo dot com)"
35.185.69.234 - - [06/Aug/2021:06:02:11 +0000] "GET /pagecontents.php?url=Return-and-Refund-Policy HTTP/1.0" 200 50964 "-" "ZoominfoBot (zoominfobot at zoominfo dot com)"
35.185.69.234 - - [06/Aug/2021:06:04:04 +0000] "GET /index.php HTTP/1.0" 302 220 "-" "ZoominfoBot (zoominfobot at zoominfo dot com)"
35.185.69.234 - - [06/Aug/2021:06:04:05 +0000] "GET /index.php HTTP/1.0" 301 235 "-" "ZoominfoBot (zoominfobot at zoominfo dot com)"
35.185.69.234 - - [06/Aug/2021:06:04:05 +0000] "GET / HTTP/1.0" 200 78293 "-" "ZoominfoBot (zoominfobot at zoominfo dot com)"
157.55.39.139 - - [06/Aug/2021:06:06:02 +0000] "GET /beach-tour-packages.php/js/bootstrap.min.js HTTP/1.1" 302 254 "-" "Mozilla/5.0 (compatible; MSIE 9.0; Windows NT 6.1; Trident/5.0)"
157.55.39.139 - - [06/Aug/2021:06:06:03 +0000] "GET /beach-tour-packages.php/js/bootstrap.min.js HTTP/1.1" 200 55265 "-" "Mozilla/5.0 (compatible; MSIE 9.0; Windows NT 6.1; Trident/5.0)"
35.185.69.234 - - [06/Aug/2021:06:06:05 +0000] "GET /tour-package.php?id=21 HTTP/1.0" 302 233 "-" "ZoominfoBot (zoominfobot at zoominfo dot com)"
35.185.69.234 - - [06/Aug/2021:06:06:06 +0000] "GET /tour-package.php?id=21 HTTP/1.0" 200 57872 "-" "ZoominfoBot (zoominfobot at zoominfo dot com)"
169.149.251.209 - - [06/Aug/2021:06:07:44 +0000] "GET /img/favicon.ico HTTP/1.1" 206 1150 "-" "WhatsApp/2.21.50.15 i"
169.149.221.39 - - [06/Aug/2021:06:07:43 +0000] "GET / HTTP/1.1" 200 78297 "-" "WhatsApp/2.21.50.15 i"
35.185.69.234 - - [06/Aug/2021:06:09:54 +0000] "GET /honeymoon-tour-packages.php HTTP/1.0" 302 238 "-" "ZoominfoBot (zoominfobot at zoominfo dot com)"
35.185.69.234 - - [06/Aug/2021:06:09:55 +0000] "GET /honeymoon-tour-packages.php HTTP/1.0" 200 53985 "-" "ZoominfoBot (zoominfobot at zoominfo dot com)"
35.185.69.234 - - [06/Aug/2021:06:10:23 +0000] "GET /tour-package.php?id=25 HTTP/1.0" 302 233 "-" "ZoominfoBot (zoominfobot at zoominfo dot com)"
35.185.69.234 - - [06/Aug/2021:06:10:24 +0000] "GET /tour-package.php?id=25 HTTP/1.0" 200 58055 "-" "ZoominfoBot (zoominfobot at zoominfo dot com)"
35.185.69.234 - - [06/Aug/2021:06:15:04 +0000] "GET /tour-package.php?id=15 HTTP/1.0" 302 233 "-" "ZoominfoBot (zoominfobot at zoominfo dot com)"
35.185.69.234 - - [06/Aug/2021:06:15:05 +0000] "GET /tour-package.php?id=15 HTTP/1.0" 200 65841 "-" "ZoominfoBot (zoominfobot at zoominfo dot com)"
35.185.69.234 - - [06/Aug/2021:06:19:33 +0000] "GET /tour-package.php?id=19 HTTP/1.0" 302 233 "-" "ZoominfoBot (zoominfobot at zoominfo dot com)"
35.185.69.234 - - [06/Aug/2021:06:19:33 +0000] "GET /tour-package.php?id=19 HTTP/1.0" 200 65720 "-" "ZoominfoBot (zoominfobot at zoominfo dot com)"
114.119.129.191 - - [06/Aug/2021:06:22:30 +0000] "GET /ExploreLaddakhvaiManaliTour.html HTTP/1.1" 302 243 "-" "Mozilla/5.0 (Linux; Android 7.0;) AppleWebKit/537.36 (KHTML, like Gecko) Mobile Safari/537.36 (compatible; PetalBot;+https://webmaster.petalsearch.com/site/petalbot)"
114.119.129.191 - - [06/Aug/2021:06:22:30 +0000] "GET /ExploreLaddakhvaiManaliTour.html HTTP/1.1" 301 271 "-" "Mozilla/5.0 (Linux; Android 7.0;) AppleWebKit/537.36 (KHTML, like Gecko) Mobile Safari/537.36 (compatible; PetalBot;+https://webmaster.petalsearch.com/site/petalbot)"
114.119.129.191 - - [06/Aug/2021:06:22:30 +0000] "GET /ExploreLaddakhvaiManaliTour.html HTTP/1.1" 200 62443 "-" "Mozilla/5.0 (Linux; Android 7.0;) AppleWebKit/537.36 (KHTML, like Gecko) Mobile Safari/537.36 (compatible; PetalBot;+https://webmaster.petalsearch.com/site/petalbot)"
35.185.69.234 - - [06/Aug/2021:06:23:13 +0000] "GET /tour-package.php?id=1 HTTP/1.0" 302 232 "-" "ZoominfoBot (zoominfobot at zoominfo dot com)"
35.185.69.234 - - [06/Aug/2021:06:23:13 +0000] "GET /tour-package.php?id=1 HTTP/1.0" 200 65712 "-" "ZoominfoBot (zoominfobot at zoominfo dot com)"
35.185.69.234 - - [06/Aug/2021:06:23:27 +0000] "GET /pagecontents.php?url=Terms-and-Conditions HTTP/1.0" 302 252 "-" "ZoominfoBot (zoominfobot at zoominfo dot com)"
35.185.69.234 - - [06/Aug/2021:06:23:28 +0000] "GET /pagecontents.php?url=Terms-and-Conditions HTTP/1.0" 200 53481 "-" "ZoominfoBot (zoominfobot at zoominfo dot com)"
66.249.66.55 - - [06/Aug/2021:06:27:43 +0000] "GET /SingaporeTourPackage.html HTTP/1.1" 200 60437 "-" "Mozilla/5.0 (compatible; Googlebot/2.1; +http://www.google.com/bot.html)"
131.220.6.152 - - [06/Aug/2021:06:45:06 +0000] "GET / HTTP/1.1" 302 211 "-" "Mozilla/5.0 (X11; Linux x86_64) AppleWebKit/537.36 (KHTML, like Gecko) Chrome/79.0.3945.79 Safari/537.36"
131.220.6.152 - - [06/Aug/2021:06:45:06 +0000] "GET / HTTP/1.1" 200 78293 "-" "Mozilla/5.0 (X11; Linux x86_64) AppleWebKit/537.36 (KHTML, like Gecko) Chrome/79.0.3945.79 Safari/537.36"
185.191.171.11 - - [06/Aug/2021:06:47:32 +0000] "GET /robots.txt HTTP/1.1" 404 78307 "-" "Mozilla/5.0 (compatible; SemrushBot/7~bl; +http://www.semrush.com/bot.html)"
185.191.171.41 - - [06/Aug/2021:06:47:33 +0000] "GET /KashmirHoneymoonPackages.html HTTP/1.1" 200 62145 "-" "Mozilla/5.0 (compatible; SemrushBot/7~bl; +http://www.semrush.com/bot.html)"
185.191.171.1 - - [06/Aug/2021:06:56:39 +0000] "GET /tour-package.php?id=15 HTTP/1.1" 200 65841 "-" "Mozilla/5.0 (compatible; SemrushBot/7~bl; +http://www.semrush.com/bot.html)"
45.115.254.85 - - [06/Aug/2021:06:57:17 +0000] "GET / HTTP/1.1" 200 78297 "-" "Mozilla/5.0 (Windows NT 10.0; Win64; x64) AppleWebKit/537.36 (KHTML, like Gecko) Chrome/92.0.4515.131 Safari/537.36"
45.115.254.85 - - [06/Aug/2021:06:58:20 +0000] "GET / HTTP/1.1" 200 78297 "-" "Mozilla/5.0 (Windows NT 10.0; Win64; x64) AppleWebKit/537.36 (KHTML, like Gecko) Chrome/92.0.4515.131 Safari/537.36"
45.115.254.85 - - [06/Aug/2021:06:58:20 +0000] "GET / HTTP/1.1" 200 78297 "-" "Mozilla/5.0 (Windows NT 10.0; Win64; x64) AppleWebKit/537.36 (KHTML, like Gecko) Chrome/92.0.4515.131 Safari/537.36"
45.115.254.85 - - [06/Aug/2021:06:59:04 +0000] "GET / HTTP/1.1" 200 78297 "-" "Mozilla/5.0 (Windows NT 10.0; Win64; x64) AppleWebKit/537.36 (KHTML, like Gecko) Chrome/92.0.4515.131 Safari/537.36"
45.115.254.85 - - [06/Aug/2021:06:59:04 +0000] "GET / HTTP/1.1" 200 78297 "-" "Mozilla/5.0 (Windows NT 10.0; Win64; x64) AppleWebKit/537.36 (KHTML, like Gecko) Chrome/92.0.4515.131 Safari/537.36"
45.115.254.85 - - [06/Aug/2021:06:59:31 +0000] "GET / HTTP/1.1" 200 78297 "-" "Mozilla/5.0 (Windows NT 10.0; Win64; x64) AppleWebKit/537.36 (KHTML, like Gecko) Chrome/92.0.4515.131 Safari/537.36"
45.115.254.85 - - [06/Aug/2021:06:59:32 +0000] "GET / HTTP/1.1" 200 78297 "-" "Mozilla/5.0 (Windows NT 10.0; Win64; x64) AppleWebKit/537.36 (KHTML, like Gecko) Chrome/92.0.4515.131 Safari/537.36"
45.115.254.85 - - [06/Aug/2021:07:01:58 +0000] "GET / HTTP/1.1" 200 78297 "-" "Mozilla/5.0 (Windows NT 10.0; Win64; x64) AppleWebKit/537.36 (KHTML, like Gecko) Chrome/92.0.4515.131 Safari/537.36"
45.115.254.85 - - [06/Aug/2021:07:01:58 +0000] "GET / HTTP/1.1" 200 78297 "-" "Mozilla/5.0 (Windows NT 10.0; Win64; x64) AppleWebKit/537.36 (KHTML, like Gecko) Chrome/92.0.4515.131 Safari/537.36"
49.7.20.98 - - [06/Aug/2021:07:12:52 +0000] "GET / HTTP/1.1" 200 78293 "-" "Sogou web spider/4.0(+http://www.sogou.com/docs/help/webmasters.htm#07)"
176.9.18.183 - - [06/Aug/2021:07:33:32 +0000] "GET / HTTP/1.1" 200 78293 "-" "serpstatbot/1.0 (advanced backlink tracking bot; curl/7.58.0; http://serpstatbot.com/; abuse@serpstatbot.com)"
114.119.134.245 - - [06/Aug/2021:07:43:19 +0000] "GET /night-life-tour-packages.php HTTP/1.1" 200 53995 "-" "Mozilla/5.0 (Linux; Android 7.0;) AppleWebKit/537.36 (KHTML, like Gecko) Mobile Safari/537.36 (compatible; PetalBot;+https://webmaster.petalsearch.com/site/petalbot)"
66.249.66.74 - - [06/Aug/2021:07:57:43 +0000] "GET / HTTP/1.1" 302 211 "-" "Mozilla/5.0 (Linux; Android 6.0.1; Nexus 5X Build/MMB29P) AppleWebKit/537.36 (KHTML, like Gecko) Chrome/92.0.4515.119 Mobile Safari/537.36 (compatible; Googlebot/2.1; +http://www.google.com/bot.html)"
66.249.66.65 - - [06/Aug/2021:07:57:43 +0000] "GET / HTTP/1.1" 200 78293 "-" "Mozilla/5.0 (Linux; Android 6.0.1; Nexus 5X Build/MMB29P) AppleWebKit/537.36 (KHTML, like Gecko) Chrome/92.0.4515.119 Mobile Safari/537.36 (compatible; Googlebot/2.1; +http://www.google.com/bot.html)"
106.38.241.120 - - [06/Aug/2021:08:18:41 +0000] "GET / HTTP/1.1" 200 78293 "-" "Sogou web spider/4.0(+http://www.sogou.com/docs/help/webmasters.htm#07)"
106.38.241.120 - - [06/Aug/2021:08:44:52 +0000] "GET / HTTP/1.1" 200 78293 "-" "Sogou web spider/4.0(+http://www.sogou.com/docs/help/webmasters.htm#07)"
49.7.20.98 - - [06/Aug/2021:08:59:10 +0000] "GET / HTTP/1.1" 200 78293 "-" "Sogou web spider/4.0(+http://www.sogou.com/docs/help/webmasters.htm#07)"
173.252.107.116 - - [06/Aug/2021:09:00:43 +0000] "GET / HTTP/1.1" 200 78293 "-" "facebookexternalhit/1.1 (+http://www.facebook.com/externalhit_uatext.php)"
173.252.107.24 - - [06/Aug/2021:09:00:43 +0000] "GET / HTTP/1.1" 200 78293 "-" "facebookexternalhit/1.1 (+http://www.facebook.com/externalhit_uatext.php)"
173.252.107.11 - - [06/Aug/2021:09:00:44 +0000] "GET / HTTP/1.1" 302 211 "-" "facebookexternalhit/1.1 (+http://www.facebook.com/externalhit_uatext.php)"
173.252.107.11 - - [06/Aug/2021:09:00:44 +0000] "GET / HTTP/1.1" 200 78293 "-" "facebookexternalhit/1.1 (+http://www.facebook.com/externalhit_uatext.php)"
114.119.129.191 - - [06/Aug/2021:09:02:40 +0000] "GET /tour-package.php?id=12 HTTP/1.1" 200 55085 "-" "Mozilla/5.0 (Linux; Android 7.0;) AppleWebKit/537.36 (KHTML, like Gecko) Mobile Safari/537.36 (compatible; PetalBot;+https://webmaster.petalsearch.com/site/petalbot)"
106.38.241.120 - - [06/Aug/2021:09:12:15 +0000] "GET / HTTP/1.1" 200 78293 "-" "Sogou web spider/4.0(+http://www.sogou.com/docs/help/webmasters.htm#07)"
54.36.148.196 - - [06/Aug/2021:09:14:55 +0000] "GET / HTTP/1.1" 200 78297 "-" "Mozilla/5.0 (compatible; AhrefsBot/7.0; +http://ahrefs.com/robot/)"
114.119.158.125 - - [06/Aug/2021:09:36:30 +0000] "GET /laddakhwithmoonvalleytour.html HTTP/1.1" 302 241 "-" "Mozilla/5.0 (Linux; Android 7.0;) AppleWebKit/537.36 (KHTML, like Gecko) Mobile Safari/537.36 (compatible; PetalBot;+https://webmaster.petalsearch.com/site/petalbot)"
114.119.158.125 - - [06/Aug/2021:09:36:30 +0000] "GET /laddakhwithmoonvalleytour.html HTTP/1.1" 301 269 "-" "Mozilla/5.0 (Linux; Android 7.0;) AppleWebKit/537.36 (KHTML, like Gecko) Mobile Safari/537.36 (compatible; PetalBot;+https://webmaster.petalsearch.com/site/petalbot)"
114.119.158.125 - - [06/Aug/2021:09:36:30 +0000] "GET /laddakhwithmoonvalleytour.html HTTP/1.1" 200 60538 "-" "Mozilla/5.0 (Linux; Android 7.0;) AppleWebKit/537.36 (KHTML, like Gecko) Mobile Safari/537.36 (compatible; PetalBot;+https://webmaster.petalsearch.com/site/petalbot)"
106.38.241.120 - - [06/Aug/2021:09:37:25 +0000] "GET / HTTP/1.1" 200 78293 "-" "Sogou web spider/4.0(+http://www.sogou.com/docs/help/webmasters.htm#07)"
114.119.152.233 - - [06/Aug/2021:09:49:10 +0000] "GET /DubaiTourPackage.html HTTP/1.1" 302 232 "-" "Mozilla/5.0 (Linux; Android 7.0;) AppleWebKit/537.36 (KHTML, like Gecko) Mobile Safari/537.36 (compatible; PetalBot;+https://webmaster.petalsearch.com/site/petalbot)"
114.119.152.233 - - [06/Aug/2021:09:49:11 +0000] "GET /DubaiTourPackage.html HTTP/1.1" 301 260 "-" "Mozilla/5.0 (Linux; Android 7.0;) AppleWebKit/537.36 (KHTML, like Gecko) Mobile Safari/537.36 (compatible; PetalBot;+https://webmaster.petalsearch.com/site/petalbot)"
114.119.152.233 - - [06/Aug/2021:09:49:11 +0000] "GET /DubaiTourPackage.html HTTP/1.1" 200 59557 "-" "Mozilla/5.0 (Linux; Android 7.0;) AppleWebKit/537.36 (KHTML, like Gecko) Mobile Safari/537.36 (compatible; PetalBot;+https://webmaster.petalsearch.com/site/petalbot)"
49.7.20.98 - - [06/Aug/2021:09:54:59 +0000] "GET / HTTP/1.1" 200 78293 "-" "Sogou web spider/4.0(+http://www.sogou.com/docs/help/webmasters.htm#07)"
106.38.241.120 - - [06/Aug/2021:10:03:06 +0000] "GET / HTTP/1.1" 200 78293 "-" "Sogou web spider/4.0(+http://www.sogou.com/docs/help/webmasters.htm#07)"
114.119.157.24 - - [06/Aug/2021:10:14:38 +0000] "GET /himachal HTTP/1.1" 301 247 "-" "Mozilla/5.0 (Linux; Android 7.0;) AppleWebKit/537.36 (KHTML, like Gecko) Mobile Safari/537.36 (compatible; PetalBot;+https://webmaster.petalsearch.com/site/petalbot)"
114.119.157.24 - - [06/Aug/2021:10:14:38 +0000] "GET /himachal HTTP/1.1" 200 50964 "-" "Mozilla/5.0 (Linux; Android 7.0;) AppleWebKit/537.36 (KHTML, like Gecko) Mobile Safari/537.36 (compatible; PetalBot;+https://webmaster.petalsearch.com/site/petalbot)"
106.38.241.120 - - [06/Aug/2021:10:25:43 +0000] "GET / HTTP/1.1" 200 78293 "-" "Sogou web spider/4.0(+http://www.sogou.com/docs/help/webmasters.htm#07)"
191.101.217.89 - - [06/Aug/2021:10:28:55 +0000] "GET / HTTP/1.0" 200 78293 "http://indiatravelkart.com/" "Mozilla/5.0 (Windows NT 10.0; Win64; x64) AppleWebKit/537.36 (KHTML, like Gecko) Chrome/67.0.3396.87 Safari/537.36 OPR/54.0.2952.64"
191.101.217.89 - - [06/Aug/2021:10:28:56 +0000] "GET /contact.php HTTP/1.0" 200 57552 "http://indiatravelkart.com/contact.php" "Mozilla/5.0 (Windows NT 10.0; Win64; x64) AppleWebKit/537.36 (KHTML, like Gecko) Chrome/67.0.3396.87 Safari/537.36 OPR/54.0.2952.64"
114.119.158.125 - - [06/Aug/2021:10:30:08 +0000] "GET /galleryimg/thumb HTTP/1.1" 302 227 "-" "Mozilla/5.0 (Linux; Android 7.0;) AppleWebKit/537.36 (KHTML, like Gecko) Mobile Safari/537.36 (compatible; PetalBot;+https://webmaster.petalsearch.com/site/petalbot)"
114.119.158.125 - - [06/Aug/2021:10:30:08 +0000] "GET /galleryimg/thumb HTTP/1.1" 301 255 "-" "Mozilla/5.0 (Linux; Android 7.0;) AppleWebKit/537.36 (KHTML, like Gecko) Mobile Safari/537.36 (compatible; PetalBot;+https://webmaster.petalsearch.com/site/petalbot)"
114.119.158.125 - - [06/Aug/2021:10:30:09 +0000] "GET /galleryimg/thumb HTTP/1.1" 404 78313 "-" "Mozilla/5.0 (Linux; Android 7.0;) AppleWebKit/537.36 (KHTML, like Gecko) Mobile Safari/537.36 (compatible; PetalBot;+https://webmaster.petalsearch.com/site/petalbot)"
149.56.78.37 - - [06/Aug/2021:10:30:36 +0000] "GET /.vscode/sftp.json HTTP/1.1" 301 256 "-" "Mozilla/5.0 (Windows NT 6.1; Trident/7.0; rv:11.0) like Gecko"
149.56.78.37 - - [06/Aug/2021:10:30:36 +0000] "GET /.vscode/sftp.json HTTP/1.1" 404 78314 "-" "Mozilla/5.0 (Windows NT 6.1; Trident/7.0; rv:11.0) like Gecko"
74.125.209.62 - - [06/Aug/2021:10:41:26 +0000] "GET /wp-content/themes/twentyfifteen-child/images/itk_logo.png HTTP/1.1" 301 296 "-" "Mozilla/5.0 (Windows NT 5.1; rv:11.0) Gecko Firefox/11.0 (via ggpht.com GoogleImageProxy)"
74.125.209.23 - - [06/Aug/2021:10:41:27 +0000] "GET /wp-content/themes/twentyfifteen-child/images/itk_logo.png HTTP/1.1" 404 78354 "-" "Mozilla/5.0 (Windows NT 5.1; rv:11.0) Gecko Firefox/11.0 (via ggpht.com GoogleImageProxy)"
106.38.241.120 - - [06/Aug/2021:10:47:10 +0000] "GET / HTTP/1.1" 200 78293 "-" "Sogou web spider/4.0(+http://www.sogou.com/docs/help/webmasters.htm#07)"
49.7.20.98 - - [06/Aug/2021:10:50:27 +0000] "GET / HTTP/1.1" 200 78293 "-" "Sogou web spider/4.0(+http://www.sogou.com/docs/help/webmasters.htm#07)"
67.227.38.125 - - [06/Aug/2021:11:00:16 +0000] "GET / HTTP/1.1" 200 78293 "-" "Mozilla/5.0 (Windows NT 10.0; Win64; x64) AppleWebKit/537.36 (KHTML, like Gecko) Chrome/91.0.4472.77 Safari/537.36"
114.119.155.175 - - [06/Aug/2021:11:09:06 +0000] "GET /about.php HTTP/1.1" 200 57479 "-" "Mozilla/5.0 (Linux; Android 7.0;) AppleWebKit/537.36 (KHTML, like Gecko) Mobile Safari/537.36 (compatible; PetalBot;+https://webmaster.petalsearch.com/site/petalbot)"
106.38.241.120 - - [06/Aug/2021:11:11:52 +0000] "GET / HTTP/1.1" 200 78293 "-" "Sogou web spider/4.0(+http://www.sogou.com/docs/help/webmasters.htm#07)"
106.38.241.120 - - [06/Aug/2021:11:37:54 +0000] "GET / HTTP/1.1" 200 78293 "-" "Sogou web spider/4.0(+http://www.sogou.com/docs/help/webmasters.htm#07)"
49.7.20.98 - - [06/Aug/2021:11:46:19 +0000] "GET / HTTP/1.1" 200 78293 "-" "Sogou web spider/4.0(+http://www.sogou.com/docs/help/webmasters.htm#07)"
106.38.241.120 - - [06/Aug/2021:12:12:26 +0000] "GET / HTTP/1.1" 200 78293 "-" "Sogou web spider/4.0(+http://www.sogou.com/docs/help/webmasters.htm#07)"
66.249.66.39 - - [06/Aug/2021:12:28:00 +0000] "GET /robots.txt HTTP/1.1" 302 225 "-" "Mozilla/5.0 (compatible; Googlebot/2.1; +http://www.google.com/bot.html)"
66.249.66.57 - - [06/Aug/2021:12:28:01 +0000] "GET /robots.txt HTTP/1.1" 404 78307 "-" "Mozilla/5.0 (compatible; Googlebot/2.1; +http://www.google.com/bot.html)"
66.249.66.39 - - [06/Aug/2021:12:28:01 +0000] "GET / HTTP/1.1" 302 215 "-" "Mozilla/5.0 (Linux; Android 6.0.1; Nexus 5X Build/MMB29P) AppleWebKit/537.36 (KHTML, like Gecko) Chrome/92.0.4515.119 Mobile Safari/537.36 (compatible; Googlebot/2.1; +http://www.google.com/bot.html)"
66.249.66.55 - - [06/Aug/2021:12:28:02 +0000] "GET / HTTP/1.1" 200 78297 "-" "Mozilla/5.0 (Linux; Android 6.0.1; Nexus 5X Build/MMB29P) AppleWebKit/537.36 (KHTML, like Gecko) Chrome/92.0.4515.119 Mobile Safari/537.36 (compatible; Googlebot/2.1; +http://www.google.com/bot.html)"
54.202.173.153 - - [06/Aug/2021:12:32:58 +0000] "GET / HTTP/1.1" 302 211 "-" "Mozilla/5.0 (X11; Linux x86_64) AppleWebKit/537.36 (KHTML, like Gecko) Chrome/83.0.4103.97 Safari/537.36"
66.249.66.95 - - [06/Aug/2021:12:33:03 +0000] "GET /tour-package.php?id=24 HTTP/1.1" 200 57948 "-" "Mozilla/5.0 (Linux; Android 6.0.1; Nexus 5X Build/MMB29P) AppleWebKit/537.36 (KHTML, like Gecko) Chrome/92.0.4515.119 Mobile Safari/537.36 (compatible; Googlebot/2.1; +http://www.google.com/bot.html)"
54.202.173.153 - - [06/Aug/2021:12:33:04 +0000] "GET / HTTP/1.1" 200 78293 "-" "Mozilla/5.0 (X11; Linux x86_64) AppleWebKit/537.36 (KHTML, like Gecko) Chrome/83.0.4103.97 Safari/537.36"
35.162.200.175 - - [06/Aug/2021:12:33:26 +0000] "GET /favicon.ico HTTP/1.1" 302 222 "-" "Mozilla/5.0 (X11; Linux x86_64) AppleWebKit/537.36 (KHTML, like Gecko) Chrome/83.0.4103.97 Safari/537.36"
35.162.200.175 - - [06/Aug/2021:12:33:31 +0000] "GET / HTTP/1.1" 302 211 "-" "Mozilla/5.0 (X11; Linux x86_64) AppleWebKit/537.36 (KHTML, like Gecko) Chrome/83.0.4103.97 Safari/537.36"
35.162.200.175 - - [06/Aug/2021:12:33:33 +0000] "GET / HTTP/1.1" 200 78293 "-" "Mozilla/5.0 (X11; Linux x86_64) AppleWebKit/537.36 (KHTML, like Gecko) Chrome/83.0.4103.97 Safari/537.36"
114.119.159.39 - - [06/Aug/2021:12:35:58 +0000] "GET /tour-package.php?id=25 HTTP/1.1" 200 58055 "-" "Mozilla/5.0 (Linux; Android 7.0;) AppleWebKit/537.36 (KHTML, like Gecko) Mobile Safari/537.36 (compatible; PetalBot;+https://webmaster.petalsearch.com/site/petalbot)"
52.12.211.152 - - [06/Aug/2021:12:35:59 +0000] "GET / HTTP/1.1" 200 78293 "-" "Mozilla/5.0 (X11; Linux x86_64) AppleWebKit/537.36 (KHTML, like Gecko) Chrome/83.0.4103.97 Safari/537.36"
49.7.20.98 - - [06/Aug/2021:12:37:52 +0000] "GET / HTTP/1.1" 200 78293 "-" "Sogou web spider/4.0(+http://www.sogou.com/docs/help/webmasters.htm#07)"
34.219.52.155 - - [06/Aug/2021:12:40:58 +0000] "GET /favicon.ico HTTP/1.1" 301 250 "-" "Mozilla/5.0 (X11; Linux x86_64) AppleWebKit/537.36 (KHTML, like Gecko) Chrome/83.0.4103.97 Safari/537.36"
34.219.52.155 - - [06/Aug/2021:12:41:03 +0000] "GET / HTTP/1.1" 200 78293 "-" "Mozilla/5.0 (X11; Linux x86_64) AppleWebKit/537.36 (KHTML, like Gecko) Chrome/83.0.4103.97 Safari/537.36"
216.244.66.236 - - [06/Aug/2021:12:42:30 +0000] "GET /robots.txt HTTP/1.1" 404 78307 "-" "Mozilla/5.0 (compatible; DotBot/1.2; +https://opensiteexplorer.org/dotbot; help@moz.com)"
106.38.241.120 - - [06/Aug/2021:12:46:59 +0000] "GET / HTTP/1.1" 200 78293 "-" "Sogou web spider/4.0(+http://www.sogou.com/docs/help/webmasters.htm#07)"
107.174.238.105 - - [06/Aug/2021:12:53:46 +0000] "GET / HTTP/1.0" 200 78293 "-" "Mozilla/5.0 (Macintosh; Intel Mac OS X 10_13_4) AppleWebKit/537.36 (KHTML, like Gecko) Chrome/61.0.3163.79 Safari/537.36"
107.174.238.105 - - [06/Aug/2021:12:53:52 +0000] "GET /contact.php HTTP/1.0" 200 57552 "http://indiatravelkart.com" "Mozilla/5.0 (Macintosh; Intel Mac OS X 10_13_4) AppleWebKit/537.36 (KHTML, like Gecko) Chrome/61.0.3163.79 Safari/537.36"
216.244.66.236 - - [06/Aug/2021:12:54:17 +0000] "GET /3-countries-magic-tour/tour-package.php?id=16 HTTP/1.1" 404 78342 "-" "Mozilla/5.0 (compatible; DotBot/1.2; +https://opensiteexplorer.org/dotbot; help@moz.com)"
66.249.66.42 - - [06/Aug/2021:13:04:44 +0000] "GET / HTTP/1.1" 302 215 "-" "Mozilla/5.0 (compatible; Googlebot/2.1; +http://www.google.com/bot.html)"
66.249.66.55 - - [06/Aug/2021:13:04:46 +0000] "GET / HTTP/1.1" 200 78297 "-" "Mozilla/5.0 (compatible; Googlebot/2.1; +http://www.google.com/bot.html)"
93.158.66.18 - - [06/Aug/2021:13:08:43 +0000] "HEAD /c99.php HTTP/1.1" 302 - "-" "python-requests/2.26.0"
93.158.66.18 - - [06/Aug/2021:13:08:43 +0000] "HEAD /c99.php HTTP/1.1" 302 - "-" "python-requests/2.26.0"
20.75.128.100 - - [06/Aug/2021:13:09:13 +0000] "GET /css/AjaxLoader.html HTTP/1.1" 200 56913 "-" "Mozilla/5.0 (Windows NT 10.0; Win64; x64) AppleWebKit/537.36 (KHTML, like Gecko) Chrome/76.0.3809.100 Safari/537.36"
106.38.241.120 - - [06/Aug/2021:13:20:07 +0000] "GET / HTTP/1.1" 200 78293 "-" "Sogou web spider/4.0(+http://www.sogou.com/docs/help/webmasters.htm#07)"
49.7.20.98 - - [06/Aug/2021:13:28:17 +0000] "GET / HTTP/1.1" 200 78293 "-" "Sogou web spider/4.0(+http://www.sogou.com/docs/help/webmasters.htm#07)"
114.119.159.183 - - [06/Aug/2021:13:28:24 +0000] "GET /beach-tour-packages.php HTTP/1.1" 200 55265 "-" "Mozilla/5.0 (Linux; Android 7.0;) AppleWebKit/537.36 (KHTML, like Gecko) Mobile Safari/537.36 (compatible; PetalBot;+https://webmaster.petalsearch.com/site/petalbot)"
106.38.241.120 - - [06/Aug/2021:13:52:20 +0000] "GET / HTTP/1.1" 200 78293 "-" "Sogou web spider/4.0(+http://www.sogou.com/docs/help/webmasters.htm#07)"
