115.187.41.170 - - [01/Aug/2021:13:54:38 +0000] "GET /img/icon/8-hover.png HTTP/1.1" 200 2527 "http://indiatravelkart.com/" "Mozilla/5.0 (Windows NT 10.0; Win64; x64) AppleWebKit/537.36 (KHTML, like Gecko) Chrome/92.0.4515.107 Safari/537.36"
115.187.41.170 - - [01/Aug/2021:13:54:38 +0000] "GET /img/icon/9.png HTTP/1.1" 200 2685 "http://indiatravelkart.com/" "Mozilla/5.0 (Windows NT 10.0; Win64; x64) AppleWebKit/537.36 (KHTML, like Gecko) Chrome/92.0.4515.107 Safari/537.36"
115.187.41.170 - - [01/Aug/2021:13:54:38 +0000] "GET /img/icon/9-hover.png HTTP/1.1" 200 2809 "http://indiatravelkart.com/" "Mozilla/5.0 (Windows NT 10.0; Win64; x64) AppleWebKit/537.36 (KHTML, like Gecko) Chrome/92.0.4515.107 Safari/537.36"
115.187.41.170 - - [01/Aug/2021:13:54:38 +0000] "GET /img/icon/10.png HTTP/1.1" 200 2253 "http://indiatravelkart.com/" "Mozilla/5.0 (Windows NT 10.0; Win64; x64) AppleWebKit/537.36 (KHTML, like Gecko) Chrome/92.0.4515.107 Safari/537.36"
115.187.41.170 - - [01/Aug/2021:13:54:38 +0000] "GET /img/icon/11.png HTTP/1.1" 200 3182 "http://indiatravelkart.com/" "Mozilla/5.0 (Windows NT 10.0; Win64; x64) AppleWebKit/537.36 (KHTML, like Gecko) Chrome/92.0.4515.107 Safari/537.36"
115.187.41.170 - - [01/Aug/2021:13:54:38 +0000] "GET /img/icon/10-hover.png HTTP/1.1" 200 2343 "http://indiatravelkart.com/" "Mozilla/5.0 (Windows NT 10.0; Win64; x64) AppleWebKit/537.36 (KHTML, like Gecko) Chrome/92.0.4515.107 Safari/537.36"
115.187.41.170 - - [01/Aug/2021:13:54:38 +0000] "GET /img/icon/11-hover.png HTTP/1.1" 200 3472 "http://indiatravelkart.com/" "Mozilla/5.0 (Windows NT 10.0; Win64; x64) AppleWebKit/537.36 (KHTML, like Gecko) Chrome/92.0.4515.107 Safari/537.36"
115.187.41.170 - - [01/Aug/2021:13:54:38 +0000] "GET /img/icon/12.png HTTP/1.1" 200 2487 "http://indiatravelkart.com/" "Mozilla/5.0 (Windows NT 10.0; Win64; x64) AppleWebKit/537.36 (KHTML, like Gecko) Chrome/92.0.4515.107 Safari/537.36"
115.187.41.170 - - [01/Aug/2021:13:54:38 +0000] "GET /img/icon/12-hover.png HTTP/1.1" 200 2495 "http://indiatravelkart.com/" "Mozilla/5.0 (Windows NT 10.0; Win64; x64) AppleWebKit/537.36 (KHTML, like Gecko) Chrome/92.0.4515.107 Safari/537.36"
115.187.41.170 - - [01/Aug/2021:13:54:38 +0000] "GET /galleryimg/5567479maxresdefault.jpg HTTP/1.1" 200 742856 "http://indiatravelkart.com/" "Mozilla/5.0 (Windows NT 10.0; Win64; x64) AppleWebKit/537.36 (KHTML, like Gecko) Chrome/92.0.4515.107 Safari/537.36"
115.187.41.170 - - [01/Aug/2021:13:54:38 +0000] "GET /img/icon/title2-icon-2.png HTTP/1.1" 200 1930 "http://indiatravelkart.com/style.css" "Mozilla/5.0 (Windows NT 10.0; Win64; x64) AppleWebKit/537.36 (KHTML, like Gecko) Chrome/92.0.4515.107 Safari/537.36"
115.187.41.170 - - [01/Aug/2021:13:54:38 +0000] "GET /img/payment.png HTTP/1.1" 200 13240 "http://indiatravelkart.com/" "Mozilla/5.0 (Windows NT 10.0; Win64; x64) AppleWebKit/537.36 (KHTML, like Gecko) Chrome/92.0.4515.107 Safari/537.36"
115.187.41.170 - - [01/Aug/2021:13:54:38 +0000] "GET /img/banner/8.jpg HTTP/1.1" 200 358689 "http://indiatravelkart.com/style.css" "Mozilla/5.0 (Windows NT 10.0; Win64; x64) AppleWebKit/537.36 (KHTML, like Gecko) Chrome/92.0.4515.107 Safari/537.36"
115.187.41.170 - - [01/Aug/2021:13:54:38 +0000] "GET /img/banner/transparent-2.png HTTP/1.1" 200 4229 "http://indiatravelkart.com/style.css" "Mozilla/5.0 (Windows NT 10.0; Win64; x64) AppleWebKit/537.36 (KHTML, like Gecko) Chrome/92.0.4515.107 Safari/537.36"
115.187.41.170 - - [01/Aug/2021:13:54:38 +0000] "GET /img/banner/transparent-2-gray.png HTTP/1.1" 200 4688 "http://indiatravelkart.com/style.css" "Mozilla/5.0 (Windows NT 10.0; Win64; x64) AppleWebKit/537.36 (KHTML, like Gecko) Chrome/92.0.4515.107 Safari/537.36"
115.187.41.170 - - [01/Aug/2021:13:54:38 +0000] "GET /img/banner/11.jpg HTTP/1.1" 200 496051 "http://indiatravelkart.com/style.css" "Mozilla/5.0 (Windows NT 10.0; Win64; x64) AppleWebKit/537.36 (KHTML, like Gecko) Chrome/92.0.4515.107 Safari/537.36"
115.187.41.170 - - [01/Aug/2021:13:54:37 +0000] "GET /galleryimg/e06eab75ec630df006f110cced74726c.jpg HTTP/1.1" 200 378217 "http://indiatravelkart.com/" "Mozilla/5.0 (Windows NT 10.0; Win64; x64) AppleWebKit/537.36 (KHTML, like Gecko) Chrome/92.0.4515.107 Safari/537.36"
115.187.41.170 - - [01/Aug/2021:13:54:38 +0000] "GET /img/banner/10.jpg HTTP/1.1" 200 467630 "http://indiatravelkart.com/style.css" "Mozilla/5.0 (Windows NT 10.0; Win64; x64) AppleWebKit/537.36 (KHTML, like Gecko) Chrome/92.0.4515.107 Safari/537.36"
115.187.41.170 - - [01/Aug/2021:13:54:37 +0000] "GET /img/slider/15.jpg HTTP/1.1" 200 696042 "http://indiatravelkart.com/" "Mozilla/5.0 (Windows NT 10.0; Win64; x64) AppleWebKit/537.36 (KHTML, like Gecko) Chrome/92.0.4515.107 Safari/537.36"
115.187.41.170 - - [01/Aug/2021:13:54:40 +0000] "GET /img/favicon.ico HTTP/1.1" 200 1150 "http://indiatravelkart.com/" "Mozilla/5.0 (Windows NT 10.0; Win64; x64) AppleWebKit/537.36 (KHTML, like Gecko) Chrome/92.0.4515.107 Safari/537.36"
216.244.66.236 - - [01/Aug/2021:14:01:12 +0000] "GET /robots.txt HTTP/1.1" 404 78307 "-" "Mozilla/5.0 (compatible; DotBot/1.2; +https://opensiteexplorer.org/dotbot; help@moz.com)"
106.38.241.135 - - [01/Aug/2021:14:03:59 +0000] "GET / HTTP/1.1" 200 78293 "-" "Sogou web spider/4.0(+http://www.sogou.com/docs/help/webmasters.htm#07)"
114.119.158.125 - - [01/Aug/2021:14:06:27 +0000] "GET /KashmirHoneymoonPackages.html HTTP/1.1" 200 62145 "-" "Mozilla/5.0 (Linux; Android 7.0;) AppleWebKit/537.36 (KHTML, like Gecko) Mobile Safari/537.36 (compatible; PetalBot;+https://webmaster.petalsearch.com/site/petalbot)"
216.244.66.236 - - [01/Aug/2021:14:11:18 +0000] "GET /RajasthanTourPackage.html HTTP/1.1" 200 66881 "-" "Mozilla/5.0 (compatible; DotBot/1.2; +https://opensiteexplorer.org/dotbot; help@moz.com)"
114.119.158.125 - - [01/Aug/2021:14:12:45 +0000] "GET /ManaliCarTourPackage.html HTTP/1.1" 200 58008 "-" "Mozilla/5.0 (Linux; Android 7.0;) AppleWebKit/537.36 (KHTML, like Gecko) Mobile Safari/537.36 (compatible; PetalBot;+https://webmaster.petalsearch.com/site/petalbot)"
35.243.253.182 - - [01/Aug/2021:14:12:51 +0000] "GET /robots.txt HTTP/1.0" 302 221 "-" "ZoominfoBot (zoominfobot at zoominfo dot com)"
35.243.253.182 - - [01/Aug/2021:14:12:52 +0000] "GET /robots.txt HTTP/1.1" 301 249 "-" "ZoominfoBot (zoominfobot at zoominfo dot com)"
35.243.253.182 - - [01/Aug/2021:14:12:53 +0000] "GET /robots.txt HTTP/1.1" 404 78307 "-" "ZoominfoBot (zoominfobot at zoominfo dot com)"
35.243.253.182 - - [01/Aug/2021:14:12:55 +0000] "GET /tour-package.php?id=22 HTTP/1.0" 302 233 "-" "ZoominfoBot (zoominfobot at zoominfo dot com)"
35.243.253.182 - - [01/Aug/2021:14:12:55 +0000] "GET /robots.txt HTTP/1.0" 301 249 "-" "ZoominfoBot (zoominfobot at zoominfo dot com)"
35.243.253.182 - - [01/Aug/2021:14:12:56 +0000] "GET /robots.txt HTTP/1.1" 404 78307 "-" "ZoominfoBot (zoominfobot at zoominfo dot com)"
35.243.253.182 - - [01/Aug/2021:14:12:57 +0000] "GET /pagecontents.php?url=Privacy-Policy HTTP/1.0" 302 246 "-" "ZoominfoBot (zoominfobot at zoominfo dot com)"
35.243.253.182 - - [01/Aug/2021:14:12:58 +0000] "GET /robots.txt HTTP/1.0" 301 249 "-" "ZoominfoBot (zoominfobot at zoominfo dot com)"
35.243.253.182 - - [01/Aug/2021:14:12:58 +0000] "GET /robots.txt HTTP/1.1" 404 78307 "-" "ZoominfoBot (zoominfobot at zoominfo dot com)"
35.243.253.182 - - [01/Aug/2021:14:12:59 +0000] "GET /tour-package.php?id=22 HTTP/1.0" 200 58102 "-" "ZoominfoBot (zoominfobot at zoominfo dot com)"
35.243.253.182 - - [01/Aug/2021:14:13:00 +0000] "GET /pagecontents.php?url=Privacy-Policy HTTP/1.0" 200 51008 "-" "ZoominfoBot (zoominfobot at zoominfo dot com)"
35.243.253.182 - - [01/Aug/2021:14:15:17 +0000] "GET /tour-package.php?id=26 HTTP/1.0" 302 233 "-" "ZoominfoBot (zoominfobot at zoominfo dot com)"
35.243.253.182 - - [01/Aug/2021:14:15:18 +0000] "GET /tour-package.php?id=26 HTTP/1.0" 200 57965 "-" "ZoominfoBot (zoominfobot at zoominfo dot com)"
35.243.253.182 - - [01/Aug/2021:14:15:23 +0000] "GET /tour-package.php?id=12 HTTP/1.0" 302 233 "-" "ZoominfoBot (zoominfobot at zoominfo dot com)"
35.243.253.182 - - [01/Aug/2021:14:15:23 +0000] "GET /tour-package.php?id=12 HTTP/1.0" 200 55085 "-" "ZoominfoBot (zoominfobot at zoominfo dot com)"
35.243.253.182 - - [01/Aug/2021:14:21:23 +0000] "GET /tour-package.php?id=16 HTTP/1.0" 302 233 "-" "ZoominfoBot (zoominfobot at zoominfo dot com)"
35.243.253.182 - - [01/Aug/2021:14:21:24 +0000] "GET /tour-package.php?id=16 HTTP/1.0" 200 65697 "-" "ZoominfoBot (zoominfobot at zoominfo dot com)"
106.38.241.135 - - [01/Aug/2021:14:25:03 +0000] "GET / HTTP/1.1" 200 78293 "-" "Sogou web spider/4.0(+http://www.sogou.com/docs/help/webmasters.htm#07)"
35.243.253.182 - - [01/Aug/2021:14:26:55 +0000] "GET /contact.php HTTP/1.0" 302 222 "-" "ZoominfoBot (zoominfobot at zoominfo dot com)"
35.243.253.182 - - [01/Aug/2021:14:26:56 +0000] "GET /contact.php HTTP/1.0" 200 57552 "-" "ZoominfoBot (zoominfobot at zoominfo dot com)"
35.243.253.182 - - [01/Aug/2021:14:27:22 +0000] "GET /hill-station-tour-packages.php HTTP/1.0" 302 241 "-" "ZoominfoBot (zoominfobot at zoominfo dot com)"
35.243.253.182 - - [01/Aug/2021:14:27:23 +0000] "GET /hill-station-tour-packages.php HTTP/1.0" 200 53993 "-" "ZoominfoBot (zoominfobot at zoominfo dot com)"
35.243.253.182 - - [01/Aug/2021:14:36:29 +0000] "GET /tour-package.php?id=23 HTTP/1.0" 302 233 "-" "ZoominfoBot (zoominfobot at zoominfo dot com)"
35.243.253.182 - - [01/Aug/2021:14:36:29 +0000] "GET /tour-package.php?id=23 HTTP/1.0" 200 57946 "-" "ZoominfoBot (zoominfobot at zoominfo dot com)"
185.191.171.8 - - [01/Aug/2021:14:41:10 +0000] "GET /robots.txt HTTP/1.1" 302 221 "-" "Mozilla/5.0 (compatible; SemrushBot/7~bl; +http://www.semrush.com/bot.html)"
185.191.171.1 - - [01/Aug/2021:14:41:10 +0000] "GET /robots.txt HTTP/1.1" 301 249 "-" "Mozilla/5.0 (compatible; SemrushBot/7~bl; +http://www.semrush.com/bot.html)"
185.191.171.12 - - [01/Aug/2021:14:41:11 +0000] "GET /robots.txt HTTP/1.1" 404 78307 "-" "Mozilla/5.0 (compatible; SemrushBot/7~bl; +http://www.semrush.com/bot.html)"
185.191.171.24 - - [01/Aug/2021:14:41:13 +0000] "GET /pagecontents.php?url=Cancellation-Policy HTTP/1.1" 302 251 "-" "Mozilla/5.0 (compatible; SemrushBot/7~bl; +http://www.semrush.com/bot.html)"
185.191.171.12 - - [01/Aug/2021:14:41:15 +0000] "GET /pagecontents.php?url=Cancellation-Policy HTTP/1.1" 200 50964 "-" "Mozilla/5.0 (compatible; SemrushBot/7~bl; +http://www.semrush.com/bot.html)"
35.243.253.182 - - [01/Aug/2021:14:41:40 +0000] "GET /tour-package.php?id=13 HTTP/1.0" 302 233 "-" "ZoominfoBot (zoominfobot at zoominfo dot com)"
185.191.171.7 - - [01/Aug/2021:14:41:40 +0000] "GET /robots.txt HTTP/1.1" 404 78307 "-" "Mozilla/5.0 (compatible; SemrushBot/7~bl; +http://www.semrush.com/bot.html)"
35.243.253.182 - - [01/Aug/2021:14:41:40 +0000] "GET /tour-package.php?id=13 HTTP/1.0" 200 64719 "-" "ZoominfoBot (zoominfobot at zoominfo dot com)"
185.191.171.38 - - [01/Aug/2021:14:41:42 +0000] "GET /GangtokTourPackage.html HTTP/1.1" 200 59975 "-" "Mozilla/5.0 (compatible; SemrushBot/7~bl; +http://www.semrush.com/bot.html)"
114.119.159.39 - - [01/Aug/2021:14:43:09 +0000] "GET /RajasthanCarTour.html HTTP/1.1" 200 68297 "-" "Mozilla/5.0 (Linux; Android 7.0;) AppleWebKit/537.36 (KHTML, like Gecko) Mobile Safari/537.36 (compatible; PetalBot;+https://webmaster.petalsearch.com/site/petalbot)"
106.38.241.135 - - [01/Aug/2021:14:45:48 +0000] "GET / HTTP/1.1" 200 78293 "-" "Sogou web spider/4.0(+http://www.sogou.com/docs/help/webmasters.htm#07)"
35.243.253.182 - - [01/Aug/2021:14:46:27 +0000] "GET /services.php HTTP/1.0" 302 223 "-" "ZoominfoBot (zoominfobot at zoominfo dot com)"
35.243.253.182 - - [01/Aug/2021:14:46:28 +0000] "GET /services.php HTTP/1.0" 200 56425 "-" "ZoominfoBot (zoominfobot at zoominfo dot com)"
35.243.253.182 - - [01/Aug/2021:14:46:48 +0000] "GET /tour-package.php?id=17 HTTP/1.0" 302 233 "-" "ZoominfoBot (zoominfobot at zoominfo dot com)"
35.243.253.182 - - [01/Aug/2021:14:46:49 +0000] "GET /tour-package.php?id=17 HTTP/1.0" 200 61812 "-" "ZoominfoBot (zoominfobot at zoominfo dot com)"
216.244.66.236 - - [01/Aug/2021:14:49:53 +0000] "GET /robots.txt HTTP/1.1" 404 78307 "-" "Mozilla/5.0 (compatible; DotBot/1.2; +https://opensiteexplorer.org/dotbot; help@moz.com)"
35.243.253.182 - - [01/Aug/2021:14:50:43 +0000] "GET /tour-package.php?id=30 HTTP/1.0" 302 233 "-" "ZoominfoBot (zoominfobot at zoominfo dot com)"
35.243.253.182 - - [01/Aug/2021:14:50:43 +0000] "GET /tour-package.php?id=30 HTTP/1.0" 200 55085 "-" "ZoominfoBot (zoominfobot at zoominfo dot com)"
35.243.253.182 - - [01/Aug/2021:14:55:37 +0000] "GET /about.php HTTP/1.0" 302 220 "-" "ZoominfoBot (zoominfobot at zoominfo dot com)"
35.243.253.182 - - [01/Aug/2021:14:55:38 +0000] "GET /about.php HTTP/1.0" 200 57479 "-" "ZoominfoBot (zoominfobot at zoominfo dot com)"
35.243.253.182 - - [01/Aug/2021:14:56:02 +0000] "GET /tour-package.php?id=20 HTTP/1.0" 302 233 "-" "ZoominfoBot (zoominfobot at zoominfo dot com)"
35.243.253.182 - - [01/Aug/2021:14:56:02 +0000] "GET /tour-package.php?id=20 HTTP/1.0" 200 58920 "-" "ZoominfoBot (zoominfobot at zoominfo dot com)"
185.191.171.14 - - [01/Aug/2021:14:58:16 +0000] "GET /Jammu&KashmirPackages.html HTTP/1.1" 302 241 "-" "Mozilla/5.0 (compatible; SemrushBot/7~bl; +http://www.semrush.com/bot.html)"
185.191.171.8 - - [01/Aug/2021:14:58:23 +0000] "GET /Jammu&KashmirPackages.html HTTP/1.1" 301 269 "-" "Mozilla/5.0 (compatible; SemrushBot/7~bl; +http://www.semrush.com/bot.html)"
185.191.171.9 - - [01/Aug/2021:14:58:25 +0000] "GET /Jammu&KashmirPackages.html HTTP/1.1" 200 56924 "-" "Mozilla/5.0 (compatible; SemrushBot/7~bl; +http://www.semrush.com/bot.html)"
114.119.159.183 - - [01/Aug/2021:14:59:02 +0000] "GET /SingaporeTourPackage.html HTTP/1.1" 200 60437 "-" "Mozilla/5.0 (Linux; Android 7.0;) AppleWebKit/537.36 (KHTML, like Gecko) Mobile Safari/537.36 (compatible; PetalBot;+https://webmaster.petalsearch.com/site/petalbot)"
216.244.66.236 - - [01/Aug/2021:15:00:12 +0000] "GET /index-2.html HTTP/1.1" 200 56910 "-" "Mozilla/5.0 (compatible; DotBot/1.2; +https://opensiteexplorer.org/dotbot; help@moz.com)"
35.243.253.182 - - [01/Aug/2021:15:01:24 +0000] "GET /tour-package.php?id=24 HTTP/1.0" 302 233 "-" "ZoominfoBot (zoominfobot at zoominfo dot com)"
35.243.253.182 - - [01/Aug/2021:15:01:25 +0000] "GET /tour-package.php?id=24 HTTP/1.0" 200 57948 "-" "ZoominfoBot (zoominfobot at zoominfo dot com)"
35.243.253.182 - - [01/Aug/2021:15:01:30 +0000] "GET /tour-package.php?id=10 HTTP/1.0" 302 233 "-" "ZoominfoBot (zoominfobot at zoominfo dot com)"
35.243.253.182 - - [01/Aug/2021:15:01:31 +0000] "GET /tour-package.php?id=10 HTTP/1.0" 200 55085 "-" "ZoominfoBot (zoominfobot at zoominfo dot com)"
66.249.66.76 - - [01/Aug/2021:15:01:54 +0000] "GET /robots.txt HTTP/1.1" 302 221 "-" "Mozilla/5.0 (compatible; Googlebot/2.1; +http://www.google.com/bot.html)"
66.249.66.65 - - [01/Aug/2021:15:01:55 +0000] "GET /robots.txt HTTP/1.1" 301 249 "-" "Mozilla/5.0 (compatible; Googlebot/2.1; +http://www.google.com/bot.html)"
66.249.66.55 - - [01/Aug/2021:15:01:56 +0000] "GET /robots.txt HTTP/1.1" 404 78307 "-" "Mozilla/5.0 (compatible; Googlebot/2.1; +http://www.google.com/bot.html)"
66.249.66.76 - - [01/Aug/2021:15:01:56 +0000] "GET /pagecontents.php?url=Pyament-Option HTTP/1.1" 302 246 "-" "Mozilla/5.0 (Linux; Android 6.0.1; Nexus 5X Build/MMB29P) AppleWebKit/537.36 (KHTML, like Gecko) Chrome/92.0.4515.119 Mobile Safari/537.36 (compatible; Googlebot/2.1; +http://www.google.com/bot.html)"
66.249.66.67 - - [01/Aug/2021:15:01:58 +0000] "GET /pagecontents.php?url=Pyament-Option HTTP/1.1" 200 50964 "-" "Mozilla/5.0 (Linux; Android 6.0.1; Nexus 5X Build/MMB29P) AppleWebKit/537.36 (KHTML, like Gecko) Chrome/92.0.4515.119 Mobile Safari/537.36 (compatible; Googlebot/2.1; +http://www.google.com/bot.html)"
66.249.66.65 - - [01/Aug/2021:15:02:02 +0000] "GET /lib/nivo-slider/home.js HTTP/1.1" 200 724 "http://indiatravelkart.com/pagecontents.php?url=Pyament-Option" "Mozilla/5.0 (Linux; Android 6.0.1; Nexus 5X Build/MMB29P) AppleWebKit/537.36 (KHTML, like Gecko) Chrome/91.0.4472.90 Mobile Safari/537.36 (compatible; Googlebot/2.1; +http://www.google.com/bot.html)"
66.249.66.67 - - [01/Aug/2021:15:02:02 +0000] "GET /js/jquery-price-slider.js HTTP/1.1" 200 24017 "http://indiatravelkart.com/pagecontents.php?url=Pyament-Option" "Mozilla/5.0 (Linux; Android 6.0.1; Nexus 5X Build/MMB29P) AppleWebKit/537.36 (KHTML, like Gecko) Chrome/91.0.4472.90 Mobile Safari/537.36 (compatible; Googlebot/2.1; +http://www.google.com/bot.html)"
35.243.253.182 - - [01/Aug/2021:15:04:05 +0000] "GET /pagecontents.php?url=Cancellation-Policy HTTP/1.0" 302 251 "-" "ZoominfoBot (zoominfobot at zoominfo dot com)"
35.243.253.182 - - [01/Aug/2021:15:04:06 +0000] "GET /pagecontents.php?url=Cancellation-Policy HTTP/1.0" 200 50964 "-" "ZoominfoBot (zoominfobot at zoominfo dot com)"
114.119.159.183 - - [01/Aug/2021:15:05:17 +0000] "GET /pagecontents.php?url=Cancellation-Policy HTTP/1.1" 200 50964 "-" "Mozilla/5.0 (Linux; Android 7.0;) AppleWebKit/537.36 (KHTML, like Gecko) Mobile Safari/537.36 (compatible; PetalBot;+https://webmaster.petalsearch.com/site/petalbot)"
106.38.241.135 - - [01/Aug/2021:15:06:27 +0000] "GET / HTTP/1.1" 200 78293 "-" "Sogou web spider/4.0(+http://www.sogou.com/docs/help/webmasters.htm#07)"
35.243.253.182 - - [01/Aug/2021:15:07:08 +0000] "GET /tour-package.php?id=28 HTTP/1.0" 302 233 "-" "ZoominfoBot (zoominfobot at zoominfo dot com)"
35.243.253.182 - - [01/Aug/2021:15:07:09 +0000] "GET /tour-package.php?id=28 HTTP/1.0" 200 65751 "-" "ZoominfoBot (zoominfobot at zoominfo dot com)"
35.243.253.182 - - [01/Aug/2021:15:07:12 +0000] "GET /tour-package.php?id=14 HTTP/1.0" 302 233 "-" "ZoominfoBot (zoominfobot at zoominfo dot com)"
35.243.253.182 - - [01/Aug/2021:15:07:13 +0000] "GET /tour-package.php?id=14 HTTP/1.0" 200 58793 "-" "ZoominfoBot (zoominfobot at zoominfo dot com)"
111.200.39.123 - - [01/Aug/2021:15:07:34 +0000] "GET / HTTP/1.0" 200 78297 "-" "Mozilla/5.0 (Windows NT 6.1; WOW64; rv:45.0) Gecko/20100101 Firefox/45.0"
216.244.66.236 - - [01/Aug/2021:15:11:02 +0000] "GET /tour-package.php?id=13 HTTP/1.1" 200 64719 "-" "Mozilla/5.0 (compatible; DotBot/1.2; +https://opensiteexplorer.org/dotbot; help@moz.com)"
35.243.253.182 - - [01/Aug/2021:15:15:40 +0000] "GET /pagecontents.php?url=Pyament-Option HTTP/1.0" 302 246 "-" "ZoominfoBot (zoominfobot at zoominfo dot com)"
35.243.253.182 - - [01/Aug/2021:15:15:40 +0000] "GET /pagecontents.php?url=Pyament-Option HTTP/1.0" 200 50964 "-" "ZoominfoBot (zoominfobot at zoominfo dot com)"
35.243.253.182 - - [01/Aug/2021:15:17:00 +0000] "GET /pagecontents.php?url=Return-and-Refund-Policy HTTP/1.0" 302 256 "-" "ZoominfoBot (zoominfobot at zoominfo dot com)"
35.243.253.182 - - [01/Aug/2021:15:17:00 +0000] "GET /pagecontents.php?url=Return-and-Refund-Policy HTTP/1.0" 200 50964 "-" "ZoominfoBot (zoominfobot at zoominfo dot com)"
35.243.253.182 - - [01/Aug/2021:15:19:20 +0000] "GET /index.php HTTP/1.0" 302 220 "-" "ZoominfoBot (zoominfobot at zoominfo dot com)"
35.243.253.182 - - [01/Aug/2021:15:19:20 +0000] "GET /index.php HTTP/1.0" 301 235 "-" "ZoominfoBot (zoominfobot at zoominfo dot com)"
35.243.253.182 - - [01/Aug/2021:15:19:21 +0000] "GET / HTTP/1.0" 200 78293 "-" "ZoominfoBot (zoominfobot at zoominfo dot com)"
35.243.253.182 - - [01/Aug/2021:15:22:23 +0000] "GET /tour-package.php?id=21 HTTP/1.0" 302 233 "-" "ZoominfoBot (zoominfobot at zoominfo dot com)"
35.243.253.182 - - [01/Aug/2021:15:22:24 +0000] "GET /tour-package.php?id=21 HTTP/1.0" 200 57872 "-" "ZoominfoBot (zoominfobot at zoominfo dot com)"
114.119.134.245 - - [01/Aug/2021:15:24:56 +0000] "GET /tour-package.php?id=16 HTTP/1.1" 200 65697 "-" "Mozilla/5.0 (Linux; Android 7.0;) AppleWebKit/537.36 (KHTML, like Gecko) Mobile Safari/537.36 (compatible; PetalBot;+https://webmaster.petalsearch.com/site/petalbot)"
35.243.253.182 - - [01/Aug/2021:15:26:52 +0000] "GET /honeymoon-tour-packages.php HTTP/1.0" 302 238 "-" "ZoominfoBot (zoominfobot at zoominfo dot com)"
35.243.253.182 - - [01/Aug/2021:15:26:52 +0000] "GET /honeymoon-tour-packages.php HTTP/1.0" 200 53985 "-" "ZoominfoBot (zoominfobot at zoominfo dot com)"
106.38.241.135 - - [01/Aug/2021:15:26:58 +0000] "GET / HTTP/1.1" 200 78293 "-" "Sogou web spider/4.0(+http://www.sogou.com/docs/help/webmasters.htm#07)"
35.243.253.182 - - [01/Aug/2021:15:27:27 +0000] "GET /tour-package.php?id=25 HTTP/1.0" 302 233 "-" "ZoominfoBot (zoominfobot at zoominfo dot com)"
35.243.253.182 - - [01/Aug/2021:15:27:28 +0000] "GET /tour-package.php?id=25 HTTP/1.0" 200 58055 "-" "ZoominfoBot (zoominfobot at zoominfo dot com)"
114.119.157.24 - - [01/Aug/2021:15:31:30 +0000] "GET /DubaiTourPackage.html HTTP/1.1" 200 59557 "-" "Mozilla/5.0 (Linux; Android 7.0;) AppleWebKit/537.36 (KHTML, like Gecko) Mobile Safari/537.36 (compatible; PetalBot;+https://webmaster.petalsearch.com/site/petalbot)"
35.243.253.182 - - [01/Aug/2021:15:32:59 +0000] "GET /tour-package.php?id=15 HTTP/1.0" 302 233 "-" "ZoominfoBot (zoominfobot at zoominfo dot com)"
35.243.253.182 - - [01/Aug/2021:15:33:00 +0000] "GET /tour-package.php?id=15 HTTP/1.0" 200 65841 "-" "ZoominfoBot (zoominfobot at zoominfo dot com)"
35.243.253.182 - - [01/Aug/2021:15:38:27 +0000] "GET /tour-package.php?id=19 HTTP/1.0" 302 233 "-" "ZoominfoBot (zoominfobot at zoominfo dot com)"
35.243.253.182 - - [01/Aug/2021:15:38:27 +0000] "GET /tour-package.php?id=19 HTTP/1.0" 200 65720 "-" "ZoominfoBot (zoominfobot at zoominfo dot com)"
216.244.66.236 - - [01/Aug/2021:15:39:55 +0000] "GET /robots.txt HTTP/1.1" 404 78307 "-" "Mozilla/5.0 (compatible; DotBot/1.2; +https://opensiteexplorer.org/dotbot; help@moz.com)"
35.243.253.182 - - [01/Aug/2021:15:42:32 +0000] "GET /tour-package.php?id=1 HTTP/1.0" 302 232 "-" "ZoominfoBot (zoominfobot at zoominfo dot com)"
35.243.253.182 - - [01/Aug/2021:15:42:33 +0000] "GET /tour-package.php?id=1 HTTP/1.0" 200 65712 "-" "ZoominfoBot (zoominfobot at zoominfo dot com)"
35.243.253.182 - - [01/Aug/2021:15:42:53 +0000] "GET /pagecontents.php?url=Terms-and-Conditions HTTP/1.0" 302 252 "-" "ZoominfoBot (zoominfobot at zoominfo dot com)"
35.243.253.182 - - [01/Aug/2021:15:42:53 +0000] "GET /pagecontents.php?url=Terms-and-Conditions HTTP/1.0" 200 53481 "-" "ZoominfoBot (zoominfobot at zoominfo dot com)"
106.38.241.135 - - [01/Aug/2021:15:48:21 +0000] "GET / HTTP/1.1" 200 78293 "-" "Sogou web spider/4.0(+http://www.sogou.com/docs/help/webmasters.htm#07)"
216.244.66.236 - - [01/Aug/2021:15:50:21 +0000] "GET /GoaTour.html HTTP/1.1" 200 60668 "-" "Mozilla/5.0 (compatible; DotBot/1.2; +https://opensiteexplorer.org/dotbot; help@moz.com)"
216.244.66.236 - - [01/Aug/2021:15:50:28 +0000] "GET /RajasthanTourPackages.html HTTP/1.1" 200 56924 "-" "Mozilla/5.0 (compatible; DotBot/1.2; +https://opensiteexplorer.org/dotbot; help@moz.com)"
216.244.66.236 - - [01/Aug/2021:15:50:34 +0000] "GET /contact.php HTTP/1.1" 200 57552 "-" "Mozilla/5.0 (compatible; DotBot/1.2; +https://opensiteexplorer.org/dotbot; help@moz.com)"
13.92.118.133 - - [01/Aug/2021:16:01:23 +0000] "GET /wp-content/plugins/fancy-product-designer/assets/css/fancy-product.css HTTP/1.1" 301 309 "-" "Mozilla/5.0 (X11; Ubuntu; Linux i686; rv:28.0) Gecko/20100101 Firefox/28.0"
114.119.129.191 - - [01/Aug/2021:16:04:16 +0000] "GET /Shimla,Manali&AgraCarTour.html HTTP/1.1" 200 56928 "-" "Mozilla/5.0 (Linux; Android 7.0;) AppleWebKit/537.36 (KHTML, like Gecko) Mobile Safari/537.36 (compatible; PetalBot;+https://webmaster.petalsearch.com/site/petalbot)"
202.88.37.12 - - [01/Aug/2021:16:05:43 +0000] "GET /contact.php HTTP/1.0" 302 222 "-" "Mozilla/5.0 (Macintosh; Intel Mac OS X 10_13_4) AppleWebKit/537.36 (KHTML, like Gecko) Chrome/61.0.3163.79 Safari/537.36"
202.88.37.12 - - [01/Aug/2021:16:05:44 +0000] "GET /contact.php HTTP/1.0" 200 57552 "-" "Mozilla/5.0 (Macintosh; Intel Mac OS X 10_13_4) AppleWebKit/537.36 (KHTML, like Gecko) Chrome/61.0.3163.79 Safari/537.36"
106.38.241.135 - - [01/Aug/2021:16:09:20 +0000] "GET / HTTP/1.1" 200 78293 "-" "Sogou web spider/4.0(+http://www.sogou.com/docs/help/webmasters.htm#07)"
207.46.13.184 - - [01/Aug/2021:16:24:56 +0000] "GET /galleryimg/512088614.jpg HTTP/1.1" 302 235 "-" "Mozilla/5.0 (compatible; bingbot/2.0; +http://www.bing.com/bingbot.htm)"
207.46.13.184 - - [01/Aug/2021:16:24:57 +0000] "GET /galleryimg/512088614.jpg HTTP/1.1" 200 82696 "-" "Mozilla/5.0 (compatible; bingbot/2.0; +http://www.bing.com/bingbot.htm)"
207.46.13.9 - - [01/Aug/2021:16:24:58 +0000] "GET /robots.txt HTTP/1.1" 301 249 "-" "Mozilla/5.0 (compatible; bingbot/2.0; +http://www.bing.com/bingbot.htm)"
207.46.13.9 - - [01/Aug/2021:16:24:58 +0000] "GET /robots.txt HTTP/1.1" 404 78307 "-" "Mozilla/5.0 (compatible; bingbot/2.0; +http://www.bing.com/bingbot.htm)"
144.217.137.32 - - [01/Aug/2021:16:27:55 +0000] "GET /wp-content/plugins/dzs-zoomsounds/savepng.php HTTP/1.1" 301 284 "-" "Mozilla/5.0 (Windows NT 10.0; WOW64) AppleWebKit/537.36 (KHTML, like Gecko) Chrome/65.0.3325.181 Safari/537.36"
144.217.137.32 - - [01/Aug/2021:16:27:56 +0000] "GET /wp-content/plugins/dzs-zoomsounds/savepng.php HTTP/1.1" 404 78342 "-" "Mozilla/5.0 (Windows NT 10.0; WOW64) AppleWebKit/537.36 (KHTML, like Gecko) Chrome/65.0.3325.181 Safari/537.36"
106.38.241.135 - - [01/Aug/2021:16:29:51 +0000] "GET / HTTP/1.1" 200 78293 "-" "Sogou web spider/4.0(+http://www.sogou.com/docs/help/webmasters.htm#07)"
66.249.66.55 - - [01/Aug/2021:16:35:22 +0000] "GET /robots.txt HTTP/1.1" 404 78307 "-" "Mozilla/5.0 (compatible; Googlebot/2.1; +http://www.google.com/bot.html)"
66.249.66.59 - - [01/Aug/2021:16:35:23 +0000] "GET /SrilankaTourPackage.html HTTP/1.1" 200 63994 "-" "Mozilla/5.0 (compatible; Googlebot/2.1; +http://www.google.com/bot.html)"
114.119.136.31 - - [01/Aug/2021:16:41:31 +0000] "GET /robots.txt HTTP/1.1" 302 221 "-" "Mozilla/5.0 (compatible;PetalBot;+https://webmaster.petalsearch.com/site/petalbot)"
114.119.136.31 - - [01/Aug/2021:16:41:31 +0000] "GET /robots.txt HTTP/1.1" 301 249 "-" "Mozilla/5.0 (compatible;PetalBot;+https://webmaster.petalsearch.com/site/petalbot)"
114.119.136.31 - - [01/Aug/2021:16:41:31 +0000] "GET /robots.txt HTTP/1.1" 404 78307 "-" "Mozilla/5.0 (compatible;PetalBot;+https://webmaster.petalsearch.com/site/petalbot)"
106.38.241.135 - - [01/Aug/2021:16:50:21 +0000] "GET / HTTP/1.1" 200 78293 "-" "Sogou web spider/4.0(+http://www.sogou.com/docs/help/webmasters.htm#07)"
106.38.241.135 - - [01/Aug/2021:17:11:35 +0000] "GET / HTTP/1.1" 200 78293 "-" "Sogou web spider/4.0(+http://www.sogou.com/docs/help/webmasters.htm#07)"
143.244.184.155 - - [01/Aug/2021:17:14:49 +0000] "GET /wp-admin/css/ HTTP/1.1" 301 252 "binance.com" "Mozilla/5.0 (Windows NT 10.0; Win64; x64) AppleWebKit/537.36 (KHTML, like Gecko) Chrome/90.0.4430.85 Safari/537.36"
143.244.184.155 - - [01/Aug/2021:17:14:55 +0000] "GET /wp-admin/css/ HTTP/1.1" 404 78310 "binance.com" "Mozilla/5.0 (Windows NT 10.0; Win64; x64) AppleWebKit/537.36 (KHTML, like Gecko) Chrome/90.0.4430.85 Safari/537.36"
143.244.184.155 - - [01/Aug/2021:17:15:03 +0000] "GET /.well-known/ HTTP/1.1" 301 251 "binance.com" "Mozilla/5.0 (Windows NT 10.0; Win64; x64) AppleWebKit/537.36 (KHTML, like Gecko) Chrome/90.0.4430.85 Safari/537.36"
143.244.184.155 - - [01/Aug/2021:17:15:11 +0000] "GET /.well-known/ HTTP/1.1" 404 78309 "binance.com" "Mozilla/5.0 (Windows NT 10.0; Win64; x64) AppleWebKit/537.36 (KHTML, like Gecko) Chrome/90.0.4430.85 Safari/537.36"
143.244.184.155 - - [01/Aug/2021:17:15:19 +0000] "GET /sites/default/files/ HTTP/1.1" 301 259 "binance.com" "Mozilla/5.0 (Windows NT 10.0; Win64; x64) AppleWebKit/537.36 (KHTML, like Gecko) Chrome/90.0.4430.85 Safari/537.36"
143.244.184.155 - - [01/Aug/2021:17:15:27 +0000] "GET /sites/default/files/ HTTP/1.1" 404 78317 "binance.com" "Mozilla/5.0 (Windows NT 10.0; Win64; x64) AppleWebKit/537.36 (KHTML, like Gecko) Chrome/90.0.4430.85 Safari/537.36"
143.244.184.155 - - [01/Aug/2021:17:15:33 +0000] "GET /admin/controller/extension/extension/ HTTP/1.1" 301 276 "binance.com" "Mozilla/5.0 (Windows NT 10.0; Win64; x64) AppleWebKit/537.36 (KHTML, like Gecko) Chrome/90.0.4430.85 Safari/537.36"
143.244.184.155 - - [01/Aug/2021:17:15:39 +0000] "GET /admin/controller/extension/extension/ HTTP/1.1" 404 78334 "binance.com" "Mozilla/5.0 (Windows NT 10.0; Win64; x64) AppleWebKit/537.36 (KHTML, like Gecko) Chrome/90.0.4430.85 Safari/537.36"
143.244.184.155 - - [01/Aug/2021:17:15:46 +0000] "GET /uploads/ HTTP/1.1" 301 247 "binance.com" "Mozilla/5.0 (Windows NT 10.0; Win64; x64) AppleWebKit/537.36 (KHTML, like Gecko) Chrome/90.0.4430.85 Safari/537.36"
143.244.184.155 - - [01/Aug/2021:17:15:51 +0000] "GET /uploads/ HTTP/1.1" 200 50964 "binance.com" "Mozilla/5.0 (Windows NT 10.0; Win64; x64) AppleWebKit/537.36 (KHTML, like Gecko) Chrome/90.0.4430.85 Safari/537.36"
143.244.184.155 - - [01/Aug/2021:17:15:59 +0000] "GET /images/ HTTP/1.1" 301 246 "binance.com" "Mozilla/5.0 (Windows NT 10.0; Win64; x64) AppleWebKit/537.36 (KHTML, like Gecko) Chrome/90.0.4430.85 Safari/537.36"
143.244.184.155 - - [01/Aug/2021:17:16:07 +0000] "GET /images/ HTTP/1.1" 200 50964 "binance.com" "Mozilla/5.0 (Windows NT 10.0; Win64; x64) AppleWebKit/537.36 (KHTML, like Gecko) Chrome/90.0.4430.85 Safari/537.36"
143.244.184.155 - - [01/Aug/2021:17:16:16 +0000] "GET /files/ HTTP/1.1" 301 245 "binance.com" "Mozilla/5.0 (Windows NT 10.0; Win64; x64) AppleWebKit/537.36 (KHTML, like Gecko) Chrome/90.0.4430.85 Safari/537.36"
143.244.184.155 - - [01/Aug/2021:17:16:25 +0000] "GET /files/ HTTP/1.1" 200 50964 "binance.com" "Mozilla/5.0 (Windows NT 10.0; Win64; x64) AppleWebKit/537.36 (KHTML, like Gecko) Chrome/90.0.4430.85 Safari/537.36"
93.113.111.34 - - [01/Aug/2021:17:18:37 +0000] "GET /wp-login.php HTTP/1.1" 301 251 "-" "Mozilla/5.0 (X11; Ubuntu; Linux x86_64; rv:62.0) Gecko/20100101 Firefox/62.0"
93.113.111.34 - - [01/Aug/2021:17:18:38 +0000] "GET /wp-login.php HTTP/1.1" 404 78309 "http://indiatravelkart.com/wp-login.php" "Mozilla/5.0 (X11; Ubuntu; Linux x86_64; rv:62.0) Gecko/20100101 Firefox/62.0"
216.244.66.236 - - [01/Aug/2021:17:20:37 +0000] "GET /robots.txt HTTP/1.1" 404 78307 "-" "Mozilla/5.0 (compatible; DotBot/1.2; +https://opensiteexplorer.org/dotbot; help@moz.com)"
66.249.66.42 - - [01/Aug/2021:17:29:08 +0000] "GET /DarjeelingTourPackages.html HTTP/1.1" 302 242 "-" "Mozilla/5.0 (compatible; Googlebot/2.1; +http://www.google.com/bot.html)"
66.249.66.59 - - [01/Aug/2021:17:29:08 +0000] "GET /DarjeelingTourPackages.html HTTP/1.1" 200 60313 "-" "Mozilla/5.0 (compatible; Googlebot/2.1; +http://www.google.com/bot.html)"
216.244.66.236 - - [01/Aug/2021:17:30:38 +0000] "GET /HIMALAYANGOLDENTRIANGLE.html HTTP/1.1" 200 61288 "-" "Mozilla/5.0 (compatible; DotBot/1.2; +https://opensiteexplorer.org/dotbot; help@moz.com)"
66.249.66.55 - - [01/Aug/2021:17:32:19 +0000] "GET /favicon.ico HTTP/1.1" 404 78308 "-" "Googlebot-Image/1.0"
106.38.241.135 - - [01/Aug/2021:17:32:20 +0000] "GET / HTTP/1.1" 200 78293 "-" "Sogou web spider/4.0(+http://www.sogou.com/docs/help/webmasters.htm#07)"
114.119.155.175 - - [01/Aug/2021:17:44:45 +0000] "GET /SrilankaTourPackage.html HTTP/1.1" 200 63994 "-" "Mozilla/5.0 (Linux; Android 7.0;) AppleWebKit/537.36 (KHTML, like Gecko) Mobile Safari/537.36 (compatible; PetalBot;+https://webmaster.petalsearch.com/site/petalbot)"
114.119.151.4 - - [01/Aug/2021:17:49:45 +0000] "GET /KeralaAyurvedaTour.html HTTP/1.1" 302 234 "-" "Mozilla/5.0 (Linux; Android 7.0;) AppleWebKit/537.36 (KHTML, like Gecko) Mobile Safari/537.36 (compatible; PetalBot;+https://webmaster.petalsearch.com/site/petalbot)"
114.119.151.4 - - [01/Aug/2021:17:49:45 +0000] "GET /KeralaAyurvedaTour.html HTTP/1.1" 301 262 "-" "Mozilla/5.0 (Linux; Android 7.0;) AppleWebKit/537.36 (KHTML, like Gecko) Mobile Safari/537.36 (compatible; PetalBot;+https://webmaster.petalsearch.com/site/petalbot)"
114.119.151.4 - - [01/Aug/2021:17:49:45 +0000] "GET /KeralaAyurvedaTour.html HTTP/1.1" 200 61219 "-" "Mozilla/5.0 (Linux; Android 7.0;) AppleWebKit/537.36 (KHTML, like Gecko) Mobile Safari/537.36 (compatible; PetalBot;+https://webmaster.petalsearch.com/site/petalbot)"
161.97.128.124 - - [01/Aug/2021:17:52:33 +0000] "GET / HTTP/1.1" 200 78293 "-" "Mozilla/5.0 (X11; Ubuntu; Linux i686; rv:28.0) Gecko/20100101 Firefox/28.0"
161.97.128.124 - - [01/Aug/2021:17:52:33 +0000] "GET /wp-includes/js/jquery/jquery.js HTTP/1.1" 301 270 "-" "Mozilla/5.0 (X11; Ubuntu; Linux i686; rv:28.0) Gecko/20100101 Firefox/28.0"
161.97.128.124 - - [01/Aug/2021:17:52:34 +0000] "GET /wp-includes/js/jquery/jquery.js HTTP/1.1" 404 78328 "-" "Mozilla/5.0 (X11; Ubuntu; Linux i686; rv:28.0) Gecko/20100101 Firefox/28.0"
106.38.241.135 - - [01/Aug/2021:17:53:19 +0000] "GET / HTTP/1.1" 200 78293 "-" "Sogou web spider/4.0(+http://www.sogou.com/docs/help/webmasters.htm#07)"
114.119.159.39 - - [01/Aug/2021:17:55:26 +0000] "GET /JammuKashmirTour.html HTTP/1.1" 200 62875 "-" "Mozilla/5.0 (Linux; Android 7.0;) AppleWebKit/537.36 (KHTML, like Gecko) Mobile Safari/537.36 (compatible; PetalBot;+https://webmaster.petalsearch.com/site/petalbot)"
114.119.155.175 - - [01/Aug/2021:18:01:00 +0000] "GET /tour-package.php?id=12 HTTP/1.1" 200 55085 "-" "Mozilla/5.0 (Linux; Android 7.0;) AppleWebKit/537.36 (KHTML, like Gecko) Mobile Safari/537.36 (compatible; PetalBot;+https://webmaster.petalsearch.com/site/petalbot)"
114.119.158.125 - - [01/Aug/2021:18:06:31 +0000] "GET /laddakhwithmoonvalleytour.html HTTP/1.1" 200 60538 "-" "Mozilla/5.0 (Linux; Android 7.0;) AppleWebKit/537.36 (KHTML, like Gecko) Mobile Safari/537.36 (compatible; PetalBot;+https://webmaster.petalsearch.com/site/petalbot)"
159.89.175.59 - - [01/Aug/2021:18:10:53 +0000] "GET / HTTP/1.1" 200 78293 "-" "Mozilla/5.0 (Windows NT 10.0; Win64; x64) AppleWebKit/537.36 (KHTML, like Gecko) Chrome/59.0.3071.115 Safari/537.36"
114.119.151.4 - - [01/Aug/2021:18:12:13 +0000] "GET /BaliHoneymoonSpecialTour.html HTTP/1.1" 200 60431 "-" "Mozilla/5.0 (Linux; Android 7.0;) AppleWebKit/537.36 (KHTML, like Gecko) Mobile Safari/537.36 (compatible; PetalBot;+https://webmaster.petalsearch.com/site/petalbot)"
216.244.66.236 - - [01/Aug/2021:18:12:32 +0000] "GET /robots.txt HTTP/1.1" 404 78307 "-" "Mozilla/5.0 (compatible; DotBot/1.2; +https://opensiteexplorer.org/dotbot; help@moz.com)"
106.38.241.135 - - [01/Aug/2021:18:13:49 +0000] "GET / HTTP/1.1" 200 78293 "-" "Sogou web spider/4.0(+http://www.sogou.com/docs/help/webmasters.htm#07)"
114.119.157.24 - - [01/Aug/2021:18:17:30 +0000] "GET /tour-package.php?id=24 HTTP/1.1" 200 57948 "-" "Mozilla/5.0 (Linux; Android 7.0;) AppleWebKit/537.36 (KHTML, like Gecko) Mobile Safari/537.36 (compatible; PetalBot;+https://webmaster.petalsearch.com/site/petalbot)"
216.244.66.236 - - [01/Aug/2021:18:21:59 +0000] "GET /KeralaAyurvedaTour.html HTTP/1.1" 200 61219 "-" "Mozilla/5.0 (compatible; DotBot/1.2; +https://opensiteexplorer.org/dotbot; help@moz.com)"
114.119.155.175 - - [01/Aug/2021:18:23:06 +0000] "GET /Jammu&KatraTour.html HTTP/1.1" 302 235 "-" "Mozilla/5.0 (Linux; Android 7.0;) AppleWebKit/537.36 (KHTML, like Gecko) Mobile Safari/537.36 (compatible; PetalBot;+https://webmaster.petalsearch.com/site/petalbot)"
114.119.155.175 - - [01/Aug/2021:18:23:06 +0000] "GET /Jammu&KatraTour.html HTTP/1.1" 301 263 "-" "Mozilla/5.0 (Linux; Android 7.0;) AppleWebKit/537.36 (KHTML, like Gecko) Mobile Safari/537.36 (compatible; PetalBot;+https://webmaster.petalsearch.com/site/petalbot)"
114.119.155.175 - - [01/Aug/2021:18:23:06 +0000] "GET /Jammu&KatraTour.html HTTP/1.1" 200 56918 "-" "Mozilla/5.0 (Linux; Android 7.0;) AppleWebKit/537.36 (KHTML, like Gecko) Mobile Safari/537.36 (compatible; PetalBot;+https://webmaster.petalsearch.com/site/petalbot)"
40.77.167.10 - - [01/Aug/2021:18:26:10 +0000] "GET /laddakh-with-moon-valley-tour-5nights-6-days/ HTTP/1.1" 302 256 "-" "Mozilla/5.0 (compatible; bingbot/2.0; +http://www.bing.com/bingbot.htm)"
40.77.167.10 - - [01/Aug/2021:18:26:11 +0000] "GET /laddakh-with-moon-valley-tour-5nights-6-days/ HTTP/1.1" 301 284 "-" "Mozilla/5.0 (compatible; bingbot/2.0; +http://www.bing.com/bingbot.htm)"
114.119.151.4 - - [01/Aug/2021:18:28:34 +0000] "GET /AlleppeyTourPackages.html HTTP/1.1" 200 61136 "-" "Mozilla/5.0 (Linux; Android 7.0;) AppleWebKit/537.36 (KHTML, like Gecko) Mobile Safari/537.36 (compatible; PetalBot;+https://webmaster.petalsearch.com/site/petalbot)"
114.119.134.245 - - [01/Aug/2021:18:34:13 +0000] "GET /tour-package.php?id=21 HTTP/1.1" 200 57872 "-" "Mozilla/5.0 (Linux; Android 7.0;) AppleWebKit/537.36 (KHTML, like Gecko) Mobile Safari/537.36 (compatible; PetalBot;+https://webmaster.petalsearch.com/site/petalbot)"
106.38.241.135 - - [01/Aug/2021:18:34:52 +0000] "GET / HTTP/1.1" 200 78293 "-" "Sogou web spider/4.0(+http://www.sogou.com/docs/help/webmasters.htm#07)"
66.249.66.55 - - [01/Aug/2021:18:35:29 +0000] "GET /img/icon/7.png HTTP/1.1" 200 2738 "-" "Googlebot-Image/1.0"
114.119.155.175 - - [01/Aug/2021:18:39:42 +0000] "GET /RajasthanCarTour.html HTTP/1.1" 302 232 "-" "Mozilla/5.0 (Linux; Android 7.0;) AppleWebKit/537.36 (KHTML, like Gecko) Mobile Safari/537.36 (compatible; PetalBot;+https://webmaster.petalsearch.com/site/petalbot)"
114.119.155.175 - - [01/Aug/2021:18:39:42 +0000] "GET /RajasthanCarTour.html HTTP/1.1" 301 260 "-" "Mozilla/5.0 (Linux; Android 7.0;) AppleWebKit/537.36 (KHTML, like Gecko) Mobile Safari/537.36 (compatible; PetalBot;+https://webmaster.petalsearch.com/site/petalbot)"
114.119.155.175 - - [01/Aug/2021:18:39:42 +0000] "GET /RajasthanCarTour.html HTTP/1.1" 200 68297 "-" "Mozilla/5.0 (Linux; Android 7.0;) AppleWebKit/537.36 (KHTML, like Gecko) Mobile Safari/537.36 (compatible; PetalBot;+https://webmaster.petalsearch.com/site/petalbot)"
114.119.151.4 - - [01/Aug/2021:18:45:15 +0000] "GET /MonasticExperienceTour.html HTTP/1.1" 200 60992 "-" "Mozilla/5.0 (Linux; Android 7.0;) AppleWebKit/537.36 (KHTML, like Gecko) Mobile Safari/537.36 (compatible; PetalBot;+https://webmaster.petalsearch.com/site/petalbot)"
114.119.158.36 - - [01/Aug/2021:18:51:13 +0000] "GET /robots.txt HTTP/1.1" 302 225 "-" "Mozilla/5.0 (compatible;PetalBot;+https://webmaster.petalsearch.com/site/petalbot)"
114.119.158.36 - - [01/Aug/2021:18:51:13 +0000] "GET /robots.txt HTTP/1.1" 404 78307 "-" "Mozilla/5.0 (compatible;PetalBot;+https://webmaster.petalsearch.com/site/petalbot)"
106.38.241.135 - - [01/Aug/2021:18:55:51 +0000] "GET / HTTP/1.1" 200 78293 "-" "Sogou web spider/4.0(+http://www.sogou.com/docs/help/webmasters.htm#07)"
207.46.13.184 - - [01/Aug/2021:18:57:32 +0000] "GET /js/jquery-price-slider.js HTTP/1.1" 302 236 "-" "Mozilla/5.0 (compatible; MSIE 9.0; Windows NT 6.1; Trident/5.0)"
207.46.13.184 - - [01/Aug/2021:18:57:34 +0000] "GET /js/jquery-price-slider.js HTTP/1.1" 200 24017 "-" "Mozilla/5.0 (compatible; MSIE 9.0; Windows NT 6.1; Trident/5.0)"
40.77.167.103 - - [01/Aug/2021:18:57:36 +0000] "GET /js/main.js HTTP/1.1" 302 221 "-" "Mozilla/5.0 (compatible; MSIE 9.0; Windows NT 6.1; Trident/5.0)"
40.77.167.103 - - [01/Aug/2021:18:57:38 +0000] "GET /js/main.js HTTP/1.1" 200 2518 "-" "Mozilla/5.0 (compatible; MSIE 9.0; Windows NT 6.1; Trident/5.0)"
207.46.13.110 - - [01/Aug/2021:18:57:41 +0000] "GET /lib/nivo-slider/js/jquery.nivo.slider.js HTTP/1.1" 302 251 "-" "Mozilla/5.0 (compatible; MSIE 9.0; Windows NT 6.1; Trident/5.0)"
207.46.13.110 - - [01/Aug/2021:18:57:42 +0000] "GET /lib/nivo-slider/js/jquery.nivo.slider.js HTTP/1.1" 200 29113 "-" "Mozilla/5.0 (compatible; MSIE 9.0; Windows NT 6.1; Trident/5.0)"
207.46.13.184 - - [01/Aug/2021:18:59:23 +0000] "GET /js/vendor/modernizr-2.8.3.min.js HTTP/1.1" 302 243 "-" "Mozilla/5.0 (compatible; MSIE 9.0; Windows NT 6.1; Trident/5.0)"
207.46.13.184 - - [01/Aug/2021:18:59:24 +0000] "GET /js/vendor/modernizr-2.8.3.min.js HTTP/1.1" 200 15514 "-" "Mozilla/5.0 (compatible; MSIE 9.0; Windows NT 6.1; Trident/5.0)"
216.244.66.236 - - [01/Aug/2021:19:03:30 +0000] "GET /robots.txt HTTP/1.1" 404 78307 "-" "Mozilla/5.0 (compatible; DotBot/1.2; +https://opensiteexplorer.org/dotbot; help@moz.com)"
40.77.167.104 - - [01/Aug/2021:19:03:30 +0000] "GET /js/owl.carousel.min.js HTTP/1.1" 302 233 "-" "Mozilla/5.0 (compatible; MSIE 9.0; Windows NT 6.1; Trident/5.0)"
40.77.167.104 - - [01/Aug/2021:19:03:32 +0000] "GET /js/owl.carousel.min.js HTTP/1.1" 200 23890 "-" "Mozilla/5.0 (compatible; MSIE 9.0; Windows NT 6.1; Trident/5.0)"
207.46.13.184 - - [01/Aug/2021:19:04:03 +0000] "GET /lib/nivo-slider/home.js HTTP/1.1" 302 234 "-" "Mozilla/5.0 (compatible; MSIE 9.0; Windows NT 6.1; Trident/5.0)"
207.46.13.184 - - [01/Aug/2021:19:04:04 +0000] "GET /lib/nivo-slider/home.js HTTP/1.1" 200 724 "-" "Mozilla/5.0 (compatible; MSIE 9.0; Windows NT 6.1; Trident/5.0)"
157.55.39.110 - - [01/Aug/2021:19:04:51 +0000] "GET /js/plugins.js HTTP/1.1" 302 224 "-" "Mozilla/5.0 (compatible; MSIE 9.0; Windows NT 6.1; Trident/5.0)"
157.55.39.110 - - [01/Aug/2021:19:04:51 +0000] "GET /js/plugins.js HTTP/1.1" 200 760 "-" "Mozilla/5.0 (compatible; MSIE 9.0; Windows NT 6.1; Trident/5.0)"
157.55.39.110 - - [01/Aug/2021:19:04:53 +0000] "GET /js/wow.min.js HTTP/1.1" 302 224 "-" "Mozilla/5.0 (compatible; MSIE 9.0; Windows NT 6.1; Trident/5.0)"
157.55.39.110 - - [01/Aug/2021:19:04:54 +0000] "GET /js/wow.min.js HTTP/1.1" 200 8426 "-" "Mozilla/5.0 (compatible; MSIE 9.0; Windows NT 6.1; Trident/5.0)"
157.55.39.110 - - [01/Aug/2021:19:06:01 +0000] "GET /js/jquery.meanmenu.js HTTP/1.1" 302 232 "-" "Mozilla/5.0 (compatible; MSIE 9.0; Windows NT 6.1; Trident/5.0)"
157.55.39.110 - - [01/Aug/2021:19:06:02 +0000] "GET /js/jquery.meanmenu.js HTTP/1.1" 200 11467 "-" "Mozilla/5.0 (compatible; MSIE 9.0; Windows NT 6.1; Trident/5.0)"
207.46.13.184 - - [01/Aug/2021:19:06:32 +0000] "GET /js/jquery.scrollup.min.js HTTP/1.1" 302 236 "-" "Mozilla/5.0 (compatible; MSIE 9.0; Windows NT 6.1; Trident/5.0)"
207.46.13.184 - - [01/Aug/2021:19:06:34 +0000] "GET /js/jquery.scrollup.min.js HTTP/1.1" 301 264 "-" "Mozilla/5.0 (compatible; MSIE 9.0; Windows NT 6.1; Trident/5.0)"
207.46.13.9 - - [01/Aug/2021:19:06:40 +0000] "GET /robots.txt HTTP/1.1" 404 78307 "-" "Mozilla/5.0 (compatible; bingbot/2.0; +http://www.bing.com/bingbot.htm)"
207.46.13.184 - - [01/Aug/2021:19:06:52 +0000] "GET /js/jquery.scrollup.min.js HTTP/1.1" 404 78322 "-" "Mozilla/5.0 (compatible; MSIE 9.0; Windows NT 6.1; Trident/5.0)"
207.46.13.110 - - [01/Aug/2021:19:07:29 +0000] "GET /js/bootstrap.min.js HTTP/1.1" 302 230 "-" "Mozilla/5.0 (compatible; MSIE 9.0; Windows NT 6.1; Trident/5.0)"
207.46.13.110 - - [01/Aug/2021:19:07:30 +0000] "GET /js/bootstrap.min.js HTTP/1.1" 200 36868 "-" "Mozilla/5.0 (compatible; MSIE 9.0; Windows NT 6.1; Trident/5.0)"
207.46.13.110 - - [01/Aug/2021:19:08:38 +0000] "GET /js/waypoints.min.js HTTP/1.1" 302 230 "-" "Mozilla/5.0 (compatible; MSIE 9.0; Windows NT 6.1; Trident/5.0)"
207.46.13.110 - - [01/Aug/2021:19:08:39 +0000] "GET /js/waypoints.min.js HTTP/1.1" 200 8044 "-" "Mozilla/5.0 (compatible; MSIE 9.0; Windows NT 6.1; Trident/5.0)"
207.46.13.30 - - [01/Aug/2021:19:09:08 +0000] "GET /js/jquery.counterup.min.js HTTP/1.1" 302 237 "-" "Mozilla/5.0 (compatible; MSIE 9.0; Windows NT 6.1; Trident/5.0)"
207.46.13.30 - - [01/Aug/2021:19:09:09 +0000] "GET /js/jquery.counterup.min.js HTTP/1.1" 200 1067 "-" "Mozilla/5.0 (compatible; MSIE 9.0; Windows NT 6.1; Trident/5.0)"
216.244.66.236 - - [01/Aug/2021:19:13:03 +0000] "GET /HongkongShenzhenTour.html HTTP/1.1" 200 64902 "-" "Mozilla/5.0 (compatible; DotBot/1.2; +https://opensiteexplorer.org/dotbot; help@moz.com)"
216.244.66.236 - - [01/Aug/2021:19:13:09 +0000] "GET /Jammu&KatraTour.html HTTP/1.1" 200 56918 "-" "Mozilla/5.0 (compatible; DotBot/1.2; +https://opensiteexplorer.org/dotbot; help@moz.com)"
106.38.241.135 - - [01/Aug/2021:19:16:21 +0000] "GET / HTTP/1.1" 200 78293 "-" "Sogou web spider/4.0(+http://www.sogou.com/docs/help/webmasters.htm#07)"
106.38.241.135 - - [01/Aug/2021:19:36:51 +0000] "GET / HTTP/1.1" 200 78293 "-" "Sogou web spider/4.0(+http://www.sogou.com/docs/help/webmasters.htm#07)"
216.244.66.236 - - [01/Aug/2021:19:54:15 +0000] "GET /robots.txt HTTP/1.1" 404 78307 "-" "Mozilla/5.0 (compatible; DotBot/1.2; +https://opensiteexplorer.org/dotbot; help@moz.com)"
216.244.66.236 - - [01/Aug/2021:20:03:49 +0000] "GET /DubaiHolidayPackage.html HTTP/1.1" 200 59641 "-" "Mozilla/5.0 (compatible; DotBot/1.2; +https://opensiteexplorer.org/dotbot; help@moz.com)"
156.146.36.108 - - [01/Aug/2021:20:30:04 +0000] "GET /contact.php HTTP/1.1" 302 222 "https://indiatravelkart.com" "Mozilla/5.0 (Windows NT 10.0; Win64; x64) AppleWebKit/537.36 (KHTML, like Gecko) Chrome/62.0.3202.94 Safari/537.36"
156.146.36.108 - - [01/Aug/2021:20:30:05 +0000] "GET /contact.php HTTP/1.1" 200 57552 "https://indiatravelkart.com" "Mozilla/5.0 (Windows NT 10.0; Win64; x64) AppleWebKit/537.36 (KHTML, like Gecko) Chrome/62.0.3202.94 Safari/537.36"
156.146.36.108 - - [01/Aug/2021:20:30:07 +0000] "GET /contact.php HTTP/1.1" 200 57552 "http://indiatravelkart.com" "Mozilla/5.0 (Windows NT 10.0; Win64; x64) AppleWebKit/537.36 (KHTML, like Gecko) Chrome/62.0.3202.94 Safari/537.36"
66.249.66.55 - - [01/Aug/2021:20:40:00 +0000] "GET /NainitalTour.html HTTP/1.1" 200 58923 "-" "Mozilla/5.0 (Linux; Android 6.0.1; Nexus 5X Build/MMB29P) AppleWebKit/537.36 (KHTML, like Gecko) Chrome/92.0.4515.119 Mobile Safari/537.36 (compatible; Googlebot/2.1; +http://www.google.com/bot.html)"
66.249.66.76 - - [01/Aug/2021:21:11:55 +0000] "GET / HTTP/1.1" 302 211 "-" "Mozilla/5.0 (compatible; Googlebot/2.1; +http://www.google.com/bot.html)"
66.249.66.95 - - [01/Aug/2021:21:11:56 +0000] "GET / HTTP/1.1" 200 78293 "-" "Mozilla/5.0 (compatible; Googlebot/2.1; +http://www.google.com/bot.html)"
66.249.66.65 - - [01/Aug/2021:21:11:59 +0000] "GET /lib/nivo-slider/css/preview.css HTTP/1.1" 200 5624 "http://indiatravelkart.com/" "Mozilla/5.0 AppleWebKit/537.36 (KHTML, like Gecko; compatible; Googlebot/2.1; +http://www.google.com/bot.html) Chrome/91.0.4472.90 Safari/537.36"
66.249.66.95 - - [01/Aug/2021:21:12:00 +0000] "GET /lib/nivo-slider/css/nivo-slider.css HTTP/1.1" 200 8098 "http://indiatravelkart.com/" "Mozilla/5.0 AppleWebKit/537.36 (KHTML, like Gecko; compatible; Googlebot/2.1; +http://www.google.com/bot.html) Chrome/91.0.4472.90 Safari/537.36"
66.249.66.65 - - [01/Aug/2021:21:12:01 +0000] "GET /css/meanmenu.min.css HTTP/1.1" 200 2732 "http://indiatravelkart.com/" "Mozilla/5.0 AppleWebKit/537.36 (KHTML, like Gecko; compatible; Googlebot/2.1; +http://www.google.com/bot.html) Chrome/91.0.4472.90 Safari/537.36"
66.249.66.65 - - [01/Aug/2021:21:12:02 +0000] "GET /css/font-awesome.min.css HTTP/1.1" 200 27490 "http://indiatravelkart.com/" "Mozilla/5.0 AppleWebKit/537.36 (KHTML, like Gecko; compatible; Googlebot/2.1; +http://www.google.com/bot.html) Chrome/91.0.4472.90 Safari/537.36"
66.249.66.95 - - [01/Aug/2021:21:12:02 +0000] "GET /js/jquery.meanmenu.js HTTP/1.1" 200 11467 "http://indiatravelkart.com/" "Mozilla/5.0 AppleWebKit/537.36 (KHTML, like Gecko; compatible; Googlebot/2.1; +http://www.google.com/bot.html) Chrome/91.0.4472.90 Safari/537.36"
66.249.66.95 - - [01/Aug/2021:21:12:03 +0000] "GET /js/owl.carousel.min.js HTTP/1.1" 200 23890 "http://indiatravelkart.com/" "Mozilla/5.0 AppleWebKit/537.36 (KHTML, like Gecko; compatible; Googlebot/2.1; +http://www.google.com/bot.html) Chrome/91.0.4472.90 Safari/537.36"
66.249.66.95 - - [01/Aug/2021:21:12:04 +0000] "GET /js/plugins.js HTTP/1.1" 200 760 "http://indiatravelkart.com/" "Mozilla/5.0 AppleWebKit/537.36 (KHTML, like Gecko; compatible; Googlebot/2.1; +http://www.google.com/bot.html) Chrome/91.0.4472.90 Safari/537.36"
66.249.66.95 - - [01/Aug/2021:21:12:05 +0000] "GET /js/main.js HTTP/1.1" 200 2518 "http://indiatravelkart.com/" "Mozilla/5.0 AppleWebKit/537.36 (KHTML, like Gecko; compatible; Googlebot/2.1; +http://www.google.com/bot.html) Chrome/91.0.4472.90 Safari/537.36"
66.249.66.95 - - [01/Aug/2021:21:12:06 +0000] "GET /js/jquery.scrollUp.min.js HTTP/1.1" 200 2035 "http://indiatravelkart.com/" "Mozilla/5.0 AppleWebKit/537.36 (KHTML, like Gecko; compatible; Googlebot/2.1; +http://www.google.com/bot.html) Chrome/91.0.4472.90 Safari/537.36"
66.249.66.95 - - [01/Aug/2021:21:12:07 +0000] "GET /js/jquery-price-slider.js HTTP/1.1" 200 24017 "http://indiatravelkart.com/" "Mozilla/5.0 AppleWebKit/537.36 (KHTML, like Gecko; compatible; Googlebot/2.1; +http://www.google.com/bot.html) Chrome/91.0.4472.90 Safari/537.36"
66.249.66.95 - - [01/Aug/2021:21:12:08 +0000] "GET /js/jquery.counterup.min.js HTTP/1.1" 200 1067 "http://indiatravelkart.com/" "Mozilla/5.0 AppleWebKit/537.36 (KHTML, like Gecko; compatible; Googlebot/2.1; +http://www.google.com/bot.html) Chrome/91.0.4472.90 Safari/537.36"
52.91.220.195 - - [01/Aug/2021:21:20:08 +0000] "GET / HTTP/1.1" 302 211 "-" "Mozilla/5.0 (compatible; SurdotlyBot/1.0; +http://sur.ly/bot.html)"
52.91.220.195 - - [01/Aug/2021:21:20:09 +0000] "GET / HTTP/1.1" 200 78293 "-" "Mozilla/5.0 (compatible; SurdotlyBot/1.0; +http://sur.ly/bot.html)"
52.91.220.195 - - [01/Aug/2021:21:20:10 +0000] "GET /img/favicon.ico HTTP/1.1" 200 1150 "-" "Mozilla/5.0 (X11; U; Linux x86_64; en-US) AppleWebKit/532.9 (KHTML, like Gecko) Chrome/5.0.307.7 Safari/532.9"
52.91.220.195 - - [01/Aug/2021:21:20:10 +0000] "GET /img/favicon.ico HTTP/1.0" 200 1150 "-" "-"
18.116.115.58 - - [01/Aug/2021:21:24:30 +0000] "GET / HTTP/1.1" 200 78293 "-" "Mozilla/5.0 (Macintosh; Intel Mac OS X 10_15_0) AppleWebKit/537.36 (KHTML, like Gecko) Chrome/78.0.3904.87 Safari/537.36"
114.119.158.125 - - [01/Aug/2021:21:52:14 +0000] "GET /pagecontents.php?url=Privacy-Policy HTTP/1.1" 200 51008 "-" "Mozilla/5.0 (Linux; Android 7.0;) AppleWebKit/537.36 (KHTML, like Gecko) Mobile Safari/537.36 (compatible; PetalBot;+https://webmaster.petalsearch.com/site/petalbot)"
207.46.13.184 - - [01/Aug/2021:21:55:59 +0000] "GET /night-life-tour-packages.php HTTP/1.1" 302 239 "-" "Mozilla/5.0 (compatible; bingbot/2.0; +http://www.bing.com/bingbot.htm)"
207.46.13.184 - - [01/Aug/2021:21:56:00 +0000] "GET /night-life-tour-packages.php HTTP/1.1" 200 53995 "-" "Mozilla/5.0 (compatible; bingbot/2.0; +http://www.bing.com/bingbot.htm)"
