114.119.159.183 - - [08/Aug/2021:04:18:59 +0000] "GET /pagecontents.php?url=Privacy-Policy HTTP/1.1" 200 51008 "-" "Mozilla/5.0 (Linux; Android 7.0;) AppleWebKit/537.36 (KHTML, like Gecko) Mobile Safari/537.36 (compatible; PetalBot;+https://webmaster.petalsearch.com/site/petalbot)"
5.45.207.143 - - [08/Aug/2021:04:20:12 +0000] "GET /robots.txt HTTP/1.1" 301 249 "-" "Mozilla/5.0 (compatible; YandexBot/3.0; +http://yandex.com/bots)"
5.45.207.143 - - [08/Aug/2021:04:20:12 +0000] "GET /robots.txt HTTP/1.1" 404 78307 "-" "Mozilla/5.0 (compatible; YandexBot/3.0; +http://yandex.com/bots)"
5.255.231.244 - - [08/Aug/2021:04:20:12 +0000] "GET /robots.txt HTTP/1.1" 404 78307 "-" "Mozilla/5.0 (compatible; YandexBot/3.0; +http://yandex.com/bots)"
5.45.207.143 - - [08/Aug/2021:04:20:15 +0000] "GET / HTTP/1.1" 200 78297 "-" "Mozilla/5.0 (compatible; YandexBot/3.0; +http://yandex.com/bots)"
213.180.203.60 - - [08/Aug/2021:04:20:16 +0000] "GET / HTTP/1.1" 200 78293 "-" "Mozilla/5.0 (compatible; YandexBot/3.0; +http://yandex.com/bots)"
63.35.199.155 - - [08/Aug/2021:04:23:05 +0000] "GET / HTTP/1.1" 200 78293 "-" "Mozilla/5.0 (Macintosh; Intel Mac OS X 10.15; rv:81.0) Gecko/20100101 Firefox/81.0"
114.119.156.152 - - [08/Aug/2021:04:29:47 +0000] "GET /UttrakhandTourism.html HTTP/1.1" 200 67433 "-" "Mozilla/5.0 (Linux; Android 7.0;) AppleWebKit/537.36 (KHTML, like Gecko) Mobile Safari/537.36 (compatible; PetalBot;+https://webmaster.petalsearch.com/site/petalbot)"
207.46.13.9 - - [08/Aug/2021:04:35:00 +0000] "GET /robots.txt HTTP/1.1" 301 249 "-" "Mozilla/5.0 (compatible; bingbot/2.0; +http://www.bing.com/bingbot.htm)"
207.46.13.9 - - [08/Aug/2021:04:35:01 +0000] "GET /robots.txt HTTP/1.1" 404 78307 "-" "Mozilla/5.0 (compatible; bingbot/2.0; +http://www.bing.com/bingbot.htm)"
207.46.13.9 - - [08/Aug/2021:04:35:01 +0000] "GET /robots.txt HTTP/1.1" 301 249 "-" "Mozilla/5.0 (compatible; bingbot/2.0; +http://www.bing.com/bingbot.htm)"
207.46.13.9 - - [08/Aug/2021:04:35:02 +0000] "GET /robots.txt HTTP/1.1" 404 78307 "-" "Mozilla/5.0 (compatible; bingbot/2.0; +http://www.bing.com/bingbot.htm)"
40.77.188.10 - - [08/Aug/2021:04:35:04 +0000] "GET /fonts/fontawesome-webfont3295.woff2?v=4.5.0 HTTP/1.1" 200 66624 "-" "Mozilla/5.0 (Windows NT 6.1; WOW64) AppleWebKit/534+ (KHTML, like Gecko) BingPreview/1.0b"
185.191.171.11 - - [08/Aug/2021:04:36:44 +0000] "GET /robots.txt HTTP/1.1" 404 78307 "-" "Mozilla/5.0 (compatible; SemrushBot/7~bl; +http://www.semrush.com/bot.html)"
185.191.171.39 - - [08/Aug/2021:04:36:46 +0000] "GET /tour-package.php?id=27 HTTP/1.1" 200 58674 "-" "Mozilla/5.0 (compatible; SemrushBot/7~bl; +http://www.semrush.com/bot.html)"
114.119.157.24 - - [08/Aug/2021:04:39:20 +0000] "GET /RajasthanTourPackage.html HTTP/1.1" 200 66881 "-" "Mozilla/5.0 (Linux; Android 7.0;) AppleWebKit/537.36 (KHTML, like Gecko) Mobile Safari/537.36 (compatible; PetalBot;+https://webmaster.petalsearch.com/site/petalbot)"
118.184.177.73 - - [08/Aug/2021:04:43:57 +0000] "GET / HTTP/1.1" 200 78293 "-" "Sogou web spider/4.0(+http://www.sogou.com/docs/help/webmasters.htm#07)"
106.38.241.120 - - [08/Aug/2021:04:44:25 +0000] "GET / HTTP/1.1" 200 78293 "-" "Sogou web spider/4.0(+http://www.sogou.com/docs/help/webmasters.htm#07)"
49.7.20.92 - - [08/Aug/2021:04:45:01 +0000] "GET / HTTP/1.1" 200 78293 "-" "Sogou web spider/4.0(+http://www.sogou.com/docs/help/webmasters.htm#07)"
149.56.78.37 - - [08/Aug/2021:04:48:13 +0000] "GET /.vscode/sftp.json HTTP/1.1" 301 256 "-" "Mozilla/5.0 (Windows NT 6.1; Trident/7.0; rv:11.0) like Gecko"
149.56.78.37 - - [08/Aug/2021:04:48:14 +0000] "GET /.vscode/sftp.json HTTP/1.1" 404 78314 "-" "Mozilla/5.0 (Windows NT 6.1; Trident/7.0; rv:11.0) like Gecko"
114.119.157.24 - - [08/Aug/2021:04:49:47 +0000] "GET /galleryimg/335577download%20(1 HTTP/1.1" 404 78327 "-" "Mozilla/5.0 (Linux; Android 7.0;) AppleWebKit/537.36 (KHTML, like Gecko) Mobile Safari/537.36 (compatible; PetalBot;+https://webmaster.petalsearch.com/site/petalbot)"
114.119.134.245 - - [08/Aug/2021:04:59:11 +0000] "GET /robots.txt HTTP/1.1" 302 225 "-" "Mozilla/5.0 (compatible;PetalBot;+https://webmaster.petalsearch.com/site/petalbot)"
114.119.134.245 - - [08/Aug/2021:04:59:11 +0000] "GET /robots.txt HTTP/1.1" 404 78307 "-" "Mozilla/5.0 (compatible;PetalBot;+https://webmaster.petalsearch.com/site/petalbot)"
114.119.159.39 - - [08/Aug/2021:05:09:55 +0000] "GET /ManaliCarTourPackage.html HTTP/1.1" 200 58008 "-" "Mozilla/5.0 (Linux; Android 7.0;) AppleWebKit/537.36 (KHTML, like Gecko) Mobile Safari/537.36 (compatible; PetalBot;+https://webmaster.petalsearch.com/site/petalbot)"
106.38.241.120 - - [08/Aug/2021:05:17:51 +0000] "GET / HTTP/1.1" 200 78293 "-" "Sogou web spider/4.0(+http://www.sogou.com/docs/help/webmasters.htm#07)"
114.119.159.183 - - [08/Aug/2021:05:20:07 +0000] "GET /RajasthanTourism.html HTTP/1.1" 200 60974 "-" "Mozilla/5.0 (Linux; Android 7.0;) AppleWebKit/537.36 (KHTML, like Gecko) Mobile Safari/537.36 (compatible; PetalBot;+https://webmaster.petalsearch.com/site/petalbot)"
49.7.20.98 - - [08/Aug/2021:05:20:20 +0000] "GET / HTTP/1.1" 200 78293 "-" "Sogou web spider/4.0(+http://www.sogou.com/docs/help/webmasters.htm#07)"
114.119.151.4 - - [08/Aug/2021:05:29:49 +0000] "GET /galleryimg/8637951exotic-kerala-tour-840.jpeg HTTP/1.1" 200 28339 "-" "Mozilla/5.0 (Linux; Android 7.0;) AppleWebKit/537.36 (KHTML, like Gecko) Mobile Safari/537.36 (compatible; PetalBot;+https://webmaster.petalsearch.com/site/petalbot)"
114.119.156.152 - - [08/Aug/2021:05:40:00 +0000] "GET /family-fun-tour-packages.php HTTP/1.1" 200 53987 "-" "Mozilla/5.0 (Linux; Android 7.0;) AppleWebKit/537.36 (KHTML, like Gecko) Mobile Safari/537.36 (compatible; PetalBot;+https://webmaster.petalsearch.com/site/petalbot)"
49.7.20.92 - - [08/Aug/2021:05:40:07 +0000] "GET / HTTP/1.1" 200 78293 "-" "Sogou web spider/4.0(+http://www.sogou.com/docs/help/webmasters.htm#07)"
106.38.241.120 - - [08/Aug/2021:05:52:33 +0000] "GET / HTTP/1.1" 200 78293 "-" "Sogou web spider/4.0(+http://www.sogou.com/docs/help/webmasters.htm#07)"
66.249.73.45 - - [08/Aug/2021:06:09:58 +0000] "GET /tour-package.php?id=27 HTTP/1.1" 200 58674 "-" "Mozilla/5.0 (compatible; Googlebot/2.1; +http://www.google.com/bot.html)"
114.119.157.24 - - [08/Aug/2021:06:20:33 +0000] "GET /RajasthanTourPackages.html HTTP/1.1" 200 56924 "-" "Mozilla/5.0 (Linux; Android 7.0;) AppleWebKit/537.36 (KHTML, like Gecko) Mobile Safari/537.36 (compatible; PetalBot;+https://webmaster.petalsearch.com/site/petalbot)"
66.249.73.98 - - [08/Aug/2021:06:24:56 +0000] "GET /tour-package.php?id=24 HTTP/1.1" 302 233 "-" "Mozilla/5.0 (Linux; Android 6.0.1; Nexus 5X Build/MMB29P) AppleWebKit/537.36 (KHTML, like Gecko) Chrome/92.0.4515.119 Mobile Safari/537.36 (compatible; Googlebot/2.1; +http://www.google.com/bot.html)"
66.249.73.121 - - [08/Aug/2021:06:24:57 +0000] "GET /tour-package.php?id=24 HTTP/1.1" 200 57948 "-" "Mozilla/5.0 (Linux; Android 6.0.1; Nexus 5X Build/MMB29P) AppleWebKit/537.36 (KHTML, like Gecko) Chrome/92.0.4515.119 Mobile Safari/537.36 (compatible; Googlebot/2.1; +http://www.google.com/bot.html)"
114.119.158.125 - - [08/Aug/2021:06:29:59 +0000] "GET /tour-package.php?id=28 HTTP/1.1" 200 65751 "-" "Mozilla/5.0 (Linux; Android 7.0;) AppleWebKit/537.36 (KHTML, like Gecko) Mobile Safari/537.36 (compatible; PetalBot;+https://webmaster.petalsearch.com/site/petalbot)"
106.38.241.120 - - [08/Aug/2021:06:30:44 +0000] "GET / HTTP/1.1" 200 78293 "-" "Sogou web spider/4.0(+http://www.sogou.com/docs/help/webmasters.htm#07)"
185.191.171.7 - - [08/Aug/2021:06:32:14 +0000] "GET /robots.txt HTTP/1.1" 404 78307 "-" "Mozilla/5.0 (compatible; SemrushBot/7~bl; +http://www.semrush.com/bot.html)"
185.191.171.42 - - [08/Aug/2021:06:32:16 +0000] "GET /tour-package.php?id=26 HTTP/1.1" 200 57965 "-" "Mozilla/5.0 (compatible; SemrushBot/7~bl; +http://www.semrush.com/bot.html)"
49.7.20.92 - - [08/Aug/2021:06:33:00 +0000] "GET / HTTP/1.1" 200 78293 "-" "Sogou web spider/4.0(+http://www.sogou.com/docs/help/webmasters.htm#07)"
66.249.73.41 - - [08/Aug/2021:06:35:20 +0000] "GET /BeautifulUttaranchalTour.html HTTP/1.1" 200 61238 "-" "Mozilla/5.0 (compatible; Googlebot/2.1; +http://www.google.com/bot.html)"
66.249.73.41 - - [08/Aug/2021:06:35:25 +0000] "GET /js/jquery-price-slider.js HTTP/1.1" 200 24017 "http://www.indiatravelkart.com/BeautifulUttaranchalTour.html" "Mozilla/5.0 AppleWebKit/537.36 (KHTML, like Gecko; compatible; Googlebot/2.1; +http://www.google.com/bot.html) Chrome/92.0.4515.119 Safari/537.36"
66.249.73.43 - - [08/Aug/2021:06:35:26 +0000] "GET /js/wow.min.js HTTP/1.1" 200 8426 "http://www.indiatravelkart.com/BeautifulUttaranchalTour.html" "Mozilla/5.0 AppleWebKit/537.36 (KHTML, like Gecko; compatible; Googlebot/2.1; +http://www.google.com/bot.html) Chrome/92.0.4515.119 Safari/537.36"
114.119.155.175 - - [08/Aug/2021:06:40:39 +0000] "GET /galleryimg/498612m.jpg HTTP/1.1" 200 8661 "-" "Mozilla/5.0 (Linux; Android 7.0;) AppleWebKit/537.36 (KHTML, like Gecko) Mobile Safari/537.36 (compatible; PetalBot;+https://webmaster.petalsearch.com/site/petalbot)"
40.77.167.103 - - [08/Aug/2021:06:41:15 +0000] "GET /pagecontents.php?url=Pyament-Option HTTP/1.1" 302 246 "-" "Mozilla/5.0 (compatible; bingbot/2.0; +http://www.bing.com/bingbot.htm)"
40.77.167.103 - - [08/Aug/2021:06:41:17 +0000] "GET /pagecontents.php?url=Pyament-Option HTTP/1.1" 200 50964 "-" "Mozilla/5.0 (compatible; bingbot/2.0; +http://www.bing.com/bingbot.htm)"
34.139.188.48 - - [08/Aug/2021:06:45:17 +0000] "GET /robots.txt HTTP/1.0" 302 221 "-" "ZoominfoBot (zoominfobot at zoominfo dot com)"
34.139.188.48 - - [08/Aug/2021:06:45:17 +0000] "GET /robots.txt HTTP/1.1" 301 249 "-" "ZoominfoBot (zoominfobot at zoominfo dot com)"
34.139.188.48 - - [08/Aug/2021:06:45:18 +0000] "GET /robots.txt HTTP/1.1" 404 78307 "-" "ZoominfoBot (zoominfobot at zoominfo dot com)"
34.139.188.48 - - [08/Aug/2021:06:45:21 +0000] "GET /tour-package.php?id=22 HTTP/1.0" 302 233 "-" "ZoominfoBot (zoominfobot at zoominfo dot com)"
34.139.188.48 - - [08/Aug/2021:06:45:21 +0000] "GET /robots.txt HTTP/1.0" 301 249 "-" "ZoominfoBot (zoominfobot at zoominfo dot com)"
34.139.188.48 - - [08/Aug/2021:06:45:21 +0000] "GET /robots.txt HTTP/1.1" 404 78307 "-" "ZoominfoBot (zoominfobot at zoominfo dot com)"
34.139.188.48 - - [08/Aug/2021:06:45:23 +0000] "GET /pagecontents.php?url=Privacy-Policy HTTP/1.0" 302 246 "-" "ZoominfoBot (zoominfobot at zoominfo dot com)"
49.7.20.98 - - [08/Aug/2021:06:45:23 +0000] "GET / HTTP/1.1" 200 78293 "-" "Sogou web spider/4.0(+http://www.sogou.com/docs/help/webmasters.htm#07)"
34.139.188.48 - - [08/Aug/2021:06:45:23 +0000] "GET /robots.txt HTTP/1.0" 301 249 "-" "ZoominfoBot (zoominfobot at zoominfo dot com)"
34.139.188.48 - - [08/Aug/2021:06:45:24 +0000] "GET /robots.txt HTTP/1.1" 404 78307 "-" "ZoominfoBot (zoominfobot at zoominfo dot com)"
49.7.20.95 - - [08/Aug/2021:06:45:25 +0000] "GET / HTTP/1.1" 200 78293 "-" "Sogou web spider/4.0(+http://www.sogou.com/docs/help/webmasters.htm#07)"
34.139.188.48 - - [08/Aug/2021:06:45:25 +0000] "GET /tour-package.php?id=22 HTTP/1.0" 200 58102 "-" "ZoominfoBot (zoominfobot at zoominfo dot com)"
34.139.188.48 - - [08/Aug/2021:06:45:26 +0000] "GET /pagecontents.php?url=Privacy-Policy HTTP/1.0" 200 51008 "-" "ZoominfoBot (zoominfobot at zoominfo dot com)"
34.139.188.48 - - [08/Aug/2021:06:47:06 +0000] "GET /tour-package.php?id=26 HTTP/1.0" 302 233 "-" "ZoominfoBot (zoominfobot at zoominfo dot com)"
34.139.188.48 - - [08/Aug/2021:06:47:06 +0000] "GET /tour-package.php?id=26 HTTP/1.0" 200 57965 "-" "ZoominfoBot (zoominfobot at zoominfo dot com)"
34.139.188.48 - - [08/Aug/2021:06:47:10 +0000] "GET /tour-package.php?id=12 HTTP/1.0" 302 233 "-" "ZoominfoBot (zoominfobot at zoominfo dot com)"
34.139.188.48 - - [08/Aug/2021:06:47:10 +0000] "GET /tour-package.php?id=12 HTTP/1.0" 200 55085 "-" "ZoominfoBot (zoominfobot at zoominfo dot com)"
40.81.80.188 - - [08/Aug/2021:06:48:20 +0000] "GET / HTTP/1.1" 200 78297 "-" "Mozilla/5.0 (iPhone; CPU iPhone OS 13_3 like Mac OS X) AppleWebKit/605.1.15 (KHTML%2C like Gecko) Mobile/15E148"
114.119.152.233 - - [08/Aug/2021:06:50:55 +0000] "GET /RajasthanCarTour.html HTTP/1.1" 302 232 "-" "Mozilla/5.0 (Linux; Android 7.0;) AppleWebKit/537.36 (KHTML, like Gecko) Mobile Safari/537.36 (compatible; PetalBot;+https://webmaster.petalsearch.com/site/petalbot)"
114.119.152.233 - - [08/Aug/2021:06:50:55 +0000] "GET /RajasthanCarTour.html HTTP/1.1" 301 260 "-" "Mozilla/5.0 (Linux; Android 7.0;) AppleWebKit/537.36 (KHTML, like Gecko) Mobile Safari/537.36 (compatible; PetalBot;+https://webmaster.petalsearch.com/site/petalbot)"
114.119.152.233 - - [08/Aug/2021:06:50:55 +0000] "GET /RajasthanCarTour.html HTTP/1.1" 200 68297 "-" "Mozilla/5.0 (Linux; Android 7.0;) AppleWebKit/537.36 (KHTML, like Gecko) Mobile Safari/537.36 (compatible; PetalBot;+https://webmaster.petalsearch.com/site/petalbot)"
34.139.188.48 - - [08/Aug/2021:06:51:36 +0000] "GET /tour-package.php?id=16 HTTP/1.0" 302 233 "-" "ZoominfoBot (zoominfobot at zoominfo dot com)"
34.139.188.48 - - [08/Aug/2021:06:51:36 +0000] "GET /tour-package.php?id=16 HTTP/1.0" 200 65697 "-" "ZoominfoBot (zoominfobot at zoominfo dot com)"
156.146.36.108 - - [08/Aug/2021:06:51:48 +0000] "GET /contact.php HTTP/1.1" 302 222 "-" "Mozilla/5.0 (Macintosh; Intel Mac OS X 10_13_4) AppleWebKit/537.36 (KHTML, like Gecko) Chrome/61.0.3163.79 Safari/537.36"
156.146.36.108 - - [08/Aug/2021:06:51:48 +0000] "GET /contact.php HTTP/1.1" 200 57552 "-" "Mozilla/5.0 (Macintosh; Intel Mac OS X 10_13_4) AppleWebKit/537.36 (KHTML, like Gecko) Chrome/61.0.3163.79 Safari/537.36"
34.139.188.48 - - [08/Aug/2021:06:55:38 +0000] "GET /contact.php HTTP/1.0" 302 222 "-" "ZoominfoBot (zoominfobot at zoominfo dot com)"
34.139.188.48 - - [08/Aug/2021:06:55:38 +0000] "GET /contact.php HTTP/1.0" 200 57552 "-" "ZoominfoBot (zoominfobot at zoominfo dot com)"
34.139.188.48 - - [08/Aug/2021:06:55:56 +0000] "GET /hill-station-tour-packages.php HTTP/1.0" 302 241 "-" "ZoominfoBot (zoominfobot at zoominfo dot com)"
34.139.188.48 - - [08/Aug/2021:06:55:57 +0000] "GET /hill-station-tour-packages.php HTTP/1.0" 200 53993 "-" "ZoominfoBot (zoominfobot at zoominfo dot com)"
66.249.73.45 - - [08/Aug/2021:06:58:12 +0000] "GET /DelhiAgraJaipurTour.html HTTP/1.1" 200 60863 "-" "Mozilla/5.0 (Linux; Android 6.0.1; Nexus 5X Build/MMB29P) AppleWebKit/537.36 (KHTML, like Gecko) Chrome/92.0.4515.119 Mobile Safari/537.36 (compatible; Googlebot/2.1; +http://www.google.com/bot.html)"
49.7.20.95 - - [08/Aug/2021:07:00:16 +0000] "GET / HTTP/1.1" 200 78293 "-" "Sogou web spider/4.0(+http://www.sogou.com/docs/help/webmasters.htm#07)"
114.119.159.39 - - [08/Aug/2021:07:01:04 +0000] "GET /KashmirHoneymoonPackages.html HTTP/1.1" 200 62145 "-" "Mozilla/5.0 (Linux; Android 7.0;) AppleWebKit/537.36 (KHTML, like Gecko) Mobile Safari/537.36 (compatible; PetalBot;+https://webmaster.petalsearch.com/site/petalbot)"
34.139.188.48 - - [08/Aug/2021:07:02:41 +0000] "GET /tour-package.php?id=23 HTTP/1.0" 302 233 "-" "ZoominfoBot (zoominfobot at zoominfo dot com)"
34.139.188.48 - - [08/Aug/2021:07:02:42 +0000] "GET /tour-package.php?id=23 HTTP/1.0" 200 57946 "-" "ZoominfoBot (zoominfobot at zoominfo dot com)"
66.249.73.43 - - [08/Aug/2021:07:03:54 +0000] "GET /DelhiAgraJaipurTour.html HTTP/1.1" 200 60863 "-" "Mozilla/5.0 (compatible; Googlebot/2.1; +http://www.google.com/bot.html)"
34.139.188.48 - - [08/Aug/2021:07:06:39 +0000] "GET /tour-package.php?id=13 HTTP/1.0" 302 233 "-" "ZoominfoBot (zoominfobot at zoominfo dot com)"
34.139.188.48 - - [08/Aug/2021:07:06:40 +0000] "GET /tour-package.php?id=13 HTTP/1.0" 200 64719 "-" "ZoominfoBot (zoominfobot at zoominfo dot com)"
34.139.188.48 - - [08/Aug/2021:07:10:03 +0000] "GET /services.php HTTP/1.0" 302 223 "-" "ZoominfoBot (zoominfobot at zoominfo dot com)"
34.139.188.48 - - [08/Aug/2021:07:10:04 +0000] "GET /services.php HTTP/1.0" 200 56425 "-" "ZoominfoBot (zoominfobot at zoominfo dot com)"
114.119.159.183 - - [08/Aug/2021:07:10:14 +0000] "GET /ShimlaVolvoTourPackage.html HTTP/1.1" 200 58351 "-" "Mozilla/5.0 (Linux; Android 7.0;) AppleWebKit/537.36 (KHTML, like Gecko) Mobile Safari/537.36 (compatible; PetalBot;+https://webmaster.petalsearch.com/site/petalbot)"
34.139.188.48 - - [08/Aug/2021:07:10:21 +0000] "GET /tour-package.php?id=17 HTTP/1.0" 302 233 "-" "ZoominfoBot (zoominfobot at zoominfo dot com)"
34.139.188.48 - - [08/Aug/2021:07:10:22 +0000] "GET /tour-package.php?id=17 HTTP/1.0" 200 61812 "-" "ZoominfoBot (zoominfobot at zoominfo dot com)"
34.139.188.48 - - [08/Aug/2021:07:13:26 +0000] "GET /tour-package.php?id=30 HTTP/1.0" 302 233 "-" "ZoominfoBot (zoominfobot at zoominfo dot com)"
34.139.188.48 - - [08/Aug/2021:07:13:26 +0000] "GET /tour-package.php?id=30 HTTP/1.0" 200 55085 "-" "ZoominfoBot (zoominfobot at zoominfo dot com)"
49.7.20.95 - - [08/Aug/2021:07:15:28 +0000] "GET / HTTP/1.1" 200 78293 "-" "Sogou web spider/4.0(+http://www.sogou.com/docs/help/webmasters.htm#07)"
34.139.188.48 - - [08/Aug/2021:07:17:02 +0000] "GET /about.php HTTP/1.0" 302 220 "-" "ZoominfoBot (zoominfobot at zoominfo dot com)"
34.139.188.48 - - [08/Aug/2021:07:17:02 +0000] "GET /about.php HTTP/1.0" 200 57479 "-" "ZoominfoBot (zoominfobot at zoominfo dot com)"
34.139.188.48 - - [08/Aug/2021:07:17:19 +0000] "GET /tour-package.php?id=20 HTTP/1.0" 302 233 "-" "ZoominfoBot (zoominfobot at zoominfo dot com)"
34.139.188.48 - - [08/Aug/2021:07:17:19 +0000] "GET /tour-package.php?id=20 HTTP/1.0" 200 58920 "-" "ZoominfoBot (zoominfobot at zoominfo dot com)"
66.249.73.43 - - [08/Aug/2021:07:21:03 +0000] "GET /contact.php HTTP/1.1" 200 57552 "-" "Mozilla/5.0 (Linux; Android 6.0.1; Nexus 5X Build/MMB29P) AppleWebKit/537.36 (KHTML, like Gecko) Chrome/92.0.4515.119 Mobile Safari/537.36 (compatible; Googlebot/2.1; +http://www.google.com/bot.html)"
34.139.188.48 - - [08/Aug/2021:07:21:36 +0000] "GET /tour-package.php?id=24 HTTP/1.0" 302 233 "-" "ZoominfoBot (zoominfobot at zoominfo dot com)"
34.139.188.48 - - [08/Aug/2021:07:21:36 +0000] "GET /tour-package.php?id=24 HTTP/1.0" 200 57948 "-" "ZoominfoBot (zoominfobot at zoominfo dot com)"
34.139.188.48 - - [08/Aug/2021:07:21:38 +0000] "GET /tour-package.php?id=10 HTTP/1.0" 302 233 "-" "ZoominfoBot (zoominfobot at zoominfo dot com)"
34.139.188.48 - - [08/Aug/2021:07:21:38 +0000] "GET /tour-package.php?id=10 HTTP/1.0" 200 55085 "-" "ZoominfoBot (zoominfobot at zoominfo dot com)"
106.38.241.120 - - [08/Aug/2021:07:22:11 +0000] "GET / HTTP/1.1" 200 78293 "-" "Sogou web spider/4.0(+http://www.sogou.com/docs/help/webmasters.htm#07)"
34.139.188.48 - - [08/Aug/2021:07:23:32 +0000] "GET /pagecontents.php?url=Cancellation-Policy HTTP/1.0" 302 251 "-" "ZoominfoBot (zoominfobot at zoominfo dot com)"
34.139.188.48 - - [08/Aug/2021:07:23:32 +0000] "GET /pagecontents.php?url=Cancellation-Policy HTTP/1.0" 200 50964 "-" "ZoominfoBot (zoominfobot at zoominfo dot com)"
131.220.6.152 - - [08/Aug/2021:07:25:42 +0000] "GET / HTTP/1.1" 302 211 "-" "Mozilla/5.0 (X11; Linux x86_64) AppleWebKit/537.36 (KHTML, like Gecko) Chrome/79.0.3945.79 Safari/537.36"
131.220.6.152 - - [08/Aug/2021:07:25:43 +0000] "GET / HTTP/1.1" 200 78293 "-" "Mozilla/5.0 (X11; Linux x86_64) AppleWebKit/537.36 (KHTML, like Gecko) Chrome/79.0.3945.79 Safari/537.36"
34.139.188.48 - - [08/Aug/2021:07:25:44 +0000] "GET /tour-package.php?id=28 HTTP/1.0" 302 233 "-" "ZoominfoBot (zoominfobot at zoominfo dot com)"
34.139.188.48 - - [08/Aug/2021:07:25:44 +0000] "GET /tour-package.php?id=28 HTTP/1.0" 200 65751 "-" "ZoominfoBot (zoominfobot at zoominfo dot com)"
34.139.188.48 - - [08/Aug/2021:07:25:47 +0000] "GET /tour-package.php?id=14 HTTP/1.0" 302 233 "-" "ZoominfoBot (zoominfobot at zoominfo dot com)"
34.139.188.48 - - [08/Aug/2021:07:25:47 +0000] "GET /tour-package.php?id=14 HTTP/1.0" 200 58793 "-" "ZoominfoBot (zoominfobot at zoominfo dot com)"
103.85.22.197 - - [08/Aug/2021:07:27:38 +0000] "GET /wp-content/plugins/iva-business-hours-pro/assets/fontello/LICENSE.txt HTTP/1.1" 302 280 "-" "Mozilla/5.0 (Windows NT 10.0; Win64; x64) AppleWebKit/537.36 (KHTML, like Gecko) Chrome/92.0.4515.107 Safari/537.36"
49.7.20.92 - - [08/Aug/2021:07:28:15 +0000] "GET / HTTP/1.1" 200 78293 "-" "Sogou web spider/4.0(+http://www.sogou.com/docs/help/webmasters.htm#07)"
49.7.20.95 - - [08/Aug/2021:07:30:14 +0000] "GET / HTTP/1.1" 200 78293 "-" "Sogou web spider/4.0(+http://www.sogou.com/docs/help/webmasters.htm#07)"
34.139.188.48 - - [08/Aug/2021:07:31:35 +0000] "GET /pagecontents.php?url=Pyament-Option HTTP/1.0" 302 246 "-" "ZoominfoBot (zoominfobot at zoominfo dot com)"
34.139.188.48 - - [08/Aug/2021:07:31:36 +0000] "GET /pagecontents.php?url=Pyament-Option HTTP/1.0" 200 50964 "-" "ZoominfoBot (zoominfobot at zoominfo dot com)"
34.139.188.48 - - [08/Aug/2021:07:32:28 +0000] "GET /pagecontents.php?url=Return-and-Refund-Policy HTTP/1.0" 302 256 "-" "ZoominfoBot (zoominfobot at zoominfo dot com)"
34.139.188.48 - - [08/Aug/2021:07:32:28 +0000] "GET /pagecontents.php?url=Return-and-Refund-Policy HTTP/1.0" 200 50964 "-" "ZoominfoBot (zoominfobot at zoominfo dot com)"
34.139.188.48 - - [08/Aug/2021:07:33:57 +0000] "GET /index.php HTTP/1.0" 302 220 "-" "ZoominfoBot (zoominfobot at zoominfo dot com)"
34.139.188.48 - - [08/Aug/2021:07:33:58 +0000] "GET /index.php HTTP/1.0" 301 235 "-" "ZoominfoBot (zoominfobot at zoominfo dot com)"
34.139.188.48 - - [08/Aug/2021:07:33:58 +0000] "GET / HTTP/1.0" 200 78293 "-" "ZoominfoBot (zoominfobot at zoominfo dot com)"
34.139.188.48 - - [08/Aug/2021:07:35:50 +0000] "GET /tour-package.php?id=21 HTTP/1.0" 302 233 "-" "ZoominfoBot (zoominfobot at zoominfo dot com)"
34.139.188.48 - - [08/Aug/2021:07:35:51 +0000] "GET /tour-package.php?id=21 HTTP/1.0" 200 57872 "-" "ZoominfoBot (zoominfobot at zoominfo dot com)"
34.139.188.48 - - [08/Aug/2021:07:38:36 +0000] "GET /honeymoon-tour-packages.php HTTP/1.0" 302 238 "-" "ZoominfoBot (zoominfobot at zoominfo dot com)"
34.139.188.48 - - [08/Aug/2021:07:38:37 +0000] "GET /honeymoon-tour-packages.php HTTP/1.0" 200 53985 "-" "ZoominfoBot (zoominfobot at zoominfo dot com)"
34.139.188.48 - - [08/Aug/2021:07:39:05 +0000] "GET /tour-package.php?id=25 HTTP/1.0" 302 233 "-" "ZoominfoBot (zoominfobot at zoominfo dot com)"
34.139.188.48 - - [08/Aug/2021:07:39:06 +0000] "GET /tour-package.php?id=25 HTTP/1.0" 200 58055 "-" "ZoominfoBot (zoominfobot at zoominfo dot com)"
34.139.188.48 - - [08/Aug/2021:07:42:36 +0000] "GET /tour-package.php?id=15 HTTP/1.0" 302 233 "-" "ZoominfoBot (zoominfobot at zoominfo dot com)"
34.139.188.48 - - [08/Aug/2021:07:42:37 +0000] "GET /tour-package.php?id=15 HTTP/1.0" 200 65841 "-" "ZoominfoBot (zoominfobot at zoominfo dot com)"
49.7.20.95 - - [08/Aug/2021:07:45:16 +0000] "GET / HTTP/1.1" 200 78293 "-" "Sogou web spider/4.0(+http://www.sogou.com/docs/help/webmasters.htm#07)"
34.139.188.48 - - [08/Aug/2021:07:46:10 +0000] "GET /tour-package.php?id=19 HTTP/1.0" 302 233 "-" "ZoominfoBot (zoominfobot at zoominfo dot com)"
34.139.188.48 - - [08/Aug/2021:07:46:10 +0000] "GET /tour-package.php?id=19 HTTP/1.0" 200 65720 "-" "ZoominfoBot (zoominfobot at zoominfo dot com)"
34.139.188.48 - - [08/Aug/2021:07:49:06 +0000] "GET /tour-package.php?id=1 HTTP/1.0" 302 232 "-" "ZoominfoBot (zoominfobot at zoominfo dot com)"
34.139.188.48 - - [08/Aug/2021:07:49:06 +0000] "GET /tour-package.php?id=1 HTTP/1.0" 200 65712 "-" "ZoominfoBot (zoominfobot at zoominfo dot com)"
34.139.188.48 - - [08/Aug/2021:07:49:17 +0000] "GET /pagecontents.php?url=Terms-and-Conditions HTTP/1.0" 302 252 "-" "ZoominfoBot (zoominfobot at zoominfo dot com)"
34.139.188.48 - - [08/Aug/2021:07:49:17 +0000] "GET /pagecontents.php?url=Terms-and-Conditions HTTP/1.0" 200 53481 "-" "ZoominfoBot (zoominfobot at zoominfo dot com)"
49.7.20.95 - - [08/Aug/2021:08:04:22 +0000] "GET / HTTP/1.1" 200 78293 "-" "Sogou web spider/4.0(+http://www.sogou.com/docs/help/webmasters.htm#07)"
185.191.171.11 - - [08/Aug/2021:08:14:09 +0000] "GET /robots.txt HTTP/1.1" 404 78307 "-" "Mozilla/5.0 (compatible; SemrushBot/7~bl; +http://www.semrush.com/bot.html)"
185.191.171.35 - - [08/Aug/2021:08:14:10 +0000] "GET /pagecontents.php?url=Cancellation-Policy HTTP/1.1" 200 50964 "-" "Mozilla/5.0 (compatible; SemrushBot/7~bl; +http://www.semrush.com/bot.html)"
185.191.171.33 - - [08/Aug/2021:08:19:06 +0000] "GET /robots.txt HTTP/1.1" 301 249 "-" "Mozilla/5.0 (compatible; SemrushBot/7~bl; +http://www.semrush.com/bot.html)"
185.191.171.16 - - [08/Aug/2021:08:19:07 +0000] "GET /robots.txt HTTP/1.1" 404 78307 "-" "Mozilla/5.0 (compatible; SemrushBot/7~bl; +http://www.semrush.com/bot.html)"
185.191.171.41 - - [08/Aug/2021:08:19:08 +0000] "GET /tour-package.php?id=14 HTTP/1.1" 200 58793 "-" "Mozilla/5.0 (compatible; SemrushBot/7~bl; +http://www.semrush.com/bot.html)"
185.191.171.19 - - [08/Aug/2021:08:22:59 +0000] "GET /hill-station-tour-packages.php HTTP/1.1" 200 53993 "-" "Mozilla/5.0 (compatible; SemrushBot/7~bl; +http://www.semrush.com/bot.html)"
49.7.20.95 - - [08/Aug/2021:08:25:22 +0000] "GET / HTTP/1.1" 200 78293 "-" "Sogou web spider/4.0(+http://www.sogou.com/docs/help/webmasters.htm#07)"
114.119.155.175 - - [08/Aug/2021:08:26:11 +0000] "GET /tour-package.php?id=20 HTTP/1.1" 200 58920 "-" "Mozilla/5.0 (Linux; Android 7.0;) AppleWebKit/537.36 (KHTML, like Gecko) Mobile Safari/537.36 (compatible; PetalBot;+https://webmaster.petalsearch.com/site/petalbot)"
49.7.20.92 - - [08/Aug/2021:08:30:06 +0000] "GET / HTTP/1.1" 200 78293 "-" "Sogou web spider/4.0(+http://www.sogou.com/docs/help/webmasters.htm#07)"
106.38.241.120 - - [08/Aug/2021:08:46:23 +0000] "GET / HTTP/1.1" 200 78293 "-" "Sogou web spider/4.0(+http://www.sogou.com/docs/help/webmasters.htm#07)"
114.119.129.191 - - [08/Aug/2021:08:46:52 +0000] "GET /robots.txt HTTP/1.1" 301 249 "-" "Mozilla/5.0 (compatible;PetalBot;+https://webmaster.petalsearch.com/site/petalbot)"
114.119.129.191 - - [08/Aug/2021:08:46:52 +0000] "GET /robots.txt HTTP/1.1" 404 78307 "-" "Mozilla/5.0 (compatible;PetalBot;+https://webmaster.petalsearch.com/site/petalbot)"
49.7.20.95 - - [08/Aug/2021:08:47:52 +0000] "GET / HTTP/1.1" 200 78293 "-" "Sogou web spider/4.0(+http://www.sogou.com/docs/help/webmasters.htm#07)"
114.119.156.152 - - [08/Aug/2021:08:56:07 +0000] "GET /robots.txt HTTP/1.1" 302 221 "-" "Mozilla/5.0 (compatible;PetalBot;+https://webmaster.petalsearch.com/site/petalbot)"
114.119.156.152 - - [08/Aug/2021:08:56:07 +0000] "GET /robots.txt HTTP/1.1" 301 249 "-" "Mozilla/5.0 (compatible;PetalBot;+https://webmaster.petalsearch.com/site/petalbot)"
114.119.156.152 - - [08/Aug/2021:08:56:07 +0000] "GET /robots.txt HTTP/1.1" 404 78307 "-" "Mozilla/5.0 (compatible;PetalBot;+https://webmaster.petalsearch.com/site/petalbot)"
114.119.159.39 - - [08/Aug/2021:09:06:13 +0000] "GET /LaddakhWithMoonValleyTour.html HTTP/1.1" 200 60538 "-" "Mozilla/5.0 (Linux; Android 7.0;) AppleWebKit/537.36 (KHTML, like Gecko) Mobile Safari/537.36 (compatible; PetalBot;+https://webmaster.petalsearch.com/site/petalbot)"
49.7.20.98 - - [08/Aug/2021:09:15:33 +0000] "GET / HTTP/1.1" 200 78293 "-" "Sogou web spider/4.0(+http://www.sogou.com/docs/help/webmasters.htm#07)"
114.119.157.24 - - [08/Aug/2021:09:15:47 +0000] "GET /JKTourwithNewDelhiAgra.html HTTP/1.1" 200 63128 "-" "Mozilla/5.0 (Linux; Android 7.0;) AppleWebKit/537.36 (KHTML, like Gecko) Mobile Safari/537.36 (compatible; PetalBot;+https://webmaster.petalsearch.com/site/petalbot)"
49.7.20.95 - - [08/Aug/2021:09:16:16 +0000] "GET / HTTP/1.1" 200 78293 "-" "Sogou web spider/4.0(+http://www.sogou.com/docs/help/webmasters.htm#07)"
114.119.156.152 - - [08/Aug/2021:09:25:44 +0000] "GET /GoaHoneymoonPackage.html HTTP/1.1" 200 61774 "-" "Mozilla/5.0 (Linux; Android 7.0;) AppleWebKit/537.36 (KHTML, like Gecko) Mobile Safari/537.36 (compatible; PetalBot;+https://webmaster.petalsearch.com/site/petalbot)"
54.36.148.193 - - [08/Aug/2021:09:27:21 +0000] "GET /robots.txt HTTP/1.1" 301 249 "-" "Mozilla/5.0 (compatible; AhrefsBot/7.0; +http://ahrefs.com/robot/)"
54.36.148.193 - - [08/Aug/2021:09:27:22 +0000] "GET /robots.txt HTTP/1.1" 404 78307 "-" "Mozilla/5.0 (compatible; AhrefsBot/7.0; +http://ahrefs.com/robot/)"
54.36.148.185 - - [08/Aug/2021:09:27:23 +0000] "GET / HTTP/1.1" 200 78293 "-" "Mozilla/5.0 (compatible; AhrefsBot/7.0; +http://ahrefs.com/robot/)"
49.7.20.92 - - [08/Aug/2021:09:31:54 +0000] "GET / HTTP/1.1" 200 78293 "-" "Sogou web spider/4.0(+http://www.sogou.com/docs/help/webmasters.htm#07)"
114.119.158.125 - - [08/Aug/2021:09:35:19 +0000] "GET /galleryimg/5149875images%20(1 HTTP/1.1" 404 78326 "-" "Mozilla/5.0 (Linux; Android 7.0;) AppleWebKit/537.36 (KHTML, like Gecko) Mobile Safari/537.36 (compatible; PetalBot;+https://webmaster.petalsearch.com/site/petalbot)"
106.38.241.120 - - [08/Aug/2021:09:43:21 +0000] "GET / HTTP/1.1" 200 78293 "-" "Sogou web spider/4.0(+http://www.sogou.com/docs/help/webmasters.htm#07)"
114.119.156.152 - - [08/Aug/2021:09:45:29 +0000] "GET /galleryimg/71267313.1.jpg HTTP/1.1" 200 163596 "-" "Mozilla/5.0 (Linux; Android 7.0;) AppleWebKit/537.36 (KHTML, like Gecko) Mobile Safari/537.36 (compatible; PetalBot;+https://webmaster.petalsearch.com/site/petalbot)"
49.7.20.95 - - [08/Aug/2021:09:52:52 +0000] "GET / HTTP/1.1" 200 78293 "-" "Sogou web spider/4.0(+http://www.sogou.com/docs/help/webmasters.htm#07)"
114.119.157.24 - - [08/Aug/2021:09:55:24 +0000] "GET /HimachalTourPackage.html HTTP/1.1" 200 60429 "-" "Mozilla/5.0 (Linux; Android 7.0;) AppleWebKit/537.36 (KHTML, like Gecko) Mobile Safari/537.36 (compatible; PetalBot;+https://webmaster.petalsearch.com/site/petalbot)"
114.119.156.152 - - [08/Aug/2021:10:04:57 +0000] "GET /tour-package.php?id=26 HTTP/1.1" 200 57965 "-" "Mozilla/5.0 (Linux; Android 7.0;) AppleWebKit/537.36 (KHTML, like Gecko) Mobile Safari/537.36 (compatible; PetalBot;+https://webmaster.petalsearch.com/site/petalbot)"
114.119.159.39 - - [08/Aug/2021:10:14:55 +0000] "GET /dharamshala-dalhoussie-car-tourpackage.html HTTP/1.1" 200 59193 "-" "Mozilla/5.0 (Linux; Android 7.0;) AppleWebKit/537.36 (KHTML, like Gecko) Mobile Safari/537.36 (compatible; PetalBot;+https://webmaster.petalsearch.com/site/petalbot)"
114.119.159.183 - - [08/Aug/2021:10:25:02 +0000] "GET /galleryimg/2356318m.jpg HTTP/1.1" 200 8661 "-" "Mozilla/5.0 (Linux; Android 7.0;) AppleWebKit/537.36 (KHTML, like Gecko) Mobile Safari/537.36 (compatible; PetalBot;+https://webmaster.petalsearch.com/site/petalbot)"
49.7.20.98 - - [08/Aug/2021:10:29:35 +0000] "GET / HTTP/1.1" 200 78293 "-" "Sogou web spider/4.0(+http://www.sogou.com/docs/help/webmasters.htm#07)"
49.7.20.95 - - [08/Aug/2021:10:31:30 +0000] "GET / HTTP/1.1" 200 78293 "-" "Sogou web spider/4.0(+http://www.sogou.com/docs/help/webmasters.htm#07)"
49.7.20.92 - - [08/Aug/2021:10:32:21 +0000] "GET / HTTP/1.1" 200 78293 "-" "Sogou web spider/4.0(+http://www.sogou.com/docs/help/webmasters.htm#07)"
114.119.134.245 - - [08/Aug/2021:10:34:42 +0000] "GET /tour-package.php?id=20 HTTP/1.1" 200 58920 "-" "Mozilla/5.0 (Linux; Android 7.0;) AppleWebKit/537.36 (KHTML, like Gecko) Mobile Safari/537.36 (compatible; PetalBot;+https://webmaster.petalsearch.com/site/petalbot)"
106.38.241.120 - - [08/Aug/2021:10:37:07 +0000] "GET / HTTP/1.1" 200 78293 "-" "Sogou web spider/4.0(+http://www.sogou.com/docs/help/webmasters.htm#07)"
114.119.156.152 - - [08/Aug/2021:10:44:47 +0000] "GET /pagecontents.php?url=Cancellation-Policy HTTP/1.1" 200 50964 "-" "Mozilla/5.0 (Linux; Android 7.0;) AppleWebKit/537.36 (KHTML, like Gecko) Mobile Safari/537.36 (compatible; PetalBot;+https://webmaster.petalsearch.com/site/petalbot)"
114.119.158.125 - - [08/Aug/2021:10:54:36 +0000] "GET /SrilankaTourPackage.html HTTP/1.1" 200 63994 "-" "Mozilla/5.0 (Linux; Android 7.0;) AppleWebKit/537.36 (KHTML, like Gecko) Mobile Safari/537.36 (compatible; PetalBot;+https://webmaster.petalsearch.com/site/petalbot)"
185.191.171.5 - - [08/Aug/2021:10:56:24 +0000] "GET /robots.txt HTTP/1.1" 302 221 "-" "Mozilla/5.0 (compatible; SemrushBot/7~bl; +http://www.semrush.com/bot.html)"
185.191.171.5 - - [08/Aug/2021:10:56:25 +0000] "GET /robots.txt HTTP/1.1" 301 249 "-" "Mozilla/5.0 (compatible; SemrushBot/7~bl; +http://www.semrush.com/bot.html)"
185.191.171.5 - - [08/Aug/2021:10:56:26 +0000] "GET /robots.txt HTTP/1.1" 404 78307 "-" "Mozilla/5.0 (compatible; SemrushBot/7~bl; +http://www.semrush.com/bot.html)"
185.191.171.41 - - [08/Aug/2021:10:56:27 +0000] "GET /hill-station-tour-packages.php HTTP/1.1" 302 241 "-" "Mozilla/5.0 (compatible; SemrushBot/7~bl; +http://www.semrush.com/bot.html)"
185.191.171.40 - - [08/Aug/2021:10:56:29 +0000] "GET /hill-station-tour-packages.php HTTP/1.1" 200 53993 "-" "Mozilla/5.0 (compatible; SemrushBot/7~bl; +http://www.semrush.com/bot.html)"
114.119.155.175 - - [08/Aug/2021:11:04:33 +0000] "GET /tour-package.php?id=23 HTTP/1.1" 200 57946 "-" "Mozilla/5.0 (Linux; Android 7.0;) AppleWebKit/537.36 (KHTML, like Gecko) Mobile Safari/537.36 (compatible; PetalBot;+https://webmaster.petalsearch.com/site/petalbot)"
49.7.20.95 - - [08/Aug/2021:11:11:01 +0000] "GET / HTTP/1.1" 200 78293 "-" "Sogou web spider/4.0(+http://www.sogou.com/docs/help/webmasters.htm#07)"
114.119.158.125 - - [08/Aug/2021:11:16:35 +0000] "GET /Hongkong%E2%80%93Macau%E2%80%93DisneylandTour.html HTTP/1.1" 200 62383 "-" "Mozilla/5.0 (Linux; Android 7.0;) AppleWebKit/537.36 (KHTML, like Gecko) Mobile Safari/537.36 (compatible; PetalBot;+https://webmaster.petalsearch.com/site/petalbot)"
114.119.159.183 - - [08/Aug/2021:11:28:01 +0000] "GET /honeymoon-tour-packages.php HTTP/1.1" 200 53985 "-" "Mozilla/5.0 (Linux; Android 7.0;) AppleWebKit/537.36 (KHTML, like Gecko) Mobile Safari/537.36 (compatible; PetalBot;+https://webmaster.petalsearch.com/site/petalbot)"
106.38.241.120 - - [08/Aug/2021:11:29:11 +0000] "GET / HTTP/1.1" 200 78293 "-" "Sogou web spider/4.0(+http://www.sogou.com/docs/help/webmasters.htm#07)"
49.7.20.92 - - [08/Aug/2021:11:31:03 +0000] "GET / HTTP/1.1" 200 78293 "-" "Sogou web spider/4.0(+http://www.sogou.com/docs/help/webmasters.htm#07)"
49.7.20.98 - - [08/Aug/2021:11:41:51 +0000] "GET / HTTP/1.1" 200 78293 "-" "Sogou web spider/4.0(+http://www.sogou.com/docs/help/webmasters.htm#07)"
103.114.106.38 - - [08/Aug/2021:11:46:55 +0000] "GET / HTTP/1.1" 200 78293 "-" "-"
49.7.20.95 - - [08/Aug/2021:11:50:13 +0000] "GET / HTTP/1.1" 200 78293 "-" "Sogou web spider/4.0(+http://www.sogou.com/docs/help/webmasters.htm#07)"
114.119.151.4 - - [08/Aug/2021:11:51:42 +0000] "GET /ThekkadyKumarkomPackages.html HTTP/1.1" 200 61447 "-" "Mozilla/5.0 (Linux; Android 7.0;) AppleWebKit/537.36 (KHTML, like Gecko) Mobile Safari/537.36 (compatible; PetalBot;+https://webmaster.petalsearch.com/site/petalbot)"
114.119.129.191 - - [08/Aug/2021:12:01:56 +0000] "GET /galleryimg/4125289jammu-kashmir-456.jpeg HTTP/1.1" 200 92196 "-" "Mozilla/5.0 (Linux; Android 7.0;) AppleWebKit/537.36 (KHTML, like Gecko) Mobile Safari/537.36 (compatible; PetalBot;+https://webmaster.petalsearch.com/site/petalbot)"
54.190.4.229 - - [08/Aug/2021:12:09:26 +0000] "GET / HTTP/1.1" 302 211 "-" "Mozilla/5.0 (X11; Linux x86_64) AppleWebKit/537.36 (KHTML, like Gecko) Chrome/83.0.4103.97 Safari/537.36"
54.190.4.229 - - [08/Aug/2021:12:09:29 +0000] "GET / HTTP/1.1" 200 78293 "-" "Mozilla/5.0 (X11; Linux x86_64) AppleWebKit/537.36 (KHTML, like Gecko) Chrome/83.0.4103.97 Safari/537.36"
54.190.184.134 - - [08/Aug/2021:12:11:22 +0000] "GET / HTTP/1.1" 302 211 "-" "Mozilla/5.0 (X11; Linux x86_64) AppleWebKit/537.36 (KHTML, like Gecko) Chrome/83.0.4103.97 Safari/537.36"
106.38.241.120 - - [08/Aug/2021:12:17:55 +0000] "GET / HTTP/1.1" 200 78293 "-" "Sogou web spider/4.0(+http://www.sogou.com/docs/help/webmasters.htm#07)"
114.119.159.183 - - [08/Aug/2021:12:28:05 +0000] "GET /Jammu&KashmirPackages.html HTTP/1.1" 200 56924 "-" "Mozilla/5.0 (Linux; Android 7.0;) AppleWebKit/537.36 (KHTML, like Gecko) Mobile Safari/537.36 (compatible; PetalBot;+https://webmaster.petalsearch.com/site/petalbot)"
49.7.20.95 - - [08/Aug/2021:12:28:07 +0000] "GET / HTTP/1.1" 200 78293 "-" "Sogou web spider/4.0(+http://www.sogou.com/docs/help/webmasters.htm#07)"
49.7.20.92 - - [08/Aug/2021:12:29:34 +0000] "GET / HTTP/1.1" 200 78293 "-" "Sogou web spider/4.0(+http://www.sogou.com/docs/help/webmasters.htm#07)"
49.7.20.98 - - [08/Aug/2021:12:52:15 +0000] "GET / HTTP/1.1" 200 78293 "-" "Sogou web spider/4.0(+http://www.sogou.com/docs/help/webmasters.htm#07)"
66.249.73.51 - - [08/Aug/2021:12:57:06 +0000] "GET /robots.txt HTTP/1.1" 302 225 "-" "Mozilla/5.0 (compatible; Googlebot/2.1; +http://www.google.com/bot.html)"
66.249.73.45 - - [08/Aug/2021:12:57:06 +0000] "GET /robots.txt HTTP/1.1" 404 78307 "-" "Mozilla/5.0 (compatible; Googlebot/2.1; +http://www.google.com/bot.html)"
66.249.73.53 - - [08/Aug/2021:12:57:08 +0000] "GET /pagecontents.php?url=Pyament-Option HTTP/1.1" 302 250 "-" "Mozilla/5.0 (Linux; Android 6.0.1; Nexus 5X Build/MMB29P) AppleWebKit/537.36 (KHTML, like Gecko) Chrome/92.0.4515.119 Mobile Safari/537.36 (compatible; Googlebot/2.1; +http://www.google.com/bot.html)"
66.249.73.41 - - [08/Aug/2021:12:57:08 +0000] "GET /robots.txt HTTP/1.1" 404 78307 "-" "Mozilla/5.0 (compatible; Googlebot/2.1; +http://www.google.com/bot.html)"
66.249.73.41 - - [08/Aug/2021:12:57:09 +0000] "GET /pagecontents.php?url=Pyament-Option HTTP/1.1" 200 50964 "-" "Mozilla/5.0 (Linux; Android 6.0.1; Nexus 5X Build/MMB29P) AppleWebKit/537.36 (KHTML, like Gecko) Chrome/92.0.4515.119 Mobile Safari/537.36 (compatible; Googlebot/2.1; +http://www.google.com/bot.html)"
114.119.134.245 - - [08/Aug/2021:13:00:59 +0000] "GET /GangtokDarjeelingTour.html HTTP/1.1" 200 62827 "-" "Mozilla/5.0 (Linux; Android 7.0;) AppleWebKit/537.36 (KHTML, like Gecko) Mobile Safari/537.36 (compatible; PetalBot;+https://webmaster.petalsearch.com/site/petalbot)"
66.249.73.125 - - [08/Aug/2021:13:03:55 +0000] "GET /robots.txt HTTP/1.1" 301 249 "-" "Mozilla/5.0 (compatible; Googlebot/2.1; +http://www.google.com/bot.html)"
66.249.73.123 - - [08/Aug/2021:13:03:55 +0000] "GET / HTTP/1.1" 200 78293 "-" "Mozilla/5.0 (Linux; Android 6.0.1; Nexus 5X Build/MMB29P) AppleWebKit/537.36 (KHTML, like Gecko) Chrome/92.0.4515.119 Mobile Safari/537.36 (compatible; Googlebot/2.1; +http://www.google.com/bot.html)"
49.7.20.95 - - [08/Aug/2021:13:06:57 +0000] "GET / HTTP/1.1" 200 78293 "-" "Sogou web spider/4.0(+http://www.sogou.com/docs/help/webmasters.htm#07)"
106.38.241.120 - - [08/Aug/2021:13:07:26 +0000] "GET / HTTP/1.1" 200 78293 "-" "Sogou web spider/4.0(+http://www.sogou.com/docs/help/webmasters.htm#07)"
114.119.151.4 - - [08/Aug/2021:13:12:42 +0000] "GET /galleryimg/9661669malaysia-hotels.jpg HTTP/1.1" 200 287692 "-" "Mozilla/5.0 (Linux; Android 7.0;) AppleWebKit/537.36 (KHTML, like Gecko) Mobile Safari/537.36 (compatible; PetalBot;+https://webmaster.petalsearch.com/site/petalbot)"
54.36.148.237 - - [08/Aug/2021:13:21:11 +0000] "GET /robots.txt HTTP/1.1" 404 78307 "-" "Mozilla/5.0 (compatible; AhrefsBot/7.0; +http://ahrefs.com/robot/)"
54.36.148.6 - - [08/Aug/2021:13:21:13 +0000] "GET /tour-package.php?id=21 HTTP/1.1" 200 57872 "-" "Mozilla/5.0 (compatible; AhrefsBot/7.0; +http://ahrefs.com/robot/)"
114.119.152.233 - - [08/Aug/2021:13:23:01 +0000] "GET /galleryimg/7710952nainital%209911461116.jpg HTTP/1.1" 200 15379 "-" "Mozilla/5.0 (Linux; Android 7.0;) AppleWebKit/537.36 (KHTML, like Gecko) Mobile Safari/537.36 (compatible; PetalBot;+https://webmaster.petalsearch.com/site/petalbot)"
49.7.20.92 - - [08/Aug/2021:13:25:31 +0000] "GET / HTTP/1.1" 200 78293 "-" "Sogou web spider/4.0(+http://www.sogou.com/docs/help/webmasters.htm#07)"
168.62.175.183 - - [08/Aug/2021:13:26:25 +0000] "GET / HTTP/1.1" 200 78293 "-" "Mozilla/5.0 (Windows NT 10.0; Win64; x64) AppleWebKit/537.36 (KHTML, like Gecko) Chrome/78.0.3904.108 Safari/537.36"
168.62.175.183 - - [08/Aug/2021:13:26:26 +0000] "GET / HTTP/1.1" 200 78293 "-" "Mozilla/5.0 (Windows NT 10.0; Win64; x64) AppleWebKit/537.36 (KHTML, like Gecko) Chrome/78.0.3904.108 Safari/537.36"
168.62.175.183 - - [08/Aug/2021:13:26:26 +0000] "GET /wp-includes/wlwmanifest.xml HTTP/1.1" 301 266 "-" "Mozilla/5.0 (Windows NT 10.0; Win64; x64) AppleWebKit/537.36 (KHTML, like Gecko) Chrome/78.0.3904.108 Safari/537.36"
168.62.175.183 - - [08/Aug/2021:13:26:26 +0000] "GET /xmlrpc.php?rsd HTTP/1.1" 301 253 "-" "Mozilla/5.0 (Windows NT 10.0; Win64; x64) AppleWebKit/537.36 (KHTML, like Gecko) Chrome/78.0.3904.108 Safari/537.36"
168.62.175.183 - - [08/Aug/2021:13:26:26 +0000] "GET / HTTP/1.1" 200 78293 "-" "Mozilla/5.0 (Windows NT 10.0; Win64; x64) AppleWebKit/537.36 (KHTML, like Gecko) Chrome/78.0.3904.108 Safari/537.36"
168.62.175.183 - - [08/Aug/2021:13:26:27 +0000] "GET /blog/wp-includes/wlwmanifest.xml HTTP/1.1" 301 271 "-" "Mozilla/5.0 (Windows NT 10.0; Win64; x64) AppleWebKit/537.36 (KHTML, like Gecko) Chrome/78.0.3904.108 Safari/537.36"
168.62.175.183 - - [08/Aug/2021:13:26:27 +0000] "GET /web/wp-includes/wlwmanifest.xml HTTP/1.1" 301 270 "-" "Mozilla/5.0 (Windows NT 10.0; Win64; x64) AppleWebKit/537.36 (KHTML, like Gecko) Chrome/78.0.3904.108 Safari/537.36"
168.62.175.183 - - [08/Aug/2021:13:26:27 +0000] "GET /wordpress/wp-includes/wlwmanifest.xml HTTP/1.1" 301 276 "-" "Mozilla/5.0 (Windows NT 10.0; Win64; x64) AppleWebKit/537.36 (KHTML, like Gecko) Chrome/78.0.3904.108 Safari/537.36"
168.62.175.183 - - [08/Aug/2021:13:26:27 +0000] "GET /website/wp-includes/wlwmanifest.xml HTTP/1.1" 301 274 "-" "Mozilla/5.0 (Windows NT 10.0; Win64; x64) AppleWebKit/537.36 (KHTML, like Gecko) Chrome/78.0.3904.108 Safari/537.36"
168.62.175.183 - - [08/Aug/2021:13:26:28 +0000] "GET /wp/wp-includes/wlwmanifest.xml HTTP/1.1" 301 269 "-" "Mozilla/5.0 (Windows NT 10.0; Win64; x64) AppleWebKit/537.36 (KHTML, like Gecko) Chrome/78.0.3904.108 Safari/537.36"
168.62.175.183 - - [08/Aug/2021:13:26:28 +0000] "GET /news/wp-includes/wlwmanifest.xml HTTP/1.1" 301 271 "-" "Mozilla/5.0 (Windows NT 10.0; Win64; x64) AppleWebKit/537.36 (KHTML, like Gecko) Chrome/78.0.3904.108 Safari/537.36"
168.62.175.183 - - [08/Aug/2021:13:26:28 +0000] "GET /2018/wp-includes/wlwmanifest.xml HTTP/1.1" 301 271 "-" "Mozilla/5.0 (Windows NT 10.0; Win64; x64) AppleWebKit/537.36 (KHTML, like Gecko) Chrome/78.0.3904.108 Safari/537.36"
168.62.175.183 - - [08/Aug/2021:13:26:28 +0000] "GET /2019/wp-includes/wlwmanifest.xml HTTP/1.1" 301 271 "-" "Mozilla/5.0 (Windows NT 10.0; Win64; x64) AppleWebKit/537.36 (KHTML, like Gecko) Chrome/78.0.3904.108 Safari/537.36"
168.62.175.183 - - [08/Aug/2021:13:26:29 +0000] "GET /shop/wp-includes/wlwmanifest.xml HTTP/1.1" 301 271 "-" "Mozilla/5.0 (Windows NT 10.0; Win64; x64) AppleWebKit/537.36 (KHTML, like Gecko) Chrome/78.0.3904.108 Safari/537.36"
168.62.175.183 - - [08/Aug/2021:13:26:29 +0000] "GET /wp1/wp-includes/wlwmanifest.xml HTTP/1.1" 301 270 "-" "Mozilla/5.0 (Windows NT 10.0; Win64; x64) AppleWebKit/537.36 (KHTML, like Gecko) Chrome/78.0.3904.108 Safari/537.36"
168.62.175.183 - - [08/Aug/2021:13:26:29 +0000] "GET /test/wp-includes/wlwmanifest.xml HTTP/1.1" 301 271 "-" "Mozilla/5.0 (Windows NT 10.0; Win64; x64) AppleWebKit/537.36 (KHTML, like Gecko) Chrome/78.0.3904.108 Safari/537.36"
168.62.175.183 - - [08/Aug/2021:13:26:29 +0000] "GET /media/wp-includes/wlwmanifest.xml HTTP/1.1" 301 272 "-" "Mozilla/5.0 (Windows NT 10.0; Win64; x64) AppleWebKit/537.36 (KHTML, like Gecko) Chrome/78.0.3904.108 Safari/537.36"
168.62.175.183 - - [08/Aug/2021:13:26:30 +0000] "GET /wp2/wp-includes/wlwmanifest.xml HTTP/1.1" 301 270 "-" "Mozilla/5.0 (Windows NT 10.0; Win64; x64) AppleWebKit/537.36 (KHTML, like Gecko) Chrome/78.0.3904.108 Safari/537.36"
168.62.175.183 - - [08/Aug/2021:13:26:30 +0000] "GET /site/wp-includes/wlwmanifest.xml HTTP/1.1" 301 271 "-" "Mozilla/5.0 (Windows NT 10.0; Win64; x64) AppleWebKit/537.36 (KHTML, like Gecko) Chrome/78.0.3904.108 Safari/537.36"
168.62.175.183 - - [08/Aug/2021:13:26:30 +0000] "GET /cms/wp-includes/wlwmanifest.xml HTTP/1.1" 301 270 "-" "Mozilla/5.0 (Windows NT 10.0; Win64; x64) AppleWebKit/537.36 (KHTML, like Gecko) Chrome/78.0.3904.108 Safari/537.36"
168.62.175.183 - - [08/Aug/2021:13:26:30 +0000] "GET /sito/wp-includes/wlwmanifest.xml HTTP/1.1" 301 271 "-" "Mozilla/5.0 (Windows NT 10.0; Win64; x64) AppleWebKit/537.36 (KHTML, like Gecko) Chrome/78.0.3904.108 Safari/537.36"
66.249.64.149 - - [08/Aug/2021:13:32:15 +0000] "GET /galleryimg/833889 HTTP/1.1" 404 78314 "-" "Googlebot-Image/1.0"
103.111.33.131 - - [08/Aug/2021:13:33:59 +0000] "GET /tour-package.php?id=14 HTTP/1.1" 200 58793 "-" "Mozilla/5.0 (Windows NT 10.0; Win64; x64) AppleWebKit/537.36 (KHTML, like Gecko) Chrome/92.0.4515.115 Safari/537.36"
103.111.33.131 - - [08/Aug/2021:13:34:00 +0000] "GET /css/owl.carousel.css HTTP/1.1" 200 7603 "http://www.indiatravelkart.com/tour-package.php?id=14" "Mozilla/5.0 (Windows NT 10.0; Win64; x64) AppleWebKit/537.36 (KHTML, like Gecko) Chrome/92.0.4515.115 Safari/537.36"
103.111.33.131 - - [08/Aug/2021:13:34:01 +0000] "GET /css/animate.css HTTP/1.1" 200 70824 "http://www.indiatravelkart.com/tour-package.php?id=14" "Mozilla/5.0 (Windows NT 10.0; Win64; x64) AppleWebKit/537.36 (KHTML, like Gecko) Chrome/92.0.4515.115 Safari/537.36"
103.111.33.131 - - [08/Aug/2021:13:34:00 +0000] "GET /css/bootstrap.min.css HTTP/1.1" 200 138183 "http://www.indiatravelkart.com/tour-package.php?id=14" "Mozilla/5.0 (Windows NT 10.0; Win64; x64) AppleWebKit/537.36 (KHTML, like Gecko) Chrome/92.0.4515.115 Safari/537.36"
103.111.33.131 - - [08/Aug/2021:13:34:01 +0000] "GET /css/jquery-ui.css HTTP/1.1" 200 35228 "http://www.indiatravelkart.com/tour-package.php?id=14" "Mozilla/5.0 (Windows NT 10.0; Win64; x64) AppleWebKit/537.36 (KHTML, like Gecko) Chrome/92.0.4515.115 Safari/537.36"
103.111.33.131 - - [08/Aug/2021:13:34:01 +0000] "GET /css/font-awesome.min.css HTTP/1.1" 200 27490 "http://www.indiatravelkart.com/tour-package.php?id=14" "Mozilla/5.0 (Windows NT 10.0; Win64; x64) AppleWebKit/537.36 (KHTML, like Gecko) Chrome/92.0.4515.115 Safari/537.36"
103.111.33.131 - - [08/Aug/2021:13:34:01 +0000] "GET /css/meanmenu.min.css HTTP/1.1" 200 2732 "http://www.indiatravelkart.com/tour-package.php?id=14" "Mozilla/5.0 (Windows NT 10.0; Win64; x64) AppleWebKit/537.36 (KHTML, like Gecko) Chrome/92.0.4515.115 Safari/537.36"
103.111.33.131 - - [08/Aug/2021:13:34:01 +0000] "GET /lib/nivo-slider/css/nivo-slider.css HTTP/1.1" 200 8098 "http://www.indiatravelkart.com/tour-package.php?id=14" "Mozilla/5.0 (Windows NT 10.0; Win64; x64) AppleWebKit/537.36 (KHTML, like Gecko) Chrome/92.0.4515.115 Safari/537.36"
103.111.33.131 - - [08/Aug/2021:13:34:01 +0000] "GET /lib/nivo-slider/css/preview.css HTTP/1.1" 200 5624 "http://www.indiatravelkart.com/tour-package.php?id=14" "Mozilla/5.0 (Windows NT 10.0; Win64; x64) AppleWebKit/537.36 (KHTML, like Gecko) Chrome/92.0.4515.115 Safari/537.36"
103.111.33.131 - - [08/Aug/2021:13:34:01 +0000] "GET /css/responsive.css HTTP/1.1" 200 27655 "http://www.indiatravelkart.com/tour-package.php?id=14" "Mozilla/5.0 (Windows NT 10.0; Win64; x64) AppleWebKit/537.36 (KHTML, like Gecko) Chrome/92.0.4515.115 Safari/537.36"
103.111.33.131 - - [08/Aug/2021:13:34:01 +0000] "GET /style.css HTTP/1.1" 200 115813 "http://www.indiatravelkart.com/tour-package.php?id=14" "Mozilla/5.0 (Windows NT 10.0; Win64; x64) AppleWebKit/537.36 (KHTML, like Gecko) Chrome/92.0.4515.115 Safari/537.36"
103.111.33.131 - - [08/Aug/2021:13:34:02 +0000] "GET /js/vendor/modernizr-2.8.3.min.js HTTP/1.1" 200 15514 "http://www.indiatravelkart.com/tour-package.php?id=14" "Mozilla/5.0 (Windows NT 10.0; Win64; x64) AppleWebKit/537.36 (KHTML, like Gecko) Chrome/92.0.4515.115 Safari/537.36"
103.111.33.131 - - [08/Aug/2021:13:34:05 +0000] "GET /tour-package.php?id=14 HTTP/1.1" 200 58793 "-" "Mozilla/5.0 (Windows NT 10.0; Win64; x64) AppleWebKit/537.36 (KHTML, like Gecko) Chrome/92.0.4515.115 Safari/537.36"
103.111.33.131 - - [08/Aug/2021:13:34:07 +0000] "GET /js/vendor/jquery-1.11.3.min.js HTTP/1.1" 200 95992 "http://www.indiatravelkart.com/tour-package.php?id=14" "Mozilla/5.0 (Windows NT 10.0; Win64; x64) AppleWebKit/537.36 (KHTML, like Gecko) Chrome/92.0.4515.115 Safari/537.36"
103.111.33.131 - - [08/Aug/2021:13:34:08 +0000] "GET /lib/nivo-slider/js/jquery.nivo.slider.js HTTP/1.1" 200 29113 "http://www.indiatravelkart.com/tour-package.php?id=14" "Mozilla/5.0 (Windows NT 10.0; Win64; x64) AppleWebKit/537.36 (KHTML, like Gecko) Chrome/92.0.4515.115 Safari/537.36"
103.111.33.131 - - [08/Aug/2021:13:34:08 +0000] "GET /js/bootstrap.min.js HTTP/1.1" 200 36868 "http://www.indiatravelkart.com/tour-package.php?id=14" "Mozilla/5.0 (Windows NT 10.0; Win64; x64) AppleWebKit/537.36 (KHTML, like Gecko) Chrome/92.0.4515.115 Safari/537.36"
103.111.33.131 - - [08/Aug/2021:13:34:09 +0000] "GET /lib/nivo-slider/home.js HTTP/1.1" 200 724 "http://www.indiatravelkart.com/tour-package.php?id=14" "Mozilla/5.0 (Windows NT 10.0; Win64; x64) AppleWebKit/537.36 (KHTML, like Gecko) Chrome/92.0.4515.115 Safari/537.36"
103.111.33.131 - - [08/Aug/2021:13:34:09 +0000] "GET /js/wow.min.js HTTP/1.1" 200 8426 "http://www.indiatravelkart.com/tour-package.php?id=14" "Mozilla/5.0 (Windows NT 10.0; Win64; x64) AppleWebKit/537.36 (KHTML, like Gecko) Chrome/92.0.4515.115 Safari/537.36"
103.111.33.131 - - [08/Aug/2021:13:34:09 +0000] "GET /js/jquery-price-slider.js HTTP/1.1" 200 24017 "http://www.indiatravelkart.com/tour-package.php?id=14" "Mozilla/5.0 (Windows NT 10.0; Win64; x64) AppleWebKit/537.36 (KHTML, like Gecko) Chrome/92.0.4515.115 Safari/537.36"
103.111.33.131 - - [08/Aug/2021:13:34:10 +0000] "GET /js/jquery.meanmenu.js HTTP/1.1" 200 11467 "http://www.indiatravelkart.com/tour-package.php?id=14" "Mozilla/5.0 (Windows NT 10.0; Win64; x64) AppleWebKit/537.36 (KHTML, like Gecko) Chrome/92.0.4515.115 Safari/537.36"
103.111.33.131 - - [08/Aug/2021:13:34:10 +0000] "GET /js/owl.carousel.min.js HTTP/1.1" 200 23890 "http://www.indiatravelkart.com/tour-package.php?id=14" "Mozilla/5.0 (Windows NT 10.0; Win64; x64) AppleWebKit/537.36 (KHTML, like Gecko) Chrome/92.0.4515.115 Safari/537.36"
