66.249.66.57 - - [04/Aug/2021:04:30:39 +0000] "GET /NainitalTour.html HTTP/1.1" 200 58923 "-" "Mozilla/5.0 (Linux; Android 6.0.1; Nexus 5X Build/MMB29P) AppleWebKit/537.36 (KHTML, like Gecko) Chrome/92.0.4515.119 Mobile Safari/537.36 (compatible; Googlebot/2.1; +http://www.google.com/bot.html)"
66.249.66.55 - - [04/Aug/2021:04:30:43 +0000] "GET /js/jquery-price-slider.js HTTP/1.1" 200 24017 "http://www.indiatravelkart.com/NainitalTour.html" "Mozilla/5.0 (Linux; Android 6.0.1; Nexus 5X Build/MMB29P) AppleWebKit/537.36 (KHTML, like Gecko) Chrome/91.0.4472.90 Mobile Safari/537.36 (compatible; Googlebot/2.1; +http://www.google.com/bot.html)"
106.38.241.120 - - [04/Aug/2021:04:31:32 +0000] "GET / HTTP/1.1" 200 78293 "-" "Sogou web spider/4.0(+http://www.sogou.com/docs/help/webmasters.htm#07)"
185.191.171.13 - - [04/Aug/2021:04:37:14 +0000] "GET /pagecontents.php?url=Privacy-Policy HTTP/1.1" 200 51008 "-" "Mozilla/5.0 (compatible; SemrushBot/7~bl; +http://www.semrush.com/bot.html)"
185.191.171.33 - - [04/Aug/2021:04:39:03 +0000] "GET /robots.txt HTTP/1.1" 404 78307 "-" "Mozilla/5.0 (compatible; SemrushBot/7~bl; +http://www.semrush.com/bot.html)"
185.191.171.12 - - [04/Aug/2021:04:39:04 +0000] "GET /tour-package.php?id=19 HTTP/1.1" 200 65720 "-" "Mozilla/5.0 (compatible; SemrushBot/7~bl; +http://www.semrush.com/bot.html)"
185.191.171.41 - - [04/Aug/2021:04:47:22 +0000] "GET /tour-package.php?id=13 HTTP/1.1" 200 64719 "-" "Mozilla/5.0 (compatible; SemrushBot/7~bl; +http://www.semrush.com/bot.html)"
216.244.66.236 - - [04/Aug/2021:04:51:57 +0000] "GET /robots.txt HTTP/1.1" 404 78307 "-" "Mozilla/5.0 (compatible; DotBot/1.2; +https://opensiteexplorer.org/dotbot; help@moz.com)"
114.119.159.39 - - [04/Aug/2021:04:54:10 +0000] "GET /robots.txt HTTP/1.1" 301 249 "-" "Mozilla/5.0 (compatible;PetalBot;+https://webmaster.petalsearch.com/site/petalbot)"
114.119.159.39 - - [04/Aug/2021:04:54:11 +0000] "GET /robots.txt HTTP/1.1" 404 78307 "-" "Mozilla/5.0 (compatible;PetalBot;+https://webmaster.petalsearch.com/site/petalbot)"
216.244.66.236 - - [04/Aug/2021:05:00:05 +0000] "GET /dharamshala-dalhoussie-car-tourpackage.html HTTP/1.1" 200 59193 "-" "Mozilla/5.0 (compatible; DotBot/1.2; +https://opensiteexplorer.org/dotbot; help@moz.com)"
216.244.66.236 - - [04/Aug/2021:05:00:11 +0000] "GET /index.php HTTP/1.1" 301 239 "-" "Mozilla/5.0 (compatible; DotBot/1.2; +https://opensiteexplorer.org/dotbot; help@moz.com)"
106.38.241.120 - - [04/Aug/2021:05:09:05 +0000] "GET / HTTP/1.1" 200 78293 "-" "Sogou web spider/4.0(+http://www.sogou.com/docs/help/webmasters.htm#07)"
185.191.171.41 - - [04/Aug/2021:05:16:52 +0000] "GET /tour-package.php?id=19 HTTP/1.1" 200 65720 "-" "Mozilla/5.0 (compatible; SemrushBot/7~bl; +http://www.semrush.com/bot.html)"
5.188.48.58 - - [04/Aug/2021:05:19:55 +0000] "GET /ManaliCarTourPackage.html HTTP/1.0" 302 236 "https://indiatravelkart.com/ManaliCarTourPackage.html" "Mozilla/5.0 (Windows NT 10.0; Win64; x64) AppleWebKit/537.36 (KHTML, like Gecko) Chrome/83.0.4103.61 Safari/537.36 Edg/83.0.478.37"
5.188.48.58 - - [04/Aug/2021:05:19:56 +0000] "GET /ManaliCarTourPackage.html HTTP/1.0" 301 264 "http://indiatravelkart.com/ManaliCarTourPackage.html" "Mozilla/5.0 (Windows NT 10.0; Win64; x64) AppleWebKit/537.36 (KHTML, like Gecko) Chrome/83.0.4103.61 Safari/537.36 Edg/83.0.478.37"
5.188.48.58 - - [04/Aug/2021:05:19:56 +0000] "GET /ManaliCarTourPackage.html HTTP/1.0" 200 58008 "http://www.indiatravelkart.com/ManaliCarTourPackage.html" "Mozilla/5.0 (Windows NT 10.0; Win64; x64) AppleWebKit/537.36 (KHTML, like Gecko) Chrome/83.0.4103.61 Safari/537.36 Edg/83.0.478.37"
5.188.48.58 - - [04/Aug/2021:05:19:57 +0000] "POST /submit-enquiry.php HTTP/1.0" 200 22 "http://www.indiatravelkart.com/ManaliCarTourPackage.html" "Mozilla/5.0 (Windows NT 10.0; Win64; x64) AppleWebKit/537.36 (KHTML, like Gecko) Chrome/83.0.4103.61 Safari/537.36 Edg/83.0.478.37"
114.119.152.233 - - [04/Aug/2021:05:35:06 +0000] "GET /robots.txt HTTP/1.1" 302 221 "-" "Mozilla/5.0 (compatible;PetalBot;+https://webmaster.petalsearch.com/site/petalbot)"
114.119.152.233 - - [04/Aug/2021:05:35:07 +0000] "GET /robots.txt HTTP/1.1" 301 249 "-" "Mozilla/5.0 (compatible;PetalBot;+https://webmaster.petalsearch.com/site/petalbot)"
114.119.152.233 - - [04/Aug/2021:05:35:07 +0000] "GET /robots.txt HTTP/1.1" 404 78307 "-" "Mozilla/5.0 (compatible;PetalBot;+https://webmaster.petalsearch.com/site/petalbot)"
216.244.66.236 - - [04/Aug/2021:05:45:07 +0000] "GET /robots.txt HTTP/1.1" 404 78307 "-" "Mozilla/5.0 (compatible; DotBot/1.2; +https://opensiteexplorer.org/dotbot; help@moz.com)"
31.13.103.112 - - [04/Aug/2021:05:47:53 +0000] "GET / HTTP/1.1" 200 78293 "-" "facebookexternalhit/1.1 (+http://www.facebook.com/externalhit_uatext.php)"
216.244.66.236 - - [04/Aug/2021:05:53:02 +0000] "GET /SrilankaTourPackage.html HTTP/1.1" 200 63994 "-" "Mozilla/5.0 (compatible; DotBot/1.2; +https://opensiteexplorer.org/dotbot; help@moz.com)"
216.244.66.236 - - [04/Aug/2021:05:53:08 +0000] "GET /laddakhwithmoonvalleytour.html HTTP/1.1" 200 60538 "-" "Mozilla/5.0 (compatible; DotBot/1.2; +https://opensiteexplorer.org/dotbot; help@moz.com)"
216.244.66.236 - - [04/Aug/2021:06:11:54 +0000] "GET /3-countries-magic-tour/tour-package.php?id=13 HTTP/1.1" 404 78342 "-" "Mozilla/5.0 (compatible; DotBot/1.2; +https://opensiteexplorer.org/dotbot; help@moz.com)"
106.38.241.120 - - [04/Aug/2021:06:15:26 +0000] "GET / HTTP/1.1" 200 78293 "-" "Sogou web spider/4.0(+http://www.sogou.com/docs/help/webmasters.htm#07)"
185.191.171.40 - - [04/Aug/2021:06:17:41 +0000] "GET /robots.txt HTTP/1.1" 404 78307 "-" "Mozilla/5.0 (compatible; SemrushBot/7~bl; +http://www.semrush.com/bot.html)"
185.191.171.23 - - [04/Aug/2021:06:17:42 +0000] "GET /contact.php HTTP/1.1" 200 57552 "-" "Mozilla/5.0 (compatible; SemrushBot/7~bl; +http://www.semrush.com/bot.html)"
114.119.155.175 - - [04/Aug/2021:06:28:19 +0000] "GET /galleryimg/833889 HTTP/1.1" 404 78314 "-" "Mozilla/5.0 (Linux; Android 7.0;) AppleWebKit/537.36 (KHTML, like Gecko) Mobile Safari/537.36 (compatible; PetalBot;+https://webmaster.petalsearch.com/site/petalbot)"
34.79.179.222 - - [04/Aug/2021:06:36:12 +0000] "HEAD / HTTP/1.1" 200 - "-" "Apache-HttpClient/4.5.5 (Java/11.0.9)"
216.244.66.236 - - [04/Aug/2021:06:37:34 +0000] "GET /robots.txt HTTP/1.1" 404 78307 "-" "Mozilla/5.0 (compatible; DotBot/1.2; +https://opensiteexplorer.org/dotbot; help@moz.com)"
106.38.241.122 - - [04/Aug/2021:06:39:01 +0000] "GET / HTTP/1.1" 200 78293 "-" "Sogou web spider/4.0(+http://www.sogou.com/docs/help/webmasters.htm#07)"
131.220.6.152 - - [04/Aug/2021:06:42:55 +0000] "GET / HTTP/1.1" 302 211 "-" "Mozilla/5.0 (X11; Linux x86_64) AppleWebKit/537.36 (KHTML, like Gecko) Chrome/79.0.3945.79 Safari/537.36"
131.220.6.152 - - [04/Aug/2021:06:42:56 +0000] "GET / HTTP/1.1" 200 78293 "-" "Mozilla/5.0 (X11; Linux x86_64) AppleWebKit/537.36 (KHTML, like Gecko) Chrome/79.0.3945.79 Safari/537.36"
216.244.66.236 - - [04/Aug/2021:06:44:57 +0000] "GET /tour-package.php?id=19 HTTP/1.1" 200 65720 "-" "Mozilla/5.0 (compatible; DotBot/1.2; +https://opensiteexplorer.org/dotbot; help@moz.com)"
216.244.66.236 - - [04/Aug/2021:06:45:02 +0000] "GET /tour-package.php?id=22 HTTP/1.1" 200 58102 "-" "Mozilla/5.0 (compatible; DotBot/1.2; +https://opensiteexplorer.org/dotbot; help@moz.com)"
185.191.171.38 - - [04/Aug/2021:06:47:19 +0000] "GET /robots.txt HTTP/1.1" 301 249 "-" "Mozilla/5.0 (compatible; SemrushBot/7~bl; +http://www.semrush.com/bot.html)"
185.191.171.3 - - [04/Aug/2021:06:47:20 +0000] "GET /robots.txt HTTP/1.1" 404 78307 "-" "Mozilla/5.0 (compatible; SemrushBot/7~bl; +http://www.semrush.com/bot.html)"
185.191.171.40 - - [04/Aug/2021:06:47:21 +0000] "GET /tour-package.php?id=25 HTTP/1.1" 200 58055 "-" "Mozilla/5.0 (compatible; SemrushBot/7~bl; +http://www.semrush.com/bot.html)"
106.38.241.122 - - [04/Aug/2021:06:51:02 +0000] "GET / HTTP/1.1" 200 78293 "-" "Sogou web spider/4.0(+http://www.sogou.com/docs/help/webmasters.htm#07)"
106.38.241.122 - - [04/Aug/2021:07:04:50 +0000] "GET / HTTP/1.1" 200 78293 "-" "Sogou web spider/4.0(+http://www.sogou.com/docs/help/webmasters.htm#07)"
66.249.66.74 - - [04/Aug/2021:07:05:28 +0000] "GET /cruise-tour-packages.php HTTP/1.1" 302 235 "-" "Mozilla/5.0 (Linux; Android 6.0.1; Nexus 5X Build/MMB29P) AppleWebKit/537.36 (KHTML, like Gecko) Chrome/92.0.4515.119 Mobile Safari/537.36 (compatible; Googlebot/2.1; +http://www.google.com/bot.html)"
66.249.66.65 - - [04/Aug/2021:07:05:29 +0000] "GET /robots.txt HTTP/1.1" 301 249 "-" "Mozilla/5.0 (compatible; Googlebot/2.1; +http://www.google.com/bot.html)"
66.249.66.59 - - [04/Aug/2021:07:05:30 +0000] "GET /robots.txt HTTP/1.1" 404 78307 "-" "Mozilla/5.0 (compatible; Googlebot/2.1; +http://www.google.com/bot.html)"
66.249.66.95 - - [04/Aug/2021:07:05:31 +0000] "GET /cruise-tour-packages.php HTTP/1.1" 200 54000 "-" "Mozilla/5.0 (Linux; Android 6.0.1; Nexus 5X Build/MMB29P) AppleWebKit/537.36 (KHTML, like Gecko) Chrome/92.0.4515.119 Mobile Safari/537.36 (compatible; Googlebot/2.1; +http://www.google.com/bot.html)"
74.125.209.58 - - [04/Aug/2021:07:08:11 +0000] "GET /wp-content/themes/twentyfifteen-child/images/itk_logo.png HTTP/1.1" 301 296 "-" "Mozilla/5.0 (Windows NT 5.1; rv:11.0) Gecko Firefox/11.0 (via ggpht.com GoogleImageProxy)"
74.125.209.27 - - [04/Aug/2021:07:08:12 +0000] "GET /wp-content/themes/twentyfifteen-child/images/itk_logo.png HTTP/1.1" 404 78354 "-" "Mozilla/5.0 (Windows NT 5.1; rv:11.0) Gecko Firefox/11.0 (via ggpht.com GoogleImageProxy)"
74.125.209.58 - - [04/Aug/2021:07:08:13 +0000] "GET /wp-content/themes/twentyfifteen-child/images/itk_logo.png HTTP/1.1" 301 296 "-" "Mozilla/5.0 (Windows NT 5.1; rv:11.0) Gecko Firefox/11.0 (via ggpht.com GoogleImageProxy)"
74.125.209.25 - - [04/Aug/2021:07:08:13 +0000] "GET /wp-content/themes/twentyfifteen-child/images/itk_logo.png HTTP/1.1" 404 78354 "-" "Mozilla/5.0 (Windows NT 5.1; rv:11.0) Gecko Firefox/11.0 (via ggpht.com GoogleImageProxy)"
74.125.209.58 - - [04/Aug/2021:07:08:18 +0000] "GET /wp-content/themes/twentyfifteen-child/images/itk_logo.png HTTP/1.1" 301 296 "-" "Mozilla/5.0 (Windows NT 5.1; rv:11.0) Gecko Firefox/11.0 (via ggpht.com GoogleImageProxy)"
74.125.209.27 - - [04/Aug/2021:07:08:19 +0000] "GET /wp-content/themes/twentyfifteen-child/images/itk_logo.png HTTP/1.1" 404 78354 "-" "Mozilla/5.0 (Windows NT 5.1; rv:11.0) Gecko Firefox/11.0 (via ggpht.com GoogleImageProxy)"
74.125.209.58 - - [04/Aug/2021:07:08:20 +0000] "GET /wp-content/themes/twentyfifteen-child/images/itk_logo.png HTTP/1.1" 301 296 "-" "Mozilla/5.0 (Windows NT 5.1; rv:11.0) Gecko Firefox/11.0 (via ggpht.com GoogleImageProxy)"
74.125.209.23 - - [04/Aug/2021:07:08:20 +0000] "GET /wp-content/themes/twentyfifteen-child/images/itk_logo.png HTTP/1.1" 404 78354 "-" "Mozilla/5.0 (Windows NT 5.1; rv:11.0) Gecko Firefox/11.0 (via ggpht.com GoogleImageProxy)"
74.125.209.60 - - [04/Aug/2021:07:08:21 +0000] "GET /wp-content/themes/twentyfifteen-child/images/itk_logo.png HTTP/1.1" 301 296 "-" "Mozilla/5.0 (Windows NT 5.1; rv:11.0) Gecko Firefox/11.0 (via ggpht.com GoogleImageProxy)"
74.125.209.25 - - [04/Aug/2021:07:08:22 +0000] "GET /wp-content/themes/twentyfifteen-child/images/itk_logo.png HTTP/1.1" 404 78354 "-" "Mozilla/5.0 (Windows NT 5.1; rv:11.0) Gecko Firefox/11.0 (via ggpht.com GoogleImageProxy)"
74.125.209.62 - - [04/Aug/2021:07:08:58 +0000] "GET /wp-content/themes/twentyfifteen-child/images/itk_logo.png HTTP/1.1" 301 296 "-" "Mozilla/5.0 (Windows NT 5.1; rv:11.0) Gecko Firefox/11.0 (via ggpht.com GoogleImageProxy)"
74.125.209.27 - - [04/Aug/2021:07:08:59 +0000] "GET /wp-content/themes/twentyfifteen-child/images/itk_logo.png HTTP/1.1" 404 78354 "-" "Mozilla/5.0 (Windows NT 5.1; rv:11.0) Gecko Firefox/11.0 (via ggpht.com GoogleImageProxy)"
74.125.209.60 - - [04/Aug/2021:07:09:00 +0000] "GET /wp-content/themes/twentyfifteen-child/images/itk_logo.png HTTP/1.1" 301 296 "-" "Mozilla/5.0 (Windows NT 5.1; rv:11.0) Gecko Firefox/11.0 (via ggpht.com GoogleImageProxy)"
74.125.209.25 - - [04/Aug/2021:07:09:01 +0000] "GET /wp-content/themes/twentyfifteen-child/images/itk_logo.png HTTP/1.1" 404 78354 "-" "Mozilla/5.0 (Windows NT 5.1; rv:11.0) Gecko Firefox/11.0 (via ggpht.com GoogleImageProxy)"
74.125.209.60 - - [04/Aug/2021:07:09:33 +0000] "GET /wp-content/themes/twentyfifteen-child/images/itk_logo.png HTTP/1.1" 301 296 "-" "Mozilla/5.0 (Windows NT 5.1; rv:11.0) Gecko Firefox/11.0 (via ggpht.com GoogleImageProxy)"
74.125.209.27 - - [04/Aug/2021:07:09:34 +0000] "GET /wp-content/themes/twentyfifteen-child/images/itk_logo.png HTTP/1.1" 404 78354 "-" "Mozilla/5.0 (Windows NT 5.1; rv:11.0) Gecko Firefox/11.0 (via ggpht.com GoogleImageProxy)"
114.119.134.245 - - [04/Aug/2021:07:13:05 +0000] "GET /galleryimg/5869007images%20%283%29.jpg HTTP/1.1" 200 10285 "-" "Mozilla/5.0 (Linux; Android 7.0;) AppleWebKit/537.36 (KHTML, like Gecko) Mobile Safari/537.36 (compatible; PetalBot;+https://webmaster.petalsearch.com/site/petalbot)"
106.38.241.122 - - [04/Aug/2021:07:17:04 +0000] "GET / HTTP/1.1" 200 78293 "-" "Sogou web spider/4.0(+http://www.sogou.com/docs/help/webmasters.htm#07)"
106.38.241.122 - - [04/Aug/2021:07:29:58 +0000] "GET / HTTP/1.1" 200 78293 "-" "Sogou web spider/4.0(+http://www.sogou.com/docs/help/webmasters.htm#07)"
114.119.134.245 - - [04/Aug/2021:07:31:45 +0000] "GET /galleryimg/1168183ladakh.jpg HTTP/1.1" 200 10247 "-" "Mozilla/5.0 (Linux; Android 7.0;) AppleWebKit/537.36 (KHTML, like Gecko) Mobile Safari/537.36 (compatible; PetalBot;+https://webmaster.petalsearch.com/site/petalbot)"
106.38.241.122 - - [04/Aug/2021:07:43:07 +0000] "GET / HTTP/1.1" 200 78293 "-" "Sogou web spider/4.0(+http://www.sogou.com/docs/help/webmasters.htm#07)"
106.38.241.133 - - [04/Aug/2021:07:48:19 +0000] "GET / HTTP/1.1" 200 78293 "-" "Sogou web spider/4.0(+http://www.sogou.com/docs/help/webmasters.htm#07)"
106.38.241.120 - - [04/Aug/2021:08:01:57 +0000] "GET / HTTP/1.1" 200 78293 "-" "Sogou web spider/4.0(+http://www.sogou.com/docs/help/webmasters.htm#07)"
106.38.241.122 - - [04/Aug/2021:08:04:46 +0000] "GET / HTTP/1.1" 200 78293 "-" "Sogou web spider/4.0(+http://www.sogou.com/docs/help/webmasters.htm#07)"
106.38.241.133 - - [04/Aug/2021:08:06:27 +0000] "GET / HTTP/1.1" 200 78293 "-" "Sogou web spider/4.0(+http://www.sogou.com/docs/help/webmasters.htm#07)"
216.244.66.236 - - [04/Aug/2021:08:17:19 +0000] "GET /robots.txt HTTP/1.1" 404 78307 "-" "Mozilla/5.0 (compatible; DotBot/1.2; +https://opensiteexplorer.org/dotbot; help@moz.com)"
106.38.241.133 - - [04/Aug/2021:08:23:00 +0000] "GET / HTTP/1.1" 200 78293 "-" "Sogou web spider/4.0(+http://www.sogou.com/docs/help/webmasters.htm#07)"
106.38.241.122 - - [04/Aug/2021:08:27:42 +0000] "GET / HTTP/1.1" 200 78293 "-" "Sogou web spider/4.0(+http://www.sogou.com/docs/help/webmasters.htm#07)"
216.244.66.236 - - [04/Aug/2021:08:28:10 +0000] "GET /ChardhamYatra.html HTTP/1.1" 200 60426 "-" "Mozilla/5.0 (compatible; DotBot/1.2; +https://opensiteexplorer.org/dotbot; help@moz.com)"
106.38.241.133 - - [04/Aug/2021:08:38:42 +0000] "GET / HTTP/1.1" 200 78293 "-" "Sogou web spider/4.0(+http://www.sogou.com/docs/help/webmasters.htm#07)"
216.244.66.236 - - [04/Aug/2021:08:40:18 +0000] "GET /3-countries-magic-tour/tour-package.php?id=1 HTTP/1.1" 404 78341 "-" "Mozilla/5.0 (compatible; DotBot/1.2; +https://opensiteexplorer.org/dotbot; help@moz.com)"
35.196.98.180 - - [04/Aug/2021:08:42:50 +0000] "GET /robots.txt HTTP/1.0" 404 78307 "-" "ZoominfoBot (zoominfobot at zoominfo dot com)"
35.196.98.180 - - [04/Aug/2021:08:42:52 +0000] "GET / HTTP/1.0" 200 78297 "-" "ZoominfoBot (zoominfobot at zoominfo dot com)"
35.196.98.180 - - [04/Aug/2021:08:43:05 +0000] "GET /robots.txt HTTP/1.0" 301 249 "-" "ZoominfoBot (zoominfobot at zoominfo dot com)"
35.196.98.180 - - [04/Aug/2021:08:43:05 +0000] "GET /robots.txt HTTP/1.1" 404 78307 "-" "ZoominfoBot (zoominfobot at zoominfo dot com)"
35.196.98.180 - - [04/Aug/2021:08:43:07 +0000] "GET / HTTP/1.0" 200 78293 "-" "ZoominfoBot (zoominfobot at zoominfo dot com)"
106.38.241.122 - - [04/Aug/2021:08:56:11 +0000] "GET / HTTP/1.1" 200 78293 "-" "Sogou web spider/4.0(+http://www.sogou.com/docs/help/webmasters.htm#07)"
106.38.241.133 - - [04/Aug/2021:08:57:28 +0000] "GET / HTTP/1.1" 200 78293 "-" "Sogou web spider/4.0(+http://www.sogou.com/docs/help/webmasters.htm#07)"
106.38.241.133 - - [04/Aug/2021:09:14:53 +0000] "GET / HTTP/1.1" 200 78293 "-" "Sogou web spider/4.0(+http://www.sogou.com/docs/help/webmasters.htm#07)"
106.38.241.133 - - [04/Aug/2021:09:31:09 +0000] "GET / HTTP/1.1" 200 78293 "-" "Sogou web spider/4.0(+http://www.sogou.com/docs/help/webmasters.htm#07)"
106.38.241.122 - - [04/Aug/2021:09:31:14 +0000] "GET / HTTP/1.1" 200 78293 "-" "Sogou web spider/4.0(+http://www.sogou.com/docs/help/webmasters.htm#07)"
106.38.241.120 - - [04/Aug/2021:09:40:45 +0000] "GET / HTTP/1.1" 200 78293 "-" "Sogou web spider/4.0(+http://www.sogou.com/docs/help/webmasters.htm#07)"
106.38.241.133 - - [04/Aug/2021:09:50:19 +0000] "GET / HTTP/1.1" 200 78293 "-" "Sogou web spider/4.0(+http://www.sogou.com/docs/help/webmasters.htm#07)"
114.119.156.152 - - [04/Aug/2021:09:54:56 +0000] "GET /Hongkong%E2%80%93Macau%E2%80%93Shenzhen%E2%80%93DisneylandTour.html HTTP/1.1" 302 278 "-" "Mozilla/5.0 (Linux; Android 7.0;) AppleWebKit/537.36 (KHTML, like Gecko) Mobile Safari/537.36 (compatible; PetalBot;+https://webmaster.petalsearch.com/site/petalbot)"
114.119.156.152 - - [04/Aug/2021:09:54:56 +0000] "GET /Hongkong%e2%80%93Macau%e2%80%93Shenzhen%e2%80%93DisneylandTour.html HTTP/1.1" 301 306 "-" "Mozilla/5.0 (Linux; Android 7.0;) AppleWebKit/537.36 (KHTML, like Gecko) Mobile Safari/537.36 (compatible; PetalBot;+https://webmaster.petalsearch.com/site/petalbot)"
114.119.156.152 - - [04/Aug/2021:09:54:57 +0000] "GET /Hongkong%e2%80%93Macau%e2%80%93Shenzhen%e2%80%93DisneylandTour.html HTTP/1.1" 200 66098 "-" "Mozilla/5.0 (Linux; Android 7.0;) AppleWebKit/537.36 (KHTML, like Gecko) Mobile Safari/537.36 (compatible; PetalBot;+https://webmaster.petalsearch.com/site/petalbot)"
216.244.66.236 - - [04/Aug/2021:09:58:58 +0000] "GET /robots.txt HTTP/1.1" 404 78307 "-" "Mozilla/5.0 (compatible; DotBot/1.2; +https://opensiteexplorer.org/dotbot; help@moz.com)"
216.244.66.236 - - [04/Aug/2021:10:06:02 +0000] "GET /ThailandTourPackage.html HTTP/1.1" 200 59959 "-" "Mozilla/5.0 (compatible; DotBot/1.2; +https://opensiteexplorer.org/dotbot; help@moz.com)"
106.38.241.122 - - [04/Aug/2021:10:08:31 +0000] "GET / HTTP/1.1" 200 78293 "-" "Sogou web spider/4.0(+http://www.sogou.com/docs/help/webmasters.htm#07)"
106.38.241.133 - - [04/Aug/2021:10:11:54 +0000] "GET / HTTP/1.1" 200 78293 "-" "Sogou web spider/4.0(+http://www.sogou.com/docs/help/webmasters.htm#07)"
185.191.171.39 - - [04/Aug/2021:10:16:06 +0000] "GET /robots.txt HTTP/1.1" 301 249 "-" "Mozilla/5.0 (compatible; SemrushBot/7~bl; +http://www.semrush.com/bot.html)"
185.191.171.5 - - [04/Aug/2021:10:16:07 +0000] "GET /robots.txt HTTP/1.1" 404 78307 "-" "Mozilla/5.0 (compatible; SemrushBot/7~bl; +http://www.semrush.com/bot.html)"
185.191.171.39 - - [04/Aug/2021:10:16:08 +0000] "GET /tour-package.php?id=28 HTTP/1.1" 200 65751 "-" "Mozilla/5.0 (compatible; SemrushBot/7~bl; +http://www.semrush.com/bot.html)"
114.119.159.39 - - [04/Aug/2021:10:24:30 +0000] "GET /galleryimg/6206238images%20%284%29.jpg HTTP/1.1" 200 10385 "-" "Mozilla/5.0 (Linux; Android 7.0;) AppleWebKit/537.36 (KHTML, like Gecko) Mobile Safari/537.36 (compatible; PetalBot;+https://webmaster.petalsearch.com/site/petalbot)"
54.36.148.227 - - [04/Aug/2021:10:31:56 +0000] "GET /robots.txt HTTP/1.1" 404 78307 "-" "Mozilla/5.0 (compatible; AhrefsBot/7.0; +http://ahrefs.com/robot/)"
54.36.148.159 - - [04/Aug/2021:10:31:58 +0000] "GET / HTTP/1.1" 200 78297 "-" "Mozilla/5.0 (compatible; AhrefsBot/7.0; +http://ahrefs.com/robot/)"
168.119.65.124 - - [04/Aug/2021:10:31:59 +0000] "GET /css/owl.carousel.css HTTP/1.1" 200 7603 "http://www.indiatravelkart.com/" "Mozilla/5.0 (compatible; AhrefsBot/7.0; +http://ahrefs.com/robot/)"
168.119.65.124 - - [04/Aug/2021:10:31:59 +0000] "GET /css/font-awesome.min.css HTTP/1.1" 200 27490 "http://www.indiatravelkart.com/" "Mozilla/5.0 (compatible; AhrefsBot/7.0; +http://ahrefs.com/robot/)"
168.119.65.124 - - [04/Aug/2021:10:31:59 +0000] "GET /css/jquery-ui.css HTTP/1.1" 200 35228 "http://www.indiatravelkart.com/" "Mozilla/5.0 (compatible; AhrefsBot/7.0; +http://ahrefs.com/robot/)"
168.119.65.124 - - [04/Aug/2021:10:31:59 +0000] "GET /css/meanmenu.min.css HTTP/1.1" 200 2732 "http://www.indiatravelkart.com/" "Mozilla/5.0 (compatible; AhrefsBot/7.0; +http://ahrefs.com/robot/)"
168.119.65.124 - - [04/Aug/2021:10:31:59 +0000] "GET /css/animate.css HTTP/1.1" 200 70824 "http://www.indiatravelkart.com/" "Mozilla/5.0 (compatible; AhrefsBot/7.0; +http://ahrefs.com/robot/)"
168.119.65.124 - - [04/Aug/2021:10:31:59 +0000] "GET /lib/nivo-slider/css/nivo-slider.css HTTP/1.1" 200 8098 "http://www.indiatravelkart.com/" "Mozilla/5.0 (compatible; AhrefsBot/7.0; +http://ahrefs.com/robot/)"
168.119.65.124 - - [04/Aug/2021:10:31:59 +0000] "GET /lib/nivo-slider/css/preview.css HTTP/1.1" 200 5624 "http://www.indiatravelkart.com/" "Mozilla/5.0 (compatible; AhrefsBot/7.0; +http://ahrefs.com/robot/)"
168.119.65.124 - - [04/Aug/2021:10:31:59 +0000] "GET /css/responsive.css HTTP/1.1" 200 27655 "http://www.indiatravelkart.com/" "Mozilla/5.0 (compatible; AhrefsBot/7.0; +http://ahrefs.com/robot/)"
168.119.65.124 - - [04/Aug/2021:10:31:59 +0000] "GET /js/vendor/modernizr-2.8.3.min.js HTTP/1.1" 200 15514 "http://www.indiatravelkart.com/" "Mozilla/5.0 (compatible; AhrefsBot/7.0; +http://ahrefs.com/robot/)"
168.119.65.124 - - [04/Aug/2021:10:31:59 +0000] "GET /scripts/gen_validatorv4.js HTTP/1.1" 200 32085 "http://www.indiatravelkart.com/" "Mozilla/5.0 (compatible; AhrefsBot/7.0; +http://ahrefs.com/robot/)"
168.119.65.124 - - [04/Aug/2021:10:31:59 +0000] "GET /css/bootstrap.min.css HTTP/1.1" 200 138183 "http://www.indiatravelkart.com/" "Mozilla/5.0 (compatible; AhrefsBot/7.0; +http://ahrefs.com/robot/)"
168.119.65.124 - - [04/Aug/2021:10:31:59 +0000] "GET /style.css HTTP/1.1" 200 115813 "http://www.indiatravelkart.com/" "Mozilla/5.0 (compatible; AhrefsBot/7.0; +http://ahrefs.com/robot/)"
168.119.65.124 - - [04/Aug/2021:10:31:59 +0000] "GET /js/vendor/jquery-1.11.3.min.js HTTP/1.1" 200 95992 "http://www.indiatravelkart.com/" "Mozilla/5.0 (compatible; AhrefsBot/7.0; +http://ahrefs.com/robot/)"
168.119.65.124 - - [04/Aug/2021:10:31:59 +0000] "GET /lib/nivo-slider/home.js HTTP/1.1" 200 724 "http://www.indiatravelkart.com/" "Mozilla/5.0 (compatible; AhrefsBot/7.0; +http://ahrefs.com/robot/)"
168.119.65.124 - - [04/Aug/2021:10:31:59 +0000] "GET /lib/nivo-slider/js/jquery.nivo.slider.js HTTP/1.1" 200 29113 "http://www.indiatravelkart.com/" "Mozilla/5.0 (compatible; AhrefsBot/7.0; +http://ahrefs.com/robot/)"
168.119.65.124 - - [04/Aug/2021:10:31:59 +0000] "GET /js/jquery.meanmenu.js HTTP/1.1" 200 11467 "http://www.indiatravelkart.com/" "Mozilla/5.0 (compatible; AhrefsBot/7.0; +http://ahrefs.com/robot/)"
168.119.65.124 - - [04/Aug/2021:10:31:59 +0000] "GET /js/bootstrap.min.js HTTP/1.1" 200 36868 "http://www.indiatravelkart.com/" "Mozilla/5.0 (compatible; AhrefsBot/7.0; +http://ahrefs.com/robot/)"
168.119.65.124 - - [04/Aug/2021:10:31:59 +0000] "GET /js/wow.min.js HTTP/1.1" 200 8426 "http://www.indiatravelkart.com/" "Mozilla/5.0 (compatible; AhrefsBot/7.0; +http://ahrefs.com/robot/)"
168.119.65.124 - - [04/Aug/2021:10:31:59 +0000] "GET /fonts/fontawesome-webfont3295.woff2?v=4.5.0 HTTP/1.1" 200 66624 "http://www.indiatravelkart.com/css/font-awesome.min.css" "Mozilla/5.0 (compatible; AhrefsBot/7.0; +http://ahrefs.com/robot/)"
168.119.65.124 - - [04/Aug/2021:10:31:59 +0000] "GET /js/owl.carousel.min.js HTTP/1.1" 200 23890 "http://www.indiatravelkart.com/" "Mozilla/5.0 (compatible; AhrefsBot/7.0; +http://ahrefs.com/robot/)"
168.119.65.124 - - [04/Aug/2021:10:31:59 +0000] "GET /js/jquery-price-slider.js HTTP/1.1" 200 24017 "http://www.indiatravelkart.com/" "Mozilla/5.0 (compatible; AhrefsBot/7.0; +http://ahrefs.com/robot/)"
168.119.65.124 - - [04/Aug/2021:10:32:00 +0000] "GET /js/jquery.scrollUp.min.js HTTP/1.1" 200 2035 "http://www.indiatravelkart.com/" "Mozilla/5.0 (compatible; AhrefsBot/7.0; +http://ahrefs.com/robot/)"
168.119.65.124 - - [04/Aug/2021:10:32:00 +0000] "GET /js/waypoints.min.js HTTP/1.1" 200 8044 "http://www.indiatravelkart.com/" "Mozilla/5.0 (compatible; AhrefsBot/7.0; +http://ahrefs.com/robot/)"
168.119.65.124 - - [04/Aug/2021:10:32:00 +0000] "GET /js/jquery.counterup.min.js HTTP/1.1" 200 1067 "http://www.indiatravelkart.com/" "Mozilla/5.0 (compatible; AhrefsBot/7.0; +http://ahrefs.com/robot/)"
168.119.65.124 - - [04/Aug/2021:10:32:00 +0000] "GET /js/plugins.js HTTP/1.1" 200 760 "http://www.indiatravelkart.com/" "Mozilla/5.0 (compatible; AhrefsBot/7.0; +http://ahrefs.com/robot/)"
168.119.65.124 - - [04/Aug/2021:10:32:00 +0000] "GET /js/main.js HTTP/1.1" 200 2518 "http://www.indiatravelkart.com/" "Mozilla/5.0 (compatible; AhrefsBot/7.0; +http://ahrefs.com/robot/)"
193.169.254.217 - - [04/Aug/2021:10:32:38 +0000] "GET /wp-content/themes/bordeaux-theme/style.css HTTP/1.1" 301 281 "http://indiatravelkart.com/wp-content/themes/bordeaux-theme/style.css" "Mozilla/5.0 (Windows NT 6.1; WOW64) AppleWebKit/537.36 (KHTML, like Gecko) Chrome/42.0.2311.152 Safari/537.36"
193.169.254.217 - - [04/Aug/2021:10:32:39 +0000] "GET /wp-content/themes/bordeaux-theme/style.css HTTP/1.1" 404 78339 "http://indiatravelkart.com/wp-content/themes/bordeaux-theme/style.css" "Mozilla/5.0 (Windows NT 6.1; WOW64) AppleWebKit/537.36 (KHTML, like Gecko) Chrome/42.0.2311.152 Safari/537.36"
106.38.241.120 - - [04/Aug/2021:10:35:58 +0000] "GET / HTTP/1.1" 200 78293 "-" "Sogou web spider/4.0(+http://www.sogou.com/docs/help/webmasters.htm#07)"
106.38.241.133 - - [04/Aug/2021:10:40:00 +0000] "GET / HTTP/1.1" 200 78293 "-" "Sogou web spider/4.0(+http://www.sogou.com/docs/help/webmasters.htm#07)"
106.38.241.122 - - [04/Aug/2021:10:42:25 +0000] "GET / HTTP/1.1" 200 78293 "-" "Sogou web spider/4.0(+http://www.sogou.com/docs/help/webmasters.htm#07)"
185.191.171.5 - - [04/Aug/2021:10:43:40 +0000] "GET /RajasthanHoneymoonPackage.html HTTP/1.1" 302 241 "-" "Mozilla/5.0 (compatible; SemrushBot/7~bl; +http://www.semrush.com/bot.html)"
185.191.171.40 - - [04/Aug/2021:10:43:42 +0000] "GET /RajasthanHoneymoonPackage.html HTTP/1.1" 301 269 "-" "Mozilla/5.0 (compatible; SemrushBot/7~bl; +http://www.semrush.com/bot.html)"
185.191.171.14 - - [04/Aug/2021:10:43:42 +0000] "GET /robots.txt HTTP/1.1" 404 78307 "-" "Mozilla/5.0 (compatible; SemrushBot/7~bl; +http://www.semrush.com/bot.html)"
185.191.171.39 - - [04/Aug/2021:10:43:44 +0000] "GET /RajasthanHoneymoonPackage.html HTTP/1.1" 200 61422 "-" "Mozilla/5.0 (compatible; SemrushBot/7~bl; +http://www.semrush.com/bot.html)"
216.244.66.236 - - [04/Aug/2021:10:51:44 +0000] "GET /robots.txt HTTP/1.1" 404 78307 "-" "Mozilla/5.0 (compatible; DotBot/1.2; +https://opensiteexplorer.org/dotbot; help@moz.com)"
216.244.66.236 - - [04/Aug/2021:11:05:39 +0000] "GET /3-countries-magic-tour/contact.php HTTP/1.1" 404 78331 "-" "Mozilla/5.0 (compatible; DotBot/1.2; +https://opensiteexplorer.org/dotbot; help@moz.com)"
216.244.66.236 - - [04/Aug/2021:11:05:45 +0000] "GET /pagecontents.php?url=Cancellation-Policy HTTP/1.1" 200 50964 "-" "Mozilla/5.0 (compatible; DotBot/1.2; +https://opensiteexplorer.org/dotbot; help@moz.com)"
106.38.241.133 - - [04/Aug/2021:11:11:38 +0000] "GET / HTTP/1.1" 200 78293 "-" "Sogou web spider/4.0(+http://www.sogou.com/docs/help/webmasters.htm#07)"
106.38.241.122 - - [04/Aug/2021:11:16:00 +0000] "GET / HTTP/1.1" 200 78293 "-" "Sogou web spider/4.0(+http://www.sogou.com/docs/help/webmasters.htm#07)"
185.191.171.1 - - [04/Aug/2021:11:25:33 +0000] "GET /robots.txt HTTP/1.1" 301 249 "-" "Mozilla/5.0 (compatible; SemrushBot/7~bl; +http://www.semrush.com/bot.html)"
185.191.171.35 - - [04/Aug/2021:11:25:34 +0000] "GET /robots.txt HTTP/1.1" 404 78307 "-" "Mozilla/5.0 (compatible; SemrushBot/7~bl; +http://www.semrush.com/bot.html)"
185.191.171.7 - - [04/Aug/2021:11:25:36 +0000] "GET /tour-package.php?id=23 HTTP/1.1" 200 57946 "-" "Mozilla/5.0 (compatible; SemrushBot/7~bl; +http://www.semrush.com/bot.html)"
185.191.171.10 - - [04/Aug/2021:11:27:42 +0000] "GET /laddakhwithmoonvalleytour.html HTTP/1.1" 302 241 "-" "Mozilla/5.0 (compatible; SemrushBot/7~bl; +http://www.semrush.com/bot.html)"
185.191.171.14 - - [04/Aug/2021:11:27:44 +0000] "GET /laddakhwithmoonvalleytour.html HTTP/1.1" 301 269 "-" "Mozilla/5.0 (compatible; SemrushBot/7~bl; +http://www.semrush.com/bot.html)"
185.191.171.35 - - [04/Aug/2021:11:27:45 +0000] "GET /laddakhwithmoonvalleytour.html HTTP/1.1" 200 60538 "-" "Mozilla/5.0 (compatible; SemrushBot/7~bl; +http://www.semrush.com/bot.html)"
106.38.241.120 - - [04/Aug/2021:11:31:25 +0000] "GET / HTTP/1.1" 200 78293 "-" "Sogou web spider/4.0(+http://www.sogou.com/docs/help/webmasters.htm#07)"
106.38.241.133 - - [04/Aug/2021:11:41:54 +0000] "GET / HTTP/1.1" 200 78293 "-" "Sogou web spider/4.0(+http://www.sogou.com/docs/help/webmasters.htm#07)"
216.244.66.236 - - [04/Aug/2021:11:47:07 +0000] "GET /robots.txt HTTP/1.1" 404 78307 "-" "Mozilla/5.0 (compatible; DotBot/1.2; +https://opensiteexplorer.org/dotbot; help@moz.com)"
185.191.171.1 - - [04/Aug/2021:11:49:04 +0000] "GET /RajasthanTour.html HTTP/1.1" 302 229 "-" "Mozilla/5.0 (compatible; SemrushBot/7~bl; +http://www.semrush.com/bot.html)"
185.191.171.15 - - [04/Aug/2021:11:49:06 +0000] "GET /RajasthanTour.html HTTP/1.1" 301 257 "-" "Mozilla/5.0 (compatible; SemrushBot/7~bl; +http://www.semrush.com/bot.html)"
185.191.171.35 - - [04/Aug/2021:11:49:07 +0000] "GET /robots.txt HTTP/1.1" 404 78307 "-" "Mozilla/5.0 (compatible; SemrushBot/7~bl; +http://www.semrush.com/bot.html)"
185.191.171.13 - - [04/Aug/2021:11:49:08 +0000] "GET /RajasthanTour.html HTTP/1.1" 200 65184 "-" "Mozilla/5.0 (compatible; SemrushBot/7~bl; +http://www.semrush.com/bot.html)"
106.38.241.122 - - [04/Aug/2021:11:49:34 +0000] "GET / HTTP/1.1" 200 78293 "-" "Sogou web spider/4.0(+http://www.sogou.com/docs/help/webmasters.htm#07)"
185.191.171.25 - - [04/Aug/2021:11:50:57 +0000] "GET /pagecontents.php?url=Terms-and-Conditions HTTP/1.1" 200 53481 "-" "Mozilla/5.0 (compatible; SemrushBot/7~bl; +http://www.semrush.com/bot.html)"
216.244.66.236 - - [04/Aug/2021:11:55:19 +0000] "GET /tour-package.php?id=20 HTTP/1.1" 200 58920 "-" "Mozilla/5.0 (compatible; DotBot/1.2; +https://opensiteexplorer.org/dotbot; help@moz.com)"
185.191.171.42 - - [04/Aug/2021:11:57:58 +0000] "GET /index.php HTTP/1.1" 301 235 "-" "Mozilla/5.0 (compatible; SemrushBot/7~bl; +http://www.semrush.com/bot.html)"
185.191.171.35 - - [04/Aug/2021:11:58:00 +0000] "GET / HTTP/1.1" 200 78293 "-" "Mozilla/5.0 (compatible; SemrushBot/7~bl; +http://www.semrush.com/bot.html)"
106.38.241.133 - - [04/Aug/2021:12:12:30 +0000] "GET / HTTP/1.1" 200 78293 "-" "Sogou web spider/4.0(+http://www.sogou.com/docs/help/webmasters.htm#07)"
66.249.66.39 - - [04/Aug/2021:12:14:15 +0000] "GET /robots.txt HTTP/1.1" 302 225 "-" "Mozilla/5.0 (compatible; Googlebot/2.1; +http://www.google.com/bot.html)"
66.249.66.55 - - [04/Aug/2021:12:14:15 +0000] "GET /robots.txt HTTP/1.1" 404 78307 "-" "Mozilla/5.0 (compatible; Googlebot/2.1; +http://www.google.com/bot.html)"
66.249.66.39 - - [04/Aug/2021:12:14:16 +0000] "GET /pagecontents.php?url=Pyament-Option HTTP/1.1" 302 250 "-" "Mozilla/5.0 (Linux; Android 6.0.1; Nexus 5X Build/MMB29P) AppleWebKit/537.36 (KHTML, like Gecko) Chrome/92.0.4515.119 Mobile Safari/537.36 (compatible; Googlebot/2.1; +http://www.google.com/bot.html)"
66.249.66.57 - - [04/Aug/2021:12:14:17 +0000] "GET /robots.txt HTTP/1.1" 404 78307 "-" "Mozilla/5.0 (compatible; Googlebot/2.1; +http://www.google.com/bot.html)"
66.249.66.59 - - [04/Aug/2021:12:14:18 +0000] "GET /pagecontents.php?url=Pyament-Option HTTP/1.1" 200 50964 "-" "Mozilla/5.0 (Linux; Android 6.0.1; Nexus 5X Build/MMB29P) AppleWebKit/537.36 (KHTML, like Gecko) Chrome/92.0.4515.119 Mobile Safari/537.36 (compatible; Googlebot/2.1; +http://www.google.com/bot.html)"
106.38.241.122 - - [04/Aug/2021:12:20:34 +0000] "GET / HTTP/1.1" 200 78293 "-" "Sogou web spider/4.0(+http://www.sogou.com/docs/help/webmasters.htm#07)"
54.186.234.58 - - [04/Aug/2021:12:20:35 +0000] "GET / HTTP/1.1" 200 78293 "-" "Mozilla/5.0 (X11; Linux x86_64) AppleWebKit/537.36 (KHTML, like Gecko) Chrome/83.0.4103.97 Safari/537.36"
54.244.190.202 - - [04/Aug/2021:12:21:14 +0000] "GET / HTTP/1.1" 302 211 "-" "Mozilla/5.0 (X11; Linux x86_64) AppleWebKit/537.36 (KHTML, like Gecko) Chrome/83.0.4103.97 Safari/537.36"
54.244.190.202 - - [04/Aug/2021:12:21:19 +0000] "GET / HTTP/1.1" 200 78293 "-" "Mozilla/5.0 (X11; Linux x86_64) AppleWebKit/537.36 (KHTML, like Gecko) Chrome/83.0.4103.97 Safari/537.36"
18.237.146.235 - - [04/Aug/2021:12:21:43 +0000] "GET /favicon.ico HTTP/1.1" 302 222 "-" "Mozilla/5.0 (X11; Linux x86_64) AppleWebKit/537.36 (KHTML, like Gecko) Chrome/83.0.4103.97 Safari/537.36"
18.237.146.235 - - [04/Aug/2021:12:21:47 +0000] "GET / HTTP/1.1" 302 211 "-" "Mozilla/5.0 (X11; Linux x86_64) AppleWebKit/537.36 (KHTML, like Gecko) Chrome/83.0.4103.97 Safari/537.36"
18.237.146.235 - - [04/Aug/2021:12:21:48 +0000] "GET / HTTP/1.1" 200 78293 "-" "Mozilla/5.0 (X11; Linux x86_64) AppleWebKit/537.36 (KHTML, like Gecko) Chrome/83.0.4103.97 Safari/537.36"
185.191.171.9 - - [04/Aug/2021:12:22:30 +0000] "GET /contact.php HTTP/1.1" 200 57552 "-" "Mozilla/5.0 (compatible; SemrushBot/7~bl; +http://www.semrush.com/bot.html)"
106.38.241.120 - - [04/Aug/2021:12:22:43 +0000] "GET / HTTP/1.1" 200 78293 "-" "Sogou web spider/4.0(+http://www.sogou.com/docs/help/webmasters.htm#07)"
54.185.155.160 - - [04/Aug/2021:12:25:00 +0000] "GET /favicon.ico HTTP/1.1" 301 250 "-" "Mozilla/5.0 (X11; Linux x86_64) AppleWebKit/537.36 (KHTML, like Gecko) Chrome/83.0.4103.97 Safari/537.36"
54.185.155.160 - - [04/Aug/2021:12:25:05 +0000] "GET / HTTP/1.1" 200 78293 "-" "Mozilla/5.0 (X11; Linux x86_64) AppleWebKit/537.36 (KHTML, like Gecko) Chrome/83.0.4103.97 Safari/537.36"
5.188.48.58 - - [04/Aug/2021:12:28:29 +0000] "GET /kualalumpurgentingtour.html HTTP/1.0" 302 238 "https://indiatravelkart.com/kualalumpurgentingtour.html" "Mozilla/5.0 (Windows NT 6.3; Win64; x64) AppleWebKit/537.36 (KHTML, like Gecko) Chrome/83.0.4103.44 Safari/537.36"
5.188.48.58 - - [04/Aug/2021:12:28:30 +0000] "GET /kualalumpurgentingtour.html HTTP/1.0" 301 266 "http://indiatravelkart.com/kualalumpurgentingtour.html" "Mozilla/5.0 (Windows NT 6.3; Win64; x64) AppleWebKit/537.36 (KHTML, like Gecko) Chrome/83.0.4103.44 Safari/537.36"
5.188.48.58 - - [04/Aug/2021:12:28:30 +0000] "GET /kualalumpurgentingtour.html HTTP/1.0" 200 60918 "http://www.indiatravelkart.com/kualalumpurgentingtour.html" "Mozilla/5.0 (Windows NT 6.3; Win64; x64) AppleWebKit/537.36 (KHTML, like Gecko) Chrome/83.0.4103.44 Safari/537.36"
5.188.48.58 - - [04/Aug/2021:12:28:31 +0000] "POST /submit-enquiry.php HTTP/1.0" 200 22 "http://www.indiatravelkart.com/kualalumpurgentingtour.html" "Mozilla/5.0 (Windows NT 6.3; Win64; x64) AppleWebKit/537.36 (KHTML, like Gecko) Chrome/83.0.4103.44 Safari/537.36"
106.38.241.133 - - [04/Aug/2021:12:41:45 +0000] "GET / HTTP/1.1" 200 78293 "-" "Sogou web spider/4.0(+http://www.sogou.com/docs/help/webmasters.htm#07)"
157.45.184.248 - - [04/Aug/2021:12:43:54 +0000] "GET / HTTP/1.1" 200 78297 "https://www.google.com/" "Mozilla/5.0 (Linux; Android 9; Redmi Note 6 Pro) AppleWebKit/537.36 (KHTML, like Gecko) Chrome/72.0.3626.121 Mobile Safari/537.36"
157.45.184.248 - - [04/Aug/2021:12:43:54 +0000] "GET /css/font-awesome.min.css HTTP/1.1" 200 27490 "http://www.indiatravelkart.com/" "Mozilla/5.0 (Linux; Android 9; Redmi Note 6 Pro) AppleWebKit/537.36 (KHTML, like Gecko) Chrome/72.0.3626.121 Mobile Safari/537.36"
157.45.184.248 - - [04/Aug/2021:12:43:54 +0000] "GET /css/bootstrap.min.css HTTP/1.1" 200 138183 "http://www.indiatravelkart.com/" "Mozilla/5.0 (Linux; Android 9; Redmi Note 6 Pro) AppleWebKit/537.36 (KHTML, like Gecko) Chrome/72.0.3626.121 Mobile Safari/537.36"
157.45.184.248 - - [04/Aug/2021:12:43:54 +0000] "GET /css/owl.carousel.css HTTP/1.1" 200 7603 "http://www.indiatravelkart.com/" "Mozilla/5.0 (Linux; Android 9; Redmi Note 6 Pro) AppleWebKit/537.36 (KHTML, like Gecko) Chrome/72.0.3626.121 Mobile Safari/537.36"
157.45.184.248 - - [04/Aug/2021:12:43:54 +0000] "GET /css/meanmenu.min.css HTTP/1.1" 200 2732 "http://www.indiatravelkart.com/" "Mozilla/5.0 (Linux; Android 9; Redmi Note 6 Pro) AppleWebKit/537.36 (KHTML, like Gecko) Chrome/72.0.3626.121 Mobile Safari/537.36"
157.45.184.248 - - [04/Aug/2021:12:43:54 +0000] "GET /css/jquery-ui.css HTTP/1.1" 200 35228 "http://www.indiatravelkart.com/" "Mozilla/5.0 (Linux; Android 9; Redmi Note 6 Pro) AppleWebKit/537.36 (KHTML, like Gecko) Chrome/72.0.3626.121 Mobile Safari/537.36"
157.45.184.248 - - [04/Aug/2021:12:43:54 +0000] "GET /lib/nivo-slider/css/nivo-slider.css HTTP/1.1" 200 8098 "http://www.indiatravelkart.com/" "Mozilla/5.0 (Linux; Android 9; Redmi Note 6 Pro) AppleWebKit/537.36 (KHTML, like Gecko) Chrome/72.0.3626.121 Mobile Safari/537.36"
157.45.184.248 - - [04/Aug/2021:12:43:54 +0000] "GET /lib/nivo-slider/css/preview.css HTTP/1.1" 200 5624 "http://www.indiatravelkart.com/" "Mozilla/5.0 (Linux; Android 9; Redmi Note 6 Pro) AppleWebKit/537.36 (KHTML, like Gecko) Chrome/72.0.3626.121 Mobile Safari/537.36"
157.45.184.248 - - [04/Aug/2021:12:43:54 +0000] "GET /css/animate.css HTTP/1.1" 200 70824 "http://www.indiatravelkart.com/" "Mozilla/5.0 (Linux; Android 9; Redmi Note 6 Pro) AppleWebKit/537.36 (KHTML, like Gecko) Chrome/72.0.3626.121 Mobile Safari/537.36"
157.45.184.248 - - [04/Aug/2021:12:43:55 +0000] "GET /js/vendor/modernizr-2.8.3.min.js HTTP/1.1" 200 15514 "http://www.indiatravelkart.com/" "Mozilla/5.0 (Linux; Android 9; Redmi Note 6 Pro) AppleWebKit/537.36 (KHTML, like Gecko) Chrome/72.0.3626.121 Mobile Safari/537.36"
157.45.184.248 - - [04/Aug/2021:12:43:55 +0000] "GET /css/responsive.css HTTP/1.1" 200 27655 "http://www.indiatravelkart.com/" "Mozilla/5.0 (Linux; Android 9; Redmi Note 6 Pro) AppleWebKit/537.36 (KHTML, like Gecko) Chrome/72.0.3626.121 Mobile Safari/537.36"
157.45.184.248 - - [04/Aug/2021:12:43:55 +0000] "GET /scripts/gen_validatorv4.js HTTP/1.1" 200 32085 "http://www.indiatravelkart.com/" "Mozilla/5.0 (Linux; Android 9; Redmi Note 6 Pro) AppleWebKit/537.36 (KHTML, like Gecko) Chrome/72.0.3626.121 Mobile Safari/537.36"
157.45.184.248 - - [04/Aug/2021:12:43:55 +0000] "GET /img/logo/logo.png HTTP/1.1" 200 16597 "http://www.indiatravelkart.com/" "Mozilla/5.0 (Linux; Android 9; Redmi Note 6 Pro) AppleWebKit/537.36 (KHTML, like Gecko) Chrome/72.0.3626.121 Mobile Safari/537.36"
157.45.184.248 - - [04/Aug/2021:12:43:55 +0000] "GET /style.css HTTP/1.1" 200 115813 "http://www.indiatravelkart.com/" "Mozilla/5.0 (Linux; Android 9; Redmi Note 6 Pro) AppleWebKit/537.36 (KHTML, like Gecko) Chrome/72.0.3626.121 Mobile Safari/537.36"
157.45.184.248 - - [04/Aug/2021:12:43:55 +0000] "GET /js/vendor/jquery-1.11.3.min.js HTTP/1.1" 200 95992 "http://www.indiatravelkart.com/" "Mozilla/5.0 (Linux; Android 9; Redmi Note 6 Pro) AppleWebKit/537.36 (KHTML, like Gecko) Chrome/72.0.3626.121 Mobile Safari/537.36"
157.45.184.248 - - [04/Aug/2021:12:43:55 +0000] "GET /img/slider/13.jpg HTTP/1.1" 200 514354 "http://www.indiatravelkart.com/" "Mozilla/5.0 (Linux; Android 9; Redmi Note 6 Pro) AppleWebKit/537.36 (KHTML, like Gecko) Chrome/72.0.3626.121 Mobile Safari/537.36"
157.45.184.248 - - [04/Aug/2021:12:43:55 +0000] "GET /js/bootstrap.min.js HTTP/1.1" 200 36868 "http://www.indiatravelkart.com/" "Mozilla/5.0 (Linux; Android 9; Redmi Note 6 Pro) AppleWebKit/537.36 (KHTML, like Gecko) Chrome/72.0.3626.121 Mobile Safari/537.36"
157.45.184.248 - - [04/Aug/2021:12:43:55 +0000] "GET /lib/nivo-slider/js/jquery.nivo.slider.js HTTP/1.1" 200 29113 "http://www.indiatravelkart.com/" "Mozilla/5.0 (Linux; Android 9; Redmi Note 6 Pro) AppleWebKit/537.36 (KHTML, like Gecko) Chrome/72.0.3626.121 Mobile Safari/537.36"
157.45.184.248 - - [04/Aug/2021:12:43:55 +0000] "GET /lib/nivo-slider/home.js HTTP/1.1" 200 724 "http://www.indiatravelkart.com/" "Mozilla/5.0 (Linux; Android 9; Redmi Note 6 Pro) AppleWebKit/537.36 (KHTML, like Gecko) Chrome/72.0.3626.121 Mobile Safari/537.36"
157.45.184.248 - - [04/Aug/2021:12:43:55 +0000] "GET /js/wow.min.js HTTP/1.1" 200 8426 "http://www.indiatravelkart.com/" "Mozilla/5.0 (Linux; Android 9; Redmi Note 6 Pro) AppleWebKit/537.36 (KHTML, like Gecko) Chrome/72.0.3626.121 Mobile Safari/537.36"
157.45.184.248 - - [04/Aug/2021:12:43:55 +0000] "GET /js/jquery.meanmenu.js HTTP/1.1" 200 11467 "http://www.indiatravelkart.com/" "Mozilla/5.0 (Linux; Android 9; Redmi Note 6 Pro) AppleWebKit/537.36 (KHTML, like Gecko) Chrome/72.0.3626.121 Mobile Safari/537.36"
157.45.184.248 - - [04/Aug/2021:12:43:55 +0000] "GET /fonts/fontawesome-webfont3295.woff2?v=4.5.0 HTTP/1.1" 200 66624 "http://www.indiatravelkart.com/css/font-awesome.min.css" "Mozilla/5.0 (Linux; Android 9; Redmi Note 6 Pro) AppleWebKit/537.36 (KHTML, like Gecko) Chrome/72.0.3626.121 Mobile Safari/537.36"
157.45.184.248 - - [04/Aug/2021:12:43:55 +0000] "GET /js/owl.carousel.min.js HTTP/1.1" 200 23890 "http://www.indiatravelkart.com/" "Mozilla/5.0 (Linux; Android 9; Redmi Note 6 Pro) AppleWebKit/537.36 (KHTML, like Gecko) Chrome/72.0.3626.121 Mobile Safari/537.36"
157.45.184.248 - - [04/Aug/2021:12:43:55 +0000] "GET /js/jquery.scrollUp.min.js HTTP/1.1" 200 2035 "http://www.indiatravelkart.com/" "Mozilla/5.0 (Linux; Android 9; Redmi Note 6 Pro) AppleWebKit/537.36 (KHTML, like Gecko) Chrome/72.0.3626.121 Mobile Safari/537.36"
157.45.184.248 - - [04/Aug/2021:12:43:55 +0000] "GET /js/jquery-price-slider.js HTTP/1.1" 200 24017 "http://www.indiatravelkart.com/" "Mozilla/5.0 (Linux; Android 9; Redmi Note 6 Pro) AppleWebKit/537.36 (KHTML, like Gecko) Chrome/72.0.3626.121 Mobile Safari/537.36"
157.45.184.248 - - [04/Aug/2021:12:43:55 +0000] "GET /js/waypoints.min.js HTTP/1.1" 200 8044 "http://www.indiatravelkart.com/" "Mozilla/5.0 (Linux; Android 9; Redmi Note 6 Pro) AppleWebKit/537.36 (KHTML, like Gecko) Chrome/72.0.3626.121 Mobile Safari/537.36"
157.45.184.248 - - [04/Aug/2021:12:43:55 +0000] "GET /js/jquery.counterup.min.js HTTP/1.1" 200 1067 "http://www.indiatravelkart.com/" "Mozilla/5.0 (Linux; Android 9; Redmi Note 6 Pro) AppleWebKit/537.36 (KHTML, like Gecko) Chrome/72.0.3626.121 Mobile Safari/537.36"
157.45.184.248 - - [04/Aug/2021:12:43:55 +0000] "GET /js/main.js HTTP/1.1" 200 2518 "http://www.indiatravelkart.com/" "Mozilla/5.0 (Linux; Android 9; Redmi Note 6 Pro) AppleWebKit/537.36 (KHTML, like Gecko) Chrome/72.0.3626.121 Mobile Safari/537.36"
157.45.184.248 - - [04/Aug/2021:12:43:55 +0000] "GET /js/plugins.js HTTP/1.1" 200 760 "http://www.indiatravelkart.com/" "Mozilla/5.0 (Linux; Android 9; Redmi Note 6 Pro) AppleWebKit/537.36 (KHTML, like Gecko) Chrome/72.0.3626.121 Mobile Safari/537.36"
157.45.184.248 - - [04/Aug/2021:12:43:55 +0000] "GET /img/icon/serv-11.png HTTP/1.1" 200 2223 "http://www.indiatravelkart.com/" "Mozilla/5.0 (Linux; Android 9; Redmi Note 6 Pro) AppleWebKit/537.36 (KHTML, like Gecko) Chrome/72.0.3626.121 Mobile Safari/537.36"
157.45.184.248 - - [04/Aug/2021:12:43:55 +0000] "GET /img/icon/serv-12.png HTTP/1.1" 200 4169 "http://www.indiatravelkart.com/" "Mozilla/5.0 (Linux; Android 9; Redmi Note 6 Pro) AppleWebKit/537.36 (KHTML, like Gecko) Chrome/72.0.3626.121 Mobile Safari/537.36"
157.45.184.248 - - [04/Aug/2021:12:43:55 +0000] "GET /img/icon/serv-13.png HTTP/1.1" 200 5515 "http://www.indiatravelkart.com/" "Mozilla/5.0 (Linux; Android 9; Redmi Note 6 Pro) AppleWebKit/537.36 (KHTML, like Gecko) Chrome/72.0.3626.121 Mobile Safari/537.36"
157.45.184.248 - - [04/Aug/2021:12:43:55 +0000] "GET /img/icon/serv-14.png HTTP/1.1" 200 4516 "http://www.indiatravelkart.com/" "Mozilla/5.0 (Linux; Android 9; Redmi Note 6 Pro) AppleWebKit/537.36 (KHTML, like Gecko) Chrome/72.0.3626.121 Mobile Safari/537.36"
157.45.184.248 - - [04/Aug/2021:12:43:55 +0000] "GET /img/icon/serv-15.png HTTP/1.1" 200 9605 "http://www.indiatravelkart.com/" "Mozilla/5.0 (Linux; Android 9; Redmi Note 6 Pro) AppleWebKit/537.36 (KHTML, like Gecko) Chrome/72.0.3626.121 Mobile Safari/537.36"
157.45.184.248 - - [04/Aug/2021:12:43:55 +0000] "GET /galleryimg/29237e4e8c812419f8af7e905fdbf24e.jpg HTTP/1.1" 200 113570 "http://www.indiatravelkart.com/" "Mozilla/5.0 (Linux; Android 9; Redmi Note 6 Pro) AppleWebKit/537.36 (KHTML, like Gecko) Chrome/72.0.3626.121 Mobile Safari/537.36"
157.45.184.248 - - [04/Aug/2021:12:43:55 +0000] "GET /galleryimg/c63c289fbb6529b23b49bf5a220d5f2b.jpg HTTP/1.1" 200 170012 "http://www.indiatravelkart.com/" "Mozilla/5.0 (Linux; Android 9; Redmi Note 6 Pro) AppleWebKit/537.36 (KHTML, like Gecko) Chrome/72.0.3626.121 Mobile Safari/537.36"
157.45.184.248 - - [04/Aug/2021:12:43:55 +0000] "GET /galleryimg/e06eab75ec630df006f110cced74726c.jpg HTTP/1.1" 200 378217 "http://www.indiatravelkart.com/" "Mozilla/5.0 (Linux; Android 9; Redmi Note 6 Pro) AppleWebKit/537.36 (KHTML, like Gecko) Chrome/72.0.3626.121 Mobile Safari/537.36"
157.45.184.248 - - [04/Aug/2021:12:43:55 +0000] "GET /img/slider/15.jpg HTTP/1.1" 200 696042 "http://www.indiatravelkart.com/" "Mozilla/5.0 (Linux; Android 9; Redmi Note 6 Pro) AppleWebKit/537.36 (KHTML, like Gecko) Chrome/72.0.3626.121 Mobile Safari/537.36"
157.45.184.248 - - [04/Aug/2021:12:43:55 +0000] "GET /galleryimg/167d26d9d1e0c58ca9ca4cc4db85e5d7.jpg HTTP/1.1" 200 325975 "http://www.indiatravelkart.com/" "Mozilla/5.0 (Linux; Android 9; Redmi Note 6 Pro) AppleWebKit/537.36 (KHTML, like Gecko) Chrome/72.0.3626.121 Mobile Safari/537.36"
157.45.184.248 - - [04/Aug/2021:12:43:56 +0000] "GET /img/icon/title2-icon-1.png HTTP/1.1" 200 1992 "http://www.indiatravelkart.com/style.css" "Mozilla/5.0 (Linux; Android 9; Redmi Note 6 Pro) AppleWebKit/537.36 (KHTML, like Gecko) Chrome/72.0.3626.121 Mobile Safari/537.36"
157.45.184.248 - - [04/Aug/2021:12:43:56 +0000] "GET /galleryimg/6663220download%20(2).jpg HTTP/1.1" 200 13499 "http://www.indiatravelkart.com/" "Mozilla/5.0 (Linux; Android 9; Redmi Note 6 Pro) AppleWebKit/537.36 (KHTML, like Gecko) Chrome/72.0.3626.121 Mobile Safari/537.36"
157.45.184.248 - - [04/Aug/2021:12:43:56 +0000] "GET /galleryimg/4573876download%20(2).jpg HTTP/1.1" 200 13499 "http://www.indiatravelkart.com/" "Mozilla/5.0 (Linux; Android 9; Redmi Note 6 Pro) AppleWebKit/537.36 (KHTML, like Gecko) Chrome/72.0.3626.121 Mobile Safari/537.36"
157.45.184.248 - - [04/Aug/2021:12:43:56 +0000] "GET /galleryimg/335577download%20(1).jpg HTTP/1.1" 200 11390 "http://www.indiatravelkart.com/" "Mozilla/5.0 (Linux; Android 9; Redmi Note 6 Pro) AppleWebKit/537.36 (KHTML, like Gecko) Chrome/72.0.3626.121 Mobile Safari/537.36"
157.45.184.248 - - [04/Aug/2021:12:43:56 +0000] "GET /galleryimg/8637951exotic-kerala-tour-840.jpeg HTTP/1.1" 200 28339 "http://www.indiatravelkart.com/" "Mozilla/5.0 (Linux; Android 9; Redmi Note 6 Pro) AppleWebKit/537.36 (KHTML, like Gecko) Chrome/72.0.3626.121 Mobile Safari/537.36"
157.45.184.248 - - [04/Aug/2021:12:43:56 +0000] "GET /img/icon/7-hover.png HTTP/1.1" 200 2927 "http://www.indiatravelkart.com/" "Mozilla/5.0 (Linux; Android 9; Redmi Note 6 Pro) AppleWebKit/537.36 (KHTML, like Gecko) Chrome/72.0.3626.121 Mobile Safari/537.36"
157.45.184.248 - - [04/Aug/2021:12:43:56 +0000] "GET /img/icon/8.png HTTP/1.1" 200 2450 "http://www.indiatravelkart.com/" "Mozilla/5.0 (Linux; Android 9; Redmi Note 6 Pro) AppleWebKit/537.36 (KHTML, like Gecko) Chrome/72.0.3626.121 Mobile Safari/537.36"
157.45.184.248 - - [04/Aug/2021:12:43:56 +0000] "GET /img/icon/7.png HTTP/1.1" 200 2738 "http://www.indiatravelkart.com/" "Mozilla/5.0 (Linux; Android 9; Redmi Note 6 Pro) AppleWebKit/537.36 (KHTML, like Gecko) Chrome/72.0.3626.121 Mobile Safari/537.36"
157.45.184.248 - - [04/Aug/2021:12:43:56 +0000] "GET /galleryimg/5567479maxresdefault.jpg HTTP/1.1" 200 742856 "http://www.indiatravelkart.com/" "Mozilla/5.0 (Linux; Android 9; Redmi Note 6 Pro) AppleWebKit/537.36 (KHTML, like Gecko) Chrome/72.0.3626.121 Mobile Safari/537.36"
157.45.184.248 - - [04/Aug/2021:12:43:56 +0000] "GET /img/icon/9.png HTTP/1.1" 200 2685 "http://www.indiatravelkart.com/" "Mozilla/5.0 (Linux; Android 9; Redmi Note 6 Pro) AppleWebKit/537.36 (KHTML, like Gecko) Chrome/72.0.3626.121 Mobile Safari/537.36"
157.45.184.248 - - [04/Aug/2021:12:43:56 +0000] "GET /img/icon/8-hover.png HTTP/1.1" 200 2527 "http://www.indiatravelkart.com/" "Mozilla/5.0 (Linux; Android 9; Redmi Note 6 Pro) AppleWebKit/537.36 (KHTML, like Gecko) Chrome/72.0.3626.121 Mobile Safari/537.36"
157.45.184.248 - - [04/Aug/2021:12:43:56 +0000] "GET /img/icon/9-hover.png HTTP/1.1" 200 2809 "http://www.indiatravelkart.com/" "Mozilla/5.0 (Linux; Android 9; Redmi Note 6 Pro) AppleWebKit/537.36 (KHTML, like Gecko) Chrome/72.0.3626.121 Mobile Safari/537.36"
157.45.184.248 - - [04/Aug/2021:12:43:56 +0000] "GET /img/icon/10.png HTTP/1.1" 200 2253 "http://www.indiatravelkart.com/" "Mozilla/5.0 (Linux; Android 9; Redmi Note 6 Pro) AppleWebKit/537.36 (KHTML, like Gecko) Chrome/72.0.3626.121 Mobile Safari/537.36"
157.45.184.248 - - [04/Aug/2021:12:43:55 +0000] "GET /galleryimg/57419392.jpg HTTP/1.1" 200 916910 "http://www.indiatravelkart.com/" "Mozilla/5.0 (Linux; Android 9; Redmi Note 6 Pro) AppleWebKit/537.36 (KHTML, like Gecko) Chrome/72.0.3626.121 Mobile Safari/537.36"
157.45.184.248 - - [04/Aug/2021:12:43:56 +0000] "GET /img/icon/11-hover.png HTTP/1.1" 200 3472 "http://www.indiatravelkart.com/" "Mozilla/5.0 (Linux; Android 9; Redmi Note 6 Pro) AppleWebKit/537.36 (KHTML, like Gecko) Chrome/72.0.3626.121 Mobile Safari/537.36"
157.45.184.248 - - [04/Aug/2021:12:43:56 +0000] "GET /img/icon/12-hover.png HTTP/1.1" 200 2495 "http://www.indiatravelkart.com/" "Mozilla/5.0 (Linux; Android 9; Redmi Note 6 Pro) AppleWebKit/537.36 (KHTML, like Gecko) Chrome/72.0.3626.121 Mobile Safari/537.36"
