223.228.246.72 - - [09/Aug/2021:17:03:53 +0000] "GET /css/responsive.css HTTP/1.1" 200 27655 "http://www.indiatravelkart.com/" "Mozilla/5.0 (Linux; Android 11; SM-M515F) AppleWebKit/537.36 (KHTML, like Gecko) Chrome/91.0.4472.88 Mobile Safari/537.36"
223.228.246.72 - - [09/Aug/2021:17:03:53 +0000] "GET /js/vendor/modernizr-2.8.3.min.js HTTP/1.1" 200 15514 "http://www.indiatravelkart.com/" "Mozilla/5.0 (Linux; Android 11; SM-M515F) AppleWebKit/537.36 (KHTML, like Gecko) Chrome/91.0.4472.88 Mobile Safari/537.36"
223.228.246.72 - - [09/Aug/2021:17:03:53 +0000] "GET /scripts/gen_validatorv4.js HTTP/1.1" 200 32085 "http://www.indiatravelkart.com/" "Mozilla/5.0 (Linux; Android 11; SM-M515F) AppleWebKit/537.36 (KHTML, like Gecko) Chrome/91.0.4472.88 Mobile Safari/537.36"
223.228.246.72 - - [09/Aug/2021:17:03:53 +0000] "GET /style.css HTTP/1.1" 200 115813 "http://www.indiatravelkart.com/" "Mozilla/5.0 (Linux; Android 11; SM-M515F) AppleWebKit/537.36 (KHTML, like Gecko) Chrome/91.0.4472.88 Mobile Safari/537.36"
223.228.246.72 - - [09/Aug/2021:17:03:53 +0000] "GET /js/bootstrap.min.js HTTP/1.1" 200 36868 "http://www.indiatravelkart.com/" "Mozilla/5.0 (Linux; Android 11; SM-M515F) AppleWebKit/537.36 (KHTML, like Gecko) Chrome/91.0.4472.88 Mobile Safari/537.36"
223.228.246.72 - - [09/Aug/2021:17:03:53 +0000] "GET /lib/nivo-slider/js/jquery.nivo.slider.js HTTP/1.1" 200 29113 "http://www.indiatravelkart.com/" "Mozilla/5.0 (Linux; Android 11; SM-M515F) AppleWebKit/537.36 (KHTML, like Gecko) Chrome/91.0.4472.88 Mobile Safari/537.36"
223.228.246.72 - - [09/Aug/2021:17:03:54 +0000] "GET /lib/nivo-slider/home.js HTTP/1.1" 200 724 "http://www.indiatravelkart.com/" "Mozilla/5.0 (Linux; Android 11; SM-M515F) AppleWebKit/537.36 (KHTML, like Gecko) Chrome/91.0.4472.88 Mobile Safari/537.36"
223.228.246.72 - - [09/Aug/2021:17:03:54 +0000] "GET /js/wow.min.js HTTP/1.1" 200 8426 "http://www.indiatravelkart.com/" "Mozilla/5.0 (Linux; Android 11; SM-M515F) AppleWebKit/537.36 (KHTML, like Gecko) Chrome/91.0.4472.88 Mobile Safari/537.36"
223.228.246.72 - - [09/Aug/2021:17:03:54 +0000] "GET /js/jquery.meanmenu.js HTTP/1.1" 200 11467 "http://www.indiatravelkart.com/" "Mozilla/5.0 (Linux; Android 11; SM-M515F) AppleWebKit/537.36 (KHTML, like Gecko) Chrome/91.0.4472.88 Mobile Safari/537.36"
223.228.246.72 - - [09/Aug/2021:17:03:54 +0000] "GET /js/owl.carousel.min.js HTTP/1.1" 200 23890 "http://www.indiatravelkart.com/" "Mozilla/5.0 (Linux; Android 11; SM-M515F) AppleWebKit/537.36 (KHTML, like Gecko) Chrome/91.0.4472.88 Mobile Safari/537.36"
223.228.246.72 - - [09/Aug/2021:17:03:53 +0000] "GET /js/vendor/jquery-1.11.3.min.js HTTP/1.1" 200 95992 "http://www.indiatravelkart.com/" "Mozilla/5.0 (Linux; Android 11; SM-M515F) AppleWebKit/537.36 (KHTML, like Gecko) Chrome/91.0.4472.88 Mobile Safari/537.36"
223.228.246.72 - - [09/Aug/2021:17:03:54 +0000] "GET /js/jquery-price-slider.js HTTP/1.1" 200 24017 "http://www.indiatravelkart.com/" "Mozilla/5.0 (Linux; Android 11; SM-M515F) AppleWebKit/537.36 (KHTML, like Gecko) Chrome/91.0.4472.88 Mobile Safari/537.36"
223.228.246.72 - - [09/Aug/2021:17:03:54 +0000] "GET /js/jquery.scrollUp.min.js HTTP/1.1" 200 2035 "http://www.indiatravelkart.com/" "Mozilla/5.0 (Linux; Android 11; SM-M515F) AppleWebKit/537.36 (KHTML, like Gecko) Chrome/91.0.4472.88 Mobile Safari/537.36"
223.228.246.72 - - [09/Aug/2021:17:03:54 +0000] "GET /js/waypoints.min.js HTTP/1.1" 200 8044 "http://www.indiatravelkart.com/" "Mozilla/5.0 (Linux; Android 11; SM-M515F) AppleWebKit/537.36 (KHTML, like Gecko) Chrome/91.0.4472.88 Mobile Safari/537.36"
223.228.246.72 - - [09/Aug/2021:17:03:54 +0000] "GET /js/jquery.counterup.min.js HTTP/1.1" 200 1067 "http://www.indiatravelkart.com/" "Mozilla/5.0 (Linux; Android 11; SM-M515F) AppleWebKit/537.36 (KHTML, like Gecko) Chrome/91.0.4472.88 Mobile Safari/537.36"
223.228.246.72 - - [09/Aug/2021:17:03:54 +0000] "GET /fonts/fontawesome-webfont3295.woff2?v=4.5.0 HTTP/1.1" 200 66624 "http://www.indiatravelkart.com/css/font-awesome.min.css" "Mozilla/5.0 (Linux; Android 11; SM-M515F) AppleWebKit/537.36 (KHTML, like Gecko) Chrome/91.0.4472.88 Mobile Safari/537.36"
223.228.246.72 - - [09/Aug/2021:17:03:55 +0000] "GET /js/plugins.js HTTP/1.1" 200 760 "http://www.indiatravelkart.com/" "Mozilla/5.0 (Linux; Android 11; SM-M515F) AppleWebKit/537.36 (KHTML, like Gecko) Chrome/91.0.4472.88 Mobile Safari/537.36"
223.228.246.72 - - [09/Aug/2021:17:03:55 +0000] "GET /js/main.js HTTP/1.1" 200 2518 "http://www.indiatravelkart.com/" "Mozilla/5.0 (Linux; Android 11; SM-M515F) AppleWebKit/537.36 (KHTML, like Gecko) Chrome/91.0.4472.88 Mobile Safari/537.36"
223.228.246.72 - - [09/Aug/2021:17:03:55 +0000] "GET /img/logo/logo.png HTTP/1.1" 200 16597 "http://www.indiatravelkart.com/" "Mozilla/5.0 (Linux; Android 11; SM-M515F) AppleWebKit/537.36 (KHTML, like Gecko) Chrome/91.0.4472.88 Mobile Safari/537.36"
223.228.246.72 - - [09/Aug/2021:17:03:55 +0000] "GET /img/icon/title2-icon-1.png HTTP/1.1" 200 1992 "http://www.indiatravelkart.com/style.css" "Mozilla/5.0 (Linux; Android 11; SM-M515F) AppleWebKit/537.36 (KHTML, like Gecko) Chrome/91.0.4472.88 Mobile Safari/537.36"
223.228.246.72 - - [09/Aug/2021:17:03:55 +0000] "GET /img/icon/title2-icon-2.png HTTP/1.1" 200 1930 "http://www.indiatravelkart.com/style.css" "Mozilla/5.0 (Linux; Android 11; SM-M515F) AppleWebKit/537.36 (KHTML, like Gecko) Chrome/91.0.4472.88 Mobile Safari/537.36"
223.228.246.72 - - [09/Aug/2021:17:03:55 +0000] "GET /img/icon/serv-11.png HTTP/1.1" 200 2223 "http://www.indiatravelkart.com/" "Mozilla/5.0 (Linux; Android 11; SM-M515F) AppleWebKit/537.36 (KHTML, like Gecko) Chrome/91.0.4472.88 Mobile Safari/537.36"
223.228.246.72 - - [09/Aug/2021:17:03:55 +0000] "GET /img/icon/serv-12.png HTTP/1.1" 200 4169 "http://www.indiatravelkart.com/" "Mozilla/5.0 (Linux; Android 11; SM-M515F) AppleWebKit/537.36 (KHTML, like Gecko) Chrome/91.0.4472.88 Mobile Safari/537.36"
223.228.246.72 - - [09/Aug/2021:17:03:55 +0000] "GET /img/icon/serv-13.png HTTP/1.1" 200 5515 "http://www.indiatravelkart.com/" "Mozilla/5.0 (Linux; Android 11; SM-M515F) AppleWebKit/537.36 (KHTML, like Gecko) Chrome/91.0.4472.88 Mobile Safari/537.36"
223.228.246.72 - - [09/Aug/2021:17:03:56 +0000] "GET /img/icon/serv-14.png HTTP/1.1" 200 4516 "http://www.indiatravelkart.com/" "Mozilla/5.0 (Linux; Android 11; SM-M515F) AppleWebKit/537.36 (KHTML, like Gecko) Chrome/91.0.4472.88 Mobile Safari/537.36"
223.228.246.72 - - [09/Aug/2021:17:03:56 +0000] "GET /img/icon/serv-15.png HTTP/1.1" 200 9605 "http://www.indiatravelkart.com/" "Mozilla/5.0 (Linux; Android 11; SM-M515F) AppleWebKit/537.36 (KHTML, like Gecko) Chrome/91.0.4472.88 Mobile Safari/537.36"
223.228.246.72 - - [09/Aug/2021:17:03:56 +0000] "GET /img/icon/7.png HTTP/1.1" 200 2738 "http://www.indiatravelkart.com/" "Mozilla/5.0 (Linux; Android 11; SM-M515F) AppleWebKit/537.36 (KHTML, like Gecko) Chrome/91.0.4472.88 Mobile Safari/537.36"
223.228.246.72 - - [09/Aug/2021:17:03:56 +0000] "GET /img/icon/7-hover.png HTTP/1.1" 200 2927 "http://www.indiatravelkart.com/" "Mozilla/5.0 (Linux; Android 11; SM-M515F) AppleWebKit/537.36 (KHTML, like Gecko) Chrome/91.0.4472.88 Mobile Safari/537.36"
223.228.246.72 - - [09/Aug/2021:17:03:56 +0000] "GET /img/icon/8.png HTTP/1.1" 200 2450 "http://www.indiatravelkart.com/" "Mozilla/5.0 (Linux; Android 11; SM-M515F) AppleWebKit/537.36 (KHTML, like Gecko) Chrome/91.0.4472.88 Mobile Safari/537.36"
223.228.246.72 - - [09/Aug/2021:17:03:56 +0000] "GET /img/icon/8-hover.png HTTP/1.1" 200 2527 "http://www.indiatravelkart.com/" "Mozilla/5.0 (Linux; Android 11; SM-M515F) AppleWebKit/537.36 (KHTML, like Gecko) Chrome/91.0.4472.88 Mobile Safari/537.36"
223.228.246.72 - - [09/Aug/2021:17:03:56 +0000] "GET /img/icon/9.png HTTP/1.1" 200 2685 "http://www.indiatravelkart.com/" "Mozilla/5.0 (Linux; Android 11; SM-M515F) AppleWebKit/537.36 (KHTML, like Gecko) Chrome/91.0.4472.88 Mobile Safari/537.36"
223.228.246.72 - - [09/Aug/2021:17:03:56 +0000] "GET /img/icon/9-hover.png HTTP/1.1" 200 2809 "http://www.indiatravelkart.com/" "Mozilla/5.0 (Linux; Android 11; SM-M515F) AppleWebKit/537.36 (KHTML, like Gecko) Chrome/91.0.4472.88 Mobile Safari/537.36"
223.228.246.72 - - [09/Aug/2021:17:03:56 +0000] "GET /img/icon/10.png HTTP/1.1" 200 2253 "http://www.indiatravelkart.com/" "Mozilla/5.0 (Linux; Android 11; SM-M515F) AppleWebKit/537.36 (KHTML, like Gecko) Chrome/91.0.4472.88 Mobile Safari/537.36"
223.228.246.72 - - [09/Aug/2021:17:03:56 +0000] "GET /img/icon/10-hover.png HTTP/1.1" 200 2343 "http://www.indiatravelkart.com/" "Mozilla/5.0 (Linux; Android 11; SM-M515F) AppleWebKit/537.36 (KHTML, like Gecko) Chrome/91.0.4472.88 Mobile Safari/537.36"
223.228.246.72 - - [09/Aug/2021:17:03:56 +0000] "GET /img/icon/11.png HTTP/1.1" 200 3182 "http://www.indiatravelkart.com/" "Mozilla/5.0 (Linux; Android 11; SM-M515F) AppleWebKit/537.36 (KHTML, like Gecko) Chrome/91.0.4472.88 Mobile Safari/537.36"
223.228.246.72 - - [09/Aug/2021:17:03:57 +0000] "GET /img/icon/11-hover.png HTTP/1.1" 200 3472 "http://www.indiatravelkart.com/" "Mozilla/5.0 (Linux; Android 11; SM-M515F) AppleWebKit/537.36 (KHTML, like Gecko) Chrome/91.0.4472.88 Mobile Safari/537.36"
223.228.246.72 - - [09/Aug/2021:17:03:57 +0000] "GET /img/icon/12.png HTTP/1.1" 200 2487 "http://www.indiatravelkart.com/" "Mozilla/5.0 (Linux; Android 11; SM-M515F) AppleWebKit/537.36 (KHTML, like Gecko) Chrome/91.0.4472.88 Mobile Safari/537.36"
223.228.246.72 - - [09/Aug/2021:17:03:57 +0000] "GET /img/icon/12-hover.png HTTP/1.1" 200 2495 "http://www.indiatravelkart.com/" "Mozilla/5.0 (Linux; Android 11; SM-M515F) AppleWebKit/537.36 (KHTML, like Gecko) Chrome/91.0.4472.88 Mobile Safari/537.36"
223.228.246.72 - - [09/Aug/2021:17:03:57 +0000] "GET /galleryimg/c63c289fbb6529b23b49bf5a220d5f2b.jpg HTTP/1.1" 200 170012 "http://www.indiatravelkart.com/" "Mozilla/5.0 (Linux; Android 11; SM-M515F) AppleWebKit/537.36 (KHTML, like Gecko) Chrome/91.0.4472.88 Mobile Safari/537.36"
223.228.246.72 - - [09/Aug/2021:17:03:55 +0000] "GET /img/slider/13.jpg HTTP/1.1" 200 514354 "http://www.indiatravelkart.com/" "Mozilla/5.0 (Linux; Android 11; SM-M515F) AppleWebKit/537.36 (KHTML, like Gecko) Chrome/91.0.4472.88 Mobile Safari/537.36"
223.228.246.72 - - [09/Aug/2021:17:03:55 +0000] "GET /img/slider/15.jpg HTTP/1.1" 200 696042 "http://www.indiatravelkart.com/" "Mozilla/5.0 (Linux; Android 11; SM-M515F) AppleWebKit/537.36 (KHTML, like Gecko) Chrome/91.0.4472.88 Mobile Safari/537.36"
223.228.246.72 - - [09/Aug/2021:17:03:57 +0000] "GET /galleryimg/e06eab75ec630df006f110cced74726c.jpg HTTP/1.1" 200 378217 "http://www.indiatravelkart.com/" "Mozilla/5.0 (Linux; Android 11; SM-M515F) AppleWebKit/537.36 (KHTML, like Gecko) Chrome/91.0.4472.88 Mobile Safari/537.36"
223.228.246.72 - - [09/Aug/2021:17:03:59 +0000] "GET /img/favicon.ico HTTP/1.1" 200 1150 "http://www.indiatravelkart.com/" "Mozilla/5.0 (Linux; Android 11; SM-M515F) AppleWebKit/537.36 (KHTML, like Gecko) Chrome/91.0.4472.88 Mobile Safari/537.36"
223.228.246.72 - - [09/Aug/2021:17:04:02 +0000] "GET /galleryimg/29237e4e8c812419f8af7e905fdbf24e.jpg HTTP/1.1" 200 113570 "http://www.indiatravelkart.com/" "Mozilla/5.0 (Linux; Android 11; SM-M515F) AppleWebKit/537.36 (KHTML, like Gecko) Chrome/91.0.4472.88 Mobile Safari/537.36"
223.228.246.72 - - [09/Aug/2021:17:04:03 +0000] "GET /galleryimg/167d26d9d1e0c58ca9ca4cc4db85e5d7.jpg HTTP/1.1" 200 325975 "http://www.indiatravelkart.com/" "Mozilla/5.0 (Linux; Android 11; SM-M515F) AppleWebKit/537.36 (KHTML, like Gecko) Chrome/91.0.4472.88 Mobile Safari/537.36"
223.228.246.72 - - [09/Aug/2021:17:04:04 +0000] "GET /galleryimg/57419392.jpg HTTP/1.1" 200 916910 "http://www.indiatravelkart.com/" "Mozilla/5.0 (Linux; Android 11; SM-M515F) AppleWebKit/537.36 (KHTML, like Gecko) Chrome/91.0.4472.88 Mobile Safari/537.36"
223.228.246.72 - - [09/Aug/2021:17:04:05 +0000] "GET /img/banner/transparent-2-gray.png HTTP/1.1" 200 4688 "http://www.indiatravelkart.com/style.css" "Mozilla/5.0 (Linux; Android 11; SM-M515F) AppleWebKit/537.36 (KHTML, like Gecko) Chrome/91.0.4472.88 Mobile Safari/537.36"
223.228.246.72 - - [09/Aug/2021:17:04:05 +0000] "GET /img/banner/transparent-2.png HTTP/1.1" 200 4229 "http://www.indiatravelkart.com/style.css" "Mozilla/5.0 (Linux; Android 11; SM-M515F) AppleWebKit/537.36 (KHTML, like Gecko) Chrome/91.0.4472.88 Mobile Safari/537.36"
223.228.246.72 - - [09/Aug/2021:17:04:04 +0000] "GET /img/banner/10.jpg HTTP/1.1" 200 467630 "http://www.indiatravelkart.com/style.css" "Mozilla/5.0 (Linux; Android 11; SM-M515F) AppleWebKit/537.36 (KHTML, like Gecko) Chrome/91.0.4472.88 Mobile Safari/537.36"
223.228.246.72 - - [09/Aug/2021:17:04:05 +0000] "GET /img/banner/11.jpg HTTP/1.1" 200 496051 "http://www.indiatravelkart.com/style.css" "Mozilla/5.0 (Linux; Android 11; SM-M515F) AppleWebKit/537.36 (KHTML, like Gecko) Chrome/91.0.4472.88 Mobile Safari/537.36"
223.228.246.72 - - [09/Aug/2021:17:04:07 +0000] "GET /img/payment.png HTTP/1.1" 200 13240 "http://www.indiatravelkart.com/" "Mozilla/5.0 (Linux; Android 11; SM-M515F) AppleWebKit/537.36 (KHTML, like Gecko) Chrome/91.0.4472.88 Mobile Safari/537.36"
223.228.246.72 - - [09/Aug/2021:17:04:08 +0000] "GET /galleryimg/6663220download%20(2).jpg HTTP/1.1" 200 13499 "http://www.indiatravelkart.com/" "Mozilla/5.0 (Linux; Android 11; SM-M515F) AppleWebKit/537.36 (KHTML, like Gecko) Chrome/91.0.4472.88 Mobile Safari/537.36"
49.7.20.92 - - [09/Aug/2021:17:14:20 +0000] "GET / HTTP/1.1" 200 78293 "-" "Sogou web spider/4.0(+http://www.sogou.com/docs/help/webmasters.htm#07)"
66.249.68.23 - - [09/Aug/2021:17:15:20 +0000] "GET /tour-package.php?id=24 HTTP/1.1" 200 57948 "-" "Mozilla/5.0 (Linux; Android 6.0.1; Nexus 5X Build/MMB29P) AppleWebKit/537.36 (KHTML, like Gecko) Chrome/92.0.4515.119 Mobile Safari/537.36 (compatible; Googlebot/2.1; +http://www.google.com/bot.html)"
106.38.241.120 - - [09/Aug/2021:17:43:01 +0000] "GET / HTTP/1.1" 200 78293 "-" "Sogou web spider/4.0(+http://www.sogou.com/docs/help/webmasters.htm#07)"
114.119.159.183 - - [09/Aug/2021:17:43:17 +0000] "GET /galleryimg/9185135images.jpg HTTP/1.1" 200 10145 "-" "Mozilla/5.0 (Linux; Android 7.0;) AppleWebKit/537.36 (KHTML, like Gecko) Mobile Safari/537.36 (compatible; PetalBot;+https://webmaster.petalsearch.com/site/petalbot)"
49.7.20.92 - - [09/Aug/2021:17:44:24 +0000] "GET / HTTP/1.1" 200 78293 "-" "Sogou web spider/4.0(+http://www.sogou.com/docs/help/webmasters.htm#07)"
114.119.156.152 - - [09/Aug/2021:18:12:16 +0000] "GET /galleryimg/e06eab75ec630df006f110cced74726c.jpg HTTP/1.1" 200 378217 "-" "Mozilla/5.0 (Linux; Android 7.0;) AppleWebKit/537.36 (KHTML, like Gecko) Mobile Safari/537.36 (compatible; PetalBot;+https://webmaster.petalsearch.com/site/petalbot)"
49.7.20.92 - - [09/Aug/2021:18:14:23 +0000] "GET / HTTP/1.1" 200 78293 "-" "Sogou web spider/4.0(+http://www.sogou.com/docs/help/webmasters.htm#07)"
20.83.43.218 - - [09/Aug/2021:18:14:54 +0000] "GET /.env HTTP/1.1" 301 243 "-" "Mozilla/5.0 (X11; Linux x86_64) AppleWebKit/537.36 (KHTML, like Gecko) Chrome/81.0.4044.129 Safari/537.36"
20.83.43.218 - - [09/Aug/2021:18:14:58 +0000] "POST / HTTP/1.1" 200 78293 "-" "Mozilla/5.0 (X11; Linux x86_64) AppleWebKit/537.36 (KHTML, like Gecko) Chrome/81.0.4044.129 Safari/537.36"
20.83.43.218 - - [09/Aug/2021:18:15:04 +0000] "GET /.env HTTP/1.1" 302 215 "-" "Mozilla/5.0 (X11; Linux x86_64) AppleWebKit/537.36 (KHTML, like Gecko) Chrome/81.0.4044.129 Safari/537.36"
20.83.43.218 - - [09/Aug/2021:18:15:08 +0000] "POST / HTTP/1.1" 302 211 "-" "Mozilla/5.0 (X11; Linux x86_64) AppleWebKit/537.36 (KHTML, like Gecko) Chrome/81.0.4044.129 Safari/537.36"
106.38.241.120 - - [09/Aug/2021:18:17:41 +0000] "GET / HTTP/1.1" 200 78293 "-" "Sogou web spider/4.0(+http://www.sogou.com/docs/help/webmasters.htm#07)"
114.119.155.175 - - [09/Aug/2021:18:22:09 +0000] "GET /galleryimg/8240304sri-lanka-elephants-bathing.jpg.pagespeed.ce.de5uXX-o8F.jpg HTTP/1.1" 200 40746 "-" "Mozilla/5.0 (Linux; Android 7.0;) AppleWebKit/537.36 (KHTML, like Gecko) Mobile Safari/537.36 (compatible; PetalBot;+https://webmaster.petalsearch.com/site/petalbot)"
34.78.233.187 - - [09/Aug/2021:18:25:00 +0000] "GET / HTTP/1.1" 200 78293 "-" "Mozilla/5.0 (Macintosh; Intel Mac OS X 10_15_1) AppleWebKit/537.36 (KHTML, like Gecko) Chrome/78.0.3904.108 Safari/537.36"
34.78.233.187 - - [09/Aug/2021:18:25:00 +0000] "GET / HTTP/1.1" 302 211 "-" "Mozilla/5.0 (Macintosh; Intel Mac OS X 10_15_1) AppleWebKit/537.36 (KHTML, like Gecko) Chrome/78.0.3904.108 Safari/537.36"
34.78.233.187 - - [09/Aug/2021:18:25:01 +0000] "GET /contact.php HTTP/1.1" 200 57552 "-" "Mozilla/5.0 (Macintosh; Intel Mac OS X 10_15_1) AppleWebKit/537.36 (KHTML, like Gecko) Chrome/78.0.3904.108 Safari/537.36"
34.78.233.187 - - [09/Aug/2021:18:25:01 +0000] "GET / HTTP/1.1" 200 78293 "-" "Mozilla/5.0 (Macintosh; Intel Mac OS X 10_15_1) AppleWebKit/537.36 (KHTML, like Gecko) Chrome/78.0.3904.108 Safari/537.36"
34.78.233.187 - - [09/Aug/2021:18:25:01 +0000] "GET /index.php HTTP/1.1" 301 235 "-" "Mozilla/5.0 (Macintosh; Intel Mac OS X 10_15_1) AppleWebKit/537.36 (KHTML, like Gecko) Chrome/78.0.3904.108 Safari/537.36"
34.78.233.187 - - [09/Aug/2021:18:25:01 +0000] "GET /pagecontents.php?url=Terms-and-Conditions HTTP/1.1" 200 53481 "-" "Mozilla/5.0 (Macintosh; Intel Mac OS X 10_15_1) AppleWebKit/537.36 (KHTML, like Gecko) Chrome/78.0.3904.108 Safari/537.36"
34.78.233.187 - - [09/Aug/2021:18:25:01 +0000] "GET /pagecontents.php?url=Privacy-Policy HTTP/1.1" 200 51008 "-" "Mozilla/5.0 (Macintosh; Intel Mac OS X 10_15_1) AppleWebKit/537.36 (KHTML, like Gecko) Chrome/78.0.3904.108 Safari/537.36"
34.78.233.187 - - [09/Aug/2021:18:25:01 +0000] "GET /pagecontents.php?url=Cancellation-Policy HTTP/1.1" 200 50964 "-" "Mozilla/5.0 (Macintosh; Intel Mac OS X 10_15_1) AppleWebKit/537.36 (KHTML, like Gecko) Chrome/78.0.3904.108 Safari/537.36"
34.78.233.187 - - [09/Aug/2021:18:25:01 +0000] "GET /pagecontents.php?url=Return-and-Refund-Policy HTTP/1.1" 200 50964 "-" "Mozilla/5.0 (Macintosh; Intel Mac OS X 10_15_1) AppleWebKit/537.36 (KHTML, like Gecko) Chrome/78.0.3904.108 Safari/537.36"
34.78.233.187 - - [09/Aug/2021:18:25:01 +0000] "GET /services.php HTTP/1.1" 200 56425 "-" "Mozilla/5.0 (Macintosh; Intel Mac OS X 10_15_1) AppleWebKit/537.36 (KHTML, like Gecko) Chrome/78.0.3904.108 Safari/537.36"
34.78.233.187 - - [09/Aug/2021:18:25:01 +0000] "GET /tour-package.php?id=1 HTTP/1.1" 200 65712 "-" "Mozilla/5.0 (Macintosh; Intel Mac OS X 10_15_1) AppleWebKit/537.36 (KHTML, like Gecko) Chrome/78.0.3904.108 Safari/537.36"
34.78.233.187 - - [09/Aug/2021:18:25:01 +0000] "GET /about.php HTTP/1.1" 200 57479 "-" "Mozilla/5.0 (Macintosh; Intel Mac OS X 10_15_1) AppleWebKit/537.36 (KHTML, like Gecko) Chrome/78.0.3904.108 Safari/537.36"
34.78.233.187 - - [09/Aug/2021:18:25:01 +0000] "GET /GoaTour.html HTTP/1.1" 200 60668 "-" "Mozilla/5.0 (Macintosh; Intel Mac OS X 10_15_1) AppleWebKit/537.36 (KHTML, like Gecko) Chrome/78.0.3904.108 Safari/537.36"
34.78.233.187 - - [09/Aug/2021:18:25:01 +0000] "GET /KashmirTour.html HTTP/1.1" 200 59335 "-" "Mozilla/5.0 (Macintosh; Intel Mac OS X 10_15_1) AppleWebKit/537.36 (KHTML, like Gecko) Chrome/78.0.3904.108 Safari/537.36"
34.78.233.187 - - [09/Aug/2021:18:25:01 +0000] "GET /CORBETTTOUR.html HTTP/1.1" 200 59226 "-" "Mozilla/5.0 (Macintosh; Intel Mac OS X 10_15_1) AppleWebKit/537.36 (KHTML, like Gecko) Chrome/78.0.3904.108 Safari/537.36"
34.78.233.187 - - [09/Aug/2021:18:25:02 +0000] "GET /tour-package.php?id=10 HTTP/1.1" 200 55085 "-" "Mozilla/5.0 (Macintosh; Intel Mac OS X 10_15_1) AppleWebKit/537.36 (KHTML, like Gecko) Chrome/78.0.3904.108 Safari/537.36"
34.78.233.187 - - [09/Aug/2021:18:25:02 +0000] "GET /tour-package.php?id=12 HTTP/1.1" 200 55085 "-" "Mozilla/5.0 (Macintosh; Intel Mac OS X 10_15_1) AppleWebKit/537.36 (KHTML, like Gecko) Chrome/78.0.3904.108 Safari/537.36"
34.78.233.187 - - [09/Aug/2021:18:25:02 +0000] "GET /tour-package.php?id=27 HTTP/1.1" 200 58674 "-" "Mozilla/5.0 (Macintosh; Intel Mac OS X 10_15_1) AppleWebKit/537.36 (KHTML, like Gecko) Chrome/78.0.3904.108 Safari/537.36"
34.78.233.187 - - [09/Aug/2021:18:25:02 +0000] "GET / HTTP/1.1" 200 78293 "-" "Mozilla/5.0 (Macintosh; Intel Mac OS X 10_15_1) AppleWebKit/537.36 (KHTML, like Gecko) Chrome/78.0.3904.108 Safari/537.36"
34.78.233.187 - - [09/Aug/2021:18:25:02 +0000] "GET /tour-package.php?id=28 HTTP/1.1" 200 65751 "-" "Mozilla/5.0 (Macintosh; Intel Mac OS X 10_15_1) AppleWebKit/537.36 (KHTML, like Gecko) Chrome/78.0.3904.108 Safari/537.36"
34.78.233.187 - - [09/Aug/2021:18:25:02 +0000] "GET /tour-package.php?id=15 HTTP/1.1" 200 65841 "-" "Mozilla/5.0 (Macintosh; Intel Mac OS X 10_15_1) AppleWebKit/537.36 (KHTML, like Gecko) Chrome/78.0.3904.108 Safari/537.36"
34.78.233.187 - - [09/Aug/2021:18:25:02 +0000] "GET /NainitalTour.html HTTP/1.1" 200 58923 "-" "Mozilla/5.0 (Macintosh; Intel Mac OS X 10_15_1) AppleWebKit/537.36 (KHTML, like Gecko) Chrome/78.0.3904.108 Safari/537.36"
34.78.233.187 - - [09/Aug/2021:18:25:02 +0000] "GET /tour-package.php?id=23 HTTP/1.1" 200 57946 "-" "Mozilla/5.0 (Macintosh; Intel Mac OS X 10_15_1) AppleWebKit/537.36 (KHTML, like Gecko) Chrome/78.0.3904.108 Safari/537.36"
40.77.167.103 - - [09/Aug/2021:18:30:52 +0000] "GET /cruise-tour-packages.php/js/jquery-price-slider.js HTTP/1.1" 302 261 "-" "Mozilla/5.0 (compatible; MSIE 9.0; Windows NT 6.1; Trident/5.0)"
40.77.167.103 - - [09/Aug/2021:18:30:54 +0000] "GET /cruise-tour-packages.php/js/jquery-price-slider.js HTTP/1.1" 200 54000 "-" "Mozilla/5.0 (compatible; MSIE 9.0; Windows NT 6.1; Trident/5.0)"
114.119.129.191 - - [09/Aug/2021:18:31:25 +0000] "GET /galleryimg/64184455.jpg HTTP/1.1" 200 183101 "-" "Mozilla/5.0 (Linux; Android 7.0;) AppleWebKit/537.36 (KHTML, like Gecko) Mobile Safari/537.36 (compatible; PetalBot;+https://webmaster.petalsearch.com/site/petalbot)"
49.7.20.92 - - [09/Aug/2021:18:43:33 +0000] "GET / HTTP/1.1" 200 78293 "-" "Sogou web spider/4.0(+http://www.sogou.com/docs/help/webmasters.htm#07)"
66.249.68.23 - - [09/Aug/2021:18:46:46 +0000] "GET /honeymoon-tour-packages.php HTTP/1.1" 200 53985 "-" "Mozilla/5.0 (Linux; Android 6.0.1; Nexus 5X Build/MMB29P) AppleWebKit/537.36 (KHTML, like Gecko) Chrome/92.0.4515.119 Mobile Safari/537.36 (compatible; Googlebot/2.1; +http://www.google.com/bot.html)"
106.38.241.120 - - [09/Aug/2021:18:52:03 +0000] "GET / HTTP/1.1" 200 78293 "-" "Sogou web spider/4.0(+http://www.sogou.com/docs/help/webmasters.htm#07)"
66.249.68.23 - - [09/Aug/2021:19:03:54 +0000] "GET /beach-tour-packages.php HTTP/1.1" 200 55265 "-" "Mozilla/5.0 (Linux; Android 6.0.1; Nexus 5X Build/MMB29P) AppleWebKit/537.36 (KHTML, like Gecko) Chrome/92.0.4515.119 Mobile Safari/537.36 (compatible; Googlebot/2.1; +http://www.google.com/bot.html)"
49.7.20.92 - - [09/Aug/2021:19:13:40 +0000] "GET / HTTP/1.1" 200 78293 "-" "Sogou web spider/4.0(+http://www.sogou.com/docs/help/webmasters.htm#07)"
106.38.241.120 - - [09/Aug/2021:19:26:39 +0000] "GET / HTTP/1.1" 200 78293 "-" "Sogou web spider/4.0(+http://www.sogou.com/docs/help/webmasters.htm#07)"
66.249.68.27 - - [09/Aug/2021:19:32:29 +0000] "GET /hill-station-tour-packages.php HTTP/1.1" 200 53993 "-" "Mozilla/5.0 (Linux; Android 6.0.1; Nexus 5X Build/MMB29P) AppleWebKit/537.36 (KHTML, like Gecko) Chrome/92.0.4515.119 Mobile Safari/537.36 (compatible; Googlebot/2.1; +http://www.google.com/bot.html)"
49.7.20.92 - - [09/Aug/2021:19:43:29 +0000] "GET / HTTP/1.1" 200 78293 "-" "Sogou web spider/4.0(+http://www.sogou.com/docs/help/webmasters.htm#07)"
106.38.241.120 - - [09/Aug/2021:20:02:04 +0000] "GET / HTTP/1.1" 200 78293 "-" "Sogou web spider/4.0(+http://www.sogou.com/docs/help/webmasters.htm#07)"
162.55.85.220 - - [09/Aug/2021:20:06:10 +0000] "GET /robots.txt HTTP/1.1" 301 249 "-" "Mozilla/5.0 (compatible; BLEXBot/1.0; +http://webmeup-crawler.com/)"
162.55.85.220 - - [09/Aug/2021:20:06:10 +0000] "GET /robots.txt HTTP/1.1" 404 78307 "-" "Mozilla/5.0 (compatible; BLEXBot/1.0; +http://webmeup-crawler.com/)"
162.55.85.220 - - [09/Aug/2021:20:06:10 +0000] "GET /BestKeralaAyurveda.html HTTP/1.1" 200 61542 "-" "Mozilla/5.0 (compatible; BLEXBot/1.0; +http://webmeup-crawler.com/)"
54.36.149.85 - - [09/Aug/2021:20:10:14 +0000] "GET /robots.txt HTTP/1.1" 301 249 "-" "Mozilla/5.0 (compatible; AhrefsBot/7.0; +http://ahrefs.com/robot/)"
54.36.149.85 - - [09/Aug/2021:20:10:15 +0000] "GET /robots.txt HTTP/1.1" 404 78307 "-" "Mozilla/5.0 (compatible; AhrefsBot/7.0; +http://ahrefs.com/robot/)"
54.36.149.61 - - [09/Aug/2021:20:10:16 +0000] "GET / HTTP/1.1" 200 78293 "-" "Mozilla/5.0 (compatible; AhrefsBot/7.0; +http://ahrefs.com/robot/)"
49.7.20.92 - - [09/Aug/2021:20:13:51 +0000] "GET / HTTP/1.1" 200 78293 "-" "Sogou web spider/4.0(+http://www.sogou.com/docs/help/webmasters.htm#07)"
162.55.85.220 - - [09/Aug/2021:20:14:16 +0000] "GET /robots.txt HTTP/1.1" 301 249 "-" "Mozilla/5.0 (compatible; BLEXBot/1.0; +http://webmeup-crawler.com/)"
162.55.85.220 - - [09/Aug/2021:20:14:16 +0000] "GET /robots.txt HTTP/1.1" 404 78307 "-" "Mozilla/5.0 (compatible; BLEXBot/1.0; +http://webmeup-crawler.com/)"
162.55.85.220 - - [09/Aug/2021:20:14:17 +0000] "GET /ChardhamYatra.html HTTP/1.1" 200 60426 "-" "Mozilla/5.0 (compatible; BLEXBot/1.0; +http://webmeup-crawler.com/)"
192.99.5.228 - - [09/Aug/2021:20:20:23 +0000] "GET /robots.txt HTTP/1.1" 302 221 "-" "Mozilla/5.0 (compatible; MJ12bot/v1.4.8; http://mj12bot.com/)"
192.99.5.228 - - [09/Aug/2021:20:20:34 +0000] "GET /robots.txt HTTP/1.1" 301 249 "-" "Mozilla/5.0 (compatible; MJ12bot/v1.4.8; http://mj12bot.com/)"
192.99.5.228 - - [09/Aug/2021:20:20:45 +0000] "GET /robots.txt HTTP/1.1" 404 78307 "-" "Mozilla/5.0 (compatible; MJ12bot/v1.4.8; http://mj12bot.com/)"
192.99.5.228 - - [09/Aug/2021:20:21:34 +0000] "GET /Hongkong%E2%80%93Macau%E2%80%93DisneylandTour.html HTTP/1.1" 302 261 "-" "Mozilla/5.0 (compatible; MJ12bot/v1.4.8; http://mj12bot.com/)"
192.99.5.228 - - [09/Aug/2021:20:22:16 +0000] "GET /Hongkong%E2%80%93Macau%E2%80%93DisneylandTour.html HTTP/1.1" 301 289 "-" "Mozilla/5.0 (compatible; MJ12bot/v1.4.8; http://mj12bot.com/)"
162.55.85.220 - - [09/Aug/2021:20:22:54 +0000] "GET /robots.txt HTTP/1.1" 301 249 "-" "Mozilla/5.0 (compatible; BLEXBot/1.0; +http://webmeup-crawler.com/)"
162.55.85.220 - - [09/Aug/2021:20:22:54 +0000] "GET /robots.txt HTTP/1.1" 404 78307 "-" "Mozilla/5.0 (compatible; BLEXBot/1.0; +http://webmeup-crawler.com/)"
162.55.85.220 - - [09/Aug/2021:20:22:55 +0000] "GET /GangtokDarjeelingTour.html HTTP/1.1" 200 62827 "-" "Mozilla/5.0 (compatible; BLEXBot/1.0; +http://webmeup-crawler.com/)"
192.99.5.228 - - [09/Aug/2021:20:22:59 +0000] "GET /Hongkong%E2%80%93Macau%E2%80%93DisneylandTour.html HTTP/1.1" 200 62383 "-" "Mozilla/5.0 (compatible; MJ12bot/v1.4.8; http://mj12bot.com/)"
192.99.5.228 - - [09/Aug/2021:20:23:38 +0000] "GET /Hongkong%E2%80%93Macau%E2%80%93Shenzhen%E2%80%93DisneylandTour.html HTTP/1.1" 302 278 "-" "Mozilla/5.0 (compatible; MJ12bot/v1.4.8; http://mj12bot.com/)"
40.77.167.103 - - [09/Aug/2021:20:24:05 +0000] "GET / HTTP/1.1" 302 211 "-" "Mozilla/5.0 (compatible; bingbot/2.0; +http://www.bing.com/bingbot.htm)"
40.77.167.103 - - [09/Aug/2021:20:24:07 +0000] "GET / HTTP/1.1" 200 78293 "-" "Mozilla/5.0 (compatible; bingbot/2.0; +http://www.bing.com/bingbot.htm)"
40.77.189.214 - - [09/Aug/2021:20:24:09 +0000] "GET /css/font-awesome.min.css HTTP/1.1" 200 27490 "http://indiatravelkart.com/" "Mozilla/5.0 (Windows NT 6.1; WOW64) AppleWebKit/534+ (KHTML, like Gecko) BingPreview/1.0b"
40.77.189.214 - - [09/Aug/2021:20:24:09 +0000] "GET /css/bootstrap.min.css HTTP/1.1" 200 138183 "http://indiatravelkart.com/" "Mozilla/5.0 (Windows NT 6.1; WOW64) AppleWebKit/534+ (KHTML, like Gecko) BingPreview/1.0b"
40.77.189.214 - - [09/Aug/2021:20:24:10 +0000] "GET /css/owl.carousel.css HTTP/1.1" 200 7603 "http://indiatravelkart.com/" "Mozilla/5.0 (Windows NT 6.1; WOW64) AppleWebKit/534+ (KHTML, like Gecko) BingPreview/1.0b"
40.77.189.214 - - [09/Aug/2021:20:24:10 +0000] "GET /css/jquery-ui.css HTTP/1.1" 200 35228 "http://indiatravelkart.com/" "Mozilla/5.0 (Windows NT 6.1; WOW64) AppleWebKit/534+ (KHTML, like Gecko) BingPreview/1.0b"
40.77.189.214 - - [09/Aug/2021:20:24:10 +0000] "GET /css/meanmenu.min.css HTTP/1.1" 200 2732 "http://indiatravelkart.com/" "Mozilla/5.0 (Windows NT 6.1; WOW64) AppleWebKit/534+ (KHTML, like Gecko) BingPreview/1.0b"
40.77.189.214 - - [09/Aug/2021:20:24:10 +0000] "GET /css/animate.css HTTP/1.1" 200 70824 "http://indiatravelkart.com/" "Mozilla/5.0 (Windows NT 6.1; WOW64) AppleWebKit/534+ (KHTML, like Gecko) BingPreview/1.0b"
40.77.189.214 - - [09/Aug/2021:20:24:10 +0000] "GET /lib/nivo-slider/css/nivo-slider.css HTTP/1.1" 200 8098 "http://indiatravelkart.com/" "Mozilla/5.0 (Windows NT 6.1; WOW64) AppleWebKit/534+ (KHTML, like Gecko) BingPreview/1.0b"
40.77.189.214 - - [09/Aug/2021:20:24:10 +0000] "GET /lib/nivo-slider/css/preview.css HTTP/1.1" 200 5624 "http://indiatravelkart.com/" "Mozilla/5.0 (Windows NT 6.1; WOW64) AppleWebKit/534+ (KHTML, like Gecko) BingPreview/1.0b"
40.77.189.214 - - [09/Aug/2021:20:24:10 +0000] "GET /css/responsive.css HTTP/1.1" 200 27655 "http://indiatravelkart.com/" "Mozilla/5.0 (Windows NT 6.1; WOW64) AppleWebKit/534+ (KHTML, like Gecko) BingPreview/1.0b"
40.77.189.214 - - [09/Aug/2021:20:24:10 +0000] "GET /js/vendor/modernizr-2.8.3.min.js HTTP/1.1" 200 15514 "http://indiatravelkart.com/" "Mozilla/5.0 (Windows NT 6.1; WOW64) AppleWebKit/534+ (KHTML, like Gecko) BingPreview/1.0b"
40.77.189.214 - - [09/Aug/2021:20:24:10 +0000] "GET /scripts/gen_validatorv4.js HTTP/1.1" 200 32085 "http://indiatravelkart.com/" "Mozilla/5.0 (Windows NT 6.1; WOW64) AppleWebKit/534+ (KHTML, like Gecko) BingPreview/1.0b"
40.77.189.214 - - [09/Aug/2021:20:24:10 +0000] "GET /style.css HTTP/1.1" 200 115813 "http://indiatravelkart.com/" "Mozilla/5.0 (Windows NT 6.1; WOW64) AppleWebKit/534+ (KHTML, like Gecko) BingPreview/1.0b"
40.77.189.214 - - [09/Aug/2021:20:24:11 +0000] "GET /js/vendor/jquery-1.11.3.min.js HTTP/1.1" 200 95992 "http://indiatravelkart.com/" "Mozilla/5.0 (Windows NT 6.1; WOW64) AppleWebKit/534+ (KHTML, like Gecko) BingPreview/1.0b"
40.77.189.214 - - [09/Aug/2021:20:24:12 +0000] "GET /js/bootstrap.min.js HTTP/1.1" 200 36868 "http://indiatravelkart.com/" "Mozilla/5.0 (Windows NT 6.1; WOW64) AppleWebKit/534+ (KHTML, like Gecko) BingPreview/1.0b"
40.77.189.214 - - [09/Aug/2021:20:24:12 +0000] "GET /lib/nivo-slider/home.js HTTP/1.1" 200 724 "http://indiatravelkart.com/" "Mozilla/5.0 (Windows NT 6.1; WOW64) AppleWebKit/534+ (KHTML, like Gecko) BingPreview/1.0b"
40.77.189.214 - - [09/Aug/2021:20:24:12 +0000] "GET /lib/nivo-slider/js/jquery.nivo.slider.js HTTP/1.1" 200 29113 "http://indiatravelkart.com/" "Mozilla/5.0 (Windows NT 6.1; WOW64) AppleWebKit/534+ (KHTML, like Gecko) BingPreview/1.0b"
40.77.189.214 - - [09/Aug/2021:20:24:12 +0000] "GET /js/jquery.meanmenu.js HTTP/1.1" 200 11467 "http://indiatravelkart.com/" "Mozilla/5.0 (Windows NT 6.1; WOW64) AppleWebKit/534+ (KHTML, like Gecko) BingPreview/1.0b"
40.77.189.214 - - [09/Aug/2021:20:24:12 +0000] "GET /js/wow.min.js HTTP/1.1" 200 8426 "http://indiatravelkart.com/" "Mozilla/5.0 (Windows NT 6.1; WOW64) AppleWebKit/534+ (KHTML, like Gecko) BingPreview/1.0b"
40.77.189.214 - - [09/Aug/2021:20:24:12 +0000] "GET /js/owl.carousel.min.js HTTP/1.1" 200 23890 "http://indiatravelkart.com/" "Mozilla/5.0 (Windows NT 6.1; WOW64) AppleWebKit/534+ (KHTML, like Gecko) BingPreview/1.0b"
40.77.189.214 - - [09/Aug/2021:20:24:12 +0000] "GET /js/jquery-price-slider.js HTTP/1.1" 200 24017 "http://indiatravelkart.com/" "Mozilla/5.0 (Windows NT 6.1; WOW64) AppleWebKit/534+ (KHTML, like Gecko) BingPreview/1.0b"
40.77.189.214 - - [09/Aug/2021:20:24:12 +0000] "GET /js/jquery.scrollUp.min.js HTTP/1.1" 200 2035 "http://indiatravelkart.com/" "Mozilla/5.0 (Windows NT 6.1; WOW64) AppleWebKit/534+ (KHTML, like Gecko) BingPreview/1.0b"
40.77.189.214 - - [09/Aug/2021:20:24:12 +0000] "GET /js/waypoints.min.js HTTP/1.1" 200 8044 "http://indiatravelkart.com/" "Mozilla/5.0 (Windows NT 6.1; WOW64) AppleWebKit/534+ (KHTML, like Gecko) BingPreview/1.0b"
40.77.189.214 - - [09/Aug/2021:20:24:12 +0000] "GET /js/plugins.js HTTP/1.1" 200 760 "http://indiatravelkart.com/" "Mozilla/5.0 (Windows NT 6.1; WOW64) AppleWebKit/534+ (KHTML, like Gecko) BingPreview/1.0b"
40.77.189.214 - - [09/Aug/2021:20:24:12 +0000] "GET /js/jquery.counterup.min.js HTTP/1.1" 200 1067 "http://indiatravelkart.com/" "Mozilla/5.0 (Windows NT 6.1; WOW64) AppleWebKit/534+ (KHTML, like Gecko) BingPreview/1.0b"
40.77.189.214 - - [09/Aug/2021:20:24:12 +0000] "GET /js/main.js HTTP/1.1" 200 2518 "http://indiatravelkart.com/" "Mozilla/5.0 (Windows NT 6.1; WOW64) AppleWebKit/534+ (KHTML, like Gecko) BingPreview/1.0b"
40.77.189.214 - - [09/Aug/2021:20:24:13 +0000] "GET /fonts/fontawesome-webfont3295.woff2?v=4.5.0 HTTP/1.1" 200 66624 "http://indiatravelkart.com/css/font-awesome.min.css" "Mozilla/5.0 (Windows NT 6.1; WOW64) AppleWebKit/534+ (KHTML, like Gecko) BingPreview/1.0b"
192.99.5.228 - - [09/Aug/2021:20:24:17 +0000] "GET /Hongkong%E2%80%93Macau%E2%80%93Shenzhen%E2%80%93DisneylandTour.html HTTP/1.1" 301 306 "-" "Mozilla/5.0 (compatible; MJ12bot/v1.4.8; http://mj12bot.com/)"
192.99.5.228 - - [09/Aug/2021:20:25:01 +0000] "GET /Hongkong%E2%80%93Macau%E2%80%93Shenzhen%E2%80%93DisneylandTour.html HTTP/1.1" 200 66098 "-" "Mozilla/5.0 (compatible; MJ12bot/v1.4.8; http://mj12bot.com/)"
192.99.5.228 - - [09/Aug/2021:20:25:38 +0000] "GET /Hongkong%E2%80%93Macau%E2%80%93DisneylandTour.html HTTP/1.1" 200 62383 "-" "Mozilla/5.0 (compatible; MJ12bot/v1.4.8; http://mj12bot.com/)"
192.99.5.228 - - [09/Aug/2021:20:26:28 +0000] "GET /Hongkong%E2%80%93Macau%E2%80%93Shenzhen%E2%80%93DisneylandTour.html HTTP/1.1" 200 66098 "-" "Mozilla/5.0 (compatible; MJ12bot/v1.4.8; http://mj12bot.com/)"
162.55.85.220 - - [09/Aug/2021:20:29:14 +0000] "GET /robots.txt HTTP/1.1" 301 249 "-" "Mozilla/5.0 (compatible; BLEXBot/1.0; +http://webmeup-crawler.com/)"
162.55.85.220 - - [09/Aug/2021:20:29:14 +0000] "GET /robots.txt HTTP/1.1" 404 78307 "-" "Mozilla/5.0 (compatible; BLEXBot/1.0; +http://webmeup-crawler.com/)"
162.55.85.220 - - [09/Aug/2021:20:29:15 +0000] "GET /HimachalTourPackage.html HTTP/1.1" 200 60429 "-" "Mozilla/5.0 (compatible; BLEXBot/1.0; +http://webmeup-crawler.com/)"
162.55.85.220 - - [09/Aug/2021:20:35:36 +0000] "GET /robots.txt HTTP/1.1" 301 249 "-" "Mozilla/5.0 (compatible; BLEXBot/1.0; +http://webmeup-crawler.com/)"
162.55.85.220 - - [09/Aug/2021:20:35:36 +0000] "GET /robots.txt HTTP/1.1" 404 78307 "-" "Mozilla/5.0 (compatible; BLEXBot/1.0; +http://webmeup-crawler.com/)"
162.55.85.220 - - [09/Aug/2021:20:35:36 +0000] "GET /JKTourwithNewDelhiAgra.html HTTP/1.1" 200 63128 "-" "Mozilla/5.0 (compatible; BLEXBot/1.0; +http://webmeup-crawler.com/)"
106.38.241.120 - - [09/Aug/2021:20:36:21 +0000] "GET / HTTP/1.1" 200 78293 "-" "Sogou web spider/4.0(+http://www.sogou.com/docs/help/webmasters.htm#07)"
162.55.85.220 - - [09/Aug/2021:20:40:52 +0000] "GET /robots.txt HTTP/1.1" 301 249 "-" "Mozilla/5.0 (compatible; BLEXBot/1.0; +http://webmeup-crawler.com/)"
162.55.85.220 - - [09/Aug/2021:20:40:53 +0000] "GET /robots.txt HTTP/1.1" 404 78307 "-" "Mozilla/5.0 (compatible; BLEXBot/1.0; +http://webmeup-crawler.com/)"
162.55.85.220 - - [09/Aug/2021:20:40:54 +0000] "GET /JammuKashmirTour.html HTTP/1.1" 200 62875 "-" "Mozilla/5.0 (compatible; BLEXBot/1.0; +http://webmeup-crawler.com/)"
49.7.20.92 - - [09/Aug/2021:20:43:51 +0000] "GET / HTTP/1.1" 200 78293 "-" "Sogou web spider/4.0(+http://www.sogou.com/docs/help/webmasters.htm#07)"
162.55.85.220 - - [09/Aug/2021:20:47:57 +0000] "GET /robots.txt HTTP/1.1" 301 249 "-" "Mozilla/5.0 (compatible; BLEXBot/1.0; +http://webmeup-crawler.com/)"
162.55.85.220 - - [09/Aug/2021:20:47:57 +0000] "GET /robots.txt HTTP/1.1" 404 78307 "-" "Mozilla/5.0 (compatible; BLEXBot/1.0; +http://webmeup-crawler.com/)"
162.55.85.220 - - [09/Aug/2021:20:47:59 +0000] "GET /KashmirTourism.html HTTP/1.1" 200 62026 "-" "Mozilla/5.0 (compatible; BLEXBot/1.0; +http://webmeup-crawler.com/)"
34.139.55.60 - - [09/Aug/2021:20:52:45 +0000] "GET /robots.txt HTTP/1.0" 404 78307 "-" "ZoominfoBot (zoominfobot at zoominfo dot com)"
34.139.55.60 - - [09/Aug/2021:20:52:47 +0000] "GET /tour-package.php?id=17 HTTP/1.0" 200 61812 "-" "ZoominfoBot (zoominfobot at zoominfo dot com)"
162.55.85.220 - - [09/Aug/2021:20:53:20 +0000] "GET /robots.txt HTTP/1.1" 301 249 "-" "Mozilla/5.0 (compatible; BLEXBot/1.0; +http://webmeup-crawler.com/)"
162.55.85.220 - - [09/Aug/2021:20:53:20 +0000] "GET /robots.txt HTTP/1.1" 404 78307 "-" "Mozilla/5.0 (compatible; BLEXBot/1.0; +http://webmeup-crawler.com/)"
162.55.85.220 - - [09/Aug/2021:20:53:21 +0000] "GET /MunnarThekkadyTourPackage.html HTTP/1.1" 200 62326 "-" "Mozilla/5.0 (compatible; BLEXBot/1.0; +http://webmeup-crawler.com/)"
170.84.228.84 - - [09/Aug/2021:20:57:45 +0000] "GET /contact.php HTTP/1.0" 302 222 "-" "Mozilla/5.0 (Macintosh; Intel Mac OS X 10_13_4) AppleWebKit/537.36 (KHTML, like Gecko) Chrome/61.0.3163.79 Safari/537.36"
170.84.228.84 - - [09/Aug/2021:20:57:46 +0000] "GET /contact.php HTTP/1.0" 200 57552 "-" "Mozilla/5.0 (Macintosh; Intel Mac OS X 10_13_4) AppleWebKit/537.36 (KHTML, like Gecko) Chrome/61.0.3163.79 Safari/537.36"
162.55.85.220 - - [09/Aug/2021:20:58:09 +0000] "GET /robots.txt HTTP/1.1" 301 249 "-" "Mozilla/5.0 (compatible; BLEXBot/1.0; +http://webmeup-crawler.com/)"
162.55.85.220 - - [09/Aug/2021:20:58:10 +0000] "GET /robots.txt HTTP/1.1" 404 78307 "-" "Mozilla/5.0 (compatible; BLEXBot/1.0; +http://webmeup-crawler.com/)"
162.55.85.220 - - [09/Aug/2021:20:58:10 +0000] "GET /RajasthanCarTour.html HTTP/1.1" 200 68297 "-" "Mozilla/5.0 (compatible; BLEXBot/1.0; +http://webmeup-crawler.com/)"
162.55.85.220 - - [09/Aug/2021:21:01:55 +0000] "GET /robots.txt HTTP/1.1" 301 249 "-" "Mozilla/5.0 (compatible; BLEXBot/1.0; +http://webmeup-crawler.com/)"
162.55.85.220 - - [09/Aug/2021:21:01:56 +0000] "GET /robots.txt HTTP/1.1" 404 78307 "-" "Mozilla/5.0 (compatible; BLEXBot/1.0; +http://webmeup-crawler.com/)"
162.55.85.220 - - [09/Aug/2021:21:01:56 +0000] "GET /RajasthanTour.html HTTP/1.1" 200 65184 "-" "Mozilla/5.0 (compatible; BLEXBot/1.0; +http://webmeup-crawler.com/)"
34.139.55.60 - - [09/Aug/2021:21:02:06 +0000] "GET /about.php HTTP/1.0" 200 57479 "-" "ZoominfoBot (zoominfobot at zoominfo dot com)"
34.139.55.60 - - [09/Aug/2021:21:05:52 +0000] "GET /RajasthanTour3Days/2Nights.html HTTP/1.0" 404 78328 "-" "ZoominfoBot (zoominfobot at zoominfo dot com)"
162.55.85.220 - - [09/Aug/2021:21:06:27 +0000] "GET /robots.txt HTTP/1.1" 301 249 "-" "Mozilla/5.0 (compatible; BLEXBot/1.0; +http://webmeup-crawler.com/)"
162.55.85.220 - - [09/Aug/2021:21:06:27 +0000] "GET /robots.txt HTTP/1.1" 404 78307 "-" "Mozilla/5.0 (compatible; BLEXBot/1.0; +http://webmeup-crawler.com/)"
162.55.85.220 - - [09/Aug/2021:21:06:27 +0000] "GET /RajasthanTour3Days/2Nights.html HTTP/1.1" 404 78328 "-" "Mozilla/5.0 (compatible; BLEXBot/1.0; +http://webmeup-crawler.com/)"
34.139.55.60 - - [09/Aug/2021:21:07:18 +0000] "GET /tour-package.php?id=19 HTTP/1.0" 200 65720 "-" "ZoominfoBot (zoominfobot at zoominfo dot com)"
207.46.13.73 - - [09/Aug/2021:21:08:41 +0000] "GET /galleryimg/5322521image.jpg HTTP/1.1" 302 238 "-" "Mozilla/5.0 (compatible; bingbot/2.0; +http://www.bing.com/bingbot.htm)"
207.46.13.73 - - [09/Aug/2021:21:08:42 +0000] "GET /galleryimg/5322521image.jpg HTTP/1.1" 200 3186598 "-" "Mozilla/5.0 (compatible; bingbot/2.0; +http://www.bing.com/bingbot.htm)"
34.139.55.60 - - [09/Aug/2021:21:09:47 +0000] "GET /Jammu&KashmirPackages.html HTTP/1.0" 200 56924 "-" "ZoominfoBot (zoominfobot at zoominfo dot com)"
162.55.85.220 - - [09/Aug/2021:21:10:39 +0000] "GET /robots.txt HTTP/1.1" 301 249 "-" "Mozilla/5.0 (compatible; BLEXBot/1.0; +http://webmeup-crawler.com/)"
162.55.85.220 - - [09/Aug/2021:21:10:39 +0000] "GET /robots.txt HTTP/1.1" 404 78307 "-" "Mozilla/5.0 (compatible; BLEXBot/1.0; +http://webmeup-crawler.com/)"
106.38.241.120 - - [09/Aug/2021:21:10:39 +0000] "GET / HTTP/1.1" 200 78293 "-" "Sogou web spider/4.0(+http://www.sogou.com/docs/help/webmasters.htm#07)"
162.55.85.220 - - [09/Aug/2021:21:10:40 +0000] "GET /RajasthanTourPackage.html HTTP/1.1" 200 66881 "-" "Mozilla/5.0 (compatible; BLEXBot/1.0; +http://webmeup-crawler.com/)"
34.139.55.60 - - [09/Aug/2021:21:12:05 +0000] "GET /robots.txt HTTP/1.0" 301 249 "-" "ZoominfoBot (zoominfobot at zoominfo dot com)"
34.139.55.60 - - [09/Aug/2021:21:12:06 +0000] "GET /robots.txt HTTP/1.1" 404 78307 "-" "ZoominfoBot (zoominfobot at zoominfo dot com)"
34.139.55.60 - - [09/Aug/2021:21:12:08 +0000] "GET /tour-package.php?id=1 HTTP/1.0" 200 65712 "-" "ZoominfoBot (zoominfobot at zoominfo dot com)"
162.55.85.220 - - [09/Aug/2021:21:14:31 +0000] "GET /robots.txt HTTP/1.1" 301 249 "-" "Mozilla/5.0 (compatible; BLEXBot/1.0; +http://webmeup-crawler.com/)"
162.55.85.220 - - [09/Aug/2021:21:14:31 +0000] "GET /robots.txt HTTP/1.1" 404 78307 "-" "Mozilla/5.0 (compatible; BLEXBot/1.0; +http://webmeup-crawler.com/)"
162.55.85.220 - - [09/Aug/2021:21:14:31 +0000] "GET /SWEETMEMORYOFKHANGCHENDZONGHA.html HTTP/1.1" 200 61705 "-" "Mozilla/5.0 (compatible; BLEXBot/1.0; +http://webmeup-crawler.com/)"
49.7.20.92 - - [09/Aug/2021:21:14:48 +0000] "GET / HTTP/1.1" 200 78293 "-" "Sogou web spider/4.0(+http://www.sogou.com/docs/help/webmasters.htm#07)"
34.139.55.60 - - [09/Aug/2021:21:16:02 +0000] "GET /tour-package.php?id=1 HTTP/1.0" 200 65712 "-" "ZoominfoBot (zoominfobot at zoominfo dot com)"
162.55.85.220 - - [09/Aug/2021:21:18:18 +0000] "GET /robots.txt HTTP/1.1" 301 249 "-" "Mozilla/5.0 (compatible; BLEXBot/1.0; +http://webmeup-crawler.com/)"
162.55.85.220 - - [09/Aug/2021:21:18:18 +0000] "GET /robots.txt HTTP/1.1" 404 78307 "-" "Mozilla/5.0 (compatible; BLEXBot/1.0; +http://webmeup-crawler.com/)"
162.55.85.220 - - [09/Aug/2021:21:18:19 +0000] "GET /Shimla,Manali&AgraCarTour.html HTTP/1.1" 200 56928 "-" "Mozilla/5.0 (compatible; BLEXBot/1.0; +http://webmeup-crawler.com/)"
34.139.55.60 - - [09/Aug/2021:21:20:47 +0000] "GET /tour-package.php?id=19 HTTP/1.0" 200 65720 "-" "ZoominfoBot (zoominfobot at zoominfo dot com)"
162.55.85.220 - - [09/Aug/2021:21:22:15 +0000] "GET /robots.txt HTTP/1.1" 301 249 "-" "Mozilla/5.0 (compatible; BLEXBot/1.0; +http://webmeup-crawler.com/)"
162.55.85.220 - - [09/Aug/2021:21:22:15 +0000] "GET /robots.txt HTTP/1.1" 404 78307 "-" "Mozilla/5.0 (compatible; BLEXBot/1.0; +http://webmeup-crawler.com/)"
162.55.85.220 - - [09/Aug/2021:21:22:16 +0000] "GET /ThekkadyKumarkomPackages.html HTTP/1.1" 200 61447 "-" "Mozilla/5.0 (compatible; BLEXBot/1.0; +http://webmeup-crawler.com/)"
34.139.55.60 - - [09/Aug/2021:21:24:23 +0000] "GET /tour-package.php?id=28 HTTP/1.0" 200 65751 "-" "ZoominfoBot (zoominfobot at zoominfo dot com)"
34.139.55.60 - - [09/Aug/2021:21:26:27 +0000] "GET /contact.php HTTP/1.0" 200 57552 "-" "ZoominfoBot (zoominfobot at zoominfo dot com)"
162.55.85.220 - - [09/Aug/2021:21:27:06 +0000] "GET /robots.txt HTTP/1.1" 301 249 "-" "Mozilla/5.0 (compatible; BLEXBot/1.0; +http://webmeup-crawler.com/)"
162.55.85.220 - - [09/Aug/2021:21:27:06 +0000] "GET /robots.txt HTTP/1.1" 404 78307 "-" "Mozilla/5.0 (compatible; BLEXBot/1.0; +http://webmeup-crawler.com/)"
162.55.85.220 - - [09/Aug/2021:21:27:06 +0000] "GET /UttrakhandHolidayTour.html HTTP/1.1" 200 60522 "-" "Mozilla/5.0 (compatible; BLEXBot/1.0; +http://webmeup-crawler.com/)"
34.139.55.60 - - [09/Aug/2021:21:28:08 +0000] "GET /Jammu&KatraTour.html HTTP/1.0" 200 56918 "-" "ZoominfoBot (zoominfobot at zoominfo dot com)"
34.139.55.60 - - [09/Aug/2021:21:28:29 +0000] "GET /tour-package.php?id=17 HTTP/1.0" 200 61812 "-" "ZoominfoBot (zoominfobot at zoominfo dot com)"
162.55.85.220 - - [09/Aug/2021:21:30:38 +0000] "GET /robots.txt HTTP/1.1" 301 249 "-" "Mozilla/5.0 (compatible; BLEXBot/1.0; +http://webmeup-crawler.com/)"
162.55.85.220 - - [09/Aug/2021:21:30:39 +0000] "GET /robots.txt HTTP/1.1" 404 78307 "-" "Mozilla/5.0 (compatible; BLEXBot/1.0; +http://webmeup-crawler.com/)"
162.55.85.220 - - [09/Aug/2021:21:30:39 +0000] "GET /UttrakhandTourism.html HTTP/1.1" 200 67433 "-" "Mozilla/5.0 (compatible; BLEXBot/1.0; +http://webmeup-crawler.com/)"
34.139.55.60 - - [09/Aug/2021:21:32:06 +0000] "GET /pagecontents.php?url=Pyament-Option HTTP/1.0" 200 50964 "-" "ZoominfoBot (zoominfobot at zoominfo dot com)"
34.139.55.60 - - [09/Aug/2021:21:32:36 +0000] "GET /tour-package.php?id=16 HTTP/1.0" 200 65697 "-" "ZoominfoBot (zoominfobot at zoominfo dot com)"
34.139.55.60 - - [09/Aug/2021:21:32:42 +0000] "GET /contact.php HTTP/1.0" 200 57552 "-" "ZoominfoBot (zoominfobot at zoominfo dot com)"
34.139.55.60 - - [09/Aug/2021:21:33:57 +0000] "GET /pagecontents.php?url=Pyament-Option HTTP/1.0" 200 50964 "-" "ZoominfoBot (zoominfobot at zoominfo dot com)"
34.139.55.60 - - [09/Aug/2021:21:34:21 +0000] "GET /tour-package.php?id=13 HTTP/1.0" 200 64719 "-" "ZoominfoBot (zoominfobot at zoominfo dot com)"
162.55.85.220 - - [09/Aug/2021:21:34:50 +0000] "GET /robots.txt HTTP/1.1" 301 249 "-" "Mozilla/5.0 (compatible; BLEXBot/1.0; +http://webmeup-crawler.com/)"
162.55.85.220 - - [09/Aug/2021:21:34:50 +0000] "GET /robots.txt HTTP/1.1" 404 78307 "-" "Mozilla/5.0 (compatible; BLEXBot/1.0; +http://webmeup-crawler.com/)"
162.55.85.220 - - [09/Aug/2021:21:34:50 +0000] "GET /about.php HTTP/1.1" 200 57479 "-" "Mozilla/5.0 (compatible; BLEXBot/1.0; +http://webmeup-crawler.com/)"
34.139.55.60 - - [09/Aug/2021:21:36:49 +0000] "GET /tour-package.php?id=15 HTTP/1.0" 200 65841 "-" "ZoominfoBot (zoominfobot at zoominfo dot com)"
162.55.85.220 - - [09/Aug/2021:21:38:19 +0000] "GET /robots.txt HTTP/1.1" 301 249 "-" "Mozilla/5.0 (compatible; BLEXBot/1.0; +http://webmeup-crawler.com/)"
162.55.85.220 - - [09/Aug/2021:21:38:19 +0000] "GET /robots.txt HTTP/1.1" 404 78307 "-" "Mozilla/5.0 (compatible; BLEXBot/1.0; +http://webmeup-crawler.com/)"
162.55.85.220 - - [09/Aug/2021:21:38:20 +0000] "GET /contact.php HTTP/1.1" 200 57552 "-" "Mozilla/5.0 (compatible; BLEXBot/1.0; +http://webmeup-crawler.com/)"
34.139.55.60 - - [09/Aug/2021:21:39:02 +0000] "GET /tour-package.php?id=28 HTTP/1.0" 200 65751 "-" "ZoominfoBot (zoominfobot at zoominfo dot com)"
34.139.55.60 - - [09/Aug/2021:21:41:05 +0000] "GET /tour-package.php?id=14 HTTP/1.0" 200 58793 "-" "ZoominfoBot (zoominfobot at zoominfo dot com)"
162.55.85.220 - - [09/Aug/2021:21:41:40 +0000] "GET /robots.txt HTTP/1.1" 301 249 "-" "Mozilla/5.0 (compatible; BLEXBot/1.0; +http://webmeup-crawler.com/)"
162.55.85.220 - - [09/Aug/2021:21:41:40 +0000] "GET /robots.txt HTTP/1.1" 404 78307 "-" "Mozilla/5.0 (compatible; BLEXBot/1.0; +http://webmeup-crawler.com/)"
162.55.85.220 - - [09/Aug/2021:21:41:41 +0000] "GET /index-2.html HTTP/1.1" 301 251 "-" "Mozilla/5.0 (compatible; BLEXBot/1.0; +http://webmeup-crawler.com/)"
162.55.85.220 - - [09/Aug/2021:21:41:41 +0000] "GET /index-2.html HTTP/1.1" 200 56910 "-" "Mozilla/5.0 (compatible; BLEXBot/1.0; +http://webmeup-crawler.com/)"
34.139.55.60 - - [09/Aug/2021:21:42:03 +0000] "GET /tour-package.php?id=14 HTTP/1.0" 200 58793 "-" "ZoominfoBot (zoominfobot at zoominfo dot com)"
49.7.20.92 - - [09/Aug/2021:21:43:51 +0000] "GET / HTTP/1.1" 200 78293 "-" "Sogou web spider/4.0(+http://www.sogou.com/docs/help/webmasters.htm#07)"
106.38.241.120 - - [09/Aug/2021:21:44:02 +0000] "GET / HTTP/1.1" 200 78293 "-" "Sogou web spider/4.0(+http://www.sogou.com/docs/help/webmasters.htm#07)"
162.55.85.220 - - [09/Aug/2021:21:45:11 +0000] "GET /robots.txt HTTP/1.1" 301 249 "-" "Mozilla/5.0 (compatible; BLEXBot/1.0; +http://webmeup-crawler.com/)"
162.55.85.220 - - [09/Aug/2021:21:45:11 +0000] "GET /robots.txt HTTP/1.1" 404 78307 "-" "Mozilla/5.0 (compatible; BLEXBot/1.0; +http://webmeup-crawler.com/)"
162.55.85.220 - - [09/Aug/2021:21:45:12 +0000] "GET /index.php HTTP/1.1" 301 239 "-" "Mozilla/5.0 (compatible; BLEXBot/1.0; +http://webmeup-crawler.com/)"
162.55.85.220 - - [09/Aug/2021:21:45:12 +0000] "GET / HTTP/1.1" 200 78297 "-" "Mozilla/5.0 (compatible; BLEXBot/1.0; +http://webmeup-crawler.com/)"
34.139.55.60 - - [09/Aug/2021:21:45:18 +0000] "GET /tour-package.php?id=13 HTTP/1.0" 200 64719 "-" "ZoominfoBot (zoominfobot at zoominfo dot com)"
162.55.85.220 - - [09/Aug/2021:21:48:29 +0000] "GET /robots.txt HTTP/1.1" 301 249 "-" "Mozilla/5.0 (compatible; BLEXBot/1.0; +http://webmeup-crawler.com/)"
162.55.85.220 - - [09/Aug/2021:21:48:29 +0000] "GET /robots.txt HTTP/1.1" 404 78307 "-" "Mozilla/5.0 (compatible; BLEXBot/1.0; +http://webmeup-crawler.com/)"
162.55.85.220 - - [09/Aug/2021:21:48:30 +0000] "GET /pagecontents.php?url=Cancellation-Policy HTTP/1.1" 200 50964 "-" "Mozilla/5.0 (compatible; BLEXBot/1.0; +http://webmeup-crawler.com/)"
34.139.55.60 - - [09/Aug/2021:21:49:23 +0000] "GET /tour-package.php?id=15 HTTP/1.0" 200 65841 "-" "ZoominfoBot (zoominfobot at zoominfo dot com)"
34.139.55.60 - - [09/Aug/2021:21:50:05 +0000] "GET /about.php HTTP/1.0" 200 57479 "-" "ZoominfoBot (zoominfobot at zoominfo dot com)"
40.77.167.103 - - [09/Aug/2021:21:50:19 +0000] "GET /cruise-tour-packages.php/js/jquery.scrollup.min.js HTTP/1.1" 302 261 "-" "Mozilla/5.0 (compatible; MSIE 9.0; Windows NT 6.1; Trident/5.0)"
40.77.167.103 - - [09/Aug/2021:21:50:20 +0000] "GET /cruise-tour-packages.php/js/jquery.scrollup.min.js HTTP/1.1" 200 54000 "-" "Mozilla/5.0 (compatible; MSIE 9.0; Windows NT 6.1; Trident/5.0)"
162.55.85.220 - - [09/Aug/2021:21:51:11 +0000] "GET /robots.txt HTTP/1.1" 301 249 "-" "Mozilla/5.0 (compatible; BLEXBot/1.0; +http://webmeup-crawler.com/)"
162.55.85.220 - - [09/Aug/2021:21:51:11 +0000] "GET /robots.txt HTTP/1.1" 404 78307 "-" "Mozilla/5.0 (compatible; BLEXBot/1.0; +http://webmeup-crawler.com/)"
162.55.85.220 - - [09/Aug/2021:21:51:12 +0000] "GET /pagecontents.php?url=Privacy-Policy HTTP/1.1" 200 51008 "-" "Mozilla/5.0 (compatible; BLEXBot/1.0; +http://webmeup-crawler.com/)"
34.139.55.60 - - [09/Aug/2021:21:52:13 +0000] "GET /tour-package.php?id=20 HTTP/1.0" 200 58920 "-" "ZoominfoBot (zoominfobot at zoominfo dot com)"
