34.75.152.158 - - [07/Aug/2021:09:44:22 +0000] "GET /pagecontents.php?url=Pyament-Option HTTP/1.0" 200 50964 "-" "ZoominfoBot (zoominfobot at zoominfo dot com)"
49.7.20.92 - - [07/Aug/2021:09:44:37 +0000] "GET / HTTP/1.1" 200 78293 "-" "Sogou web spider/4.0(+http://www.sogou.com/docs/help/webmasters.htm#07)"
34.75.152.158 - - [07/Aug/2021:09:44:45 +0000] "GET /tour-package.php?id=16 HTTP/1.0" 200 65697 "-" "ZoominfoBot (zoominfobot at zoominfo dot com)"
34.75.152.158 - - [07/Aug/2021:09:44:52 +0000] "GET /contact.php HTTP/1.0" 200 57552 "-" "ZoominfoBot (zoominfobot at zoominfo dot com)"
34.75.152.158 - - [07/Aug/2021:09:45:49 +0000] "GET /pagecontents.php?url=Pyament-Option HTTP/1.0" 200 50964 "-" "ZoominfoBot (zoominfobot at zoominfo dot com)"
34.75.152.158 - - [07/Aug/2021:09:46:05 +0000] "GET /tour-package.php?id=13 HTTP/1.0" 200 64719 "-" "ZoominfoBot (zoominfobot at zoominfo dot com)"
35.185.69.234 - - [07/Aug/2021:09:47:15 +0000] "GET /tour-package.php?id=24 HTTP/1.0" 302 233 "-" "ZoominfoBot (zoominfobot at zoominfo dot com)"
35.185.69.234 - - [07/Aug/2021:09:47:15 +0000] "GET /tour-package.php?id=24 HTTP/1.0" 200 57948 "-" "ZoominfoBot (zoominfobot at zoominfo dot com)"
35.185.69.234 - - [07/Aug/2021:09:47:20 +0000] "GET /tour-package.php?id=10 HTTP/1.0" 302 233 "-" "ZoominfoBot (zoominfobot at zoominfo dot com)"
35.185.69.234 - - [07/Aug/2021:09:47:21 +0000] "GET /tour-package.php?id=10 HTTP/1.0" 200 55085 "-" "ZoominfoBot (zoominfobot at zoominfo dot com)"
34.75.152.158 - - [07/Aug/2021:09:48:18 +0000] "GET /tour-package.php?id=15 HTTP/1.0" 200 65841 "-" "ZoominfoBot (zoominfobot at zoominfo dot com)"
35.185.69.234 - - [07/Aug/2021:09:49:48 +0000] "GET /pagecontents.php?url=Cancellation-Policy HTTP/1.0" 302 251 "-" "ZoominfoBot (zoominfobot at zoominfo dot com)"
35.185.69.234 - - [07/Aug/2021:09:49:49 +0000] "GET /pagecontents.php?url=Cancellation-Policy HTTP/1.0" 200 50964 "-" "ZoominfoBot (zoominfobot at zoominfo dot com)"
34.75.152.158 - - [07/Aug/2021:09:50:00 +0000] "GET /tour-package.php?id=28 HTTP/1.0" 200 65751 "-" "ZoominfoBot (zoominfobot at zoominfo dot com)"
34.75.152.158 - - [07/Aug/2021:09:51:53 +0000] "GET /tour-package.php?id=14 HTTP/1.0" 200 58793 "-" "ZoominfoBot (zoominfobot at zoominfo dot com)"
34.75.152.158 - - [07/Aug/2021:09:52:47 +0000] "GET /tour-package.php?id=14 HTTP/1.0" 200 58793 "-" "ZoominfoBot (zoominfobot at zoominfo dot com)"
35.185.69.234 - - [07/Aug/2021:09:52:52 +0000] "GET /tour-package.php?id=28 HTTP/1.0" 302 233 "-" "ZoominfoBot (zoominfobot at zoominfo dot com)"
35.185.69.234 - - [07/Aug/2021:09:52:52 +0000] "GET /tour-package.php?id=28 HTTP/1.0" 200 65751 "-" "ZoominfoBot (zoominfobot at zoominfo dot com)"
35.185.69.234 - - [07/Aug/2021:09:52:56 +0000] "GET /tour-package.php?id=14 HTTP/1.0" 302 233 "-" "ZoominfoBot (zoominfobot at zoominfo dot com)"
35.185.69.234 - - [07/Aug/2021:09:52:57 +0000] "GET /tour-package.php?id=14 HTTP/1.0" 200 58793 "-" "ZoominfoBot (zoominfobot at zoominfo dot com)"
106.38.241.133 - - [07/Aug/2021:09:54:04 +0000] "GET / HTTP/1.1" 200 78293 "-" "Sogou web spider/4.0(+http://www.sogou.com/docs/help/webmasters.htm#07)"
49.7.20.98 - - [07/Aug/2021:09:54:06 +0000] "GET / HTTP/1.1" 200 78293 "-" "Sogou web spider/4.0(+http://www.sogou.com/docs/help/webmasters.htm#07)"
114.119.157.24 - - [07/Aug/2021:09:54:38 +0000] "GET /SWEETMEMORYOFKHANGCHENDZONGHA.html HTTP/1.1" 200 61705 "-" "Mozilla/5.0 (Linux; Android 7.0;) AppleWebKit/537.36 (KHTML, like Gecko) Mobile Safari/537.36 (compatible; PetalBot;+https://webmaster.petalsearch.com/site/petalbot)"
34.75.152.158 - - [07/Aug/2021:09:55:39 +0000] "GET /tour-package.php?id=13 HTTP/1.0" 200 64719 "-" "ZoominfoBot (zoominfobot at zoominfo dot com)"
40.77.167.64 - - [07/Aug/2021:09:56:52 +0000] "GET /about.php/js/jquery-price-slider.js HTTP/1.1" 302 246 "-" "Mozilla/5.0 (compatible; MSIE 9.0; Windows NT 6.1; Trident/5.0)"
40.77.167.64 - - [07/Aug/2021:09:56:53 +0000] "GET /about.php/js/jquery-price-slider.js HTTP/1.1" 200 57479 "-" "Mozilla/5.0 (compatible; MSIE 9.0; Windows NT 6.1; Trident/5.0)"
40.77.167.104 - - [07/Aug/2021:09:57:32 +0000] "GET /about.php/lib/nivo-slider/home.js HTTP/1.1" 302 244 "-" "Mozilla/5.0 (compatible; MSIE 9.0; Windows NT 6.1; Trident/5.0)"
40.77.167.104 - - [07/Aug/2021:09:57:33 +0000] "GET /about.php/lib/nivo-slider/home.js HTTP/1.1" 200 57479 "-" "Mozilla/5.0 (compatible; MSIE 9.0; Windows NT 6.1; Trident/5.0)"
34.75.152.158 - - [07/Aug/2021:09:59:18 +0000] "GET /tour-package.php?id=15 HTTP/1.0" 200 65841 "-" "ZoominfoBot (zoominfobot at zoominfo dot com)"
185.191.171.10 - - [07/Aug/2021:09:59:56 +0000] "GET /robots.txt HTTP/1.1" 404 78307 "-" "Mozilla/5.0 (compatible; SemrushBot/7~bl; +http://www.semrush.com/bot.html)"
34.75.152.158 - - [07/Aug/2021:09:59:56 +0000] "GET /about.php HTTP/1.0" 200 57479 "-" "ZoominfoBot (zoominfobot at zoominfo dot com)"
185.191.171.36 - - [07/Aug/2021:09:59:58 +0000] "GET /tour-package.php?id=24 HTTP/1.1" 200 57948 "-" "Mozilla/5.0 (compatible; SemrushBot/7~bl; +http://www.semrush.com/bot.html)"
35.185.69.234 - - [07/Aug/2021:10:00:52 +0000] "GET /pagecontents.php?url=Pyament-Option HTTP/1.0" 302 246 "-" "ZoominfoBot (zoominfobot at zoominfo dot com)"
35.185.69.234 - - [07/Aug/2021:10:00:53 +0000] "GET /pagecontents.php?url=Pyament-Option HTTP/1.0" 200 50964 "-" "ZoominfoBot (zoominfobot at zoominfo dot com)"
34.75.152.158 - - [07/Aug/2021:10:01:48 +0000] "GET /tour-package.php?id=20 HTTP/1.0" 200 58920 "-" "ZoominfoBot (zoominfobot at zoominfo dot com)"
35.185.69.234 - - [07/Aug/2021:10:02:04 +0000] "GET /pagecontents.php?url=Return-and-Refund-Policy HTTP/1.0" 302 256 "-" "ZoominfoBot (zoominfobot at zoominfo dot com)"
35.185.69.234 - - [07/Aug/2021:10:02:05 +0000] "GET /pagecontents.php?url=Return-and-Refund-Policy HTTP/1.0" 200 50964 "-" "ZoominfoBot (zoominfobot at zoominfo dot com)"
34.75.152.158 - - [07/Aug/2021:10:02:22 +0000] "GET /tour-package.php?id=21 HTTP/1.0" 200 57872 "-" "ZoominfoBot (zoominfobot at zoominfo dot com)"
34.75.152.158 - - [07/Aug/2021:10:03:37 +0000] "GET /Dharamshala&DalhousieVolvotourPackage.html HTTP/1.0" 200 56940 "-" "ZoominfoBot (zoominfobot at zoominfo dot com)"
114.119.157.24 - - [07/Aug/2021:10:04:10 +0000] "GET /galleryimg/6274462rajasthan-tour-packages.jpg HTTP/1.1" 200 193289 "-" "Mozilla/5.0 (Linux; Android 7.0;) AppleWebKit/537.36 (KHTML, like Gecko) Mobile Safari/537.36 (compatible; PetalBot;+https://webmaster.petalsearch.com/site/petalbot)"
35.185.69.234 - - [07/Aug/2021:10:04:16 +0000] "GET /index.php HTTP/1.0" 302 220 "-" "ZoominfoBot (zoominfobot at zoominfo dot com)"
35.185.69.234 - - [07/Aug/2021:10:04:17 +0000] "GET /index.php HTTP/1.0" 301 235 "-" "ZoominfoBot (zoominfobot at zoominfo dot com)"
35.185.69.234 - - [07/Aug/2021:10:04:17 +0000] "GET / HTTP/1.0" 200 78293 "-" "ZoominfoBot (zoominfobot at zoominfo dot com)"
106.38.241.122 - - [07/Aug/2021:10:04:55 +0000] "GET / HTTP/1.1" 200 78293 "-" "Sogou web spider/4.0(+http://www.sogou.com/docs/help/webmasters.htm#07)"
34.75.152.158 - - [07/Aug/2021:10:05:28 +0000] "GET /tour-package.php?id=16 HTTP/1.0" 200 65697 "-" "ZoominfoBot (zoominfobot at zoominfo dot com)"
34.75.152.158 - - [07/Aug/2021:10:05:51 +0000] "GET /tour-package.php?id=20 HTTP/1.0" 200 58920 "-" "ZoominfoBot (zoominfobot at zoominfo dot com)"
35.185.69.234 - - [07/Aug/2021:10:07:13 +0000] "GET /tour-package.php?id=21 HTTP/1.0" 302 233 "-" "ZoominfoBot (zoominfobot at zoominfo dot com)"
35.185.69.234 - - [07/Aug/2021:10:07:13 +0000] "GET /tour-package.php?id=21 HTTP/1.0" 200 57872 "-" "ZoominfoBot (zoominfobot at zoominfo dot com)"
35.185.69.234 - - [07/Aug/2021:10:11:38 +0000] "GET /honeymoon-tour-packages.php HTTP/1.0" 302 238 "-" "ZoominfoBot (zoominfobot at zoominfo dot com)"
35.185.69.234 - - [07/Aug/2021:10:11:38 +0000] "GET /honeymoon-tour-packages.php HTTP/1.0" 200 53985 "-" "ZoominfoBot (zoominfobot at zoominfo dot com)"
35.185.69.234 - - [07/Aug/2021:10:12:15 +0000] "GET /tour-package.php?id=25 HTTP/1.0" 302 233 "-" "ZoominfoBot (zoominfobot at zoominfo dot com)"
35.185.69.234 - - [07/Aug/2021:10:12:15 +0000] "GET /tour-package.php?id=25 HTTP/1.0" 200 58055 "-" "ZoominfoBot (zoominfobot at zoominfo dot com)"
35.185.69.234 - - [07/Aug/2021:10:17:25 +0000] "GET /tour-package.php?id=15 HTTP/1.0" 302 233 "-" "ZoominfoBot (zoominfobot at zoominfo dot com)"
35.185.69.234 - - [07/Aug/2021:10:17:25 +0000] "GET /tour-package.php?id=15 HTTP/1.0" 200 65841 "-" "ZoominfoBot (zoominfobot at zoominfo dot com)"
35.185.69.234 - - [07/Aug/2021:10:22:34 +0000] "GET /tour-package.php?id=19 HTTP/1.0" 302 233 "-" "ZoominfoBot (zoominfobot at zoominfo dot com)"
35.185.69.234 - - [07/Aug/2021:10:22:35 +0000] "GET /tour-package.php?id=19 HTTP/1.0" 200 65720 "-" "ZoominfoBot (zoominfobot at zoominfo dot com)"
114.119.155.175 - - [07/Aug/2021:10:23:18 +0000] "GET /BestKeralaAyurveda.html HTTP/1.1" 200 61542 "-" "Mozilla/5.0 (Linux; Android 7.0;) AppleWebKit/537.36 (KHTML, like Gecko) Mobile Safari/537.36 (compatible; PetalBot;+https://webmaster.petalsearch.com/site/petalbot)"
35.185.69.234 - - [07/Aug/2021:10:26:20 +0000] "GET /tour-package.php?id=1 HTTP/1.0" 302 232 "-" "ZoominfoBot (zoominfobot at zoominfo dot com)"
35.185.69.234 - - [07/Aug/2021:10:26:21 +0000] "GET /tour-package.php?id=1 HTTP/1.0" 200 65712 "-" "ZoominfoBot (zoominfobot at zoominfo dot com)"
35.185.69.234 - - [07/Aug/2021:10:26:36 +0000] "GET /pagecontents.php?url=Terms-and-Conditions HTTP/1.0" 302 252 "-" "ZoominfoBot (zoominfobot at zoominfo dot com)"
35.185.69.234 - - [07/Aug/2021:10:26:37 +0000] "GET /pagecontents.php?url=Terms-and-Conditions HTTP/1.0" 200 53481 "-" "ZoominfoBot (zoominfobot at zoominfo dot com)"
106.38.241.133 - - [07/Aug/2021:10:29:15 +0000] "GET / HTTP/1.1" 200 78293 "-" "Sogou web spider/4.0(+http://www.sogou.com/docs/help/webmasters.htm#07)"
49.7.20.92 - - [07/Aug/2021:10:30:53 +0000] "GET / HTTP/1.1" 200 78293 "-" "Sogou web spider/4.0(+http://www.sogou.com/docs/help/webmasters.htm#07)"
114.119.156.152 - - [07/Aug/2021:10:42:42 +0000] "GET /KashmirTourism.html HTTP/1.1" 200 62026 "-" "Mozilla/5.0 (Linux; Android 7.0;) AppleWebKit/537.36 (KHTML, like Gecko) Mobile Safari/537.36 (compatible; PetalBot;+https://webmaster.petalsearch.com/site/petalbot)"
144.86.173.95 - - [07/Aug/2021:10:43:35 +0000] "GET / HTTP/1.1" 200 78297 "-" "Expanse, a Palo Alto Networks company, searches across the global IPv4 space multiple times per day to identify customers' presences on the Internet. If you would like to be excluded from our scans, please send IP addresses/domains to: scaninfo@paloaltonetworks.com"
106.38.241.122 - - [07/Aug/2021:10:46:39 +0000] "GET / HTTP/1.1" 200 78293 "-" "Sogou web spider/4.0(+http://www.sogou.com/docs/help/webmasters.htm#07)"
185.191.171.19 - - [07/Aug/2021:10:50:26 +0000] "GET /DelhiAgraJaipurTour.html HTTP/1.1" 200 60863 "-" "Mozilla/5.0 (compatible; SemrushBot/7~bl; +http://www.semrush.com/bot.html)"
114.119.159.183 - - [07/Aug/2021:10:51:42 +0000] "GET /SingaporeHolidayTour.html HTTP/1.1" 200 62813 "-" "Mozilla/5.0 (Linux; Android 7.0;) AppleWebKit/537.36 (KHTML, like Gecko) Mobile Safari/537.36 (compatible; PetalBot;+https://webmaster.petalsearch.com/site/petalbot)"
185.191.171.1 - - [07/Aug/2021:10:51:59 +0000] "GET /robots.txt HTTP/1.1" 302 221 "-" "Mozilla/5.0 (compatible; SemrushBot/7~bl; +http://www.semrush.com/bot.html)"
185.191.171.5 - - [07/Aug/2021:10:51:59 +0000] "GET /robots.txt HTTP/1.1" 301 249 "-" "Mozilla/5.0 (compatible; SemrushBot/7~bl; +http://www.semrush.com/bot.html)"
185.191.171.40 - - [07/Aug/2021:10:52:00 +0000] "GET /robots.txt HTTP/1.1" 404 78307 "-" "Mozilla/5.0 (compatible; SemrushBot/7~bl; +http://www.semrush.com/bot.html)"
185.191.171.41 - - [07/Aug/2021:10:52:01 +0000] "GET /JKTourwithNewDelhiAgra.html HTTP/1.1" 302 238 "-" "Mozilla/5.0 (compatible; SemrushBot/7~bl; +http://www.semrush.com/bot.html)"
185.191.171.37 - - [07/Aug/2021:10:52:03 +0000] "GET /JKTourwithNewDelhiAgra.html HTTP/1.1" 301 266 "-" "Mozilla/5.0 (compatible; SemrushBot/7~bl; +http://www.semrush.com/bot.html)"
185.191.171.35 - - [07/Aug/2021:10:52:04 +0000] "GET /JKTourwithNewDelhiAgra.html HTTP/1.1" 200 63128 "-" "Mozilla/5.0 (compatible; SemrushBot/7~bl; +http://www.semrush.com/bot.html)"
144.86.173.6 - - [07/Aug/2021:10:52:56 +0000] "GET / HTTP/1.1" 302 211 "-" "Expanse, a Palo Alto Networks company, searches across the global IPv4 space multiple times per day to identify customers' presences on the Internet. If you would like to be excluded from our scans, please send IP addresses/domains to: scaninfo@paloaltonetworks.com"
114.119.155.175 - - [07/Aug/2021:11:01:47 +0000] "GET /NainitalTour.html HTTP/1.1" 200 58923 "-" "Mozilla/5.0 (Linux; Android 7.0;) AppleWebKit/537.36 (KHTML, like Gecko) Mobile Safari/537.36 (compatible; PetalBot;+https://webmaster.petalsearch.com/site/petalbot)"
106.38.241.133 - - [07/Aug/2021:11:02:55 +0000] "GET / HTTP/1.1" 200 78293 "-" "Sogou web spider/4.0(+http://www.sogou.com/docs/help/webmasters.htm#07)"
114.119.159.39 - - [07/Aug/2021:11:11:21 +0000] "GET /AlleppeyTourPackages.html HTTP/1.1" 200 61136 "-" "Mozilla/5.0 (Linux; Android 7.0;) AppleWebKit/537.36 (KHTML, like Gecko) Mobile Safari/537.36 (compatible; PetalBot;+https://webmaster.petalsearch.com/site/petalbot)"
49.7.20.92 - - [07/Aug/2021:11:18:08 +0000] "GET / HTTP/1.1" 200 78293 "-" "Sogou web spider/4.0(+http://www.sogou.com/docs/help/webmasters.htm#07)"
49.7.20.98 - - [07/Aug/2021:11:21:59 +0000] "GET / HTTP/1.1" 200 78293 "-" "Sogou web spider/4.0(+http://www.sogou.com/docs/help/webmasters.htm#07)"
106.38.241.122 - - [07/Aug/2021:11:26:52 +0000] "GET / HTTP/1.1" 200 78293 "-" "Sogou web spider/4.0(+http://www.sogou.com/docs/help/webmasters.htm#07)"
93.158.66.18 - - [07/Aug/2021:11:33:17 +0000] "HEAD /c99.php HTTP/1.1" 302 - "-" "python-requests/2.26.0"
93.158.66.18 - - [07/Aug/2021:11:33:17 +0000] "HEAD /c99.php HTTP/1.1" 302 - "-" "python-requests/2.26.0"
106.38.241.133 - - [07/Aug/2021:11:35:39 +0000] "GET / HTTP/1.1" 200 78293 "-" "Sogou web spider/4.0(+http://www.sogou.com/docs/help/webmasters.htm#07)"
49.7.20.92 - - [07/Aug/2021:12:03:11 +0000] "GET / HTTP/1.1" 200 78293 "-" "Sogou web spider/4.0(+http://www.sogou.com/docs/help/webmasters.htm#07)"
106.38.241.122 - - [07/Aug/2021:12:04:47 +0000] "GET / HTTP/1.1" 200 78293 "-" "Sogou web spider/4.0(+http://www.sogou.com/docs/help/webmasters.htm#07)"
106.38.241.133 - - [07/Aug/2021:12:07:57 +0000] "GET / HTTP/1.1" 200 78293 "-" "Sogou web spider/4.0(+http://www.sogou.com/docs/help/webmasters.htm#07)"
18.236.147.22 - - [07/Aug/2021:12:08:52 +0000] "GET / HTTP/1.1" 200 78293 "-" "Mozilla/5.0 (X11; Linux x86_64) AppleWebKit/537.36 (KHTML, like Gecko) Chrome/83.0.4103.97 Safari/537.36"
54.214.176.98 - - [07/Aug/2021:12:15:55 +0000] "GET / HTTP/1.1" 200 78293 "-" "Mozilla/5.0 (X11; Linux x86_64) AppleWebKit/537.36 (KHTML, like Gecko) Chrome/83.0.4103.97 Safari/537.36"
106.38.241.133 - - [07/Aug/2021:12:38:14 +0000] "GET / HTTP/1.1" 200 78293 "-" "Sogou web spider/4.0(+http://www.sogou.com/docs/help/webmasters.htm#07)"
106.38.241.122 - - [07/Aug/2021:12:40:40 +0000] "GET / HTTP/1.1" 200 78293 "-" "Sogou web spider/4.0(+http://www.sogou.com/docs/help/webmasters.htm#07)"
49.7.20.98 - - [07/Aug/2021:12:47:34 +0000] "GET / HTTP/1.1" 200 78293 "-" "Sogou web spider/4.0(+http://www.sogou.com/docs/help/webmasters.htm#07)"
49.7.20.92 - - [07/Aug/2021:12:47:52 +0000] "GET / HTTP/1.1" 200 78293 "-" "Sogou web spider/4.0(+http://www.sogou.com/docs/help/webmasters.htm#07)"
114.119.159.39 - - [07/Aug/2021:12:57:43 +0000] "GET /robots.txt HTTP/1.1" 301 249 "-" "Mozilla/5.0 (compatible;PetalBot;+https://webmaster.petalsearch.com/site/petalbot)"
114.119.159.39 - - [07/Aug/2021:12:57:43 +0000] "GET /robots.txt HTTP/1.1" 404 78307 "-" "Mozilla/5.0 (compatible;PetalBot;+https://webmaster.petalsearch.com/site/petalbot)"
106.38.241.133 - - [07/Aug/2021:13:08:14 +0000] "GET / HTTP/1.1" 200 78293 "-" "Sogou web spider/4.0(+http://www.sogou.com/docs/help/webmasters.htm#07)"
106.38.241.122 - - [07/Aug/2021:13:15:41 +0000] "GET / HTTP/1.1" 200 78293 "-" "Sogou web spider/4.0(+http://www.sogou.com/docs/help/webmasters.htm#07)"
54.36.148.6 - - [07/Aug/2021:13:17:07 +0000] "GET /tour-package.php?id=17 HTTP/1.1" 200 61812 "-" "Mozilla/5.0 (compatible; AhrefsBot/7.0; +http://ahrefs.com/robot/)"
114.119.134.245 - - [07/Aug/2021:13:17:44 +0000] "GET /robots.txt HTTP/1.1" 302 221 "-" "Mozilla/5.0 (compatible;PetalBot;+https://webmaster.petalsearch.com/site/petalbot)"
114.119.134.245 - - [07/Aug/2021:13:17:44 +0000] "GET /robots.txt HTTP/1.1" 301 249 "-" "Mozilla/5.0 (compatible;PetalBot;+https://webmaster.petalsearch.com/site/petalbot)"
114.119.134.245 - - [07/Aug/2021:13:17:44 +0000] "GET /robots.txt HTTP/1.1" 404 78307 "-" "Mozilla/5.0 (compatible;PetalBot;+https://webmaster.petalsearch.com/site/petalbot)"
49.7.20.92 - - [07/Aug/2021:13:34:08 +0000] "GET / HTTP/1.1" 200 78293 "-" "Sogou web spider/4.0(+http://www.sogou.com/docs/help/webmasters.htm#07)"
106.38.241.133 - - [07/Aug/2021:13:36:50 +0000] "GET / HTTP/1.1" 200 78293 "-" "Sogou web spider/4.0(+http://www.sogou.com/docs/help/webmasters.htm#07)"
114.119.156.152 - - [07/Aug/2021:13:47:01 +0000] "GET /KashmirTour.html HTTP/1.1" 200 59335 "-" "Mozilla/5.0 (Linux; Android 7.0;) AppleWebKit/537.36 (KHTML, like Gecko) Mobile Safari/537.36 (compatible; PetalBot;+https://webmaster.petalsearch.com/site/petalbot)"
106.38.241.122 - - [07/Aug/2021:13:48:38 +0000] "GET / HTTP/1.1" 200 78293 "-" "Sogou web spider/4.0(+http://www.sogou.com/docs/help/webmasters.htm#07)"
207.46.13.30 - - [07/Aug/2021:13:57:06 +0000] "GET /about.php/js/waypoints.min.js HTTP/1.1" 302 240 "-" "Mozilla/5.0 (compatible; MSIE 9.0; Windows NT 6.1; Trident/5.0)"
207.46.13.30 - - [07/Aug/2021:13:57:07 +0000] "GET /about.php/js/waypoints.min.js HTTP/1.1" 200 57479 "-" "Mozilla/5.0 (compatible; MSIE 9.0; Windows NT 6.1; Trident/5.0)"
66.249.73.45 - - [07/Aug/2021:13:57:33 +0000] "GET /SingaporeTourPackage.html HTTP/1.1" 200 60437 "-" "Mozilla/5.0 (compatible; Googlebot/2.1; +http://www.google.com/bot.html)"
106.38.241.133 - - [07/Aug/2021:14:04:58 +0000] "GET / HTTP/1.1" 200 78293 "-" "Sogou web spider/4.0(+http://www.sogou.com/docs/help/webmasters.htm#07)"
49.7.20.98 - - [07/Aug/2021:14:10:22 +0000] "GET / HTTP/1.1" 200 78293 "-" "Sogou web spider/4.0(+http://www.sogou.com/docs/help/webmasters.htm#07)"
40.77.167.104 - - [07/Aug/2021:14:12:56 +0000] "GET /about.php/js/jquery.scrollup.min.js HTTP/1.1" 302 246 "-" "Mozilla/5.0 (compatible; MSIE 9.0; Windows NT 6.1; Trident/5.0)"
40.77.167.104 - - [07/Aug/2021:14:12:57 +0000] "GET /about.php/js/jquery.scrollup.min.js HTTP/1.1" 200 57479 "-" "Mozilla/5.0 (compatible; MSIE 9.0; Windows NT 6.1; Trident/5.0)"
37.0.10.82 - - [07/Aug/2021:14:18:06 +0000] "GET /wp-admin/css/ HTTP/1.1" 301 252 "binance.com" "Mozilla/5.0 (Windows NT 10.0; Win64; x64) AppleWebKit/537.36 (KHTML, like Gecko) Chrome/90.0.4430.85 Safari/537.36"
37.0.10.82 - - [07/Aug/2021:14:18:18 +0000] "GET /wp-admin/css/ HTTP/1.1" 404 78310 "binance.com" "Mozilla/5.0 (Windows NT 10.0; Win64; x64) AppleWebKit/537.36 (KHTML, like Gecko) Chrome/90.0.4430.85 Safari/537.36"
37.0.10.82 - - [07/Aug/2021:14:18:30 +0000] "GET /.well-known/ HTTP/1.1" 301 251 "binance.com" "Mozilla/5.0 (Windows NT 10.0; Win64; x64) AppleWebKit/537.36 (KHTML, like Gecko) Chrome/90.0.4430.85 Safari/537.36"
37.0.10.82 - - [07/Aug/2021:14:18:39 +0000] "GET /.well-known/ HTTP/1.1" 404 78309 "binance.com" "Mozilla/5.0 (Windows NT 10.0; Win64; x64) AppleWebKit/537.36 (KHTML, like Gecko) Chrome/90.0.4430.85 Safari/537.36"
37.0.10.82 - - [07/Aug/2021:14:18:54 +0000] "GET /sites/default/files/ HTTP/1.1" 301 259 "binance.com" "Mozilla/5.0 (Windows NT 10.0; Win64; x64) AppleWebKit/537.36 (KHTML, like Gecko) Chrome/90.0.4430.85 Safari/537.36"
37.0.10.82 - - [07/Aug/2021:14:19:04 +0000] "GET /sites/default/files/ HTTP/1.1" 404 78317 "binance.com" "Mozilla/5.0 (Windows NT 10.0; Win64; x64) AppleWebKit/537.36 (KHTML, like Gecko) Chrome/90.0.4430.85 Safari/537.36"
37.0.10.82 - - [07/Aug/2021:14:19:20 +0000] "GET /admin/controller/extension/extension/ HTTP/1.1" 301 276 "binance.com" "Mozilla/5.0 (Windows NT 10.0; Win64; x64) AppleWebKit/537.36 (KHTML, like Gecko) Chrome/90.0.4430.85 Safari/537.36"
37.0.10.82 - - [07/Aug/2021:14:19:29 +0000] "GET /admin/controller/extension/extension/ HTTP/1.1" 404 78334 "binance.com" "Mozilla/5.0 (Windows NT 10.0; Win64; x64) AppleWebKit/537.36 (KHTML, like Gecko) Chrome/90.0.4430.85 Safari/537.36"
37.0.10.82 - - [07/Aug/2021:14:19:44 +0000] "GET /uploads/ HTTP/1.1" 301 247 "binance.com" "Mozilla/5.0 (Windows NT 10.0; Win64; x64) AppleWebKit/537.36 (KHTML, like Gecko) Chrome/90.0.4430.85 Safari/537.36"
37.0.10.82 - - [07/Aug/2021:14:19:54 +0000] "GET /uploads/ HTTP/1.1" 200 50964 "binance.com" "Mozilla/5.0 (Windows NT 10.0; Win64; x64) AppleWebKit/537.36 (KHTML, like Gecko) Chrome/90.0.4430.85 Safari/537.36"
37.0.10.82 - - [07/Aug/2021:14:20:07 +0000] "GET /images/ HTTP/1.1" 301 246 "binance.com" "Mozilla/5.0 (Windows NT 10.0; Win64; x64) AppleWebKit/537.36 (KHTML, like Gecko) Chrome/90.0.4430.85 Safari/537.36"
106.38.241.122 - - [07/Aug/2021:14:20:08 +0000] "GET / HTTP/1.1" 200 78293 "-" "Sogou web spider/4.0(+http://www.sogou.com/docs/help/webmasters.htm#07)"
37.0.10.82 - - [07/Aug/2021:14:20:16 +0000] "GET /images/ HTTP/1.1" 200 50964 "binance.com" "Mozilla/5.0 (Windows NT 10.0; Win64; x64) AppleWebKit/537.36 (KHTML, like Gecko) Chrome/90.0.4430.85 Safari/537.36"
37.0.10.82 - - [07/Aug/2021:14:20:29 +0000] "GET /files/ HTTP/1.1" 301 245 "binance.com" "Mozilla/5.0 (Windows NT 10.0; Win64; x64) AppleWebKit/537.36 (KHTML, like Gecko) Chrome/90.0.4430.85 Safari/537.36"
37.0.10.82 - - [07/Aug/2021:14:20:37 +0000] "GET /files/ HTTP/1.1" 200 50964 "binance.com" "Mozilla/5.0 (Windows NT 10.0; Win64; x64) AppleWebKit/537.36 (KHTML, like Gecko) Chrome/90.0.4430.85 Safari/537.36"
49.7.20.92 - - [07/Aug/2021:14:22:20 +0000] "GET / HTTP/1.1" 200 78293 "-" "Sogou web spider/4.0(+http://www.sogou.com/docs/help/webmasters.htm#07)"
106.38.241.133 - - [07/Aug/2021:14:31:50 +0000] "GET / HTTP/1.1" 200 78293 "-" "Sogou web spider/4.0(+http://www.sogou.com/docs/help/webmasters.htm#07)"
34.218.252.98 - - [07/Aug/2021:14:33:39 +0000] "GET / HTTP/1.1" 200 78293 "-" "Mozilla/5.0 (Macintosh; Intel Mac OS X 10_13_6) AppleWebKit/537.36 (KHTML, like Gecko) Chrome/76.0.3809.100 Safari/537.36"
34.218.252.98 - - [07/Aug/2021:14:33:41 +0000] "GET / HTTP/1.1" 302 211 "-" "Mozilla/5.0 (Macintosh; Intel Mac OS X 10_13_6) AppleWebKit/537.36 (KHTML, like Gecko) Chrome/76.0.3809.100 Safari/537.36"
34.218.252.98 - - [07/Aug/2021:14:33:41 +0000] "GET / HTTP/1.1" 200 78293 "-" "Mozilla/5.0 (Macintosh; Intel Mac OS X 10_13_6) AppleWebKit/537.36 (KHTML, like Gecko) Chrome/76.0.3809.100 Safari/537.36"
114.119.159.39 - - [07/Aug/2021:14:42:10 +0000] "GET /KualaLumpurPenangTour.html HTTP/1.1" 200 61105 "-" "Mozilla/5.0 (Linux; Android 7.0;) AppleWebKit/537.36 (KHTML, like Gecko) Mobile Safari/537.36 (compatible; PetalBot;+https://webmaster.petalsearch.com/site/petalbot)"
106.38.241.122 - - [07/Aug/2021:14:51:11 +0000] "GET / HTTP/1.1" 200 78293 "-" "Sogou web spider/4.0(+http://www.sogou.com/docs/help/webmasters.htm#07)"
106.38.241.133 - - [07/Aug/2021:15:00:30 +0000] "GET / HTTP/1.1" 200 78293 "-" "Sogou web spider/4.0(+http://www.sogou.com/docs/help/webmasters.htm#07)"
114.119.157.24 - - [07/Aug/2021:15:04:26 +0000] "GET /galleryimg/4486071image.jpg HTTP/1.1" 200 3186598 "-" "Mozilla/5.0 (Linux; Android 7.0;) AppleWebKit/537.36 (KHTML, like Gecko) Mobile Safari/537.36 (compatible; PetalBot;+https://webmaster.petalsearch.com/site/petalbot)"
54.36.149.107 - - [07/Aug/2021:15:13:25 +0000] "GET /tour-package.php?id=19 HTTP/1.1" 200 65720 "-" "Mozilla/5.0 (compatible; AhrefsBot/7.0; +http://ahrefs.com/robot/)"
114.119.152.233 - - [07/Aug/2021:15:14:14 +0000] "GET /KeralaAyurvedaTour.html HTTP/1.1" 302 234 "-" "Mozilla/5.0 (Linux; Android 7.0;) AppleWebKit/537.36 (KHTML, like Gecko) Mobile Safari/537.36 (compatible; PetalBot;+https://webmaster.petalsearch.com/site/petalbot)"
114.119.152.233 - - [07/Aug/2021:15:14:14 +0000] "GET /KeralaAyurvedaTour.html HTTP/1.1" 301 262 "-" "Mozilla/5.0 (Linux; Android 7.0;) AppleWebKit/537.36 (KHTML, like Gecko) Mobile Safari/537.36 (compatible; PetalBot;+https://webmaster.petalsearch.com/site/petalbot)"
114.119.152.233 - - [07/Aug/2021:15:14:15 +0000] "GET /KeralaAyurvedaTour.html HTTP/1.1" 200 61219 "-" "Mozilla/5.0 (Linux; Android 7.0;) AppleWebKit/537.36 (KHTML, like Gecko) Mobile Safari/537.36 (compatible; PetalBot;+https://webmaster.petalsearch.com/site/petalbot)"
49.7.20.92 - - [07/Aug/2021:15:15:02 +0000] "GET / HTTP/1.1" 200 78293 "-" "Sogou web spider/4.0(+http://www.sogou.com/docs/help/webmasters.htm#07)"
106.38.241.122 - - [07/Aug/2021:15:21:12 +0000] "GET / HTTP/1.1" 200 78293 "-" "Sogou web spider/4.0(+http://www.sogou.com/docs/help/webmasters.htm#07)"
114.119.152.233 - - [07/Aug/2021:15:24:16 +0000] "GET /pagecontents.php?url=Return-and-Refund-Policy HTTP/1.1" 200 50964 "-" "Mozilla/5.0 (Linux; Android 7.0;) AppleWebKit/537.36 (KHTML, like Gecko) Mobile Safari/537.36 (compatible; PetalBot;+https://webmaster.petalsearch.com/site/petalbot)"
66.249.73.101 - - [07/Aug/2021:15:26:47 +0000] "GET /family-fun-tour-packages.php HTTP/1.1" 302 239 "-" "Mozilla/5.0 (Linux; Android 6.0.1; Nexus 5X Build/MMB29P) AppleWebKit/537.36 (KHTML, like Gecko) Chrome/92.0.4515.119 Mobile Safari/537.36 (compatible; Googlebot/2.1; +http://www.google.com/bot.html)"
66.249.73.125 - - [07/Aug/2021:15:26:47 +0000] "GET /family-fun-tour-packages.php HTTP/1.1" 200 53987 "-" "Mozilla/5.0 (Linux; Android 6.0.1; Nexus 5X Build/MMB29P) AppleWebKit/537.36 (KHTML, like Gecko) Chrome/92.0.4515.119 Mobile Safari/537.36 (compatible; Googlebot/2.1; +http://www.google.com/bot.html)"
106.38.241.133 - - [07/Aug/2021:15:27:18 +0000] "GET / HTTP/1.1" 200 78293 "-" "Sogou web spider/4.0(+http://www.sogou.com/docs/help/webmasters.htm#07)"
49.7.20.98 - - [07/Aug/2021:15:27:42 +0000] "GET / HTTP/1.1" 200 78293 "-" "Sogou web spider/4.0(+http://www.sogou.com/docs/help/webmasters.htm#07)"
114.119.159.39 - - [07/Aug/2021:15:34:36 +0000] "GET /galleryimg/thumb HTTP/1.1" 404 78313 "-" "Mozilla/5.0 (Linux; Android 7.0;) AppleWebKit/537.36 (KHTML, like Gecko) Mobile Safari/537.36 (compatible; PetalBot;+https://webmaster.petalsearch.com/site/petalbot)"
114.119.156.152 - - [07/Aug/2021:15:45:19 +0000] "GET /tour-package.php?id=25 HTTP/1.1" 200 58055 "-" "Mozilla/5.0 (Linux; Android 7.0;) AppleWebKit/537.36 (KHTML, like Gecko) Mobile Safari/537.36 (compatible; PetalBot;+https://webmaster.petalsearch.com/site/petalbot)"
106.38.241.122 - - [07/Aug/2021:15:48:59 +0000] "GET / HTTP/1.1" 200 78293 "-" "Sogou web spider/4.0(+http://www.sogou.com/docs/help/webmasters.htm#07)"
66.249.73.98 - - [07/Aug/2021:15:49:38 +0000] "GET /cruise-tour-packages.php HTTP/1.1" 302 235 "-" "Mozilla/5.0 (Linux; Android 6.0.1; Nexus 5X Build/MMB29P) AppleWebKit/537.36 (KHTML, like Gecko) Chrome/92.0.4515.119 Mobile Safari/537.36 (compatible; Googlebot/2.1; +http://www.google.com/bot.html)"
66.249.73.125 - - [07/Aug/2021:15:49:38 +0000] "GET /cruise-tour-packages.php HTTP/1.1" 200 54000 "-" "Mozilla/5.0 (Linux; Android 6.0.1; Nexus 5X Build/MMB29P) AppleWebKit/537.36 (KHTML, like Gecko) Chrome/92.0.4515.119 Mobile Safari/537.36 (compatible; Googlebot/2.1; +http://www.google.com/bot.html)"
106.38.241.133 - - [07/Aug/2021:15:53:30 +0000] "GET / HTTP/1.1" 200 78293 "-" "Sogou web spider/4.0(+http://www.sogou.com/docs/help/webmasters.htm#07)"
66.249.73.49 - - [07/Aug/2021:15:54:07 +0000] "GET /robots.txt HTTP/1.1" 302 225 "-" "Mozilla/5.0 (compatible; Googlebot/2.1; +http://www.google.com/bot.html)"
66.249.73.45 - - [07/Aug/2021:15:54:07 +0000] "GET /robots.txt HTTP/1.1" 404 78307 "-" "Mozilla/5.0 (compatible; Googlebot/2.1; +http://www.google.com/bot.html)"
66.249.73.53 - - [07/Aug/2021:15:54:09 +0000] "GET / HTTP/1.1" 302 215 "-" "Mozilla/5.0 (Linux; Android 6.0.1; Nexus 5X Build/MMB29P) AppleWebKit/537.36 (KHTML, like Gecko) Chrome/92.0.4515.119 Mobile Safari/537.36 (compatible; Googlebot/2.1; +http://www.google.com/bot.html)"
66.249.73.43 - - [07/Aug/2021:15:54:09 +0000] "GET / HTTP/1.1" 200 78297 "-" "Mozilla/5.0 (Linux; Android 6.0.1; Nexus 5X Build/MMB29P) AppleWebKit/537.36 (KHTML, like Gecko) Chrome/92.0.4515.119 Mobile Safari/537.36 (compatible; Googlebot/2.1; +http://www.google.com/bot.html)"
114.119.156.152 - - [07/Aug/2021:15:54:46 +0000] "GET /galleryimg/4421637images%20(3 HTTP/1.1" 302 240 "-" "Mozilla/5.0 (Linux; Android 7.0;) AppleWebKit/537.36 (KHTML, like Gecko) Mobile Safari/537.36 (compatible; PetalBot;+https://webmaster.petalsearch.com/site/petalbot)"
114.119.156.152 - - [07/Aug/2021:15:54:46 +0000] "GET /galleryimg/4421637images%20(3 HTTP/1.1" 301 268 "-" "Mozilla/5.0 (Linux; Android 7.0;) AppleWebKit/537.36 (KHTML, like Gecko) Mobile Safari/537.36 (compatible; PetalBot;+https://webmaster.petalsearch.com/site/petalbot)"
114.119.156.152 - - [07/Aug/2021:15:54:46 +0000] "GET /galleryimg/4421637images%20(3 HTTP/1.1" 404 78326 "-" "Mozilla/5.0 (Linux; Android 7.0;) AppleWebKit/537.36 (KHTML, like Gecko) Mobile Safari/537.36 (compatible; PetalBot;+https://webmaster.petalsearch.com/site/petalbot)"
49.7.20.92 - - [07/Aug/2021:16:07:18 +0000] "GET / HTTP/1.1" 200 78293 "-" "Sogou web spider/4.0(+http://www.sogou.com/docs/help/webmasters.htm#07)"
49.37.41.208 - - [07/Aug/2021:16:09:56 +0000] "GET / HTTP/1.1" 200 78297 "-" "Mozilla/5.0 (compatible; MSIE 9.0; Windows NT 6.1; Trident/5.0)"
106.38.241.122 - - [07/Aug/2021:16:14:25 +0000] "GET / HTTP/1.1" 200 78293 "-" "Sogou web spider/4.0(+http://www.sogou.com/docs/help/webmasters.htm#07)"
114.119.158.125 - - [07/Aug/2021:16:14:41 +0000] "GET /galleryimg/3825262download%20(1 HTTP/1.1" 404 78328 "-" "Mozilla/5.0 (Linux; Android 7.0;) AppleWebKit/537.36 (KHTML, like Gecko) Mobile Safari/537.36 (compatible; PetalBot;+https://webmaster.petalsearch.com/site/petalbot)"
106.38.241.133 - - [07/Aug/2021:16:18:14 +0000] "GET / HTTP/1.1" 200 78293 "-" "Sogou web spider/4.0(+http://www.sogou.com/docs/help/webmasters.htm#07)"
114.119.159.39 - - [07/Aug/2021:16:24:19 +0000] "GET /contact.php HTTP/1.1" 200 57552 "-" "Mozilla/5.0 (Linux; Android 7.0;) AppleWebKit/537.36 (KHTML, like Gecko) Mobile Safari/537.36 (compatible; PetalBot;+https://webmaster.petalsearch.com/site/petalbot)"
114.119.159.39 - - [07/Aug/2021:16:33:56 +0000] "GET /UttrakhandHolidayTour.html HTTP/1.1" 200 60522 "-" "Mozilla/5.0 (Linux; Android 7.0;) AppleWebKit/537.36 (KHTML, like Gecko) Mobile Safari/537.36 (compatible; PetalBot;+https://webmaster.petalsearch.com/site/petalbot)"
106.38.241.122 - - [07/Aug/2021:16:40:34 +0000] "GET / HTTP/1.1" 200 78293 "-" "Sogou web spider/4.0(+http://www.sogou.com/docs/help/webmasters.htm#07)"
49.7.20.98 - - [07/Aug/2021:16:42:33 +0000] "GET / HTTP/1.1" 200 78293 "-" "Sogou web spider/4.0(+http://www.sogou.com/docs/help/webmasters.htm#07)"
114.119.156.152 - - [07/Aug/2021:16:42:54 +0000] "GET /HIMALAYANGOLDENTRIANGLE.html HTTP/1.1" 200 61288 "-" "Mozilla/5.0 (Linux; Android 7.0;) AppleWebKit/537.36 (KHTML, like Gecko) Mobile Safari/537.36 (compatible; PetalBot;+https://webmaster.petalsearch.com/site/petalbot)"
106.38.241.133 - - [07/Aug/2021:16:42:57 +0000] "GET / HTTP/1.1" 200 78293 "-" "Sogou web spider/4.0(+http://www.sogou.com/docs/help/webmasters.htm#07)"
138.201.11.237 - - [07/Aug/2021:16:48:20 +0000] "GET / HTTP/1.1" 200 78293 "-" "Mozilla/5.0 (Windows NT 10.0; Win64; x64) AppleWebKit/537.36 (KHTML, like Gecko) Chrome/86.0.4240.198 Safari/537.36 OPR/72.0.3815.400"
138.201.11.237 - - [07/Aug/2021:16:48:28 +0000] "GET /contact.php HTTP/1.1" 200 57552 "-" "Mozilla/5.0 (Macintosh; Intel Mac OS X 10_13_6) AppleWebKit/605.1.15 (KHTML, like Gecko) Version/13.1.2 Safari/605.1.15"
138.201.11.237 - - [07/Aug/2021:16:48:30 +0000] "GET /index.php HTTP/1.1" 301 235 "-" "Mozilla/5.0 (Macintosh; Intel Mac OS X 10_15_6) AppleWebKit/605.1.15 (KHTML, like Gecko) Version/14.0 Safari/605.1.15"
138.201.11.237 - - [07/Aug/2021:16:48:30 +0000] "GET /SingaporeHoneymoonTour.html HTTP/1.1" 200 61143 "-" "Mozilla/5.0 (Macintosh; Intel Mac OS X 10_13_6) AppleWebKit/537.36 (KHTML, like Gecko) Chrome/86.0.4240.198 Safari/537.36"
138.201.11.237 - - [07/Aug/2021:16:48:30 +0000] "GET /RajasthanHoneymoonPackage.html HTTP/1.1" 200 61422 "-" "Mozilla/5.0 (Windows NT 10.0; Win64; x64; rv:82.0) Gecko/20100101 Firefox/82.0"
138.201.11.237 - - [07/Aug/2021:16:48:30 +0000] "GET /Jammu&KashmirPackages.html HTTP/1.1" 200 56924 "-" "Mozilla/5.0 (Windows NT 10.0; Win64; x64) AppleWebKit/537.36 (KHTML, like Gecko) Chrome/86.0.4240.183 Safari/537.36 OPR/72.0.3815.320"
138.201.11.237 - - [07/Aug/2021:16:48:30 +0000] "GET /GoaTour.html HTTP/1.1" 200 60668 "-" "Mozilla/5.0 (Windows NT 10.0; Win64; x64) AppleWebKit/537.36 (KHTML, like Gecko) Chrome/87.0.4280.67 Safari/537.36"
138.201.11.237 - - [07/Aug/2021:16:48:30 +0000] "GET /DelhiAgraJaipurTour.html HTTP/1.1" 200 60863 "-" "Mozilla/5.0 (Windows NT 10.0; Win64; x64) AppleWebKit/537.36 (KHTML, like Gecko) Chrome/86.0.4240.183 Safari/537.36 OPR/72.0.3815.320"
138.201.11.237 - - [07/Aug/2021:16:48:30 +0000] "GET /pagecontents.php?url=Return-and-Refund-Policy HTTP/1.1" 200 50964 "-" "Mozilla/5.0 (Macintosh; Intel Mac OS X 10_15_7) AppleWebKit/537.36 (KHTML, like Gecko) Chrome/87.0.4280.67 Safari/537.36"
138.201.11.237 - - [07/Aug/2021:16:48:30 +0000] "GET /Katra(VaishnoDevi)TourPackage.html HTTP/1.1" 200 58533 "-" "Mozilla/5.0 (Windows NT 10.0; Win64; x64) AppleWebKit/537.36 (KHTML, like Gecko) Chrome/87.0.4280.67 Safari/537.36"
138.201.11.237 - - [07/Aug/2021:16:48:30 +0000] "GET /SingaporeTourPackage.html HTTP/1.1" 200 60437 "-" "Mozilla/5.0 (Macintosh; Intel Mac OS X 11_0_0) AppleWebKit/537.36 (KHTML, like Gecko) Chrome/86.0.4240.198 Safari/537.36"
138.201.11.237 - - [07/Aug/2021:16:48:30 +0000] "GET /GoaTourPackage.html HTTP/1.1" 200 59761 "-" "Mozilla/5.0 (X11; Ubuntu; Linux x86_64; rv:82.0) Gecko/20100101 Firefox/82.0"
138.201.11.237 - - [07/Aug/2021:16:48:30 +0000] "GET /RajasthanTourism.html HTTP/1.1" 200 60974 "-" "Mozilla/5.0 (Windows NT 6.3; Win64; x64) AppleWebKit/537.36 (KHTML, like Gecko) Chrome/87.0.4280.88 Safari/537.36"
138.201.11.237 - - [07/Aug/2021:16:48:30 +0000] "GET /pagecontents.php?url=Privacy-Policy HTTP/1.1" 200 51008 "-" "Mozilla/5.0 (X11; Ubuntu; Linux x86_64; rv:77.0) Gecko/20100101 Firefox/77.0"
138.201.11.237 - - [07/Aug/2021:16:48:30 +0000] "GET /RajasthanTour3Days/2Nights.html HTTP/1.1" 404 78328 "-" "Mozilla/5.0 (Windows NT 10.0; Win64; x64; rv:82.0) Gecko/20100101 Firefox/82.0"
138.201.11.237 - - [07/Aug/2021:16:48:30 +0000] "GET /Jammu&KatraTour.html HTTP/1.1" 200 56918 "-" "Mozilla/5.0 (Windows NT 10.0; Win64; x64) AppleWebKit/537.36 (KHTML, like Gecko) Chrome/86.0.4240.198 Safari/537.36 OPR/72.0.3815.400"
138.201.11.237 - - [07/Aug/2021:16:48:30 +0000] "GET /about.php HTTP/1.1" 200 57479 "-" "Mozilla/5.0 (Macintosh; Intel Mac OS X 10_15_6) AppleWebKit/605.1.15 (KHTML, like Gecko) Version/14.0.2 Safari/605.1.15"
138.201.11.237 - - [07/Aug/2021:16:48:30 +0000] "GET /KeralahouseboatTour.html HTTP/1.1" 200 62075 "-" "Mozilla/5.0 (X11; Ubuntu; Linux x86_64; rv:83.0) Gecko/20100101 Firefox/83.0"
138.201.11.237 - - [07/Aug/2021:16:48:30 +0000] "GET /pagecontents.php?url=Cancellation-Policy HTTP/1.1" 200 50964 "-" "Mozilla/5.0 (Macintosh; Intel Mac OS X 10_15_6) AppleWebKit/537.36 (KHTML, like Gecko) Chrome/86.0.4240.198 Safari/537.36"
138.201.11.237 - - [07/Aug/2021:16:48:30 +0000] "GET /RajasthanHeritageCultureTour.html HTTP/1.1" 200 63178 "-" "Mozilla/5.0 (Macintosh; Intel Mac OS X 10_15_6) AppleWebKit/537.36 (KHTML, like Gecko) Chrome/87.0.4280.88 Safari/537.36"
138.201.11.237 - - [07/Aug/2021:16:48:30 +0000] "GET /KashmirHoneymoonPackages.html HTTP/1.1" 200 62145 "-" "Mozilla/5.0 (Macintosh; Intel Mac OS X 10_15_7) AppleWebKit/537.36 (KHTML, like Gecko) Chrome/87.0.4280.88 Safari/537.36"
138.201.11.237 - - [07/Aug/2021:16:48:30 +0000] "GET /KashmirTour.html HTTP/1.1" 200 59335 "-" "Mozilla/5.0 (Windows NT 10.0; Win64; x64) AppleWebKit/537.36 (KHTML, like Gecko) Chrome/87.0.4280.88 Safari/537.36 Edg/87.0.664.60"
138.201.11.237 - - [07/Aug/2021:16:48:31 +0000] "GET /KualaLumpurPenangTour.html HTTP/1.1" 200 61105 "-" "Mozilla/5.0 (X11; Linux x86_64) AppleWebKit/537.36 (KHTML, like Gecko) Chrome/86.0.4240.111 Safari/537.36"
138.201.11.237 - - [07/Aug/2021:16:48:31 +0000] "GET /tour-package.php?id=21 HTTP/1.1" 200 57872 "-" "Mozilla/5.0 (Windows NT 6.3; Win64; x64) AppleWebKit/537.36 (KHTML, like Gecko) Chrome/87.0.4280.88 Safari/537.36"
138.201.11.237 - - [07/Aug/2021:16:48:34 +0000] "GET / HTTP/1.1" 200 78293 "-" "Mozilla/5.0 (Macintosh; Intel Mac OS X 10_15_6) AppleWebKit/605.1.15 (KHTML, like Gecko) Version/14.0 Safari/605.1.15"
138.201.11.237 - - [07/Aug/2021:16:48:40 +0000] "GET /kualalumpurgentingtour.html HTTP/1.1" 200 60918 "-" "Mozilla/5.0 (Macintosh; Intel Mac OS X 10_14_6) AppleWebKit/537.36 (KHTML, like Gecko) Chrome/87.0.4280.88 Safari/537.36"
138.201.11.237 - - [07/Aug/2021:16:48:42 +0000] "GET /contact.php HTTP/1.1" 200 57552 "-" "Mozilla/5.0 (X11; Linux x86_64) AppleWebKit/537.36 (KHTML, like Gecko) Chrome/87.0.4280.66 Safari/537.36"
138.201.11.237 - - [07/Aug/2021:16:48:43 +0000] "GET /contact.php HTTP/1.1" 200 57552 "-" "Mozilla/5.0 (Windows NT 10.0; Win64; x64) AppleWebKit/537.36 (KHTML, like Gecko) Chrome/86.0.4240.198 Safari/537.36 OPR/72.0.3815.400"
138.201.11.237 - - [07/Aug/2021:16:48:45 +0000] "GET /contact.php HTTP/1.1" 200 57552 "-" "Mozilla/5.0 (Windows NT 10.0) AppleWebKit/537.36 (KHTML, like Gecko) Chrome/72.0.3626.121 Safari/537.36"
138.201.11.237 - - [07/Aug/2021:16:48:46 +0000] "GET /js/vendor/modernizr-2.8.3.min.js HTTP/1.1" 200 15514 "http://indiatravelkart.com/contact.php" "Mozilla/5.0 (Windows NT 10.0) AppleWebKit/537.36 (KHTML, like Gecko) Chrome/72.0.3626.121 Safari/537.36"
138.201.11.237 - - [07/Aug/2021:16:48:46 +0000] "GET /js/bootstrap.min.js HTTP/1.1" 200 36868 "http://indiatravelkart.com/contact.php" "Mozilla/5.0 (Windows NT 10.0) AppleWebKit/537.36 (KHTML, like Gecko) Chrome/72.0.3626.121 Safari/537.36"
138.201.11.237 - - [07/Aug/2021:16:48:46 +0000] "GET /js/vendor/jquery-1.11.3.min.js HTTP/1.1" 200 95992 "http://indiatravelkart.com/contact.php" "Mozilla/5.0 (Windows NT 10.0) AppleWebKit/537.36 (KHTML, like Gecko) Chrome/72.0.3626.121 Safari/537.36"
138.201.11.237 - - [07/Aug/2021:16:48:46 +0000] "GET /lib/nivo-slider/js/jquery.nivo.slider.js HTTP/1.1" 200 29113 "http://indiatravelkart.com/contact.php" "Mozilla/5.0 (Windows NT 10.0) AppleWebKit/537.36 (KHTML, like Gecko) Chrome/72.0.3626.121 Safari/537.36"
138.201.11.237 - - [07/Aug/2021:16:48:46 +0000] "GET /lib/nivo-slider/home.js HTTP/1.1" 200 724 "http://indiatravelkart.com/contact.php" "Mozilla/5.0 (Windows NT 10.0) AppleWebKit/537.36 (KHTML, like Gecko) Chrome/72.0.3626.121 Safari/537.36"
138.201.11.237 - - [07/Aug/2021:16:48:46 +0000] "GET /js/wow.min.js HTTP/1.1" 200 8426 "http://indiatravelkart.com/contact.php" "Mozilla/5.0 (Windows NT 10.0) AppleWebKit/537.36 (KHTML, like Gecko) Chrome/72.0.3626.121 Safari/537.36"
138.201.11.237 - - [07/Aug/2021:16:48:46 +0000] "GET /js/jquery-price-slider.js HTTP/1.1" 200 24017 "http://indiatravelkart.com/contact.php" "Mozilla/5.0 (Windows NT 10.0) AppleWebKit/537.36 (KHTML, like Gecko) Chrome/72.0.3626.121 Safari/537.36"
138.201.11.237 - - [07/Aug/2021:16:48:46 +0000] "GET /js/owl.carousel.min.js HTTP/1.1" 200 23890 "http://indiatravelkart.com/contact.php" "Mozilla/5.0 (Windows NT 10.0) AppleWebKit/537.36 (KHTML, like Gecko) Chrome/72.0.3626.121 Safari/537.36"
138.201.11.237 - - [07/Aug/2021:16:48:46 +0000] "GET /js/jquery.meanmenu.js HTTP/1.1" 200 11467 "http://indiatravelkart.com/contact.php" "Mozilla/5.0 (Windows NT 10.0) AppleWebKit/537.36 (KHTML, like Gecko) Chrome/72.0.3626.121 Safari/537.36"
138.201.11.237 - - [07/Aug/2021:16:48:46 +0000] "GET /js/jquery.scrollUp.min.js HTTP/1.1" 200 2035 "http://indiatravelkart.com/contact.php" "Mozilla/5.0 (Windows NT 10.0) AppleWebKit/537.36 (KHTML, like Gecko) Chrome/72.0.3626.121 Safari/537.36"
138.201.11.237 - - [07/Aug/2021:16:48:47 +0000] "GET /js/waypoints.min.js HTTP/1.1" 200 8044 "http://indiatravelkart.com/contact.php" "Mozilla/5.0 (Windows NT 10.0) AppleWebKit/537.36 (KHTML, like Gecko) Chrome/72.0.3626.121 Safari/537.36"
138.201.11.237 - - [07/Aug/2021:16:48:47 +0000] "GET /js/jquery.counterup.min.js HTTP/1.1" 200 1067 "http://indiatravelkart.com/contact.php" "Mozilla/5.0 (Windows NT 10.0) AppleWebKit/537.36 (KHTML, like Gecko) Chrome/72.0.3626.121 Safari/537.36"
138.201.11.237 - - [07/Aug/2021:16:48:47 +0000] "GET /js/plugins.js HTTP/1.1" 200 760 "http://indiatravelkart.com/contact.php" "Mozilla/5.0 (Windows NT 10.0) AppleWebKit/537.36 (KHTML, like Gecko) Chrome/72.0.3626.121 Safari/537.36"
138.201.11.237 - - [07/Aug/2021:16:48:47 +0000] "GET /js/main.js HTTP/1.1" 200 2518 "http://indiatravelkart.com/contact.php" "Mozilla/5.0 (Windows NT 10.0) AppleWebKit/537.36 (KHTML, like Gecko) Chrome/72.0.3626.121 Safari/537.36"
138.201.11.237 - - [07/Aug/2021:16:48:56 +0000] "GET /contact-us/ HTTP/1.1" 301 250 "-" "Mozilla/5.0 (Windows NT 10.0; Win64; x64; rv:82.0) Gecko/20100101 Firefox/82.0"
138.201.11.237 - - [07/Aug/2021:16:48:55 +0000] "GET /contact-us/ HTTP/1.1" 200 50964 "-" "Mozilla/5.0 (Macintosh; Intel Mac OS X 10_14_6) AppleWebKit/537.36 (KHTML, like Gecko) Chrome/87.0.4280.67 Safari/537.36"
138.201.11.237 - - [07/Aug/2021:16:48:55 +0000] "GET /contact-us/tour-package.php?id=24 HTTP/1.1" 404 78330 "-" "Mozilla/5.0 (Windows NT 10.0; Win64; x64) AppleWebKit/537.36 (KHTML, like Gecko) Chrome/86.0.4240.183 Safari/537.36"
138.201.11.237 - - [07/Aug/2021:16:48:56 +0000] "GET /RajasthanTour3Days/contact.php HTTP/1.1" 404 78327 "-" "Mozilla/5.0 (Macintosh; Intel Mac OS X 10_15_6) AppleWebKit/537.36 (KHTML, like Gecko) Chrome/86.0.4240.198 Safari/537.36"
138.201.11.237 - - [07/Aug/2021:16:48:56 +0000] "GET /RajasthanTour3Days/pagecontents.php?url=Privacy-Policy HTTP/1.1" 404 78351 "-" "Mozilla/5.0 (Windows NT 10.0; Win64; x64) AppleWebKit/537.36 (KHTML, like Gecko) Chrome/87.0.4280.67 Safari/537.36 Edg/87.0.664.52"
138.201.11.237 - - [07/Aug/2021:16:48:56 +0000] "GET /contact.php HTTP/1.1" 302 222 "-" "Mozilla/5.0 (Windows NT 10.0; Win64; x64) AppleWebKit/537.36 (KHTML, like Gecko) Chrome/87.0.4280.67 Safari/537.36 Edg/87.0.664.47"
138.201.11.237 - - [07/Aug/2021:16:48:56 +0000] "GET /contact-us/ HTTP/1.1" 200 50964 "-" "Mozilla/5.0 (Windows NT 10.0; Win64; x64; rv:82.0) Gecko/20100101 Firefox/82.0"
138.201.11.237 - - [07/Aug/2021:16:48:56 +0000] "GET /contact.php HTTP/1.1" 200 57552 "-" "Mozilla/5.0 (Windows NT 10.0; Win64; x64) AppleWebKit/537.36 (KHTML, like Gecko) Chrome/87.0.4280.67 Safari/537.36 Edg/87.0.664.47"
138.201.11.237 - - [07/Aug/2021:16:48:57 +0000] "GET /contact-us/ HTTP/1.1" 302 222 "-" "Mozilla/5.0 (Windows NT 6.1; Win64; x64; rv:83.0) Gecko/20100101 Firefox/83.0"
138.201.11.237 - - [07/Aug/2021:16:48:58 +0000] "GET /contact-us/ HTTP/1.1" 301 250 "-" "Mozilla/5.0 (Windows NT 6.1; Win64; x64; rv:83.0) Gecko/20100101 Firefox/83.0"
138.201.11.237 - - [07/Aug/2021:16:48:58 +0000] "GET /contact-us/ HTTP/1.1" 200 50964 "-" "Mozilla/5.0 (Windows NT 6.1; Win64; x64; rv:83.0) Gecko/20100101 Firefox/83.0"
138.201.11.237 - - [07/Aug/2021:16:49:02 +0000] "GET /contact-us/tour-package.php?id=13 HTTP/1.1" 404 78330 "-" "Mozilla/5.0 (Macintosh; Intel Mac OS X 10.14; rv:82.0) Gecko/20100101 Firefox/82.0"
138.201.11.237 - - [07/Aug/2021:16:49:02 +0000] "GET /contact-us/tour-package.php?id=14 HTTP/1.1" 404 78330 "-" "Mozilla/5.0 (X11; Linux x86_64) AppleWebKit/537.36 (KHTML, like Gecko) Chrome/87.0.4280.67 Safari/537.36"
138.201.11.237 - - [07/Aug/2021:16:49:02 +0000] "GET /contact-us/tour-package.php?id=1 HTTP/1.1" 404 78329 "-" "Mozilla/5.0 (Macintosh; Intel Mac OS X 10_15_7) AppleWebKit/537.36 (KHTML, like Gecko) Chrome/86.0.4240.183 Safari/537.36"
138.201.11.237 - - [07/Aug/2021:16:49:02 +0000] "GET /contact-us/pagecontents.php?url=Cancellation-Policy HTTP/1.1" 404 78348 "-" "Mozilla/5.0 (Windows NT 6.1; Win64; x64; rv:83.0) Gecko/20100101 Firefox/83.0"
138.201.11.237 - - [07/Aug/2021:16:49:02 +0000] "GET /contact-us/pagecontents.php?url=Return-and-Refund-Policy HTTP/1.1" 404 78353 "-" "Mozilla/5.0 (X11; Linux x86_64; rv:83.0) Gecko/20100101 Firefox/83.0"
138.201.11.237 - - [07/Aug/2021:16:49:02 +0000] "GET /contact-us/night-life-tour-packages.php HTTP/1.1" 404 78336 "-" "Mozilla/5.0 (Windows NT 10.0; Win64; x64) AppleWebKit/537.36 (KHTML, like Gecko) Chrome/86.0.4240.193 Safari/537.36"
138.201.11.237 - - [07/Aug/2021:16:49:02 +0000] "GET /contact-us/tour-package.php?id=26 HTTP/1.1" 404 78330 "-" "Mozilla/5.0 (Macintosh; Intel Mac OS X 10_15_6) AppleWebKit/605.1.15 (KHTML, like Gecko) Version/14.0 Safari/605.1.15"
138.201.11.237 - - [07/Aug/2021:16:49:02 +0000] "GET /contact-us/honeymoon-tour-packages.php HTTP/1.1" 404 78335 "-" "Mozilla/5.0 (Windows NT 10.0; WOW64) AppleWebKit/537.36 (KHTML, like Gecko) Chrome/86.0.4240.198 Safari/537.36"
138.201.11.237 - - [07/Aug/2021:16:49:02 +0000] "GET /contact-us/tour-package.php?id=12 HTTP/1.1" 404 78330 "-" "Mozilla/5.0 (Windows NT 10.0; Win64; x64) AppleWebKit/537.36 (KHTML, like Gecko) Chrome/85.0.4183.121 Safari/537.36"
138.201.11.237 - - [07/Aug/2021:16:49:02 +0000] "GET /contact-us/family-fun-tour-packages.php HTTP/1.1" 404 78336 "-" "Mozilla/5.0 (Windows NT 6.1; Win64; x64) AppleWebKit/537.36 (KHTML, like Gecko) Chrome/87.0.4280.88 Safari/537.36"
138.201.11.237 - - [07/Aug/2021:16:49:02 +0000] "GET /contact-us/tour-package.php?id=24 HTTP/1.1" 404 78330 "-" "Mozilla/5.0 (X11; Linux x86_64) AppleWebKit/537.36 (KHTML, like Gecko) Chrome/87.0.4280.66 Safari/537.36"
138.201.11.237 - - [07/Aug/2021:16:49:02 +0000] "GET /contact-us/tour-package.php?id=10 HTTP/1.1" 404 78330 "-" "Mozilla/5.0 (X11; Linux x86_64) AppleWebKit/537.36 (KHTML, like Gecko) Chrome/86.0.4240.198 Safari/537.36"
138.201.11.237 - - [07/Aug/2021:16:49:02 +0000] "GET /contact-us/cruise-tour-packages.php HTTP/1.1" 404 78332 "-" "Mozilla/5.0 (Windows NT 6.3; Win64; x64; rv:83.0) Gecko/20100101 Firefox/83.0"
138.201.11.237 - - [07/Aug/2021:16:49:02 +0000] "GET /contact-us/hill-station-tour-packages.php HTTP/1.1" 404 78338 "-" "Mozilla/5.0 (Windows NT 10.0; Win64; x64; rv:82.0) Gecko/20100101 Firefox/82.0"
138.201.11.237 - - [07/Aug/2021:16:49:02 +0000] "GET /contact-us/tour-package.php?id=28 HTTP/1.1" 404 78330 "-" "Mozilla/5.0 (X11; Linux x86_64; rv:83.0) Gecko/20100101 Firefox/83.0"
138.201.11.237 - - [07/Aug/2021:16:49:02 +0000] "GET /contact-us/tour-package.php?id=27 HTTP/1.1" 404 78330 "-" "Mozilla/5.0 (Macintosh; Intel Mac OS X 10_15_6) AppleWebKit/537.36 (KHTML, like Gecko) Chrome/87.0.4280.67 Safari/537.36"
138.201.11.237 - - [07/Aug/2021:16:49:03 +0000] "GET /contact-us/services.php HTTP/1.1" 404 78320 "-" "Mozilla/5.0 (X11; Linux x86_64) AppleWebKit/537.36 (KHTML, like Gecko) Chrome/86.0.4240.111 Safari/537.36"
138.201.11.237 - - [07/Aug/2021:16:49:03 +0000] "GET /contact-us/pagecontents.php?url=Privacy-Policy HTTP/1.1" 404 78343 "-" "Mozilla/5.0 (X11; Linux x86_64) AppleWebKit/537.36 (KHTML, like Gecko) Chrome/87.0.4280.88 Safari/537.36"
138.201.11.237 - - [07/Aug/2021:16:49:03 +0000] "GET /contact-us/tour-package.php?id=17 HTTP/1.1" 404 78330 "-" "Mozilla/5.0 (Macintosh; Intel Mac OS X 10.14; rv:82.0) Gecko/20100101 Firefox/82.0"
138.201.11.237 - - [07/Aug/2021:16:49:03 +0000] "GET /contact-us/tour-package.php?id=19 HTTP/1.1" 404 78330 "-" "Mozilla/5.0 (Macintosh; Intel Mac OS X 10_15_6) AppleWebKit/537.36 (KHTML, like Gecko) Chrome/87.0.4280.67 Safari/537.36"
138.201.11.237 - - [07/Aug/2021:16:49:03 +0000] "GET /contact-us/index.php HTTP/1.1" 301 250 "-" "Mozilla/5.0 (Macintosh; Intel Mac OS X 10_15_6) AppleWebKit/537.36 (KHTML, like Gecko) Chrome/86.0.4240.198 Safari/537.36"
138.201.11.237 - - [07/Aug/2021:16:49:03 +0000] "GET /contact-us/tour-package.php?id=20 HTTP/1.1" 404 78330 "-" "Mozilla/5.0 (Macintosh; Intel Mac OS X 10_15_6) AppleWebKit/605.1.15 (KHTML, like Gecko) Version/14.0.2 Safari/605.1.15"
138.201.11.237 - - [07/Aug/2021:16:49:03 +0000] "GET /contact-us/tour-package.php?id=22 HTTP/1.1" 404 78330 "-" "Mozilla/5.0 (Macintosh; Intel Mac OS X 10_15_6) AppleWebKit/537.36 (KHTML, like Gecko) Chrome/86.0.4240.198 Safari/537.36"
138.201.11.237 - - [07/Aug/2021:16:49:03 +0000] "GET /contact-us/tour-package.php?id=23 HTTP/1.1" 404 78330 "-" "Mozilla/5.0 (Windows NT 10.0; Win64; x64) AppleWebKit/537.36 (KHTML, like Gecko) Chrome/87.0.4280.67 Safari/537.36 Edg/87.0.664.47"
138.201.11.237 - - [07/Aug/2021:16:49:03 +0000] "GET /contact-us/about.php HTTP/1.1" 404 78317 "-" "Mozilla/5.0 (Macintosh; Intel Mac OS X 10_15_6) AppleWebKit/537.36 (KHTML, like Gecko) Chrome/86.0.4240.198 Safari/537.36"
138.201.11.237 - - [07/Aug/2021:16:49:03 +0000] "GET /contact-us/beach-tour-packages.php HTTP/1.1" 404 78331 "-" "Mozilla/5.0 (Windows NT 10.0; Win64; x64; rv:78.0) Gecko/20100101 Firefox/78.0"
138.201.11.237 - - [07/Aug/2021:16:49:03 +0000] "GET /contact-us/tour-package.php?id=15 HTTP/1.1" 404 78330 "-" "Mozilla/5.0 (Windows NT 6.3; Win64; x64) AppleWebKit/537.36 (KHTML, like Gecko) Chrome/87.0.4280.88 Safari/537.36"
138.201.11.237 - - [07/Aug/2021:16:49:03 +0000] "GET /contact-us/pagecontents.php?url=Pyament-Option HTTP/1.1" 404 78343 "-" "Mozilla/5.0 (Windows NT 10.0; Win64; x64) AppleWebKit/537.36 (KHTML, like Gecko) Chrome/86.0.4240.183 Safari/537.36 OPR/72.0.3815.320"
138.201.11.237 - - [07/Aug/2021:16:49:03 +0000] "GET /contact-us/contact.php HTTP/1.1" 404 78319 "-" "Mozilla/5.0 (Macintosh; Intel Mac OS X 10.14; rv:82.0) Gecko/20100101 Firefox/82.0"
138.201.11.237 - - [07/Aug/2021:16:49:03 +0000] "GET /contact-us/tour-package.php?id=21 HTTP/1.1" 404 78330 "-" "Mozilla/5.0 (X11; Ubuntu; Linux x86_64; rv:83.0) Gecko/20100101 Firefox/83.0"
