66.249.66.75 - - [02/Aug/2021:14:34:51 +0000] "GET /tour-package.php?id=28 HTTP/1.1" 302 233 "-" "Mozilla/5.0 (Linux; Android 6.0.1; Nexus 5X Build/MMB29P) AppleWebKit/537.36 (KHTML, like Gecko) Chrome/91.0.4472.90 Mobile Safari/537.36 (compatible; Googlebot/2.1; +http://www.google.com/bot.html)"
66.249.66.65 - - [02/Aug/2021:14:34:54 +0000] "GET /js/vendor/modernizr-2.8.3.min.js HTTP/1.1" 200 15514 "http://indiatravelkart.com/tour-package.php?id=28" "Mozilla/5.0 (Linux; Android 6.0.1; Nexus 5X Build/MMB29P) AppleWebKit/537.36 (KHTML, like Gecko) Chrome/91.0.4472.90 Mobile Safari/537.36 (compatible; Googlebot/2.1; +http://www.google.com/bot.html)"
66.249.66.95 - - [02/Aug/2021:14:34:55 +0000] "GET /css/bootstrap.min.css HTTP/1.1" 200 138183 "http://indiatravelkart.com/tour-package.php?id=28" "Mozilla/5.0 (Linux; Android 6.0.1; Nexus 5X Build/MMB29P) AppleWebKit/537.36 (KHTML, like Gecko) Chrome/91.0.4472.90 Mobile Safari/537.36 (compatible; Googlebot/2.1; +http://www.google.com/bot.html)"
66.249.66.95 - - [02/Aug/2021:14:34:56 +0000] "GET /css/meanmenu.min.css HTTP/1.1" 200 2732 "http://indiatravelkart.com/tour-package.php?id=28" "Mozilla/5.0 (Linux; Android 6.0.1; Nexus 5X Build/MMB29P) AppleWebKit/537.36 (KHTML, like Gecko) Chrome/91.0.4472.90 Mobile Safari/537.36 (compatible; Googlebot/2.1; +http://www.google.com/bot.html)"
66.249.66.95 - - [02/Aug/2021:14:34:57 +0000] "GET /lib/nivo-slider/css/nivo-slider.css HTTP/1.1" 200 8098 "http://indiatravelkart.com/tour-package.php?id=28" "Mozilla/5.0 (Linux; Android 6.0.1; Nexus 5X Build/MMB29P) AppleWebKit/537.36 (KHTML, like Gecko) Chrome/91.0.4472.90 Mobile Safari/537.36 (compatible; Googlebot/2.1; +http://www.google.com/bot.html)"
66.249.66.65 - - [02/Aug/2021:14:34:58 +0000] "GET /css/responsive.css HTTP/1.1" 200 27655 "http://indiatravelkart.com/tour-package.php?id=28" "Mozilla/5.0 (Linux; Android 6.0.1; Nexus 5X Build/MMB29P) AppleWebKit/537.36 (KHTML, like Gecko) Chrome/91.0.4472.90 Mobile Safari/537.36 (compatible; Googlebot/2.1; +http://www.google.com/bot.html)"
66.249.66.76 - - [02/Aug/2021:14:45:45 +0000] "GET /tour-package.php?id=1 HTTP/1.1" 302 232 "-" "Mozilla/5.0 (Linux; Android 6.0.1; Nexus 5X Build/MMB29P) AppleWebKit/537.36 (KHTML, like Gecko) Chrome/91.0.4472.90 Mobile Safari/537.36 (compatible; Googlebot/2.1; +http://www.google.com/bot.html)"
66.249.66.65 - - [02/Aug/2021:14:45:46 +0000] "GET /tour-package.php?id=1 HTTP/1.1" 200 65712 "-" "Mozilla/5.0 (Linux; Android 6.0.1; Nexus 5X Build/MMB29P) AppleWebKit/537.36 (KHTML, like Gecko) Chrome/91.0.4472.90 Mobile Safari/537.36 (compatible; Googlebot/2.1; +http://www.google.com/bot.html)"
106.38.241.120 - - [02/Aug/2021:14:56:29 +0000] "GET / HTTP/1.1" 200 78293 "-" "Sogou web spider/4.0(+http://www.sogou.com/docs/help/webmasters.htm#07)"
66.249.66.57 - - [02/Aug/2021:14:56:39 +0000] "GET /tour-package.php?id=25 HTTP/1.1" 200 58055 "-" "Mozilla/5.0 (compatible; Googlebot/2.1; +http://www.google.com/bot.html)"
66.249.66.75 - - [02/Aug/2021:15:07:34 +0000] "GET /family-fun-tour-packages.php HTTP/1.1" 302 239 "-" "Mozilla/5.0 (Linux; Android 6.0.1; Nexus 5X Build/MMB29P) AppleWebKit/537.36 (KHTML, like Gecko) Chrome/91.0.4472.90 Mobile Safari/537.36 (compatible; Googlebot/2.1; +http://www.google.com/bot.html)"
66.249.66.95 - - [02/Aug/2021:15:07:35 +0000] "GET /family-fun-tour-packages.php HTTP/1.1" 200 53987 "-" "Mozilla/5.0 (Linux; Android 6.0.1; Nexus 5X Build/MMB29P) AppleWebKit/537.36 (KHTML, like Gecko) Chrome/91.0.4472.90 Mobile Safari/537.36 (compatible; Googlebot/2.1; +http://www.google.com/bot.html)"
185.191.171.23 - - [02/Aug/2021:15:14:46 +0000] "GET /robots.txt HTTP/1.1" 404 78307 "-" "Mozilla/5.0 (compatible; SemrushBot/7~bl; +http://www.semrush.com/bot.html)"
185.191.171.4 - - [02/Aug/2021:15:14:47 +0000] "GET /RajasthanTourPackages.html HTTP/1.1" 200 56924 "-" "Mozilla/5.0 (compatible; SemrushBot/7~bl; +http://www.semrush.com/bot.html)"
66.249.66.75 - - [02/Aug/2021:15:18:29 +0000] "GET /cruise-tour-packages.php HTTP/1.1" 302 235 "-" "Mozilla/5.0 (Linux; Android 6.0.1; Nexus 5X Build/MMB29P) AppleWebKit/537.36 (KHTML, like Gecko) Chrome/91.0.4472.90 Mobile Safari/537.36 (compatible; Googlebot/2.1; +http://www.google.com/bot.html)"
66.249.66.65 - - [02/Aug/2021:15:18:29 +0000] "GET /cruise-tour-packages.php HTTP/1.1" 200 54000 "-" "Mozilla/5.0 (Linux; Android 6.0.1; Nexus 5X Build/MMB29P) AppleWebKit/537.36 (KHTML, like Gecko) Chrome/91.0.4472.90 Mobile Safari/537.36 (compatible; Googlebot/2.1; +http://www.google.com/bot.html)"
216.244.66.236 - - [02/Aug/2021:15:19:48 +0000] "GET /robots.txt HTTP/1.1" 404 78307 "-" "Mozilla/5.0 (compatible; DotBot/1.2; +https://opensiteexplorer.org/dotbot; help@moz.com)"
114.119.159.39 - - [02/Aug/2021:15:20:54 +0000] "GET /HimachalTourPackage.html HTTP/1.1" 200 60429 "-" "Mozilla/5.0 (Linux; Android 7.0;) AppleWebKit/537.36 (KHTML, like Gecko) Mobile Safari/537.36 (compatible; PetalBot;+https://webmaster.petalsearch.com/site/petalbot)"
114.119.157.24 - - [02/Aug/2021:15:27:29 +0000] "GET /GangtokDarjeelingTour.html HTTP/1.1" 200 62827 "-" "Mozilla/5.0 (Linux; Android 7.0;) AppleWebKit/537.36 (KHTML, like Gecko) Mobile Safari/537.36 (compatible; PetalBot;+https://webmaster.petalsearch.com/site/petalbot)"
216.244.66.236 - - [02/Aug/2021:15:30:13 +0000] "GET /3-countries-magic-tour/tour-package.php?id=19 HTTP/1.1" 404 78342 "-" "Mozilla/5.0 (compatible; DotBot/1.2; +https://opensiteexplorer.org/dotbot; help@moz.com)"
114.119.152.233 - - [02/Aug/2021:15:34:11 +0000] "GET /shimlamanali-chandigarh-cartour.html HTTP/1.1" 200 59545 "-" "Mozilla/5.0 (Linux; Android 7.0;) AppleWebKit/537.36 (KHTML, like Gecko) Mobile Safari/537.36 (compatible; PetalBot;+https://webmaster.petalsearch.com/site/petalbot)"
106.38.241.120 - - [02/Aug/2021:15:44:21 +0000] "GET / HTTP/1.1" 200 78293 "-" "Sogou web spider/4.0(+http://www.sogou.com/docs/help/webmasters.htm#07)"
114.119.159.39 - - [02/Aug/2021:15:50:55 +0000] "GET /robots.txt HTTP/1.1" 302 225 "-" "Mozilla/5.0 (compatible;PetalBot;+https://webmaster.petalsearch.com/site/petalbot)"
114.119.159.39 - - [02/Aug/2021:15:50:55 +0000] "GET /robots.txt HTTP/1.1" 404 78307 "-" "Mozilla/5.0 (compatible;PetalBot;+https://webmaster.petalsearch.com/site/petalbot)"
185.191.171.34 - - [02/Aug/2021:15:51:55 +0000] "GET /robots.txt HTTP/1.1" 302 221 "-" "Mozilla/5.0 (compatible; SemrushBot/7~bl; +http://www.semrush.com/bot.html)"
185.191.171.22 - - [02/Aug/2021:15:51:56 +0000] "GET /robots.txt HTTP/1.1" 301 249 "-" "Mozilla/5.0 (compatible; SemrushBot/7~bl; +http://www.semrush.com/bot.html)"
185.191.171.19 - - [02/Aug/2021:15:51:57 +0000] "GET /robots.txt HTTP/1.1" 404 78307 "-" "Mozilla/5.0 (compatible; SemrushBot/7~bl; +http://www.semrush.com/bot.html)"
185.191.171.36 - - [02/Aug/2021:15:51:58 +0000] "GET /tour-package.php?id=17 HTTP/1.1" 302 233 "-" "Mozilla/5.0 (compatible; SemrushBot/7~bl; +http://www.semrush.com/bot.html)"
185.191.171.9 - - [02/Aug/2021:15:52:00 +0000] "GET /tour-package.php?id=17 HTTP/1.1" 200 61812 "-" "Mozilla/5.0 (compatible; SemrushBot/7~bl; +http://www.semrush.com/bot.html)"
114.119.134.245 - - [02/Aug/2021:15:57:37 +0000] "GET /beach-tour-packages.php HTTP/1.1" 200 55265 "-" "Mozilla/5.0 (Linux; Android 7.0;) AppleWebKit/537.36 (KHTML, like Gecko) Mobile Safari/537.36 (compatible; PetalBot;+https://webmaster.petalsearch.com/site/petalbot)"
114.119.158.125 - - [02/Aug/2021:16:04:25 +0000] "GET /SrilankaHoneymoonTour.html HTTP/1.1" 200 65132 "-" "Mozilla/5.0 (Linux; Android 7.0;) AppleWebKit/537.36 (KHTML, like Gecko) Mobile Safari/537.36 (compatible; PetalBot;+https://webmaster.petalsearch.com/site/petalbot)"
114.119.159.183 - - [02/Aug/2021:16:12:02 +0000] "GET /Jammu&KashmirPackages.html HTTP/1.1" 200 56924 "-" "Mozilla/5.0 (Linux; Android 7.0;) AppleWebKit/537.36 (KHTML, like Gecko) Mobile Safari/537.36 (compatible; PetalBot;+https://webmaster.petalsearch.com/site/petalbot)"
164.68.99.251 - - [02/Aug/2021:16:25:42 +0000] "GET /wp-login.php HTTP/1.1" 301 251 "-" "Mozilla/5.0 (X11; Ubuntu; Linux x86_64; rv:62.0) Gecko/20100101 Firefox/62.0"
164.68.99.251 - - [02/Aug/2021:16:25:43 +0000] "GET /wp-login.php HTTP/1.1" 404 78309 "http://indiatravelkart.com/wp-login.php" "Mozilla/5.0 (X11; Ubuntu; Linux x86_64; rv:62.0) Gecko/20100101 Firefox/62.0"
185.191.171.20 - - [02/Aug/2021:16:29:41 +0000] "GET /Katra(VaishnoDevi)TourPackage.html HTTP/1.1" 302 245 "-" "Mozilla/5.0 (compatible; SemrushBot/7~bl; +http://www.semrush.com/bot.html)"
185.191.171.34 - - [02/Aug/2021:16:29:43 +0000] "GET /Katra(VaishnoDevi)TourPackage.html HTTP/1.1" 301 273 "-" "Mozilla/5.0 (compatible; SemrushBot/7~bl; +http://www.semrush.com/bot.html)"
185.191.171.41 - - [02/Aug/2021:16:29:44 +0000] "GET /robots.txt HTTP/1.1" 404 78307 "-" "Mozilla/5.0 (compatible; SemrushBot/7~bl; +http://www.semrush.com/bot.html)"
185.191.171.9 - - [02/Aug/2021:16:29:46 +0000] "GET /Katra(VaishnoDevi)TourPackage.html HTTP/1.1" 200 58533 "-" "Mozilla/5.0 (compatible; SemrushBot/7~bl; +http://www.semrush.com/bot.html)"
66.249.66.197 - - [02/Aug/2021:16:29:47 +0000] "GET / HTTP/1.1" 302 211 "-" "Mozilla/5.0 (Linux; Android 6.0.1; Nexus 5X Build/MMB29P) AppleWebKit/537.36 (KHTML, like Gecko) Chrome/92.0.4515.119 Mobile Safari/537.36 (compatible; Googlebot/2.1; +http://www.google.com/bot.html)"
66.249.66.217 - - [02/Aug/2021:16:29:47 +0000] "GET / HTTP/1.1" 200 78293 "-" "Mozilla/5.0 (Linux; Android 6.0.1; Nexus 5X Build/MMB29P) AppleWebKit/537.36 (KHTML, like Gecko) Chrome/92.0.4515.119 Mobile Safari/537.36 (compatible; Googlebot/2.1; +http://www.google.com/bot.html)"
114.119.158.125 - - [02/Aug/2021:16:44:58 +0000] "GET /robots.txt HTTP/1.1" 302 221 "-" "Mozilla/5.0 (compatible;PetalBot;+https://webmaster.petalsearch.com/site/petalbot)"
114.119.158.125 - - [02/Aug/2021:16:44:58 +0000] "GET /robots.txt HTTP/1.1" 301 249 "-" "Mozilla/5.0 (compatible;PetalBot;+https://webmaster.petalsearch.com/site/petalbot)"
114.119.158.125 - - [02/Aug/2021:16:44:58 +0000] "GET /robots.txt HTTP/1.1" 404 78307 "-" "Mozilla/5.0 (compatible;PetalBot;+https://webmaster.petalsearch.com/site/petalbot)"
185.191.171.40 - - [02/Aug/2021:16:56:47 +0000] "GET /robots.txt HTTP/1.1" 302 221 "-" "Mozilla/5.0 (compatible; SemrushBot/7~bl; +http://www.semrush.com/bot.html)"
185.191.171.40 - - [02/Aug/2021:16:56:48 +0000] "GET /robots.txt HTTP/1.1" 301 249 "-" "Mozilla/5.0 (compatible; SemrushBot/7~bl; +http://www.semrush.com/bot.html)"
185.191.171.40 - - [02/Aug/2021:16:56:48 +0000] "GET /robots.txt HTTP/1.1" 404 78307 "-" "Mozilla/5.0 (compatible; SemrushBot/7~bl; +http://www.semrush.com/bot.html)"
185.191.171.20 - - [02/Aug/2021:16:56:50 +0000] "GET /BaliTourPackages.html HTTP/1.1" 302 232 "-" "Mozilla/5.0 (compatible; SemrushBot/7~bl; +http://www.semrush.com/bot.html)"
185.191.171.1 - - [02/Aug/2021:16:56:52 +0000] "GET /BaliTourPackages.html HTTP/1.1" 301 260 "-" "Mozilla/5.0 (compatible; SemrushBot/7~bl; +http://www.semrush.com/bot.html)"
185.191.171.43 - - [02/Aug/2021:16:56:53 +0000] "GET /BaliTourPackages.html HTTP/1.1" 200 60436 "-" "Mozilla/5.0 (compatible; SemrushBot/7~bl; +http://www.semrush.com/bot.html)"
114.119.155.175 - - [02/Aug/2021:16:57:34 +0000] "GET /tour-package.php?id=20 HTTP/1.1" 200 58920 "-" "Mozilla/5.0 (Linux; Android 7.0;) AppleWebKit/537.36 (KHTML, like Gecko) Mobile Safari/537.36 (compatible; PetalBot;+https://webmaster.petalsearch.com/site/petalbot)"
66.249.68.37 - - [02/Aug/2021:16:59:47 +0000] "GET / HTTP/1.1" 302 211 "-" "Mozilla/5.0 (compatible; Googlebot/2.1; +http://www.google.com/bot.html)"
66.249.68.59 - - [02/Aug/2021:16:59:47 +0000] "GET / HTTP/1.1" 200 78293 "-" "Mozilla/5.0 (compatible; Googlebot/2.1; +http://www.google.com/bot.html)"
66.249.68.59 - - [02/Aug/2021:16:59:51 +0000] "GET /scripts/gen_validatorv4.js HTTP/1.1" 200 32085 "http://indiatravelkart.com/" "Mozilla/5.0 AppleWebKit/537.36 (KHTML, like Gecko; compatible; Googlebot/2.1; +http://www.google.com/bot.html) Chrome/91.0.4472.90 Safari/537.36"
216.244.66.236 - - [02/Aug/2021:17:00:41 +0000] "GET /robots.txt HTTP/1.1" 404 78307 "-" "Mozilla/5.0 (compatible; DotBot/1.2; +https://opensiteexplorer.org/dotbot; help@moz.com)"
66.249.68.23 - - [02/Aug/2021:17:07:34 +0000] "GET /tour-package.php?id=19 HTTP/1.1" 200 65720 "-" "Mozilla/5.0 (compatible; Googlebot/2.1; +http://www.google.com/bot.html)"
66.249.68.23 - - [02/Aug/2021:17:10:40 +0000] "GET /contact.php HTTP/1.1" 200 57552 "-" "Mozilla/5.0 (compatible; Googlebot/2.1; +http://www.google.com/bot.html)"
106.38.241.120 - - [02/Aug/2021:17:13:36 +0000] "GET / HTTP/1.1" 200 78293 "-" "Sogou web spider/4.0(+http://www.sogou.com/docs/help/webmasters.htm#07)"
114.119.134.245 - - [02/Aug/2021:17:14:58 +0000] "GET /about.php HTTP/1.1" 200 57479 "-" "Mozilla/5.0 (Linux; Android 7.0;) AppleWebKit/537.36 (KHTML, like Gecko) Mobile Safari/537.36 (compatible; PetalBot;+https://webmaster.petalsearch.com/site/petalbot)"
66.249.68.23 - - [02/Aug/2021:17:15:16 +0000] "GET /tour-package.php?id=16 HTTP/1.1" 200 65697 "-" "Mozilla/5.0 (compatible; Googlebot/2.1; +http://www.google.com/bot.html)"
216.244.66.236 - - [02/Aug/2021:17:16:37 +0000] "GET /pagecontents.php?url=Terms-and-Conditions HTTP/1.1" 200 53481 "-" "Mozilla/5.0 (compatible; DotBot/1.2; +https://opensiteexplorer.org/dotbot; help@moz.com)"
66.249.68.23 - - [02/Aug/2021:17:21:29 +0000] "GET /tour-package.php?id=13 HTTP/1.1" 200 64719 "-" "Mozilla/5.0 (compatible; Googlebot/2.1; +http://www.google.com/bot.html)"
185.191.171.38 - - [02/Aug/2021:17:22:29 +0000] "GET /BeautifulUttaranchalTour.html HTTP/1.1" 200 61238 "-" "Mozilla/5.0 (compatible; SemrushBot/7~bl; +http://www.semrush.com/bot.html)"
66.249.68.25 - - [02/Aug/2021:17:27:41 +0000] "GET /tour-package.php?id=24 HTTP/1.1" 200 57948 "-" "Mozilla/5.0 (compatible; Googlebot/2.1; +http://www.google.com/bot.html)"
66.249.68.25 - - [02/Aug/2021:17:29:59 +0000] "GET /Hongkong%E2%80%93Macau%E2%80%93DisneylandTour.html HTTP/1.1" 200 62383 "-" "Mozilla/5.0 (Linux; Android 6.0.1; Nexus 5X Build/MMB29P) AppleWebKit/537.36 (KHTML, like Gecko) Chrome/92.0.4515.119 Mobile Safari/537.36 (compatible; Googlebot/2.1; +http://www.google.com/bot.html)"
207.46.13.30 - - [02/Aug/2021:17:31:27 +0000] "GET /tour-package.php?id=12 HTTP/1.1" 302 233 "-" "Mozilla/5.0 (compatible; bingbot/2.0; +http://www.bing.com/bingbot.htm)"
207.46.13.30 - - [02/Aug/2021:17:31:27 +0000] "GET /tour-package.php?id=12 HTTP/1.1" 200 55085 "-" "Mozilla/5.0 (compatible; bingbot/2.0; +http://www.bing.com/bingbot.htm)"
66.249.68.56 - - [02/Aug/2021:17:33:54 +0000] "GET /contact.php HTTP/1.1" 302 222 "-" "Mozilla/5.0 (Linux; Android 6.0.1; Nexus 5X Build/MMB29P) AppleWebKit/537.36 (KHTML, like Gecko) Chrome/91.0.4472.90 Mobile Safari/537.36 (compatible; Googlebot/2.1; +http://www.google.com/bot.html)"
66.249.68.57 - - [02/Aug/2021:17:33:55 +0000] "GET /contact.php HTTP/1.1" 200 57552 "-" "Mozilla/5.0 (Linux; Android 6.0.1; Nexus 5X Build/MMB29P) AppleWebKit/537.36 (KHTML, like Gecko) Chrome/91.0.4472.90 Mobile Safari/537.36 (compatible; Googlebot/2.1; +http://www.google.com/bot.html)"
114.119.151.4 - - [02/Aug/2021:17:35:16 +0000] "GET /ThekkadyKumarkomPackages.html HTTP/1.1" 200 61447 "-" "Mozilla/5.0 (Linux; Android 7.0;) AppleWebKit/537.36 (KHTML, like Gecko) Mobile Safari/537.36 (compatible; PetalBot;+https://webmaster.petalsearch.com/site/petalbot)"
114.119.152.233 - - [02/Aug/2021:17:46:31 +0000] "GET /tour-package.php?id=20 HTTP/1.1" 200 58920 "-" "Mozilla/5.0 (Linux; Android 7.0;) AppleWebKit/537.36 (KHTML, like Gecko) Mobile Safari/537.36 (compatible; PetalBot;+https://webmaster.petalsearch.com/site/petalbot)"
106.38.241.120 - - [02/Aug/2021:17:55:06 +0000] "GET / HTTP/1.1" 200 78293 "-" "Sogou web spider/4.0(+http://www.sogou.com/docs/help/webmasters.htm#07)"
114.119.159.183 - - [02/Aug/2021:18:05:39 +0000] "GET /GoaHoneymoonPackage.html HTTP/1.1" 200 61774 "-" "Mozilla/5.0 (Linux; Android 7.0;) AppleWebKit/537.36 (KHTML, like Gecko) Mobile Safari/537.36 (compatible; PetalBot;+https://webmaster.petalsearch.com/site/petalbot)"
66.249.66.55 - - [02/Aug/2021:18:11:33 +0000] "GET /KashmirTour.html HTTP/1.1" 200 59335 "-" "Mozilla/5.0 (compatible; Googlebot/2.1; +http://www.google.com/bot.html)"
114.119.151.4 - - [02/Aug/2021:18:13:06 +0000] "GET /BeautifulUttaranchalTour.html HTTP/1.1" 200 61238 "-" "Mozilla/5.0 (Linux; Android 7.0;) AppleWebKit/537.36 (KHTML, like Gecko) Mobile Safari/537.36 (compatible; PetalBot;+https://webmaster.petalsearch.com/site/petalbot)"
66.249.66.57 - - [02/Aug/2021:18:17:45 +0000] "GET /AmazingBhutan.html HTTP/1.1" 200 64929 "-" "Mozilla/5.0 (compatible; Googlebot/2.1; +http://www.google.com/bot.html)"
157.55.39.110 - - [02/Aug/2021:18:18:16 +0000] "GET /cruise-tour-packages.php HTTP/1.1" 302 235 "-" "Mozilla/5.0 (compatible; bingbot/2.0; +http://www.bing.com/bingbot.htm)"
157.55.39.110 - - [02/Aug/2021:18:18:16 +0000] "GET /cruise-tour-packages.php HTTP/1.1" 200 54000 "-" "Mozilla/5.0 (compatible; bingbot/2.0; +http://www.bing.com/bingbot.htm)"
66.249.66.59 - - [02/Aug/2021:18:23:58 +0000] "GET /tour-package.php?id=1 HTTP/1.1" 200 65712 "-" "Mozilla/5.0 (compatible; Googlebot/2.1; +http://www.google.com/bot.html)"
66.249.66.59 - - [02/Aug/2021:18:30:10 +0000] "GET /robots.txt HTTP/1.1" 404 78307 "-" "Mozilla/5.0 (compatible; Googlebot/2.1; +http://www.google.com/bot.html)"
66.249.66.59 - - [02/Aug/2021:18:30:11 +0000] "GET /tour-package.php?id=14 HTTP/1.1" 200 58793 "-" "Mozilla/5.0 (compatible; Googlebot/2.1; +http://www.google.com/bot.html)"
66.249.66.55 - - [02/Aug/2021:18:36:23 +0000] "GET /services.php HTTP/1.1" 200 56425 "-" "Mozilla/5.0 (compatible; Googlebot/2.1; +http://www.google.com/bot.html)"
106.38.241.120 - - [02/Aug/2021:18:36:36 +0000] "GET / HTTP/1.1" 200 78293 "-" "Sogou web spider/4.0(+http://www.sogou.com/docs/help/webmasters.htm#07)"
66.249.66.59 - - [02/Aug/2021:18:42:35 +0000] "GET /DubaiTourPackage.html HTTP/1.1" 200 59557 "-" "Mozilla/5.0 (Linux; Android 6.0.1; Nexus 5X Build/MMB29P) AppleWebKit/537.36 (KHTML, like Gecko) Chrome/92.0.4515.119 Mobile Safari/537.36 (compatible; Googlebot/2.1; +http://www.google.com/bot.html)"
185.191.171.22 - - [02/Aug/2021:18:47:37 +0000] "GET /robots.txt HTTP/1.1" 301 249 "-" "Mozilla/5.0 (compatible; SemrushBot/7~bl; +http://www.semrush.com/bot.html)"
185.191.171.1 - - [02/Aug/2021:18:47:38 +0000] "GET /robots.txt HTTP/1.1" 404 78307 "-" "Mozilla/5.0 (compatible; SemrushBot/7~bl; +http://www.semrush.com/bot.html)"
185.191.171.37 - - [02/Aug/2021:18:47:39 +0000] "GET /pagecontents.php?url=Return-and-Refund-Policy HTTP/1.1" 200 50964 "-" "Mozilla/5.0 (compatible; SemrushBot/7~bl; +http://www.semrush.com/bot.html)"
35.187.232.113 - - [02/Aug/2021:19:04:28 +0000] "GET / HTTP/1.1" 200 78293 "-" "Mozilla/5.0 (Windows NT 10.0; Win64; x64) AppleWebKit/537.36 (KHTML, like Gecko) Chrome/92.0.4515.107 Safari/537.36"
148.64.12.226 - - [02/Aug/2021:19:04:28 +0000] "GET / HTTP/1.1" 200 78293 "https://www.google.com/" "Mozilla/5.0 (Windows NT 10.0; Win64; x64) AppleWebKit/537.36 (KHTML, like Gecko) Chrome/92.0.4515.107 Safari/537.36"
35.187.232.113 - - [02/Aug/2021:19:04:29 +0000] "GET /css/font-awesome.min.css HTTP/1.1" 200 27490 "-" "Mozilla/5.0 (Windows NT 10.0; Win64; x64) AppleWebKit/537.36 (KHTML, like Gecko) Chrome/92.0.4515.107 Safari/537.36"
35.187.232.113 - - [02/Aug/2021:19:04:29 +0000] "GET /css/jquery-ui.css HTTP/1.1" 200 35228 "-" "Mozilla/5.0 (Windows NT 10.0; Win64; x64) AppleWebKit/537.36 (KHTML, like Gecko) Chrome/92.0.4515.107 Safari/537.36"
35.187.232.113 - - [02/Aug/2021:19:04:29 +0000] "GET /css/bootstrap.min.css HTTP/1.1" 200 138183 "-" "Mozilla/5.0 (Windows NT 10.0; Win64; x64) AppleWebKit/537.36 (KHTML, like Gecko) Chrome/92.0.4515.107 Safari/537.36"
148.64.12.226 - - [02/Aug/2021:19:04:29 +0000] "GET /css/font-awesome.min.css HTTP/1.1" 200 27490 "http://indiatravelkart.com/" "Mozilla/5.0 (Windows NT 10.0; Win64; x64) AppleWebKit/537.36 (KHTML, like Gecko) Chrome/92.0.4515.107 Safari/537.36"
148.64.12.226 - - [02/Aug/2021:19:04:29 +0000] "GET /css/jquery-ui.css HTTP/1.1" 200 35228 "http://indiatravelkart.com/" "Mozilla/5.0 (Windows NT 10.0; Win64; x64) AppleWebKit/537.36 (KHTML, like Gecko) Chrome/92.0.4515.107 Safari/537.36"
35.187.232.113 - - [02/Aug/2021:19:04:29 +0000] "GET /css/jquery-ui.css HTTP/1.1" 200 35228 "-" "Mozilla/5.0 (Windows NT 10.0; Win64; x64) AppleWebKit/537.36 (KHTML, like Gecko) Chrome/92.0.4515.107 Safari/537.36"
148.64.12.226 - - [02/Aug/2021:19:04:29 +0000] "GET /css/bootstrap.min.css HTTP/1.1" 200 138183 "http://indiatravelkart.com/" "Mozilla/5.0 (Windows NT 10.0; Win64; x64) AppleWebKit/537.36 (KHTML, like Gecko) Chrome/92.0.4515.107 Safari/537.36"
35.187.232.113 - - [02/Aug/2021:19:04:29 +0000] "GET /css/meanmenu.min.css HTTP/1.1" 200 2732 "-" "Mozilla/5.0 (Windows NT 10.0; Win64; x64) AppleWebKit/537.36 (KHTML, like Gecko) Chrome/92.0.4515.107 Safari/537.36"
35.187.232.113 - - [02/Aug/2021:19:04:29 +0000] "GET /css/owl.carousel.css HTTP/1.1" 200 7603 "-" "Mozilla/5.0 (Windows NT 10.0; Win64; x64) AppleWebKit/537.36 (KHTML, like Gecko) Chrome/92.0.4515.107 Safari/537.36"
148.64.12.226 - - [02/Aug/2021:19:04:29 +0000] "GET /css/meanmenu.min.css HTTP/1.1" 200 2732 "http://indiatravelkart.com/" "Mozilla/5.0 (Windows NT 10.0; Win64; x64) AppleWebKit/537.36 (KHTML, like Gecko) Chrome/92.0.4515.107 Safari/537.36"
35.187.232.113 - - [02/Aug/2021:19:04:29 +0000] "GET /lib/nivo-slider/css/nivo-slider.css HTTP/1.1" 200 8098 "-" "Mozilla/5.0 (Windows NT 10.0; Win64; x64) AppleWebKit/537.36 (KHTML, like Gecko) Chrome/92.0.4515.107 Safari/537.36"
35.187.232.113 - - [02/Aug/2021:19:04:29 +0000] "GET /css/animate.css HTTP/1.1" 200 70824 "-" "Mozilla/5.0 (Windows NT 10.0; Win64; x64) AppleWebKit/537.36 (KHTML, like Gecko) Chrome/92.0.4515.107 Safari/537.36"
35.187.232.113 - - [02/Aug/2021:19:04:29 +0000] "GET /lib/nivo-slider/css/preview.css HTTP/1.1" 200 5624 "-" "Mozilla/5.0 (Windows NT 10.0; Win64; x64) AppleWebKit/537.36 (KHTML, like Gecko) Chrome/92.0.4515.107 Safari/537.36"
35.187.232.113 - - [02/Aug/2021:19:04:29 +0000] "GET /lib/nivo-slider/css/nivo-slider.css HTTP/1.1" 200 8098 "-" "Mozilla/5.0 (Windows NT 10.0; Win64; x64) AppleWebKit/537.36 (KHTML, like Gecko) Chrome/92.0.4515.107 Safari/537.36"
148.64.12.226 - - [02/Aug/2021:19:04:29 +0000] "GET /css/owl.carousel.css HTTP/1.1" 200 7603 "http://indiatravelkart.com/" "Mozilla/5.0 (Windows NT 10.0; Win64; x64) AppleWebKit/537.36 (KHTML, like Gecko) Chrome/92.0.4515.107 Safari/537.36"
148.64.12.226 - - [02/Aug/2021:19:04:29 +0000] "GET /lib/nivo-slider/css/nivo-slider.css HTTP/1.1" 200 8098 "http://indiatravelkart.com/" "Mozilla/5.0 (Windows NT 10.0; Win64; x64) AppleWebKit/537.36 (KHTML, like Gecko) Chrome/92.0.4515.107 Safari/537.36"
148.64.12.226 - - [02/Aug/2021:19:04:29 +0000] "GET /lib/nivo-slider/css/preview.css HTTP/1.1" 200 5624 "http://indiatravelkart.com/" "Mozilla/5.0 (Windows NT 10.0; Win64; x64) AppleWebKit/537.36 (KHTML, like Gecko) Chrome/92.0.4515.107 Safari/537.36"
148.64.12.226 - - [02/Aug/2021:19:04:29 +0000] "GET /css/animate.css HTTP/1.1" 200 70824 "http://indiatravelkart.com/" "Mozilla/5.0 (Windows NT 10.0; Win64; x64) AppleWebKit/537.36 (KHTML, like Gecko) Chrome/92.0.4515.107 Safari/537.36"
35.187.232.113 - - [02/Aug/2021:19:04:29 +0000] "GET /css/responsive.css HTTP/1.1" 200 27655 "-" "Mozilla/5.0 (Windows NT 10.0; Win64; x64) AppleWebKit/537.36 (KHTML, like Gecko) Chrome/92.0.4515.107 Safari/537.36"
148.64.12.226 - - [02/Aug/2021:19:04:29 +0000] "GET /img/logo/logo.png HTTP/1.1" 200 16597 "http://indiatravelkart.com/" "Mozilla/5.0 (Windows NT 10.0; Win64; x64) AppleWebKit/537.36 (KHTML, like Gecko) Chrome/92.0.4515.107 Safari/537.36"
35.187.232.113 - - [02/Aug/2021:19:04:29 +0000] "GET /style.css HTTP/1.1" 200 115813 "-" "Mozilla/5.0 (Windows NT 10.0; Win64; x64) AppleWebKit/537.36 (KHTML, like Gecko) Chrome/92.0.4515.107 Safari/537.36"
148.64.12.226 - - [02/Aug/2021:19:04:29 +0000] "GET /scripts/gen_validatorv4.js HTTP/1.1" 200 32085 "http://indiatravelkart.com/" "Mozilla/5.0 (Windows NT 10.0; Win64; x64) AppleWebKit/537.36 (KHTML, like Gecko) Chrome/92.0.4515.107 Safari/537.36"
148.64.12.226 - - [02/Aug/2021:19:04:29 +0000] "GET /css/responsive.css HTTP/1.1" 200 27655 "http://indiatravelkart.com/" "Mozilla/5.0 (Windows NT 10.0; Win64; x64) AppleWebKit/537.36 (KHTML, like Gecko) Chrome/92.0.4515.107 Safari/537.36"
148.64.12.226 - - [02/Aug/2021:19:04:29 +0000] "GET /style.css HTTP/1.1" 200 115813 "http://indiatravelkart.com/" "Mozilla/5.0 (Windows NT 10.0; Win64; x64) AppleWebKit/537.36 (KHTML, like Gecko) Chrome/92.0.4515.107 Safari/537.36"
35.187.232.113 - - [02/Aug/2021:19:04:29 +0000] "GET / HTTP/1.1" 200 78293 "-" "Mozilla/5.0 (Windows NT 10.0; Win64; x64) AppleWebKit/537.36 (KHTML, like Gecko) Chrome/92.0.4515.107 Safari/537.36"
148.64.12.226 - - [02/Aug/2021:19:04:29 +0000] "GET /img/slider/13.jpg HTTP/1.1" 200 514354 "http://indiatravelkart.com/" "Mozilla/5.0 (Windows NT 10.0; Win64; x64) AppleWebKit/537.36 (KHTML, like Gecko) Chrome/92.0.4515.107 Safari/537.36"
148.64.12.226 - - [02/Aug/2021:19:04:30 +0000] "GET /js/vendor/modernizr-2.8.3.min.js HTTP/1.1" 200 15514 "http://indiatravelkart.com/" "Mozilla/5.0 (Windows NT 10.0; Win64; x64) AppleWebKit/537.36 (KHTML, like Gecko) Chrome/92.0.4515.107 Safari/537.36"
148.64.12.226 - - [02/Aug/2021:19:04:30 +0000] "GET /img/icon/serv-12.png HTTP/1.1" 200 4169 "http://indiatravelkart.com/" "Mozilla/5.0 (Windows NT 10.0; Win64; x64) AppleWebKit/537.36 (KHTML, like Gecko) Chrome/92.0.4515.107 Safari/537.36"
35.187.232.113 - - [02/Aug/2021:19:04:30 +0000] "GET / HTTP/1.1" 200 78293 "-" "Mozilla/5.0 (Windows NT 10.0; Win64; x64) AppleWebKit/537.36 (KHTML, like Gecko) Chrome/92.0.4515.107 Safari/537.36"
35.187.232.113 - - [02/Aug/2021:19:04:30 +0000] "GET / HTTP/1.1" 200 78293 "-" "Mozilla/5.0 (Windows NT 10.0; Win64; x64) AppleWebKit/537.36 (KHTML, like Gecko) Chrome/92.0.4515.107 Safari/537.36"
148.64.12.226 - - [02/Aug/2021:19:04:30 +0000] "GET /img/icon/serv-11.png HTTP/1.1" 200 2223 "http://indiatravelkart.com/" "Mozilla/5.0 (Windows NT 10.0; Win64; x64) AppleWebKit/537.36 (KHTML, like Gecko) Chrome/92.0.4515.107 Safari/537.36"
148.64.12.226 - - [02/Aug/2021:19:04:30 +0000] "GET /img/icon/serv-13.png HTTP/1.1" 200 5515 "http://indiatravelkart.com/" "Mozilla/5.0 (Windows NT 10.0; Win64; x64) AppleWebKit/537.36 (KHTML, like Gecko) Chrome/92.0.4515.107 Safari/537.36"
148.64.12.226 - - [02/Aug/2021:19:04:30 +0000] "GET /img/icon/serv-14.png HTTP/1.1" 200 4516 "http://indiatravelkart.com/" "Mozilla/5.0 (Windows NT 10.0; Win64; x64) AppleWebKit/537.36 (KHTML, like Gecko) Chrome/92.0.4515.107 Safari/537.36"
148.64.12.226 - - [02/Aug/2021:19:04:30 +0000] "GET /img/icon/serv-15.png HTTP/1.1" 200 9605 "http://indiatravelkart.com/" "Mozilla/5.0 (Windows NT 10.0; Win64; x64) AppleWebKit/537.36 (KHTML, like Gecko) Chrome/92.0.4515.107 Safari/537.36"
148.64.12.226 - - [02/Aug/2021:19:04:30 +0000] "GET /img/slider/15.jpg HTTP/1.1" 200 696042 "http://indiatravelkart.com/" "Mozilla/5.0 (Windows NT 10.0; Win64; x64) AppleWebKit/537.36 (KHTML, like Gecko) Chrome/92.0.4515.107 Safari/537.36"
148.64.12.226 - - [02/Aug/2021:19:04:30 +0000] "GET /galleryimg/e06eab75ec630df006f110cced74726c.jpg HTTP/1.1" 200 378217 "http://indiatravelkart.com/" "Mozilla/5.0 (Windows NT 10.0; Win64; x64) AppleWebKit/537.36 (KHTML, like Gecko) Chrome/92.0.4515.107 Safari/537.36"
148.64.12.226 - - [02/Aug/2021:19:04:30 +0000] "GET /galleryimg/c63c289fbb6529b23b49bf5a220d5f2b.jpg HTTP/1.1" 200 170012 "http://indiatravelkart.com/" "Mozilla/5.0 (Windows NT 10.0; Win64; x64) AppleWebKit/537.36 (KHTML, like Gecko) Chrome/92.0.4515.107 Safari/537.36"
148.64.12.226 - - [02/Aug/2021:19:04:30 +0000] "GET /galleryimg/29237e4e8c812419f8af7e905fdbf24e.jpg HTTP/1.1" 200 113570 "http://indiatravelkart.com/" "Mozilla/5.0 (Windows NT 10.0; Win64; x64) AppleWebKit/537.36 (KHTML, like Gecko) Chrome/92.0.4515.107 Safari/537.36"
148.64.12.226 - - [02/Aug/2021:19:04:30 +0000] "GET /galleryimg/167d26d9d1e0c58ca9ca4cc4db85e5d7.jpg HTTP/1.1" 200 325975 "http://indiatravelkart.com/" "Mozilla/5.0 (Windows NT 10.0; Win64; x64) AppleWebKit/537.36 (KHTML, like Gecko) Chrome/92.0.4515.107 Safari/537.36"
148.64.12.226 - - [02/Aug/2021:19:04:30 +0000] "GET /galleryimg/57419392.jpg HTTP/1.1" 200 916910 "http://indiatravelkart.com/" "Mozilla/5.0 (Windows NT 10.0; Win64; x64) AppleWebKit/537.36 (KHTML, like Gecko) Chrome/92.0.4515.107 Safari/537.36"
148.64.12.226 - - [02/Aug/2021:19:04:30 +0000] "GET /galleryimg/6663220download%20(2).jpg HTTP/1.1" 200 13499 "http://indiatravelkart.com/" "Mozilla/5.0 (Windows NT 10.0; Win64; x64) AppleWebKit/537.36 (KHTML, like Gecko) Chrome/92.0.4515.107 Safari/537.36"
209.120.227.2 - - [02/Aug/2021:19:04:30 +0000] "GET /css/animate.css HTTP/1.1" 200 70824 "-" "Mozilla/5.0 (Windows NT 10.0; Win64; x64) AppleWebKit/537.36 (KHTML, like Gecko) Chrome/92.0.4515.107 Safari/537.36"
148.64.12.226 - - [02/Aug/2021:19:04:30 +0000] "GET /galleryimg/5567479maxresdefault.jpg HTTP/1.1" 200 742856 "http://indiatravelkart.com/" "Mozilla/5.0 (Windows NT 10.0; Win64; x64) AppleWebKit/537.36 (KHTML, like Gecko) Chrome/92.0.4515.107 Safari/537.36"
148.64.12.226 - - [02/Aug/2021:19:04:30 +0000] "GET /galleryimg/4573876download%20(2).jpg HTTP/1.1" 200 13499 "http://indiatravelkart.com/" "Mozilla/5.0 (Windows NT 10.0; Win64; x64) AppleWebKit/537.36 (KHTML, like Gecko) Chrome/92.0.4515.107 Safari/537.36"
148.64.12.226 - - [02/Aug/2021:19:04:30 +0000] "GET /galleryimg/335577download%20(1).jpg HTTP/1.1" 200 11390 "http://indiatravelkart.com/" "Mozilla/5.0 (Windows NT 10.0; Win64; x64) AppleWebKit/537.36 (KHTML, like Gecko) Chrome/92.0.4515.107 Safari/537.36"
148.64.12.226 - - [02/Aug/2021:19:04:30 +0000] "GET /galleryimg/8637951exotic-kerala-tour-840.jpeg HTTP/1.1" 200 28339 "http://indiatravelkart.com/" "Mozilla/5.0 (Windows NT 10.0; Win64; x64) AppleWebKit/537.36 (KHTML, like Gecko) Chrome/92.0.4515.107 Safari/537.36"
148.64.12.226 - - [02/Aug/2021:19:04:30 +0000] "GET /img/icon/7.png HTTP/1.1" 200 2738 "http://indiatravelkart.com/" "Mozilla/5.0 (Windows NT 10.0; Win64; x64) AppleWebKit/537.36 (KHTML, like Gecko) Chrome/92.0.4515.107 Safari/537.36"
148.64.12.226 - - [02/Aug/2021:19:04:30 +0000] "GET /img/icon/7-hover.png HTTP/1.1" 200 2927 "http://indiatravelkart.com/" "Mozilla/5.0 (Windows NT 10.0; Win64; x64) AppleWebKit/537.36 (KHTML, like Gecko) Chrome/92.0.4515.107 Safari/537.36"
148.64.12.226 - - [02/Aug/2021:19:04:30 +0000] "GET /img/icon/8.png HTTP/1.1" 200 2450 "http://indiatravelkart.com/" "Mozilla/5.0 (Windows NT 10.0; Win64; x64) AppleWebKit/537.36 (KHTML, like Gecko) Chrome/92.0.4515.107 Safari/537.36"
148.64.12.226 - - [02/Aug/2021:19:04:30 +0000] "GET /img/icon/8-hover.png HTTP/1.1" 200 2527 "http://indiatravelkart.com/" "Mozilla/5.0 (Windows NT 10.0; Win64; x64) AppleWebKit/537.36 (KHTML, like Gecko) Chrome/92.0.4515.107 Safari/537.36"
148.64.12.226 - - [02/Aug/2021:19:04:30 +0000] "GET /img/icon/9.png HTTP/1.1" 200 2685 "http://indiatravelkart.com/" "Mozilla/5.0 (Windows NT 10.0; Win64; x64) AppleWebKit/537.36 (KHTML, like Gecko) Chrome/92.0.4515.107 Safari/537.36"
148.64.12.226 - - [02/Aug/2021:19:04:31 +0000] "GET /img/icon/9-hover.png HTTP/1.1" 200 2809 "http://indiatravelkart.com/" "Mozilla/5.0 (Windows NT 10.0; Win64; x64) AppleWebKit/537.36 (KHTML, like Gecko) Chrome/92.0.4515.107 Safari/537.36"
148.64.12.226 - - [02/Aug/2021:19:04:31 +0000] "GET /img/icon/10.png HTTP/1.1" 200 2253 "http://indiatravelkart.com/" "Mozilla/5.0 (Windows NT 10.0; Win64; x64) AppleWebKit/537.36 (KHTML, like Gecko) Chrome/92.0.4515.107 Safari/537.36"
148.64.12.226 - - [02/Aug/2021:19:04:31 +0000] "GET /img/icon/10-hover.png HTTP/1.1" 200 2343 "http://indiatravelkart.com/" "Mozilla/5.0 (Windows NT 10.0; Win64; x64) AppleWebKit/537.36 (KHTML, like Gecko) Chrome/92.0.4515.107 Safari/537.36"
148.64.12.226 - - [02/Aug/2021:19:04:31 +0000] "GET /img/icon/11.png HTTP/1.1" 200 3182 "http://indiatravelkart.com/" "Mozilla/5.0 (Windows NT 10.0; Win64; x64) AppleWebKit/537.36 (KHTML, like Gecko) Chrome/92.0.4515.107 Safari/537.36"
148.64.12.226 - - [02/Aug/2021:19:04:31 +0000] "GET /img/icon/11-hover.png HTTP/1.1" 200 3472 "http://indiatravelkart.com/" "Mozilla/5.0 (Windows NT 10.0; Win64; x64) AppleWebKit/537.36 (KHTML, like Gecko) Chrome/92.0.4515.107 Safari/537.36"
148.64.12.226 - - [02/Aug/2021:19:04:31 +0000] "GET /img/icon/12.png HTTP/1.1" 200 2487 "http://indiatravelkart.com/" "Mozilla/5.0 (Windows NT 10.0; Win64; x64) AppleWebKit/537.36 (KHTML, like Gecko) Chrome/92.0.4515.107 Safari/537.36"
148.64.12.226 - - [02/Aug/2021:19:04:31 +0000] "GET /img/icon/12-hover.png HTTP/1.1" 200 2495 "http://indiatravelkart.com/" "Mozilla/5.0 (Windows NT 10.0; Win64; x64) AppleWebKit/537.36 (KHTML, like Gecko) Chrome/92.0.4515.107 Safari/537.36"
148.64.12.226 - - [02/Aug/2021:19:04:31 +0000] "GET /img/payment.png HTTP/1.1" 200 13240 "http://indiatravelkart.com/" "Mozilla/5.0 (Windows NT 10.0; Win64; x64) AppleWebKit/537.36 (KHTML, like Gecko) Chrome/92.0.4515.107 Safari/537.36"
148.64.12.226 - - [02/Aug/2021:19:04:31 +0000] "GET /js/vendor/jquery-1.11.3.min.js HTTP/1.1" 200 95992 "http://indiatravelkart.com/" "Mozilla/5.0 (Windows NT 10.0; Win64; x64) AppleWebKit/537.36 (KHTML, like Gecko) Chrome/92.0.4515.107 Safari/537.36"
148.64.12.226 - - [02/Aug/2021:19:04:31 +0000] "GET /js/bootstrap.min.js HTTP/1.1" 200 36868 "http://indiatravelkart.com/" "Mozilla/5.0 (Windows NT 10.0; Win64; x64) AppleWebKit/537.36 (KHTML, like Gecko) Chrome/92.0.4515.107 Safari/537.36"
148.64.12.226 - - [02/Aug/2021:19:04:31 +0000] "GET /lib/nivo-slider/js/jquery.nivo.slider.js HTTP/1.1" 200 29113 "http://indiatravelkart.com/" "Mozilla/5.0 (Windows NT 10.0; Win64; x64) AppleWebKit/537.36 (KHTML, like Gecko) Chrome/92.0.4515.107 Safari/537.36"
148.64.12.226 - - [02/Aug/2021:19:04:31 +0000] "GET /lib/nivo-slider/home.js HTTP/1.1" 200 724 "http://indiatravelkart.com/" "Mozilla/5.0 (Windows NT 10.0; Win64; x64) AppleWebKit/537.36 (KHTML, like Gecko) Chrome/92.0.4515.107 Safari/537.36"
148.64.12.226 - - [02/Aug/2021:19:04:31 +0000] "GET /js/wow.min.js HTTP/1.1" 200 8426 "http://indiatravelkart.com/" "Mozilla/5.0 (Windows NT 10.0; Win64; x64) AppleWebKit/537.36 (KHTML, like Gecko) Chrome/92.0.4515.107 Safari/537.36"
148.64.12.226 - - [02/Aug/2021:19:04:31 +0000] "GET /js/jquery.meanmenu.js HTTP/1.1" 200 11467 "http://indiatravelkart.com/" "Mozilla/5.0 (Windows NT 10.0; Win64; x64) AppleWebKit/537.36 (KHTML, like Gecko) Chrome/92.0.4515.107 Safari/537.36"
148.64.12.226 - - [02/Aug/2021:19:04:31 +0000] "GET /js/owl.carousel.min.js HTTP/1.1" 200 23890 "http://indiatravelkart.com/" "Mozilla/5.0 (Windows NT 10.0; Win64; x64) AppleWebKit/537.36 (KHTML, like Gecko) Chrome/92.0.4515.107 Safari/537.36"
148.64.12.226 - - [02/Aug/2021:19:04:31 +0000] "GET /js/jquery-price-slider.js HTTP/1.1" 200 24017 "http://indiatravelkart.com/" "Mozilla/5.0 (Windows NT 10.0; Win64; x64) AppleWebKit/537.36 (KHTML, like Gecko) Chrome/92.0.4515.107 Safari/537.36"
148.64.12.226 - - [02/Aug/2021:19:04:31 +0000] "GET /js/jquery.scrollUp.min.js HTTP/1.1" 200 2035 "http://indiatravelkart.com/" "Mozilla/5.0 (Windows NT 10.0; Win64; x64) AppleWebKit/537.36 (KHTML, like Gecko) Chrome/92.0.4515.107 Safari/537.36"
148.64.12.226 - - [02/Aug/2021:19:04:31 +0000] "GET /js/waypoints.min.js HTTP/1.1" 200 8044 "http://indiatravelkart.com/" "Mozilla/5.0 (Windows NT 10.0; Win64; x64) AppleWebKit/537.36 (KHTML, like Gecko) Chrome/92.0.4515.107 Safari/537.36"
148.64.12.226 - - [02/Aug/2021:19:04:31 +0000] "GET /js/jquery.counterup.min.js HTTP/1.1" 200 1067 "http://indiatravelkart.com/" "Mozilla/5.0 (Windows NT 10.0; Win64; x64) AppleWebKit/537.36 (KHTML, like Gecko) Chrome/92.0.4515.107 Safari/537.36"
148.64.12.226 - - [02/Aug/2021:19:04:31 +0000] "GET /js/plugins.js HTTP/1.1" 200 760 "http://indiatravelkart.com/" "Mozilla/5.0 (Windows NT 10.0; Win64; x64) AppleWebKit/537.36 (KHTML, like Gecko) Chrome/92.0.4515.107 Safari/537.36"
148.64.12.226 - - [02/Aug/2021:19:04:31 +0000] "GET /js/main.js HTTP/1.1" 200 2518 "http://indiatravelkart.com/" "Mozilla/5.0 (Windows NT 10.0; Win64; x64) AppleWebKit/537.36 (KHTML, like Gecko) Chrome/92.0.4515.107 Safari/537.36"
209.120.227.2 - - [02/Aug/2021:19:04:31 +0000] "GET / HTTP/1.1" 200 78293 "-" "Mozilla/5.0 (Windows NT 10.0; Win64; x64) AppleWebKit/537.36 (KHTML, like Gecko) Chrome/92.0.4515.107 Safari/537.36"
66.249.66.59 - - [02/Aug/2021:19:07:25 +0000] "GET /laddakhwithmoonvalleytour.html HTTP/1.1" 200 60538 "-" "Mozilla/5.0 (compatible; Googlebot/2.1; +http://www.google.com/bot.html)"
106.38.241.120 - - [02/Aug/2021:19:17:34 +0000] "GET / HTTP/1.1" 200 78293 "-" "Sogou web spider/4.0(+http://www.sogou.com/docs/help/webmasters.htm#07)"
66.249.66.79 - - [02/Aug/2021:19:25:39 +0000] "GET /robots.txt HTTP/1.1" 302 221 "-" "Mozilla/5.0 (compatible; Googlebot/2.1; +http://www.google.com/bot.html)"
66.249.66.79 - - [02/Aug/2021:19:25:40 +0000] "GET /robots.txt HTTP/1.1" 301 249 "-" "Mozilla/5.0 (compatible; Googlebot/2.1; +http://www.google.com/bot.html)"
66.249.66.79 - - [02/Aug/2021:19:25:40 +0000] "GET /pagecontents.php?url=Pyament-Option HTTP/1.1" 302 246 "-" "Mozilla/5.0 (Linux; Android 6.0.1; Nexus 5X Build/MMB29P) AppleWebKit/537.36 (KHTML, like Gecko) Chrome/92.0.4515.119 Mobile Safari/537.36 (compatible; Googlebot/2.1; +http://www.google.com/bot.html)"
66.249.66.78 - - [02/Aug/2021:19:25:41 +0000] "GET /pagecontents.php?url=Pyament-Option HTTP/1.1" 200 50964 "-" "Mozilla/5.0 (Linux; Android 6.0.1; Nexus 5X Build/MMB29P) AppleWebKit/537.36 (KHTML, like Gecko) Chrome/92.0.4515.119 Mobile Safari/537.36 (compatible; Googlebot/2.1; +http://www.google.com/bot.html)"
66.249.66.57 - - [02/Aug/2021:19:26:02 +0000] "GET /DelhiAgraJaipurTour.html HTTP/1.1" 200 60863 "-" "Mozilla/5.0 (compatible; Googlebot/2.1; +http://www.google.com/bot.html)"
5.188.48.58 - - [02/Aug/2021:19:26:16 +0000] "GET /tour-package.php?id=15 HTTP/1.0" 302 233 "https://indiatravelkart.com/tour-package.php?id=15" "Mozilla/5.0 (Windows NT 10.0; ) AppleWebKit/537.36 (KHTML, like Gecko) Chrome/83.0.4086.0 Safari/537.36"
5.188.48.58 - - [02/Aug/2021:19:26:16 +0000] "GET /tour-package.php?id=15 HTTP/1.0" 200 65841 "http://indiatravelkart.com/tour-package.php?id=15" "Mozilla/5.0 (Windows NT 10.0; ) AppleWebKit/537.36 (KHTML, like Gecko) Chrome/83.0.4086.0 Safari/537.36"
66.249.66.57 - - [02/Aug/2021:19:32:14 +0000] "GET /pagecontents.php?url=Terms-and-Conditions HTTP/1.1" 200 53481 "-" "Mozilla/5.0 (compatible; Googlebot/2.1; +http://www.google.com/bot.html)"
114.119.134.245 - - [02/Aug/2021:19:38:15 +0000] "GET /ThailandTourPackage.html HTTP/1.1" 200 59959 "-" "Mozilla/5.0 (Linux; Android 7.0;) AppleWebKit/537.36 (KHTML, like Gecko) Mobile Safari/537.36 (compatible; PetalBot;+https://webmaster.petalsearch.com/site/petalbot)"
66.249.66.55 - - [02/Aug/2021:19:44:39 +0000] "GET /RajasthanHoneymoonPackage.html HTTP/1.1" 200 61422 "-" "Mozilla/5.0 (compatible; Googlebot/2.1; +http://www.google.com/bot.html)"
106.38.241.120 - - [02/Aug/2021:19:57:46 +0000] "GET / HTTP/1.1" 200 78293 "-" "Sogou web spider/4.0(+http://www.sogou.com/docs/help/webmasters.htm#07)"
66.249.66.76 - - [02/Aug/2021:20:03:17 +0000] "GET /cruise-tour-packages.php HTTP/1.1" 302 235 "-" "Mozilla/5.0 (Linux; Android 6.0.1; Nexus 5X Build/MMB29P) AppleWebKit/537.36 (KHTML, like Gecko) Chrome/92.0.4515.119 Mobile Safari/537.36 (compatible; Googlebot/2.1; +http://www.google.com/bot.html)"
66.249.66.65 - - [02/Aug/2021:20:03:17 +0000] "GET /cruise-tour-packages.php HTTP/1.1" 200 54000 "-" "Mozilla/5.0 (Linux; Android 6.0.1; Nexus 5X Build/MMB29P) AppleWebKit/537.36 (KHTML, like Gecko) Chrome/92.0.4515.119 Mobile Safari/537.36 (compatible; Googlebot/2.1; +http://www.google.com/bot.html)"
114.119.155.175 - - [02/Aug/2021:20:09:52 +0000] "GET /NainitalTourPackages.html HTTP/1.1" 200 62718 "-" "Mozilla/5.0 (Linux; Android 7.0;) AppleWebKit/537.36 (KHTML, like Gecko) Mobile Safari/537.36 (compatible; PetalBot;+https://webmaster.petalsearch.com/site/petalbot)"
66.249.66.57 - - [02/Aug/2021:20:15:41 +0000] "GET /BeautifulUttaranchalTour.html HTTP/1.1" 200 61238 "-" "Mozilla/5.0 (compatible; Googlebot/2.1; +http://www.google.com/bot.html)"
114.119.134.245 - - [02/Aug/2021:20:17:34 +0000] "GET /pagecontents.php?url=Pyament-Option HTTP/1.1" 200 50964 "-" "Mozilla/5.0 (Linux; Android 7.0;) AppleWebKit/537.36 (KHTML, like Gecko) Mobile Safari/537.36 (compatible; PetalBot;+https://webmaster.petalsearch.com/site/petalbot)"
66.249.66.57 - - [02/Aug/2021:20:21:54 +0000] "GET /pagecontents.php?url=Pyament-Option HTTP/1.1" 200 50964 "-" "Mozilla/5.0 (compatible; Googlebot/2.1; +http://www.google.com/bot.html)"
114.119.151.4 - - [02/Aug/2021:20:24:15 +0000] "GET /HimalayanKingdomofBhutan.html HTTP/1.1" 200 63264 "-" "Mozilla/5.0 (Linux; Android 7.0;) AppleWebKit/537.36 (KHTML, like Gecko) Mobile Safari/537.36 (compatible; PetalBot;+https://webmaster.petalsearch.com/site/petalbot)"
66.249.66.59 - - [02/Aug/2021:20:28:06 +0000] "GET /GoaTour.html HTTP/1.1" 200 60668 "-" "Mozilla/5.0 (compatible; Googlebot/2.1; +http://www.google.com/bot.html)"
114.119.152.233 - - [02/Aug/2021:20:31:03 +0000] "GET /UttrakhandTourism.html HTTP/1.1" 200 67433 "-" "Mozilla/5.0 (Linux; Android 7.0;) AppleWebKit/537.36 (KHTML, like Gecko) Mobile Safari/537.36 (compatible; PetalBot;+https://webmaster.petalsearch.com/site/petalbot)"
106.38.241.120 - - [02/Aug/2021:20:37:00 +0000] "GET / HTTP/1.1" 200 78293 "-" "Sogou web spider/4.0(+http://www.sogou.com/docs/help/webmasters.htm#07)"
114.119.134.245 - - [02/Aug/2021:20:37:47 +0000] "GET /dharamshala-dalhoussie-car-tourpackage.html HTTP/1.1" 200 59193 "-" "Mozilla/5.0 (Linux; Android 7.0;) AppleWebKit/537.36 (KHTML, like Gecko) Mobile Safari/537.36 (compatible; PetalBot;+https://webmaster.petalsearch.com/site/petalbot)"
114.119.159.183 - - [02/Aug/2021:20:44:44 +0000] "GET /tour-package.php?id=27 HTTP/1.1" 200 58674 "-" "Mozilla/5.0 (Linux; Android 7.0;) AppleWebKit/537.36 (KHTML, like Gecko) Mobile Safari/537.36 (compatible; PetalBot;+https://webmaster.petalsearch.com/site/petalbot)"
66.249.66.77 - - [02/Aug/2021:20:45:58 +0000] "GET /tour-package.php?id=24 HTTP/1.1" 302 233 "-" "Mozilla/5.0 (Linux; Android 6.0.1; Nexus 5X Build/MMB29P) AppleWebKit/537.36 (KHTML, like Gecko) Chrome/92.0.4515.119 Mobile Safari/537.36 (compatible; Googlebot/2.1; +http://www.google.com/bot.html)"
66.249.66.79 - - [02/Aug/2021:20:45:58 +0000] "GET /tour-package.php?id=24 HTTP/1.1" 200 57948 "-" "Mozilla/5.0 (Linux; Android 6.0.1; Nexus 5X Build/MMB29P) AppleWebKit/537.36 (KHTML, like Gecko) Chrome/92.0.4515.119 Mobile Safari/537.36 (compatible; Googlebot/2.1; +http://www.google.com/bot.html)"
114.119.156.152 - - [02/Aug/2021:20:51:33 +0000] "GET /GoaTourPackage.html HTTP/1.1" 200 59761 "-" "Mozilla/5.0 (Linux; Android 7.0;) AppleWebKit/537.36 (KHTML, like Gecko) Mobile Safari/537.36 (compatible; PetalBot;+https://webmaster.petalsearch.com/site/petalbot)"
66.249.66.55 - - [02/Aug/2021:20:52:56 +0000] "GET /ShimlaVolvoTourPackage.html HTTP/1.1" 200 58351 "-" "Mozilla/5.0 (compatible; Googlebot/2.1; +http://www.google.com/bot.html)"
114.119.156.152 - - [02/Aug/2021:21:02:24 +0000] "GET /galleryimg/299645mussoori.jpg HTTP/1.1" 200 210666 "-" "Mozilla/5.0 (Linux; Android 7.0;) AppleWebKit/537.36 (KHTML, like Gecko) Mobile Safari/537.36 (compatible; PetalBot;+https://webmaster.petalsearch.com/site/petalbot)"
114.119.156.152 - - [02/Aug/2021:21:09:09 +0000] "GET /SingaporeHoneymoonTour.html HTTP/1.1" 200 61143 "-" "Mozilla/5.0 (Linux; Android 7.0;) AppleWebKit/537.36 (KHTML, like Gecko) Mobile Safari/537.36 (compatible; PetalBot;+https://webmaster.petalsearch.com/site/petalbot)"
207.46.13.73 - - [02/Aug/2021:21:11:52 +0000] "GET /kerala-tour-package-6n7d/ HTTP/1.1" 302 236 "-" "Mozilla/5.0 (compatible; bingbot/2.0; +http://www.bing.com/bingbot.htm)"
207.46.13.73 - - [02/Aug/2021:21:11:53 +0000] "GET /kerala-tour-package-6n7d/ HTTP/1.1" 301 264 "-" "Mozilla/5.0 (compatible; bingbot/2.0; +http://www.bing.com/bingbot.htm)"
106.38.241.120 - - [02/Aug/2021:21:17:01 +0000] "GET / HTTP/1.1" 200 78293 "-" "Sogou web spider/4.0(+http://www.sogou.com/docs/help/webmasters.htm#07)"
114.119.151.4 - - [02/Aug/2021:21:19:06 +0000] "GET /MunnarThekkadyTourPackage.html HTTP/1.1" 200 62326 "-" "Mozilla/5.0 (Linux; Android 7.0;) AppleWebKit/537.36 (KHTML, like Gecko) Mobile Safari/537.36 (compatible; PetalBot;+https://webmaster.petalsearch.com/site/petalbot)"
114.119.158.125 - - [02/Aug/2021:21:26:05 +0000] "GET /galleryimg/575380928.jpg HTTP/1.1" 200 185746 "-" "Mozilla/5.0 (Linux; Android 7.0;) AppleWebKit/537.36 (KHTML, like Gecko) Mobile Safari/537.36 (compatible; PetalBot;+https://webmaster.petalsearch.com/site/petalbot)"
114.119.157.24 - - [02/Aug/2021:21:32:59 +0000] "GET /LaddakhWithMoonValleyTour.html HTTP/1.1" 200 60538 "-" "Mozilla/5.0 (Linux; Android 7.0;) AppleWebKit/537.36 (KHTML, like Gecko) Mobile Safari/537.36 (compatible; PetalBot;+https://webmaster.petalsearch.com/site/petalbot)"
114.119.151.4 - - [02/Aug/2021:21:40:11 +0000] "GET /index.html HTTP/1.1" 302 221 "-" "Mozilla/5.0 (Linux; Android 7.0;) AppleWebKit/537.36 (KHTML, like Gecko) Mobile Safari/537.36 (compatible; PetalBot;+https://webmaster.petalsearch.com/site/petalbot)"
114.119.151.4 - - [02/Aug/2021:21:40:11 +0000] "GET /index.html HTTP/1.1" 301 249 "-" "Mozilla/5.0 (Linux; Android 7.0;) AppleWebKit/537.36 (KHTML, like Gecko) Mobile Safari/537.36 (compatible; PetalBot;+https://webmaster.petalsearch.com/site/petalbot)"
114.119.151.4 - - [02/Aug/2021:21:40:11 +0000] "GET /index.html HTTP/1.1" 200 56908 "-" "Mozilla/5.0 (Linux; Android 7.0;) AppleWebKit/537.36 (KHTML, like Gecko) Mobile Safari/537.36 (compatible; PetalBot;+https://webmaster.petalsearch.com/site/petalbot)"
114.119.134.245 - - [02/Aug/2021:21:46:56 +0000] "GET /kualalumpurgentingtour.html HTTP/1.1" 200 60918 "-" "Mozilla/5.0 (Linux; Android 7.0;) AppleWebKit/537.36 (KHTML, like Gecko) Mobile Safari/537.36 (compatible; PetalBot;+https://webmaster.petalsearch.com/site/petalbot)"
114.119.158.125 - - [02/Aug/2021:21:53:55 +0000] "GET /HongkongShenzhenTour.html HTTP/1.1" 200 64902 "-" "Mozilla/5.0 (Linux; Android 7.0;) AppleWebKit/537.36 (KHTML, like Gecko) Mobile Safari/537.36 (compatible; PetalBot;+https://webmaster.petalsearch.com/site/petalbot)"
106.38.241.120 - - [02/Aug/2021:21:56:21 +0000] "GET / HTTP/1.1" 200 78293 "-" "Sogou web spider/4.0(+http://www.sogou.com/docs/help/webmasters.htm#07)"
114.119.156.152 - - [02/Aug/2021:22:00:56 +0000] "GET /galleryimg/89966911.jpg HTTP/1.1" 200 104025 "-" "Mozilla/5.0 (Linux; Android 7.0;) AppleWebKit/537.36 (KHTML, like Gecko) Mobile Safari/537.36 (compatible; PetalBot;+https://webmaster.petalsearch.com/site/petalbot)"
66.249.66.57 - - [02/Aug/2021:22:01:12 +0000] "GET /HIMALAYANGOLDENTRIANGLE.html HTTP/1.1" 200 61288 "-" "Mozilla/5.0 (compatible; Googlebot/2.1; +http://www.google.com/bot.html)"
5.188.48.58 - - [02/Aug/2021:22:04:04 +0000] "GET /tour-package.php?id=26 HTTP/1.0" 302 233 "https://indiatravelkart.com/tour-package.php?id=26" "Mozilla/5.0 (Windows NT 10.0; Win64; x64) AppleWebKit/537.36 (KHTML, like Gecko) Chrome/83.0.4103.24 Safari/537.36"
5.188.48.58 - - [02/Aug/2021:22:04:04 +0000] "GET /tour-package.php?id=26 HTTP/1.0" 200 57965 "http://indiatravelkart.com/tour-package.php?id=26" "Mozilla/5.0 (Windows NT 10.0; Win64; x64) AppleWebKit/537.36 (KHTML, like Gecko) Chrome/83.0.4103.24 Safari/537.36"
66.249.66.79 - - [02/Aug/2021:22:07:38 +0000] "GET /pagecontents.php?url=Pyament-Option HTTP/1.1" 302 246 "-" "Mozilla/5.0 (compatible; Googlebot/2.1; +http://www.google.com/bot.html)"
66.249.66.80 - - [02/Aug/2021:22:07:39 +0000] "GET /pagecontents.php?url=Pyament-Option HTTP/1.1" 200 50964 "-" "Mozilla/5.0 (compatible; Googlebot/2.1; +http://www.google.com/bot.html)"
114.119.129.191 - - [02/Aug/2021:22:15:57 +0000] "GET /galleryimg/8867542images%20%281%29.jpg HTTP/1.1" 200 15627 "-" "Mozilla/5.0 (Linux; Android 7.0;) AppleWebKit/537.36 (KHTML, like Gecko) Mobile Safari/537.36 (compatible; PetalBot;+https://webmaster.petalsearch.com/site/petalbot)"
185.191.171.18 - - [02/Aug/2021:22:17:35 +0000] "GET /robots.txt HTTP/1.1" 404 78307 "-" "Mozilla/5.0 (compatible; SemrushBot/7~bl; +http://www.semrush.com/bot.html)"
185.191.171.41 - - [02/Aug/2021:22:17:36 +0000] "GET /HongkongShenzhenTour.html HTTP/1.1" 200 64902 "-" "Mozilla/5.0 (compatible; SemrushBot/7~bl; +http://www.semrush.com/bot.html)"
66.249.66.76 - - [02/Aug/2021:22:25:11 +0000] "GET /tour-package.php?id=17 HTTP/1.1" 302 233 "-" "Mozilla/5.0 (Linux; Android 6.0.1; Nexus 5X Build/MMB29P) AppleWebKit/537.36 (KHTML, like Gecko) Chrome/92.0.4515.119 Mobile Safari/537.36 (compatible; Googlebot/2.1; +http://www.google.com/bot.html)"
66.249.66.67 - - [02/Aug/2021:22:25:11 +0000] "GET /tour-package.php?id=17 HTTP/1.1" 200 61812 "-" "Mozilla/5.0 (Linux; Android 6.0.1; Nexus 5X Build/MMB29P) AppleWebKit/537.36 (KHTML, like Gecko) Chrome/92.0.4515.119 Mobile Safari/537.36 (compatible; Googlebot/2.1; +http://www.google.com/bot.html)"
185.191.171.15 - - [02/Aug/2021:22:28:00 +0000] "GET /robots.txt HTTP/1.1" 302 221 "-" "Mozilla/5.0 (compatible; SemrushBot/7~bl; +http://www.semrush.com/bot.html)"
185.191.171.15 - - [02/Aug/2021:22:28:01 +0000] "GET /robots.txt HTTP/1.1" 301 249 "-" "Mozilla/5.0 (compatible; SemrushBot/7~bl; +http://www.semrush.com/bot.html)"
185.191.171.13 - - [02/Aug/2021:22:28:01 +0000] "GET /robots.txt HTTP/1.1" 404 78307 "-" "Mozilla/5.0 (compatible; SemrushBot/7~bl; +http://www.semrush.com/bot.html)"
185.191.171.15 - - [02/Aug/2021:22:28:04 +0000] "GET /BeautifulUttaranchalTour.html HTTP/1.1" 302 240 "-" "Mozilla/5.0 (compatible; SemrushBot/7~bl; +http://www.semrush.com/bot.html)"
