66.249.66.55 - - [30/Jul/2021:12:14:00 +0000] "GET /tour-details.php?id=52 HTTP/1.1" 404 214 "-" "Mozilla/5.0 (compatible; Googlebot/2.1; +http://www.google.com/bot.html)"
216.244.66.236 - - [30/Jul/2021:12:16:19 +0000] "GET /tour-package.php?id=24 HTTP/1.1" 404 214 "-" "Mozilla/5.0 (compatible; DotBot/1.2; +https://opensiteexplorer.org/dotbot; help@moz.com)"
66.249.66.74 - - [30/Jul/2021:12:34:10 +0000] "GET /kualalumpurgentingtour.html HTTP/1.1" 404 225 "-" "Mozilla/5.0 (Linux; Android 6.0.1; Nexus 5X Build/MMB29P) AppleWebKit/537.36 (KHTML, like Gecko) Chrome/92.0.4515.119 Mobile Safari/537.36 (compatible; Googlebot/2.1; +http://www.google.com/bot.html)"
185.191.171.8 - - [30/Jul/2021:12:34:46 +0000] "GET /robots.txt HTTP/1.1" 404 208 "-" "Mozilla/5.0 (compatible; SemrushBot/7~bl; +http://www.semrush.com/bot.html)"
185.191.171.25 - - [30/Jul/2021:12:34:47 +0000] "GET /MussoorieHaridwarTour.html HTTP/1.1" 404 224 "-" "Mozilla/5.0 (compatible; SemrushBot/7~bl; +http://www.semrush.com/bot.html)"
34.220.165.96 - - [30/Jul/2021:12:35:27 +0000] "GET / HTTP/1.1" 200 5048 "-" "Mozilla/5.0 (X11; Linux x86_64) AppleWebKit/537.36 (KHTML, like Gecko) Chrome/83.0.4103.97 Safari/537.36"
54.245.50.227 - - [30/Jul/2021:12:38:16 +0000] "GET /favicon.ico HTTP/1.1" 404 209 "-" "Mozilla/5.0 (X11; Linux x86_64) AppleWebKit/537.36 (KHTML, like Gecko) Chrome/83.0.4103.97 Safari/537.36"
54.245.50.227 - - [30/Jul/2021:12:38:21 +0000] "GET / HTTP/1.1" 200 5048 "-" "Mozilla/5.0 (X11; Linux x86_64) AppleWebKit/537.36 (KHTML, like Gecko) Chrome/83.0.4103.97 Safari/537.36"
216.244.66.236 - - [30/Jul/2021:12:44:38 +0000] "GET /robots.txt HTTP/1.1" 404 208 "-" "Mozilla/5.0 (compatible; DotBot/1.2; +https://opensiteexplorer.org/dotbot; help@moz.com)"
66.249.66.59 - - [30/Jul/2021:13:02:21 +0000] "GET /SrilankaTourPackage.html HTTP/1.1" 404 222 "-" "Mozilla/5.0 (compatible; Googlebot/2.1; +http://www.google.com/bot.html)"
216.244.66.236 - - [30/Jul/2021:13:02:39 +0000] "GET /BaliHoneymoonSpecialTour.html HTTP/1.1" 404 227 "-" "Mozilla/5.0 (compatible; DotBot/1.2; +https://opensiteexplorer.org/dotbot; help@moz.com)"
216.244.66.236 - - [30/Jul/2021:13:02:43 +0000] "GET /Jammu&KashmirPackages.html HTTP/1.1" 404 228 "-" "Mozilla/5.0 (compatible; DotBot/1.2; +https://opensiteexplorer.org/dotbot; help@moz.com)"
216.244.66.236 - - [30/Jul/2021:13:02:47 +0000] "GET /Shimla,Manali&AgraCarTour.html HTTP/1.1" 404 232 "-" "Mozilla/5.0 (compatible; DotBot/1.2; +https://opensiteexplorer.org/dotbot; help@moz.com)"
216.244.66.236 - - [30/Jul/2021:13:10:46 +0000] "GET /tour-package.php?id=28 HTTP/1.1" 404 214 "-" "Mozilla/5.0 (compatible; DotBot/1.2; +https://opensiteexplorer.org/dotbot; help@moz.com)"
66.249.66.65 - - [30/Jul/2021:13:22:30 +0000] "GET /robots.txt HTTP/1.1" 404 208 "-" "Mozilla/5.0 (compatible; Googlebot/2.1; +http://www.google.com/bot.html)"
66.249.66.65 - - [30/Jul/2021:13:22:30 +0000] "GET /thailand/ HTTP/1.1" 404 207 "-" "Mozilla/5.0 (compatible; Googlebot/2.1; +http://www.google.com/bot.html)"
66.249.66.59 - - [30/Jul/2021:13:38:37 +0000] "GET /GoaHoneymoonPackage.html HTTP/1.1" 404 222 "-" "Mozilla/5.0 (compatible; Googlebot/2.1; +http://www.google.com/bot.html)"
185.191.171.41 - - [30/Jul/2021:14:06:02 +0000] "GET /robots.txt HTTP/1.1" 404 208 "-" "Mozilla/5.0 (compatible; SemrushBot/7~bl; +http://www.semrush.com/bot.html)"
185.191.171.1 - - [30/Jul/2021:14:06:03 +0000] "GET /AlleppeyTourPackages.html HTTP/1.1" 404 223 "-" "Mozilla/5.0 (compatible; SemrushBot/7~bl; +http://www.semrush.com/bot.html)"
216.244.66.236 - - [30/Jul/2021:14:28:59 +0000] "GET /robots.txt HTTP/1.1" 404 208 "-" "Mozilla/5.0 (compatible; DotBot/1.2; +https://opensiteexplorer.org/dotbot; help@moz.com)"
66.249.66.55 - - [30/Jul/2021:14:45:11 +0000] "GET /GoaHoneymoonPackage.html HTTP/1.1" 404 222 "-" "Mozilla/5.0 (Linux; Android 6.0.1; Nexus 5X Build/MMB29P) AppleWebKit/537.36 (KHTML, like Gecko) Chrome/92.0.4515.119 Mobile Safari/537.36 (compatible; Googlebot/2.1; +http://www.google.com/bot.html)"
114.119.158.125 - - [30/Jul/2021:14:45:51 +0000] "GET /ExploreLaddakhvaiManaliTour.html HTTP/1.1" 404 230 "-" "Mozilla/5.0 (Linux; Android 7.0;) AppleWebKit/537.36 (KHTML, like Gecko) Mobile Safari/537.36 (compatible; PetalBot;+https://webmaster.petalsearch.com/site/petalbot)"
216.244.66.236 - - [30/Jul/2021:14:47:19 +0000] "GET /UttrakhandHolidayTour.html HTTP/1.1" 404 224 "-" "Mozilla/5.0 (compatible; DotBot/1.2; +https://opensiteexplorer.org/dotbot; help@moz.com)"
66.249.66.59 - - [30/Jul/2021:15:02:56 +0000] "GET /SingaporeHoneymoonTour.html HTTP/1.1" 404 225 "-" "Mozilla/5.0 (compatible; Googlebot/2.1; +http://www.google.com/bot.html)"
114.119.151.4 - - [30/Jul/2021:15:10:03 +0000] "GET /tour-package.php?id=19 HTTP/1.1" 404 214 "-" "Mozilla/5.0 (Linux; Android 7.0;) AppleWebKit/537.36 (KHTML, like Gecko) Mobile Safari/537.36 (compatible; PetalBot;+https://webmaster.petalsearch.com/site/petalbot)"
216.244.66.236 - - [30/Jul/2021:15:21:55 +0000] "GET /robots.txt HTTP/1.1" 404 208 "-" "Mozilla/5.0 (compatible; DotBot/1.2; +https://opensiteexplorer.org/dotbot; help@moz.com)"
216.244.66.236 - - [30/Jul/2021:15:38:58 +0000] "GET /CompleteHimachalwithAmritsar&Chandigarh.html HTTP/1.1" 404 246 "-" "Mozilla/5.0 (compatible; DotBot/1.2; +https://opensiteexplorer.org/dotbot; help@moz.com)"
207.46.13.79 - - [30/Jul/2021:16:11:11 +0000] "GET /tour-package.php?id=22 HTTP/1.1" 404 214 "-" "Mozilla/5.0 (compatible; bingbot/2.0; +http://www.bing.com/bingbot.htm)"
40.77.167.64 - - [30/Jul/2021:16:30:22 +0000] "GET /contact-us/ HTTP/1.1" 404 209 "-" "Mozilla/5.0 (compatible; bingbot/2.0; +http://www.bing.com/bingbot.htm)"
66.249.66.76 - - [30/Jul/2021:16:37:56 +0000] "GET /robots.txt HTTP/1.1" 404 208 "-" "Mozilla/5.0 (compatible; Googlebot/2.1; +http://www.google.com/bot.html)"
66.249.66.76 - - [30/Jul/2021:16:37:56 +0000] "GET / HTTP/1.1" 200 5048 "-" "Mozilla/5.0 (Linux; Android 6.0.1; Nexus 5X Build/MMB29P) AppleWebKit/537.36 (KHTML, like Gecko) Chrome/92.0.4515.119 Mobile Safari/537.36 (compatible; Googlebot/2.1; +http://www.google.com/bot.html)"
114.119.152.233 - - [30/Jul/2021:16:42:10 +0000] "GET /pagecontents.php?url=Pyament-Option HTTP/1.1" 404 214 "-" "Mozilla/5.0 (Linux; Android 7.0;) AppleWebKit/537.36 (KHTML, like Gecko) Mobile Safari/537.36 (compatible; PetalBot;+https://webmaster.petalsearch.com/site/petalbot)"
216.244.66.236 - - [30/Jul/2021:17:03:39 +0000] "GET /robots.txt HTTP/1.1" 404 208 "-" "Mozilla/5.0 (compatible; DotBot/1.2; +https://opensiteexplorer.org/dotbot; help@moz.com)"
216.244.66.236 - - [30/Jul/2021:17:18:03 +0000] "GET /3CountriesMagicTour.html HTTP/1.1" 404 222 "-" "Mozilla/5.0 (compatible; DotBot/1.2; +https://opensiteexplorer.org/dotbot; help@moz.com)"
216.244.66.236 - - [30/Jul/2021:17:18:08 +0000] "GET /Hongkong%E2%80%93Macau%E2%80%93DisneylandTour.html HTTP/1.1" 404 236 "-" "Mozilla/5.0 (compatible; DotBot/1.2; +https://opensiteexplorer.org/dotbot; help@moz.com)"
216.244.66.236 - - [30/Jul/2021:17:18:15 +0000] "GET /RajasthanCarTour.html HTTP/1.1" 404 219 "-" "Mozilla/5.0 (compatible; DotBot/1.2; +https://opensiteexplorer.org/dotbot; help@moz.com)"
216.244.66.236 - - [30/Jul/2021:17:18:20 +0000] "GET /RajasthanTour.html HTTP/1.1" 404 216 "-" "Mozilla/5.0 (compatible; DotBot/1.2; +https://opensiteexplorer.org/dotbot; help@moz.com)"
114.119.156.152 - - [30/Jul/2021:17:20:51 +0000] "GET /HimachalTourPackage.html HTTP/1.1" 404 222 "-" "Mozilla/5.0 (Linux; Android 7.0;) AppleWebKit/537.36 (KHTML, like Gecko) Mobile Safari/537.36 (compatible; PetalBot;+https://webmaster.petalsearch.com/site/petalbot)"
185.191.171.11 - - [30/Jul/2021:17:21:56 +0000] "GET /robots.txt HTTP/1.1" 404 208 "-" "Mozilla/5.0 (compatible; SemrushBot/7~bl; +http://www.semrush.com/bot.html)"
185.191.171.25 - - [30/Jul/2021:17:21:57 +0000] "GET /HongkongShenzhenTour.html HTTP/1.1" 404 223 "-" "Mozilla/5.0 (compatible; SemrushBot/7~bl; +http://www.semrush.com/bot.html)"
185.191.171.36 - - [30/Jul/2021:17:36:17 +0000] "GET /tour-package.php?id=13 HTTP/1.1" 404 214 "-" "Mozilla/5.0 (compatible; SemrushBot/7~bl; +http://www.semrush.com/bot.html)"
216.244.66.236 - - [30/Jul/2021:17:54:40 +0000] "GET /robots.txt HTTP/1.1" 404 208 "-" "Mozilla/5.0 (compatible; DotBot/1.2; +https://opensiteexplorer.org/dotbot; help@moz.com)"
66.249.66.74 - - [30/Jul/2021:17:58:05 +0000] "GET /DelhiAgraJaipurTour.html HTTP/1.1" 404 222 "-" "Mozilla/5.0 (compatible; Googlebot/2.1; +http://www.google.com/bot.html)"
41.104.125.140 - - [30/Jul/2021:18:06:03 +0000] "GET /?utm=semalt.com HTTP/1.1" 200 5048 "https://semalt.com-----google.com/?q=semalt" "Mozilla/5.0 (Windows NT 10.0; Win64; x64) AppleWebKit/537.36 (KHTML, like Gecko) Chrome/74.0.3729.169 Safari/537.36"
216.244.66.236 - - [30/Jul/2021:18:09:13 +0000] "GET /SingaporeHolidayTour.html HTTP/1.1" 404 223 "-" "Mozilla/5.0 (compatible; DotBot/1.2; +https://opensiteexplorer.org/dotbot; help@moz.com)"
216.244.66.236 - - [30/Jul/2021:18:44:56 +0000] "GET /robots.txt HTTP/1.1" 404 208 "-" "Mozilla/5.0 (compatible; DotBot/1.2; +https://opensiteexplorer.org/dotbot; help@moz.com)"
216.244.66.236 - - [30/Jul/2021:18:58:50 +0000] "GET /beach-tour-packages.php HTTP/1.1" 404 221 "-" "Mozilla/5.0 (compatible; DotBot/1.2; +https://opensiteexplorer.org/dotbot; help@moz.com)"
216.244.66.236 - - [30/Jul/2021:19:01:41 +0000] "GET /3-countries-magic-tour/ HTTP/1.1" 404 221 "-" "Mozilla/5.0 (compatible; DotBot/1.2; +https://opensiteexplorer.org/dotbot; help@moz.com)"
207.46.13.30 - - [30/Jul/2021:19:26:10 +0000] "GET /honeymoon-tour-packages.php HTTP/1.1" 404 225 "-" "Mozilla/5.0 (compatible; bingbot/2.0; +http://www.bing.com/bingbot.htm)"
95.163.255.130 - - [30/Jul/2021:19:34:07 +0000] "GET /robots.txt HTTP/1.0" 404 208 "-" "Mozilla/5.0 (compatible; Linux x86_64; Mail.RU_Bot/Img/2.0; +http://go.mail.ru/help/robots)"
95.163.255.130 - - [30/Jul/2021:19:34:09 +0000] "GET /galleryimg/57419392.jpg HTTP/1.1" 404 221 "http://go.mail.ru/search_images" "Mozilla/5.0 (compatible; Linux x86_64; Mail.RU_Bot/Img/2.0; +http://go.mail.ru/help/robots)"
114.119.152.233 - - [30/Jul/2021:20:16:30 +0000] "GET /tour-package.php?id=24 HTTP/1.1" 404 214 "-" "Mozilla/5.0 (Linux; Android 7.0;) AppleWebKit/537.36 (KHTML, like Gecko) Mobile Safari/537.36 (compatible; PetalBot;+https://webmaster.petalsearch.com/site/petalbot)"
216.244.66.236 - - [30/Jul/2021:20:24:51 +0000] "GET /robots.txt HTTP/1.1" 404 208 "-" "Mozilla/5.0 (compatible; DotBot/1.2; +https://opensiteexplorer.org/dotbot; help@moz.com)"
216.244.66.236 - - [30/Jul/2021:20:36:27 +0000] "GET /GoaTourPackage.html HTTP/1.1" 404 217 "-" "Mozilla/5.0 (compatible; DotBot/1.2; +https://opensiteexplorer.org/dotbot; help@moz.com)"
216.244.66.236 - - [30/Jul/2021:20:38:58 +0000] "GET /MunnarTourPackage.html HTTP/1.1" 404 220 "-" "Mozilla/5.0 (compatible; DotBot/1.2; +https://opensiteexplorer.org/dotbot; help@moz.com)"
207.46.13.80 - - [30/Jul/2021:21:15:58 +0000] "GET / HTTP/1.1" 200 5048 "-" "Mozilla/5.0 (compatible; bingbot/2.0; +http://www.bing.com/bingbot.htm)"
40.77.167.104 - - [30/Jul/2021:21:17:04 +0000] "GET / HTTP/1.1" 200 5048 "-" "Mozilla/5.0 (compatible; bingbot/2.0; +http://www.bing.com/bingbot.htm)"
66.249.66.45 - - [30/Jul/2021:21:18:29 +0000] "GET /robots.txt HTTP/1.1" 404 208 "-" "Mozilla/5.0 (compatible; Googlebot/2.1; +http://www.google.com/bot.html)"
66.249.66.45 - - [30/Jul/2021:21:18:29 +0000] "GET / HTTP/1.1" 200 5048 "-" "Mozilla/5.0 (compatible; Googlebot/2.1; +http://www.google.com/bot.html)"
114.119.129.191 - - [30/Jul/2021:21:40:03 +0000] "GET /index.php HTTP/1.1" 404 207 "-" "Mozilla/5.0 (Linux; Android 7.0;) AppleWebKit/537.36 (KHTML, like Gecko) Mobile Safari/537.36 (compatible; PetalBot;+https://webmaster.petalsearch.com/site/petalbot)"
91.76.222.29 - - [30/Jul/2021:21:41:19 +0000] "GET /contact.php HTTP/1.0" 404 209 "http://indiatravelkart.com/contact.php" "Mozilla/5.0 (Windows NT 10.0; Win64; x64) AppleWebKit/537.36 (KHTML, like Gecko) Chrome/83.0.4103.44 Safari/537.36 OPR/69.0.3686.7 (Edition beta)"
91.76.222.29 - - [30/Jul/2021:21:41:22 +0000] "GET / HTTP/1.0" 200 5048 "http://indiatravelkart.com/" "Mozilla/5.0 (Windows NT 10.0; Win64; x64) AppleWebKit/537.36 (KHTML, like Gecko) Chrome/83.0.4103.44 Safari/537.36 OPR/69.0.3686.7 (Edition beta)"
114.119.156.72 - - [30/Jul/2021:21:53:02 +0000] "GET /robots.txt HTTP/1.1" 404 208 "-" "Mozilla/5.0 (compatible;PetalBot;+https://webmaster.petalsearch.com/site/petalbot)"
114.119.151.4 - - [30/Jul/2021:22:01:22 +0000] "GET /tour-package.php?id=12 HTTP/1.1" 404 214 "-" "Mozilla/5.0 (Linux; Android 7.0;) AppleWebKit/537.36 (KHTML, like Gecko) Mobile Safari/537.36 (compatible; PetalBot;+https://webmaster.petalsearch.com/site/petalbot)"
216.244.66.236 - - [30/Jul/2021:22:03:20 +0000] "GET /robots.txt HTTP/1.1" 404 208 "-" "Mozilla/5.0 (compatible; DotBot/1.2; +https://opensiteexplorer.org/dotbot; help@moz.com)"
114.119.155.175 - - [30/Jul/2021:22:09:25 +0000] "GET /tour-package.php?id=22 HTTP/1.1" 404 214 "-" "Mozilla/5.0 (Linux; Android 7.0;) AppleWebKit/537.36 (KHTML, like Gecko) Mobile Safari/537.36 (compatible; PetalBot;+https://webmaster.petalsearch.com/site/petalbot)"
216.244.66.236 - - [30/Jul/2021:22:16:41 +0000] "GET /MussoorieHaridwarTour.html HTTP/1.1" 404 224 "-" "Mozilla/5.0 (compatible; DotBot/1.2; +https://opensiteexplorer.org/dotbot; help@moz.com)"
216.244.66.236 - - [30/Jul/2021:22:16:46 +0000] "GET /NainitalTourPackages.html HTTP/1.1" 404 223 "-" "Mozilla/5.0 (compatible; DotBot/1.2; +https://opensiteexplorer.org/dotbot; help@moz.com)"
216.244.66.236 - - [30/Jul/2021:22:16:50 +0000] "GET /SrilankaHoneymoonTour.html HTTP/1.1" 404 224 "-" "Mozilla/5.0 (compatible; DotBot/1.2; +https://opensiteexplorer.org/dotbot; help@moz.com)"
216.244.66.236 - - [30/Jul/2021:22:16:54 +0000] "GET /kualalumpurgentingtour.html HTTP/1.1" 404 225 "-" "Mozilla/5.0 (compatible; DotBot/1.2; +https://opensiteexplorer.org/dotbot; help@moz.com)"
114.119.157.24 - - [30/Jul/2021:22:17:41 +0000] "GET /hill-station-tour-packages.php HTTP/1.1" 404 228 "-" "Mozilla/5.0 (Linux; Android 7.0;) AppleWebKit/537.36 (KHTML, like Gecko) Mobile Safari/537.36 (compatible; PetalBot;+https://webmaster.petalsearch.com/site/petalbot)"
66.249.66.45 - - [30/Jul/2021:22:23:56 +0000] "GET / HTTP/1.1" 200 5048 "-" "Mozilla/5.0 (Linux; Android 6.0.1; Nexus 5X Build/MMB29P) AppleWebKit/537.36 (KHTML, like Gecko) Chrome/91.0.4472.90 Mobile Safari/537.36 (compatible; Googlebot/2.1; +http://www.google.com/bot.html)"
216.244.66.236 - - [30/Jul/2021:22:25:20 +0000] "GET /tour-package.php?id=23 HTTP/1.1" 404 214 "-" "Mozilla/5.0 (compatible; DotBot/1.2; +https://opensiteexplorer.org/dotbot; help@moz.com)"
114.119.159.39 - - [30/Jul/2021:22:25:52 +0000] "GET /galleryimg/thumb HTTP/1.1" 404 214 "-" "Mozilla/5.0 (Linux; Android 7.0;) AppleWebKit/537.36 (KHTML, like Gecko) Mobile Safari/537.36 (compatible; PetalBot;+https://webmaster.petalsearch.com/site/petalbot)"
54.36.148.167 - - [30/Jul/2021:22:56:07 +0000] "GET /robots.txt HTTP/1.1" 404 208 "-" "Mozilla/5.0 (compatible; AhrefsBot/7.0; +http://ahrefs.com/robot/)"
54.36.149.32 - - [30/Jul/2021:22:56:07 +0000] "GET /robots.txt HTTP/1.1" 404 208 "-" "Mozilla/5.0 (compatible; AhrefsBot/7.0; +http://ahrefs.com/robot/)"
207.46.13.73 - - [30/Jul/2021:22:57:27 +0000] "GET /galleryimg/5322521image.jpg HTTP/1.1" 404 225 "-" "Mozilla/5.0 (compatible; bingbot/2.0; +http://www.bing.com/bingbot.htm)"
114.119.159.183 - - [30/Jul/2021:22:58:46 +0000] "GET /tour-package.php?id=1 HTTP/1.1" 404 214 "-" "Mozilla/5.0 (Linux; Android 7.0;) AppleWebKit/537.36 (KHTML, like Gecko) Mobile Safari/537.36 (compatible; PetalBot;+https://webmaster.petalsearch.com/site/petalbot)"
144.76.133.62 - - [30/Jul/2021:22:59:07 +0000] "GET /pagecontents.php?url=Cancellation-Policy'A=0 HTTP/1.1" 404 214 "https://indiatravelkart.com/pagecontents.php?url=Cancellation-Policy'A=0" "Mozilla/5.0 (Windows; U; Windows NT 5.1; pt-PT; rv:1.9.1.2) Gecko/20090729 Firefox/3.5.2 (.NET CLR 3.5.30729)"
66.249.66.75 - - [30/Jul/2021:23:07:35 +0000] "GET /DelhiAgraJaipurTour.html HTTP/1.1" 404 222 "-" "Mozilla/5.0 (Linux; Android 6.0.1; Nexus 5X Build/MMB29P) AppleWebKit/537.36 (KHTML, like Gecko) Chrome/91.0.4472.90 Mobile Safari/537.36 (compatible; Googlebot/2.1; +http://www.google.com/bot.html)"
207.46.13.184 - - [30/Jul/2021:23:25:51 +0000] "GET /MussoorieHaridwarTour.html HTTP/1.1" 404 224 "-" "Mozilla/5.0 (compatible; bingbot/2.0; +http://www.bing.com/bingbot.htm)"
40.80.150.169 - - [30/Jul/2021:23:25:54 +0000] "GET /wp-content/plugins/real3d-flipbook/css/flipbook-admin.css HTTP/1.1" 404 255 "-" "Mozilla/5.0 (X11; Ubuntu; Linux i686; rv:28.0) Gecko/20100101 Firefox/28.0"
207.46.13.30 - - [30/Jul/2021:23:29:53 +0000] "GET /galleryimg/64184455.jpg HTTP/1.1" 404 221 "-" "Mozilla/5.0 (compatible; bingbot/2.0; +http://www.bing.com/bingbot.htm)"
216.244.66.236 - - [30/Jul/2021:23:44:40 +0000] "GET /robots.txt HTTP/1.1" 404 208 "-" "Mozilla/5.0 (compatible; DotBot/1.2; +https://opensiteexplorer.org/dotbot; help@moz.com)"
216.244.66.236 - - [30/Jul/2021:23:58:23 +0000] "GET /KashmirTour.html HTTP/1.1" 404 214 "-" "Mozilla/5.0 (compatible; DotBot/1.2; +https://opensiteexplorer.org/dotbot; help@moz.com)"
66.249.66.76 - - [31/Jul/2021:00:23:56 +0000] "GET /Hongkong%E2%80%93Macau%E2%80%93DisneylandTour.html HTTP/1.1" 404 236 "-" "Mozilla/5.0 (Linux; Android 6.0.1; Nexus 5X Build/MMB29P) AppleWebKit/537.36 (KHTML, like Gecko) Chrome/91.0.4472.90 Mobile Safari/537.36 (compatible; Googlebot/2.1; +http://www.google.com/bot.html)"
185.100.87.241 - - [31/Jul/2021:00:36:44 +0000] "GET /.git/config HTTP/1.1" 404 209 "-" "Go-http-client/1.1"
104.244.73.13 - - [31/Jul/2021:00:36:45 +0000] "GET /.git/config HTTP/1.1" 404 209 "-" "Go-http-client/1.1"
195.133.40.201 - - [31/Jul/2021:00:44:25 +0000] "GET /index.php?option=com_jce&task=plugin&plugin=imgmanager&file=imgmanager&method=form&cid=20 HTTP/1.1" 404 207 "-" "Python-urllib/2.7"
66.249.66.75 - - [31/Jul/2021:00:58:25 +0000] "GET /goa/services.php HTTP/1.1" 404 214 "-" "Mozilla/5.0 (Linux; Android 6.0.1; Nexus 5X Build/MMB29P) AppleWebKit/537.36 (KHTML, like Gecko) Chrome/91.0.4472.90 Mobile Safari/537.36 (compatible; Googlebot/2.1; +http://www.google.com/bot.html)"
185.191.171.7 - - [31/Jul/2021:00:58:39 +0000] "GET /robots.txt HTTP/1.1" 404 208 "-" "Mozilla/5.0 (compatible; SemrushBot/7~bl; +http://www.semrush.com/bot.html)"
185.191.171.5 - - [31/Jul/2021:00:58:39 +0000] "GET /AlleppeyTourPackages.html HTTP/1.1" 404 223 "-" "Mozilla/5.0 (compatible; SemrushBot/7~bl; +http://www.semrush.com/bot.html)"
66.249.66.75 - - [31/Jul/2021:00:59:48 +0000] "GET /goa/contact.php HTTP/1.1" 404 213 "-" "Mozilla/5.0 (Linux; Android 6.0.1; Nexus 5X Build/MMB29P) AppleWebKit/537.36 (KHTML, like Gecko) Chrome/91.0.4472.90 Mobile Safari/537.36 (compatible; Googlebot/2.1; +http://www.google.com/bot.html)"
66.249.66.74 - - [31/Jul/2021:01:01:11 +0000] "GET /goa/tour-package.php?id=30 HTTP/1.1" 404 218 "-" "Mozilla/5.0 (Linux; Android 6.0.1; Nexus 5X Build/MMB29P) AppleWebKit/537.36 (KHTML, like Gecko) Chrome/91.0.4472.90 Mobile Safari/537.36 (compatible; Googlebot/2.1; +http://www.google.com/bot.html)"
66.249.66.75 - - [31/Jul/2021:01:02:02 +0000] "GET /goa/pagecontents.php?url=Cancellation-Policy HTTP/1.1" 404 218 "-" "Mozilla/5.0 (Linux; Android 6.0.1; Nexus 5X Build/MMB29P) AppleWebKit/537.36 (KHTML, like Gecko) Chrome/91.0.4472.90 Mobile Safari/537.36 (compatible; Googlebot/2.1; +http://www.google.com/bot.html)"
66.249.66.74 - - [31/Jul/2021:01:02:34 +0000] "GET /goa/tour-package.php?id=14 HTTP/1.1" 404 218 "-" "Mozilla/5.0 (Linux; Android 6.0.1; Nexus 5X Build/MMB29P) AppleWebKit/537.36 (KHTML, like Gecko) Chrome/91.0.4472.90 Mobile Safari/537.36 (compatible; Googlebot/2.1; +http://www.google.com/bot.html)"
66.249.66.74 - - [31/Jul/2021:01:02:56 +0000] "GET /goa/pagecontents.php?url=Terms-and-Conditions HTTP/1.1" 404 218 "-" "Mozilla/5.0 (Linux; Android 6.0.1; Nexus 5X Build/MMB29P) AppleWebKit/537.36 (KHTML, like Gecko) Chrome/91.0.4472.90 Mobile Safari/537.36 (compatible; Googlebot/2.1; +http://www.google.com/bot.html)"
66.249.66.74 - - [31/Jul/2021:01:05:36 +0000] "GET /goa/tour-package.php?id=25 HTTP/1.1" 404 218 "-" "Mozilla/5.0 (Linux; Android 6.0.1; Nexus 5X Build/MMB29P) AppleWebKit/537.36 (KHTML, like Gecko) Chrome/91.0.4472.90 Mobile Safari/537.36 (compatible; Googlebot/2.1; +http://www.google.com/bot.html)"
66.249.66.76 - - [31/Jul/2021:01:14:59 +0000] "GET /goa/tour-package.php?id=20 HTTP/1.1" 404 218 "-" "Mozilla/5.0 (Linux; Android 6.0.1; Nexus 5X Build/MMB29P) AppleWebKit/537.36 (KHTML, like Gecko) Chrome/91.0.4472.90 Mobile Safari/537.36 (compatible; Googlebot/2.1; +http://www.google.com/bot.html)"
66.249.66.74 - - [31/Jul/2021:01:24:27 +0000] "GET /goa/tour-package.php?id=17 HTTP/1.1" 404 218 "-" "Mozilla/5.0 (Linux; Android 6.0.1; Nexus 5X Build/MMB29P) AppleWebKit/537.36 (KHTML, like Gecko) Chrome/91.0.4472.90 Mobile Safari/537.36 (compatible; Googlebot/2.1; +http://www.google.com/bot.html)"
45.12.223.138 - - [31/Jul/2021:01:24:37 +0000] "GET /assets/global/plugins/jquery-file-upload/server/php/index.php?secure=1 HTTP/1.1" 404 259 "-" "Mozilla/5.0 (Windows NT 10.0; Win64; x64)"
45.12.223.138 - - [31/Jul/2021:01:24:37 +0000] "GET /assets/plugins/jquery-file-upload/server/php/index.php?secure=1 HTTP/1.1" 404 252 "-" "Mozilla/5.0 (Windows NT 10.0; Win64; x64)"
45.12.223.138 - - [31/Jul/2021:01:24:38 +0000] "GET /assets/jquery-file-upload/server/php/index.php?secure=1 HTTP/1.1" 404 244 "-" "Mozilla/5.0 (Windows NT 10.0; Win64; x64)"
45.12.223.138 - - [31/Jul/2021:01:24:39 +0000] "GET /phpformbuilder/plugins/jQuery-File-Upload/server/php/index.php?secure=1 HTTP/1.1" 404 260 "-" "Mozilla/5.0 (Windows NT 10.0; Win64; x64)"
40.77.167.52 - - [31/Jul/2021:01:35:13 +0000] "GET /robots.txt HTTP/1.1" 404 208 "-" "Mozilla/5.0 (compatible; bingbot/2.0; +http://www.bing.com/bingbot.htm)"
40.77.167.52 - - [31/Jul/2021:01:35:13 +0000] "GET /robots.txt HTTP/1.1" 404 208 "-" "Mozilla/5.0 (compatible; bingbot/2.0; +http://www.bing.com/bingbot.htm)"
66.249.66.74 - - [31/Jul/2021:01:43:24 +0000] "GET /goa/pagecontents.php?url=Return-and-Refund-Policy HTTP/1.1" 404 218 "-" "Mozilla/5.0 (Linux; Android 6.0.1; Nexus 5X Build/MMB29P) AppleWebKit/537.36 (KHTML, like Gecko) Chrome/91.0.4472.90 Mobile Safari/537.36 (compatible; Googlebot/2.1; +http://www.google.com/bot.html)"
35.223.25.142 - - [31/Jul/2021:01:45:08 +0000] "GET / HTTP/1.1" 200 5048 "-" "-"
207.46.13.184 - - [31/Jul/2021:01:50:23 +0000] "GET /js/jquery-price-slider.js HTTP/1.1" 404 223 "-" "Mozilla/5.0 (compatible; bingbot/2.0; +http://www.bing.com/bingbot.htm)"
207.46.13.184 - - [31/Jul/2021:01:50:24 +0000] "GET /js/jquery.scrollUp.min.js HTTP/1.1" 404 223 "-" "Mozilla/5.0 (compatible; bingbot/2.0; +http://www.bing.com/bingbot.htm)"
207.46.13.184 - - [31/Jul/2021:01:50:24 +0000] "GET /js/vendor/jquery-1.11.3.min.js HTTP/1.1" 404 228 "-" "Mozilla/5.0 (compatible; bingbot/2.0; +http://www.bing.com/bingbot.htm)"
207.46.13.184 - - [31/Jul/2021:01:50:24 +0000] "GET /js/vendor/modernizr-2.8.3.min.js HTTP/1.1" 404 230 "-" "Mozilla/5.0 (compatible; bingbot/2.0; +http://www.bing.com/bingbot.htm)"
207.46.13.184 - - [31/Jul/2021:01:50:24 +0000] "GET /lib/nivo-slider/home.js HTTP/1.1" 404 221 "-" "Mozilla/5.0 (compatible; bingbot/2.0; +http://www.bing.com/bingbot.htm)"
157.55.39.110 - - [31/Jul/2021:01:50:27 +0000] "GET /css/meanmenu.min.css HTTP/1.1" 404 218 "-" "Mozilla/5.0 (compatible; bingbot/2.0; +http://www.bing.com/bingbot.htm)"
207.46.13.30 - - [31/Jul/2021:01:50:27 +0000] "GET /css/jquery-ui.css HTTP/1.1" 404 215 "-" "Mozilla/5.0 (compatible; bingbot/2.0; +http://www.bing.com/bingbot.htm)"
40.77.167.64 - - [31/Jul/2021:01:50:28 +0000] "GET /css/owl.carousel.css HTTP/1.1" 404 218 "-" "Mozilla/5.0 (compatible; bingbot/2.0; +http://www.bing.com/bingbot.htm)"
40.77.167.104 - - [31/Jul/2021:01:50:31 +0000] "GET /css/animate.css HTTP/1.1" 404 213 "-" "Mozilla/5.0 (compatible; bingbot/2.0; +http://www.bing.com/bingbot.htm)"
207.46.13.73 - - [31/Jul/2021:01:50:32 +0000] "GET /css/bootstrap.min.css HTTP/1.1" 404 219 "-" "Mozilla/5.0 (compatible; bingbot/2.0; +http://www.bing.com/bingbot.htm)"
207.46.13.110 - - [31/Jul/2021:01:50:33 +0000] "GET /js/bootstrap.min.js HTTP/1.1" 404 217 "-" "Mozilla/5.0 (compatible; bingbot/2.0; +http://www.bing.com/bingbot.htm)"
207.46.13.110 - - [31/Jul/2021:01:50:33 +0000] "GET /js/waypoints.min.js HTTP/1.1" 404 217 "-" "Mozilla/5.0 (compatible; bingbot/2.0; +http://www.bing.com/bingbot.htm)"
207.46.13.110 - - [31/Jul/2021:01:50:33 +0000] "GET /lib/nivo-slider/js/jquery.nivo.slider.js HTTP/1.1" 404 238 "-" "Mozilla/5.0 (compatible; bingbot/2.0; +http://www.bing.com/bingbot.htm)"
207.46.13.79 - - [31/Jul/2021:01:50:36 +0000] "GET /css/font-awesome.min.css HTTP/1.1" 404 222 "-" "Mozilla/5.0 (compatible; bingbot/2.0; +http://www.bing.com/bingbot.htm)"
157.55.39.110 - - [31/Jul/2021:01:50:38 +0000] "GET /js/jquery.meanmenu.js HTTP/1.1" 404 219 "-" "Mozilla/5.0 (compatible; bingbot/2.0; +http://www.bing.com/bingbot.htm)"
157.55.39.110 - - [31/Jul/2021:01:50:38 +0000] "GET /js/plugins.js HTTP/1.1" 404 211 "-" "Mozilla/5.0 (compatible; bingbot/2.0; +http://www.bing.com/bingbot.htm)"
157.55.39.110 - - [31/Jul/2021:01:50:38 +0000] "GET /js/wow.min.js HTTP/1.1" 404 211 "-" "Mozilla/5.0 (compatible; bingbot/2.0; +http://www.bing.com/bingbot.htm)"
40.77.167.104 - - [31/Jul/2021:01:50:43 +0000] "GET /js/owl.carousel.min.js HTTP/1.1" 404 220 "-" "Mozilla/5.0 (compatible; bingbot/2.0; +http://www.bing.com/bingbot.htm)"
40.77.167.104 - - [31/Jul/2021:01:50:44 +0000] "GET /style.css HTTP/1.1" 404 207 "-" "Mozilla/5.0 (compatible; bingbot/2.0; +http://www.bing.com/bingbot.htm)"
207.46.13.30 - - [31/Jul/2021:01:50:48 +0000] "GET /js/jquery.counterup.min.js HTTP/1.1" 404 224 "-" "Mozilla/5.0 (compatible; bingbot/2.0; +http://www.bing.com/bingbot.htm)"
207.46.13.30 - - [31/Jul/2021:01:50:48 +0000] "GET /lib/nivo-slider/css/preview.css HTTP/1.1" 404 229 "-" "Mozilla/5.0 (compatible; bingbot/2.0; +http://www.bing.com/bingbot.htm)"
207.46.13.73 - - [31/Jul/2021:01:50:53 +0000] "GET /css/responsive.css HTTP/1.1" 404 216 "-" "Mozilla/5.0 (compatible; bingbot/2.0; +http://www.bing.com/bingbot.htm)"
207.46.13.73 - - [31/Jul/2021:01:50:53 +0000] "GET /lib/nivo-slider/css/nivo-slider.css HTTP/1.1" 404 233 "-" "Mozilla/5.0 (compatible; bingbot/2.0; +http://www.bing.com/bingbot.htm)"
66.249.66.95 - - [31/Jul/2021:01:51:12 +0000] "GET /robots.txt HTTP/1.1" 404 208 "-" "Mozilla/5.0 (compatible; Googlebot/2.1; +http://www.google.com/bot.html)"
66.249.66.65 - - [31/Jul/2021:01:51:12 +0000] "GET / HTTP/1.1" 200 5048 "-" "Mozilla/5.0 (Linux; Android 6.0.1; Nexus 5X Build/MMB29P) AppleWebKit/537.36 (KHTML, like Gecko) Chrome/91.0.4472.90 Mobile Safari/537.36 (compatible; Googlebot/2.1; +http://www.google.com/bot.html)"
40.77.190.116 - - [31/Jul/2021:02:21:25 +0000] "GET /js/main.js HTTP/1.1" 404 208 "https://indiatravelkart.com/tour-package.php?id=28" "Mozilla/5.0 (Windows NT 6.1; WOW64) AppleWebKit/534+ (KHTML, like Gecko) BingPreview/1.0b"
66.249.66.67 - - [31/Jul/2021:02:21:57 +0000] "GET /hong-kong/ HTTP/1.1" 404 208 "-" "Mozilla/5.0 (compatible; Googlebot/2.1; +http://www.google.com/bot.html)"
49.7.20.91 - - [31/Jul/2021:02:33:10 +0000] "GET / HTTP/1.1" 200 5048 "-" "Sogou web spider/4.0(+http://www.sogou.com/docs/help/webmasters.htm#07)"
185.191.171.19 - - [31/Jul/2021:02:44:44 +0000] "GET /robots.txt HTTP/1.1" 404 208 "-" "Mozilla/5.0 (compatible; SemrushBot/7~bl; +http://www.semrush.com/bot.html)"
185.191.171.16 - - [31/Jul/2021:02:44:46 +0000] "GET /SrilankaHoneymoonTour.html HTTP/1.1" 404 224 "-" "Mozilla/5.0 (compatible; SemrushBot/7~bl; +http://www.semrush.com/bot.html)"
23.228.109.147 - - [31/Jul/2021:03:12:22 +0000] "GET / HTTP/1.1" 200 5048 "http://www.google.com/" "Mozilla/5.0 (Windows NT 6.1; Win64; x64) AppleWebKit/537.36 (KHTML, like Gecko) Chrome/56.0.2896.3 Safari/537.36"
216.244.66.236 - - [31/Jul/2021:03:13:40 +0000] "GET /robots.txt HTTP/1.1" 404 208 "-" "Mozilla/5.0 (compatible; DotBot/1.2; +https://opensiteexplorer.org/dotbot; help@moz.com)"
114.119.156.152 - - [31/Jul/2021:03:27:24 +0000] "GET /about.php HTTP/1.1" 404 207 "-" "Mozilla/5.0 (Linux; Android 7.0;) AppleWebKit/537.36 (KHTML, like Gecko) Mobile Safari/537.36 (compatible; PetalBot;+https://webmaster.petalsearch.com/site/petalbot)"
216.244.66.236 - - [31/Jul/2021:03:28:38 +0000] "GET /SingaporeBaliTourPackage.html HTTP/1.1" 404 227 "-" "Mozilla/5.0 (compatible; DotBot/1.2; +https://opensiteexplorer.org/dotbot; help@moz.com)"
157.55.39.110 - - [31/Jul/2021:03:32:58 +0000] "GET /dubai/ HTTP/1.1" 404 204 "-" "Mozilla/5.0 (compatible; bingbot/2.0; +http://www.bing.com/bingbot.htm)"
216.244.66.236 - - [31/Jul/2021:03:38:02 +0000] "GET /tour-package.php?id=27 HTTP/1.1" 404 214 "-" "Mozilla/5.0 (compatible; DotBot/1.2; +https://opensiteexplorer.org/dotbot; help@moz.com)"
34.212.103.66 - - [31/Jul/2021:03:43:22 +0000] "GET /robots.txt HTTP/1.1" 404 208 "-" "Mozilla/5.0 (Windows NT 10.0; Win64; x64; rv:88.0) Gecko/20100101 Firefox/88.0"
34.212.103.66 - - [31/Jul/2021:03:43:22 +0000] "GET /robots.txt HTTP/1.1" 404 208 "-" "Mozilla/5.0 (Windows NT 10.0; Win64; x64; rv:88.0) Gecko/20100101 Firefox/88.0"
34.212.103.66 - - [31/Jul/2021:03:43:23 +0000] "GET /robots.txt HTTP/1.1" 404 208 "-" "Mozilla/5.0 (Windows NT 10.0; Win64; x64; rv:88.0) Gecko/20100101 Firefox/88.0"
34.212.103.66 - - [31/Jul/2021:03:43:23 +0000] "GET /robots.txt HTTP/1.1" 404 208 "-" "Mozilla/5.0 (Windows NT 10.0; Win64; x64; rv:88.0) Gecko/20100101 Firefox/88.0"
34.212.103.66 - - [31/Jul/2021:03:43:24 +0000] "GET / HTTP/1.1" 200 5048 "-" "Mozilla/5.0 (Windows NT 10.0; Win64; x64; rv:88.0) Gecko/20100101 Firefox/88.0"
114.119.157.24 - - [31/Jul/2021:03:46:08 +0000] "GET /night-life-tour-packages.php HTTP/1.1" 404 226 "-" "Mozilla/5.0 (Linux; Android 7.0;) AppleWebKit/537.36 (KHTML, like Gecko) Mobile Safari/537.36 (compatible; PetalBot;+https://webmaster.petalsearch.com/site/petalbot)"
114.119.157.24 - - [31/Jul/2021:03:53:55 +0000] "GET /tour-package.php?id=15 HTTP/1.1" 404 214 "-" "Mozilla/5.0 (Linux; Android 7.0;) AppleWebKit/537.36 (KHTML, like Gecko) Mobile Safari/537.36 (compatible; PetalBot;+https://webmaster.petalsearch.com/site/petalbot)"
66.249.66.74 - - [31/Jul/2021:04:00:24 +0000] "GET / HTTP/1.1" 200 5048 "-" "Mozilla/5.0 (Linux; Android 6.0.1; Nexus 5X Build/MMB29P) AppleWebKit/537.36 (KHTML, like Gecko) Chrome/92.0.4515.119 Mobile Safari/537.36 (compatible; Googlebot/2.1; +http://www.google.com/bot.html)"
193.169.254.217 - - [31/Jul/2021:04:01:35 +0000] "GET /sites/default/modules/civicrm/packages/OpenFlashChart/php-ofc-library/ofc_upload_image.php HTTP/1.1" 404 288 "http://indiatravelkart.com/sites/default/modules/civicrm/packages/OpenFlashChart/php-ofc-library/ofc_upload_image.php" "Mozilla/5.0 (Windows NT 6.1; WOW64) AppleWebKit/537.36 (KHTML, like Gecko) Chrome/42.0.2311.152 Safari/537.36"
35.229.115.94 - - [31/Jul/2021:04:13:25 +0000] "GET /robots.txt HTTP/1.0" 404 208 "-" "ZoominfoBot (zoominfobot at zoominfo dot com)"
35.229.115.94 - - [31/Jul/2021:04:13:26 +0000] "GET /tour-package.php?id=22 HTTP/1.0" 404 214 "-" "ZoominfoBot (zoominfobot at zoominfo dot com)"
35.229.115.94 - - [31/Jul/2021:04:13:28 +0000] "GET /pagecontents.php?url=Privacy-Policy HTTP/1.0" 404 214 "-" "ZoominfoBot (zoominfobot at zoominfo dot com)"
35.229.115.94 - - [31/Jul/2021:04:15:40 +0000] "GET /tour-package.php?id=26 HTTP/1.0" 404 214 "-" "ZoominfoBot (zoominfobot at zoominfo dot com)"
35.229.115.94 - - [31/Jul/2021:04:15:44 +0000] "GET /tour-package.php?id=12 HTTP/1.0" 404 214 "-" "ZoominfoBot (zoominfobot at zoominfo dot com)"
35.229.115.94 - - [31/Jul/2021:04:21:07 +0000] "GET /tour-package.php?id=16 HTTP/1.0" 404 214 "-" "ZoominfoBot (zoominfobot at zoominfo dot com)"
35.229.115.94 - - [31/Jul/2021:04:26:09 +0000] "GET /contact.php HTTP/1.0" 404 209 "-" "ZoominfoBot (zoominfobot at zoominfo dot com)"
35.229.115.94 - - [31/Jul/2021:04:26:34 +0000] "GET /hill-station-tour-packages.php HTTP/1.0" 404 228 "-" "ZoominfoBot (zoominfobot at zoominfo dot com)"
35.229.115.94 - - [31/Jul/2021:04:34:31 +0000] "GET /tour-package.php?id=23 HTTP/1.0" 404 214 "-" "ZoominfoBot (zoominfobot at zoominfo dot com)"
40.77.167.64 - - [31/Jul/2021:04:37:41 +0000] "GET /galleryimg/2416383maxresdefault.jpg HTTP/1.1" 404 233 "-" "Mozilla/5.0 (compatible; bingbot/2.0; +http://www.bing.com/bingbot.htm)"
35.229.115.94 - - [31/Jul/2021:04:38:37 +0000] "GET /tour-package.php?id=13 HTTP/1.0" 404 214 "-" "ZoominfoBot (zoominfobot at zoominfo dot com)"
35.229.115.94 - - [31/Jul/2021:04:42:24 +0000] "GET /services.php HTTP/1.0" 404 210 "-" "ZoominfoBot (zoominfobot at zoominfo dot com)"
35.229.115.94 - - [31/Jul/2021:04:42:43 +0000] "GET /tour-package.php?id=17 HTTP/1.0" 404 214 "-" "ZoominfoBot (zoominfobot at zoominfo dot com)"
35.229.115.94 - - [31/Jul/2021:04:46:01 +0000] "GET /tour-package.php?id=30 HTTP/1.0" 404 214 "-" "ZoominfoBot (zoominfobot at zoominfo dot com)"
35.229.115.94 - - [31/Jul/2021:04:50:18 +0000] "GET /about.php HTTP/1.0" 404 207 "-" "ZoominfoBot (zoominfobot at zoominfo dot com)"
35.229.115.94 - - [31/Jul/2021:04:50:38 +0000] "GET /tour-package.php?id=20 HTTP/1.0" 404 214 "-" "ZoominfoBot (zoominfobot at zoominfo dot com)"
35.229.115.94 - - [31/Jul/2021:04:55:04 +0000] "GET /tour-package.php?id=24 HTTP/1.0" 404 214 "-" "ZoominfoBot (zoominfobot at zoominfo dot com)"
35.229.115.94 - - [31/Jul/2021:04:55:07 +0000] "GET /tour-package.php?id=10 HTTP/1.0" 404 214 "-" "ZoominfoBot (zoominfobot at zoominfo dot com)"
35.229.115.94 - - [31/Jul/2021:04:57:15 +0000] "GET /pagecontents.php?url=Cancellation-Policy HTTP/1.0" 404 214 "-" "ZoominfoBot (zoominfobot at zoominfo dot com)"
35.229.115.94 - - [31/Jul/2021:04:59:51 +0000] "GET /tour-package.php?id=28 HTTP/1.0" 404 214 "-" "ZoominfoBot (zoominfobot at zoominfo dot com)"
35.229.115.94 - - [31/Jul/2021:04:59:54 +0000] "GET /tour-package.php?id=14 HTTP/1.0" 404 214 "-" "ZoominfoBot (zoominfobot at zoominfo dot com)"
42.236.10.74 - - [31/Jul/2021:05:05:54 +0000] "GET / HTTP/1.1" 200 5048 "http://indiatravelkart.com/" "-"
42.236.10.122 - - [31/Jul/2021:05:06:40 +0000] "GET / HTTP/1.1" 200 5048 "https://indiatravelkart.com/" "-"
35.229.115.94 - - [31/Jul/2021:05:07:03 +0000] "GET /pagecontents.php?url=Pyament-Option HTTP/1.0" 404 214 "-" "ZoominfoBot (zoominfobot at zoominfo dot com)"
35.229.115.94 - - [31/Jul/2021:05:08:12 +0000] "GET /pagecontents.php?url=Return-and-Refund-Policy HTTP/1.0" 404 214 "-" "ZoominfoBot (zoominfobot at zoominfo dot com)"
35.229.115.94 - - [31/Jul/2021:05:10:04 +0000] "GET /index.php HTTP/1.0" 404 207 "-" "ZoominfoBot (zoominfobot at zoominfo dot com)"
35.229.115.94 - - [31/Jul/2021:05:12:29 +0000] "GET /tour-package.php?id=21 HTTP/1.0" 404 214 "-" "ZoominfoBot (zoominfobot at zoominfo dot com)"
35.229.115.94 - - [31/Jul/2021:05:16:18 +0000] "GET /honeymoon-tour-packages.php HTTP/1.0" 404 225 "-" "ZoominfoBot (zoominfobot at zoominfo dot com)"
35.229.115.94 - - [31/Jul/2021:05:16:51 +0000] "GET /tour-package.php?id=25 HTTP/1.0" 404 214 "-" "ZoominfoBot (zoominfobot at zoominfo dot com)"
35.229.115.94 - - [31/Jul/2021:05:21:23 +0000] "GET /tour-package.php?id=15 HTTP/1.0" 404 214 "-" "ZoominfoBot (zoominfobot at zoominfo dot com)"
35.229.115.94 - - [31/Jul/2021:05:25:44 +0000] "GET /tour-package.php?id=19 HTTP/1.0" 404 214 "-" "ZoominfoBot (zoominfobot at zoominfo dot com)"
35.229.115.94 - - [31/Jul/2021:05:29:14 +0000] "GET /tour-package.php?id=1 HTTP/1.0" 404 214 "-" "ZoominfoBot (zoominfobot at zoominfo dot com)"
35.229.115.94 - - [31/Jul/2021:05:29:29 +0000] "GET /pagecontents.php?url=Terms-and-Conditions HTTP/1.0" 404 214 "-" "ZoominfoBot (zoominfobot at zoominfo dot com)"
114.119.157.24 - - [31/Jul/2021:05:43:06 +0000] "GET /services.php HTTP/1.1" 404 210 "-" "Mozilla/5.0 (Linux; Android 7.0;) AppleWebKit/537.36 (KHTML, like Gecko) Mobile Safari/537.36 (compatible; PetalBot;+https://webmaster.petalsearch.com/site/petalbot)"
66.249.66.76 - - [31/Jul/2021:05:45:23 +0000] "GET /robots.txt HTTP/1.1" 404 208 "-" "Mozilla/5.0 (compatible; Googlebot/2.1; +http://www.google.com/bot.html)"
66.249.66.74 - - [31/Jul/2021:05:45:24 +0000] "GET / HTTP/1.1" 200 5048 "-" "Mozilla/5.0 (compatible; Googlebot/2.1; +http://www.google.com/bot.html)"
114.119.158.125 - - [31/Jul/2021:05:51:14 +0000] "GET /galleryimg/7085757images%20(3 HTTP/1.1" 404 225 "-" "Mozilla/5.0 (Linux; Android 7.0;) AppleWebKit/537.36 (KHTML, like Gecko) Mobile Safari/537.36 (compatible; PetalBot;+https://webmaster.petalsearch.com/site/petalbot)"
47.9.70.113 - - [31/Jul/2021:05:57:03 +0000] "GET / HTTP/1.1" 200 5048 "-" "Mozilla/5.0 (Windows NT 6.1) AppleWebKit/537.36 (KHTML, like Gecko) Chrome/92.0.4515.107 Safari/537.36"
47.9.70.113 - - [31/Jul/2021:05:57:05 +0000] "GET /favicon.ico HTTP/1.1" 404 209 "http://indiatravelkart.com/" "Mozilla/5.0 (Windows NT 6.1) AppleWebKit/537.36 (KHTML, like Gecko) Chrome/92.0.4515.107 Safari/537.36"
47.9.70.113 - - [31/Jul/2021:06:05:22 +0000] "GET / HTTP/1.1" 200 78293 "-" "Mozilla/5.0 (Windows NT 6.1) AppleWebKit/537.36 (KHTML, like Gecko) Chrome/92.0.4515.107 Safari/537.36"
47.9.70.113 - - [31/Jul/2021:06:05:22 +0000] "GET /css/font-awesome.min.css HTTP/1.1" 200 27490 "http://indiatravelkart.com/" "Mozilla/5.0 (Windows NT 6.1) AppleWebKit/537.36 (KHTML, like Gecko) Chrome/92.0.4515.107 Safari/537.36"
47.9.70.113 - - [31/Jul/2021:06:05:22 +0000] "GET /css/owl.carousel.css HTTP/1.1" 200 7603 "http://indiatravelkart.com/" "Mozilla/5.0 (Windows NT 6.1) AppleWebKit/537.36 (KHTML, like Gecko) Chrome/92.0.4515.107 Safari/537.36"
47.9.70.113 - - [31/Jul/2021:06:05:22 +0000] "GET /css/jquery-ui.css HTTP/1.1" 200 35228 "http://indiatravelkart.com/" "Mozilla/5.0 (Windows NT 6.1) AppleWebKit/537.36 (KHTML, like Gecko) Chrome/92.0.4515.107 Safari/537.36"
47.9.70.113 - - [31/Jul/2021:06:05:22 +0000] "GET /css/meanmenu.min.css HTTP/1.1" 200 2732 "http://indiatravelkart.com/" "Mozilla/5.0 (Windows NT 6.1) AppleWebKit/537.36 (KHTML, like Gecko) Chrome/92.0.4515.107 Safari/537.36"
47.9.70.113 - - [31/Jul/2021:06:05:22 +0000] "GET /lib/nivo-slider/css/nivo-slider.css HTTP/1.1" 200 8098 "http://indiatravelkart.com/" "Mozilla/5.0 (Windows NT 6.1) AppleWebKit/537.36 (KHTML, like Gecko) Chrome/92.0.4515.107 Safari/537.36"
47.9.70.113 - - [31/Jul/2021:06:05:22 +0000] "GET /lib/nivo-slider/css/preview.css HTTP/1.1" 200 5624 "http://indiatravelkart.com/" "Mozilla/5.0 (Windows NT 6.1) AppleWebKit/537.36 (KHTML, like Gecko) Chrome/92.0.4515.107 Safari/537.36"
47.9.70.113 - - [31/Jul/2021:06:05:22 +0000] "GET /css/animate.css HTTP/1.1" 200 70824 "http://indiatravelkart.com/" "Mozilla/5.0 (Windows NT 6.1) AppleWebKit/537.36 (KHTML, like Gecko) Chrome/92.0.4515.107 Safari/537.36"
47.9.70.113 - - [31/Jul/2021:06:05:23 +0000] "GET /css/responsive.css HTTP/1.1" 200 27655 "http://indiatravelkart.com/" "Mozilla/5.0 (Windows NT 6.1) AppleWebKit/537.36 (KHTML, like Gecko) Chrome/92.0.4515.107 Safari/537.36"
47.9.70.113 - - [31/Jul/2021:06:05:23 +0000] "GET /js/vendor/modernizr-2.8.3.min.js HTTP/1.1" 200 15514 "http://indiatravelkart.com/" "Mozilla/5.0 (Windows NT 6.1) AppleWebKit/537.36 (KHTML, like Gecko) Chrome/92.0.4515.107 Safari/537.36"
47.9.70.113 - - [31/Jul/2021:06:05:23 +0000] "GET /scripts/gen_validatorv4.js HTTP/1.1" 200 32085 "http://indiatravelkart.com/" "Mozilla/5.0 (Windows NT 6.1) AppleWebKit/537.36 (KHTML, like Gecko) Chrome/92.0.4515.107 Safari/537.36"
47.9.70.113 - - [31/Jul/2021:06:05:22 +0000] "GET /style.css HTTP/1.1" 200 115813 "http://indiatravelkart.com/" "Mozilla/5.0 (Windows NT 6.1) AppleWebKit/537.36 (KHTML, like Gecko) Chrome/92.0.4515.107 Safari/537.36"
47.9.70.113 - - [31/Jul/2021:06:05:22 +0000] "GET /css/bootstrap.min.css HTTP/1.1" 200 138183 "http://indiatravelkart.com/" "Mozilla/5.0 (Windows NT 6.1) AppleWebKit/537.36 (KHTML, like Gecko) Chrome/92.0.4515.107 Safari/537.36"
47.9.70.113 - - [31/Jul/2021:06:05:23 +0000] "GET /js/bootstrap.min.js HTTP/1.1" 200 36868 "http://indiatravelkart.com/" "Mozilla/5.0 (Windows NT 6.1) AppleWebKit/537.36 (KHTML, like Gecko) Chrome/92.0.4515.107 Safari/537.36"
47.9.70.113 - - [31/Jul/2021:06:05:23 +0000] "GET /js/vendor/jquery-1.11.3.min.js HTTP/1.1" 200 95992 "http://indiatravelkart.com/" "Mozilla/5.0 (Windows NT 6.1) AppleWebKit/537.36 (KHTML, like Gecko) Chrome/92.0.4515.107 Safari/537.36"
47.9.70.113 - - [31/Jul/2021:06:05:24 +0000] "GET /js/wow.min.js HTTP/1.1" 200 8426 "http://indiatravelkart.com/" "Mozilla/5.0 (Windows NT 6.1) AppleWebKit/537.36 (KHTML, like Gecko) Chrome/92.0.4515.107 Safari/537.36"
47.9.70.113 - - [31/Jul/2021:06:05:24 +0000] "GET /lib/nivo-slider/js/jquery.nivo.slider.js HTTP/1.1" 200 29113 "http://indiatravelkart.com/" "Mozilla/5.0 (Windows NT 6.1) AppleWebKit/537.36 (KHTML, like Gecko) Chrome/92.0.4515.107 Safari/537.36"
47.9.70.113 - - [31/Jul/2021:06:05:24 +0000] "GET /lib/nivo-slider/home.js HTTP/1.1" 200 724 "http://indiatravelkart.com/" "Mozilla/5.0 (Windows NT 6.1) AppleWebKit/537.36 (KHTML, like Gecko) Chrome/92.0.4515.107 Safari/537.36"
47.9.70.113 - - [31/Jul/2021:06:05:24 +0000] "GET /js/jquery.meanmenu.js HTTP/1.1" 200 11467 "http://indiatravelkart.com/" "Mozilla/5.0 (Windows NT 6.1) AppleWebKit/537.36 (KHTML, like Gecko) Chrome/92.0.4515.107 Safari/537.36"
47.9.70.113 - - [31/Jul/2021:06:05:24 +0000] "GET /js/owl.carousel.min.js HTTP/1.1" 200 23890 "http://indiatravelkart.com/" "Mozilla/5.0 (Windows NT 6.1) AppleWebKit/537.36 (KHTML, like Gecko) Chrome/92.0.4515.107 Safari/537.36"
47.9.70.113 - - [31/Jul/2021:06:05:24 +0000] "GET /js/jquery-price-slider.js HTTP/1.1" 200 24017 "http://indiatravelkart.com/" "Mozilla/5.0 (Windows NT 6.1) AppleWebKit/537.36 (KHTML, like Gecko) Chrome/92.0.4515.107 Safari/537.36"
47.9.70.113 - - [31/Jul/2021:06:05:24 +0000] "GET /fonts/fontawesome-webfont3295.woff2?v=4.5.0 HTTP/1.1" 200 66624 "http://indiatravelkart.com/css/font-awesome.min.css" "Mozilla/5.0 (Windows NT 6.1) AppleWebKit/537.36 (KHTML, like Gecko) Chrome/92.0.4515.107 Safari/537.36"
47.9.70.113 - - [31/Jul/2021:06:05:24 +0000] "GET /js/jquery.scrollUp.min.js HTTP/1.1" 200 2035 "http://indiatravelkart.com/" "Mozilla/5.0 (Windows NT 6.1) AppleWebKit/537.36 (KHTML, like Gecko) Chrome/92.0.4515.107 Safari/537.36"
47.9.70.113 - - [31/Jul/2021:06:05:24 +0000] "GET /js/waypoints.min.js HTTP/1.1" 200 8044 "http://indiatravelkart.com/" "Mozilla/5.0 (Windows NT 6.1) AppleWebKit/537.36 (KHTML, like Gecko) Chrome/92.0.4515.107 Safari/537.36"
47.9.70.113 - - [31/Jul/2021:06:05:24 +0000] "GET /img/logo/logo.png HTTP/1.1" 200 16597 "http://indiatravelkart.com/" "Mozilla/5.0 (Windows NT 6.1) AppleWebKit/537.36 (KHTML, like Gecko) Chrome/92.0.4515.107 Safari/537.36"
47.9.70.113 - - [31/Jul/2021:06:05:24 +0000] "GET /js/jquery.counterup.min.js HTTP/1.1" 200 1067 "http://indiatravelkart.com/" "Mozilla/5.0 (Windows NT 6.1) AppleWebKit/537.36 (KHTML, like Gecko) Chrome/92.0.4515.107 Safari/537.36"
47.9.70.113 - - [31/Jul/2021:06:05:24 +0000] "GET /js/plugins.js HTTP/1.1" 200 760 "http://indiatravelkart.com/" "Mozilla/5.0 (Windows NT 6.1) AppleWebKit/537.36 (KHTML, like Gecko) Chrome/92.0.4515.107 Safari/537.36"
47.9.70.113 - - [31/Jul/2021:06:05:24 +0000] "GET /js/main.js HTTP/1.1" 200 2518 "http://indiatravelkart.com/" "Mozilla/5.0 (Windows NT 6.1) AppleWebKit/537.36 (KHTML, like Gecko) Chrome/92.0.4515.107 Safari/537.36"
47.9.70.113 - - [31/Jul/2021:06:05:24 +0000] "GET /img/icon/serv-11.png HTTP/1.1" 200 2223 "http://indiatravelkart.com/" "Mozilla/5.0 (Windows NT 6.1) AppleWebKit/537.36 (KHTML, like Gecko) Chrome/92.0.4515.107 Safari/537.36"
47.9.70.113 - - [31/Jul/2021:06:05:24 +0000] "GET /img/icon/serv-12.png HTTP/1.1" 200 4169 "http://indiatravelkart.com/" "Mozilla/5.0 (Windows NT 6.1) AppleWebKit/537.36 (KHTML, like Gecko) Chrome/92.0.4515.107 Safari/537.36"
47.9.70.113 - - [31/Jul/2021:06:05:24 +0000] "GET /img/icon/title2-icon-1.png HTTP/1.1" 200 1992 "http://indiatravelkart.com/style.css" "Mozilla/5.0 (Windows NT 6.1) AppleWebKit/537.36 (KHTML, like Gecko) Chrome/92.0.4515.107 Safari/537.36"
47.9.70.113 - - [31/Jul/2021:06:05:24 +0000] "GET /img/icon/serv-14.png HTTP/1.1" 200 4516 "http://indiatravelkart.com/" "Mozilla/5.0 (Windows NT 6.1) AppleWebKit/537.36 (KHTML, like Gecko) Chrome/92.0.4515.107 Safari/537.36"
47.9.70.113 - - [31/Jul/2021:06:05:24 +0000] "GET /img/icon/serv-15.png HTTP/1.1" 200 9605 "http://indiatravelkart.com/" "Mozilla/5.0 (Windows NT 6.1) AppleWebKit/537.36 (KHTML, like Gecko) Chrome/92.0.4515.107 Safari/537.36"
47.9.70.113 - - [31/Jul/2021:06:05:24 +0000] "GET /img/icon/serv-13.png HTTP/1.1" 200 5515 "http://indiatravelkart.com/" "Mozilla/5.0 (Windows NT 6.1) AppleWebKit/537.36 (KHTML, like Gecko) Chrome/92.0.4515.107 Safari/537.36"
47.9.70.113 - - [31/Jul/2021:06:05:25 +0000] "GET /galleryimg/29237e4e8c812419f8af7e905fdbf24e.jpg HTTP/1.1" 200 113570 "http://indiatravelkart.com/" "Mozilla/5.0 (Windows NT 6.1) AppleWebKit/537.36 (KHTML, like Gecko) Chrome/92.0.4515.107 Safari/537.36"
47.9.70.113 - - [31/Jul/2021:06:05:24 +0000] "GET /galleryimg/c63c289fbb6529b23b49bf5a220d5f2b.jpg HTTP/1.1" 200 170012 "http://indiatravelkart.com/" "Mozilla/5.0 (Windows NT 6.1) AppleWebKit/537.36 (KHTML, like Gecko) Chrome/92.0.4515.107 Safari/537.36"
47.9.70.113 - - [31/Jul/2021:06:05:25 +0000] "GET /img/banner/7.jpg HTTP/1.1" 200 130547 "http://indiatravelkart.com/style.css" "Mozilla/5.0 (Windows NT 6.1) AppleWebKit/537.36 (KHTML, like Gecko) Chrome/92.0.4515.107 Safari/537.36"
47.9.70.113 - - [31/Jul/2021:06:05:25 +0000] "GET /style.css HTTP/1.1" 200 115813 "http://indiatravelkart.com/style.css" "Mozilla/5.0 (Windows NT 6.1) AppleWebKit/537.36 (KHTML, like Gecko) Chrome/92.0.4515.107 Safari/537.36"
47.9.70.113 - - [31/Jul/2021:06:05:26 +0000] "GET /img/icon/home-two-select-bg-two.png HTTP/1.1" 200 1503 "http://indiatravelkart.com/style.css" "Mozilla/5.0 (Windows NT 6.1) AppleWebKit/537.36 (KHTML, like Gecko) Chrome/92.0.4515.107 Safari/537.36"
47.9.70.113 - - [31/Jul/2021:06:05:24 +0000] "GET /img/slider/15.jpg HTTP/1.1" 200 696042 "http://indiatravelkart.com/" "Mozilla/5.0 (Windows NT 6.1) AppleWebKit/537.36 (KHTML, like Gecko) Chrome/92.0.4515.107 Safari/537.36"
47.9.70.113 - - [31/Jul/2021:06:05:26 +0000] "GET /galleryimg/6663220download%20(2).jpg HTTP/1.1" 200 13499 "http://indiatravelkart.com/" "Mozilla/5.0 (Windows NT 6.1) AppleWebKit/537.36 (KHTML, like Gecko) Chrome/92.0.4515.107 Safari/537.36"
47.9.70.113 - - [31/Jul/2021:06:05:24 +0000] "GET /img/slider/13.jpg HTTP/1.1" 200 514354 "http://indiatravelkart.com/" "Mozilla/5.0 (Windows NT 6.1) AppleWebKit/537.36 (KHTML, like Gecko) Chrome/92.0.4515.107 Safari/537.36"
47.9.70.113 - - [31/Jul/2021:06:05:26 +0000] "GET /galleryimg/4573876download%20(2).jpg HTTP/1.1" 200 13499 "http://indiatravelkart.com/" "Mozilla/5.0 (Windows NT 6.1) AppleWebKit/537.36 (KHTML, like Gecko) Chrome/92.0.4515.107 Safari/537.36"
47.9.70.113 - - [31/Jul/2021:06:05:24 +0000] "GET /galleryimg/e06eab75ec630df006f110cced74726c.jpg HTTP/1.1" 200 378217 "http://indiatravelkart.com/" "Mozilla/5.0 (Windows NT 6.1) AppleWebKit/537.36 (KHTML, like Gecko) Chrome/92.0.4515.107 Safari/537.36"
47.9.70.113 - - [31/Jul/2021:06:05:25 +0000] "GET /galleryimg/167d26d9d1e0c58ca9ca4cc4db85e5d7.jpg HTTP/1.1" 200 325975 "http://indiatravelkart.com/" "Mozilla/5.0 (Windows NT 6.1) AppleWebKit/537.36 (KHTML, like Gecko) Chrome/92.0.4515.107 Safari/537.36"
47.9.70.113 - - [31/Jul/2021:06:05:26 +0000] "GET /galleryimg/335577download%20(1).jpg HTTP/1.1" 200 11390 "http://indiatravelkart.com/" "Mozilla/5.0 (Windows NT 6.1) AppleWebKit/537.36 (KHTML, like Gecko) Chrome/92.0.4515.107 Safari/537.36"
47.9.70.113 - - [31/Jul/2021:06:05:26 +0000] "GET /img/icon/7.png HTTP/1.1" 200 2738 "http://indiatravelkart.com/" "Mozilla/5.0 (Windows NT 6.1) AppleWebKit/537.36 (KHTML, like Gecko) Chrome/92.0.4515.107 Safari/537.36"
47.9.70.113 - - [31/Jul/2021:06:05:26 +0000] "GET /galleryimg/8637951exotic-kerala-tour-840.jpeg HTTP/1.1" 200 28339 "http://indiatravelkart.com/" "Mozilla/5.0 (Windows NT 6.1) AppleWebKit/537.36 (KHTML, like Gecko) Chrome/92.0.4515.107 Safari/537.36"
47.9.70.113 - - [31/Jul/2021:06:05:26 +0000] "GET /img/icon/7-hover.png HTTP/1.1" 200 2927 "http://indiatravelkart.com/" "Mozilla/5.0 (Windows NT 6.1) AppleWebKit/537.36 (KHTML, like Gecko) Chrome/92.0.4515.107 Safari/537.36"
47.9.70.113 - - [31/Jul/2021:06:05:26 +0000] "GET /img/icon/8.png HTTP/1.1" 200 2450 "http://indiatravelkart.com/" "Mozilla/5.0 (Windows NT 6.1) AppleWebKit/537.36 (KHTML, like Gecko) Chrome/92.0.4515.107 Safari/537.36"
47.9.70.113 - - [31/Jul/2021:06:05:26 +0000] "GET /img/icon/8-hover.png HTTP/1.1" 200 2527 "http://indiatravelkart.com/" "Mozilla/5.0 (Windows NT 6.1) AppleWebKit/537.36 (KHTML, like Gecko) Chrome/92.0.4515.107 Safari/537.36"
47.9.70.113 - - [31/Jul/2021:06:05:26 +0000] "GET /img/icon/9.png HTTP/1.1" 200 2685 "http://indiatravelkart.com/" "Mozilla/5.0 (Windows NT 6.1) AppleWebKit/537.36 (KHTML, like Gecko) Chrome/92.0.4515.107 Safari/537.36"
47.9.70.113 - - [31/Jul/2021:06:05:27 +0000] "GET /img/icon/9-hover.png HTTP/1.1" 200 2809 "http://indiatravelkart.com/" "Mozilla/5.0 (Windows NT 6.1) AppleWebKit/537.36 (KHTML, like Gecko) Chrome/92.0.4515.107 Safari/537.36"
47.9.70.113 - - [31/Jul/2021:06:05:27 +0000] "GET /img/icon/10.png HTTP/1.1" 200 2253 "http://indiatravelkart.com/" "Mozilla/5.0 (Windows NT 6.1) AppleWebKit/537.36 (KHTML, like Gecko) Chrome/92.0.4515.107 Safari/537.36"
47.9.70.113 - - [31/Jul/2021:06:05:27 +0000] "GET /img/icon/10-hover.png HTTP/1.1" 200 2343 "http://indiatravelkart.com/" "Mozilla/5.0 (Windows NT 6.1) AppleWebKit/537.36 (KHTML, like Gecko) Chrome/92.0.4515.107 Safari/537.36"
47.9.70.113 - - [31/Jul/2021:06:05:27 +0000] "GET /img/icon/11.png HTTP/1.1" 200 3182 "http://indiatravelkart.com/" "Mozilla/5.0 (Windows NT 6.1) AppleWebKit/537.36 (KHTML, like Gecko) Chrome/92.0.4515.107 Safari/537.36"
