185.191.171.14 - - [31/Jul/2021:23:35:37 +0000] "GET /robots.txt HTTP/1.1" 302 221 "-" "Mozilla/5.0 (compatible; SemrushBot/7~bl; +http://www.semrush.com/bot.html)"
185.191.171.17 - - [31/Jul/2021:23:35:38 +0000] "GET /robots.txt HTTP/1.1" 301 249 "-" "Mozilla/5.0 (compatible; SemrushBot/7~bl; +http://www.semrush.com/bot.html)"
185.191.171.17 - - [31/Jul/2021:23:35:38 +0000] "GET /robots.txt HTTP/1.1" 404 78307 "-" "Mozilla/5.0 (compatible; SemrushBot/7~bl; +http://www.semrush.com/bot.html)"
185.191.171.21 - - [31/Jul/2021:23:35:40 +0000] "GET /SrilankaTourPackage.html HTTP/1.1" 302 235 "-" "Mozilla/5.0 (compatible; SemrushBot/7~bl; +http://www.semrush.com/bot.html)"
185.191.171.11 - - [31/Jul/2021:23:35:42 +0000] "GET /SrilankaTourPackage.html HTTP/1.1" 301 263 "-" "Mozilla/5.0 (compatible; SemrushBot/7~bl; +http://www.semrush.com/bot.html)"
216.244.66.236 - - [31/Jul/2021:23:35:42 +0000] "GET /robots.txt HTTP/1.1" 404 78307 "-" "Mozilla/5.0 (compatible; DotBot/1.2; +https://opensiteexplorer.org/dotbot; help@moz.com)"
185.191.171.36 - - [31/Jul/2021:23:35:42 +0000] "GET /robots.txt HTTP/1.1" 404 78307 "-" "Mozilla/5.0 (compatible; SemrushBot/7~bl; +http://www.semrush.com/bot.html)"
185.191.171.7 - - [31/Jul/2021:23:35:44 +0000] "GET /SrilankaTourPackage.html HTTP/1.1" 200 63994 "-" "Mozilla/5.0 (compatible; SemrushBot/7~bl; +http://www.semrush.com/bot.html)"
194.127.179.142 - - [31/Jul/2021:23:41:05 +0000] "GET /index.php?option=com_media&view=images&tmpl=component&fieldid=&e_name=jform_articletext&asset=com_content&author=&folder= HTTP/1.1" 301 375 "-" "Python-urllib/2.7"
194.127.179.142 - - [31/Jul/2021:23:41:36 +0000] "GET /?option=com_media&view=images&tmpl=component&fieldid=&e_name=jform_articletext&asset=com_content&author=&folder= HTTP/1.1" 200 78405 "-" "Python-urllib/2.7"
114.119.158.125 - - [31/Jul/2021:23:55:27 +0000] "GET /galleryimg/4421637images%20(3 HTTP/1.1" 302 240 "-" "Mozilla/5.0 (Linux; Android 7.0;) AppleWebKit/537.36 (KHTML, like Gecko) Mobile Safari/537.36 (compatible; PetalBot;+https://webmaster.petalsearch.com/site/petalbot)"
114.119.158.125 - - [31/Jul/2021:23:55:27 +0000] "GET /galleryimg/4421637images%20(3 HTTP/1.1" 301 268 "-" "Mozilla/5.0 (Linux; Android 7.0;) AppleWebKit/537.36 (KHTML, like Gecko) Mobile Safari/537.36 (compatible; PetalBot;+https://webmaster.petalsearch.com/site/petalbot)"
114.119.158.125 - - [31/Jul/2021:23:55:28 +0000] "GET /galleryimg/4421637images%20(3 HTTP/1.1" 404 78326 "-" "Mozilla/5.0 (Linux; Android 7.0;) AppleWebKit/537.36 (KHTML, like Gecko) Mobile Safari/537.36 (compatible; PetalBot;+https://webmaster.petalsearch.com/site/petalbot)"
216.244.66.236 - - [31/Jul/2021:23:57:50 +0000] "GET /CORBETTTOUR.html HTTP/1.1" 200 59226 "-" "Mozilla/5.0 (compatible; DotBot/1.2; +https://opensiteexplorer.org/dotbot; help@moz.com)"
216.244.66.236 - - [01/Aug/2021:00:00:38 +0000] "GET /JammuKashmirTour.html HTTP/1.1" 200 62875 "-" "Mozilla/5.0 (compatible; DotBot/1.2; +https://opensiteexplorer.org/dotbot; help@moz.com)"
216.244.66.236 - - [01/Aug/2021:00:00:44 +0000] "GET /SrilankaHolidayTour.html HTTP/1.1" 200 66329 "-" "Mozilla/5.0 (compatible; DotBot/1.2; +https://opensiteexplorer.org/dotbot; help@moz.com)"
216.244.66.236 - - [01/Aug/2021:00:24:53 +0000] "GET /robots.txt HTTP/1.1" 404 78307 "-" "Mozilla/5.0 (compatible; DotBot/1.2; +https://opensiteexplorer.org/dotbot; help@moz.com)"
114.119.157.24 - - [01/Aug/2021:00:27:50 +0000] "GET /laddakhwithmoonvalleytour.html HTTP/1.1" 302 241 "-" "Mozilla/5.0 (Linux; Android 7.0;) AppleWebKit/537.36 (KHTML, like Gecko) Mobile Safari/537.36 (compatible; PetalBot;+https://webmaster.petalsearch.com/site/petalbot)"
114.119.157.24 - - [01/Aug/2021:00:27:50 +0000] "GET /laddakhwithmoonvalleytour.html HTTP/1.1" 301 269 "-" "Mozilla/5.0 (Linux; Android 7.0;) AppleWebKit/537.36 (KHTML, like Gecko) Mobile Safari/537.36 (compatible; PetalBot;+https://webmaster.petalsearch.com/site/petalbot)"
114.119.157.24 - - [01/Aug/2021:00:27:50 +0000] "GET /laddakhwithmoonvalleytour.html HTTP/1.1" 200 60538 "-" "Mozilla/5.0 (Linux; Android 7.0;) AppleWebKit/537.36 (KHTML, like Gecko) Mobile Safari/537.36 (compatible; PetalBot;+https://webmaster.petalsearch.com/site/petalbot)"
66.249.66.75 - - [01/Aug/2021:00:44:51 +0000] "GET /robots.txt HTTP/1.1" 302 221 "-" "Mozilla/5.0 (compatible; Googlebot/2.1; +http://www.google.com/bot.html)"
66.249.66.95 - - [01/Aug/2021:00:44:52 +0000] "GET /robots.txt HTTP/1.1" 301 249 "-" "Mozilla/5.0 (compatible; Googlebot/2.1; +http://www.google.com/bot.html)"
66.249.66.55 - - [01/Aug/2021:00:44:53 +0000] "GET /robots.txt HTTP/1.1" 404 78307 "-" "Mozilla/5.0 (compatible; Googlebot/2.1; +http://www.google.com/bot.html)"
66.249.66.76 - - [01/Aug/2021:00:44:55 +0000] "GET / HTTP/1.1" 302 211 "-" "Mozilla/5.0 (Linux; Android 6.0.1; Nexus 5X Build/MMB29P) AppleWebKit/537.36 (KHTML, like Gecko) Chrome/92.0.4515.119 Mobile Safari/537.36 (compatible; Googlebot/2.1; +http://www.google.com/bot.html)"
66.249.66.95 - - [01/Aug/2021:00:44:56 +0000] "GET / HTTP/1.1" 200 78293 "-" "Mozilla/5.0 (Linux; Android 6.0.1; Nexus 5X Build/MMB29P) AppleWebKit/537.36 (KHTML, like Gecko) Chrome/92.0.4515.119 Mobile Safari/537.36 (compatible; Googlebot/2.1; +http://www.google.com/bot.html)"
66.249.66.95 - - [01/Aug/2021:00:45:00 +0000] "GET /css/font-awesome.min.css HTTP/1.1" 200 27490 "http://indiatravelkart.com/" "Mozilla/5.0 (Linux; Android 6.0.1; Nexus 5X Build/MMB29P) AppleWebKit/537.36 (KHTML, like Gecko) Chrome/91.0.4472.90 Mobile Safari/537.36 (compatible; Googlebot/2.1; +http://www.google.com/bot.html)"
66.249.66.67 - - [01/Aug/2021:00:45:03 +0000] "GET /css/jquery-ui.css HTTP/1.1" 200 35228 "http://indiatravelkart.com/" "Mozilla/5.0 (Linux; Android 6.0.1; Nexus 5X Build/MMB29P) AppleWebKit/537.36 (KHTML, like Gecko) Chrome/91.0.4472.90 Mobile Safari/537.36 (compatible; Googlebot/2.1; +http://www.google.com/bot.html)"
66.249.66.95 - - [01/Aug/2021:00:45:05 +0000] "GET /style.css HTTP/1.1" 200 115813 "http://indiatravelkart.com/" "Mozilla/5.0 (Linux; Android 6.0.1; Nexus 5X Build/MMB29P) AppleWebKit/537.36 (KHTML, like Gecko) Chrome/91.0.4472.90 Mobile Safari/537.36 (compatible; Googlebot/2.1; +http://www.google.com/bot.html)"
66.249.66.95 - - [01/Aug/2021:00:45:06 +0000] "GET /css/owl.carousel.css HTTP/1.1" 200 7603 "http://indiatravelkart.com/" "Mozilla/5.0 (Linux; Android 6.0.1; Nexus 5X Build/MMB29P) AppleWebKit/537.36 (KHTML, like Gecko) Chrome/91.0.4472.90 Mobile Safari/537.36 (compatible; Googlebot/2.1; +http://www.google.com/bot.html)"
66.249.66.65 - - [01/Aug/2021:00:45:08 +0000] "GET /css/animate.css HTTP/1.1" 200 70824 "http://indiatravelkart.com/" "Mozilla/5.0 (Linux; Android 6.0.1; Nexus 5X Build/MMB29P) AppleWebKit/537.36 (KHTML, like Gecko) Chrome/91.0.4472.90 Mobile Safari/537.36 (compatible; Googlebot/2.1; +http://www.google.com/bot.html)"
66.249.66.95 - - [01/Aug/2021:00:45:09 +0000] "GET /lib/nivo-slider/css/preview.css HTTP/1.1" 200 5624 "http://indiatravelkart.com/" "Mozilla/5.0 (Linux; Android 6.0.1; Nexus 5X Build/MMB29P) AppleWebKit/537.36 (KHTML, like Gecko) Chrome/91.0.4472.90 Mobile Safari/537.36 (compatible; Googlebot/2.1; +http://www.google.com/bot.html)"
66.249.66.95 - - [01/Aug/2021:00:45:12 +0000] "GET /css/bootstrap.min.css HTTP/1.1" 200 138183 "http://indiatravelkart.com/" "Mozilla/5.0 (Linux; Android 6.0.1; Nexus 5X Build/MMB29P) AppleWebKit/537.36 (KHTML, like Gecko) Chrome/91.0.4472.90 Mobile Safari/537.36 (compatible; Googlebot/2.1; +http://www.google.com/bot.html)"
66.249.66.95 - - [01/Aug/2021:00:45:14 +0000] "GET /js/bootstrap.min.js HTTP/1.1" 200 36868 "http://indiatravelkart.com/" "Mozilla/5.0 (Linux; Android 6.0.1; Nexus 5X Build/MMB29P) AppleWebKit/537.36 (KHTML, like Gecko) Chrome/91.0.4472.90 Mobile Safari/537.36 (compatible; Googlebot/2.1; +http://www.google.com/bot.html)"
66.249.66.95 - - [01/Aug/2021:00:45:16 +0000] "GET /js/vendor/jquery-1.11.3.min.js HTTP/1.1" 200 95992 "http://indiatravelkart.com/" "Mozilla/5.0 (Linux; Android 6.0.1; Nexus 5X Build/MMB29P) AppleWebKit/537.36 (KHTML, like Gecko) Chrome/91.0.4472.90 Mobile Safari/537.36 (compatible; Googlebot/2.1; +http://www.google.com/bot.html)"
66.249.66.95 - - [01/Aug/2021:00:45:18 +0000] "GET /lib/nivo-slider/js/jquery.nivo.slider.js HTTP/1.1" 200 29113 "http://indiatravelkart.com/" "Mozilla/5.0 (Linux; Android 6.0.1; Nexus 5X Build/MMB29P) AppleWebKit/537.36 (KHTML, like Gecko) Chrome/91.0.4472.90 Mobile Safari/537.36 (compatible; Googlebot/2.1; +http://www.google.com/bot.html)"
66.249.66.95 - - [01/Aug/2021:00:45:20 +0000] "GET /lib/nivo-slider/home.js HTTP/1.1" 200 724 "http://indiatravelkart.com/" "Mozilla/5.0 (Linux; Android 6.0.1; Nexus 5X Build/MMB29P) AppleWebKit/537.36 (KHTML, like Gecko) Chrome/91.0.4472.90 Mobile Safari/537.36 (compatible; Googlebot/2.1; +http://www.google.com/bot.html)"
66.249.66.95 - - [01/Aug/2021:00:45:23 +0000] "GET /js/wow.min.js HTTP/1.1" 200 8426 "http://indiatravelkart.com/" "Mozilla/5.0 (Linux; Android 6.0.1; Nexus 5X Build/MMB29P) AppleWebKit/537.36 (KHTML, like Gecko) Chrome/91.0.4472.90 Mobile Safari/537.36 (compatible; Googlebot/2.1; +http://www.google.com/bot.html)"
66.249.66.95 - - [01/Aug/2021:00:45:25 +0000] "GET /js/jquery.meanmenu.js HTTP/1.1" 200 11467 "http://indiatravelkart.com/" "Mozilla/5.0 (Linux; Android 6.0.1; Nexus 5X Build/MMB29P) AppleWebKit/537.36 (KHTML, like Gecko) Chrome/91.0.4472.90 Mobile Safari/537.36 (compatible; Googlebot/2.1; +http://www.google.com/bot.html)"
66.249.66.95 - - [01/Aug/2021:00:45:27 +0000] "GET /js/owl.carousel.min.js HTTP/1.1" 200 23890 "http://indiatravelkart.com/" "Mozilla/5.0 (Linux; Android 6.0.1; Nexus 5X Build/MMB29P) AppleWebKit/537.36 (KHTML, like Gecko) Chrome/91.0.4472.90 Mobile Safari/537.36 (compatible; Googlebot/2.1; +http://www.google.com/bot.html)"
66.249.66.95 - - [01/Aug/2021:00:45:29 +0000] "GET /js/jquery-price-slider.js HTTP/1.1" 200 24017 "http://indiatravelkart.com/" "Mozilla/5.0 (Linux; Android 6.0.1; Nexus 5X Build/MMB29P) AppleWebKit/537.36 (KHTML, like Gecko) Chrome/91.0.4472.90 Mobile Safari/537.36 (compatible; Googlebot/2.1; +http://www.google.com/bot.html)"
66.249.66.95 - - [01/Aug/2021:00:45:31 +0000] "GET /js/jquery.scrollUp.min.js HTTP/1.1" 200 2035 "http://indiatravelkart.com/" "Mozilla/5.0 (Linux; Android 6.0.1; Nexus 5X Build/MMB29P) AppleWebKit/537.36 (KHTML, like Gecko) Chrome/91.0.4472.90 Mobile Safari/537.36 (compatible; Googlebot/2.1; +http://www.google.com/bot.html)"
66.249.66.95 - - [01/Aug/2021:00:45:35 +0000] "GET /js/waypoints.min.js HTTP/1.1" 200 8044 "http://indiatravelkart.com/" "Mozilla/5.0 (Linux; Android 6.0.1; Nexus 5X Build/MMB29P) AppleWebKit/537.36 (KHTML, like Gecko) Chrome/91.0.4472.90 Mobile Safari/537.36 (compatible; Googlebot/2.1; +http://www.google.com/bot.html)"
66.249.66.95 - - [01/Aug/2021:00:45:37 +0000] "GET /js/jquery.counterup.min.js HTTP/1.1" 200 1067 "http://indiatravelkart.com/" "Mozilla/5.0 (Linux; Android 6.0.1; Nexus 5X Build/MMB29P) AppleWebKit/537.36 (KHTML, like Gecko) Chrome/91.0.4472.90 Mobile Safari/537.36 (compatible; Googlebot/2.1; +http://www.google.com/bot.html)"
66.249.66.95 - - [01/Aug/2021:00:45:39 +0000] "GET /js/plugins.js HTTP/1.1" 200 760 "http://indiatravelkart.com/" "Mozilla/5.0 (Linux; Android 6.0.1; Nexus 5X Build/MMB29P) AppleWebKit/537.36 (KHTML, like Gecko) Chrome/91.0.4472.90 Mobile Safari/537.36 (compatible; Googlebot/2.1; +http://www.google.com/bot.html)"
66.249.66.95 - - [01/Aug/2021:00:45:41 +0000] "GET /js/main.js HTTP/1.1" 200 2518 "http://indiatravelkart.com/" "Mozilla/5.0 (Linux; Android 6.0.1; Nexus 5X Build/MMB29P) AppleWebKit/537.36 (KHTML, like Gecko) Chrome/91.0.4472.90 Mobile Safari/537.36 (compatible; Googlebot/2.1; +http://www.google.com/bot.html)"
216.244.66.236 - - [01/Aug/2021:00:49:37 +0000] "GET /BeautifulUttaranchalTour.html HTTP/1.1" 200 61238 "-" "Mozilla/5.0 (compatible; DotBot/1.2; +https://opensiteexplorer.org/dotbot; help@moz.com)"
216.244.66.236 - - [01/Aug/2021:00:49:44 +0000] "GET /KualaLumpur&PenangTour.html HTTP/1.1" 200 56925 "-" "Mozilla/5.0 (compatible; DotBot/1.2; +https://opensiteexplorer.org/dotbot; help@moz.com)"
216.244.66.236 - - [01/Aug/2021:00:49:50 +0000] "GET /SWEETMEMORYOFKHANGCHENDZONGHA.html HTTP/1.1" 200 61705 "-" "Mozilla/5.0 (compatible; DotBot/1.2; +https://opensiteexplorer.org/dotbot; help@moz.com)"
185.191.171.15 - - [01/Aug/2021:00:51:28 +0000] "GET /robots.txt HTTP/1.1" 302 221 "-" "Mozilla/5.0 (compatible; SemrushBot/7~bl; +http://www.semrush.com/bot.html)"
185.191.171.5 - - [01/Aug/2021:00:51:29 +0000] "GET /robots.txt HTTP/1.1" 301 249 "-" "Mozilla/5.0 (compatible; SemrushBot/7~bl; +http://www.semrush.com/bot.html)"
185.191.171.15 - - [01/Aug/2021:00:51:29 +0000] "GET /robots.txt HTTP/1.1" 404 78307 "-" "Mozilla/5.0 (compatible; SemrushBot/7~bl; +http://www.semrush.com/bot.html)"
185.191.171.25 - - [01/Aug/2021:00:51:31 +0000] "GET /index.php HTTP/1.1" 302 220 "-" "Mozilla/5.0 (compatible; SemrushBot/7~bl; +http://www.semrush.com/bot.html)"
185.191.171.41 - - [01/Aug/2021:00:51:32 +0000] "GET /index.php HTTP/1.1" 301 235 "-" "Mozilla/5.0 (compatible; SemrushBot/7~bl; +http://www.semrush.com/bot.html)"
185.191.171.25 - - [01/Aug/2021:00:51:34 +0000] "GET / HTTP/1.1" 200 78293 "-" "Mozilla/5.0 (compatible; SemrushBot/7~bl; +http://www.semrush.com/bot.html)"
66.249.66.74 - - [01/Aug/2021:00:54:06 +0000] "GET / HTTP/1.1" 302 211 "-" "Mozilla/5.0 (Linux; Android 6.0.1; Nexus 5X Build/MMB29P) AppleWebKit/537.36 (KHTML, like Gecko) Chrome/92.0.4515.119 Mobile Safari/537.36 (compatible; Googlebot/2.1; +http://www.google.com/bot.html)"
114.119.159.183 - - [01/Aug/2021:01:02:32 +0000] "GET /DubaiTourPackage.html HTTP/1.1" 302 232 "-" "Mozilla/5.0 (Linux; Android 7.0;) AppleWebKit/537.36 (KHTML, like Gecko) Mobile Safari/537.36 (compatible; PetalBot;+https://webmaster.petalsearch.com/site/petalbot)"
114.119.159.183 - - [01/Aug/2021:01:02:32 +0000] "GET /DubaiTourPackage.html HTTP/1.1" 301 260 "-" "Mozilla/5.0 (Linux; Android 7.0;) AppleWebKit/537.36 (KHTML, like Gecko) Mobile Safari/537.36 (compatible; PetalBot;+https://webmaster.petalsearch.com/site/petalbot)"
114.119.159.183 - - [01/Aug/2021:01:02:33 +0000] "GET /DubaiTourPackage.html HTTP/1.1" 200 59557 "-" "Mozilla/5.0 (Linux; Android 7.0;) AppleWebKit/537.36 (KHTML, like Gecko) Mobile Safari/537.36 (compatible; PetalBot;+https://webmaster.petalsearch.com/site/petalbot)"
66.249.66.74 - - [01/Aug/2021:01:03:21 +0000] "GET / HTTP/1.1" 302 211 "-" "Mozilla/5.0 (compatible; Googlebot/2.1; +http://www.google.com/bot.html)"
66.249.66.95 - - [01/Aug/2021:01:03:22 +0000] "GET / HTTP/1.1" 200 78293 "-" "Mozilla/5.0 (compatible; Googlebot/2.1; +http://www.google.com/bot.html)"
66.249.66.65 - - [01/Aug/2021:01:03:26 +0000] "GET /css/jquery-ui.css HTTP/1.1" 200 35228 "http://indiatravelkart.com/" "Mozilla/5.0 AppleWebKit/537.36 (KHTML, like Gecko; compatible; Googlebot/2.1; +http://www.google.com/bot.html) Chrome/91.0.4472.90 Safari/537.36"
66.249.66.65 - - [01/Aug/2021:01:03:27 +0000] "GET /css/bootstrap.min.css HTTP/1.1" 200 138183 "http://indiatravelkart.com/" "Mozilla/5.0 AppleWebKit/537.36 (KHTML, like Gecko; compatible; Googlebot/2.1; +http://www.google.com/bot.html) Chrome/91.0.4472.90 Safari/537.36"
66.249.66.95 - - [01/Aug/2021:01:03:29 +0000] "GET /lib/nivo-slider/css/preview.css HTTP/1.1" 200 5624 "http://indiatravelkart.com/" "Mozilla/5.0 AppleWebKit/537.36 (KHTML, like Gecko; compatible; Googlebot/2.1; +http://www.google.com/bot.html) Chrome/91.0.4472.90 Safari/537.36"
66.249.66.95 - - [01/Aug/2021:01:03:29 +0000] "GET /css/animate.css HTTP/1.1" 200 70824 "http://indiatravelkart.com/" "Mozilla/5.0 AppleWebKit/537.36 (KHTML, like Gecko; compatible; Googlebot/2.1; +http://www.google.com/bot.html) Chrome/91.0.4472.90 Safari/537.36"
66.249.66.95 - - [01/Aug/2021:01:03:30 +0000] "GET /js/vendor/modernizr-2.8.3.min.js HTTP/1.1" 200 15514 "http://indiatravelkart.com/" "Mozilla/5.0 AppleWebKit/537.36 (KHTML, like Gecko; compatible; Googlebot/2.1; +http://www.google.com/bot.html) Chrome/91.0.4472.90 Safari/537.36"
66.249.66.95 - - [01/Aug/2021:01:03:31 +0000] "GET /style.css HTTP/1.1" 200 115813 "http://indiatravelkart.com/" "Mozilla/5.0 AppleWebKit/537.36 (KHTML, like Gecko; compatible; Googlebot/2.1; +http://www.google.com/bot.html) Chrome/91.0.4472.90 Safari/537.36"
66.249.66.95 - - [01/Aug/2021:01:03:32 +0000] "GET /scripts/gen_validatorv4.js HTTP/1.1" 200 32085 "http://indiatravelkart.com/" "Mozilla/5.0 AppleWebKit/537.36 (KHTML, like Gecko; compatible; Googlebot/2.1; +http://www.google.com/bot.html) Chrome/91.0.4472.90 Safari/537.36"
66.249.66.95 - - [01/Aug/2021:01:03:34 +0000] "GET /css/owl.carousel.css HTTP/1.1" 200 7603 "http://indiatravelkart.com/" "Mozilla/5.0 AppleWebKit/537.36 (KHTML, like Gecko; compatible; Googlebot/2.1; +http://www.google.com/bot.html) Chrome/91.0.4472.90 Safari/537.36"
66.249.66.95 - - [01/Aug/2021:01:03:35 +0000] "GET /lib/nivo-slider/css/nivo-slider.css HTTP/1.1" 200 8098 "http://indiatravelkart.com/" "Mozilla/5.0 AppleWebKit/537.36 (KHTML, like Gecko; compatible; Googlebot/2.1; +http://www.google.com/bot.html) Chrome/91.0.4472.90 Safari/537.36"
66.249.66.95 - - [01/Aug/2021:01:03:36 +0000] "GET /css/meanmenu.min.css HTTP/1.1" 200 2732 "http://indiatravelkart.com/" "Mozilla/5.0 AppleWebKit/537.36 (KHTML, like Gecko; compatible; Googlebot/2.1; +http://www.google.com/bot.html) Chrome/91.0.4472.90 Safari/537.36"
66.249.66.95 - - [01/Aug/2021:01:03:37 +0000] "GET /css/font-awesome.min.css HTTP/1.1" 200 27490 "http://indiatravelkart.com/" "Mozilla/5.0 AppleWebKit/537.36 (KHTML, like Gecko; compatible; Googlebot/2.1; +http://www.google.com/bot.html) Chrome/91.0.4472.90 Safari/537.36"
66.249.66.95 - - [01/Aug/2021:01:03:38 +0000] "GET /css/responsive.css HTTP/1.1" 200 27655 "http://indiatravelkart.com/" "Mozilla/5.0 AppleWebKit/537.36 (KHTML, like Gecko; compatible; Googlebot/2.1; +http://www.google.com/bot.html) Chrome/91.0.4472.90 Safari/537.36"
66.249.66.95 - - [01/Aug/2021:01:03:38 +0000] "GET /js/vendor/jquery-1.11.3.min.js HTTP/1.1" 200 95992 "http://indiatravelkart.com/" "Mozilla/5.0 AppleWebKit/537.36 (KHTML, like Gecko; compatible; Googlebot/2.1; +http://www.google.com/bot.html) Chrome/91.0.4472.90 Safari/537.36"
66.249.66.95 - - [01/Aug/2021:01:03:40 +0000] "GET /js/bootstrap.min.js HTTP/1.1" 200 36868 "http://indiatravelkart.com/" "Mozilla/5.0 AppleWebKit/537.36 (KHTML, like Gecko; compatible; Googlebot/2.1; +http://www.google.com/bot.html) Chrome/91.0.4472.90 Safari/537.36"
66.249.66.95 - - [01/Aug/2021:01:03:41 +0000] "GET /lib/nivo-slider/js/jquery.nivo.slider.js HTTP/1.1" 200 29113 "http://indiatravelkart.com/" "Mozilla/5.0 AppleWebKit/537.36 (KHTML, like Gecko; compatible; Googlebot/2.1; +http://www.google.com/bot.html) Chrome/91.0.4472.90 Safari/537.36"
66.249.66.95 - - [01/Aug/2021:01:03:42 +0000] "GET /js/wow.min.js HTTP/1.1" 200 8426 "http://indiatravelkart.com/" "Mozilla/5.0 AppleWebKit/537.36 (KHTML, like Gecko; compatible; Googlebot/2.1; +http://www.google.com/bot.html) Chrome/91.0.4472.90 Safari/537.36"
66.249.66.95 - - [01/Aug/2021:01:03:43 +0000] "GET /js/jquery.meanmenu.js HTTP/1.1" 200 11467 "http://indiatravelkart.com/" "Mozilla/5.0 AppleWebKit/537.36 (KHTML, like Gecko; compatible; Googlebot/2.1; +http://www.google.com/bot.html) Chrome/91.0.4472.90 Safari/537.36"
66.249.66.95 - - [01/Aug/2021:01:03:45 +0000] "GET /js/waypoints.min.js HTTP/1.1" 200 8044 "http://indiatravelkart.com/" "Mozilla/5.0 AppleWebKit/537.36 (KHTML, like Gecko; compatible; Googlebot/2.1; +http://www.google.com/bot.html) Chrome/91.0.4472.90 Safari/537.36"
66.249.66.95 - - [01/Aug/2021:01:03:46 +0000] "GET /js/plugins.js HTTP/1.1" 200 760 "http://indiatravelkart.com/" "Mozilla/5.0 AppleWebKit/537.36 (KHTML, like Gecko; compatible; Googlebot/2.1; +http://www.google.com/bot.html) Chrome/91.0.4472.90 Safari/537.36"
66.249.66.95 - - [01/Aug/2021:01:03:47 +0000] "GET /js/owl.carousel.min.js HTTP/1.1" 200 23890 "http://indiatravelkart.com/" "Mozilla/5.0 AppleWebKit/537.36 (KHTML, like Gecko; compatible; Googlebot/2.1; +http://www.google.com/bot.html) Chrome/91.0.4472.90 Safari/537.36"
66.249.66.95 - - [01/Aug/2021:01:03:47 +0000] "GET /js/jquery.scrollUp.min.js HTTP/1.1" 200 2035 "http://indiatravelkart.com/" "Mozilla/5.0 AppleWebKit/537.36 (KHTML, like Gecko; compatible; Googlebot/2.1; +http://www.google.com/bot.html) Chrome/91.0.4472.90 Safari/537.36"
66.249.66.95 - - [01/Aug/2021:01:03:48 +0000] "GET /js/main.js HTTP/1.1" 200 2518 "http://indiatravelkart.com/" "Mozilla/5.0 AppleWebKit/537.36 (KHTML, like Gecko; compatible; Googlebot/2.1; +http://www.google.com/bot.html) Chrome/91.0.4472.90 Safari/537.36"
66.249.66.95 - - [01/Aug/2021:01:03:49 +0000] "GET /js/jquery.counterup.min.js HTTP/1.1" 200 1067 "http://indiatravelkart.com/" "Mozilla/5.0 AppleWebKit/537.36 (KHTML, like Gecko; compatible; Googlebot/2.1; +http://www.google.com/bot.html) Chrome/91.0.4472.90 Safari/537.36"
216.244.66.236 - - [01/Aug/2021:01:14:25 +0000] "GET /robots.txt HTTP/1.1" 404 78307 "-" "Mozilla/5.0 (compatible; DotBot/1.2; +https://opensiteexplorer.org/dotbot; help@moz.com)"
216.244.66.236 - - [01/Aug/2021:01:39:54 +0000] "GET /hill-station-tour-packages.php HTTP/1.1" 200 53993 "-" "Mozilla/5.0 (compatible; DotBot/1.2; +https://opensiteexplorer.org/dotbot; help@moz.com)"
185.191.171.16 - - [01/Aug/2021:01:44:09 +0000] "GET /robots.txt HTTP/1.1" 404 78307 "-" "Mozilla/5.0 (compatible; SemrushBot/7~bl; +http://www.semrush.com/bot.html)"
185.191.171.39 - - [01/Aug/2021:01:44:10 +0000] "GET /SrilankaTourPackage.html HTTP/1.1" 200 63994 "-" "Mozilla/5.0 (compatible; SemrushBot/7~bl; +http://www.semrush.com/bot.html)"
35.223.25.142 - - [01/Aug/2021:01:48:56 +0000] "GET / HTTP/1.1" 200 78293 "-" "-"
118.184.177.76 - - [01/Aug/2021:01:58:58 +0000] "GET / HTTP/1.1" 200 78293 "-" "Sogou web spider/4.0(+http://www.sogou.com/docs/help/webmasters.htm#07)"
185.191.171.39 - - [01/Aug/2021:02:04:40 +0000] "GET /robots.txt HTTP/1.1" 302 221 "-" "Mozilla/5.0 (compatible; SemrushBot/7~bl; +http://www.semrush.com/bot.html)"
185.191.171.13 - - [01/Aug/2021:02:04:40 +0000] "GET /robots.txt HTTP/1.1" 301 249 "-" "Mozilla/5.0 (compatible; SemrushBot/7~bl; +http://www.semrush.com/bot.html)"
185.191.171.3 - - [01/Aug/2021:02:04:41 +0000] "GET /robots.txt HTTP/1.1" 404 78307 "-" "Mozilla/5.0 (compatible; SemrushBot/7~bl; +http://www.semrush.com/bot.html)"
185.191.171.35 - - [01/Aug/2021:02:04:42 +0000] "GET /tour-package.php?id=16 HTTP/1.1" 302 233 "-" "Mozilla/5.0 (compatible; SemrushBot/7~bl; +http://www.semrush.com/bot.html)"
185.191.171.41 - - [01/Aug/2021:02:04:44 +0000] "GET /tour-package.php?id=16 HTTP/1.1" 200 65697 "-" "Mozilla/5.0 (compatible; SemrushBot/7~bl; +http://www.semrush.com/bot.html)"
49.7.20.91 - - [01/Aug/2021:02:34:49 +0000] "GET / HTTP/1.1" 200 78293 "-" "Sogou web spider/4.0(+http://www.sogou.com/docs/help/webmasters.htm#07)"
216.244.66.236 - - [01/Aug/2021:02:56:46 +0000] "GET /robots.txt HTTP/1.1" 404 78307 "-" "Mozilla/5.0 (compatible; DotBot/1.2; +https://opensiteexplorer.org/dotbot; help@moz.com)"
74.125.209.62 - - [01/Aug/2021:02:56:52 +0000] "GET /wp-content/themes/twentyfifteen-child/images/itk_logo.png HTTP/1.1" 301 296 "-" "Mozilla/5.0 (Windows NT 5.1; rv:11.0) Gecko Firefox/11.0 (via ggpht.com GoogleImageProxy)"
74.125.209.27 - - [01/Aug/2021:02:56:52 +0000] "GET /wp-content/themes/twentyfifteen-child/images/itk_logo.png HTTP/1.1" 404 78354 "-" "Mozilla/5.0 (Windows NT 5.1; rv:11.0) Gecko Firefox/11.0 (via ggpht.com GoogleImageProxy)"
74.125.209.60 - - [01/Aug/2021:02:56:54 +0000] "GET /wp-content/themes/twentyfifteen-child/images/itk_logo.png HTTP/1.1" 301 296 "-" "Mozilla/5.0 (Windows NT 5.1; rv:11.0) Gecko Firefox/11.0 (via ggpht.com GoogleImageProxy)"
74.125.209.25 - - [01/Aug/2021:02:56:54 +0000] "GET /wp-content/themes/twentyfifteen-child/images/itk_logo.png HTTP/1.1" 404 78354 "-" "Mozilla/5.0 (Windows NT 5.1; rv:11.0) Gecko Firefox/11.0 (via ggpht.com GoogleImageProxy)"
74.125.209.58 - - [01/Aug/2021:03:01:06 +0000] "GET /wp-content/themes/twentyfifteen-child/images/itk_logo.png HTTP/1.1" 301 296 "-" "Mozilla/5.0 (Windows NT 5.1; rv:11.0) Gecko Firefox/11.0 (via ggpht.com GoogleImageProxy)"
74.125.209.25 - - [01/Aug/2021:03:01:06 +0000] "GET /wp-content/themes/twentyfifteen-child/images/itk_logo.png HTTP/1.1" 404 78354 "-" "Mozilla/5.0 (Windows NT 5.1; rv:11.0) Gecko Firefox/11.0 (via ggpht.com GoogleImageProxy)"
74.125.209.60 - - [01/Aug/2021:03:01:07 +0000] "GET /wp-content/themes/twentyfifteen-child/images/itk_logo.png HTTP/1.1" 301 296 "-" "Mozilla/5.0 (Windows NT 5.1; rv:11.0) Gecko Firefox/11.0 (via ggpht.com GoogleImageProxy)"
74.125.209.25 - - [01/Aug/2021:03:01:08 +0000] "GET /wp-content/themes/twentyfifteen-child/images/itk_logo.png HTTP/1.1" 404 78354 "-" "Mozilla/5.0 (Windows NT 5.1; rv:11.0) Gecko Firefox/11.0 (via ggpht.com GoogleImageProxy)"
74.125.209.60 - - [01/Aug/2021:03:01:14 +0000] "GET /wp-content/themes/twentyfifteen-child/images/itk_logo.png HTTP/1.1" 301 296 "-" "Mozilla/5.0 (Windows NT 5.1; rv:11.0) Gecko Firefox/11.0 (via ggpht.com GoogleImageProxy)"
74.125.209.23 - - [01/Aug/2021:03:01:15 +0000] "GET /wp-content/themes/twentyfifteen-child/images/itk_logo.png HTTP/1.1" 404 78354 "-" "Mozilla/5.0 (Windows NT 5.1; rv:11.0) Gecko Firefox/11.0 (via ggpht.com GoogleImageProxy)"
74.125.209.60 - - [01/Aug/2021:03:01:16 +0000] "GET /wp-content/themes/twentyfifteen-child/images/itk_logo.png HTTP/1.1" 301 296 "-" "Mozilla/5.0 (Windows NT 5.1; rv:11.0) Gecko Firefox/11.0 (via ggpht.com GoogleImageProxy)"
74.125.209.27 - - [01/Aug/2021:03:01:16 +0000] "GET /wp-content/themes/twentyfifteen-child/images/itk_logo.png HTTP/1.1" 404 78354 "-" "Mozilla/5.0 (Windows NT 5.1; rv:11.0) Gecko Firefox/11.0 (via ggpht.com GoogleImageProxy)"
74.125.209.60 - - [01/Aug/2021:03:02:24 +0000] "GET /wp-content/themes/twentyfifteen-child/images/itk_logo.png HTTP/1.1" 301 296 "-" "Mozilla/5.0 (Windows NT 5.1; rv:11.0) Gecko Firefox/11.0 (via ggpht.com GoogleImageProxy)"
74.125.209.27 - - [01/Aug/2021:03:02:25 +0000] "GET /wp-content/themes/twentyfifteen-child/images/itk_logo.png HTTP/1.1" 404 78354 "-" "Mozilla/5.0 (Windows NT 5.1; rv:11.0) Gecko Firefox/11.0 (via ggpht.com GoogleImageProxy)"
66.249.66.59 - - [01/Aug/2021:03:04:17 +0000] "GET /robots.txt HTTP/1.1" 404 78307 "-" "Mozilla/5.0 (compatible; Googlebot/2.1; +http://www.google.com/bot.html)"
66.249.66.59 - - [01/Aug/2021:03:04:18 +0000] "GET /NainitalTour.html HTTP/1.1" 200 58923 "-" "Mozilla/5.0 (compatible; Googlebot/2.1; +http://www.google.com/bot.html)"
185.191.171.17 - - [01/Aug/2021:03:04:51 +0000] "GET /robots.txt HTTP/1.1" 404 78307 "-" "Mozilla/5.0 (compatible; SemrushBot/7~bl; +http://www.semrush.com/bot.html)"
185.191.171.15 - - [01/Aug/2021:03:04:52 +0000] "GET /ManaliCarTourPackage.html HTTP/1.1" 200 58008 "-" "Mozilla/5.0 (compatible; SemrushBot/7~bl; +http://www.semrush.com/bot.html)"
104.254.92.188 - - [01/Aug/2021:03:17:02 +0000] "GET /contact.php HTTP/1.1" 302 222 "-" "Mozilla/5.0 (Macintosh; Intel Mac OS X 10_13_4) AppleWebKit/537.36 (KHTML, like Gecko) Chrome/61.0.3163.79 Safari/537.36"
104.254.92.188 - - [01/Aug/2021:03:17:02 +0000] "GET /contact.php HTTP/1.1" 200 57552 "-" "Mozilla/5.0 (Macintosh; Intel Mac OS X 10_13_4) AppleWebKit/537.36 (KHTML, like Gecko) Chrome/61.0.3163.79 Safari/537.36"
216.244.66.236 - - [01/Aug/2021:03:21:45 +0000] "GET /AmazingBhutan.html HTTP/1.1" 200 64929 "-" "Mozilla/5.0 (compatible; DotBot/1.2; +https://opensiteexplorer.org/dotbot; help@moz.com)"
192.99.18.122 - - [01/Aug/2021:04:09:07 +0000] "GET / HTTP/1.1" 302 211 "https://www.google.com" "Mozilla/5.0 (X11; Ubuntu; Linux x86_64; rv:72.0) Gecko/20100101 Firefox/72.0"
192.99.18.122 - - [01/Aug/2021:04:09:13 +0000] "GET / HTTP/1.1" 200 78293 "https://www.google.com" "Mozilla/5.0 (X11; Ubuntu; Linux x86_64; rv:72.0) Gecko/20100101 Firefox/72.0"
192.99.18.122 - - [01/Aug/2021:04:09:14 +0000] "GET /tour-package.php?id=19 HTTP/1.1" 200 65720 "https://www.google.com" "Mozilla/5.0 (X11; Ubuntu; Linux x86_64; rv:72.0) Gecko/20100101 Firefox/72.0"
192.99.18.122 - - [01/Aug/2021:04:09:14 +0000] "GET /tour-package.php?id=1 HTTP/1.1" 200 65712 "https://www.google.com" "Mozilla/5.0 (X11; Ubuntu; Linux x86_64; rv:72.0) Gecko/20100101 Firefox/72.0"
192.99.18.122 - - [01/Aug/2021:04:09:14 +0000] "GET /tour-package.php?id=28 HTTP/1.1" 200 65751 "https://www.google.com" "Mozilla/5.0 (X11; Ubuntu; Linux x86_64; rv:72.0) Gecko/20100101 Firefox/72.0"
192.99.18.122 - - [01/Aug/2021:04:09:14 +0000] "GET /tour-package.php?id=17 HTTP/1.1" 200 61812 "https://www.google.com" "Mozilla/5.0 (X11; Ubuntu; Linux x86_64; rv:72.0) Gecko/20100101 Firefox/72.0"
192.99.18.122 - - [01/Aug/2021:04:09:15 +0000] "GET /tour-package.php?id=20 HTTP/1.1" 200 58920 "https://www.google.com" "Mozilla/5.0 (X11; Ubuntu; Linux x86_64; rv:72.0) Gecko/20100101 Firefox/72.0"
192.99.18.122 - - [01/Aug/2021:04:09:15 +0000] "GET /tour-package.php?id=21 HTTP/1.1" 200 57872 "https://www.google.com" "Mozilla/5.0 (X11; Ubuntu; Linux x86_64; rv:72.0) Gecko/20100101 Firefox/72.0"
192.99.18.122 - - [01/Aug/2021:04:09:15 +0000] "GET /tour-package.php?id=22 HTTP/1.1" 200 58102 "https://www.google.com" "Mozilla/5.0 (X11; Ubuntu; Linux x86_64; rv:72.0) Gecko/20100101 Firefox/72.0"
192.99.18.122 - - [01/Aug/2021:04:09:16 +0000] "GET /tour-package.php?id=23 HTTP/1.1" 200 57946 "https://www.google.com" "Mozilla/5.0 (X11; Ubuntu; Linux x86_64; rv:72.0) Gecko/20100101 Firefox/72.0"
192.99.18.122 - - [01/Aug/2021:04:09:16 +0000] "GET /tour-package.php?id=24 HTTP/1.1" 200 57948 "https://www.google.com" "Mozilla/5.0 (X11; Ubuntu; Linux x86_64; rv:72.0) Gecko/20100101 Firefox/72.0"
192.99.18.122 - - [01/Aug/2021:04:09:16 +0000] "GET /tour-package.php?id=25 HTTP/1.1" 200 58055 "https://www.google.com" "Mozilla/5.0 (X11; Ubuntu; Linux x86_64; rv:72.0) Gecko/20100101 Firefox/72.0"
35.227.123.68 - - [01/Aug/2021:04:12:34 +0000] "GET /robots.txt HTTP/1.0" 302 221 "-" "ZoominfoBot (zoominfobot at zoominfo dot com)"
35.227.123.68 - - [01/Aug/2021:04:12:35 +0000] "GET /robots.txt HTTP/1.1" 301 249 "-" "ZoominfoBot (zoominfobot at zoominfo dot com)"
35.227.123.68 - - [01/Aug/2021:04:12:35 +0000] "GET /robots.txt HTTP/1.1" 404 78307 "-" "ZoominfoBot (zoominfobot at zoominfo dot com)"
35.227.123.68 - - [01/Aug/2021:04:12:38 +0000] "GET /tour-package.php?id=22 HTTP/1.0" 302 233 "-" "ZoominfoBot (zoominfobot at zoominfo dot com)"
35.227.123.68 - - [01/Aug/2021:04:12:38 +0000] "GET /robots.txt HTTP/1.0" 301 249 "-" "ZoominfoBot (zoominfobot at zoominfo dot com)"
35.227.123.68 - - [01/Aug/2021:04:12:38 +0000] "GET /robots.txt HTTP/1.1" 404 78307 "-" "ZoominfoBot (zoominfobot at zoominfo dot com)"
35.227.123.68 - - [01/Aug/2021:04:12:40 +0000] "GET /pagecontents.php?url=Privacy-Policy HTTP/1.0" 302 246 "-" "ZoominfoBot (zoominfobot at zoominfo dot com)"
35.227.123.68 - - [01/Aug/2021:04:12:41 +0000] "GET /robots.txt HTTP/1.0" 301 249 "-" "ZoominfoBot (zoominfobot at zoominfo dot com)"
35.227.123.68 - - [01/Aug/2021:04:12:41 +0000] "GET /robots.txt HTTP/1.1" 404 78307 "-" "ZoominfoBot (zoominfobot at zoominfo dot com)"
35.227.123.68 - - [01/Aug/2021:04:12:42 +0000] "GET /tour-package.php?id=22 HTTP/1.0" 200 58102 "-" "ZoominfoBot (zoominfobot at zoominfo dot com)"
35.227.123.68 - - [01/Aug/2021:04:12:43 +0000] "GET /pagecontents.php?url=Privacy-Policy HTTP/1.0" 200 51008 "-" "ZoominfoBot (zoominfobot at zoominfo dot com)"
35.227.123.68 - - [01/Aug/2021:04:14:52 +0000] "GET /tour-package.php?id=26 HTTP/1.0" 302 233 "-" "ZoominfoBot (zoominfobot at zoominfo dot com)"
35.227.123.68 - - [01/Aug/2021:04:14:53 +0000] "GET /tour-package.php?id=26 HTTP/1.0" 200 57965 "-" "ZoominfoBot (zoominfobot at zoominfo dot com)"
35.227.123.68 - - [01/Aug/2021:04:14:57 +0000] "GET /tour-package.php?id=12 HTTP/1.0" 302 233 "-" "ZoominfoBot (zoominfobot at zoominfo dot com)"
35.227.123.68 - - [01/Aug/2021:04:14:57 +0000] "GET /tour-package.php?id=12 HTTP/1.0" 200 55085 "-" "ZoominfoBot (zoominfobot at zoominfo dot com)"
35.227.123.68 - - [01/Aug/2021:04:20:40 +0000] "GET /tour-package.php?id=16 HTTP/1.0" 302 233 "-" "ZoominfoBot (zoominfobot at zoominfo dot com)"
35.227.123.68 - - [01/Aug/2021:04:20:41 +0000] "GET /tour-package.php?id=16 HTTP/1.0" 200 65697 "-" "ZoominfoBot (zoominfobot at zoominfo dot com)"
35.227.123.68 - - [01/Aug/2021:04:26:09 +0000] "GET /contact.php HTTP/1.0" 302 222 "-" "ZoominfoBot (zoominfobot at zoominfo dot com)"
35.227.123.68 - - [01/Aug/2021:04:26:10 +0000] "GET /contact.php HTTP/1.0" 200 57552 "-" "ZoominfoBot (zoominfobot at zoominfo dot com)"
35.227.123.68 - - [01/Aug/2021:04:26:35 +0000] "GET /hill-station-tour-packages.php HTTP/1.0" 302 241 "-" "ZoominfoBot (zoominfobot at zoominfo dot com)"
35.227.123.68 - - [01/Aug/2021:04:26:36 +0000] "GET /hill-station-tour-packages.php HTTP/1.0" 200 53993 "-" "ZoominfoBot (zoominfobot at zoominfo dot com)"
35.227.123.68 - - [01/Aug/2021:04:35:21 +0000] "GET /tour-package.php?id=23 HTTP/1.0" 302 233 "-" "ZoominfoBot (zoominfobot at zoominfo dot com)"
35.227.123.68 - - [01/Aug/2021:04:35:22 +0000] "GET /tour-package.php?id=23 HTTP/1.0" 200 57946 "-" "ZoominfoBot (zoominfobot at zoominfo dot com)"
216.244.66.236 - - [01/Aug/2021:04:38:38 +0000] "GET /robots.txt HTTP/1.1" 404 78307 "-" "Mozilla/5.0 (compatible; DotBot/1.2; +https://opensiteexplorer.org/dotbot; help@moz.com)"
114.119.152.233 - - [01/Aug/2021:04:40:12 +0000] "GET /pagecontents.php?url=Privacy-Policy HTTP/1.1" 200 51008 "-" "Mozilla/5.0 (Linux; Android 7.0;) AppleWebKit/537.36 (KHTML, like Gecko) Mobile Safari/537.36 (compatible; PetalBot;+https://webmaster.petalsearch.com/site/petalbot)"
35.227.123.68 - - [01/Aug/2021:04:40:35 +0000] "GET /tour-package.php?id=13 HTTP/1.0" 302 233 "-" "ZoominfoBot (zoominfobot at zoominfo dot com)"
35.227.123.68 - - [01/Aug/2021:04:40:35 +0000] "GET /tour-package.php?id=13 HTTP/1.0" 200 64719 "-" "ZoominfoBot (zoominfobot at zoominfo dot com)"
35.227.123.68 - - [01/Aug/2021:04:45:14 +0000] "GET /services.php HTTP/1.0" 302 223 "-" "ZoominfoBot (zoominfobot at zoominfo dot com)"
35.227.123.68 - - [01/Aug/2021:04:45:14 +0000] "GET /services.php HTTP/1.0" 200 56425 "-" "ZoominfoBot (zoominfobot at zoominfo dot com)"
35.227.123.68 - - [01/Aug/2021:04:45:35 +0000] "GET /tour-package.php?id=17 HTTP/1.0" 302 233 "-" "ZoominfoBot (zoominfobot at zoominfo dot com)"
35.227.123.68 - - [01/Aug/2021:04:45:35 +0000] "GET /tour-package.php?id=17 HTTP/1.0" 200 61812 "-" "ZoominfoBot (zoominfobot at zoominfo dot com)"
35.227.123.68 - - [01/Aug/2021:04:49:42 +0000] "GET /tour-package.php?id=30 HTTP/1.0" 302 233 "-" "ZoominfoBot (zoominfobot at zoominfo dot com)"
35.227.123.68 - - [01/Aug/2021:04:49:43 +0000] "GET /tour-package.php?id=30 HTTP/1.0" 200 55085 "-" "ZoominfoBot (zoominfobot at zoominfo dot com)"
35.227.123.68 - - [01/Aug/2021:04:54:31 +0000] "GET /about.php HTTP/1.0" 302 220 "-" "ZoominfoBot (zoominfobot at zoominfo dot com)"
35.227.123.68 - - [01/Aug/2021:04:54:31 +0000] "GET /about.php HTTP/1.0" 200 57479 "-" "ZoominfoBot (zoominfobot at zoominfo dot com)"
35.227.123.68 - - [01/Aug/2021:04:54:53 +0000] "GET /tour-package.php?id=20 HTTP/1.0" 302 233 "-" "ZoominfoBot (zoominfobot at zoominfo dot com)"
35.227.123.68 - - [01/Aug/2021:04:54:53 +0000] "GET /tour-package.php?id=20 HTTP/1.0" 200 58920 "-" "ZoominfoBot (zoominfobot at zoominfo dot com)"
35.227.123.68 - - [01/Aug/2021:05:00:05 +0000] "GET /tour-package.php?id=24 HTTP/1.0" 302 233 "-" "ZoominfoBot (zoominfobot at zoominfo dot com)"
35.227.123.68 - - [01/Aug/2021:05:00:06 +0000] "GET /tour-package.php?id=24 HTTP/1.0" 200 57948 "-" "ZoominfoBot (zoominfobot at zoominfo dot com)"
35.227.123.68 - - [01/Aug/2021:05:00:11 +0000] "GET /tour-package.php?id=10 HTTP/1.0" 302 233 "-" "ZoominfoBot (zoominfobot at zoominfo dot com)"
35.227.123.68 - - [01/Aug/2021:05:00:12 +0000] "GET /tour-package.php?id=10 HTTP/1.0" 200 55085 "-" "ZoominfoBot (zoominfobot at zoominfo dot com)"
35.227.123.68 - - [01/Aug/2021:05:02:40 +0000] "GET /pagecontents.php?url=Cancellation-Policy HTTP/1.0" 302 251 "-" "ZoominfoBot (zoominfobot at zoominfo dot com)"
35.227.123.68 - - [01/Aug/2021:05:02:41 +0000] "GET /pagecontents.php?url=Cancellation-Policy HTTP/1.0" 200 50964 "-" "ZoominfoBot (zoominfobot at zoominfo dot com)"
216.244.66.236 - - [01/Aug/2021:05:03:03 +0000] "GET /BeautifulBhutan.html HTTP/1.1" 200 62795 "-" "Mozilla/5.0 (compatible; DotBot/1.2; +https://opensiteexplorer.org/dotbot; help@moz.com)"
216.244.66.236 - - [01/Aug/2021:05:03:12 +0000] "GET /KualaLumpur&GentingTour.html HTTP/1.1" 200 56926 "-" "Mozilla/5.0 (compatible; DotBot/1.2; +https://opensiteexplorer.org/dotbot; help@moz.com)"
35.227.123.68 - - [01/Aug/2021:05:05:48 +0000] "GET /tour-package.php?id=28 HTTP/1.0" 302 233 "-" "ZoominfoBot (zoominfobot at zoominfo dot com)"
35.227.123.68 - - [01/Aug/2021:05:05:49 +0000] "GET /tour-package.php?id=28 HTTP/1.0" 200 65751 "-" "ZoominfoBot (zoominfobot at zoominfo dot com)"
35.227.123.68 - - [01/Aug/2021:05:05:53 +0000] "GET /tour-package.php?id=14 HTTP/1.0" 302 233 "-" "ZoominfoBot (zoominfobot at zoominfo dot com)"
35.227.123.68 - - [01/Aug/2021:05:05:53 +0000] "GET /tour-package.php?id=14 HTTP/1.0" 200 58793 "-" "ZoominfoBot (zoominfobot at zoominfo dot com)"
35.227.123.68 - - [01/Aug/2021:05:14:17 +0000] "GET /pagecontents.php?url=Pyament-Option HTTP/1.0" 302 246 "-" "ZoominfoBot (zoominfobot at zoominfo dot com)"
35.227.123.68 - - [01/Aug/2021:05:14:17 +0000] "GET /pagecontents.php?url=Pyament-Option HTTP/1.0" 200 50964 "-" "ZoominfoBot (zoominfobot at zoominfo dot com)"
23.228.109.147 - - [01/Aug/2021:05:14:25 +0000] "GET / HTTP/1.1" 200 78293 "-" "ALittle Client"
35.227.123.68 - - [01/Aug/2021:05:15:36 +0000] "GET /pagecontents.php?url=Return-and-Refund-Policy HTTP/1.0" 302 256 "-" "ZoominfoBot (zoominfobot at zoominfo dot com)"
35.227.123.68 - - [01/Aug/2021:05:15:37 +0000] "GET /pagecontents.php?url=Return-and-Refund-Policy HTTP/1.0" 200 50964 "-" "ZoominfoBot (zoominfobot at zoominfo dot com)"
114.119.134.245 - - [01/Aug/2021:05:16:24 +0000] "GET /tour-package.php?id=16 HTTP/1.1" 200 65697 "-" "Mozilla/5.0 (Linux; Android 7.0;) AppleWebKit/537.36 (KHTML, like Gecko) Mobile Safari/537.36 (compatible; PetalBot;+https://webmaster.petalsearch.com/site/petalbot)"
35.227.123.68 - - [01/Aug/2021:05:17:53 +0000] "GET /index.php HTTP/1.0" 302 220 "-" "ZoominfoBot (zoominfobot at zoominfo dot com)"
35.227.123.68 - - [01/Aug/2021:05:17:53 +0000] "GET /index.php HTTP/1.0" 301 235 "-" "ZoominfoBot (zoominfobot at zoominfo dot com)"
35.227.123.68 - - [01/Aug/2021:05:17:54 +0000] "GET / HTTP/1.0" 200 78293 "-" "ZoominfoBot (zoominfobot at zoominfo dot com)"
35.227.123.68 - - [01/Aug/2021:05:20:59 +0000] "GET /tour-package.php?id=21 HTTP/1.0" 302 233 "-" "ZoominfoBot (zoominfobot at zoominfo dot com)"
35.227.123.68 - - [01/Aug/2021:05:20:59 +0000] "GET /tour-package.php?id=21 HTTP/1.0" 200 57872 "-" "ZoominfoBot (zoominfobot at zoominfo dot com)"
35.227.123.68 - - [01/Aug/2021:05:25:37 +0000] "GET /honeymoon-tour-packages.php HTTP/1.0" 302 238 "-" "ZoominfoBot (zoominfobot at zoominfo dot com)"
35.227.123.68 - - [01/Aug/2021:05:25:37 +0000] "GET /honeymoon-tour-packages.php HTTP/1.0" 200 53985 "-" "ZoominfoBot (zoominfobot at zoominfo dot com)"
35.227.123.68 - - [01/Aug/2021:05:26:13 +0000] "GET /tour-package.php?id=25 HTTP/1.0" 302 233 "-" "ZoominfoBot (zoominfobot at zoominfo dot com)"
35.227.123.68 - - [01/Aug/2021:05:26:13 +0000] "GET /tour-package.php?id=25 HTTP/1.0" 200 58055 "-" "ZoominfoBot (zoominfobot at zoominfo dot com)"
40.77.167.52 - - [01/Aug/2021:05:31:13 +0000] "GET /robots.txt HTTP/1.1" 302 225 "-" "Mozilla/5.0 (compatible; bingbot/2.0; +http://www.bing.com/bingbot.htm)"
40.77.167.52 - - [01/Aug/2021:05:31:14 +0000] "GET /robots.txt HTTP/1.1" 302 225 "-" "Mozilla/5.0 (compatible; bingbot/2.0; +http://www.bing.com/bingbot.htm)"
40.77.167.103 - - [01/Aug/2021:05:31:19 +0000] "GET / HTTP/1.1" 302 215 "-" "Mozilla/5.0 (compatible; bingbot/2.0; +http://www.bing.com/bingbot.htm)"
35.227.123.68 - - [01/Aug/2021:05:31:43 +0000] "GET /tour-package.php?id=15 HTTP/1.0" 302 233 "-" "ZoominfoBot (zoominfobot at zoominfo dot com)"
35.227.123.68 - - [01/Aug/2021:05:31:43 +0000] "GET /tour-package.php?id=15 HTTP/1.0" 200 65841 "-" "ZoominfoBot (zoominfobot at zoominfo dot com)"
40.77.167.104 - - [01/Aug/2021:05:32:41 +0000] "GET / HTTP/1.1" 200 78297 "-" "Mozilla/5.0 (compatible; bingbot/2.0; +http://www.bing.com/bingbot.htm)"
114.119.156.152 - - [01/Aug/2021:05:34:57 +0000] "GET /contact.php HTTP/1.1" 200 57552 "-" "Mozilla/5.0 (Linux; Android 7.0;) AppleWebKit/537.36 (KHTML, like Gecko) Mobile Safari/537.36 (compatible; PetalBot;+https://webmaster.petalsearch.com/site/petalbot)"
35.227.123.68 - - [01/Aug/2021:05:37:00 +0000] "GET /tour-package.php?id=19 HTTP/1.0" 302 233 "-" "ZoominfoBot (zoominfobot at zoominfo dot com)"
35.227.123.68 - - [01/Aug/2021:05:37:01 +0000] "GET /tour-package.php?id=19 HTTP/1.0" 200 65720 "-" "ZoominfoBot (zoominfobot at zoominfo dot com)"
35.227.123.68 - - [01/Aug/2021:05:41:18 +0000] "GET /tour-package.php?id=1 HTTP/1.0" 302 232 "-" "ZoominfoBot (zoominfobot at zoominfo dot com)"
35.227.123.68 - - [01/Aug/2021:05:41:19 +0000] "GET /tour-package.php?id=1 HTTP/1.0" 200 65712 "-" "ZoominfoBot (zoominfobot at zoominfo dot com)"
35.227.123.68 - - [01/Aug/2021:05:41:36 +0000] "GET /pagecontents.php?url=Terms-and-Conditions HTTP/1.0" 302 252 "-" "ZoominfoBot (zoominfobot at zoominfo dot com)"
35.227.123.68 - - [01/Aug/2021:05:41:37 +0000] "GET /pagecontents.php?url=Terms-and-Conditions HTTP/1.0" 200 53481 "-" "ZoominfoBot (zoominfobot at zoominfo dot com)"
182.1.123.76 - - [01/Aug/2021:05:51:14 +0000] "GET /?utm=semalt.com HTTP/1.1" 200 78308 "https://semalt.com-----google.com/?q=semalt" "Mozilla/5.0 (Windows NT 10.0; Win64; x64) AppleWebKit/537.36 (KHTML, like Gecko) Chrome/74.0.3729.169 Safari/537.36"
182.1.123.76 - - [01/Aug/2021:05:51:14 +0000] "GET /css/owl.carousel.css HTTP/1.1" 200 7603 "http://indiatravelkart.com/?utm=semalt.com" "Mozilla/5.0 (Windows NT 10.0; Win64; x64) AppleWebKit/537.36 (KHTML, like Gecko) Chrome/74.0.3729.169 Safari/537.36"
182.1.123.76 - - [01/Aug/2021:05:51:14 +0000] "GET /css/meanmenu.min.css HTTP/1.1" 200 2732 "http://indiatravelkart.com/?utm=semalt.com" "Mozilla/5.0 (Windows NT 10.0; Win64; x64) AppleWebKit/537.36 (KHTML, like Gecko) Chrome/74.0.3729.169 Safari/537.36"
182.1.123.76 - - [01/Aug/2021:05:51:14 +0000] "GET /css/bootstrap.min.css HTTP/1.1" 200 138183 "http://indiatravelkart.com/?utm=semalt.com" "Mozilla/5.0 (Windows NT 10.0; Win64; x64) AppleWebKit/537.36 (KHTML, like Gecko) Chrome/74.0.3729.169 Safari/537.36"
182.1.123.76 - - [01/Aug/2021:05:51:14 +0000] "GET /css/jquery-ui.css HTTP/1.1" 200 35228 "http://indiatravelkart.com/?utm=semalt.com" "Mozilla/5.0 (Windows NT 10.0; Win64; x64) AppleWebKit/537.36 (KHTML, like Gecko) Chrome/74.0.3729.169 Safari/537.36"
182.1.123.76 - - [01/Aug/2021:05:51:15 +0000] "GET /css/font-awesome.min.css HTTP/1.1" 200 27490 "http://indiatravelkart.com/?utm=semalt.com" "Mozilla/5.0 (Windows NT 10.0; Win64; x64) AppleWebKit/537.36 (KHTML, like Gecko) Chrome/74.0.3729.169 Safari/537.36"
114.119.156.152 - - [01/Aug/2021:06:01:36 +0000] "GET /tour-package.php?id=27 HTTP/1.1" 200 58674 "-" "Mozilla/5.0 (Linux; Android 7.0;) AppleWebKit/537.36 (KHTML, like Gecko) Mobile Safari/537.36 (compatible; PetalBot;+https://webmaster.petalsearch.com/site/petalbot)"
114.119.159.39 - - [01/Aug/2021:06:18:28 +0000] "GET /cruise-tour-packages.php HTTP/1.1" 200 54000 "-" "Mozilla/5.0 (Linux; Android 7.0;) AppleWebKit/537.36 (KHTML, like Gecko) Mobile Safari/537.36 (compatible; PetalBot;+https://webmaster.petalsearch.com/site/petalbot)"
95.181.157.242 - - [01/Aug/2021:06:31:25 +0000] "GET /wp-login.php HTTP/1.1" 301 251 "-" "Mozilla/5.0 (Windows NT 10.0; Win64; x64) AppleWebKit/537.36 (KHTML, like Gecko) Chrome/64.0.3282.140 Safari/537.36 Edge/18.17763"
95.181.157.242 - - [01/Aug/2021:06:31:29 +0000] "GET /wp-login.php HTTP/1.1" 404 78309 "http://indiatravelkart.com/wp-login.php" "Mozilla/5.0 (Windows NT 10.0; Win64; x64) AppleWebKit/537.36 (KHTML, like Gecko) Chrome/64.0.3282.140 Safari/537.36 Edge/18.17763"
114.119.159.39 - - [01/Aug/2021:06:33:06 +0000] "GET /tour-package.php?id=17 HTTP/1.1" 200 61812 "-" "Mozilla/5.0 (Linux; Android 7.0;) AppleWebKit/537.36 (KHTML, like Gecko) Mobile Safari/537.36 (compatible; PetalBot;+https://webmaster.petalsearch.com/site/petalbot)"
49.7.20.91 - - [01/Aug/2021:06:33:45 +0000] "GET / HTTP/1.1" 200 78293 "-" "Sogou web spider/4.0(+http://www.sogou.com/docs/help/webmasters.htm#07)"
131.220.6.152 - - [01/Aug/2021:06:41:11 +0000] "GET / HTTP/1.1" 302 211 "-" "Mozilla/5.0 (X11; Linux x86_64) AppleWebKit/537.36 (KHTML, like Gecko) Chrome/79.0.3945.79 Safari/537.36"
131.220.6.152 - - [01/Aug/2021:06:41:12 +0000] "GET / HTTP/1.1" 200 78293 "-" "Mozilla/5.0 (X11; Linux x86_64) AppleWebKit/537.36 (KHTML, like Gecko) Chrome/79.0.3945.79 Safari/537.36"
114.119.158.125 - - [01/Aug/2021:07:27:36 +0000] "GET /Dharamshala&DalhousieVolvotourPackage.html HTTP/1.1" 200 56940 "-" "Mozilla/5.0 (Linux; Android 7.0;) AppleWebKit/537.36 (KHTML, like Gecko) Mobile Safari/537.36 (compatible; PetalBot;+https://webmaster.petalsearch.com/site/petalbot)"
106.38.241.135 - - [01/Aug/2021:07:32:33 +0000] "GET / HTTP/1.1" 200 78293 "-" "Sogou web spider/4.0(+http://www.sogou.com/docs/help/webmasters.htm#07)"
54.174.53.113 - - [01/Aug/2021:07:36:08 +0000] "HEAD / HTTP/1.1" 200 - "-" "HubSpot Connect 2.0 (http://dev.hubspot.com/) - BizOpsCompanies-Tq2-BizCoDomainValidationAudit"
106.38.241.135 - - [01/Aug/2021:07:37:33 +0000] "GET / HTTP/1.1" 200 78293 "-" "Sogou web spider/4.0(+http://www.sogou.com/docs/help/webmasters.htm#07)"
114.119.129.191 - - [01/Aug/2021:07:41:02 +0000] "GET / HTTP/1.1" 200 78297 "-" "Mozilla/5.0 (Linux; Android 7.0;) AppleWebKit/537.36 (KHTML, like Gecko) Mobile Safari/537.36 (compatible; PetalBot;+https://webmaster.petalsearch.com/site/petalbot)"
106.38.241.135 - - [01/Aug/2021:07:43:39 +0000] "GET / HTTP/1.1" 200 78293 "-" "Sogou web spider/4.0(+http://www.sogou.com/docs/help/webmasters.htm#07)"
106.38.241.135 - - [01/Aug/2021:07:50:57 +0000] "GET / HTTP/1.1" 200 78293 "-" "Sogou web spider/4.0(+http://www.sogou.com/docs/help/webmasters.htm#07)"
106.38.241.135 - - [01/Aug/2021:07:57:42 +0000] "GET / HTTP/1.1" 200 78293 "-" "Sogou web spider/4.0(+http://www.sogou.com/docs/help/webmasters.htm#07)"
106.38.241.135 - - [01/Aug/2021:08:03:06 +0000] "GET / HTTP/1.1" 200 78293 "-" "Sogou web spider/4.0(+http://www.sogou.com/docs/help/webmasters.htm#07)"
216.244.66.236 - - [01/Aug/2021:08:04:33 +0000] "GET /robots.txt HTTP/1.1" 404 78307 "-" "Mozilla/5.0 (compatible; DotBot/1.2; +https://opensiteexplorer.org/dotbot; help@moz.com)"
106.38.241.135 - - [01/Aug/2021:08:09:48 +0000] "GET / HTTP/1.1" 200 78293 "-" "Sogou web spider/4.0(+http://www.sogou.com/docs/help/webmasters.htm#07)"
114.119.141.35 - - [01/Aug/2021:08:18:44 +0000] "GET /robots.txt HTTP/1.1" 301 249 "-" "Mozilla/5.0 (compatible;PetalBot;+https://webmaster.petalsearch.com/site/petalbot)"
114.119.141.35 - - [01/Aug/2021:08:18:44 +0000] "GET /robots.txt HTTP/1.1" 404 78307 "-" "Mozilla/5.0 (compatible;PetalBot;+https://webmaster.petalsearch.com/site/petalbot)"
106.38.241.135 - - [01/Aug/2021:08:18:55 +0000] "GET / HTTP/1.1" 200 78293 "-" "Sogou web spider/4.0(+http://www.sogou.com/docs/help/webmasters.htm#07)"
114.119.129.191 - - [01/Aug/2021:08:24:57 +0000] "GET /tour-package.php?id=28 HTTP/1.1" 200 65751 "-" "Mozilla/5.0 (Linux; Android 7.0;) AppleWebKit/537.36 (KHTML, like Gecko) Mobile Safari/537.36 (compatible; PetalBot;+https://webmaster.petalsearch.com/site/petalbot)"
23.228.109.147 - - [01/Aug/2021:08:27:36 +0000] "GET / HTTP/1.1" 200 78293 "-" "ALittle Client"
216.244.66.236 - - [01/Aug/2021:08:29:27 +0000] "GET /3-countries-magic-tour/tour-package.php?id=21 HTTP/1.1" 404 78342 "-" "Mozilla/5.0 (compatible; DotBot/1.2; +https://opensiteexplorer.org/dotbot; help@moz.com)"
106.38.241.135 - - [01/Aug/2021:08:30:24 +0000] "GET / HTTP/1.1" 200 78293 "-" "Sogou web spider/4.0(+http://www.sogou.com/docs/help/webmasters.htm#07)"
114.119.152.233 - - [01/Aug/2021:08:31:00 +0000] "GET /himachal HTTP/1.1" 301 247 "-" "Mozilla/5.0 (Linux; Android 7.0;) AppleWebKit/537.36 (KHTML, like Gecko) Mobile Safari/537.36 (compatible; PetalBot;+https://webmaster.petalsearch.com/site/petalbot)"
114.119.152.233 - - [01/Aug/2021:08:31:00 +0000] "GET /himachal HTTP/1.1" 200 50964 "-" "Mozilla/5.0 (Linux; Android 7.0;) AppleWebKit/537.36 (KHTML, like Gecko) Mobile Safari/537.36 (compatible; PetalBot;+https://webmaster.petalsearch.com/site/petalbot)"
106.38.241.135 - - [01/Aug/2021:08:50:24 +0000] "GET / HTTP/1.1" 200 78293 "-" "Sogou web spider/4.0(+http://www.sogou.com/docs/help/webmasters.htm#07)"
216.244.66.236 - - [01/Aug/2021:08:55:34 +0000] "GET /robots.txt HTTP/1.1" 404 78307 "-" "Mozilla/5.0 (compatible; DotBot/1.2; +https://opensiteexplorer.org/dotbot; help@moz.com)"
27.115.124.33 - - [01/Aug/2021:08:56:21 +0000] "GET / HTTP/1.1" 200 78293 "http://indiatravelkart.com/" "Mozilla/5.0 (iPhone; CPU iPhone OS 11_0 like Mac OS X) AppleWebKit/604.1.38 (KHTML, like Gecko) Version/11.0 Mobile/15A372 Safari/604.1"
27.115.124.33 - - [01/Aug/2021:08:56:21 +0000] "GET /css/font-awesome.min.css HTTP/1.1" 200 27490 "http://indiatravelkart.com/" "Mozilla/5.0 (iPhone; CPU iPhone OS 11_0 like Mac OS X) AppleWebKit/604.1.38 (KHTML, like Gecko) Version/11.0 Mobile/15A372 Safari/604.1"
27.115.124.33 - - [01/Aug/2021:08:56:22 +0000] "GET /css/owl.carousel.css HTTP/1.1" 200 7603 "http://indiatravelkart.com/" "Mozilla/5.0 (iPhone; CPU iPhone OS 11_0 like Mac OS X) AppleWebKit/604.1.38 (KHTML, like Gecko) Version/11.0 Mobile/15A372 Safari/604.1"
