185.191.171.21 - - [03/Aug/2021:22:47:02 +0000] "GET /robots.txt HTTP/1.1" 302 221 "-" "Mozilla/5.0 (compatible; SemrushBot/7~bl; +http://www.semrush.com/bot.html)"
185.191.171.21 - - [03/Aug/2021:22:47:02 +0000] "GET /robots.txt HTTP/1.1" 301 249 "-" "Mozilla/5.0 (compatible; SemrushBot/7~bl; +http://www.semrush.com/bot.html)"
185.191.171.17 - - [03/Aug/2021:22:47:03 +0000] "GET /robots.txt HTTP/1.1" 404 78307 "-" "Mozilla/5.0 (compatible; SemrushBot/7~bl; +http://www.semrush.com/bot.html)"
185.191.171.16 - - [03/Aug/2021:22:47:08 +0000] "GET /ExploreLaddakhvaiManaliTour.html HTTP/1.1" 302 243 "-" "Mozilla/5.0 (compatible; SemrushBot/7~bl; +http://www.semrush.com/bot.html)"
185.191.171.16 - - [03/Aug/2021:22:47:10 +0000] "GET /ExploreLaddakhvaiManaliTour.html HTTP/1.1" 301 271 "-" "Mozilla/5.0 (compatible; SemrushBot/7~bl; +http://www.semrush.com/bot.html)"
185.191.171.16 - - [03/Aug/2021:22:47:11 +0000] "GET /robots.txt HTTP/1.1" 404 78307 "-" "Mozilla/5.0 (compatible; SemrushBot/7~bl; +http://www.semrush.com/bot.html)"
185.191.171.38 - - [03/Aug/2021:22:47:12 +0000] "GET /ExploreLaddakhvaiManaliTour.html HTTP/1.1" 200 62443 "-" "Mozilla/5.0 (compatible; SemrushBot/7~bl; +http://www.semrush.com/bot.html)"
66.249.66.59 - - [03/Aug/2021:23:06:39 +0000] "GET /kerala/tour-package.php?id=15 HTTP/1.1" 404 78326 "-" "Mozilla/5.0 (Linux; Android 6.0.1; Nexus 5X Build/MMB29P) AppleWebKit/537.36 (KHTML, like Gecko) Chrome/92.0.4515.119 Mobile Safari/537.36 (compatible; Googlebot/2.1; +http://www.google.com/bot.html)"
114.119.156.152 - - [03/Aug/2021:23:08:31 +0000] "GET /galleryimg/887688images.jpg HTTP/1.1" 200 10145 "-" "Mozilla/5.0 (Linux; Android 7.0;) AppleWebKit/537.36 (KHTML, like Gecko) Mobile Safari/537.36 (compatible; PetalBot;+https://webmaster.petalsearch.com/site/petalbot)"
54.36.148.174 - - [03/Aug/2021:23:09:57 +0000] "GET /MunnarThekkadyTourPackage.html HTTP/1.1" 302 245 "-" "Mozilla/5.0 (compatible; AhrefsBot/7.0; +http://ahrefs.com/robot/)"
114.119.138.220 - - [03/Aug/2021:23:15:29 +0000] "GET / HTTP/1.1" 200 78293 "-" "Mozilla/5.0 (compatible;PetalBot;+https://webmaster.petalsearch.com/site/petalbot)"
114.119.138.220 - - [03/Aug/2021:23:15:29 +0000] "GET /css/meanmenu.min.css HTTP/1.1" 200 2732 "http://indiatravelkart.com/" "Mozilla/5.0 (compatible;PetalBot;+https://webmaster.petalsearch.com/site/petalbot)"
114.119.138.220 - - [03/Aug/2021:23:15:29 +0000] "GET /css/font-awesome.min.css HTTP/1.1" 200 27490 "http://indiatravelkart.com/" "Mozilla/5.0 (compatible;PetalBot;+https://webmaster.petalsearch.com/site/petalbot)"
114.119.138.220 - - [03/Aug/2021:23:15:29 +0000] "GET /css/owl.carousel.css HTTP/1.1" 200 7603 "http://indiatravelkart.com/" "Mozilla/5.0 (compatible;PetalBot;+https://webmaster.petalsearch.com/site/petalbot)"
114.119.138.220 - - [03/Aug/2021:23:15:29 +0000] "GET /css/jquery-ui.css HTTP/1.1" 200 35228 "http://indiatravelkart.com/" "Mozilla/5.0 (compatible;PetalBot;+https://webmaster.petalsearch.com/site/petalbot)"
114.119.138.220 - - [03/Aug/2021:23:15:29 +0000] "GET /css/animate.css HTTP/1.1" 200 70824 "http://indiatravelkart.com/" "Mozilla/5.0 (compatible;PetalBot;+https://webmaster.petalsearch.com/site/petalbot)"
114.119.138.220 - - [03/Aug/2021:23:15:29 +0000] "GET /lib/nivo-slider/css/nivo-slider.css HTTP/1.1" 200 8098 "http://indiatravelkart.com/" "Mozilla/5.0 (compatible;PetalBot;+https://webmaster.petalsearch.com/site/petalbot)"
114.119.138.220 - - [03/Aug/2021:23:15:29 +0000] "GET /lib/nivo-slider/css/preview.css HTTP/1.1" 200 5624 "http://indiatravelkart.com/" "Mozilla/5.0 (compatible;PetalBot;+https://webmaster.petalsearch.com/site/petalbot)"
114.119.138.220 - - [03/Aug/2021:23:15:29 +0000] "GET /style.css HTTP/1.1" 200 115813 "http://indiatravelkart.com/" "Mozilla/5.0 (compatible;PetalBot;+https://webmaster.petalsearch.com/site/petalbot)"
114.119.138.220 - - [03/Aug/2021:23:15:29 +0000] "GET /css/bootstrap.min.css HTTP/1.1" 200 138183 "http://indiatravelkart.com/" "Mozilla/5.0 (compatible;PetalBot;+https://webmaster.petalsearch.com/site/petalbot)"
114.119.138.220 - - [03/Aug/2021:23:15:29 +0000] "GET /css/responsive.css HTTP/1.1" 200 27655 "http://indiatravelkart.com/" "Mozilla/5.0 (compatible;PetalBot;+https://webmaster.petalsearch.com/site/petalbot)"
114.119.138.220 - - [03/Aug/2021:23:15:29 +0000] "GET /js/vendor/modernizr-2.8.3.min.js HTTP/1.1" 200 15514 "http://indiatravelkart.com/" "Mozilla/5.0 (compatible;PetalBot;+https://webmaster.petalsearch.com/site/petalbot)"
114.119.138.220 - - [03/Aug/2021:23:15:29 +0000] "GET /scripts/gen_validatorv4.js HTTP/1.1" 200 32085 "http://indiatravelkart.com/" "Mozilla/5.0 (compatible;PetalBot;+https://webmaster.petalsearch.com/site/petalbot)"
114.119.138.220 - - [03/Aug/2021:23:15:29 +0000] "GET /js/vendor/jquery-1.11.3.min.js HTTP/1.1" 200 95992 "http://indiatravelkart.com/" "Mozilla/5.0 (compatible;PetalBot;+https://webmaster.petalsearch.com/site/petalbot)"
114.119.138.220 - - [03/Aug/2021:23:15:29 +0000] "GET /lib/nivo-slider/home.js HTTP/1.1" 200 724 "http://indiatravelkart.com/" "Mozilla/5.0 (compatible;PetalBot;+https://webmaster.petalsearch.com/site/petalbot)"
114.119.138.220 - - [03/Aug/2021:23:15:29 +0000] "GET /js/wow.min.js HTTP/1.1" 200 8426 "http://indiatravelkart.com/" "Mozilla/5.0 (compatible;PetalBot;+https://webmaster.petalsearch.com/site/petalbot)"
114.119.138.220 - - [03/Aug/2021:23:15:29 +0000] "GET /js/bootstrap.min.js HTTP/1.1" 200 36868 "http://indiatravelkart.com/" "Mozilla/5.0 (compatible;PetalBot;+https://webmaster.petalsearch.com/site/petalbot)"
114.119.138.220 - - [03/Aug/2021:23:15:29 +0000] "GET /lib/nivo-slider/js/jquery.nivo.slider.js HTTP/1.1" 200 29113 "http://indiatravelkart.com/" "Mozilla/5.0 (compatible;PetalBot;+https://webmaster.petalsearch.com/site/petalbot)"
114.119.138.220 - - [03/Aug/2021:23:15:29 +0000] "GET /js/jquery.meanmenu.js HTTP/1.1" 200 11467 "http://indiatravelkart.com/" "Mozilla/5.0 (compatible;PetalBot;+https://webmaster.petalsearch.com/site/petalbot)"
114.119.138.220 - - [03/Aug/2021:23:15:29 +0000] "GET /fonts/fontawesome-webfont3295.woff2?v=4.5.0 HTTP/1.1" 200 66624 "http://indiatravelkart.com/css/font-awesome.min.css" "Mozilla/5.0 (compatible;PetalBot;+https://webmaster.petalsearch.com/site/petalbot)"
114.119.138.220 - - [03/Aug/2021:23:15:29 +0000] "GET /js/jquery-price-slider.js HTTP/1.1" 200 24017 "http://indiatravelkart.com/" "Mozilla/5.0 (compatible;PetalBot;+https://webmaster.petalsearch.com/site/petalbot)"
114.119.138.220 - - [03/Aug/2021:23:15:29 +0000] "GET /js/owl.carousel.min.js HTTP/1.1" 200 23890 "http://indiatravelkart.com/" "Mozilla/5.0 (compatible;PetalBot;+https://webmaster.petalsearch.com/site/petalbot)"
114.119.138.220 - - [03/Aug/2021:23:15:29 +0000] "GET /js/waypoints.min.js HTTP/1.1" 200 8044 "http://indiatravelkart.com/" "Mozilla/5.0 (compatible;PetalBot;+https://webmaster.petalsearch.com/site/petalbot)"
114.119.138.220 - - [03/Aug/2021:23:15:29 +0000] "GET /js/jquery.scrollUp.min.js HTTP/1.1" 200 2035 "http://indiatravelkart.com/" "Mozilla/5.0 (compatible;PetalBot;+https://webmaster.petalsearch.com/site/petalbot)"
114.119.138.220 - - [03/Aug/2021:23:15:29 +0000] "GET /js/jquery.counterup.min.js HTTP/1.1" 200 1067 "http://indiatravelkart.com/" "Mozilla/5.0 (compatible;PetalBot;+https://webmaster.petalsearch.com/site/petalbot)"
114.119.138.220 - - [03/Aug/2021:23:15:29 +0000] "GET /js/plugins.js HTTP/1.1" 200 760 "http://indiatravelkart.com/" "Mozilla/5.0 (compatible;PetalBot;+https://webmaster.petalsearch.com/site/petalbot)"
114.119.138.220 - - [03/Aug/2021:23:15:29 +0000] "GET /js/main.js HTTP/1.1" 200 2518 "http://indiatravelkart.com/" "Mozilla/5.0 (compatible;PetalBot;+https://webmaster.petalsearch.com/site/petalbot)"
144.76.176.171 - - [03/Aug/2021:23:26:46 +0000] "GET /robots.txt HTTP/1.1" 302 221 "-" "Mozilla/5.0 (compatible; MJ12bot/v1.4.8; http://mj12bot.com/)"
144.76.176.171 - - [03/Aug/2021:23:26:46 +0000] "GET /robots.txt HTTP/1.1" 301 249 "-" "Mozilla/5.0 (compatible; MJ12bot/v1.4.8; http://mj12bot.com/)"
144.76.176.171 - - [03/Aug/2021:23:26:47 +0000] "GET /robots.txt HTTP/1.1" 404 78307 "-" "Mozilla/5.0 (compatible; MJ12bot/v1.4.8; http://mj12bot.com/)"
144.76.176.171 - - [03/Aug/2021:23:26:49 +0000] "GET /Hongkong%E2%80%93Macau%E2%80%93DisneylandTour.html HTTP/1.1" 302 261 "-" "Mozilla/5.0 (compatible; MJ12bot/v1.4.8; http://mj12bot.com/)"
144.76.176.171 - - [03/Aug/2021:23:26:50 +0000] "GET /Hongkong%E2%80%93Macau%E2%80%93DisneylandTour.html HTTP/1.1" 301 289 "-" "Mozilla/5.0 (compatible; MJ12bot/v1.4.8; http://mj12bot.com/)"
144.76.176.171 - - [03/Aug/2021:23:26:52 +0000] "GET /Hongkong%E2%80%93Macau%E2%80%93DisneylandTour.html HTTP/1.1" 200 62383 "-" "Mozilla/5.0 (compatible; MJ12bot/v1.4.8; http://mj12bot.com/)"
144.76.176.171 - - [03/Aug/2021:23:26:54 +0000] "GET /Hongkong%E2%80%93Macau%E2%80%93Shenzhen%E2%80%93DisneylandTour.html HTTP/1.1" 302 278 "-" "Mozilla/5.0 (compatible; MJ12bot/v1.4.8; http://mj12bot.com/)"
144.76.176.171 - - [03/Aug/2021:23:26:57 +0000] "GET /Hongkong%E2%80%93Macau%E2%80%93DisneylandTour.html HTTP/1.1" 200 62383 "-" "Mozilla/5.0 (compatible; MJ12bot/v1.4.8; http://mj12bot.com/)"
144.76.176.171 - - [03/Aug/2021:23:26:59 +0000] "GET /Hongkong%E2%80%93Macau%E2%80%93Shenzhen%E2%80%93DisneylandTour.html HTTP/1.1" 200 66098 "-" "Mozilla/5.0 (compatible; MJ12bot/v1.4.8; http://mj12bot.com/)"
114.119.155.175 - - [03/Aug/2021:23:29:53 +0000] "GET /galleryimg/3705090diskit-e1471953037315.jpg HTTP/1.1" 200 73531 "-" "Mozilla/5.0 (Linux; Android 7.0;) AppleWebKit/537.36 (KHTML, like Gecko) Mobile Safari/537.36 (compatible; PetalBot;+https://webmaster.petalsearch.com/site/petalbot)"
66.249.66.59 - - [03/Aug/2021:23:43:10 +0000] "GET /pagecontents.php?url=Pyament-Option HTTP/1.1" 200 50964 "-" "Mozilla/5.0 (compatible; Googlebot/2.1; +http://www.google.com/bot.html)"
49.234.47.214 - - [03/Aug/2021:23:54:20 +0000] "GET / HTTP/1.1" 200 78293 "-" "Mozilla/5.0 (Linux; Android 10; LIO-AN00 Build/HUAWEILIO-AN00; wv) AppleWebKit/537.36 (KHTML, like Gecko) Version/4.0 Chrome/78.0.3904.62 XWEB/2692 MMWEBSDK/200901 Mobile Safari/537.36"
5.188.48.58 - - [04/Aug/2021:00:08:27 +0000] "GET /tour-package.php?id=22 HTTP/1.0" 302 233 "https://indiatravelkart.com/tour-package.php?id=22" "Mozilla/5.0 (Windows NT 10.0; ) AppleWebKit/537.36 (KHTML, like Gecko) Chrome/83.0.4103.34 Safari/537.36 Edg/83.0.478.25"
5.188.48.58 - - [04/Aug/2021:00:08:27 +0000] "GET /tour-package.php?id=22 HTTP/1.0" 200 58102 "http://indiatravelkart.com/tour-package.php?id=22" "Mozilla/5.0 (Windows NT 10.0; ) AppleWebKit/537.36 (KHTML, like Gecko) Chrome/83.0.4103.34 Safari/537.36 Edg/83.0.478.25"
114.119.158.125 - - [04/Aug/2021:00:13:08 +0000] "GET /galleryimg/2250406db2fbb0d98e71d48dd3ddb301c86bba4.jpg HTTP/1.1" 200 33106 "-" "Mozilla/5.0 (Linux; Android 7.0;) AppleWebKit/537.36 (KHTML, like Gecko) Mobile Safari/537.36 (compatible; PetalBot;+https://webmaster.petalsearch.com/site/petalbot)"
216.244.66.236 - - [04/Aug/2021:00:26:11 +0000] "GET /robots.txt HTTP/1.1" 404 78307 "-" "Mozilla/5.0 (compatible; DotBot/1.2; +https://opensiteexplorer.org/dotbot; help@moz.com)"
35.237.230.148 - - [04/Aug/2021:00:31:03 +0000] "GET /robots.txt HTTP/1.0" 302 221 "-" "ZoominfoBot (zoominfobot at zoominfo dot com)"
35.237.230.148 - - [04/Aug/2021:00:31:04 +0000] "GET /robots.txt HTTP/1.1" 301 249 "-" "ZoominfoBot (zoominfobot at zoominfo dot com)"
35.237.230.148 - - [04/Aug/2021:00:31:04 +0000] "GET /robots.txt HTTP/1.1" 404 78307 "-" "ZoominfoBot (zoominfobot at zoominfo dot com)"
35.237.230.148 - - [04/Aug/2021:00:31:07 +0000] "GET /tour-package.php?id=22 HTTP/1.0" 302 233 "-" "ZoominfoBot (zoominfobot at zoominfo dot com)"
35.237.230.148 - - [04/Aug/2021:00:31:07 +0000] "GET /robots.txt HTTP/1.0" 301 249 "-" "ZoominfoBot (zoominfobot at zoominfo dot com)"
35.237.230.148 - - [04/Aug/2021:00:31:07 +0000] "GET /robots.txt HTTP/1.1" 404 78307 "-" "ZoominfoBot (zoominfobot at zoominfo dot com)"
35.237.230.148 - - [04/Aug/2021:00:31:09 +0000] "GET /pagecontents.php?url=Privacy-Policy HTTP/1.0" 302 246 "-" "ZoominfoBot (zoominfobot at zoominfo dot com)"
35.237.230.148 - - [04/Aug/2021:00:31:09 +0000] "GET /robots.txt HTTP/1.0" 301 249 "-" "ZoominfoBot (zoominfobot at zoominfo dot com)"
35.237.230.148 - - [04/Aug/2021:00:31:10 +0000] "GET /robots.txt HTTP/1.1" 404 78307 "-" "ZoominfoBot (zoominfobot at zoominfo dot com)"
35.237.230.148 - - [04/Aug/2021:00:31:12 +0000] "GET /tour-package.php?id=22 HTTP/1.0" 200 58102 "-" "ZoominfoBot (zoominfobot at zoominfo dot com)"
35.237.230.148 - - [04/Aug/2021:00:31:12 +0000] "GET /pagecontents.php?url=Privacy-Policy HTTP/1.0" 200 51008 "-" "ZoominfoBot (zoominfobot at zoominfo dot com)"
185.191.171.15 - - [04/Aug/2021:00:33:22 +0000] "GET /robots.txt HTTP/1.1" 301 249 "-" "Mozilla/5.0 (compatible; SemrushBot/7~bl; +http://www.semrush.com/bot.html)"
185.191.171.13 - - [04/Aug/2021:00:33:23 +0000] "GET /robots.txt HTTP/1.1" 404 78307 "-" "Mozilla/5.0 (compatible; SemrushBot/7~bl; +http://www.semrush.com/bot.html)"
185.191.171.18 - - [04/Aug/2021:00:33:24 +0000] "GET /tour-package.php?id=22 HTTP/1.1" 200 58102 "-" "Mozilla/5.0 (compatible; SemrushBot/7~bl; +http://www.semrush.com/bot.html)"
35.237.230.148 - - [04/Aug/2021:00:33:33 +0000] "GET /tour-package.php?id=26 HTTP/1.0" 302 233 "-" "ZoominfoBot (zoominfobot at zoominfo dot com)"
35.237.230.148 - - [04/Aug/2021:00:33:34 +0000] "GET /tour-package.php?id=26 HTTP/1.0" 200 57965 "-" "ZoominfoBot (zoominfobot at zoominfo dot com)"
35.237.230.148 - - [04/Aug/2021:00:33:40 +0000] "GET /tour-package.php?id=12 HTTP/1.0" 302 233 "-" "ZoominfoBot (zoominfobot at zoominfo dot com)"
35.237.230.148 - - [04/Aug/2021:00:33:40 +0000] "GET /tour-package.php?id=12 HTTP/1.0" 200 55085 "-" "ZoominfoBot (zoominfobot at zoominfo dot com)"
216.244.66.236 - - [04/Aug/2021:00:33:55 +0000] "GET /services.php HTTP/1.1" 200 56425 "-" "Mozilla/5.0 (compatible; DotBot/1.2; +https://opensiteexplorer.org/dotbot; help@moz.com)"
216.244.66.236 - - [04/Aug/2021:00:35:55 +0000] "GET /tour-package.php?id=17 HTTP/1.1" 200 61812 "-" "Mozilla/5.0 (compatible; DotBot/1.2; +https://opensiteexplorer.org/dotbot; help@moz.com)"
35.237.230.148 - - [04/Aug/2021:00:39:45 +0000] "GET /tour-package.php?id=16 HTTP/1.0" 302 233 "-" "ZoominfoBot (zoominfobot at zoominfo dot com)"
35.237.230.148 - - [04/Aug/2021:00:39:45 +0000] "GET /tour-package.php?id=16 HTTP/1.0" 200 65697 "-" "ZoominfoBot (zoominfobot at zoominfo dot com)"
216.244.66.236 - - [04/Aug/2021:00:40:18 +0000] "GET /Jammu&KashmirTour.html HTTP/1.1" 200 56920 "-" "Mozilla/5.0 (compatible; DotBot/1.2; +https://opensiteexplorer.org/dotbot; help@moz.com)"
216.244.66.236 - - [04/Aug/2021:00:40:24 +0000] "GET /pagecontents.php?url=Pyament-Option HTTP/1.1" 200 50964 "-" "Mozilla/5.0 (compatible; DotBot/1.2; +https://opensiteexplorer.org/dotbot; help@moz.com)"
216.244.66.236 - - [04/Aug/2021:00:42:57 +0000] "GET /3-countries-magic-tour/about.php HTTP/1.1" 404 78329 "-" "Mozilla/5.0 (compatible; DotBot/1.2; +https://opensiteexplorer.org/dotbot; help@moz.com)"
35.237.230.148 - - [04/Aug/2021:00:45:15 +0000] "GET /contact.php HTTP/1.0" 302 222 "-" "ZoominfoBot (zoominfobot at zoominfo dot com)"
35.237.230.148 - - [04/Aug/2021:00:45:16 +0000] "GET /contact.php HTTP/1.0" 200 57552 "-" "ZoominfoBot (zoominfobot at zoominfo dot com)"
35.237.230.148 - - [04/Aug/2021:00:45:43 +0000] "GET /hill-station-tour-packages.php HTTP/1.0" 302 241 "-" "ZoominfoBot (zoominfobot at zoominfo dot com)"
35.237.230.148 - - [04/Aug/2021:00:45:44 +0000] "GET /hill-station-tour-packages.php HTTP/1.0" 200 53993 "-" "ZoominfoBot (zoominfobot at zoominfo dot com)"
66.249.66.59 - - [04/Aug/2021:00:50:02 +0000] "GET /HaridwarRishikeshTour.html HTTP/1.1" 200 59160 "-" "Mozilla/5.0 (compatible; Googlebot/2.1; +http://www.google.com/bot.html)"
35.237.230.148 - - [04/Aug/2021:00:54:57 +0000] "GET /tour-package.php?id=23 HTTP/1.0" 302 233 "-" "ZoominfoBot (zoominfobot at zoominfo dot com)"
35.237.230.148 - - [04/Aug/2021:00:54:58 +0000] "GET /tour-package.php?id=23 HTTP/1.0" 200 57946 "-" "ZoominfoBot (zoominfobot at zoominfo dot com)"
35.237.230.148 - - [04/Aug/2021:01:00:15 +0000] "GET /tour-package.php?id=13 HTTP/1.0" 302 233 "-" "ZoominfoBot (zoominfobot at zoominfo dot com)"
35.237.230.148 - - [04/Aug/2021:01:00:15 +0000] "GET /tour-package.php?id=13 HTTP/1.0" 200 64719 "-" "ZoominfoBot (zoominfobot at zoominfo dot com)"
35.237.230.148 - - [04/Aug/2021:01:05:03 +0000] "GET /services.php HTTP/1.0" 302 223 "-" "ZoominfoBot (zoominfobot at zoominfo dot com)"
35.237.230.148 - - [04/Aug/2021:01:05:04 +0000] "GET /services.php HTTP/1.0" 200 56425 "-" "ZoominfoBot (zoominfobot at zoominfo dot com)"
35.237.230.148 - - [04/Aug/2021:01:05:25 +0000] "GET /tour-package.php?id=17 HTTP/1.0" 302 233 "-" "ZoominfoBot (zoominfobot at zoominfo dot com)"
35.237.230.148 - - [04/Aug/2021:01:05:25 +0000] "GET /tour-package.php?id=17 HTTP/1.0" 200 61812 "-" "ZoominfoBot (zoominfobot at zoominfo dot com)"
114.119.157.24 - - [04/Aug/2021:01:07:50 +0000] "GET /galleryimg/3921701download%20%282%29.jpg HTTP/1.1" 200 13499 "-" "Mozilla/5.0 (Linux; Android 7.0;) AppleWebKit/537.36 (KHTML, like Gecko) Mobile Safari/537.36 (compatible; PetalBot;+https://webmaster.petalsearch.com/site/petalbot)"
35.237.230.148 - - [04/Aug/2021:01:09:31 +0000] "GET /tour-package.php?id=30 HTTP/1.0" 302 233 "-" "ZoominfoBot (zoominfobot at zoominfo dot com)"
35.237.230.148 - - [04/Aug/2021:01:09:32 +0000] "GET /tour-package.php?id=30 HTTP/1.0" 200 55085 "-" "ZoominfoBot (zoominfobot at zoominfo dot com)"
35.237.230.148 - - [04/Aug/2021:01:14:26 +0000] "GET /about.php HTTP/1.0" 302 220 "-" "ZoominfoBot (zoominfobot at zoominfo dot com)"
35.237.230.148 - - [04/Aug/2021:01:14:27 +0000] "GET /about.php HTTP/1.0" 200 57479 "-" "ZoominfoBot (zoominfobot at zoominfo dot com)"
35.237.230.148 - - [04/Aug/2021:01:14:51 +0000] "GET /tour-package.php?id=20 HTTP/1.0" 302 233 "-" "ZoominfoBot (zoominfobot at zoominfo dot com)"
35.237.230.148 - - [04/Aug/2021:01:14:51 +0000] "GET /tour-package.php?id=20 HTTP/1.0" 200 58920 "-" "ZoominfoBot (zoominfobot at zoominfo dot com)"
216.244.66.236 - - [04/Aug/2021:01:18:46 +0000] "GET /robots.txt HTTP/1.1" 404 78307 "-" "Mozilla/5.0 (compatible; DotBot/1.2; +https://opensiteexplorer.org/dotbot; help@moz.com)"
35.237.230.148 - - [04/Aug/2021:01:20:15 +0000] "GET /tour-package.php?id=24 HTTP/1.0" 302 233 "-" "ZoominfoBot (zoominfobot at zoominfo dot com)"
35.237.230.148 - - [04/Aug/2021:01:20:16 +0000] "GET /tour-package.php?id=24 HTTP/1.0" 200 57948 "-" "ZoominfoBot (zoominfobot at zoominfo dot com)"
35.237.230.148 - - [04/Aug/2021:01:20:20 +0000] "GET /tour-package.php?id=10 HTTP/1.0" 302 233 "-" "ZoominfoBot (zoominfobot at zoominfo dot com)"
35.237.230.148 - - [04/Aug/2021:01:20:21 +0000] "GET /tour-package.php?id=10 HTTP/1.0" 200 55085 "-" "ZoominfoBot (zoominfobot at zoominfo dot com)"
35.223.25.142 - - [04/Aug/2021:01:22:25 +0000] "GET / HTTP/1.1" 200 78293 "-" "-"
35.237.230.148 - - [04/Aug/2021:01:22:54 +0000] "GET /pagecontents.php?url=Cancellation-Policy HTTP/1.0" 302 251 "-" "ZoominfoBot (zoominfobot at zoominfo dot com)"
35.237.230.148 - - [04/Aug/2021:01:22:54 +0000] "GET /pagecontents.php?url=Cancellation-Policy HTTP/1.0" 200 50964 "-" "ZoominfoBot (zoominfobot at zoominfo dot com)"
35.237.230.148 - - [04/Aug/2021:01:25:50 +0000] "GET /tour-package.php?id=28 HTTP/1.0" 302 233 "-" "ZoominfoBot (zoominfobot at zoominfo dot com)"
35.237.230.148 - - [04/Aug/2021:01:25:51 +0000] "GET /tour-package.php?id=28 HTTP/1.0" 200 65751 "-" "ZoominfoBot (zoominfobot at zoominfo dot com)"
35.237.230.148 - - [04/Aug/2021:01:25:54 +0000] "GET /tour-package.php?id=14 HTTP/1.0" 302 233 "-" "ZoominfoBot (zoominfobot at zoominfo dot com)"
35.237.230.148 - - [04/Aug/2021:01:25:55 +0000] "GET /tour-package.php?id=14 HTTP/1.0" 200 58793 "-" "ZoominfoBot (zoominfobot at zoominfo dot com)"
216.244.66.236 - - [04/Aug/2021:01:26:35 +0000] "GET /RajasthanHoneymoonPackage.html HTTP/1.1" 200 61422 "-" "Mozilla/5.0 (compatible; DotBot/1.2; +https://opensiteexplorer.org/dotbot; help@moz.com)"
35.237.230.148 - - [04/Aug/2021:01:34:26 +0000] "GET /pagecontents.php?url=Pyament-Option HTTP/1.0" 302 246 "-" "ZoominfoBot (zoominfobot at zoominfo dot com)"
35.237.230.148 - - [04/Aug/2021:01:34:27 +0000] "GET /pagecontents.php?url=Pyament-Option HTTP/1.0" 200 50964 "-" "ZoominfoBot (zoominfobot at zoominfo dot com)"
35.237.230.148 - - [04/Aug/2021:01:35:48 +0000] "GET /pagecontents.php?url=Return-and-Refund-Policy HTTP/1.0" 302 256 "-" "ZoominfoBot (zoominfobot at zoominfo dot com)"
35.237.230.148 - - [04/Aug/2021:01:35:49 +0000] "GET /pagecontents.php?url=Return-and-Refund-Policy HTTP/1.0" 200 50964 "-" "ZoominfoBot (zoominfobot at zoominfo dot com)"
35.237.230.148 - - [04/Aug/2021:01:38:07 +0000] "GET /index.php HTTP/1.0" 302 220 "-" "ZoominfoBot (zoominfobot at zoominfo dot com)"
35.237.230.148 - - [04/Aug/2021:01:38:08 +0000] "GET /index.php HTTP/1.0" 301 235 "-" "ZoominfoBot (zoominfobot at zoominfo dot com)"
35.237.230.148 - - [04/Aug/2021:01:38:08 +0000] "GET / HTTP/1.0" 200 78293 "-" "ZoominfoBot (zoominfobot at zoominfo dot com)"
185.191.171.10 - - [04/Aug/2021:01:38:23 +0000] "GET /robots.txt HTTP/1.1" 404 78307 "-" "Mozilla/5.0 (compatible; SemrushBot/7~bl; +http://www.semrush.com/bot.html)"
185.191.171.41 - - [04/Aug/2021:01:38:24 +0000] "GET /tour-package.php?id=15 HTTP/1.1" 200 65841 "-" "Mozilla/5.0 (compatible; SemrushBot/7~bl; +http://www.semrush.com/bot.html)"
35.237.230.148 - - [04/Aug/2021:01:41:11 +0000] "GET /tour-package.php?id=21 HTTP/1.0" 302 233 "-" "ZoominfoBot (zoominfobot at zoominfo dot com)"
35.237.230.148 - - [04/Aug/2021:01:41:11 +0000] "GET /tour-package.php?id=21 HTTP/1.0" 200 57872 "-" "ZoominfoBot (zoominfobot at zoominfo dot com)"
49.7.20.91 - - [04/Aug/2021:01:43:27 +0000] "GET / HTTP/1.1" 200 78293 "-" "Sogou web spider/4.0(+http://www.sogou.com/docs/help/webmasters.htm#07)"
216.244.66.236 - - [04/Aug/2021:01:43:44 +0000] "GET /3-countries-magic-tour/tour-package.php?id=26 HTTP/1.1" 404 78342 "-" "Mozilla/5.0 (compatible; DotBot/1.2; +https://opensiteexplorer.org/dotbot; help@moz.com)"
35.237.230.148 - - [04/Aug/2021:01:45:36 +0000] "GET /honeymoon-tour-packages.php HTTP/1.0" 302 238 "-" "ZoominfoBot (zoominfobot at zoominfo dot com)"
35.237.230.148 - - [04/Aug/2021:01:45:36 +0000] "GET /honeymoon-tour-packages.php HTTP/1.0" 200 53985 "-" "ZoominfoBot (zoominfobot at zoominfo dot com)"
35.237.230.148 - - [04/Aug/2021:01:46:13 +0000] "GET /tour-package.php?id=25 HTTP/1.0" 302 233 "-" "ZoominfoBot (zoominfobot at zoominfo dot com)"
35.237.230.148 - - [04/Aug/2021:01:46:13 +0000] "GET /tour-package.php?id=25 HTTP/1.0" 200 58055 "-" "ZoominfoBot (zoominfobot at zoominfo dot com)"
35.237.230.148 - - [04/Aug/2021:01:51:28 +0000] "GET /tour-package.php?id=15 HTTP/1.0" 302 233 "-" "ZoominfoBot (zoominfobot at zoominfo dot com)"
35.237.230.148 - - [04/Aug/2021:01:51:28 +0000] "GET /tour-package.php?id=15 HTTP/1.0" 200 65841 "-" "ZoominfoBot (zoominfobot at zoominfo dot com)"
35.237.230.148 - - [04/Aug/2021:01:56:37 +0000] "GET /tour-package.php?id=19 HTTP/1.0" 302 233 "-" "ZoominfoBot (zoominfobot at zoominfo dot com)"
35.237.230.148 - - [04/Aug/2021:01:56:38 +0000] "GET /tour-package.php?id=19 HTTP/1.0" 200 65720 "-" "ZoominfoBot (zoominfobot at zoominfo dot com)"
35.237.230.148 - - [04/Aug/2021:02:00:50 +0000] "GET /tour-package.php?id=1 HTTP/1.0" 302 232 "-" "ZoominfoBot (zoominfobot at zoominfo dot com)"
35.237.230.148 - - [04/Aug/2021:02:00:51 +0000] "GET /tour-package.php?id=1 HTTP/1.0" 200 65712 "-" "ZoominfoBot (zoominfobot at zoominfo dot com)"
35.237.230.148 - - [04/Aug/2021:02:01:10 +0000] "GET /pagecontents.php?url=Terms-and-Conditions HTTP/1.0" 302 252 "-" "ZoominfoBot (zoominfobot at zoominfo dot com)"
35.237.230.148 - - [04/Aug/2021:02:01:11 +0000] "GET /pagecontents.php?url=Terms-and-Conditions HTTP/1.0" 200 53481 "-" "ZoominfoBot (zoominfobot at zoominfo dot com)"
54.188.216.70 - - [04/Aug/2021:02:01:57 +0000] "GET / HTTP/1.1" 200 78293 "-" "Opera/9.80 (Windows NT 6.1; WOW64; U; pt) Presto/2.10.229 Version/11.62"
173.244.209.62 - - [04/Aug/2021:02:07:35 +0000] "GET / HTTP/1.1" 302 211 "-" "Mozilla/5.0 (Macintosh; Intel Mac OS X 10_13_4) AppleWebKit/537.36 (KHTML, like Gecko) Chrome/61.0.3163.79 Safari/537.36"
173.244.209.62 - - [04/Aug/2021:02:07:36 +0000] "GET / HTTP/1.1" 200 78293 "-" "Mozilla/5.0 (Macintosh; Intel Mac OS X 10_13_4) AppleWebKit/537.36 (KHTML, like Gecko) Chrome/61.0.3163.79 Safari/537.36"
173.244.209.62 - - [04/Aug/2021:02:07:38 +0000] "GET / HTTP/1.1" 302 211 "https://indiatravelkart.com/" "Mozilla/5.0 (Macintosh; Intel Mac OS X 10_13_4) AppleWebKit/537.36 (KHTML, like Gecko) Chrome/61.0.3163.79 Safari/537.36"
173.244.209.62 - - [04/Aug/2021:02:07:50 +0000] "GET / HTTP/1.1" 200 78293 "-" "Mozilla/5.0 (Macintosh; Intel Mac OS X 10_13_4) AppleWebKit/537.36 (KHTML, like Gecko) Chrome/61.0.3163.79 Safari/537.36"
173.244.209.62 - - [04/Aug/2021:02:07:55 +0000] "POST /submit-enquiry.php HTTP/1.1" 200 22 "http://indiatravelkart.com/" "Mozilla/5.0 (Macintosh; Intel Mac OS X 10_13_4) AppleWebKit/537.36 (KHTML, like Gecko) Chrome/61.0.3163.79 Safari/537.36"
54.36.148.252 - - [04/Aug/2021:02:12:24 +0000] "GET /robots.txt HTTP/1.1" 301 249 "-" "Mozilla/5.0 (compatible; AhrefsBot/7.0; +http://ahrefs.com/robot/)"
54.36.148.252 - - [04/Aug/2021:02:12:25 +0000] "GET /robots.txt HTTP/1.1" 404 78307 "-" "Mozilla/5.0 (compatible; AhrefsBot/7.0; +http://ahrefs.com/robot/)"
54.36.148.235 - - [04/Aug/2021:02:12:26 +0000] "GET / HTTP/1.1" 200 78293 "-" "Mozilla/5.0 (compatible; AhrefsBot/7.0; +http://ahrefs.com/robot/)"
168.119.65.120 - - [04/Aug/2021:02:12:28 +0000] "GET /css/font-awesome.min.css HTTP/1.1" 200 27490 "http://indiatravelkart.com/" "Mozilla/5.0 (compatible; AhrefsBot/7.0; +http://ahrefs.com/robot/)"
168.119.65.120 - - [04/Aug/2021:02:12:28 +0000] "GET /css/owl.carousel.css HTTP/1.1" 200 7603 "http://indiatravelkart.com/" "Mozilla/5.0 (compatible; AhrefsBot/7.0; +http://ahrefs.com/robot/)"
168.119.65.120 - - [04/Aug/2021:02:12:28 +0000] "GET /css/meanmenu.min.css HTTP/1.1" 200 2732 "http://indiatravelkart.com/" "Mozilla/5.0 (compatible; AhrefsBot/7.0; +http://ahrefs.com/robot/)"
168.119.65.120 - - [04/Aug/2021:02:12:28 +0000] "GET /css/jquery-ui.css HTTP/1.1" 200 35228 "http://indiatravelkart.com/" "Mozilla/5.0 (compatible; AhrefsBot/7.0; +http://ahrefs.com/robot/)"
168.119.65.120 - - [04/Aug/2021:02:12:28 +0000] "GET /css/animate.css HTTP/1.1" 200 70824 "http://indiatravelkart.com/" "Mozilla/5.0 (compatible; AhrefsBot/7.0; +http://ahrefs.com/robot/)"
168.119.65.120 - - [04/Aug/2021:02:12:28 +0000] "GET /lib/nivo-slider/css/nivo-slider.css HTTP/1.1" 200 8098 "http://indiatravelkart.com/" "Mozilla/5.0 (compatible; AhrefsBot/7.0; +http://ahrefs.com/robot/)"
168.119.65.120 - - [04/Aug/2021:02:12:28 +0000] "GET /lib/nivo-slider/css/preview.css HTTP/1.1" 200 5624 "http://indiatravelkart.com/" "Mozilla/5.0 (compatible; AhrefsBot/7.0; +http://ahrefs.com/robot/)"
168.119.65.120 - - [04/Aug/2021:02:12:28 +0000] "GET /css/responsive.css HTTP/1.1" 200 27655 "http://indiatravelkart.com/" "Mozilla/5.0 (compatible; AhrefsBot/7.0; +http://ahrefs.com/robot/)"
168.119.65.120 - - [04/Aug/2021:02:12:28 +0000] "GET /js/vendor/modernizr-2.8.3.min.js HTTP/1.1" 200 15514 "http://indiatravelkart.com/" "Mozilla/5.0 (compatible; AhrefsBot/7.0; +http://ahrefs.com/robot/)"
168.119.65.120 - - [04/Aug/2021:02:12:28 +0000] "GET /scripts/gen_validatorv4.js HTTP/1.1" 200 32085 "http://indiatravelkart.com/" "Mozilla/5.0 (compatible; AhrefsBot/7.0; +http://ahrefs.com/robot/)"
168.119.65.120 - - [04/Aug/2021:02:12:28 +0000] "GET /css/bootstrap.min.css HTTP/1.1" 200 138183 "http://indiatravelkart.com/" "Mozilla/5.0 (compatible; AhrefsBot/7.0; +http://ahrefs.com/robot/)"
168.119.65.120 - - [04/Aug/2021:02:12:28 +0000] "GET /style.css HTTP/1.1" 200 115813 "http://indiatravelkart.com/" "Mozilla/5.0 (compatible; AhrefsBot/7.0; +http://ahrefs.com/robot/)"
168.119.65.120 - - [04/Aug/2021:02:12:28 +0000] "GET /js/bootstrap.min.js HTTP/1.1" 200 36868 "http://indiatravelkart.com/" "Mozilla/5.0 (compatible; AhrefsBot/7.0; +http://ahrefs.com/robot/)"
168.119.65.120 - - [04/Aug/2021:02:12:28 +0000] "GET /lib/nivo-slider/home.js HTTP/1.1" 200 724 "http://indiatravelkart.com/" "Mozilla/5.0 (compatible; AhrefsBot/7.0; +http://ahrefs.com/robot/)"
168.119.65.120 - - [04/Aug/2021:02:12:28 +0000] "GET /lib/nivo-slider/js/jquery.nivo.slider.js HTTP/1.1" 200 29113 "http://indiatravelkart.com/" "Mozilla/5.0 (compatible; AhrefsBot/7.0; +http://ahrefs.com/robot/)"
168.119.65.120 - - [04/Aug/2021:02:12:28 +0000] "GET /js/vendor/jquery-1.11.3.min.js HTTP/1.1" 200 95992 "http://indiatravelkart.com/" "Mozilla/5.0 (compatible; AhrefsBot/7.0; +http://ahrefs.com/robot/)"
168.119.65.120 - - [04/Aug/2021:02:12:28 +0000] "GET /js/jquery.meanmenu.js HTTP/1.1" 200 11467 "http://indiatravelkart.com/" "Mozilla/5.0 (compatible; AhrefsBot/7.0; +http://ahrefs.com/robot/)"
168.119.65.120 - - [04/Aug/2021:02:12:28 +0000] "GET /js/wow.min.js HTTP/1.1" 200 8426 "http://indiatravelkart.com/" "Mozilla/5.0 (compatible; AhrefsBot/7.0; +http://ahrefs.com/robot/)"
168.119.65.120 - - [04/Aug/2021:02:12:29 +0000] "GET /fonts/fontawesome-webfont3295.woff2?v=4.5.0 HTTP/1.1" 200 66624 "http://indiatravelkart.com/css/font-awesome.min.css" "Mozilla/5.0 (compatible; AhrefsBot/7.0; +http://ahrefs.com/robot/)"
168.119.65.120 - - [04/Aug/2021:02:12:29 +0000] "GET /js/jquery-price-slider.js HTTP/1.1" 200 24017 "http://indiatravelkart.com/" "Mozilla/5.0 (compatible; AhrefsBot/7.0; +http://ahrefs.com/robot/)"
168.119.65.120 - - [04/Aug/2021:02:12:29 +0000] "GET /js/owl.carousel.min.js HTTP/1.1" 200 23890 "http://indiatravelkart.com/" "Mozilla/5.0 (compatible; AhrefsBot/7.0; +http://ahrefs.com/robot/)"
168.119.65.120 - - [04/Aug/2021:02:12:29 +0000] "GET /js/jquery.scrollUp.min.js HTTP/1.1" 200 2035 "http://indiatravelkart.com/" "Mozilla/5.0 (compatible; AhrefsBot/7.0; +http://ahrefs.com/robot/)"
168.119.65.120 - - [04/Aug/2021:02:12:29 +0000] "GET /js/waypoints.min.js HTTP/1.1" 200 8044 "http://indiatravelkart.com/" "Mozilla/5.0 (compatible; AhrefsBot/7.0; +http://ahrefs.com/robot/)"
168.119.65.120 - - [04/Aug/2021:02:12:29 +0000] "GET /js/jquery.counterup.min.js HTTP/1.1" 200 1067 "http://indiatravelkart.com/" "Mozilla/5.0 (compatible; AhrefsBot/7.0; +http://ahrefs.com/robot/)"
168.119.65.120 - - [04/Aug/2021:02:12:29 +0000] "GET /js/main.js HTTP/1.1" 200 2518 "http://indiatravelkart.com/" "Mozilla/5.0 (compatible; AhrefsBot/7.0; +http://ahrefs.com/robot/)"
168.119.65.120 - - [04/Aug/2021:02:12:29 +0000] "GET /js/plugins.js HTTP/1.1" 200 760 "http://indiatravelkart.com/" "Mozilla/5.0 (compatible; AhrefsBot/7.0; +http://ahrefs.com/robot/)"
143.244.184.155 - - [04/Aug/2021:02:13:16 +0000] "GET /wp-admin/css/ HTTP/1.1" 301 252 "binance.com" "Mozilla/5.0 (Windows NT 10.0; Win64; x64) AppleWebKit/537.36 (KHTML, like Gecko) Chrome/90.0.4430.85 Safari/537.36"
143.244.184.155 - - [04/Aug/2021:02:13:24 +0000] "GET /wp-admin/css/ HTTP/1.1" 404 78310 "binance.com" "Mozilla/5.0 (Windows NT 10.0; Win64; x64) AppleWebKit/537.36 (KHTML, like Gecko) Chrome/90.0.4430.85 Safari/537.36"
143.244.184.155 - - [04/Aug/2021:02:13:30 +0000] "GET /.well-known/ HTTP/1.1" 301 251 "binance.com" "Mozilla/5.0 (Windows NT 10.0; Win64; x64) AppleWebKit/537.36 (KHTML, like Gecko) Chrome/90.0.4430.85 Safari/537.36"
143.244.184.155 - - [04/Aug/2021:02:13:36 +0000] "GET /.well-known/ HTTP/1.1" 404 78309 "binance.com" "Mozilla/5.0 (Windows NT 10.0; Win64; x64) AppleWebKit/537.36 (KHTML, like Gecko) Chrome/90.0.4430.85 Safari/537.36"
143.244.184.155 - - [04/Aug/2021:02:13:42 +0000] "GET /sites/default/files/ HTTP/1.1" 301 259 "binance.com" "Mozilla/5.0 (Windows NT 10.0; Win64; x64) AppleWebKit/537.36 (KHTML, like Gecko) Chrome/90.0.4430.85 Safari/537.36"
143.244.184.155 - - [04/Aug/2021:02:13:48 +0000] "GET /sites/default/files/ HTTP/1.1" 404 78317 "binance.com" "Mozilla/5.0 (Windows NT 10.0; Win64; x64) AppleWebKit/537.36 (KHTML, like Gecko) Chrome/90.0.4430.85 Safari/537.36"
143.244.184.155 - - [04/Aug/2021:02:13:53 +0000] "GET /admin/controller/extension/extension/ HTTP/1.1" 301 276 "binance.com" "Mozilla/5.0 (Windows NT 10.0; Win64; x64) AppleWebKit/537.36 (KHTML, like Gecko) Chrome/90.0.4430.85 Safari/537.36"
143.244.184.155 - - [04/Aug/2021:02:13:58 +0000] "GET /admin/controller/extension/extension/ HTTP/1.1" 404 78334 "binance.com" "Mozilla/5.0 (Windows NT 10.0; Win64; x64) AppleWebKit/537.36 (KHTML, like Gecko) Chrome/90.0.4430.85 Safari/537.36"
143.244.184.155 - - [04/Aug/2021:02:14:06 +0000] "GET /uploads/ HTTP/1.1" 301 247 "binance.com" "Mozilla/5.0 (Windows NT 10.0; Win64; x64) AppleWebKit/537.36 (KHTML, like Gecko) Chrome/90.0.4430.85 Safari/537.36"
143.244.184.155 - - [04/Aug/2021:02:14:16 +0000] "GET /uploads/ HTTP/1.1" 200 50964 "binance.com" "Mozilla/5.0 (Windows NT 10.0; Win64; x64) AppleWebKit/537.36 (KHTML, like Gecko) Chrome/90.0.4430.85 Safari/537.36"
143.244.184.155 - - [04/Aug/2021:02:14:27 +0000] "GET /images/ HTTP/1.1" 301 246 "binance.com" "Mozilla/5.0 (Windows NT 10.0; Win64; x64) AppleWebKit/537.36 (KHTML, like Gecko) Chrome/90.0.4430.85 Safari/537.36"
143.244.184.155 - - [04/Aug/2021:02:14:33 +0000] "GET /images/ HTTP/1.1" 200 50964 "binance.com" "Mozilla/5.0 (Windows NT 10.0; Win64; x64) AppleWebKit/537.36 (KHTML, like Gecko) Chrome/90.0.4430.85 Safari/537.36"
143.244.184.155 - - [04/Aug/2021:02:14:38 +0000] "GET /files/ HTTP/1.1" 301 245 "binance.com" "Mozilla/5.0 (Windows NT 10.0; Win64; x64) AppleWebKit/537.36 (KHTML, like Gecko) Chrome/90.0.4430.85 Safari/537.36"
143.244.184.155 - - [04/Aug/2021:02:14:48 +0000] "GET /files/ HTTP/1.1" 200 50964 "binance.com" "Mozilla/5.0 (Windows NT 10.0; Win64; x64) AppleWebKit/537.36 (KHTML, like Gecko) Chrome/90.0.4430.85 Safari/537.36"
66.249.66.75 - - [04/Aug/2021:02:23:34 +0000] "GET /robots.txt HTTP/1.1" 302 221 "-" "Mozilla/5.0 (compatible; Googlebot/2.1; +http://www.google.com/bot.html)"
66.249.66.95 - - [04/Aug/2021:02:23:35 +0000] "GET /robots.txt HTTP/1.1" 301 249 "-" "Mozilla/5.0 (compatible; Googlebot/2.1; +http://www.google.com/bot.html)"
66.249.66.59 - - [04/Aug/2021:02:23:35 +0000] "GET /robots.txt HTTP/1.1" 404 78307 "-" "Mozilla/5.0 (compatible; Googlebot/2.1; +http://www.google.com/bot.html)"
66.249.66.74 - - [04/Aug/2021:02:23:37 +0000] "GET /pagecontents.php?url=Pyament-Option HTTP/1.1" 302 246 "-" "Mozilla/5.0 (compatible; Googlebot/2.1; +http://www.google.com/bot.html)"
66.249.66.65 - - [04/Aug/2021:02:23:38 +0000] "GET /pagecontents.php?url=Pyament-Option HTTP/1.1" 200 50964 "-" "Mozilla/5.0 (compatible; Googlebot/2.1; +http://www.google.com/bot.html)"
66.249.66.74 - - [04/Aug/2021:02:30:39 +0000] "GET / HTTP/1.1" 302 211 "-" "Mozilla/5.0 (compatible; Googlebot/2.1; +http://www.google.com/bot.html)"
66.249.66.95 - - [04/Aug/2021:02:30:42 +0000] "GET / HTTP/1.1" 200 78293 "-" "Mozilla/5.0 (compatible; Googlebot/2.1; +http://www.google.com/bot.html)"
66.249.66.76 - - [04/Aug/2021:02:45:42 +0000] "GET /tour-package.php?id=17 HTTP/1.1" 302 233 "-" "Mozilla/5.0 (Linux; Android 6.0.1; Nexus 5X Build/MMB29P) AppleWebKit/537.36 (KHTML, like Gecko) Chrome/92.0.4515.119 Mobile Safari/537.36 (compatible; Googlebot/2.1; +http://www.google.com/bot.html)"
66.249.66.67 - - [04/Aug/2021:02:45:42 +0000] "GET /tour-package.php?id=17 HTTP/1.1" 200 61812 "-" "Mozilla/5.0 (Linux; Android 6.0.1; Nexus 5X Build/MMB29P) AppleWebKit/537.36 (KHTML, like Gecko) Chrome/92.0.4515.119 Mobile Safari/537.36 (compatible; Googlebot/2.1; +http://www.google.com/bot.html)"
34.138.244.91 - - [04/Aug/2021:02:48:00 +0000] "GET /robots.txt HTTP/1.0" 302 221 "-" "ZoominfoBot (zoominfobot at zoominfo dot com)"
34.138.244.91 - - [04/Aug/2021:02:48:00 +0000] "GET /robots.txt HTTP/1.1" 301 249 "-" "ZoominfoBot (zoominfobot at zoominfo dot com)"
34.138.244.91 - - [04/Aug/2021:02:48:01 +0000] "GET /robots.txt HTTP/1.1" 404 78307 "-" "ZoominfoBot (zoominfobot at zoominfo dot com)"
34.138.244.91 - - [04/Aug/2021:02:48:04 +0000] "GET /tour-package.php?id=22 HTTP/1.0" 302 233 "-" "ZoominfoBot (zoominfobot at zoominfo dot com)"
34.138.244.91 - - [04/Aug/2021:02:48:04 +0000] "GET /robots.txt HTTP/1.0" 301 249 "-" "ZoominfoBot (zoominfobot at zoominfo dot com)"
34.138.244.91 - - [04/Aug/2021:02:48:04 +0000] "GET /robots.txt HTTP/1.1" 404 78307 "-" "ZoominfoBot (zoominfobot at zoominfo dot com)"
34.138.244.91 - - [04/Aug/2021:02:48:06 +0000] "GET /pagecontents.php?url=Privacy-Policy HTTP/1.0" 302 246 "-" "ZoominfoBot (zoominfobot at zoominfo dot com)"
34.138.244.91 - - [04/Aug/2021:02:48:06 +0000] "GET /robots.txt HTTP/1.0" 301 249 "-" "ZoominfoBot (zoominfobot at zoominfo dot com)"
34.138.244.91 - - [04/Aug/2021:02:48:07 +0000] "GET /robots.txt HTTP/1.1" 404 78307 "-" "ZoominfoBot (zoominfobot at zoominfo dot com)"
34.138.244.91 - - [04/Aug/2021:02:48:09 +0000] "GET /tour-package.php?id=22 HTTP/1.0" 200 58102 "-" "ZoominfoBot (zoominfobot at zoominfo dot com)"
34.138.244.91 - - [04/Aug/2021:02:48:09 +0000] "GET /pagecontents.php?url=Privacy-Policy HTTP/1.0" 200 51008 "-" "ZoominfoBot (zoominfobot at zoominfo dot com)"
34.138.244.91 - - [04/Aug/2021:02:50:11 +0000] "GET /tour-package.php?id=26 HTTP/1.0" 302 233 "-" "ZoominfoBot (zoominfobot at zoominfo dot com)"
34.138.244.91 - - [04/Aug/2021:02:50:11 +0000] "GET /tour-package.php?id=26 HTTP/1.0" 200 57965 "-" "ZoominfoBot (zoominfobot at zoominfo dot com)"
34.138.244.91 - - [04/Aug/2021:02:50:16 +0000] "GET /tour-package.php?id=12 HTTP/1.0" 302 233 "-" "ZoominfoBot (zoominfobot at zoominfo dot com)"
34.138.244.91 - - [04/Aug/2021:02:50:16 +0000] "GET /tour-package.php?id=12 HTTP/1.0" 200 55085 "-" "ZoominfoBot (zoominfobot at zoominfo dot com)"
103.156.92.207 - - [04/Aug/2021:02:54:19 +0000] "GET / HTTP/1.1" 200 78293 "-" "-"
79.125.14.224 - - [04/Aug/2021:02:54:54 +0000] "GET /.env HTTP/1.1" 302 215 "-" "Mozilla/5.0 (X11; Linux x86_64) AppleWebKit/537.36 (KHTML, like Gecko) Chrome/81.0.4044.129 Safari/537.36"
79.125.14.224 - - [04/Aug/2021:02:54:55 +0000] "POST / HTTP/1.1" 302 211 "-" "Mozilla/5.0 (X11; Linux x86_64) AppleWebKit/537.36 (KHTML, like Gecko) Chrome/81.0.4044.129 Safari/537.36"
34.138.244.91 - - [04/Aug/2021:02:55:33 +0000] "GET /tour-package.php?id=16 HTTP/1.0" 302 233 "-" "ZoominfoBot (zoominfobot at zoominfo dot com)"
34.138.244.91 - - [04/Aug/2021:02:55:33 +0000] "GET /tour-package.php?id=16 HTTP/1.0" 200 65697 "-" "ZoominfoBot (zoominfobot at zoominfo dot com)"
66.249.66.59 - - [04/Aug/2021:03:00:39 +0000] "GET /SingaporeTourPackage.html HTTP/1.1" 200 60437 "-" "Mozilla/5.0 (Linux; Android 6.0.1; Nexus 5X Build/MMB29P) AppleWebKit/537.36 (KHTML, like Gecko) Chrome/92.0.4515.119 Mobile Safari/537.36 (compatible; Googlebot/2.1; +http://www.google.com/bot.html)"
34.138.244.91 - - [04/Aug/2021:03:00:42 +0000] "GET /contact.php HTTP/1.0" 302 222 "-" "ZoominfoBot (zoominfobot at zoominfo dot com)"
34.138.244.91 - - [04/Aug/2021:03:00:43 +0000] "GET /contact.php HTTP/1.0" 200 57552 "-" "ZoominfoBot (zoominfobot at zoominfo dot com)"
34.138.244.91 - - [04/Aug/2021:03:01:11 +0000] "GET /hill-station-tour-packages.php HTTP/1.0" 302 241 "-" "ZoominfoBot (zoominfobot at zoominfo dot com)"
34.138.244.91 - - [04/Aug/2021:03:01:11 +0000] "GET /hill-station-tour-packages.php HTTP/1.0" 200 53993 "-" "ZoominfoBot (zoominfobot at zoominfo dot com)"
106.38.241.120 - - [04/Aug/2021:03:07:10 +0000] "GET / HTTP/1.1" 200 78293 "-" "Sogou web spider/4.0(+http://www.sogou.com/docs/help/webmasters.htm#07)"
34.138.244.91 - - [04/Aug/2021:03:09:56 +0000] "GET /tour-package.php?id=23 HTTP/1.0" 302 233 "-" "ZoominfoBot (zoominfobot at zoominfo dot com)"
34.138.244.91 - - [04/Aug/2021:03:09:57 +0000] "GET /tour-package.php?id=23 HTTP/1.0" 200 57946 "-" "ZoominfoBot (zoominfobot at zoominfo dot com)"
52.172.140.171 - - [04/Aug/2021:03:11:24 +0000] "POST / HTTP/1.1" 200 78297 "-" "Mozilla/5.0 (Macintosh; Intel Mac OS X 10_11_5) AppleWebKit/537.36 (KHTML, like Gecko) Chrome/50.0.2661.102 Safari/537.36"
52.172.140.171 - - [04/Aug/2021:03:11:24 +0000] "GET / HTTP/1.1" 200 78297 "-" "Mozilla/5.0 (Macintosh; Intel Mac OS X 10_11_5) AppleWebKit/537.36 (KHTML, like Gecko) Chrome/50.0.2661.102 Safari/537.36"
52.172.140.171 - - [04/Aug/2021:03:14:45 +0000] "GET / HTTP/1.1" 200 78297 "-" "Mozilla/5.0 (Macintosh; Intel Mac OS X 10_11_5) AppleWebKit/537.36 (KHTML, like Gecko) Chrome/50.0.2661.102 Safari/537.36"
34.138.244.91 - - [04/Aug/2021:03:14:53 +0000] "GET /tour-package.php?id=13 HTTP/1.0" 302 233 "-" "ZoominfoBot (zoominfobot at zoominfo dot com)"
34.138.244.91 - - [04/Aug/2021:03:14:53 +0000] "GET /tour-package.php?id=13 HTTP/1.0" 200 64719 "-" "ZoominfoBot (zoominfobot at zoominfo dot com)"
34.138.244.91 - - [04/Aug/2021:03:19:26 +0000] "GET /services.php HTTP/1.0" 302 223 "-" "ZoominfoBot (zoominfobot at zoominfo dot com)"
34.138.244.91 - - [04/Aug/2021:03:19:27 +0000] "GET /services.php HTTP/1.0" 200 56425 "-" "ZoominfoBot (zoominfobot at zoominfo dot com)"
34.138.244.91 - - [04/Aug/2021:03:19:46 +0000] "GET /tour-package.php?id=17 HTTP/1.0" 302 233 "-" "ZoominfoBot (zoominfobot at zoominfo dot com)"
34.138.244.91 - - [04/Aug/2021:03:19:47 +0000] "GET /tour-package.php?id=17 HTTP/1.0" 200 61812 "-" "ZoominfoBot (zoominfobot at zoominfo dot com)"
114.119.159.183 - - [04/Aug/2021:03:23:09 +0000] "GET /robots.txt HTTP/1.1" 302 225 "-" "Mozilla/5.0 (compatible;PetalBot;+https://webmaster.petalsearch.com/site/petalbot)"
114.119.159.183 - - [04/Aug/2021:03:23:09 +0000] "GET /robots.txt HTTP/1.1" 404 78307 "-" "Mozilla/5.0 (compatible;PetalBot;+https://webmaster.petalsearch.com/site/petalbot)"
34.138.244.91 - - [04/Aug/2021:03:23:31 +0000] "GET /tour-package.php?id=30 HTTP/1.0" 302 233 "-" "ZoominfoBot (zoominfobot at zoominfo dot com)"
34.138.244.91 - - [04/Aug/2021:03:23:32 +0000] "GET /tour-package.php?id=30 HTTP/1.0" 200 55085 "-" "ZoominfoBot (zoominfobot at zoominfo dot com)"
34.138.244.91 - - [04/Aug/2021:03:28:05 +0000] "GET /about.php HTTP/1.0" 302 220 "-" "ZoominfoBot (zoominfobot at zoominfo dot com)"
34.138.244.91 - - [04/Aug/2021:03:28:05 +0000] "GET /about.php HTTP/1.0" 200 57479 "-" "ZoominfoBot (zoominfobot at zoominfo dot com)"
207.46.13.30 - - [04/Aug/2021:03:28:08 +0000] "GET /galleryimg/5461196jammu-kashmir-tourism-6-638.jpg HTTP/1.1" 302 260 "-" "Mozilla/5.0 (compatible; bingbot/2.0; +http://www.bing.com/bingbot.htm)"
207.46.13.30 - - [04/Aug/2021:03:28:08 +0000] "GET /galleryimg/5461196jammu-kashmir-tourism-6-638.jpg HTTP/1.1" 200 106639 "-" "Mozilla/5.0 (compatible; bingbot/2.0; +http://www.bing.com/bingbot.htm)"
34.138.244.91 - - [04/Aug/2021:03:28:27 +0000] "GET /tour-package.php?id=20 HTTP/1.0" 302 233 "-" "ZoominfoBot (zoominfobot at zoominfo dot com)"
34.138.244.91 - - [04/Aug/2021:03:28:28 +0000] "GET /tour-package.php?id=20 HTTP/1.0" 200 58920 "-" "ZoominfoBot (zoominfobot at zoominfo dot com)"
34.138.244.91 - - [04/Aug/2021:03:33:29 +0000] "GET /tour-package.php?id=24 HTTP/1.0" 302 233 "-" "ZoominfoBot (zoominfobot at zoominfo dot com)"
34.138.244.91 - - [04/Aug/2021:03:33:30 +0000] "GET /tour-package.php?id=24 HTTP/1.0" 200 57948 "-" "ZoominfoBot (zoominfobot at zoominfo dot com)"
34.138.244.91 - - [04/Aug/2021:03:33:33 +0000] "GET /tour-package.php?id=10 HTTP/1.0" 302 233 "-" "ZoominfoBot (zoominfobot at zoominfo dot com)"
34.138.244.91 - - [04/Aug/2021:03:33:34 +0000] "GET /tour-package.php?id=10 HTTP/1.0" 200 55085 "-" "ZoominfoBot (zoominfobot at zoominfo dot com)"
34.138.244.91 - - [04/Aug/2021:03:36:05 +0000] "GET /pagecontents.php?url=Cancellation-Policy HTTP/1.0" 302 251 "-" "ZoominfoBot (zoominfobot at zoominfo dot com)"
34.138.244.91 - - [04/Aug/2021:03:36:05 +0000] "GET /pagecontents.php?url=Cancellation-Policy HTTP/1.0" 200 50964 "-" "ZoominfoBot (zoominfobot at zoominfo dot com)"
34.138.244.91 - - [04/Aug/2021:03:38:57 +0000] "GET /tour-package.php?id=28 HTTP/1.0" 302 233 "-" "ZoominfoBot (zoominfobot at zoominfo dot com)"
34.138.244.91 - - [04/Aug/2021:03:38:58 +0000] "GET /tour-package.php?id=28 HTTP/1.0" 200 65751 "-" "ZoominfoBot (zoominfobot at zoominfo dot com)"
34.138.244.91 - - [04/Aug/2021:03:39:00 +0000] "GET /tour-package.php?id=14 HTTP/1.0" 302 233 "-" "ZoominfoBot (zoominfobot at zoominfo dot com)"
34.138.244.91 - - [04/Aug/2021:03:39:01 +0000] "GET /tour-package.php?id=14 HTTP/1.0" 200 58793 "-" "ZoominfoBot (zoominfobot at zoominfo dot com)"
45.133.172.23 - - [04/Aug/2021:03:43:23 +0000] "GET /contact.php HTTP/1.0" 302 222 "https://indiatravelkart.com/contact.php" "Mozilla/5.0 (Windows NT 10.0) AppleWebKit/537.36 (KHTML, like Gecko) Chrome/90.0.4430.85 Safari/537.36"
45.133.172.23 - - [04/Aug/2021:03:43:24 +0000] "GET /contact.php HTTP/1.0" 200 57552 "http://indiatravelkart.com/contact.php" "Mozilla/5.0 (Windows NT 10.0) AppleWebKit/537.36 (KHTML, like Gecko) Chrome/90.0.4430.85 Safari/537.36"
144.86.173.24 - - [04/Aug/2021:03:45:48 +0000] "GET / HTTP/1.1" 302 211 "-" "Expanse, a Palo Alto Networks company, searches across the global IPv4 space multiple times per day to identify customers' presences on the Internet. If you would like to be excluded from our scans, please send IP addresses/domains to: scaninfo@paloaltonetworks.com"
34.138.244.91 - - [04/Aug/2021:03:47:08 +0000] "GET /pagecontents.php?url=Pyament-Option HTTP/1.0" 302 246 "-" "ZoominfoBot (zoominfobot at zoominfo dot com)"
34.138.244.91 - - [04/Aug/2021:03:47:08 +0000] "GET /pagecontents.php?url=Pyament-Option HTTP/1.0" 200 50964 "-" "ZoominfoBot (zoominfobot at zoominfo dot com)"
34.138.244.91 - - [04/Aug/2021:03:48:25 +0000] "GET /pagecontents.php?url=Return-and-Refund-Policy HTTP/1.0" 302 256 "-" "ZoominfoBot (zoominfobot at zoominfo dot com)"
34.138.244.91 - - [04/Aug/2021:03:48:25 +0000] "GET /pagecontents.php?url=Return-and-Refund-Policy HTTP/1.0" 200 50964 "-" "ZoominfoBot (zoominfobot at zoominfo dot com)"
34.138.244.91 - - [04/Aug/2021:03:50:31 +0000] "GET /index.php HTTP/1.0" 302 220 "-" "ZoominfoBot (zoominfobot at zoominfo dot com)"
34.138.244.91 - - [04/Aug/2021:03:50:31 +0000] "GET /index.php HTTP/1.0" 301 235 "-" "ZoominfoBot (zoominfobot at zoominfo dot com)"
34.138.244.91 - - [04/Aug/2021:03:50:32 +0000] "GET / HTTP/1.0" 200 78293 "-" "ZoominfoBot (zoominfobot at zoominfo dot com)"
34.138.244.91 - - [04/Aug/2021:03:53:27 +0000] "GET /tour-package.php?id=21 HTTP/1.0" 302 233 "-" "ZoominfoBot (zoominfobot at zoominfo dot com)"
34.138.244.91 - - [04/Aug/2021:03:53:27 +0000] "GET /tour-package.php?id=21 HTTP/1.0" 200 57872 "-" "ZoominfoBot (zoominfobot at zoominfo dot com)"
216.244.66.236 - - [04/Aug/2021:03:56:01 +0000] "GET /robots.txt HTTP/1.1" 404 78307 "-" "Mozilla/5.0 (compatible; DotBot/1.2; +https://opensiteexplorer.org/dotbot; help@moz.com)"
34.138.244.91 - - [04/Aug/2021:03:57:45 +0000] "GET /honeymoon-tour-packages.php HTTP/1.0" 302 238 "-" "ZoominfoBot (zoominfobot at zoominfo dot com)"
34.138.244.91 - - [04/Aug/2021:03:57:45 +0000] "GET /honeymoon-tour-packages.php HTTP/1.0" 200 53985 "-" "ZoominfoBot (zoominfobot at zoominfo dot com)"
34.138.244.91 - - [04/Aug/2021:03:58:22 +0000] "GET /tour-package.php?id=25 HTTP/1.0" 302 233 "-" "ZoominfoBot (zoominfobot at zoominfo dot com)"
34.138.244.91 - - [04/Aug/2021:03:58:23 +0000] "GET /tour-package.php?id=25 HTTP/1.0" 200 58055 "-" "ZoominfoBot (zoominfobot at zoominfo dot com)"
34.138.244.91 - - [04/Aug/2021:04:03:26 +0000] "GET /tour-package.php?id=15 HTTP/1.0" 302 233 "-" "ZoominfoBot (zoominfobot at zoominfo dot com)"
34.138.244.91 - - [04/Aug/2021:04:03:27 +0000] "GET /tour-package.php?id=15 HTTP/1.0" 200 65841 "-" "ZoominfoBot (zoominfobot at zoominfo dot com)"
216.244.66.236 - - [04/Aug/2021:04:04:06 +0000] "GET /about.php HTTP/1.1" 200 57479 "-" "Mozilla/5.0 (compatible; DotBot/1.2; +https://opensiteexplorer.org/dotbot; help@moz.com)"
34.138.244.91 - - [04/Aug/2021:04:08:29 +0000] "GET /tour-package.php?id=19 HTTP/1.0" 302 233 "-" "ZoominfoBot (zoominfobot at zoominfo dot com)"
34.138.244.91 - - [04/Aug/2021:04:08:30 +0000] "GET /tour-package.php?id=19 HTTP/1.0" 200 65720 "-" "ZoominfoBot (zoominfobot at zoominfo dot com)"
216.244.66.236 - - [04/Aug/2021:04:10:39 +0000] "GET /J&KTourwithNewDelhi&Agra.html HTTP/1.1" 200 56927 "-" "Mozilla/5.0 (compatible; DotBot/1.2; +https://opensiteexplorer.org/dotbot; help@moz.com)"
34.138.244.91 - - [04/Aug/2021:04:12:27 +0000] "GET /tour-package.php?id=1 HTTP/1.0" 302 232 "-" "ZoominfoBot (zoominfobot at zoominfo dot com)"
34.138.244.91 - - [04/Aug/2021:04:12:28 +0000] "GET /tour-package.php?id=1 HTTP/1.0" 200 65712 "-" "ZoominfoBot (zoominfobot at zoominfo dot com)"
34.138.244.91 - - [04/Aug/2021:04:12:45 +0000] "GET /pagecontents.php?url=Terms-and-Conditions HTTP/1.0" 302 252 "-" "ZoominfoBot (zoominfobot at zoominfo dot com)"
34.138.244.91 - - [04/Aug/2021:04:12:46 +0000] "GET /pagecontents.php?url=Terms-and-Conditions HTTP/1.0" 200 53481 "-" "ZoominfoBot (zoominfobot at zoominfo dot com)"
216.244.66.236 - - [04/Aug/2021:04:21:37 +0000] "GET /3-countries-magic-tour/tour-package.php?id=25 HTTP/1.1" 404 78342 "-" "Mozilla/5.0 (compatible; DotBot/1.2; +https://opensiteexplorer.org/dotbot; help@moz.com)"
185.191.171.44 - - [04/Aug/2021:04:21:44 +0000] "GET /robots.txt HTTP/1.1" 301 249 "-" "Mozilla/5.0 (compatible; SemrushBot/7~bl; +http://www.semrush.com/bot.html)"
185.191.171.42 - - [04/Aug/2021:04:21:45 +0000] "GET /robots.txt HTTP/1.1" 404 78307 "-" "Mozilla/5.0 (compatible; SemrushBot/7~bl; +http://www.semrush.com/bot.html)"
185.191.171.40 - - [04/Aug/2021:04:21:46 +0000] "GET /tour-package.php?id=24 HTTP/1.1" 200 57948 "-" "Mozilla/5.0 (compatible; SemrushBot/7~bl; +http://www.semrush.com/bot.html)"
