181.214.37.225 - - [24/Oct/2021:01:20:45 +0000] "GET /js/jquery-ui.min.js HTTP/1.1" 200 64541 "https://legalcourtmarriage.in/" "Mozilla/5.0 (iPhone; CPU iPhone OS 13_7 like Mac OS X) AppleWebKit/605.1.15 (KHTML, like Gecko) Version/13.1.2 Mobile/15E148 Safari/604.1"
181.214.37.225 - - [24/Oct/2021:01:20:45 +0000] "GET /assets/rendro-easy-pie-chart/dist/jquery.easypiechart.min.js HTTP/1.1" 200 1663 "https://legalcourtmarriage.in/" "Mozilla/5.0 (iPhone; CPU iPhone OS 13_7 like Mac OS X) AppleWebKit/605.1.15 (KHTML, like Gecko) Version/13.1.2 Mobile/15E148 Safari/604.1"
181.214.37.225 - - [24/Oct/2021:01:20:45 +0000] "GET /js/waypoints.min.js HTTP/1.1" 200 2619 "https://legalcourtmarriage.in/" "Mozilla/5.0 (iPhone; CPU iPhone OS 13_7 like Mac OS X) AppleWebKit/605.1.15 (KHTML, like Gecko) Version/13.1.2 Mobile/15E148 Safari/604.1"
181.214.37.225 - - [24/Oct/2021:01:20:45 +0000] "GET /fonts/fontawesome-webfont93e3.woff2?v=4.4.0 HTTP/1.1" 200 64464 "https://legalcourtmarriage.in/css/font-awesome.min.css" "Mozilla/5.0 (iPhone; CPU iPhone OS 13_7 like Mac OS X) AppleWebKit/605.1.15 (KHTML, like Gecko) Version/13.1.2 Mobile/15E148 Safari/604.1"
181.214.37.225 - - [24/Oct/2021:01:20:45 +0000] "GET /img/2h.png HTTP/1.1" 200 7635 "https://legalcourtmarriage.in/" "Mozilla/5.0 (iPhone; CPU iPhone OS 13_7 like Mac OS X) AppleWebKit/605.1.15 (KHTML, like Gecko) Version/13.1.2 Mobile/15E148 Safari/604.1"
181.214.37.225 - - [24/Oct/2021:01:20:45 +0000] "GET /img/logo.jpg HTTP/1.1" 200 8975 "https://legalcourtmarriage.in/" "Mozilla/5.0 (iPhone; CPU iPhone OS 13_7 like Mac OS X) AppleWebKit/605.1.15 (KHTML, like Gecko) Version/13.1.2 Mobile/15E148 Safari/604.1"
181.214.37.225 - - [24/Oct/2021:01:20:45 +0000] "GET /media/3-column-info/2.jpg HTTP/1.1" 200 129009 "https://legalcourtmarriage.in/" "Mozilla/5.0 (iPhone; CPU iPhone OS 13_7 like Mac OS X) AppleWebKit/605.1.15 (KHTML, like Gecko) Version/13.1.2 Mobile/15E148 Safari/604.1"
181.214.37.225 - - [24/Oct/2021:01:20:46 +0000] "GET /js/jquery.easypiechart.min.js HTTP/1.1" 200 1691 "https://legalcourtmarriage.in/" "Mozilla/5.0 (iPhone; CPU iPhone OS 13_7 like Mac OS X) AppleWebKit/605.1.15 (KHTML, like Gecko) Version/13.1.2 Mobile/15E148 Safari/604.1"
181.214.37.225 - - [24/Oct/2021:01:20:45 +0000] "GET /media/3-column-info/1.jpg HTTP/1.1" 200 134833 "https://legalcourtmarriage.in/" "Mozilla/5.0 (iPhone; CPU iPhone OS 13_7 like Mac OS X) AppleWebKit/605.1.15 (KHTML, like Gecko) Version/13.1.2 Mobile/15E148 Safari/604.1"
181.214.37.225 - - [24/Oct/2021:01:20:46 +0000] "GET /assets/loader/js/pathLoader.js HTTP/1.1" 200 490 "https://legalcourtmarriage.in/" "Mozilla/5.0 (iPhone; CPU iPhone OS 13_7 like Mac OS X) AppleWebKit/605.1.15 (KHTML, like Gecko) Version/13.1.2 Mobile/15E148 Safari/604.1"
181.214.37.225 - - [24/Oct/2021:01:20:46 +0000] "GET /assets/loader/js/classie.js HTTP/1.1" 200 680 "https://legalcourtmarriage.in/" "Mozilla/5.0 (iPhone; CPU iPhone OS 13_7 like Mac OS X) AppleWebKit/605.1.15 (KHTML, like Gecko) Version/13.1.2 Mobile/15E148 Safari/604.1"
181.214.37.225 - - [24/Oct/2021:01:20:46 +0000] "GET /assets/loader/js/main.js HTTP/1.1" 200 866 "https://legalcourtmarriage.in/" "Mozilla/5.0 (iPhone; CPU iPhone OS 13_7 like Mac OS X) AppleWebKit/605.1.15 (KHTML, like Gecko) Version/13.1.2 Mobile/15E148 Safari/604.1"
181.214.37.225 - - [24/Oct/2021:01:20:46 +0000] "GET /js/classie.js HTTP/1.1" 200 327 "https://legalcourtmarriage.in/" "Mozilla/5.0 (iPhone; CPU iPhone OS 13_7 like Mac OS X) AppleWebKit/605.1.15 (KHTML, like Gecko) Version/13.1.2 Mobile/15E148 Safari/604.1"
181.214.37.225 - - [24/Oct/2021:01:20:46 +0000] "GET /assets/switcher/js/switcher.js HTTP/1.1" 200 838 "https://legalcourtmarriage.in/" "Mozilla/5.0 (iPhone; CPU iPhone OS 13_7 like Mac OS X) AppleWebKit/605.1.15 (KHTML, like Gecko) Version/13.1.2 Mobile/15E148 Safari/604.1"
181.214.37.225 - - [24/Oct/2021:01:20:46 +0000] "GET /assets/owl-carousel/owl.carousel.min.js HTTP/1.1" 200 6465 "https://legalcourtmarriage.in/" "Mozilla/5.0 (iPhone; CPU iPhone OS 13_7 like Mac OS X) AppleWebKit/605.1.15 (KHTML, like Gecko) Version/13.1.2 Mobile/15E148 Safari/604.1"
181.214.37.225 - - [24/Oct/2021:01:20:46 +0000] "GET /js/wow.min.js HTTP/1.1" 200 2702 "https://legalcourtmarriage.in/" "Mozilla/5.0 (iPhone; CPU iPhone OS 13_7 like Mac OS X) AppleWebKit/605.1.15 (KHTML, like Gecko) Version/13.1.2 Mobile/15E148 Safari/604.1"
181.214.37.225 - - [24/Oct/2021:01:20:46 +0000] "GET /assets/isotope/jquery.isotope.min.js HTTP/1.1" 200 5057 "https://legalcourtmarriage.in/" "Mozilla/5.0 (iPhone; CPU iPhone OS 13_7 like Mac OS X) AppleWebKit/605.1.15 (KHTML, like Gecko) Version/13.1.2 Mobile/15E148 Safari/604.1"
181.214.37.225 - - [24/Oct/2021:01:20:46 +0000] "GET /js/jquery.placeholder.min.js HTTP/1.1" 200 1157 "https://legalcourtmarriage.in/" "Mozilla/5.0 (iPhone; CPU iPhone OS 13_7 like Mac OS X) AppleWebKit/605.1.15 (KHTML, like Gecko) Version/13.1.2 Mobile/15E148 Safari/604.1"
181.214.37.225 - - [24/Oct/2021:01:20:46 +0000] "GET /js/theme.js HTTP/1.1" 200 1989 "https://legalcourtmarriage.in/" "Mozilla/5.0 (iPhone; CPU iPhone OS 13_7 like Mac OS X) AppleWebKit/605.1.15 (KHTML, like Gecko) Version/13.1.2 Mobile/15E148 Safari/604.1"
181.214.37.225 - - [24/Oct/2021:01:20:46 +0000] "GET /img/footer-bg.png HTTP/1.1" 200 35672 "https://legalcourtmarriage.in/css/theme.css" "Mozilla/5.0 (iPhone; CPU iPhone OS 13_7 like Mac OS X) AppleWebKit/605.1.15 (KHTML, like Gecko) Version/13.1.2 Mobile/15E148 Safari/604.1"
181.214.37.225 - - [24/Oct/2021:01:20:47 +0000] "GET /img/logo-footer.png HTTP/1.1" 200 1620 "https://legalcourtmarriage.in/css/theme.css" "Mozilla/5.0 (iPhone; CPU iPhone OS 13_7 like Mac OS X) AppleWebKit/605.1.15 (KHTML, like Gecko) Version/13.1.2 Mobile/15E148 Safari/604.1"
181.214.37.225 - - [24/Oct/2021:01:20:46 +0000] "GET /media/main-slider/1.jpg HTTP/1.1" 200 425476 "https://legalcourtmarriage.in/" "Mozilla/5.0 (iPhone; CPU iPhone OS 13_7 like Mac OS X) AppleWebKit/605.1.15 (KHTML, like Gecko) Version/13.1.2 Mobile/15E148 Safari/604.1"
181.214.37.225 - - [24/Oct/2021:01:20:46 +0000] "GET /media/3-column-info/3.jpg HTTP/1.1" 200 137054 "https://legalcourtmarriage.in/" "Mozilla/5.0 (iPhone; CPU iPhone OS 13_7 like Mac OS X) AppleWebKit/605.1.15 (KHTML, like Gecko) Version/13.1.2 Mobile/15E148 Safari/604.1"
181.214.37.225 - - [24/Oct/2021:01:20:46 +0000] "GET /media/main-slider/2.jpg HTTP/1.1" 200 420936 "https://legalcourtmarriage.in/" "Mozilla/5.0 (iPhone; CPU iPhone OS 13_7 like Mac OS X) AppleWebKit/605.1.15 (KHTML, like Gecko) Version/13.1.2 Mobile/15E148 Safari/604.1"
181.214.191.121 - - [24/Oct/2021:01:21:24 +0000] "GET / HTTP/1.1" 302 214 "-" "Mozilla/5.0 (iPhone; CPU iPhone OS 13_7 like Mac OS X) AppleWebKit/605.1.15 (KHTML, like Gecko) Version/13.1.2 Mobile/15E148 Safari/604.1"
181.214.191.121 - - [24/Oct/2021:01:21:25 +0000] "GET / HTTP/1.1" 200 4962 "-" "Mozilla/5.0 (iPhone; CPU iPhone OS 13_7 like Mac OS X) AppleWebKit/605.1.15 (KHTML, like Gecko) Version/13.1.2 Mobile/15E148 Safari/604.1"
181.214.191.121 - - [24/Oct/2021:01:21:25 +0000] "GET /css/master.css HTTP/1.1" 200 376 "https://legalcourtmarriage.in/" "Mozilla/5.0 (iPhone; CPU iPhone OS 13_7 like Mac OS X) AppleWebKit/605.1.15 (KHTML, like Gecko) Version/13.1.2 Mobile/15E148 Safari/604.1"
181.214.191.121 - - [24/Oct/2021:01:21:25 +0000] "GET /gen_validatorv4.js HTTP/1.1" 200 5646 "https://legalcourtmarriage.in/" "Mozilla/5.0 (iPhone; CPU iPhone OS 13_7 like Mac OS X) AppleWebKit/605.1.15 (KHTML, like Gecko) Version/13.1.2 Mobile/15E148 Safari/604.1"
181.214.191.121 - - [24/Oct/2021:01:21:26 +0000] "GET /css/bootstrap.min.css HTTP/1.1" 200 19888 "https://legalcourtmarriage.in/css/master.css" "Mozilla/5.0 (iPhone; CPU iPhone OS 13_7 like Mac OS X) AppleWebKit/605.1.15 (KHTML, like Gecko) Version/13.1.2 Mobile/15E148 Safari/604.1"
181.214.191.121 - - [24/Oct/2021:01:21:26 +0000] "GET /css/skin-bootstrap.css HTTP/1.1" 200 1333 "https://legalcourtmarriage.in/css/master.css" "Mozilla/5.0 (iPhone; CPU iPhone OS 13_7 like Mac OS X) AppleWebKit/605.1.15 (KHTML, like Gecko) Version/13.1.2 Mobile/15E148 Safari/604.1"
181.214.191.121 - - [24/Oct/2021:01:21:26 +0000] "GET /css/responsive.css HTTP/1.1" 200 2627 "https://legalcourtmarriage.in/css/master.css" "Mozilla/5.0 (iPhone; CPU iPhone OS 13_7 like Mac OS X) AppleWebKit/605.1.15 (KHTML, like Gecko) Version/13.1.2 Mobile/15E148 Safari/604.1"
181.214.191.121 - - [24/Oct/2021:01:21:26 +0000] "GET /css/font-awesome.min.css HTTP/1.1" 200 6089 "https://legalcourtmarriage.in/css/master.css" "Mozilla/5.0 (iPhone; CPU iPhone OS 13_7 like Mac OS X) AppleWebKit/605.1.15 (KHTML, like Gecko) Version/13.1.2 Mobile/15E148 Safari/604.1"
181.214.191.121 - - [24/Oct/2021:01:21:26 +0000] "GET /css/theme.css HTTP/1.1" 200 9332 "https://legalcourtmarriage.in/css/master.css" "Mozilla/5.0 (iPhone; CPU iPhone OS 13_7 like Mac OS X) AppleWebKit/605.1.15 (KHTML, like Gecko) Version/13.1.2 Mobile/15E148 Safari/604.1"
181.214.191.121 - - [24/Oct/2021:01:21:26 +0000] "GET /css/animate.css HTTP/1.1" 200 4103 "https://legalcourtmarriage.in/css/master.css" "Mozilla/5.0 (iPhone; CPU iPhone OS 13_7 like Mac OS X) AppleWebKit/605.1.15 (KHTML, like Gecko) Version/13.1.2 Mobile/15E148 Safari/604.1"
181.214.191.121 - - [24/Oct/2021:01:21:26 +0000] "GET /fonts/flaticon/flaticon.css HTTP/1.1" 200 610 "https://legalcourtmarriage.in/css/master.css" "Mozilla/5.0 (iPhone; CPU iPhone OS 13_7 like Mac OS X) AppleWebKit/605.1.15 (KHTML, like Gecko) Version/13.1.2 Mobile/15E148 Safari/604.1"
181.214.191.121 - - [24/Oct/2021:01:21:26 +0000] "GET /css/color.css HTTP/1.1" 200 1943 "https://legalcourtmarriage.in/css/master.css" "Mozilla/5.0 (iPhone; CPU iPhone OS 13_7 like Mac OS X) AppleWebKit/605.1.15 (KHTML, like Gecko) Version/13.1.2 Mobile/15E148 Safari/604.1"
181.214.191.121 - - [24/Oct/2021:01:21:26 +0000] "GET /fonts/simple/simple-line-icons.css HTTP/1.1" 200 2361 "https://legalcourtmarriage.in/css/master.css" "Mozilla/5.0 (iPhone; CPU iPhone OS 13_7 like Mac OS X) AppleWebKit/605.1.15 (KHTML, like Gecko) Version/13.1.2 Mobile/15E148 Safari/604.1"
181.214.191.121 - - [24/Oct/2021:01:21:26 +0000] "GET /assets/loader/css/loader.css HTTP/1.1" 200 1285 "https://legalcourtmarriage.in/css/master.css" "Mozilla/5.0 (iPhone; CPU iPhone OS 13_7 like Mac OS X) AppleWebKit/605.1.15 (KHTML, like Gecko) Version/13.1.2 Mobile/15E148 Safari/604.1"
181.214.191.121 - - [24/Oct/2021:01:21:26 +0000] "GET /assets/owl-carousel/owl.carousel.css HTTP/1.1" 200 528 "https://legalcourtmarriage.in/css/master.css" "Mozilla/5.0 (iPhone; CPU iPhone OS 13_7 like Mac OS X) AppleWebKit/605.1.15 (KHTML, like Gecko) Version/13.1.2 Mobile/15E148 Safari/604.1"
181.214.191.121 - - [24/Oct/2021:01:21:26 +0000] "GET /assets/owl-carousel/owl.theme.css HTTP/1.1" 200 610 "https://legalcourtmarriage.in/css/master.css" "Mozilla/5.0 (iPhone; CPU iPhone OS 13_7 like Mac OS X) AppleWebKit/605.1.15 (KHTML, like Gecko) Version/13.1.2 Mobile/15E148 Safari/604.1"
181.214.191.121 - - [24/Oct/2021:01:21:26 +0000] "GET /assets/isotope/isotope.css HTTP/1.1" 200 953 "https://legalcourtmarriage.in/css/master.css" "Mozilla/5.0 (iPhone; CPU iPhone OS 13_7 like Mac OS X) AppleWebKit/605.1.15 (KHTML, like Gecko) Version/13.1.2 Mobile/15E148 Safari/604.1"
181.214.191.121 - - [24/Oct/2021:01:21:26 +0000] "GET /js/jquery-1.11.3.min.js HTTP/1.1" 200 33279 "https://legalcourtmarriage.in/" "Mozilla/5.0 (iPhone; CPU iPhone OS 13_7 like Mac OS X) AppleWebKit/605.1.15 (KHTML, like Gecko) Version/13.1.2 Mobile/15E148 Safari/604.1"
181.214.191.121 - - [24/Oct/2021:01:21:26 +0000] "GET /js/jquery-ui.min.js HTTP/1.1" 200 64541 "https://legalcourtmarriage.in/" "Mozilla/5.0 (iPhone; CPU iPhone OS 13_7 like Mac OS X) AppleWebKit/605.1.15 (KHTML, like Gecko) Version/13.1.2 Mobile/15E148 Safari/604.1"
181.214.191.121 - - [24/Oct/2021:01:21:26 +0000] "GET /js/bootstrap.min.js HTTP/1.1" 200 9748 "https://legalcourtmarriage.in/" "Mozilla/5.0 (iPhone; CPU iPhone OS 13_7 like Mac OS X) AppleWebKit/605.1.15 (KHTML, like Gecko) Version/13.1.2 Mobile/15E148 Safari/604.1"
181.214.191.121 - - [24/Oct/2021:01:21:26 +0000] "GET /js/modernizr.custom.js HTTP/1.1" 200 3733 "https://legalcourtmarriage.in/" "Mozilla/5.0 (iPhone; CPU iPhone OS 13_7 like Mac OS X) AppleWebKit/605.1.15 (KHTML, like Gecko) Version/13.1.2 Mobile/15E148 Safari/604.1"
181.214.191.121 - - [24/Oct/2021:01:21:26 +0000] "GET /assets/rendro-easy-pie-chart/dist/jquery.easypiechart.min.js HTTP/1.1" 200 1663 "https://legalcourtmarriage.in/" "Mozilla/5.0 (iPhone; CPU iPhone OS 13_7 like Mac OS X) AppleWebKit/605.1.15 (KHTML, like Gecko) Version/13.1.2 Mobile/15E148 Safari/604.1"
181.214.191.121 - - [24/Oct/2021:01:21:26 +0000] "GET /js/waypoints.min.js HTTP/1.1" 200 2619 "https://legalcourtmarriage.in/" "Mozilla/5.0 (iPhone; CPU iPhone OS 13_7 like Mac OS X) AppleWebKit/605.1.15 (KHTML, like Gecko) Version/13.1.2 Mobile/15E148 Safari/604.1"
181.214.191.121 - - [24/Oct/2021:01:21:26 +0000] "GET /fonts/fontawesome-webfont93e3.woff2?v=4.4.0 HTTP/1.1" 200 64464 "https://legalcourtmarriage.in/css/font-awesome.min.css" "Mozilla/5.0 (iPhone; CPU iPhone OS 13_7 like Mac OS X) AppleWebKit/605.1.15 (KHTML, like Gecko) Version/13.1.2 Mobile/15E148 Safari/604.1"
181.214.191.121 - - [24/Oct/2021:01:21:26 +0000] "GET /img/2h.png HTTP/1.1" 200 7635 "https://legalcourtmarriage.in/" "Mozilla/5.0 (iPhone; CPU iPhone OS 13_7 like Mac OS X) AppleWebKit/605.1.15 (KHTML, like Gecko) Version/13.1.2 Mobile/15E148 Safari/604.1"
181.214.191.121 - - [24/Oct/2021:01:21:27 +0000] "GET /img/logo.jpg HTTP/1.1" 200 8975 "https://legalcourtmarriage.in/" "Mozilla/5.0 (iPhone; CPU iPhone OS 13_7 like Mac OS X) AppleWebKit/605.1.15 (KHTML, like Gecko) Version/13.1.2 Mobile/15E148 Safari/604.1"
181.214.191.121 - - [24/Oct/2021:01:21:27 +0000] "GET /js/jquery.easypiechart.min.js HTTP/1.1" 200 1691 "https://legalcourtmarriage.in/" "Mozilla/5.0 (iPhone; CPU iPhone OS 13_7 like Mac OS X) AppleWebKit/605.1.15 (KHTML, like Gecko) Version/13.1.2 Mobile/15E148 Safari/604.1"
181.214.191.121 - - [24/Oct/2021:01:21:27 +0000] "GET /assets/loader/js/classie.js HTTP/1.1" 200 680 "https://legalcourtmarriage.in/" "Mozilla/5.0 (iPhone; CPU iPhone OS 13_7 like Mac OS X) AppleWebKit/605.1.15 (KHTML, like Gecko) Version/13.1.2 Mobile/15E148 Safari/604.1"
181.214.191.121 - - [24/Oct/2021:01:21:27 +0000] "GET /media/3-column-info/1.jpg HTTP/1.1" 200 134833 "https://legalcourtmarriage.in/" "Mozilla/5.0 (iPhone; CPU iPhone OS 13_7 like Mac OS X) AppleWebKit/605.1.15 (KHTML, like Gecko) Version/13.1.2 Mobile/15E148 Safari/604.1"
181.214.191.121 - - [24/Oct/2021:01:21:27 +0000] "GET /assets/loader/js/pathLoader.js HTTP/1.1" 200 490 "https://legalcourtmarriage.in/" "Mozilla/5.0 (iPhone; CPU iPhone OS 13_7 like Mac OS X) AppleWebKit/605.1.15 (KHTML, like Gecko) Version/13.1.2 Mobile/15E148 Safari/604.1"
181.214.191.121 - - [24/Oct/2021:01:21:27 +0000] "GET /assets/loader/js/main.js HTTP/1.1" 200 866 "https://legalcourtmarriage.in/" "Mozilla/5.0 (iPhone; CPU iPhone OS 13_7 like Mac OS X) AppleWebKit/605.1.15 (KHTML, like Gecko) Version/13.1.2 Mobile/15E148 Safari/604.1"
181.214.191.121 - - [24/Oct/2021:01:21:27 +0000] "GET /js/classie.js HTTP/1.1" 200 327 "https://legalcourtmarriage.in/" "Mozilla/5.0 (iPhone; CPU iPhone OS 13_7 like Mac OS X) AppleWebKit/605.1.15 (KHTML, like Gecko) Version/13.1.2 Mobile/15E148 Safari/604.1"
181.214.191.121 - - [24/Oct/2021:01:21:27 +0000] "GET /assets/switcher/js/switcher.js HTTP/1.1" 200 838 "https://legalcourtmarriage.in/" "Mozilla/5.0 (iPhone; CPU iPhone OS 13_7 like Mac OS X) AppleWebKit/605.1.15 (KHTML, like Gecko) Version/13.1.2 Mobile/15E148 Safari/604.1"
181.214.191.121 - - [24/Oct/2021:01:21:27 +0000] "GET /assets/owl-carousel/owl.carousel.min.js HTTP/1.1" 200 6465 "https://legalcourtmarriage.in/" "Mozilla/5.0 (iPhone; CPU iPhone OS 13_7 like Mac OS X) AppleWebKit/605.1.15 (KHTML, like Gecko) Version/13.1.2 Mobile/15E148 Safari/604.1"
181.214.191.121 - - [24/Oct/2021:01:21:27 +0000] "GET /assets/isotope/jquery.isotope.min.js HTTP/1.1" 200 5057 "https://legalcourtmarriage.in/" "Mozilla/5.0 (iPhone; CPU iPhone OS 13_7 like Mac OS X) AppleWebKit/605.1.15 (KHTML, like Gecko) Version/13.1.2 Mobile/15E148 Safari/604.1"
181.214.191.121 - - [24/Oct/2021:01:21:27 +0000] "GET /js/wow.min.js HTTP/1.1" 200 2702 "https://legalcourtmarriage.in/" "Mozilla/5.0 (iPhone; CPU iPhone OS 13_7 like Mac OS X) AppleWebKit/605.1.15 (KHTML, like Gecko) Version/13.1.2 Mobile/15E148 Safari/604.1"
181.214.191.121 - - [24/Oct/2021:01:21:27 +0000] "GET /media/3-column-info/2.jpg HTTP/1.1" 200 129009 "https://legalcourtmarriage.in/" "Mozilla/5.0 (iPhone; CPU iPhone OS 13_7 like Mac OS X) AppleWebKit/605.1.15 (KHTML, like Gecko) Version/13.1.2 Mobile/15E148 Safari/604.1"
181.214.191.121 - - [24/Oct/2021:01:21:27 +0000] "GET /js/jquery.placeholder.min.js HTTP/1.1" 200 1157 "https://legalcourtmarriage.in/" "Mozilla/5.0 (iPhone; CPU iPhone OS 13_7 like Mac OS X) AppleWebKit/605.1.15 (KHTML, like Gecko) Version/13.1.2 Mobile/15E148 Safari/604.1"
181.214.191.121 - - [24/Oct/2021:01:21:27 +0000] "GET /js/theme.js HTTP/1.1" 200 1989 "https://legalcourtmarriage.in/" "Mozilla/5.0 (iPhone; CPU iPhone OS 13_7 like Mac OS X) AppleWebKit/605.1.15 (KHTML, like Gecko) Version/13.1.2 Mobile/15E148 Safari/604.1"
181.214.191.121 - - [24/Oct/2021:01:21:28 +0000] "GET /img/footer-bg.png HTTP/1.1" 200 35672 "https://legalcourtmarriage.in/css/theme.css" "Mozilla/5.0 (iPhone; CPU iPhone OS 13_7 like Mac OS X) AppleWebKit/605.1.15 (KHTML, like Gecko) Version/13.1.2 Mobile/15E148 Safari/604.1"
181.214.191.121 - - [24/Oct/2021:01:21:28 +0000] "GET /img/logo-footer.png HTTP/1.1" 200 1620 "https://legalcourtmarriage.in/css/theme.css" "Mozilla/5.0 (iPhone; CPU iPhone OS 13_7 like Mac OS X) AppleWebKit/605.1.15 (KHTML, like Gecko) Version/13.1.2 Mobile/15E148 Safari/604.1"
181.214.191.121 - - [24/Oct/2021:01:21:27 +0000] "GET /media/main-slider/2.jpg HTTP/1.1" 200 420936 "https://legalcourtmarriage.in/" "Mozilla/5.0 (iPhone; CPU iPhone OS 13_7 like Mac OS X) AppleWebKit/605.1.15 (KHTML, like Gecko) Version/13.1.2 Mobile/15E148 Safari/604.1"
181.214.191.121 - - [24/Oct/2021:01:21:27 +0000] "GET /media/main-slider/1.jpg HTTP/1.1" 200 425476 "https://legalcourtmarriage.in/" "Mozilla/5.0 (iPhone; CPU iPhone OS 13_7 like Mac OS X) AppleWebKit/605.1.15 (KHTML, like Gecko) Version/13.1.2 Mobile/15E148 Safari/604.1"
181.214.191.121 - - [24/Oct/2021:01:21:28 +0000] "GET /media/3-column-info/3.jpg HTTP/1.1" 200 137054 "https://legalcourtmarriage.in/" "Mozilla/5.0 (iPhone; CPU iPhone OS 13_7 like Mac OS X) AppleWebKit/605.1.15 (KHTML, like Gecko) Version/13.1.2 Mobile/15E148 Safari/604.1"
52.170.69.56 - - [24/Oct/2021:02:18:57 +0000] "GET / HTTP/1.1" 302 214 "-" "-"
52.170.69.56 - - [24/Oct/2021:02:18:58 +0000] "GET / HTTP/1.1" 200 24264 "-" "-"
52.170.69.56 - - [24/Oct/2021:02:18:59 +0000] "GET /wp-admin HTTP/1.1" 302 222 "-" "-"
52.170.69.56 - - [24/Oct/2021:02:18:59 +0000] "GET /wp-admin HTTP/1.1" 200 15351 "-" "-"
52.170.69.56 - - [24/Oct/2021:02:18:59 +0000] "GET /wordpress HTTP/1.1" 302 223 "-" "-"
52.170.69.56 - - [24/Oct/2021:02:19:00 +0000] "GET /wordpress HTTP/1.1" 200 15351 "-" "-"
52.170.69.56 - - [24/Oct/2021:02:19:00 +0000] "GET /wp HTTP/1.1" 302 216 "-" "-"
52.170.69.56 - - [24/Oct/2021:02:19:00 +0000] "GET /wp HTTP/1.1" 200 15351 "-" "-"
52.170.69.56 - - [24/Oct/2021:02:19:01 +0000] "GET /blog HTTP/1.1" 302 218 "-" "-"
52.170.69.56 - - [24/Oct/2021:02:19:01 +0000] "GET /blog HTTP/1.1" 200 15351 "-" "-"
52.170.69.56 - - [24/Oct/2021:02:19:02 +0000] "GET /new HTTP/1.1" 302 217 "-" "-"
52.170.69.56 - - [24/Oct/2021:02:19:02 +0000] "GET /new HTTP/1.1" 200 15351 "-" "-"
52.170.69.56 - - [24/Oct/2021:02:19:02 +0000] "GET /old HTTP/1.1" 302 217 "-" "-"
52.170.69.56 - - [24/Oct/2021:02:19:03 +0000] "GET /old HTTP/1.1" 200 15351 "-" "-"
52.170.69.56 - - [24/Oct/2021:02:19:03 +0000] "GET /newsite HTTP/1.1" 302 221 "-" "-"
52.170.69.56 - - [24/Oct/2021:02:19:03 +0000] "GET /newsite HTTP/1.1" 200 15351 "-" "-"
52.170.69.56 - - [24/Oct/2021:02:19:04 +0000] "GET /test HTTP/1.1" 302 218 "-" "-"
52.170.69.56 - - [24/Oct/2021:02:19:04 +0000] "GET /test HTTP/1.1" 200 15351 "-" "-"
52.170.69.56 - - [24/Oct/2021:02:19:05 +0000] "GET /main HTTP/1.1" 302 218 "-" "-"
52.170.69.56 - - [24/Oct/2021:02:19:05 +0000] "GET /main HTTP/1.1" 200 15351 "-" "-"
52.170.69.56 - - [24/Oct/2021:02:19:05 +0000] "GET /cms HTTP/1.1" 302 217 "-" "-"
52.170.69.56 - - [24/Oct/2021:02:19:05 +0000] "GET /cms HTTP/1.1" 200 15351 "-" "-"
52.170.69.56 - - [24/Oct/2021:02:19:06 +0000] "GET /dev HTTP/1.1" 302 217 "-" "-"
52.170.69.56 - - [24/Oct/2021:02:19:06 +0000] "GET /dev HTTP/1.1" 200 15351 "-" "-"
52.170.69.56 - - [24/Oct/2021:02:19:07 +0000] "GET /backup HTTP/1.1" 302 220 "-" "-"
52.170.69.56 - - [24/Oct/2021:02:19:07 +0000] "GET /backup HTTP/1.1" 200 15351 "-" "-"
52.170.69.56 - - [24/Oct/2021:02:19:07 +0000] "GET /protal HTTP/1.1" 302 220 "-" "-"
52.170.69.56 - - [24/Oct/2021:02:19:08 +0000] "GET /protal HTTP/1.1" 200 15351 "-" "-"
66.249.79.19 - - [24/Oct/2021:02:50:22 +0000] "GET /robots.txt HTTP/1.1" 404 196 "-" "Mozilla/5.0 (compatible; Googlebot/2.1; +http://www.google.com/bot.html)"
66.249.79.23 - - [24/Oct/2021:02:50:23 +0000] "GET /css/responsive.css HTTP/1.1" 200 2627 "https://legalcourtmarriage.in/css/master.css" "Mozilla/5.0 (Linux; Android 6.0.1; Nexus 5X Build/MMB29P) AppleWebKit/537.36 (KHTML, like Gecko) Chrome/94.0.4606.81 Mobile Safari/537.36 (compatible; Googlebot/2.1; +http://www.google.com/bot.html)"
66.249.79.23 - - [24/Oct/2021:02:50:24 +0000] "GET /css/skin-bootstrap.css HTTP/1.1" 200 1333 "https://legalcourtmarriage.in/css/master.css" "Mozilla/5.0 (Linux; Android 6.0.1; Nexus 5X Build/MMB29P) AppleWebKit/537.36 (KHTML, like Gecko) Chrome/94.0.4606.81 Mobile Safari/537.36 (compatible; Googlebot/2.1; +http://www.google.com/bot.html)"
66.249.79.21 - - [24/Oct/2021:02:50:24 +0000] "GET /assets/owl-carousel/owl.carousel.min.js HTTP/1.1" 200 6465 "https://legalcourtmarriage.in/pagecontents.php?url=about-us" "Mozilla/5.0 (Linux; Android 6.0.1; Nexus 5X Build/MMB29P) AppleWebKit/537.36 (KHTML, like Gecko) Chrome/94.0.4606.81 Mobile Safari/537.36 (compatible; Googlebot/2.1; +http://www.google.com/bot.html)"
66.249.79.23 - - [24/Oct/2021:02:50:25 +0000] "GET /fonts/flaticon/flaticon.css HTTP/1.1" 200 610 "https://legalcourtmarriage.in/css/master.css" "Mozilla/5.0 (Linux; Android 6.0.1; Nexus 5X Build/MMB29P) AppleWebKit/537.36 (KHTML, like Gecko) Chrome/94.0.4606.81 Mobile Safari/537.36 (compatible; Googlebot/2.1; +http://www.google.com/bot.html)"
66.249.79.19 - - [24/Oct/2021:02:50:26 +0000] "GET /assets/rendro-easy-pie-chart/dist/jquery.easypiechart.min.js HTTP/1.1" 200 1663 "https://legalcourtmarriage.in/pagecontents.php?url=about-us" "Mozilla/5.0 (Linux; Android 6.0.1; Nexus 5X Build/MMB29P) AppleWebKit/537.36 (KHTML, like Gecko) Chrome/94.0.4606.81 Mobile Safari/537.36 (compatible; Googlebot/2.1; +http://www.google.com/bot.html)"
66.249.79.19 - - [24/Oct/2021:02:50:27 +0000] "GET /js/theme.js HTTP/1.1" 200 1989 "https://legalcourtmarriage.in/pagecontents.php?url=about-us" "Mozilla/5.0 (Linux; Android 6.0.1; Nexus 5X Build/MMB29P) AppleWebKit/537.36 (KHTML, like Gecko) Chrome/94.0.4606.81 Mobile Safari/537.36 (compatible; Googlebot/2.1; +http://www.google.com/bot.html)"
66.249.79.19 - - [24/Oct/2021:02:50:28 +0000] "GET /js/jquery-ui.min.js HTTP/1.1" 200 64541 "https://legalcourtmarriage.in/pagecontents.php?url=about-us" "Mozilla/5.0 (Linux; Android 6.0.1; Nexus 5X Build/MMB29P) AppleWebKit/537.36 (KHTML, like Gecko) Chrome/94.0.4606.81 Mobile Safari/537.36 (compatible; Googlebot/2.1; +http://www.google.com/bot.html)"
66.249.79.21 - - [24/Oct/2021:02:50:30 +0000] "GET /css/bootstrap.min.css HTTP/1.1" 200 19888 "https://legalcourtmarriage.in/css/master.css" "Mozilla/5.0 (Linux; Android 6.0.1; Nexus 5X Build/MMB29P) AppleWebKit/537.36 (KHTML, like Gecko) Chrome/94.0.4606.81 Mobile Safari/537.36 (compatible; Googlebot/2.1; +http://www.google.com/bot.html)"
66.249.79.19 - - [24/Oct/2021:02:50:30 +0000] "GET /assets/owl-carousel/owl.carousel.css HTTP/1.1" 200 528 "https://legalcourtmarriage.in/css/master.css" "Mozilla/5.0 (Linux; Android 6.0.1; Nexus 5X Build/MMB29P) AppleWebKit/537.36 (KHTML, like Gecko) Chrome/94.0.4606.81 Mobile Safari/537.36 (compatible; Googlebot/2.1; +http://www.google.com/bot.html)"
66.249.79.19 - - [24/Oct/2021:02:50:31 +0000] "GET /js/jquery.placeholder.min.js HTTP/1.1" 200 1157 "https://legalcourtmarriage.in/pagecontents.php?url=about-us" "Mozilla/5.0 (Linux; Android 6.0.1; Nexus 5X Build/MMB29P) AppleWebKit/537.36 (KHTML, like Gecko) Chrome/94.0.4606.81 Mobile Safari/537.36 (compatible; Googlebot/2.1; +http://www.google.com/bot.html)"
66.249.79.19 - - [24/Oct/2021:02:50:32 +0000] "GET /js/waypoints.min.js HTTP/1.1" 200 2619 "https://legalcourtmarriage.in/pagecontents.php?url=about-us" "Mozilla/5.0 (Linux; Android 6.0.1; Nexus 5X Build/MMB29P) AppleWebKit/537.36 (KHTML, like Gecko) Chrome/94.0.4606.81 Mobile Safari/537.36 (compatible; Googlebot/2.1; +http://www.google.com/bot.html)"
66.249.79.19 - - [24/Oct/2021:02:50:33 +0000] "GET /css/theme.css HTTP/1.1" 200 9332 "https://legalcourtmarriage.in/css/master.css" "Mozilla/5.0 (Linux; Android 6.0.1; Nexus 5X Build/MMB29P) AppleWebKit/537.36 (KHTML, like Gecko) Chrome/94.0.4606.81 Mobile Safari/537.36 (compatible; Googlebot/2.1; +http://www.google.com/bot.html)"
34.116.25.104 - - [24/Oct/2021:08:44:44 +0000] "GET /about-us/ HTTP/1.1" 302 223 "http://www.google.com/url?sa=t&rct=j&q=&esrc=s&source=web&cd=3&ved=0CDEQFjAD&url=http%3A%2F%2Flegalcourtmarriage.in%2Fabout-us%2F&ei=-xx1YYTWK5-4rQOYcg&usg=AFQjCNGbUIyTAEZKVvjZuuXrbVW1sgmtsg" "Mozilla/5.0 (iPhone; CPU iPhone OS 14_7_1 like Mac OS X) AppleWebKit/605.1.15 (KHTML, like Gecko) Version/14.1.2 Mobile/15E148 Safari/604.1"
34.116.25.115 - - [24/Oct/2021:08:44:45 +0000] "GET /about-us/ HTTP/1.1" 200 3274 "http://www.google.com/url?sa=t&rct=j&q=&esrc=s&source=web&cd=3&ved=0CDEQFjAD&url=http%3A%2F%2Flegalcourtmarriage.in%2Fabout-us%2F&ei=-xx1YYTWK5-4rQOYcg&usg=AFQjCNGbUIyTAEZKVvjZuuXrbVW1sgmtsg" "Mozilla/5.0 (iPhone; CPU iPhone OS 14_7_1 like Mac OS X) AppleWebKit/605.1.15 (KHTML, like Gecko) Version/14.1.2 Mobile/15E148 Safari/604.1"
34.116.25.115 - - [24/Oct/2021:08:44:46 +0000] "GET /about-us/js/jquery-ui.min.js HTTP/1.1" 404 196 "https://legalcourtmarriage.in/about-us/" "Mozilla/5.0 (iPhone; CPU iPhone OS 14_7_1 like Mac OS X) AppleWebKit/605.1.15 (KHTML, like Gecko) Version/14.1.2 Mobile/15E148 Safari/604.1"
34.116.25.117 - - [24/Oct/2021:08:44:46 +0000] "GET /about-us/css/master.css HTTP/1.1" 404 196 "https://legalcourtmarriage.in/about-us/" "Mozilla/5.0 (iPhone; CPU iPhone OS 14_7_1 like Mac OS X) AppleWebKit/605.1.15 (KHTML, like Gecko) Version/14.1.2 Mobile/15E148 Safari/604.1"
34.116.25.119 - - [24/Oct/2021:08:44:46 +0000] "GET /about-us/gen_validatorv4.js HTTP/1.1" 404 196 "https://legalcourtmarriage.in/about-us/" "Mozilla/5.0 (iPhone; CPU iPhone OS 14_7_1 like Mac OS X) AppleWebKit/605.1.15 (KHTML, like Gecko) Version/14.1.2 Mobile/15E148 Safari/604.1"
66.102.8.227 - - [24/Oct/2021:08:44:46 +0000] "GET /about-us/ HTTP/1.1" 302 223 "http://www.google.com/url?sa=t&rct=j&q=&esrc=s&source=web&cd=1&ved=0CCEQFjAF&url=http%3A%2F%2Flegalcourtmarriage.in%2Fabout-us%2F&ei=-xx1Yf6vMdHhI5Q7&usg=AFQjCNGbUIyTAEZKVvjZuuXrbVW1sgmtsg" "Mozilla/5.0 (Windows NT 10.0; WOW64; Trident/7.0; rv:11.0) like Gecko"
34.116.25.117 - - [24/Oct/2021:08:44:46 +0000] "GET /about-us/js/jquery-1.11.3.min.js HTTP/1.1" 404 196 "https://legalcourtmarriage.in/about-us/" "Mozilla/5.0 (iPhone; CPU iPhone OS 14_7_1 like Mac OS X) AppleWebKit/605.1.15 (KHTML, like Gecko) Version/14.1.2 Mobile/15E148 Safari/604.1"
34.116.25.115 - - [24/Oct/2021:08:44:46 +0000] "GET /about-us/js/bootstrap.min.js HTTP/1.1" 404 196 "https://legalcourtmarriage.in/about-us/" "Mozilla/5.0 (iPhone; CPU iPhone OS 14_7_1 like Mac OS X) AppleWebKit/605.1.15 (KHTML, like Gecko) Version/14.1.2 Mobile/15E148 Safari/604.1"
34.116.25.115 - - [24/Oct/2021:08:44:47 +0000] "GET /about-us/js/modernizr.custom.js HTTP/1.1" 404 196 "https://legalcourtmarriage.in/about-us/" "Mozilla/5.0 (iPhone; CPU iPhone OS 14_7_1 like Mac OS X) AppleWebKit/605.1.15 (KHTML, like Gecko) Version/14.1.2 Mobile/15E148 Safari/604.1"
34.116.25.115 - - [24/Oct/2021:08:44:47 +0000] "GET /about-us/js/waypoints.min.js HTTP/1.1" 404 196 "https://legalcourtmarriage.in/about-us/" "Mozilla/5.0 (iPhone; CPU iPhone OS 14_7_1 like Mac OS X) AppleWebKit/605.1.15 (KHTML, like Gecko) Version/14.1.2 Mobile/15E148 Safari/604.1"
34.116.25.119 - - [24/Oct/2021:08:44:47 +0000] "GET /about-us/js/jquery.easypiechart.min.js HTTP/1.1" 404 196 "https://legalcourtmarriage.in/about-us/" "Mozilla/5.0 (iPhone; CPU iPhone OS 14_7_1 like Mac OS X) AppleWebKit/605.1.15 (KHTML, like Gecko) Version/14.1.2 Mobile/15E148 Safari/604.1"
34.116.25.119 - - [24/Oct/2021:08:44:47 +0000] "GET /about-us/assets/rendro-easy-pie-chart/dist/jquery.easypiechart.min.js HTTP/1.1" 404 196 "https://legalcourtmarriage.in/about-us/" "Mozilla/5.0 (iPhone; CPU iPhone OS 14_7_1 like Mac OS X) AppleWebKit/605.1.15 (KHTML, like Gecko) Version/14.1.2 Mobile/15E148 Safari/604.1"
34.116.25.117 - - [24/Oct/2021:08:44:47 +0000] "GET /about-us/assets/switcher/js/switcher.js HTTP/1.1" 404 196 "https://legalcourtmarriage.in/about-us/" "Mozilla/5.0 (iPhone; CPU iPhone OS 14_7_1 like Mac OS X) AppleWebKit/605.1.15 (KHTML, like Gecko) Version/14.1.2 Mobile/15E148 Safari/604.1"
34.116.25.115 - - [24/Oct/2021:08:44:47 +0000] "GET /about-us/assets/owl-carousel/owl.carousel.min.js HTTP/1.1" 404 196 "https://legalcourtmarriage.in/about-us/" "Mozilla/5.0 (iPhone; CPU iPhone OS 14_7_1 like Mac OS X) AppleWebKit/605.1.15 (KHTML, like Gecko) Version/14.1.2 Mobile/15E148 Safari/604.1"
34.116.25.117 - - [24/Oct/2021:08:44:47 +0000] "GET /about-us/assets/isotope/jquery.isotope.min.js HTTP/1.1" 404 196 "https://legalcourtmarriage.in/about-us/" "Mozilla/5.0 (iPhone; CPU iPhone OS 14_7_1 like Mac OS X) AppleWebKit/605.1.15 (KHTML, like Gecko) Version/14.1.2 Mobile/15E148 Safari/604.1"
34.116.25.115 - - [24/Oct/2021:08:44:47 +0000] "GET /about-us/js/wow.min.js HTTP/1.1" 404 196 "https://legalcourtmarriage.in/about-us/" "Mozilla/5.0 (iPhone; CPU iPhone OS 14_7_1 like Mac OS X) AppleWebKit/605.1.15 (KHTML, like Gecko) Version/14.1.2 Mobile/15E148 Safari/604.1"
34.116.25.115 - - [24/Oct/2021:08:44:47 +0000] "GET /about-us/js/theme.js HTTP/1.1" 404 196 "https://legalcourtmarriage.in/about-us/" "Mozilla/5.0 (iPhone; CPU iPhone OS 14_7_1 like Mac OS X) AppleWebKit/605.1.15 (KHTML, like Gecko) Version/14.1.2 Mobile/15E148 Safari/604.1"
34.116.25.117 - - [24/Oct/2021:08:44:47 +0000] "GET /about-us/img/logo.jpg HTTP/1.1" 404 196 "https://legalcourtmarriage.in/about-us/" "Mozilla/5.0 (iPhone; CPU iPhone OS 14_7_1 like Mac OS X) AppleWebKit/605.1.15 (KHTML, like Gecko) Version/14.1.2 Mobile/15E148 Safari/604.1"
34.116.25.119 - - [24/Oct/2021:08:44:47 +0000] "GET /about-us/img/2h.png HTTP/1.1" 404 196 "https://legalcourtmarriage.in/about-us/" "Mozilla/5.0 (iPhone; CPU iPhone OS 14_7_1 like Mac OS X) AppleWebKit/605.1.15 (KHTML, like Gecko) Version/14.1.2 Mobile/15E148 Safari/604.1"
34.116.25.117 - - [24/Oct/2021:08:44:47 +0000] "GET /about-us/media/3-column-info/1.jpg HTTP/1.1" 404 196 "https://legalcourtmarriage.in/about-us/" "Mozilla/5.0 (iPhone; CPU iPhone OS 14_7_1 like Mac OS X) AppleWebKit/605.1.15 (KHTML, like Gecko) Version/14.1.2 Mobile/15E148 Safari/604.1"
34.116.25.115 - - [24/Oct/2021:08:44:47 +0000] "GET /about-us/media/3-column-info/3.jpg HTTP/1.1" 404 196 "https://legalcourtmarriage.in/about-us/" "Mozilla/5.0 (iPhone; CPU iPhone OS 14_7_1 like Mac OS X) AppleWebKit/605.1.15 (KHTML, like Gecko) Version/14.1.2 Mobile/15E148 Safari/604.1"
66.102.8.246 - - [24/Oct/2021:08:44:48 +0000] "GET /about-us/ HTTP/1.1" 200 3274 "http://www.google.com/url?sa=t&rct=j&q=&esrc=s&source=web&cd=1&ved=0CCEQFjAF&url=http%3A%2F%2Flegalcourtmarriage.in%2Fabout-us%2F&ei=-xx1Yf6vMdHhI5Q7&usg=AFQjCNGbUIyTAEZKVvjZuuXrbVW1sgmtsg" "Mozilla/5.0 (Windows NT 10.0; WOW64; Trident/7.0; rv:11.0) like Gecko"
34.116.25.117 - - [24/Oct/2021:08:44:48 +0000] "GET /about-us/js/jquery.placeholder.min.js HTTP/1.1" 404 196 "https://legalcourtmarriage.in/about-us/" "Mozilla/5.0 (iPhone; CPU iPhone OS 14_7_1 like Mac OS X) AppleWebKit/605.1.15 (KHTML, like Gecko) Version/14.1.2 Mobile/15E148 Safari/604.1"
34.116.25.117 - - [24/Oct/2021:08:44:48 +0000] "GET /about-us/media/3-column-info/2.jpg HTTP/1.1" 404 196 "https://legalcourtmarriage.in/about-us/" "Mozilla/5.0 (iPhone; CPU iPhone OS 14_7_1 like Mac OS X) AppleWebKit/605.1.15 (KHTML, like Gecko) Version/14.1.2 Mobile/15E148 Safari/604.1"
66.102.8.246 - - [24/Oct/2021:08:44:48 +0000] "GET /about-us/gen_validatorv4.js HTTP/1.1" 404 196 "https://legalcourtmarriage.in/about-us/" "Mozilla/5.0 (Windows NT 10.0; WOW64; Trident/7.0; rv:11.0) like Gecko"
34.116.25.115 - - [24/Oct/2021:08:44:48 +0000] "GET /about-us/js/jquery-1.11.3.min.js HTTP/1.1" 404 196 "https://legalcourtmarriage.in/about-us/" "Mozilla/5.0 (iPhone; CPU iPhone OS 14_7_1 like Mac OS X) AppleWebKit/605.1.15 (KHTML, like Gecko) Version/14.1.2 Mobile/15E148 Safari/604.1"
66.102.8.246 - - [24/Oct/2021:08:44:48 +0000] "GET /about-us/js/jquery-1.11.3.min.js HTTP/1.1" 404 196 "https://legalcourtmarriage.in/about-us/" "Mozilla/5.0 (Windows NT 10.0; WOW64; Trident/7.0; rv:11.0) like Gecko"
34.116.25.115 - - [24/Oct/2021:08:44:48 +0000] "GET /about-us/js/jquery-ui.min.js HTTP/1.1" 404 196 "https://legalcourtmarriage.in/about-us/" "Mozilla/5.0 (iPhone; CPU iPhone OS 14_7_1 like Mac OS X) AppleWebKit/605.1.15 (KHTML, like Gecko) Version/14.1.2 Mobile/15E148 Safari/604.1"
34.116.25.117 - - [24/Oct/2021:08:44:49 +0000] "GET /about-us/js/bootstrap.min.js HTTP/1.1" 404 196 "https://legalcourtmarriage.in/about-us/" "Mozilla/5.0 (iPhone; CPU iPhone OS 14_7_1 like Mac OS X) AppleWebKit/605.1.15 (KHTML, like Gecko) Version/14.1.2 Mobile/15E148 Safari/604.1"
66.102.8.242 - - [24/Oct/2021:08:44:49 +0000] "GET /about-us/css/master.css HTTP/1.1" 404 196 "https://legalcourtmarriage.in/about-us/" "Mozilla/5.0 (Windows NT 10.0; WOW64; Trident/7.0; rv:11.0) like Gecko"
66.102.8.246 - - [24/Oct/2021:08:44:49 +0000] "GET /about-us/img/logo.jpg HTTP/1.1" 404 196 "https://legalcourtmarriage.in/about-us/" "Mozilla/5.0 (Windows NT 10.0; WOW64; Trident/7.0; rv:11.0) like Gecko"
66.102.8.246 - - [24/Oct/2021:08:44:49 +0000] "GET /about-us/media/3-column-info/2.jpg HTTP/1.1" 404 196 "https://legalcourtmarriage.in/about-us/" "Mozilla/5.0 (Windows NT 10.0; WOW64; Trident/7.0; rv:11.0) like Gecko"
66.102.8.244 - - [24/Oct/2021:08:44:49 +0000] "GET /about-us/media/3-column-info/1.jpg HTTP/1.1" 404 196 "https://legalcourtmarriage.in/about-us/" "Mozilla/5.0 (Windows NT 10.0; WOW64; Trident/7.0; rv:11.0) like Gecko"
66.102.8.242 - - [24/Oct/2021:08:44:49 +0000] "GET /about-us/img/2h.png HTTP/1.1" 404 196 "https://legalcourtmarriage.in/about-us/" "Mozilla/5.0 (Windows NT 10.0; WOW64; Trident/7.0; rv:11.0) like Gecko"
34.116.25.117 - - [24/Oct/2021:08:44:49 +0000] "GET /about-us/js/modernizr.custom.js HTTP/1.1" 404 196 "https://legalcourtmarriage.in/about-us/" "Mozilla/5.0 (iPhone; CPU iPhone OS 14_7_1 like Mac OS X) AppleWebKit/605.1.15 (KHTML, like Gecko) Version/14.1.2 Mobile/15E148 Safari/604.1"
66.102.8.246 - - [24/Oct/2021:08:44:49 +0000] "GET /about-us/js/modernizr.custom.js HTTP/1.1" 404 196 "https://legalcourtmarriage.in/about-us/" "Mozilla/5.0 (Windows NT 10.0; WOW64; Trident/7.0; rv:11.0) like Gecko"
66.102.8.246 - - [24/Oct/2021:08:44:49 +0000] "GET /about-us/js/bootstrap.min.js HTTP/1.1" 404 196 "https://legalcourtmarriage.in/about-us/" "Mozilla/5.0 (Windows NT 10.0; WOW64; Trident/7.0; rv:11.0) like Gecko"
66.102.8.242 - - [24/Oct/2021:08:44:49 +0000] "GET /about-us/assets/rendro-easy-pie-chart/dist/jquery.easypiechart.min.js HTTP/1.1" 404 196 "https://legalcourtmarriage.in/about-us/" "Mozilla/5.0 (Windows NT 10.0; WOW64; Trident/7.0; rv:11.0) like Gecko"
66.102.8.244 - - [24/Oct/2021:08:44:49 +0000] "GET /about-us/js/waypoints.min.js HTTP/1.1" 404 196 "https://legalcourtmarriage.in/about-us/" "Mozilla/5.0 (Windows NT 10.0; WOW64; Trident/7.0; rv:11.0) like Gecko"
66.102.8.242 - - [24/Oct/2021:08:44:49 +0000] "GET /about-us/js/jquery.easypiechart.min.js HTTP/1.1" 404 196 "https://legalcourtmarriage.in/about-us/" "Mozilla/5.0 (Windows NT 10.0; WOW64; Trident/7.0; rv:11.0) like Gecko"
34.116.25.119 - - [24/Oct/2021:08:44:49 +0000] "GET /about-us/assets/rendro-easy-pie-chart/dist/jquery.easypiechart.min.js HTTP/1.1" 404 196 "https://legalcourtmarriage.in/about-us/" "Mozilla/5.0 (iPhone; CPU iPhone OS 14_7_1 like Mac OS X) AppleWebKit/605.1.15 (KHTML, like Gecko) Version/14.1.2 Mobile/15E148 Safari/604.1"
66.102.8.244 - - [24/Oct/2021:08:44:49 +0000] "GET /about-us/js/jquery-ui.min.js HTTP/1.1" 404 196 "https://legalcourtmarriage.in/about-us/" "Mozilla/5.0 (Windows NT 10.0; WOW64; Trident/7.0; rv:11.0) like Gecko"
66.102.8.246 - - [24/Oct/2021:08:44:49 +0000] "GET /about-us/js/wow.min.js HTTP/1.1" 404 196 "https://legalcourtmarriage.in/about-us/" "Mozilla/5.0 (Windows NT 10.0; WOW64; Trident/7.0; rv:11.0) like Gecko"
66.102.8.244 - - [24/Oct/2021:08:44:49 +0000] "GET /about-us/js/jquery.placeholder.min.js HTTP/1.1" 404 196 "https://legalcourtmarriage.in/about-us/" "Mozilla/5.0 (Windows NT 10.0; WOW64; Trident/7.0; rv:11.0) like Gecko"
34.116.25.119 - - [24/Oct/2021:08:44:50 +0000] "GET /about-us/js/waypoints.min.js HTTP/1.1" 404 196 "https://legalcourtmarriage.in/about-us/" "Mozilla/5.0 (iPhone; CPU iPhone OS 14_7_1 like Mac OS X) AppleWebKit/605.1.15 (KHTML, like Gecko) Version/14.1.2 Mobile/15E148 Safari/604.1"
66.102.8.244 - - [24/Oct/2021:08:44:50 +0000] "GET /about-us/js/theme.js HTTP/1.1" 404 196 "https://legalcourtmarriage.in/about-us/" "Mozilla/5.0 (Windows NT 10.0; WOW64; Trident/7.0; rv:11.0) like Gecko"
66.102.8.242 - - [24/Oct/2021:08:44:50 +0000] "GET /about-us/media/3-column-info/3.jpg HTTP/1.1" 404 196 "https://legalcourtmarriage.in/about-us/" "Mozilla/5.0 (Windows NT 10.0; WOW64; Trident/7.0; rv:11.0) like Gecko"
34.116.25.115 - - [24/Oct/2021:08:44:50 +0000] "GET /about-us/js/jquery.easypiechart.min.js HTTP/1.1" 404 196 "https://legalcourtmarriage.in/about-us/" "Mozilla/5.0 (iPhone; CPU iPhone OS 14_7_1 like Mac OS X) AppleWebKit/605.1.15 (KHTML, like Gecko) Version/14.1.2 Mobile/15E148 Safari/604.1"
34.116.25.117 - - [24/Oct/2021:08:44:50 +0000] "GET /about-us/assets/switcher/js/switcher.js HTTP/1.1" 404 196 "https://legalcourtmarriage.in/about-us/" "Mozilla/5.0 (iPhone; CPU iPhone OS 14_7_1 like Mac OS X) AppleWebKit/605.1.15 (KHTML, like Gecko) Version/14.1.2 Mobile/15E148 Safari/604.1"
66.102.8.242 - - [24/Oct/2021:08:44:50 +0000] "GET /about-us/assets/owl-carousel/owl.carousel.min.js HTTP/1.1" 404 196 "https://legalcourtmarriage.in/about-us/" "Mozilla/5.0 (Windows NT 10.0; WOW64; Trident/7.0; rv:11.0) like Gecko"
66.102.8.244 - - [24/Oct/2021:08:44:50 +0000] "GET /about-us/assets/switcher/js/switcher.js HTTP/1.1" 404 196 "https://legalcourtmarriage.in/about-us/" "Mozilla/5.0 (Windows NT 10.0; WOW64; Trident/7.0; rv:11.0) like Gecko"
66.102.8.244 - - [24/Oct/2021:08:44:50 +0000] "GET /about-us/assets/isotope/jquery.isotope.min.js HTTP/1.1" 404 196 "https://legalcourtmarriage.in/about-us/" "Mozilla/5.0 (Windows NT 10.0; WOW64; Trident/7.0; rv:11.0) like Gecko"
34.116.25.117 - - [24/Oct/2021:08:44:50 +0000] "GET /about-us/assets/owl-carousel/owl.carousel.min.js HTTP/1.1" 404 196 "https://legalcourtmarriage.in/about-us/" "Mozilla/5.0 (iPhone; CPU iPhone OS 14_7_1 like Mac OS X) AppleWebKit/605.1.15 (KHTML, like Gecko) Version/14.1.2 Mobile/15E148 Safari/604.1"
66.102.8.246 - - [24/Oct/2021:08:44:50 +0000] "GET /favicon.ico HTTP/1.1" 404 196 "-" "Mozilla/5.0 (Windows NT 10.0; WOW64; Trident/7.0; rv:11.0) like Gecko"
34.116.25.115 - - [24/Oct/2021:08:44:51 +0000] "GET /about-us/assets/isotope/jquery.isotope.min.js HTTP/1.1" 404 196 "https://legalcourtmarriage.in/about-us/" "Mozilla/5.0 (iPhone; CPU iPhone OS 14_7_1 like Mac OS X) AppleWebKit/605.1.15 (KHTML, like Gecko) Version/14.1.2 Mobile/15E148 Safari/604.1"
34.116.25.117 - - [24/Oct/2021:08:44:51 +0000] "GET /about-us/js/wow.min.js HTTP/1.1" 404 196 "https://legalcourtmarriage.in/about-us/" "Mozilla/5.0 (iPhone; CPU iPhone OS 14_7_1 like Mac OS X) AppleWebKit/605.1.15 (KHTML, like Gecko) Version/14.1.2 Mobile/15E148 Safari/604.1"
34.116.25.115 - - [24/Oct/2021:08:44:51 +0000] "GET /about-us/js/jquery.placeholder.min.js HTTP/1.1" 404 196 "https://legalcourtmarriage.in/about-us/" "Mozilla/5.0 (iPhone; CPU iPhone OS 14_7_1 like Mac OS X) AppleWebKit/605.1.15 (KHTML, like Gecko) Version/14.1.2 Mobile/15E148 Safari/604.1"
34.116.25.115 - - [24/Oct/2021:08:44:51 +0000] "GET /about-us/js/theme.js HTTP/1.1" 404 196 "https://legalcourtmarriage.in/about-us/" "Mozilla/5.0 (iPhone; CPU iPhone OS 14_7_1 like Mac OS X) AppleWebKit/605.1.15 (KHTML, like Gecko) Version/14.1.2 Mobile/15E148 Safari/604.1"
62.171.142.36 - - [24/Oct/2021:08:53:12 +0000] "GET / HTTP/1.1" 302 214 "-" "Mozilla/5.0 (Windows NT 10.0; Win64; x64) AppleWebKit/537.36 (KHTML, like Gecko) Chrome/92.0.4515.131 Safari/537.36"
92.118.160.45 - - [24/Oct/2021:11:03:18 +0000] "GET / HTTP/1.1" 302 214 "-" "NetSystemsResearch studies the availability of various services across the internet. Our website is netsystemsresearch.com"
92.118.160.45 - - [24/Oct/2021:11:03:24 +0000] "GET / HTTP/1.1" 200 24264 "http://165.232.190.148:80/" "Go http package"
193.176.240.138 - - [24/Oct/2021:14:42:31 +0000] "GET /_profiler/phpinfo HTTP/1.1" 302 231 "-" "Mozlila/5.0 (Linux; Android 7.0; SM-G892A Bulid/NRD90M; wv) AppleWebKit/537.36 (KHTML, like Gecko) Version/4.0 Chrome/60.0.3112.107 Moblie Safari/537.36"
66.249.79.19 - - [24/Oct/2021:21:52:41 +0000] "GET /robots.txt HTTP/1.1" 404 196 "-" "Mozilla/5.0 (compatible; Googlebot/2.1; +http://www.google.com/bot.html)"
66.249.79.19 - - [24/Oct/2021:21:52:41 +0000] "GET /pagecontents.php=url=Privacy-Policy HTTP/1.1" 404 196 "-" "Mozilla/5.0 (Linux; Android 6.0.1; Nexus 5X Build/MMB29P) AppleWebKit/537.36 (KHTML, like Gecko) Chrome/94.0.4606.81 Mobile Safari/537.36 (compatible; Googlebot/2.1; +http://www.google.com/bot.html)"
62.210.209.245 - - [25/Oct/2021:04:56:15 +0000] "GET /wp-login.php HTTP/1.1" 302 226 "-" "Mozilla/5.0 (X11; Ubuntu; Linux x86_64; rv:62.0) Gecko/20100101 Firefox/62.0"
62.210.209.245 - - [25/Oct/2021:04:56:15 +0000] "GET /wp-login.php HTTP/1.1" 404 196 "http://legalcourtmarriage.in/wp-login.php" "Mozilla/5.0 (X11; Ubuntu; Linux x86_64; rv:62.0) Gecko/20100101 Firefox/62.0"
92.118.160.61 - - [25/Oct/2021:06:07:33 +0000] "GET / HTTP/1.1" 200 24264 "-" "NetSystemsResearch studies the availability of various services across the internet. Our website is netsystemsresearch.com"
79.101.44.3 - - [25/Oct/2021:10:41:27 +0000] "GET /wp-login.php HTTP/1.1" 302 226 "-" "Mozilla/5.0 (X11; Ubuntu; Linux x86_64; rv:62.0) Gecko/20100101 Firefox/62.0"
79.101.44.3 - - [25/Oct/2021:10:41:28 +0000] "GET /wp-login.php HTTP/1.1" 404 196 "http://www.legalcourtmarriage.in/wp-login.php" "Mozilla/5.0 (X11; Ubuntu; Linux x86_64; rv:62.0) Gecko/20100101 Firefox/62.0"
66.249.79.23 - - [25/Oct/2021:12:28:45 +0000] "GET /robots.txt HTTP/1.1" 404 196 "-" "Mozilla/5.0 (compatible; Googlebot/2.1; +http://www.google.com/bot.html)"
66.249.79.21 - - [25/Oct/2021:12:28:46 +0000] "GET / HTTP/1.1" 200 4962 "-" "Mozilla/5.0 (Linux; Android 6.0.1; Nexus 5X Build/MMB29P) AppleWebKit/537.36 (KHTML, like Gecko) Chrome/94.0.4606.81 Mobile Safari/537.36 (compatible; Googlebot/2.1; +http://www.google.com/bot.html)"
66.249.79.19 - - [25/Oct/2021:12:28:50 +0000] "GET /assets/loader/js/pathLoader.js HTTP/1.1" 200 490 "https://legalcourtmarriage.in/" "Mozilla/5.0 (Linux; Android 6.0.1; Nexus 5X Build/MMB29P) AppleWebKit/537.36 (KHTML, like Gecko) Chrome/94.0.4606.81 Mobile Safari/537.36 (compatible; Googlebot/2.1; +http://www.google.com/bot.html)"
66.249.79.19 - - [25/Oct/2021:12:28:51 +0000] "GET /assets/owl-carousel/owl.carousel.min.js HTTP/1.1" 200 6465 "https://legalcourtmarriage.in/" "Mozilla/5.0 (Linux; Android 6.0.1; Nexus 5X Build/MMB29P) AppleWebKit/537.36 (KHTML, like Gecko) Chrome/94.0.4606.81 Mobile Safari/537.36 (compatible; Googlebot/2.1; +http://www.google.com/bot.html)"
66.249.79.21 - - [25/Oct/2021:12:28:52 +0000] "GET /css/animate.css HTTP/1.1" 200 4103 "https://legalcourtmarriage.in/css/master.css" "Mozilla/5.0 (Linux; Android 6.0.1; Nexus 5X Build/MMB29P) AppleWebKit/537.36 (KHTML, like Gecko) Chrome/94.0.4606.81 Mobile Safari/537.36 (compatible; Googlebot/2.1; +http://www.google.com/bot.html)"
66.249.79.26 - - [25/Oct/2021:16:05:34 +0000] "GET /robots.txt HTTP/1.1" 302 224 "-" "Mozilla/5.0 (compatible; Googlebot/2.1; +http://www.google.com/bot.html)"
66.249.79.27 - - [25/Oct/2021:16:05:35 +0000] "GET /robots.txt HTTP/1.1" 404 196 "-" "Mozilla/5.0 (compatible; Googlebot/2.1; +http://www.google.com/bot.html)"
66.249.79.22 - - [25/Oct/2021:16:05:40 +0000] "GET / HTTP/1.1" 302 214 "-" "Mozilla/5.0 (Linux; Android 6.0.1; Nexus 5X Build/MMB29P) AppleWebKit/537.36 (KHTML, like Gecko) Chrome/94.0.4606.81 Mobile Safari/537.36 (compatible; Googlebot/2.1; +http://www.google.com/bot.html)"
66.249.79.27 - - [25/Oct/2021:16:05:45 +0000] "GET /assets/rendro-easy-pie-chart/dist/jquery.easypiechart.min.js HTTP/1.1" 200 1663 "https://legalcourtmarriage.in/" "Mozilla/5.0 (Linux; Android 6.0.1; Nexus 5X Build/MMB29P) AppleWebKit/537.36 (KHTML, like Gecko) Chrome/94.0.4606.81 Mobile Safari/537.36 (compatible; Googlebot/2.1; +http://www.google.com/bot.html)"
23.88.63.113 - - [25/Oct/2021:19:02:35 +0000] "GET / HTTP/1.1" 302 214 "-" "Mozilla/5.0 (X11; Linux i586; rv:31.0) Gecko/20100101 Firefox/73.0"
23.88.63.113 - - [25/Oct/2021:19:02:37 +0000] "GET / HTTP/1.1" 200 4962 "http://legalcourtmarriage.in" "Mozilla/5.0 (X11; Linux i586; rv:31.0) Gecko/20100101 Firefox/73.0"
92.118.160.9 - - [25/Oct/2021:23:29:00 +0000] "GET / HTTP/1.1" 302 214 "-" "NetSystemsResearch studies the availability of various services across the internet. Our website is netsystemsresearch.com"
92.118.160.9 - - [25/Oct/2021:23:29:04 +0000] "GET / HTTP/1.1" 200 24264 "http://165.232.190.148:80/" "Go http package"
34.77.162.9 - - [26/Oct/2021:03:30:36 +0000] "GET / HTTP/1.1" 200 24264 "-" "Expanse indexes the network perimeters of our customers. If you have any questions or concerns, please reach out to: scaninfo@expanseinc.com"
34.86.35.23 - - [26/Oct/2021:07:18:53 +0000] "GET / HTTP/1.1" 302 214 "-" "Expanse indexes the network perimeters of our customers. If you have any questions or concerns, please reach out to: scaninfo@expanseinc.com"
34.86.35.14 - - [26/Oct/2021:14:17:30 +0000] "GET / HTTP/1.1" 302 214 "-" "Expanse indexes the network perimeters of our customers. If you have any questions or concerns, please reach out to: scaninfo@expanseinc.com"
193.176.240.138 - - [26/Oct/2021:15:48:59 +0000] "GET /_profiler/phpinfo HTTP/1.1" 302 231 "-" "Mozlila/5.0 (Linux; Android 7.0; SM-G892A Bulid/NRD90M; wv) AppleWebKit/537.36 (KHTML, like Gecko) Version/4.0 Chrome/60.0.3112.107 Moblie Safari/537.36"
45.129.18.69 - - [26/Oct/2021:22:32:26 +0000] "HEAD / HTTP/1.1" 302 - "-" "Mozilla/5.0 (Macintosh; Intel Mac OS X 10_9_3) AppleWebKit/537.36 (KHTML, like Gecko) Chrome/35.0.1916.47 Safari/537.36"
34.86.35.28 - - [27/Oct/2021:03:16:20 +0000] "GET / HTTP/1.1" 200 24264 "-" "Expanse indexes the network perimeters of our customers. If you have any questions or concerns, please reach out to: scaninfo@expanseinc.com"
34.96.130.13 - - [27/Oct/2021:05:01:17 +0000] "GET / HTTP/1.1" 200 24264 "-" "Expanse indexes the network perimeters of our customers. If you have any questions or concerns, please reach out to: scaninfo@expanseinc.com"
52.88.190.125 - - [27/Oct/2021:05:31:27 +0000] "GET / HTTP/1.1" 200 24264 "-" "-"

OHA YOOOO