40.77.167.17 - - [07/Aug/2021:13:59:50 +0000] "GET /js/swiper.jquery.min.js HTTP/1.1" 200 96438 "-" "Mozilla/5.0 (compatible; bingbot/2.0; +http://www.bing.com/bingbot.htm)"
40.77.167.17 - - [07/Aug/2021:13:59:51 +0000] "GET /js/wow.min.js HTTP/1.1" 200 8416 "-" "Mozilla/5.0 (compatible; bingbot/2.0; +http://www.bing.com/bingbot.htm)"
207.46.13.176 - - [07/Aug/2021:13:59:54 +0000] "GET /js/simplebar.js HTTP/1.1" 200 83169 "-" "Mozilla/5.0 (compatible; bingbot/2.0; +http://www.bing.com/bingbot.htm)"
157.55.39.121 - - [07/Aug/2021:14:00:03 +0000] "GET /js/viedobox_video.js HTTP/1.1" 200 44758 "-" "Mozilla/5.0 (compatible; bingbot/2.0; +http://www.bing.com/bingbot.htm)"
40.77.188.47 - - [07/Aug/2021:14:30:17 +0000] "GET /css/font-awesome.min.css HTTP/1.1" 200 32011 "https://www.markall.in/css/site.css" "Mozilla/5.0 (Windows NT 6.1; WOW64) AppleWebKit/534+ (KHTML, like Gecko) BingPreview/1.0b"
40.77.188.47 - - [07/Aug/2021:14:30:18 +0000] "GET /css/swiper.min.css HTTP/1.1" 200 17787 "https://www.markall.in/css/site.css" "Mozilla/5.0 (Windows NT 6.1; WOW64) AppleWebKit/534+ (KHTML, like Gecko) BingPreview/1.0b"
40.77.188.47 - - [07/Aug/2021:14:30:18 +0000] "GET /css/owl.carousel.min.css HTTP/1.1" 200 2941 "https://www.markall.in/css/site.css" "Mozilla/5.0 (Windows NT 6.1; WOW64) AppleWebKit/534+ (KHTML, like Gecko) BingPreview/1.0b"
40.77.188.47 - - [07/Aug/2021:14:30:18 +0000] "GET /css/settings.css HTTP/1.1" 200 38835 "https://www.markall.in/css/site.css" "Mozilla/5.0 (Windows NT 6.1; WOW64) AppleWebKit/534+ (KHTML, like Gecko) BingPreview/1.0b"
40.77.188.47 - - [07/Aug/2021:14:30:17 +0000] "GET /css/bootstrap.min.css HTTP/1.1" 200 121205 "https://www.markall.in/css/site.css" "Mozilla/5.0 (Windows NT 6.1; WOW64) AppleWebKit/534+ (KHTML, like Gecko) BingPreview/1.0b"
40.77.188.47 - - [07/Aug/2021:14:30:18 +0000] "GET /css/dscountdown.css HTTP/1.1" 200 7424 "https://www.markall.in/css/site.css" "Mozilla/5.0 (Windows NT 6.1; WOW64) AppleWebKit/534+ (KHTML, like Gecko) BingPreview/1.0b"
40.77.188.47 - - [07/Aug/2021:14:30:18 +0000] "GET /css/jquery.fancybox.min.css HTTP/1.1" 200 12843 "https://www.markall.in/css/site.css" "Mozilla/5.0 (Windows NT 6.1; WOW64) AppleWebKit/534+ (KHTML, like Gecko) BingPreview/1.0b"
40.77.188.47 - - [07/Aug/2021:14:30:18 +0000] "GET /css/animate.min.css HTTP/1.1" 200 108668 "https://www.markall.in/css/site.css" "Mozilla/5.0 (Windows NT 6.1; WOW64) AppleWebKit/534+ (KHTML, like Gecko) BingPreview/1.0b"
40.77.188.47 - - [07/Aug/2021:14:30:18 +0000] "GET /css/simplebar.css HTTP/1.1" 200 1234 "https://www.markall.in/css/site.css" "Mozilla/5.0 (Windows NT 6.1; WOW64) AppleWebKit/534+ (KHTML, like Gecko) BingPreview/1.0b"
40.77.188.47 - - [07/Aug/2021:14:30:18 +0000] "GET /css/jquery.mb.YTPlayer.min.css HTTP/1.1" 200 8653 "https://www.markall.in/css/site.css" "Mozilla/5.0 (Windows NT 6.1; WOW64) AppleWebKit/534+ (KHTML, like Gecko) BingPreview/1.0b"
40.77.188.47 - - [07/Aug/2021:14:30:18 +0000] "GET /css/cubeportfolio.min.css HTTP/1.1" 200 101732 "https://www.markall.in/css/site.css" "Mozilla/5.0 (Windows NT 6.1; WOW64) AppleWebKit/534+ (KHTML, like Gecko) BingPreview/1.0b"
40.77.188.47 - - [07/Aug/2021:14:30:21 +0000] "GET /fonts/fontawesome-webfont.woff2?v=4.7.0 HTTP/1.1" 200 77160 "https://www.markall.in/css/font-awesome.min.css" "Mozilla/5.0 (Windows NT 6.1; WOW64) AppleWebKit/534+ (KHTML, like Gecko) BingPreview/1.0b"
66.249.73.237 - - [07/Aug/2021:14:43:01 +0000] "GET /robots.txt HTTP/1.1" 404 208 "-" "Mozilla/5.0 (compatible; Googlebot/2.1; +http://www.google.com/bot.html)"
66.249.73.237 - - [07/Aug/2021:14:43:01 +0000] "GET /our-services.php HTTP/1.1" 200 26505 "-" "Mozilla/5.0 (Linux; Android 6.0.1; Nexus 5X Build/MMB29P) AppleWebKit/537.36 (KHTML, like Gecko) Chrome/92.0.4515.119 Mobile Safari/537.36 (compatible; Googlebot/2.1; +http://www.google.com/bot.html)"
66.249.73.237 - - [07/Aug/2021:14:43:04 +0000] "GET /css/owl.carousel.min.css HTTP/1.1" 200 2941 "https://www.markall.in/css/site.css" "Mozilla/5.0 (Linux; Android 6.0.1; Nexus 5X Build/MMB29P) AppleWebKit/537.36 (KHTML, like Gecko) Chrome/92.0.4515.119 Mobile Safari/537.36 (compatible; Googlebot/2.1; +http://www.google.com/bot.html)"
66.249.73.235 - - [07/Aug/2021:14:43:05 +0000] "GET /js/revolution/extensions/revolution.extension.migration.min.js HTTP/1.1" 200 6110 "https://www.markall.in/our-services.php" "Mozilla/5.0 (Linux; Android 6.0.1; Nexus 5X Build/MMB29P) AppleWebKit/537.36 (KHTML, like Gecko) Chrome/92.0.4515.119 Mobile Safari/537.36 (compatible; Googlebot/2.1; +http://www.google.com/bot.html)"
66.249.73.235 - - [07/Aug/2021:14:43:05 +0000] "GET /js/revolution/extensions/revolution.extension.actions.min.js HTTP/1.1" 200 8866 "https://www.markall.in/our-services.php" "Mozilla/5.0 (Linux; Android 6.0.1; Nexus 5X Build/MMB29P) AppleWebKit/537.36 (KHTML, like Gecko) Chrome/92.0.4515.119 Mobile Safari/537.36 (compatible; Googlebot/2.1; +http://www.google.com/bot.html)"
31.13.127.21 - - [07/Aug/2021:15:13:32 +0000] "GET / HTTP/1.1" 200 17479 "-" "facebookexternalhit/1.1 (+http://www.facebook.com/externalhit_uatext.php)"
31.13.127.16 - - [07/Aug/2021:15:13:32 +0000] "GET / HTTP/1.1" 301 231 "-" "facebookexternalhit/1.1 (+http://www.facebook.com/externalhit_uatext.php)"
31.13.127.113 - - [07/Aug/2021:15:13:32 +0000] "GET / HTTP/1.1" 200 17479 "-" "facebookexternalhit/1.1 (+http://www.facebook.com/externalhit_uatext.php)"
31.13.127.16 - - [07/Aug/2021:15:13:33 +0000] "GET / HTTP/1.1" 200 17479 "-" "facebookexternalhit/1.1 (+http://www.facebook.com/externalhit_uatext.php)"
64.124.51.154 - - [07/Aug/2021:18:10:22 +0000] "GET / HTTP/1.1" 301 231 "-" "\"Mozilla/5.0 (Windows NT 6.1"
64.124.51.154 - - [07/Aug/2021:18:10:24 +0000] "GET / HTTP/1.1" 200 17479 "http://MARKALL.IN" "\"Mozilla/5.0 (Windows NT 6.1"
66.249.73.238 - - [07/Aug/2021:18:50:19 +0000] "GET / HTTP/1.1" 200 17479 "-" "Mozilla/5.0 (compatible; Googlebot/2.1; +http://www.google.com/bot.html)"
66.249.73.242 - - [07/Aug/2021:18:50:23 +0000] "GET /js/jquery-countTo.js HTTP/1.1" 200 2685 "http://www.markall.in/" "Mozilla/5.0 AppleWebKit/537.36 (KHTML, like Gecko; compatible; Googlebot/2.1; +http://www.google.com/bot.html) Chrome/92.0.4515.119 Safari/537.36"
66.249.73.242 - - [07/Aug/2021:18:50:23 +0000] "GET /js/revolution/extensions/revolution.extension.navigation.min.js HTTP/1.1" 200 25903 "http://www.markall.in/" "Mozilla/5.0 AppleWebKit/537.36 (KHTML, like Gecko; compatible; Googlebot/2.1; +http://www.google.com/bot.html) Chrome/92.0.4515.119 Safari/537.36"
34.139.108.36 - - [07/Aug/2021:19:51:43 +0000] "GET /robots.txt HTTP/1.0" 404 208 "-" "ZoominfoBot (zoominfobot at zoominfo dot com)"
34.139.108.36 - - [07/Aug/2021:19:51:44 +0000] "GET /contact-us.php?title=Home HTTP/1.0" 200 20420 "-" "ZoominfoBot (zoominfobot at zoominfo dot com)"
34.139.108.36 - - [07/Aug/2021:19:57:06 +0000] "GET /contact-us.php?title=Standard%20marketing%20with%20customization HTTP/1.0" 200 20453 "-" "ZoominfoBot (zoominfobot at zoominfo dot com)"
34.139.108.36 - - [07/Aug/2021:19:58:33 +0000] "GET /contact-us.php?title=Everything%20in%20this%20place HTTP/1.0" 200 20440 "-" "ZoominfoBot (zoominfobot at zoominfo dot com)"
34.139.108.36 - - [07/Aug/2021:19:59:07 +0000] "GET /index.php HTTP/1.0" 200 17479 "-" "ZoominfoBot (zoominfobot at zoominfo dot com)"
34.139.108.36 - - [07/Aug/2021:20:01:16 +0000] "GET /contact-us.php HTTP/1.0" 200 20416 "-" "ZoominfoBot (zoominfobot at zoominfo dot com)"
34.139.108.36 - - [07/Aug/2021:20:14:55 +0000] "GET /contact-us.php?title=Do%20not%20get%20lost HTTP/1.0" 200 20431 "-" "ZoominfoBot (zoominfobot at zoominfo dot com)"
34.210.45.41 - - [07/Aug/2021:20:16:36 +0000] "GET / HTTP/1.1" 301 231 "-" "Mozilla/5.0 (X11; Linux i686 on x86_64; rv:48.0) Gecko/20100101 Firefox/48.0"
34.210.45.41 - - [07/Aug/2021:20:16:37 +0000] "GET / HTTP/1.1" 200 17479 "-" "Mozilla/5.0 (X11; Linux i686 on x86_64; rv:48.0) Gecko/20100101 Firefox/48.0"
35.161.126.150 - - [07/Aug/2021:20:16:38 +0000] "GET /js/bootstrap.min.js HTTP/1.1" 301 250 "-" "Mozilla/5.0 (Windows NT 6.3; Win64; x64) AppleWebKit/537.36 (KHTML, like Gecko) Chrome/37.0.2049.0 Safari/537.36"
54.189.178.11 - - [07/Aug/2021:20:16:38 +0000] "GET /js/parallaxie.js HTTP/1.1" 301 247 "-" "Mozilla/5.0 (Windows NT 6.1) AppleWebKit/537.36 (KHTML, like Gecko) Chrome/41.0.2228.0 Safari/537.36"
54.185.202.218 - - [07/Aug/2021:20:16:38 +0000] "GET /js/jquery.mb.YTPlayer.min.js HTTP/1.1" 301 259 "-" "Mozilla/5.0 (compatible, MSIE 11, Windows NT 6.3; Trident/7.0; rv:11.0) like Gecko"
54.191.40.16 - - [07/Aug/2021:20:16:38 +0000] "GET /js/revolution/jquery.themepunch.tools.min.js HTTP/1.1" 301 275 "-" "Opera/12.0(Windows NT 5.1;U;en)Presto/22.9.168 Version/12.00"
54.189.161.51 - - [07/Aug/2021:20:16:38 +0000] "GET /js/swiper.jquery.min.js HTTP/1.1" 301 254 "-" "Mozilla/5.0 (Macintosh; Intel Mac OS X 10_9_3) AppleWebKit/537.75.14 (KHTML, like Gecko) Version/7.0.3 Safari/7046A194A"
34.219.144.44 - - [07/Aug/2021:20:16:38 +0000] "GET /js/jquery-countTo.js HTTP/1.1" 301 251 "-" "Mozilla/5.0 (Windows NT 6.1; WOW64; rv:50.0) Gecko/20100101 Firefox/50.0"
54.188.69.15 - - [07/Aug/2021:20:16:38 +0000] "GET /js/jquery.fancybox.min.js HTTP/1.1" 301 256 "-" "Opera/12.0(Windows NT 5.1;U;en)Presto/22.9.168 Version/12.00"
54.188.69.15 - - [07/Aug/2021:20:16:38 +0000] "GET /js/revolution/extensions/revolution.extension.video.min.js HTTP/1.1" 301 289 "-" "Mozilla/5.0 (Windows NT 6.1; WOW64; rv:50.0) Gecko/20100101 Firefox/50.0"
18.236.142.220 - - [07/Aug/2021:20:16:38 +0000] "GET /js/revolution/extensions/revolution.extension.migration.min.js HTTP/1.1" 301 293 "-" "Mozilla/5.0 (Windows NT 6.3; Win64; x64) AppleWebKit/537.36 (KHTML, like Gecko) Chrome/37.0.2049.0 Safari/537.36"
54.186.161.189 - - [07/Aug/2021:20:16:38 +0000] "GET /js/circle-progress.min.js HTTP/1.1" 301 256 "-" "Mozilla/5.0 (compatible, MSIE 11, Windows NT 6.3; Trident/7.0; rv:11.0) like Gecko"
35.160.250.254 - - [07/Aug/2021:20:16:38 +0000] "GET /js/revolution/extensions/revolution.extension.carousel.min.js HTTP/1.1" 301 292 "-" "Opera/12.0(Windows NT 5.1;U;en)Presto/22.9.168 Version/12.00"
54.70.82.16 - - [07/Aug/2021:20:16:38 +0000] "GET /js/simplebar.js HTTP/1.1" 301 246 "-" "Opera/12.0(Windows NT 5.1;U;en)Presto/22.9.168 Version/12.00"
34.219.150.57 - - [07/Aug/2021:20:16:38 +0000] "GET /js/jquery.matchHeight-min.js HTTP/1.1" 301 259 "-" "Mozilla/5.0 (Windows NT 5.1) AppleWebKit/537.11 (KHTML like Gecko) Chrome/23.0.1271.95 Safari/537.11"
34.219.153.73 - - [07/Aug/2021:20:16:38 +0000] "GET /js/owl.carousel.min.js HTTP/1.1" 301 253 "-" "Mozilla/5.0 (compatible; MSIE 10.0; Windows NT 6.1; WOW64; Trident/6.0)"
52.26.79.62 - - [07/Aug/2021:20:16:38 +0000] "GET /js/functions.js HTTP/1.1" 301 246 "-" "Opera/9.80 (Windows NT 6.2; Win64; x64) Presto/2.12 Version/12.16"
52.26.79.62 - - [07/Aug/2021:20:16:38 +0000] "GET /js/revolution/jquery.themepunch.revolution.min.js HTTP/1.1" 301 280 "-" "Mozilla/5.0 (compatible; MSIE 10.0; Windows NT 6.1; WOW64; Trident/6.0)"
54.244.195.232 - - [07/Aug/2021:20:16:38 +0000] "GET /js/revolution/extensions/revolution.extension.slideanims.min.js HTTP/1.1" 301 294 "-" "Mozilla/5.0 (Windows NT 6.1) AppleWebKit/537.36 (KHTML, like Gecko) Chrome/41.0.2228.0 Safari/537.36"
54.200.139.35 - - [07/Aug/2021:20:16:38 +0000] "GET /js/revolution/extensions/revolution.extension.actions.min.js HTTP/1.1" 301 291 "-" "Opera/12.0(Windows NT 5.1;U;en)Presto/22.9.168 Version/12.00"
54.188.123.166 - - [07/Aug/2021:20:16:38 +0000] "GET /js/wow.min.js HTTP/1.1" 301 244 "-" "Mozilla/5.0 (Windows NT 6.1) AppleWebKit/537.36 (KHTML, like Gecko) Chrome/41.0.2228.0 Safari/537.36"
35.166.118.229 - - [07/Aug/2021:20:16:38 +0000] "GET /js/revolution/extensions/revolution.extension.kenburn.min.js HTTP/1.1" 301 291 "-" "Mozilla/5.0 (Macintosh; Intel Mac OS X 10_9_3) AppleWebKit/537.75.14 (KHTML, like Gecko) Version/7.0.3 Safari/7046A194A"
34.217.175.126 - - [07/Aug/2021:20:16:38 +0000] "GET /js/revolution/extensions/revolution.extension.layeranimation.min.js HTTP/1.1" 301 298 "-" "Opera/9.80 (Windows NT 6.2; Win64; x64) Presto/2.12 Version/12.16"
35.166.118.229 - - [07/Aug/2021:20:16:38 +0000] "GET /js/dscountdown.min.js HTTP/1.1" 301 252 "-" "Mozilla/5.0 (Windows NT 5.1) AppleWebKit/537.11 (KHTML like Gecko) Chrome/23.0.1271.95 Safari/537.11"
34.215.31.17 - - [07/Aug/2021:20:16:38 +0000] "GET /js/jquery.cubeportfolio.min.js HTTP/1.1" 301 261 "-" "Mozilla/5.0 (Macintosh; Intel Mac OS X 10_9_3) AppleWebKit/537.75.14 (KHTML, like Gecko) Version/7.0.3 Safari/7046A194A"
34.219.19.80 - - [07/Aug/2021:20:16:38 +0000] "GET /js/jquery.appear.js HTTP/1.1" 301 250 "-" "Opera/12.0(Windows NT 5.1;U;en)Presto/22.9.168 Version/12.00"
54.218.88.48 - - [07/Aug/2021:20:16:38 +0000] "GET /js/revolution/extensions/revolution.extension.navigation.min.js HTTP/1.1" 301 294 "-" "Mozilla/5.0 (Windows NT 6.1; WOW64; rv:50.0) Gecko/20100101 Firefox/50.0"
34.209.116.106 - - [07/Aug/2021:20:16:38 +0000] "GET /js/revolution/extensions/revolution.extension.parallax.min.js HTTP/1.1" 301 292 "-" "Mozilla/5.0 (Windows NT 6.1; WOW64; rv:50.0) Gecko/20100101 Firefox/50.0"
54.189.178.11 - - [07/Aug/2021:20:16:39 +0000] "GET /js/parallaxie.js HTTP/1.1" 200 2070 "-" "Mozilla/5.0 (Windows NT 6.1) AppleWebKit/537.36 (KHTML, like Gecko) Chrome/41.0.2228.0 Safari/537.36"
54.185.202.218 - - [07/Aug/2021:20:16:39 +0000] "GET /js/jquery.mb.YTPlayer.min.js HTTP/1.1" 200 53752 "-" "Mozilla/5.0 (compatible, MSIE 11, Windows NT 6.3; Trident/7.0; rv:11.0) like Gecko"
35.161.126.150 - - [07/Aug/2021:20:16:39 +0000] "GET /js/bootstrap.min.js HTTP/1.1" 200 37051 "-" "Mozilla/5.0 (Windows NT 6.3; Win64; x64) AppleWebKit/537.36 (KHTML, like Gecko) Chrome/37.0.2049.0 Safari/537.36"
34.219.144.44 - - [07/Aug/2021:20:16:39 +0000] "GET /js/jquery-countTo.js HTTP/1.1" 200 2685 "-" "Mozilla/5.0 (Windows NT 6.1; WOW64; rv:50.0) Gecko/20100101 Firefox/50.0"
54.189.161.51 - - [07/Aug/2021:20:16:39 +0000] "GET /js/swiper.jquery.min.js HTTP/1.1" 200 96438 "-" "Mozilla/5.0 (Macintosh; Intel Mac OS X 10_9_3) AppleWebKit/537.75.14 (KHTML, like Gecko) Version/7.0.3 Safari/7046A194A"
54.188.123.166 - - [07/Aug/2021:20:16:39 +0000] "GET /js/wow.min.js HTTP/1.1" 200 8416 "-" "Mozilla/5.0 (Windows NT 6.1) AppleWebKit/537.36 (KHTML, like Gecko) Chrome/41.0.2228.0 Safari/537.36"
34.219.153.73 - - [07/Aug/2021:20:16:39 +0000] "GET /js/owl.carousel.min.js HTTP/1.1" 200 42772 "-" "Mozilla/5.0 (compatible; MSIE 10.0; Windows NT 6.1; WOW64; Trident/6.0)"
52.26.79.62 - - [07/Aug/2021:20:16:39 +0000] "GET /js/functions.js HTTP/1.1" 200 26487 "-" "Opera/9.80 (Windows NT 6.2; Win64; x64) Presto/2.12 Version/12.16"
54.191.40.16 - - [07/Aug/2021:20:16:39 +0000] "GET /js/revolution/jquery.themepunch.tools.min.js HTTP/1.1" 200 107534 "-" "Opera/12.0(Windows NT 5.1;U;en)Presto/22.9.168 Version/12.00"
34.219.150.57 - - [07/Aug/2021:20:16:39 +0000] "GET /js/jquery.matchHeight-min.js HTTP/1.1" 200 3391 "-" "Mozilla/5.0 (Windows NT 5.1) AppleWebKit/537.11 (KHTML like Gecko) Chrome/23.0.1271.95 Safari/537.11"
52.26.79.62 - - [07/Aug/2021:20:16:39 +0000] "GET /js/revolution/jquery.themepunch.revolution.min.js HTTP/1.1" 200 63323 "-" "Mozilla/5.0 (compatible; MSIE 10.0; Windows NT 6.1; WOW64; Trident/6.0)"
54.186.161.189 - - [07/Aug/2021:20:16:39 +0000] "GET /js/circle-progress.min.js HTTP/1.1" 200 4454 "-" "Mozilla/5.0 (compatible, MSIE 11, Windows NT 6.3; Trident/7.0; rv:11.0) like Gecko"
35.166.118.229 - - [07/Aug/2021:20:16:39 +0000] "GET /js/revolution/extensions/revolution.extension.kenburn.min.js HTTP/1.1" 200 3702 "-" "Mozilla/5.0 (Macintosh; Intel Mac OS X 10_9_3) AppleWebKit/537.75.14 (KHTML, like Gecko) Version/7.0.3 Safari/7046A194A"
54.70.82.16 - - [07/Aug/2021:20:16:39 +0000] "GET /js/simplebar.js HTTP/1.1" 200 83169 "-" "Opera/12.0(Windows NT 5.1;U;en)Presto/22.9.168 Version/12.00"
34.219.19.80 - - [07/Aug/2021:20:16:39 +0000] "GET /js/jquery.appear.js HTTP/1.1" 200 3338 "-" "Opera/12.0(Windows NT 5.1;U;en)Presto/22.9.168 Version/12.00"
35.160.250.254 - - [07/Aug/2021:20:16:39 +0000] "GET /js/revolution/extensions/revolution.extension.carousel.min.js HTTP/1.1" 200 7607 "-" "Opera/12.0(Windows NT 5.1;U;en)Presto/22.9.168 Version/12.00"
34.217.175.126 - - [07/Aug/2021:20:16:39 +0000] "GET /js/revolution/extensions/revolution.extension.layeranimation.min.js HTTP/1.1" 200 54044 "-" "Opera/9.80 (Windows NT 6.2; Win64; x64) Presto/2.12 Version/12.16"
35.166.118.229 - - [07/Aug/2021:20:16:39 +0000] "GET /js/dscountdown.min.js HTTP/1.1" 200 2466 "-" "Mozilla/5.0 (Windows NT 5.1) AppleWebKit/537.11 (KHTML like Gecko) Chrome/23.0.1271.95 Safari/537.11"
34.215.31.17 - - [07/Aug/2021:20:16:39 +0000] "GET /js/jquery.cubeportfolio.min.js HTTP/1.1" 200 78617 "-" "Mozilla/5.0 (Macintosh; Intel Mac OS X 10_9_3) AppleWebKit/537.75.14 (KHTML, like Gecko) Version/7.0.3 Safari/7046A194A"
54.188.69.15 - - [07/Aug/2021:20:16:39 +0000] "GET /js/jquery.fancybox.min.js HTTP/1.1" 200 57744 "-" "Opera/12.0(Windows NT 5.1;U;en)Presto/22.9.168 Version/12.00"
54.188.69.15 - - [07/Aug/2021:20:16:39 +0000] "GET /js/revolution/extensions/revolution.extension.video.min.js HTTP/1.1" 200 23903 "-" "Mozilla/5.0 (Windows NT 6.1; WOW64; rv:50.0) Gecko/20100101 Firefox/50.0"
18.236.142.220 - - [07/Aug/2021:20:16:39 +0000] "GET /js/revolution/extensions/revolution.extension.migration.min.js HTTP/1.1" 200 6110 "-" "Mozilla/5.0 (Windows NT 6.3; Win64; x64) AppleWebKit/537.36 (KHTML, like Gecko) Chrome/37.0.2049.0 Safari/537.36"
54.244.195.232 - - [07/Aug/2021:20:16:39 +0000] "GET /js/revolution/extensions/revolution.extension.slideanims.min.js HTTP/1.1" 200 28285 "-" "Mozilla/5.0 (Windows NT 6.1) AppleWebKit/537.36 (KHTML, like Gecko) Chrome/41.0.2228.0 Safari/537.36"
54.200.139.35 - - [07/Aug/2021:20:16:39 +0000] "GET /js/revolution/extensions/revolution.extension.actions.min.js HTTP/1.1" 200 8866 "-" "Opera/12.0(Windows NT 5.1;U;en)Presto/22.9.168 Version/12.00"
54.218.88.48 - - [07/Aug/2021:20:16:39 +0000] "GET /js/revolution/extensions/revolution.extension.navigation.min.js HTTP/1.1" 200 25903 "-" "Mozilla/5.0 (Windows NT 6.1; WOW64; rv:50.0) Gecko/20100101 Firefox/50.0"
34.209.116.106 - - [07/Aug/2021:20:16:39 +0000] "GET /js/revolution/extensions/revolution.extension.parallax.min.js HTTP/1.1" 200 10679 "-" "Mozilla/5.0 (Windows NT 6.1; WOW64; rv:50.0) Gecko/20100101 Firefox/50.0"
54.218.88.48 - - [07/Aug/2021:20:16:40 +0000] "GET /js/viedobox_video.js HTTP/1.1" 301 251 "-" "Mozilla/5.0 (Windows NT 6.3; rv:36.0) Gecko/20100101 Firefox/36.0"
54.218.88.48 - - [07/Aug/2021:20:16:41 +0000] "GET /js/viedobox_video.js HTTP/1.1" 200 44758 "-" "Mozilla/5.0 (Windows NT 6.3; rv:36.0) Gecko/20100101 Firefox/36.0"
34.139.108.36 - - [07/Aug/2021:20:17:26 +0000] "GET /contact-us.php?title=Get%20noticed HTTP/1.0" 200 20427 "-" "ZoominfoBot (zoominfobot at zoominfo dot com)"
34.139.108.36 - - [07/Aug/2021:20:17:42 +0000] "GET /about-us.php HTTP/1.0" 200 13750 "-" "ZoominfoBot (zoominfobot at zoominfo dot com)"
34.139.108.36 - - [07/Aug/2021:20:27:14 +0000] "GET /our-services.php HTTP/1.0" 200 26505 "-" "ZoominfoBot (zoominfobot at zoominfo dot com)"
34.139.108.36 - - [07/Aug/2021:20:32:03 +0000] "GET /contact-us.php?title=Integrated%20marketing HTTP/1.0" 200 20436 "-" "ZoominfoBot (zoominfobot at zoominfo dot com)"
54.190.194.49 - - [07/Aug/2021:20:32:04 +0000] "GET / HTTP/1.1" 301 231 "-" "-"
54.190.194.49 - - [07/Aug/2021:20:32:05 +0000] "GET / HTTP/1.1" 200 17479 "-" "-"
34.139.108.36 - - [07/Aug/2021:20:36:59 +0000] "GET /contact-us.php?title=Bouquet%20of%20services HTTP/1.0" 200 20435 "-" "ZoominfoBot (zoominfobot at zoominfo dot com)"
103.149.13.124 - - [07/Aug/2021:21:40:50 +0000] "GET / HTTP/1.1" 301 231 "-" "Mozilla/5.0 (X11; Ubuntu; Linux i686; rv:28.0) Gecko/20100101 Firefox/28.0"
103.149.13.124 - - [07/Aug/2021:21:40:51 +0000] "GET / HTTP/1.1" 200 17479 "-" "Mozilla/5.0 (X11; Ubuntu; Linux i686; rv:28.0) Gecko/20100101 Firefox/28.0"
103.149.13.124 - - [07/Aug/2021:21:40:51 +0000] "GET /.env HTTP/1.1" 301 235 "-" "Mozilla/5.0 (X11; Ubuntu; Linux i686; rv:28.0) Gecko/20100101 Firefox/28.0"
103.149.13.124 - - [07/Aug/2021:21:40:52 +0000] "GET /.env HTTP/1.1" 404 202 "-" "Mozilla/5.0 (X11; Ubuntu; Linux i686; rv:28.0) Gecko/20100101 Firefox/28.0"
103.149.13.124 - - [07/Aug/2021:21:40:52 +0000] "GET /env/.env HTTP/1.1" 301 239 "-" "Mozilla/5.0 (X11; Ubuntu; Linux i686; rv:28.0) Gecko/20100101 Firefox/28.0"
103.149.13.124 - - [07/Aug/2021:21:40:52 +0000] "GET /env/.env HTTP/1.1" 404 206 "-" "Mozilla/5.0 (X11; Ubuntu; Linux i686; rv:28.0) Gecko/20100101 Firefox/28.0"
103.149.13.124 - - [07/Aug/2021:21:40:53 +0000] "GET /laravel/.env HTTP/1.1" 301 243 "-" "Mozilla/5.0 (X11; Ubuntu; Linux i686; rv:28.0) Gecko/20100101 Firefox/28.0"
103.149.13.124 - - [07/Aug/2021:21:40:53 +0000] "GET /laravel/.env HTTP/1.1" 404 210 "-" "Mozilla/5.0 (X11; Ubuntu; Linux i686; rv:28.0) Gecko/20100101 Firefox/28.0"
103.149.13.124 - - [07/Aug/2021:21:40:54 +0000] "GET /admin/.env HTTP/1.1" 301 241 "-" "Mozilla/5.0 (X11; Ubuntu; Linux i686; rv:28.0) Gecko/20100101 Firefox/28.0"
103.149.13.124 - - [07/Aug/2021:21:40:54 +0000] "GET /admin/.env HTTP/1.1" 404 208 "-" "Mozilla/5.0 (X11; Ubuntu; Linux i686; rv:28.0) Gecko/20100101 Firefox/28.0"
103.149.13.124 - - [07/Aug/2021:21:40:54 +0000] "GET /local.env HTTP/1.1" 301 240 "-" "Mozilla/5.0 (X11; Ubuntu; Linux i686; rv:28.0) Gecko/20100101 Firefox/28.0"
103.149.13.124 - - [07/Aug/2021:21:40:55 +0000] "GET /local.env HTTP/1.1" 404 207 "-" "Mozilla/5.0 (X11; Ubuntu; Linux i686; rv:28.0) Gecko/20100101 Firefox/28.0"
103.149.13.124 - - [07/Aug/2021:21:40:55 +0000] "GET /test/.env HTTP/1.1" 301 240 "-" "Mozilla/5.0 (X11; Ubuntu; Linux i686; rv:28.0) Gecko/20100101 Firefox/28.0"
103.149.13.124 - - [07/Aug/2021:21:40:55 +0000] "GET /test/.env HTTP/1.1" 404 207 "-" "Mozilla/5.0 (X11; Ubuntu; Linux i686; rv:28.0) Gecko/20100101 Firefox/28.0"
103.149.13.124 - - [07/Aug/2021:21:40:56 +0000] "GET /blog/.env HTTP/1.1" 301 240 "-" "Mozilla/5.0 (X11; Ubuntu; Linux i686; rv:28.0) Gecko/20100101 Firefox/28.0"
103.149.13.124 - - [07/Aug/2021:21:40:56 +0000] "GET /blog/.env HTTP/1.1" 404 207 "-" "Mozilla/5.0 (X11; Ubuntu; Linux i686; rv:28.0) Gecko/20100101 Firefox/28.0"
103.149.13.124 - - [07/Aug/2021:21:40:56 +0000] "GET /cms/.env HTTP/1.1" 301 239 "-" "Mozilla/5.0 (X11; Ubuntu; Linux i686; rv:28.0) Gecko/20100101 Firefox/28.0"
103.149.13.124 - - [07/Aug/2021:21:40:57 +0000] "GET /cms/.env HTTP/1.1" 404 206 "-" "Mozilla/5.0 (X11; Ubuntu; Linux i686; rv:28.0) Gecko/20100101 Firefox/28.0"
66.249.65.35 - - [07/Aug/2021:23:37:05 +0000] "GET /robots.txt HTTP/1.1" 301 241 "-" "Mozilla/5.0 (compatible; Googlebot/2.1; +http://www.google.com/bot.html)"
66.249.73.233 - - [07/Aug/2021:23:37:06 +0000] "GET /robots.txt HTTP/1.1" 404 208 "-" "Mozilla/5.0 (compatible; Googlebot/2.1; +http://www.google.com/bot.html)"
66.249.65.38 - - [07/Aug/2021:23:37:07 +0000] "GET /index.php HTTP/1.1" 301 240 "-" "Mozilla/5.0 (Linux; Android 6.0.1; Nexus 5X Build/MMB29P) AppleWebKit/537.36 (KHTML, like Gecko) Chrome/92.0.4515.119 Mobile Safari/537.36 (compatible; Googlebot/2.1; +http://www.google.com/bot.html)"
66.249.73.233 - - [07/Aug/2021:23:37:08 +0000] "GET /index.php HTTP/1.1" 200 17479 "-" "Mozilla/5.0 (Linux; Android 6.0.1; Nexus 5X Build/MMB29P) AppleWebKit/537.36 (KHTML, like Gecko) Chrome/92.0.4515.119 Mobile Safari/537.36 (compatible; Googlebot/2.1; +http://www.google.com/bot.html)"
207.46.13.184 - - [08/Aug/2021:00:01:30 +0000] "GET / HTTP/1.1" 200 17479 "-" "Mozilla/5.0 (compatible; bingbot/2.0; +http://www.bing.com/bingbot.htm)"
66.220.149.2 - - [08/Aug/2021:02:50:44 +0000] "GET /images/logo.png HTTP/1.1" 200 14672 "-" "facebookexternalhit/1.1 (+http://www.facebook.com/externalhit_uatext.php)"
31.13.103.9 - - [08/Aug/2021:02:50:46 +0000] "GET /images/logo.png HTTP/1.1" 200 14672 "-" "facebookexternalhit/1.1 (+http://www.facebook.com/externalhit_uatext.php)"
34.139.108.36 - - [08/Aug/2021:03:22:39 +0000] "GET /robots.txt HTTP/1.0" 404 208 "-" "ZoominfoBot (zoominfobot at zoominfo dot com)"
34.139.108.36 - - [08/Aug/2021:03:22:40 +0000] "GET /contact-us.php?title=Home HTTP/1.0" 200 20420 "-" "ZoominfoBot (zoominfobot at zoominfo dot com)"
34.139.108.36 - - [08/Aug/2021:03:28:52 +0000] "GET /contact-us.php?title=Standard%20marketing%20with%20customization HTTP/1.0" 200 20453 "-" "ZoominfoBot (zoominfobot at zoominfo dot com)"
34.139.108.36 - - [08/Aug/2021:03:30:26 +0000] "GET /contact-us.php?title=Everything%20in%20this%20place HTTP/1.0" 200 20440 "-" "ZoominfoBot (zoominfobot at zoominfo dot com)"
34.139.108.36 - - [08/Aug/2021:03:31:10 +0000] "GET /index.php HTTP/1.0" 200 17479 "-" "ZoominfoBot (zoominfobot at zoominfo dot com)"
66.249.73.238 - - [08/Aug/2021:03:32:20 +0000] "GET /robots.txt HTTP/1.1" 404 208 "-" "Mozilla/5.0 (compatible; Googlebot/2.1; +http://www.google.com/bot.html)"
66.249.73.238 - - [08/Aug/2021:03:32:20 +0000] "GET / HTTP/1.1" 200 17479 "-" "Mozilla/5.0 (Linux; Android 6.0.1; Nexus 5X Build/MMB29P) AppleWebKit/537.36 (KHTML, like Gecko) Chrome/92.0.4515.119 Mobile Safari/537.36 (compatible; Googlebot/2.1; +http://www.google.com/bot.html)"
66.249.73.240 - - [08/Aug/2021:03:32:25 +0000] "GET /css/typo1.css HTTP/1.1" 200 280 "http://www.markall.in/" "Mozilla/5.0 (Linux; Android 6.0.1; Nexus 5X Build/MMB29P) AppleWebKit/537.36 (KHTML, like Gecko) Chrome/92.0.4515.119 Mobile Safari/537.36 (compatible; Googlebot/2.1; +http://www.google.com/bot.html)"
66.249.73.240 - - [08/Aug/2021:03:32:25 +0000] "GET /css/dscountdown.css HTTP/1.1" 200 7424 "http://www.markall.in/css/site.css" "Mozilla/5.0 (Linux; Android 6.0.1; Nexus 5X Build/MMB29P) AppleWebKit/537.36 (KHTML, like Gecko) Chrome/92.0.4515.119 Mobile Safari/537.36 (compatible; Googlebot/2.1; +http://www.google.com/bot.html)"
66.249.73.240 - - [08/Aug/2021:03:32:26 +0000] "GET /css/jquery.mb.YTPlayer.min.css HTTP/1.1" 200 8653 "http://www.markall.in/css/site.css" "Mozilla/5.0 (Linux; Android 6.0.1; Nexus 5X Build/MMB29P) AppleWebKit/537.36 (KHTML, like Gecko) Chrome/92.0.4515.119 Mobile Safari/537.36 (compatible; Googlebot/2.1; +http://www.google.com/bot.html)"
66.249.73.238 - - [08/Aug/2021:03:32:26 +0000] "GET /js/parallaxie.js HTTP/1.1" 200 2070 "http://www.markall.in/" "Mozilla/5.0 (Linux; Android 6.0.1; Nexus 5X Build/MMB29P) AppleWebKit/537.36 (KHTML, like Gecko) Chrome/92.0.4515.119 Mobile Safari/537.36 (compatible; Googlebot/2.1; +http://www.google.com/bot.html)"
66.249.73.238 - - [08/Aug/2021:03:32:26 +0000] "GET /js/circle-progress.min.js HTTP/1.1" 200 4454 "http://www.markall.in/" "Mozilla/5.0 (Linux; Android 6.0.1; Nexus 5X Build/MMB29P) AppleWebKit/537.36 (KHTML, like Gecko) Chrome/92.0.4515.119 Mobile Safari/537.36 (compatible; Googlebot/2.1; +http://www.google.com/bot.html)"
66.249.73.240 - - [08/Aug/2021:03:32:27 +0000] "GET /js/jquery.mb.YTPlayer.min.js HTTP/1.1" 200 53752 "http://www.markall.in/" "Mozilla/5.0 (Linux; Android 6.0.1; Nexus 5X Build/MMB29P) AppleWebKit/537.36 (KHTML, like Gecko) Chrome/92.0.4515.119 Mobile Safari/537.36 (compatible; Googlebot/2.1; +http://www.google.com/bot.html)"
66.249.73.240 - - [08/Aug/2021:03:32:28 +0000] "GET /js/revolution/extensions/revolution.extension.video.min.js HTTP/1.1" 200 23903 "http://www.markall.in/" "Mozilla/5.0 (Linux; Android 6.0.1; Nexus 5X Build/MMB29P) AppleWebKit/537.36 (KHTML, like Gecko) Chrome/92.0.4515.119 Mobile Safari/537.36 (compatible; Googlebot/2.1; +http://www.google.com/bot.html)"
66.249.73.240 - - [08/Aug/2021:03:32:28 +0000] "GET /js/revolution/extensions/revolution.extension.actions.min.js HTTP/1.1" 200 8866 "http://www.markall.in/" "Mozilla/5.0 (Linux; Android 6.0.1; Nexus 5X Build/MMB29P) AppleWebKit/537.36 (KHTML, like Gecko) Chrome/92.0.4515.119 Mobile Safari/537.36 (compatible; Googlebot/2.1; +http://www.google.com/bot.html)"
66.249.73.238 - - [08/Aug/2021:03:32:29 +0000] "GET /js/revolution/extensions/revolution.extension.migration.min.js HTTP/1.1" 200 6110 "http://www.markall.in/" "Mozilla/5.0 (Linux; Android 6.0.1; Nexus 5X Build/MMB29P) AppleWebKit/537.36 (KHTML, like Gecko) Chrome/92.0.4515.119 Mobile Safari/537.36 (compatible; Googlebot/2.1; +http://www.google.com/bot.html)"
66.249.65.35 - - [08/Aug/2021:03:32:29 +0000] "GET / HTTP/1.1" 301 231 "-" "Mozilla/5.0 (Linux; Android 6.0.1; Nexus 5X Build/MMB29P) AppleWebKit/537.36 (KHTML, like Gecko) Chrome/92.0.4515.119 Mobile Safari/537.36 (compatible; Googlebot/2.1; +http://www.google.com/bot.html)"
66.249.73.238 - - [08/Aug/2021:03:32:29 +0000] "GET /js/wow.min.js HTTP/1.1" 200 8416 "http://www.markall.in/" "Mozilla/5.0 (Linux; Android 6.0.1; Nexus 5X Build/MMB29P) AppleWebKit/537.36 (KHTML, like Gecko) Chrome/92.0.4515.119 Mobile Safari/537.36 (compatible; Googlebot/2.1; +http://www.google.com/bot.html)"
66.249.73.238 - - [08/Aug/2021:03:32:30 +0000] "GET /js/jquery.fancybox.min.js HTTP/1.1" 200 57744 "http://www.markall.in/" "Mozilla/5.0 (Linux; Android 6.0.1; Nexus 5X Build/MMB29P) AppleWebKit/537.36 (KHTML, like Gecko) Chrome/92.0.4515.119 Mobile Safari/537.36 (compatible; Googlebot/2.1; +http://www.google.com/bot.html)"
66.249.73.233 - - [08/Aug/2021:03:32:30 +0000] "GET /robots.txt HTTP/1.1" 404 208 "-" "Mozilla/5.0 (compatible; Googlebot/2.1; +http://www.google.com/bot.html)"
66.249.73.233 - - [08/Aug/2021:03:32:31 +0000] "GET / HTTP/1.1" 200 17479 "-" "Mozilla/5.0 (Linux; Android 6.0.1; Nexus 5X Build/MMB29P) AppleWebKit/537.36 (KHTML, like Gecko) Chrome/92.0.4515.119 Mobile Safari/537.36 (compatible; Googlebot/2.1; +http://www.google.com/bot.html)"
66.249.73.233 - - [08/Aug/2021:03:32:33 +0000] "GET /css/style.css HTTP/1.1" 200 137926 "https://www.markall.in/" "Mozilla/5.0 (Linux; Android 6.0.1; Nexus 5X Build/MMB29P) AppleWebKit/537.36 (KHTML, like Gecko) Chrome/92.0.4515.119 Mobile Safari/537.36 (compatible; Googlebot/2.1; +http://www.google.com/bot.html)"
66.249.73.233 - - [08/Aug/2021:03:32:34 +0000] "GET /css/owl.carousel.min.css HTTP/1.1" 200 2941 "https://www.markall.in/css/site.css" "Mozilla/5.0 (Linux; Android 6.0.1; Nexus 5X Build/MMB29P) AppleWebKit/537.36 (KHTML, like Gecko) Chrome/92.0.4515.119 Mobile Safari/537.36 (compatible; Googlebot/2.1; +http://www.google.com/bot.html)"
66.249.73.233 - - [08/Aug/2021:03:32:35 +0000] "GET /js/jquery.mb.YTPlayer.min.js HTTP/1.1" 200 53752 "https://www.markall.in/" "Mozilla/5.0 (Linux; Android 6.0.1; Nexus 5X Build/MMB29P) AppleWebKit/537.36 (KHTML, like Gecko) Chrome/92.0.4515.119 Mobile Safari/537.36 (compatible; Googlebot/2.1; +http://www.google.com/bot.html)"
92.118.160.37 - - [08/Aug/2021:03:32:42 +0000] "GET / HTTP/1.1" 301 231 "-" "NetSystemsResearch studies the availability of various services across the internet. Our website is netsystemsresearch.com"
92.118.160.37 - - [08/Aug/2021:03:32:43 +0000] "GET / HTTP/1.1" 200 17479 "-" "Go http package"
34.139.108.36 - - [08/Aug/2021:03:33:07 +0000] "GET /contact-us.php HTTP/1.0" 200 20416 "-" "ZoominfoBot (zoominfobot at zoominfo dot com)"
34.139.108.36 - - [08/Aug/2021:03:49:15 +0000] "GET /contact-us.php?title=Do%20not%20get%20lost HTTP/1.0" 200 20431 "-" "ZoominfoBot (zoominfobot at zoominfo dot com)"
34.139.108.36 - - [08/Aug/2021:03:52:06 +0000] "GET /contact-us.php?title=Get%20noticed HTTP/1.0" 200 20427 "-" "ZoominfoBot (zoominfobot at zoominfo dot com)"
34.139.108.36 - - [08/Aug/2021:03:52:31 +0000] "GET /about-us.php HTTP/1.0" 200 13750 "-" "ZoominfoBot (zoominfobot at zoominfo dot com)"
34.139.108.36 - - [08/Aug/2021:04:03:54 +0000] "GET /our-services.php HTTP/1.0" 200 26505 "-" "ZoominfoBot (zoominfobot at zoominfo dot com)"
34.139.108.36 - - [08/Aug/2021:04:09:53 +0000] "GET /contact-us.php?title=Integrated%20marketing HTTP/1.0" 200 20436 "-" "ZoominfoBot (zoominfobot at zoominfo dot com)"
66.249.73.242 - - [08/Aug/2021:04:09:59 +0000] "GET / HTTP/1.1" 200 17479 "-" "Mozilla/5.0 (Linux; Android 6.0.1; Nexus 5X Build/MMB29P) AppleWebKit/537.36 (KHTML, like Gecko) Chrome/92.0.4515.119 Mobile Safari/537.36 (compatible; Googlebot/2.1; +http://www.google.com/bot.html)"
66.249.73.240 - - [08/Aug/2021:04:10:02 +0000] "GET /css/site.css HTTP/1.1" 200 538 "http://www.markall.in/" "Mozilla/5.0 (Linux; Android 6.0.1; Nexus 5X Build/MMB29P) AppleWebKit/537.36 (KHTML, like Gecko) Chrome/92.0.4515.119 Mobile Safari/537.36 (compatible; Googlebot/2.1; +http://www.google.com/bot.html)"
66.249.73.242 - - [08/Aug/2021:04:10:03 +0000] "GET /css/typo1.css HTTP/1.1" 200 280 "http://www.markall.in/" "Mozilla/5.0 (Linux; Android 6.0.1; Nexus 5X Build/MMB29P) AppleWebKit/537.36 (KHTML, like Gecko) Chrome/92.0.4515.119 Mobile Safari/537.36 (compatible; Googlebot/2.1; +http://www.google.com/bot.html)"
66.249.73.238 - - [08/Aug/2021:04:10:03 +0000] "GET /css/style.css HTTP/1.1" 200 137926 "http://www.markall.in/" "Mozilla/5.0 (Linux; Android 6.0.1; Nexus 5X Build/MMB29P) AppleWebKit/537.36 (KHTML, like Gecko) Chrome/92.0.4515.119 Mobile Safari/537.36 (compatible; Googlebot/2.1; +http://www.google.com/bot.html)"
66.249.73.238 - - [08/Aug/2021:04:10:04 +0000] "GET /css/simplebar.css HTTP/1.1" 200 1234 "http://www.markall.in/css/site.css" "Mozilla/5.0 (Linux; Android 6.0.1; Nexus 5X Build/MMB29P) AppleWebKit/537.36 (KHTML, like Gecko) Chrome/92.0.4515.119 Mobile Safari/537.36 (compatible; Googlebot/2.1; +http://www.google.com/bot.html)"
66.249.73.240 - - [08/Aug/2021:04:10:05 +0000] "GET /css/settings.css HTTP/1.1" 200 38835 "http://www.markall.in/css/site.css" "Mozilla/5.0 (Linux; Android 6.0.1; Nexus 5X Build/MMB29P) AppleWebKit/537.36 (KHTML, like Gecko) Chrome/92.0.4515.119 Mobile Safari/537.36 (compatible; Googlebot/2.1; +http://www.google.com/bot.html)"
66.249.73.238 - - [08/Aug/2021:04:10:06 +0000] "GET /css/bootstrap.min.css HTTP/1.1" 200 121205 "http://www.markall.in/css/site.css" "Mozilla/5.0 (Linux; Android 6.0.1; Nexus 5X Build/MMB29P) AppleWebKit/537.36 (KHTML, like Gecko) Chrome/92.0.4515.119 Mobile Safari/537.36 (compatible; Googlebot/2.1; +http://www.google.com/bot.html)"
66.249.73.240 - - [08/Aug/2021:04:10:07 +0000] "GET /js/bootstrap.min.js HTTP/1.1" 200 37051 "http://www.markall.in/" "Mozilla/5.0 (Linux; Android 6.0.1; Nexus 5X Build/MMB29P) AppleWebKit/537.36 (KHTML, like Gecko) Chrome/92.0.4515.119 Mobile Safari/537.36 (compatible; Googlebot/2.1; +http://www.google.com/bot.html)"
66.249.73.238 - - [08/Aug/2021:04:10:08 +0000] "GET /js/revolution/jquery.themepunch.revolution.min.js HTTP/1.1" 200 63323 "http://www.markall.in/" "Mozilla/5.0 (Linux; Android 6.0.1; Nexus 5X Build/MMB29P) AppleWebKit/537.36 (KHTML, like Gecko) Chrome/92.0.4515.119 Mobile Safari/537.36 (compatible; Googlebot/2.1; +http://www.google.com/bot.html)"
66.249.73.238 - - [08/Aug/2021:04:10:08 +0000] "GET /js/simplebar.js HTTP/1.1" 200 83169 "http://www.markall.in/" "Mozilla/5.0 (Linux; Android 6.0.1; Nexus 5X Build/MMB29P) AppleWebKit/537.36 (KHTML, like Gecko) Chrome/92.0.4515.119 Mobile Safari/537.36 (compatible; Googlebot/2.1; +http://www.google.com/bot.html)"
66.249.73.238 - - [08/Aug/2021:04:10:09 +0000] "GET /js/dscountdown.min.js HTTP/1.1" 200 2466 "http://www.markall.in/" "Mozilla/5.0 (Linux; Android 6.0.1; Nexus 5X Build/MMB29P) AppleWebKit/537.36 (KHTML, like Gecko) Chrome/92.0.4515.119 Mobile Safari/537.36 (compatible; Googlebot/2.1; +http://www.google.com/bot.html)"
66.249.73.238 - - [08/Aug/2021:04:10:10 +0000] "GET /js/revolution/extensions/revolution.extension.layeranimation.min.js HTTP/1.1" 200 54044 "http://www.markall.in/" "Mozilla/5.0 (Linux; Android 6.0.1; Nexus 5X Build/MMB29P) AppleWebKit/537.36 (KHTML, like Gecko) Chrome/92.0.4515.119 Mobile Safari/537.36 (compatible; Googlebot/2.1; +http://www.google.com/bot.html)"
66.249.73.238 - - [08/Aug/2021:04:10:11 +0000] "GET /js/revolution/extensions/revolution.extension.slideanims.min.js HTTP/1.1" 200 28285 "http://www.markall.in/" "Mozilla/5.0 (Linux; Android 6.0.1; Nexus 5X Build/MMB29P) AppleWebKit/537.36 (KHTML, like Gecko) Chrome/92.0.4515.119 Mobile Safari/537.36 (compatible; Googlebot/2.1; +http://www.google.com/bot.html)"
66.249.73.238 - - [08/Aug/2021:04:10:12 +0000] "GET /js/jquery.appear.js HTTP/1.1" 200 3338 "http://www.markall.in/" "Mozilla/5.0 (Linux; Android 6.0.1; Nexus 5X Build/MMB29P) AppleWebKit/537.36 (KHTML, like Gecko) Chrome/92.0.4515.119 Mobile Safari/537.36 (compatible; Googlebot/2.1; +http://www.google.com/bot.html)"
34.139.108.36 - - [08/Aug/2021:04:15:20 +0000] "GET /contact-us.php?title=Bouquet%20of%20services HTTP/1.0" 200 20435 "-" "ZoominfoBot (zoominfobot at zoominfo dot com)"
69.171.249.23 - - [08/Aug/2021:04:16:09 +0000] "GET / HTTP/1.1" 200 17479 "-" "facebookexternalhit/1.1 (+http://www.facebook.com/externalhit_uatext.php)"
69.171.249.18 - - [08/Aug/2021:04:16:09 +0000] "GET / HTTP/1.1" 301 231 "-" "facebookexternalhit/1.1 (+http://www.facebook.com/externalhit_uatext.php)"
69.171.249.118 - - [08/Aug/2021:04:16:09 +0000] "GET / HTTP/1.1" 200 17479 "-" "facebookexternalhit/1.1 (+http://www.facebook.com/externalhit_uatext.php)"
69.171.249.18 - - [08/Aug/2021:04:16:10 +0000] "GET / HTTP/1.1" 200 17479 "-" "facebookexternalhit/1.1 (+http://www.facebook.com/externalhit_uatext.php)"
35.243.138.1 - - [08/Aug/2021:06:53:09 +0000] "GET /robots.txt HTTP/1.0" 404 208 "-" "ZoominfoBot (zoominfobot at zoominfo dot com)"
35.243.138.1 - - [08/Aug/2021:06:53:10 +0000] "GET /contact-us.php?title=Home HTTP/1.0" 200 20420 "-" "ZoominfoBot (zoominfobot at zoominfo dot com)"
35.243.138.1 - - [08/Aug/2021:06:59:34 +0000] "GET /contact-us.php?title=Standard%20marketing%20with%20customization HTTP/1.0" 200 20453 "-" "ZoominfoBot (zoominfobot at zoominfo dot com)"
35.243.138.1 - - [08/Aug/2021:07:01:22 +0000] "GET /contact-us.php?title=Everything%20in%20this%20place HTTP/1.0" 200 20440 "-" "ZoominfoBot (zoominfobot at zoominfo dot com)"
35.243.138.1 - - [08/Aug/2021:07:02:10 +0000] "GET /index.php HTTP/1.0" 200 17479 "-" "ZoominfoBot (zoominfobot at zoominfo dot com)"
35.243.138.1 - - [08/Aug/2021:07:04:41 +0000] "GET /contact-us.php HTTP/1.0" 200 20416 "-" "ZoominfoBot (zoominfobot at zoominfo dot com)"
35.243.138.1 - - [08/Aug/2021:07:21:54 +0000] "GET /contact-us.php?title=Do%20not%20get%20lost HTTP/1.0" 200 20431 "-" "ZoominfoBot (zoominfobot at zoominfo dot com)"
35.243.138.1 - - [08/Aug/2021:07:25:09 +0000] "GET /contact-us.php?title=Get%20noticed HTTP/1.0" 200 20427 "-" "ZoominfoBot (zoominfobot at zoominfo dot com)"
35.243.138.1 - - [08/Aug/2021:07:25:32 +0000] "GET /about-us.php HTTP/1.0" 200 13750 "-" "ZoominfoBot (zoominfobot at zoominfo dot com)"
35.243.138.1 - - [08/Aug/2021:07:37:49 +0000] "GET /our-services.php HTTP/1.0" 200 26505 "-" "ZoominfoBot (zoominfobot at zoominfo dot com)"
66.249.65.40 - - [08/Aug/2021:07:38:12 +0000] "GET / HTTP/1.1" 301 231 "-" "Mozilla/5.0 (compatible; Googlebot/2.1; +http://www.google.com/bot.html)"
66.249.73.235 - - [08/Aug/2021:07:38:13 +0000] "GET / HTTP/1.1" 200 17479 "-" "Mozilla/5.0 (compatible; Googlebot/2.1; +http://www.google.com/bot.html)"
35.243.138.1 - - [08/Aug/2021:07:43:54 +0000] "GET /contact-us.php?title=Integrated%20marketing HTTP/1.0" 200 20436 "-" "ZoominfoBot (zoominfobot at zoominfo dot com)"
35.243.138.1 - - [08/Aug/2021:07:49:59 +0000] "GET /contact-us.php?title=Bouquet%20of%20services HTTP/1.0" 200 20435 "-" "ZoominfoBot (zoominfobot at zoominfo dot com)"
34.75.21.192 - - [08/Aug/2021:08:24:32 +0000] "GET /robots.txt HTTP/1.0" 404 208 "-" "ZoominfoBot (zoominfobot at zoominfo dot com)"
34.75.21.192 - - [08/Aug/2021:08:24:33 +0000] "GET /contact-us.php?title=Home HTTP/1.0" 200 20420 "-" "ZoominfoBot (zoominfobot at zoominfo dot com)"
34.75.21.192 - - [08/Aug/2021:08:30:31 +0000] "GET /contact-us.php?title=Standard%20marketing%20with%20customization HTTP/1.0" 200 20453 "-" "ZoominfoBot (zoominfobot at zoominfo dot com)"
34.75.21.192 - - [08/Aug/2021:08:32:02 +0000] "GET /contact-us.php?title=Everything%20in%20this%20place HTTP/1.0" 200 20440 "-" "ZoominfoBot (zoominfobot at zoominfo dot com)"
34.75.21.192 - - [08/Aug/2021:08:32:38 +0000] "GET /index.php HTTP/1.0" 200 17479 "-" "ZoominfoBot (zoominfobot at zoominfo dot com)"
34.75.21.192 - - [08/Aug/2021:08:34:35 +0000] "GET /contact-us.php HTTP/1.0" 200 20416 "-" "ZoominfoBot (zoominfobot at zoominfo dot com)"
34.75.21.192 - - [08/Aug/2021:08:50:30 +0000] "GET /contact-us.php?title=Do%20not%20get%20lost HTTP/1.0" 200 20431 "-" "ZoominfoBot (zoominfobot at zoominfo dot com)"
34.75.21.192 - - [08/Aug/2021:08:53:24 +0000] "GET /contact-us.php?title=Get%20noticed HTTP/1.0" 200 20427 "-" "ZoominfoBot (zoominfobot at zoominfo dot com)"
34.75.21.192 - - [08/Aug/2021:08:53:45 +0000] "GET /about-us.php HTTP/1.0" 200 13750 "-" "ZoominfoBot (zoominfobot at zoominfo dot com)"
34.75.21.192 - - [08/Aug/2021:09:05:06 +0000] "GET /our-services.php HTTP/1.0" 200 26505 "-" "ZoominfoBot (zoominfobot at zoominfo dot com)"
34.75.21.192 - - [08/Aug/2021:09:10:59 +0000] "GET /contact-us.php?title=Integrated%20marketing HTTP/1.0" 200 20436 "-" "ZoominfoBot (zoominfobot at zoominfo dot com)"
34.75.21.192 - - [08/Aug/2021:09:16:13 +0000] "GET /contact-us.php?title=Bouquet%20of%20services HTTP/1.0" 200 20435 "-" "ZoominfoBot (zoominfobot at zoominfo dot com)"
93.158.90.86 - - [08/Aug/2021:09:27:25 +0000] "GET / HTTP/1.1" 301 231 "-" "Mozilla/5.0 (Macintosh; Intel Mac OS X 11.1; rv:84.0) Gecko/20100101 Firefox/84.0"
93.158.90.86 - - [08/Aug/2021:09:27:26 +0000] "GET / HTTP/1.1" 200 17479 "-" "Mozilla/5.0 (Macintosh; Intel Mac OS X 11.1; rv:84.0) Gecko/20100101 Firefox/84.0"
93.158.90.86 - - [08/Aug/2021:09:28:20 +0000] "GET / HTTP/1.1" 301 231 "-" "Mozilla/5.0 (Macintosh; Intel Mac OS X 11.1; rv:84.0) Gecko/20100101 Firefox/84.0"
93.158.90.86 - - [08/Aug/2021:09:28:21 +0000] "GET / HTTP/1.1" 200 17479 "-" "Mozilla/5.0 (Macintosh; Intel Mac OS X 11.1; rv:84.0) Gecko/20100101 Firefox/84.0"
93.158.90.30 - - [08/Aug/2021:09:31:13 +0000] "GET / HTTP/1.1" 200 17479 "-" "Mozilla/5.0 (Macintosh; Intel Mac OS X 11.1; rv:84.0) Gecko/20100101 Firefox/84.0"
93.158.90.30 - - [08/Aug/2021:09:36:14 +0000] "GET / HTTP/1.1" 200 17479 "-" "Mozilla/5.0 (Macintosh; Intel Mac OS X 11.1; rv:84.0) Gecko/20100101 Firefox/84.0"
93.158.90.86 - - [08/Aug/2021:10:10:06 +0000] "GET / HTTP/1.1" 301 231 "-" "Mozilla/5.0 (Macintosh; Intel Mac OS X 11.1; rv:84.0) Gecko/20100101 Firefox/84.0"
93.158.90.86 - - [08/Aug/2021:10:10:06 +0000] "GET / HTTP/1.1" 200 17479 "-" "Mozilla/5.0 (Macintosh; Intel Mac OS X 11.1; rv:84.0) Gecko/20100101 Firefox/84.0"
93.158.90.86 - - [08/Aug/2021:10:12:03 +0000] "GET / HTTP/1.1" 301 231 "-" "Mozilla/5.0 (Macintosh; Intel Mac OS X 11.1; rv:84.0) Gecko/20100101 Firefox/84.0"
93.158.90.86 - - [08/Aug/2021:10:12:04 +0000] "GET / HTTP/1.1" 200 17479 "-" "Mozilla/5.0 (Macintosh; Intel Mac OS X 11.1; rv:84.0) Gecko/20100101 Firefox/84.0"
93.158.90.86 - - [08/Aug/2021:10:12:42 +0000] "GET / HTTP/1.1" 301 231 "-" "Mozilla/5.0 (Macintosh; Intel Mac OS X 11.1; rv:84.0) Gecko/20100101 Firefox/84.0"
93.158.90.86 - - [08/Aug/2021:10:12:43 +0000] "GET / HTTP/1.1" 200 17479 "-" "Mozilla/5.0 (Macintosh; Intel Mac OS X 11.1; rv:84.0) Gecko/20100101 Firefox/84.0"
93.158.90.86 - - [08/Aug/2021:10:13:20 +0000] "GET / HTTP/1.1" 301 231 "-" "Mozilla/5.0 (Macintosh; Intel Mac OS X 11.1; rv:84.0) Gecko/20100101 Firefox/84.0"
93.158.90.86 - - [08/Aug/2021:10:13:21 +0000] "GET / HTTP/1.1" 200 17479 "-" "Mozilla/5.0 (Macintosh; Intel Mac OS X 11.1; rv:84.0) Gecko/20100101 Firefox/84.0"
93.158.90.86 - - [08/Aug/2021:10:14:06 +0000] "GET / HTTP/1.1" 301 231 "-" "Mozilla/5.0 (Macintosh; Intel Mac OS X 11.1; rv:84.0) Gecko/20100101 Firefox/84.0"
93.158.90.86 - - [08/Aug/2021:10:14:06 +0000] "GET / HTTP/1.1" 200 17479 "-" "Mozilla/5.0 (Macintosh; Intel Mac OS X 11.1; rv:84.0) Gecko/20100101 Firefox/84.0"
93.158.90.30 - - [08/Aug/2021:10:15:41 +0000] "GET / HTTP/1.1" 200 17479 "-" "Mozilla/5.0 (Macintosh; Intel Mac OS X 11.1; rv:84.0) Gecko/20100101 Firefox/84.0"
93.158.90.30 - - [08/Aug/2021:10:17:22 +0000] "GET / HTTP/1.1" 200 17479 "-" "Mozilla/5.0 (Macintosh; Intel Mac OS X 11.1; rv:84.0) Gecko/20100101 Firefox/84.0"
93.158.90.30 - - [08/Aug/2021:10:18:08 +0000] "GET / HTTP/1.1" 200 17479 "-" "Mozilla/5.0 (Macintosh; Intel Mac OS X 11.1; rv:84.0) Gecko/20100101 Firefox/84.0"
93.158.90.30 - - [08/Aug/2021:10:20:47 +0000] "GET /index.php HTTP/1.1" 200 17479 "-" "Mozilla/5.0 (Macintosh; Intel Mac OS X 11.1; rv:84.0) Gecko/20100101 Firefox/84.0"
93.158.90.30 - - [08/Aug/2021:10:21:02 +0000] "GET / HTTP/1.1" 200 17479 "-" "Mozilla/5.0 (Macintosh; Intel Mac OS X 11.1; rv:84.0) Gecko/20100101 Firefox/84.0"
93.158.90.30 - - [08/Aug/2021:10:21:18 +0000] "GET /contact-us.php?title=Standard+marketing+with+customization HTTP/1.1" 200 20453 "-" "Mozilla/5.0 (Macintosh; Intel Mac OS X 11.1; rv:84.0) Gecko/20100101 Firefox/84.0"
93.158.90.30 - - [08/Aug/2021:10:31:44 +0000] "GET /index.php HTTP/1.1" 200 17479 "-" "Mozilla/5.0 (Macintosh; Intel Mac OS X 11.1; rv:84.0) Gecko/20100101 Firefox/84.0"
93.158.90.30 - - [08/Aug/2021:10:32:00 +0000] "GET /about-us.php HTTP/1.1" 200 13750 "-" "Mozilla/5.0 (Macintosh; Intel Mac OS X 11.1; rv:84.0) Gecko/20100101 Firefox/84.0"
93.158.90.30 - - [08/Aug/2021:10:32:16 +0000] "GET /our-services.php HTTP/1.1" 200 26505 "-" "Mozilla/5.0 (Macintosh; Intel Mac OS X 11.1; rv:84.0) Gecko/20100101 Firefox/84.0"
93.158.90.30 - - [08/Aug/2021:10:32:32 +0000] "GET /contact-us.php HTTP/1.1" 200 20416 "-" "Mozilla/5.0 (Macintosh; Intel Mac OS X 11.1; rv:84.0) Gecko/20100101 Firefox/84.0"
93.158.90.30 - - [08/Aug/2021:10:32:48 +0000] "GET / HTTP/1.1" 200 17479 "-" "Mozilla/5.0 (Macintosh; Intel Mac OS X 11.1; rv:84.0) Gecko/20100101 Firefox/84.0"
93.158.90.30 - - [08/Aug/2021:10:33:03 +0000] "GET /contact-us.php?title=Home HTTP/1.1" 200 20420 "-" "Mozilla/5.0 (Macintosh; Intel Mac OS X 11.1; rv:84.0) Gecko/20100101 Firefox/84.0"
93.158.90.30 - - [08/Aug/2021:10:33:19 +0000] "GET /contact-us.php?title=Do+not+get+lost HTTP/1.1" 200 20431 "-" "Mozilla/5.0 (Macintosh; Intel Mac OS X 11.1; rv:84.0) Gecko/20100101 Firefox/84.0"
93.158.90.30 - - [08/Aug/2021:10:33:35 +0000] "GET /contact-us.php?title=Get+noticed HTTP/1.1" 200 20427 "-" "Mozilla/5.0 (Macintosh; Intel Mac OS X 11.1; rv:84.0) Gecko/20100101 Firefox/84.0"
93.158.90.30 - - [08/Aug/2021:10:33:51 +0000] "GET /contact-us.php?title=Everything+in+this+place HTTP/1.1" 200 20440 "-" "Mozilla/5.0 (Macintosh; Intel Mac OS X 11.1; rv:84.0) Gecko/20100101 Firefox/84.0"
93.158.90.30 - - [08/Aug/2021:10:34:07 +0000] "GET /contact-us.php?title=Standard+marketing+with+customization HTTP/1.1" 200 20453 "-" "Mozilla/5.0 (Macintosh; Intel Mac OS X 11.1; rv:84.0) Gecko/20100101 Firefox/84.0"
93.158.90.30 - - [08/Aug/2021:10:34:23 +0000] "GET /contact-us.php?title=Integrated+marketing HTTP/1.1" 200 20436 "-" "Mozilla/5.0 (Macintosh; Intel Mac OS X 11.1; rv:84.0) Gecko/20100101 Firefox/84.0"
93.158.90.30 - - [08/Aug/2021:10:34:38 +0000] "GET /contact-us.php?title=Bouquet+of+services HTTP/1.1" 200 20435 "-" "Mozilla/5.0 (Macintosh; Intel Mac OS X 11.1; rv:84.0) Gecko/20100101 Firefox/84.0"
93.158.90.30 - - [08/Aug/2021:10:44:51 +0000] "GET /index.php HTTP/1.1" 200 17479 "-" "Mozilla/5.0 (Macintosh; Intel Mac OS X 11.1; rv:84.0) Gecko/20100101 Firefox/84.0"
93.158.90.30 - - [08/Aug/2021:10:45:07 +0000] "GET /about-us.php HTTP/1.1" 200 13750 "-" "Mozilla/5.0 (Macintosh; Intel Mac OS X 11.1; rv:84.0) Gecko/20100101 Firefox/84.0"
93.158.90.30 - - [08/Aug/2021:10:45:23 +0000] "GET /our-services.php HTTP/1.1" 200 26505 "-" "Mozilla/5.0 (Macintosh; Intel Mac OS X 11.1; rv:84.0) Gecko/20100101 Firefox/84.0"
93.158.90.30 - - [08/Aug/2021:10:45:38 +0000] "GET /contact-us.php HTTP/1.1" 200 20416 "-" "Mozilla/5.0 (Macintosh; Intel Mac OS X 11.1; rv:84.0) Gecko/20100101 Firefox/84.0"
93.158.90.30 - - [08/Aug/2021:10:45:55 +0000] "GET / HTTP/1.1" 200 17479 "-" "Mozilla/5.0 (Macintosh; Intel Mac OS X 11.1; rv:84.0) Gecko/20100101 Firefox/84.0"
93.158.90.30 - - [08/Aug/2021:10:46:10 +0000] "GET /contact-us.php?title=Home HTTP/1.1" 200 20420 "-" "Mozilla/5.0 (Macintosh; Intel Mac OS X 11.1; rv:84.0) Gecko/20100101 Firefox/84.0"
93.158.90.30 - - [08/Aug/2021:10:46:26 +0000] "GET /contact-us.php?title=Do+not+get+lost HTTP/1.1" 200 20431 "-" "Mozilla/5.0 (Macintosh; Intel Mac OS X 11.1; rv:84.0) Gecko/20100101 Firefox/84.0"
93.158.90.30 - - [08/Aug/2021:10:46:42 +0000] "GET /contact-us.php?title=Get+noticed HTTP/1.1" 200 20427 "-" "Mozilla/5.0 (Macintosh; Intel Mac OS X 11.1; rv:84.0) Gecko/20100101 Firefox/84.0"
93.158.90.30 - - [08/Aug/2021:10:46:59 +0000] "GET /contact-us.php?title=Everything+in+this+place HTTP/1.1" 200 20440 "-" "Mozilla/5.0 (Macintosh; Intel Mac OS X 11.1; rv:84.0) Gecko/20100101 Firefox/84.0"
93.158.90.30 - - [08/Aug/2021:10:47:14 +0000] "GET /contact-us.php?title=Standard+marketing+with+customization HTTP/1.1" 200 20453 "-" "Mozilla/5.0 (Macintosh; Intel Mac OS X 11.1; rv:84.0) Gecko/20100101 Firefox/84.0"
93.158.90.30 - - [08/Aug/2021:10:47:30 +0000] "GET /contact-us.php?title=Integrated+marketing HTTP/1.1" 200 20436 "-" "Mozilla/5.0 (Macintosh; Intel Mac OS X 11.1; rv:84.0) Gecko/20100101 Firefox/84.0"
93.158.90.30 - - [08/Aug/2021:10:47:47 +0000] "GET /contact-us.php?title=Bouquet+of+services HTTP/1.1" 200 20435 "-" "Mozilla/5.0 (Macintosh; Intel Mac OS X 11.1; rv:84.0) Gecko/20100101 Firefox/84.0"
173.252.111.13 - - [08/Aug/2021:11:58:43 +0000] "GET / HTTP/1.1" 200 17479 "-" "facebookexternalhit/1.1 (+http://www.facebook.com/externalhit_uatext.php)"
173.252.111.116 - - [08/Aug/2021:11:58:43 +0000] "GET / HTTP/1.1" 301 231 "-" "facebookexternalhit/1.1 (+http://www.facebook.com/externalhit_uatext.php)"
173.252.111.13 - - [08/Aug/2021:11:58:43 +0000] "GET / HTTP/1.1" 200 17479 "-" "facebookexternalhit/1.1 (+http://www.facebook.com/externalhit_uatext.php)"
173.252.111.116 - - [08/Aug/2021:11:58:44 +0000] "GET / HTTP/1.1" 200 17479 "-" "facebookexternalhit/1.1 (+http://www.facebook.com/externalhit_uatext.php)"
93.158.90.86 - - [08/Aug/2021:12:39:28 +0000] "GET / HTTP/1.1" 301 231 "-" "Mozilla/5.0 (Macintosh; Intel Mac OS X 11.1; rv:84.0) Gecko/20100101 Firefox/84.0"
