18.159.196.172 - - [10/Sep/2021:19:19:13 +0000] "GET /.well-known/acme-challenge/sjquy-NIyGFRRrPYiK1dnYc8hzHdzlGzX_OSuJgSgGA HTTP/1.1" 404 268 "-" "Mozilla/5.0 (compatible; Let's Encrypt validation server; +https://www.letsencrypt.org)"
34.219.87.132 - - [10/Sep/2021:19:19:13 +0000] "GET /.well-known/acme-challenge/sjquy-NIyGFRRrPYiK1dnYc8hzHdzlGzX_OSuJgSgGA HTTP/1.1" 404 268 "-" "Mozilla/5.0 (compatible; Let's Encrypt validation server; +https://www.letsencrypt.org)"
3.142.122.14 - - [10/Sep/2021:19:19:13 +0000] "GET /.well-known/acme-challenge/sjquy-NIyGFRRrPYiK1dnYc8hzHdzlGzX_OSuJgSgGA HTTP/1.1" 404 268 "-" "Mozilla/5.0 (compatible; Let's Encrypt validation server; +https://www.letsencrypt.org)"
64.78.149.164 - - [10/Sep/2021:19:19:13 +0000] "GET /.well-known/acme-challenge/sjquy-NIyGFRRrPYiK1dnYc8hzHdzlGzX_OSuJgSgGA HTTP/1.1" 404 268 "-" "Mozilla/5.0 (compatible; Let's Encrypt validation server; +https://www.letsencrypt.org)"
157.55.39.178 - - [10/Sep/2021:19:42:27 +0000] "GET / HTTP/1.1" 200 5048 "-" "Mozilla/5.0 (compatible; bingbot/2.0; +http://www.bing.com/bingbot.htm)"
18.159.196.172 - - [10/Sep/2021:20:19:16 +0000] "GET /.well-known/acme-challenge/ytzToPlDzHbVh1owmbINHSQ4jq9trRQSOI4JFZM6RME HTTP/1.1" 404 268 "-" "Mozilla/5.0 (compatible; Let's Encrypt validation server; +https://www.letsencrypt.org)"
34.219.87.132 - - [10/Sep/2021:20:19:16 +0000] "GET /.well-known/acme-challenge/ytzToPlDzHbVh1owmbINHSQ4jq9trRQSOI4JFZM6RME HTTP/1.1" 404 268 "-" "Mozilla/5.0 (compatible; Let's Encrypt validation server; +https://www.letsencrypt.org)"
18.116.86.117 - - [10/Sep/2021:20:19:16 +0000] "GET /.well-known/acme-challenge/ytzToPlDzHbVh1owmbINHSQ4jq9trRQSOI4JFZM6RME HTTP/1.1" 404 268 "-" "Mozilla/5.0 (compatible; Let's Encrypt validation server; +https://www.letsencrypt.org)"
64.78.149.164 - - [10/Sep/2021:20:19:17 +0000] "GET /.well-known/acme-challenge/ytzToPlDzHbVh1owmbINHSQ4jq9trRQSOI4JFZM6RME HTTP/1.1" 404 268 "-" "Mozilla/5.0 (compatible; Let's Encrypt validation server; +https://www.letsencrypt.org)"
157.55.39.50 - - [10/Sep/2021:21:03:20 +0000] "GET / HTTP/1.1" 200 5048 "-" "Mozilla/5.0 (compatible; bingbot/2.0; +http://www.bing.com/bingbot.htm)"
18.159.196.172 - - [10/Sep/2021:21:19:15 +0000] "GET /.well-known/acme-challenge/57NAhOm9LTxoiZ9gq-GYz5RqZSS-T3ehD05PY3IiUwY HTTP/1.1" 404 268 "-" "Mozilla/5.0 (compatible; Let's Encrypt validation server; +https://www.letsencrypt.org)"
3.19.56.43 - - [10/Sep/2021:21:19:15 +0000] "GET /.well-known/acme-challenge/57NAhOm9LTxoiZ9gq-GYz5RqZSS-T3ehD05PY3IiUwY HTTP/1.1" 404 268 "-" "Mozilla/5.0 (compatible; Let's Encrypt validation server; +https://www.letsencrypt.org)"
66.133.109.36 - - [10/Sep/2021:21:19:15 +0000] "GET /.well-known/acme-challenge/57NAhOm9LTxoiZ9gq-GYz5RqZSS-T3ehD05PY3IiUwY HTTP/1.1" 404 268 "-" "Mozilla/5.0 (compatible; Let's Encrypt validation server; +https://www.letsencrypt.org)"
34.219.87.132 - - [10/Sep/2021:21:19:15 +0000] "GET /.well-known/acme-challenge/57NAhOm9LTxoiZ9gq-GYz5RqZSS-T3ehD05PY3IiUwY HTTP/1.1" 404 268 "-" "Mozilla/5.0 (compatible; Let's Encrypt validation server; +https://www.letsencrypt.org)"
18.192.36.99 - - [10/Sep/2021:22:19:19 +0000] "GET /.well-known/acme-challenge/deukrfaPKavl6f_xe5QwGWQonvSqWFV3x0_wFIw2-WQ HTTP/1.1" 404 268 "-" "Mozilla/5.0 (compatible; Let's Encrypt validation server; +https://www.letsencrypt.org)"
52.39.4.59 - - [10/Sep/2021:22:19:19 +0000] "GET /.well-known/acme-challenge/deukrfaPKavl6f_xe5QwGWQonvSqWFV3x0_wFIw2-WQ HTTP/1.1" 404 268 "-" "Mozilla/5.0 (compatible; Let's Encrypt validation server; +https://www.letsencrypt.org)"
3.19.56.43 - - [10/Sep/2021:22:19:19 +0000] "GET /.well-known/acme-challenge/deukrfaPKavl6f_xe5QwGWQonvSqWFV3x0_wFIw2-WQ HTTP/1.1" 404 268 "-" "Mozilla/5.0 (compatible; Let's Encrypt validation server; +https://www.letsencrypt.org)"
64.78.149.164 - - [10/Sep/2021:22:19:19 +0000] "GET /.well-known/acme-challenge/deukrfaPKavl6f_xe5QwGWQonvSqWFV3x0_wFIw2-WQ HTTP/1.1" 404 268 "-" "Mozilla/5.0 (compatible; Let's Encrypt validation server; +https://www.letsencrypt.org)"
3.120.130.29 - - [10/Sep/2021:23:19:18 +0000] "GET /.well-known/acme-challenge/Lfa6CUMN3c20HV2lgzco7gEE1kdetB3ROfEGokOBY9g HTTP/1.1" 404 268 "-" "Mozilla/5.0 (compatible; Let's Encrypt validation server; +https://www.letsencrypt.org)"
66.133.109.36 - - [10/Sep/2021:23:19:18 +0000] "GET /.well-known/acme-challenge/Lfa6CUMN3c20HV2lgzco7gEE1kdetB3ROfEGokOBY9g HTTP/1.1" 404 268 "-" "Mozilla/5.0 (compatible; Let's Encrypt validation server; +https://www.letsencrypt.org)"
18.116.86.117 - - [10/Sep/2021:23:19:18 +0000] "GET /.well-known/acme-challenge/Lfa6CUMN3c20HV2lgzco7gEE1kdetB3ROfEGokOBY9g HTTP/1.1" 404 268 "-" "Mozilla/5.0 (compatible; Let's Encrypt validation server; +https://www.letsencrypt.org)"
52.39.4.59 - - [10/Sep/2021:23:19:18 +0000] "GET /.well-known/acme-challenge/Lfa6CUMN3c20HV2lgzco7gEE1kdetB3ROfEGokOBY9g HTTP/1.1" 404 268 "-" "Mozilla/5.0 (compatible; Let's Encrypt validation server; +https://www.letsencrypt.org)"
18.192.36.99 - - [11/Sep/2021:00:19:14 +0000] "GET /.well-known/acme-challenge/Q_-cQm4zQyN4wPcXab_Xq93A9xiHVuJ5lV4MRtBZJzY HTTP/1.1" 404 268 "-" "Mozilla/5.0 (compatible; Let's Encrypt validation server; +https://www.letsencrypt.org)"
34.221.255.206 - - [11/Sep/2021:00:19:14 +0000] "GET /.well-known/acme-challenge/Q_-cQm4zQyN4wPcXab_Xq93A9xiHVuJ5lV4MRtBZJzY HTTP/1.1" 404 268 "-" "Mozilla/5.0 (compatible; Let's Encrypt validation server; +https://www.letsencrypt.org)"
3.19.56.43 - - [11/Sep/2021:00:19:14 +0000] "GET /.well-known/acme-challenge/Q_-cQm4zQyN4wPcXab_Xq93A9xiHVuJ5lV4MRtBZJzY HTTP/1.1" 404 268 "-" "Mozilla/5.0 (compatible; Let's Encrypt validation server; +https://www.letsencrypt.org)"
64.78.149.164 - - [11/Sep/2021:00:19:14 +0000] "GET /.well-known/acme-challenge/Q_-cQm4zQyN4wPcXab_Xq93A9xiHVuJ5lV4MRtBZJzY HTTP/1.1" 404 268 "-" "Mozilla/5.0 (compatible; Let's Encrypt validation server; +https://www.letsencrypt.org)"
185.180.143.12 - - [11/Sep/2021:01:00:28 +0000] "GET / HTTP/1.1" 200 5048 "-" "Mozilla/5.0 (Windows NT 10.0; WOW64) AppleWebKit/537.36 (KHTML, like Gecko) Chrome/66.0.3359.117 Safari/537.36"
3.120.130.29 - - [11/Sep/2021:01:19:06 +0000] "GET /.well-known/acme-challenge/U0C-0TRyx30FSN5X-2hkLjmvdMlY5JzSiNYHuHxEa3Q HTTP/1.1" 404 268 "-" "Mozilla/5.0 (compatible; Let's Encrypt validation server; +https://www.letsencrypt.org)"
3.19.56.43 - - [11/Sep/2021:01:19:06 +0000] "GET /.well-known/acme-challenge/U0C-0TRyx30FSN5X-2hkLjmvdMlY5JzSiNYHuHxEa3Q HTTP/1.1" 404 268 "-" "Mozilla/5.0 (compatible; Let's Encrypt validation server; +https://www.letsencrypt.org)"
34.219.87.132 - - [11/Sep/2021:01:19:06 +0000] "GET /.well-known/acme-challenge/U0C-0TRyx30FSN5X-2hkLjmvdMlY5JzSiNYHuHxEa3Q HTTP/1.1" 404 268 "-" "Mozilla/5.0 (compatible; Let's Encrypt validation server; +https://www.letsencrypt.org)"
64.78.149.164 - - [11/Sep/2021:01:19:07 +0000] "GET /.well-known/acme-challenge/U0C-0TRyx30FSN5X-2hkLjmvdMlY5JzSiNYHuHxEa3Q HTTP/1.1" 404 268 "-" "Mozilla/5.0 (compatible; Let's Encrypt validation server; +https://www.letsencrypt.org)"
3.120.130.29 - - [11/Sep/2021:02:19:01 +0000] "GET /.well-known/acme-challenge/xVdrgwHniILrjpnx77Wu9SO9ow-3OMyoY_-Oqf3xNhA HTTP/1.1" 404 268 "-" "Mozilla/5.0 (compatible; Let's Encrypt validation server; +https://www.letsencrypt.org)"
3.19.56.43 - - [11/Sep/2021:02:19:01 +0000] "GET /.well-known/acme-challenge/xVdrgwHniILrjpnx77Wu9SO9ow-3OMyoY_-Oqf3xNhA HTTP/1.1" 404 268 "-" "Mozilla/5.0 (compatible; Let's Encrypt validation server; +https://www.letsencrypt.org)"
52.39.4.59 - - [11/Sep/2021:02:19:01 +0000] "GET /.well-known/acme-challenge/xVdrgwHniILrjpnx77Wu9SO9ow-3OMyoY_-Oqf3xNhA HTTP/1.1" 404 268 "-" "Mozilla/5.0 (compatible; Let's Encrypt validation server; +https://www.letsencrypt.org)"
64.78.149.164 - - [11/Sep/2021:02:19:01 +0000] "GET /.well-known/acme-challenge/xVdrgwHniILrjpnx77Wu9SO9ow-3OMyoY_-Oqf3xNhA HTTP/1.1" 404 268 "-" "Mozilla/5.0 (compatible; Let's Encrypt validation server; +https://www.letsencrypt.org)"
18.159.196.172 - - [11/Sep/2021:03:19:03 +0000] "GET /.well-known/acme-challenge/qSA-MoojrMkrznHZ5GIGXkEYhghlYcrVMMag0q6OQOA HTTP/1.1" 404 268 "-" "Mozilla/5.0 (compatible; Let's Encrypt validation server; +https://www.letsencrypt.org)"
52.39.4.59 - - [11/Sep/2021:03:19:03 +0000] "GET /.well-known/acme-challenge/qSA-MoojrMkrznHZ5GIGXkEYhghlYcrVMMag0q6OQOA HTTP/1.1" 404 268 "-" "Mozilla/5.0 (compatible; Let's Encrypt validation server; +https://www.letsencrypt.org)"
3.142.122.14 - - [11/Sep/2021:03:19:03 +0000] "GET /.well-known/acme-challenge/qSA-MoojrMkrznHZ5GIGXkEYhghlYcrVMMag0q6OQOA HTTP/1.1" 404 268 "-" "Mozilla/5.0 (compatible; Let's Encrypt validation server; +https://www.letsencrypt.org)"
66.133.109.36 - - [11/Sep/2021:03:19:03 +0000] "GET /.well-known/acme-challenge/qSA-MoojrMkrznHZ5GIGXkEYhghlYcrVMMag0q6OQOA HTTP/1.1" 404 268 "-" "Mozilla/5.0 (compatible; Let's Encrypt validation server; +https://www.letsencrypt.org)"
3.120.130.29 - - [11/Sep/2021:04:18:59 +0000] "GET /.well-known/acme-challenge/7-o-d9hHcyTl95fYhfIlCKf7uMIOH0ofzPo55C96yQk HTTP/1.1" 404 268 "-" "Mozilla/5.0 (compatible; Let's Encrypt validation server; +https://www.letsencrypt.org)"
18.116.86.117 - - [11/Sep/2021:04:18:59 +0000] "GET /.well-known/acme-challenge/7-o-d9hHcyTl95fYhfIlCKf7uMIOH0ofzPo55C96yQk HTTP/1.1" 404 268 "-" "Mozilla/5.0 (compatible; Let's Encrypt validation server; +https://www.letsencrypt.org)"
66.133.109.36 - - [11/Sep/2021:04:18:59 +0000] "GET /.well-known/acme-challenge/7-o-d9hHcyTl95fYhfIlCKf7uMIOH0ofzPo55C96yQk HTTP/1.1" 404 268 "-" "Mozilla/5.0 (compatible; Let's Encrypt validation server; +https://www.letsencrypt.org)"
34.219.87.132 - - [11/Sep/2021:04:18:59 +0000] "GET /.well-known/acme-challenge/7-o-d9hHcyTl95fYhfIlCKf7uMIOH0ofzPo55C96yQk HTTP/1.1" 404 268 "-" "Mozilla/5.0 (compatible; Let's Encrypt validation server; +https://www.letsencrypt.org)"
157.55.39.178 - - [11/Sep/2021:05:04:41 +0000] "GET / HTTP/1.1" 200 5048 "-" "Mozilla/5.0 (compatible; bingbot/2.0; +http://www.bing.com/bingbot.htm)"
3.120.130.29 - - [11/Sep/2021:05:19:02 +0000] "GET /.well-known/acme-challenge/FSt3yNA-Q6_3zgP8_WFSWvVYdP5qwMR6vnj8axFbWQA HTTP/1.1" 404 268 "-" "Mozilla/5.0 (compatible; Let's Encrypt validation server; +https://www.letsencrypt.org)"
34.221.255.206 - - [11/Sep/2021:05:19:02 +0000] "GET /.well-known/acme-challenge/FSt3yNA-Q6_3zgP8_WFSWvVYdP5qwMR6vnj8axFbWQA HTTP/1.1" 404 268 "-" "Mozilla/5.0 (compatible; Let's Encrypt validation server; +https://www.letsencrypt.org)"
3.19.56.43 - - [11/Sep/2021:05:19:02 +0000] "GET /.well-known/acme-challenge/FSt3yNA-Q6_3zgP8_WFSWvVYdP5qwMR6vnj8axFbWQA HTTP/1.1" 404 268 "-" "Mozilla/5.0 (compatible; Let's Encrypt validation server; +https://www.letsencrypt.org)"
66.133.109.36 - - [11/Sep/2021:05:19:02 +0000] "GET /.well-known/acme-challenge/FSt3yNA-Q6_3zgP8_WFSWvVYdP5qwMR6vnj8axFbWQA HTTP/1.1" 404 268 "-" "Mozilla/5.0 (compatible; Let's Encrypt validation server; +https://www.letsencrypt.org)"
91.241.19.243 - - [11/Sep/2021:05:58:31 +0000] "GET / HTTP/1.1" 200 5048 "-" "Mozilla/5.0 (Windows NT 6.1; WOW64) AppleWebKit/537.1 (KHTML, like Gecko) Chrome/22.0.1207.1 Safari/537.1"
52.36.26.252 - - [11/Sep/2021:06:13:47 +0000] "GET / HTTP/1.1" 200 5048 "-" "Mozilla/5.0 (X11; Linux x86_64) AppleWebKit/537.36 (KHTML, like Gecko) Chrome/83.0.4103.97 Safari/537.36"
54.184.239.226 - - [11/Sep/2021:06:14:16 +0000] "GET / HTTP/1.1" 200 5048 "-" "Mozilla/5.0 (X11; Linux x86_64) AppleWebKit/537.36 (KHTML, like Gecko) Chrome/83.0.4103.97 Safari/537.36"
3.19.56.43 - - [11/Sep/2021:06:18:58 +0000] "GET /.well-known/acme-challenge/VPAJZkKAM2aYKuta4joHN4mspQqxnsshHnECvc0PP5Y HTTP/1.1" 404 268 "-" "Mozilla/5.0 (compatible; Let's Encrypt validation server; +https://www.letsencrypt.org)"
18.192.36.99 - - [11/Sep/2021:06:18:58 +0000] "GET /.well-known/acme-challenge/VPAJZkKAM2aYKuta4joHN4mspQqxnsshHnECvc0PP5Y HTTP/1.1" 404 268 "-" "Mozilla/5.0 (compatible; Let's Encrypt validation server; +https://www.letsencrypt.org)"
34.221.255.206 - - [11/Sep/2021:06:18:58 +0000] "GET /.well-known/acme-challenge/VPAJZkKAM2aYKuta4joHN4mspQqxnsshHnECvc0PP5Y HTTP/1.1" 404 268 "-" "Mozilla/5.0 (compatible; Let's Encrypt validation server; +https://www.letsencrypt.org)"
64.78.149.164 - - [11/Sep/2021:06:18:58 +0000] "GET /.well-known/acme-challenge/VPAJZkKAM2aYKuta4joHN4mspQqxnsshHnECvc0PP5Y HTTP/1.1" 404 268 "-" "Mozilla/5.0 (compatible; Let's Encrypt validation server; +https://www.letsencrypt.org)"
54.218.88.60 - - [11/Sep/2021:06:21:17 +0000] "GET / HTTP/1.1" 200 5048 "-" "Mozilla/5.0 (X11; Linux x86_64) AppleWebKit/537.36 (KHTML, like Gecko) Chrome/83.0.4103.97 Safari/537.36"
34.217.35.160 - - [11/Sep/2021:06:21:43 +0000] "GET / HTTP/1.1" 200 5048 "-" "Mozilla/5.0 (Windows NT 10.0; Win64; x64)AppleWebKit/537.36 (KHTML, like Gecko) Chrome/66.0.3359.181 Safari/537.36"
157.55.39.50 - - [11/Sep/2021:06:25:44 +0000] "GET / HTTP/1.1" 200 5048 "-" "Mozilla/5.0 (compatible; bingbot/2.0; +http://www.bing.com/bingbot.htm)"
35.166.225.250 - - [11/Sep/2021:06:26:47 +0000] "GET / HTTP/1.1" 200 5048 "-" "Mozilla/5.0 (X11; Linux x86_64) AppleWebKit/537.36 (KHTML, like Gecko) Chrome/83.0.4103.97 Safari/537.36"
3.120.130.29 - - [11/Sep/2021:07:18:58 +0000] "GET /.well-known/acme-challenge/5FPR8D8JJ1FvLdu2ltdTX7Ba25hT2BEqWxUGZA3tb5o HTTP/1.1" 404 268 "-" "Mozilla/5.0 (compatible; Let's Encrypt validation server; +https://www.letsencrypt.org)"
18.116.86.117 - - [11/Sep/2021:07:18:58 +0000] "GET /.well-known/acme-challenge/5FPR8D8JJ1FvLdu2ltdTX7Ba25hT2BEqWxUGZA3tb5o HTTP/1.1" 404 268 "-" "Mozilla/5.0 (compatible; Let's Encrypt validation server; +https://www.letsencrypt.org)"
66.133.109.36 - - [11/Sep/2021:07:18:58 +0000] "GET /.well-known/acme-challenge/5FPR8D8JJ1FvLdu2ltdTX7Ba25hT2BEqWxUGZA3tb5o HTTP/1.1" 404 268 "-" "Mozilla/5.0 (compatible; Let's Encrypt validation server; +https://www.letsencrypt.org)"
34.219.87.132 - - [11/Sep/2021:07:18:58 +0000] "GET /.well-known/acme-challenge/5FPR8D8JJ1FvLdu2ltdTX7Ba25hT2BEqWxUGZA3tb5o HTTP/1.1" 404 268 "-" "Mozilla/5.0 (compatible; Let's Encrypt validation server; +https://www.letsencrypt.org)"
18.159.196.172 - - [11/Sep/2021:08:18:59 +0000] "GET /.well-known/acme-challenge/YVFPYO-aQo0OApNBj1FToti0jQwYF-mw1J9byNrzgUc HTTP/1.1" 404 268 "-" "Mozilla/5.0 (compatible; Let's Encrypt validation server; +https://www.letsencrypt.org)"
34.219.87.132 - - [11/Sep/2021:08:18:59 +0000] "GET /.well-known/acme-challenge/YVFPYO-aQo0OApNBj1FToti0jQwYF-mw1J9byNrzgUc HTTP/1.1" 404 268 "-" "Mozilla/5.0 (compatible; Let's Encrypt validation server; +https://www.letsencrypt.org)"
18.116.86.117 - - [11/Sep/2021:08:18:59 +0000] "GET /.well-known/acme-challenge/YVFPYO-aQo0OApNBj1FToti0jQwYF-mw1J9byNrzgUc HTTP/1.1" 404 268 "-" "Mozilla/5.0 (compatible; Let's Encrypt validation server; +https://www.letsencrypt.org)"
66.133.109.36 - - [11/Sep/2021:08:18:59 +0000] "GET /.well-known/acme-challenge/YVFPYO-aQo0OApNBj1FToti0jQwYF-mw1J9byNrzgUc HTTP/1.1" 404 268 "-" "Mozilla/5.0 (compatible; Let's Encrypt validation server; +https://www.letsencrypt.org)"
178.128.202.122 - - [11/Sep/2021:08:55:20 +0000] "GET /wp-login.php HTTP/1.1" 404 210 "-" "Mozilla/5.0 (X11; Ubuntu; Linux x86_64; rv:62.0) Gecko/20100101 Firefox/62.0"
18.192.36.99 - - [11/Sep/2021:09:18:59 +0000] "GET /.well-known/acme-challenge/Pyzf0vZ_PTQv0Sf3EVga2A5LAvscTCLj048mIBGhRbI HTTP/1.1" 404 268 "-" "Mozilla/5.0 (compatible; Let's Encrypt validation server; +https://www.letsencrypt.org)"
3.142.122.14 - - [11/Sep/2021:09:18:59 +0000] "GET /.well-known/acme-challenge/Pyzf0vZ_PTQv0Sf3EVga2A5LAvscTCLj048mIBGhRbI HTTP/1.1" 404 268 "-" "Mozilla/5.0 (compatible; Let's Encrypt validation server; +https://www.letsencrypt.org)"
34.221.255.206 - - [11/Sep/2021:09:18:59 +0000] "GET /.well-known/acme-challenge/Pyzf0vZ_PTQv0Sf3EVga2A5LAvscTCLj048mIBGhRbI HTTP/1.1" 404 268 "-" "Mozilla/5.0 (compatible; Let's Encrypt validation server; +https://www.letsencrypt.org)"
66.133.109.36 - - [11/Sep/2021:09:18:59 +0000] "GET /.well-known/acme-challenge/Pyzf0vZ_PTQv0Sf3EVga2A5LAvscTCLj048mIBGhRbI HTTP/1.1" 404 268 "-" "Mozilla/5.0 (compatible; Let's Encrypt validation server; +https://www.letsencrypt.org)"
18.159.196.172 - - [11/Sep/2021:10:18:59 +0000] "GET /.well-known/acme-challenge/oijO5gC76RmCErnStQvKm-mrOpNBL790jp857rH6i0Q HTTP/1.1" 404 268 "-" "Mozilla/5.0 (compatible; Let's Encrypt validation server; +https://www.letsencrypt.org)"
3.19.56.43 - - [11/Sep/2021:10:18:59 +0000] "GET /.well-known/acme-challenge/oijO5gC76RmCErnStQvKm-mrOpNBL790jp857rH6i0Q HTTP/1.1" 404 268 "-" "Mozilla/5.0 (compatible; Let's Encrypt validation server; +https://www.letsencrypt.org)"
34.219.87.132 - - [11/Sep/2021:10:18:59 +0000] "GET /.well-known/acme-challenge/oijO5gC76RmCErnStQvKm-mrOpNBL790jp857rH6i0Q HTTP/1.1" 404 268 "-" "Mozilla/5.0 (compatible; Let's Encrypt validation server; +https://www.letsencrypt.org)"
64.78.149.164 - - [11/Sep/2021:10:18:59 +0000] "GET /.well-known/acme-challenge/oijO5gC76RmCErnStQvKm-mrOpNBL790jp857rH6i0Q HTTP/1.1" 404 268 "-" "Mozilla/5.0 (compatible; Let's Encrypt validation server; +https://www.letsencrypt.org)"
18.159.196.172 - - [11/Sep/2021:11:18:56 +0000] "GET /.well-known/acme-challenge/7fMkD9l-zEGguYgaf_L4OuA6tW2oE_CfNkTKDKFT6C4 HTTP/1.1" 404 268 "-" "Mozilla/5.0 (compatible; Let's Encrypt validation server; +https://www.letsencrypt.org)"
3.19.56.43 - - [11/Sep/2021:11:18:56 +0000] "GET /.well-known/acme-challenge/7fMkD9l-zEGguYgaf_L4OuA6tW2oE_CfNkTKDKFT6C4 HTTP/1.1" 404 268 "-" "Mozilla/5.0 (compatible; Let's Encrypt validation server; +https://www.letsencrypt.org)"
52.39.4.59 - - [11/Sep/2021:11:18:56 +0000] "GET /.well-known/acme-challenge/7fMkD9l-zEGguYgaf_L4OuA6tW2oE_CfNkTKDKFT6C4 HTTP/1.1" 404 268 "-" "Mozilla/5.0 (compatible; Let's Encrypt validation server; +https://www.letsencrypt.org)"
64.78.149.164 - - [11/Sep/2021:11:18:56 +0000] "GET /.well-known/acme-challenge/7fMkD9l-zEGguYgaf_L4OuA6tW2oE_CfNkTKDKFT6C4 HTTP/1.1" 404 268 "-" "Mozilla/5.0 (compatible; Let's Encrypt validation server; +https://www.letsencrypt.org)"
91.241.19.243 - - [11/Sep/2021:11:29:57 +0000] "GET / HTTP/1.1" 200 5048 "-" "Mozilla/5.0 (Windows NT 6.1; WOW64) AppleWebKit/537.1 (KHTML, like Gecko) Chrome/22.0.1207.1 Safari/537.1"
18.159.196.172 - - [11/Sep/2021:12:18:56 +0000] "GET /.well-known/acme-challenge/73sy1g7_fQYNuHXNLpACNnzkBi15LOds6wRURe6dCSk HTTP/1.1" 404 268 "-" "Mozilla/5.0 (compatible; Let's Encrypt validation server; +https://www.letsencrypt.org)"
34.221.255.206 - - [11/Sep/2021:12:18:56 +0000] "GET /.well-known/acme-challenge/73sy1g7_fQYNuHXNLpACNnzkBi15LOds6wRURe6dCSk HTTP/1.1" 404 268 "-" "Mozilla/5.0 (compatible; Let's Encrypt validation server; +https://www.letsencrypt.org)"
66.133.109.36 - - [11/Sep/2021:12:18:56 +0000] "GET /.well-known/acme-challenge/73sy1g7_fQYNuHXNLpACNnzkBi15LOds6wRURe6dCSk HTTP/1.1" 404 268 "-" "Mozilla/5.0 (compatible; Let's Encrypt validation server; +https://www.letsencrypt.org)"
18.116.86.117 - - [11/Sep/2021:12:18:56 +0000] "GET /.well-known/acme-challenge/73sy1g7_fQYNuHXNLpACNnzkBi15LOds6wRURe6dCSk HTTP/1.1" 404 268 "-" "Mozilla/5.0 (compatible; Let's Encrypt validation server; +https://www.letsencrypt.org)"
54.36.148.126 - - [11/Sep/2021:12:53:27 +0000] "GET /robots.txt HTTP/1.1" 404 208 "-" "Mozilla/5.0 (compatible; AhrefsBot/7.0; +http://ahrefs.com/robot/)"
54.36.148.170 - - [11/Sep/2021:12:53:28 +0000] "GET / HTTP/1.1" 200 5048 "-" "Mozilla/5.0 (compatible; AhrefsBot/7.0; +http://ahrefs.com/robot/)"
223.78.154.250 - - [11/Sep/2021:13:16:35 +0000] "GET / HTTP/1.1" 200 5048 "-" "Mozilla/5.0 (Macintosh; Intel Mac OS X 10_15_7) AppleWebKit/537.36 (KHTML, like Gecko) Chrome/88.0.4324.192 Safari/537.36"
18.116.86.117 - - [11/Sep/2021:13:18:57 +0000] "GET /.well-known/acme-challenge/9UJW3ap5X2nyoLyNXQGHBxM696jqVcq__ATI6X9wiHA HTTP/1.1" 404 268 "-" "Mozilla/5.0 (compatible; Let's Encrypt validation server; +https://www.letsencrypt.org)"
3.120.130.29 - - [11/Sep/2021:13:18:57 +0000] "GET /.well-known/acme-challenge/9UJW3ap5X2nyoLyNXQGHBxM696jqVcq__ATI6X9wiHA HTTP/1.1" 404 268 "-" "Mozilla/5.0 (compatible; Let's Encrypt validation server; +https://www.letsencrypt.org)"
64.78.149.164 - - [11/Sep/2021:13:18:57 +0000] "GET /.well-known/acme-challenge/9UJW3ap5X2nyoLyNXQGHBxM696jqVcq__ATI6X9wiHA HTTP/1.1" 404 268 "-" "Mozilla/5.0 (compatible; Let's Encrypt validation server; +https://www.letsencrypt.org)"
52.39.4.59 - - [11/Sep/2021:13:18:57 +0000] "GET /.well-known/acme-challenge/9UJW3ap5X2nyoLyNXQGHBxM696jqVcq__ATI6X9wiHA HTTP/1.1" 404 268 "-" "Mozilla/5.0 (compatible; Let's Encrypt validation server; +https://www.letsencrypt.org)"
199.127.56.236 - - [11/Sep/2021:13:45:56 +0000] "GET / HTTP/1.1" 200 5048 "-" "Mozilla/5.0 (Windows NT 10.0; Win64; x64) AppleWebKit/537.36 (KHTML, like Gecko) Chrome/93.0.4577.63 Safari/537.36"
221.2.163.231 - - [11/Sep/2021:14:01:30 +0000] "GET / HTTP/1.1" 200 5048 "-" "Mozilla/5.0"
18.192.36.99 - - [11/Sep/2021:14:19:01 +0000] "GET /.well-known/acme-challenge/oKJ7hCs01wN86qeGHbDKXdAoYV4WQKlpnN3QLNJepNM HTTP/1.1" 404 268 "-" "Mozilla/5.0 (compatible; Let's Encrypt validation server; +https://www.letsencrypt.org)"
3.19.56.43 - - [11/Sep/2021:14:19:02 +0000] "GET /.well-known/acme-challenge/oKJ7hCs01wN86qeGHbDKXdAoYV4WQKlpnN3QLNJepNM HTTP/1.1" 404 268 "-" "Mozilla/5.0 (compatible; Let's Encrypt validation server; +https://www.letsencrypt.org)"
64.78.149.164 - - [11/Sep/2021:14:19:02 +0000] "GET /.well-known/acme-challenge/oKJ7hCs01wN86qeGHbDKXdAoYV4WQKlpnN3QLNJepNM HTTP/1.1" 404 268 "-" "Mozilla/5.0 (compatible; Let's Encrypt validation server; +https://www.letsencrypt.org)"
34.219.87.132 - - [11/Sep/2021:14:19:02 +0000] "GET /.well-known/acme-challenge/oKJ7hCs01wN86qeGHbDKXdAoYV4WQKlpnN3QLNJepNM HTTP/1.1" 404 268 "-" "Mozilla/5.0 (compatible; Let's Encrypt validation server; +https://www.letsencrypt.org)"
157.55.39.178 - - [11/Sep/2021:14:52:47 +0000] "GET / HTTP/1.1" 200 5048 "-" "Mozilla/5.0 (compatible; bingbot/2.0; +http://www.bing.com/bingbot.htm)"
221.2.163.231 - - [11/Sep/2021:16:11:34 +0000] "GET / HTTP/1.1" 200 5048 "-" "Mozilla/5.0"
157.55.39.50 - - [11/Sep/2021:16:12:50 +0000] "GET / HTTP/1.1" 200 5048 "-" "Mozilla/5.0 (compatible; bingbot/2.0; +http://www.bing.com/bingbot.htm)"
18.159.196.172 - - [11/Sep/2021:16:19:01 +0000] "GET /.well-known/acme-challenge/94h1dG3CuvjBvxzuzkf032bSMivsLmQLIkAlto_pBzw HTTP/1.1" 404 268 "-" "Mozilla/5.0 (compatible; Let's Encrypt validation server; +https://www.letsencrypt.org)"
34.221.255.206 - - [11/Sep/2021:16:19:01 +0000] "GET /.well-known/acme-challenge/94h1dG3CuvjBvxzuzkf032bSMivsLmQLIkAlto_pBzw HTTP/1.1" 404 268 "-" "Mozilla/5.0 (compatible; Let's Encrypt validation server; +https://www.letsencrypt.org)"
66.133.109.36 - - [11/Sep/2021:16:19:01 +0000] "GET /.well-known/acme-challenge/94h1dG3CuvjBvxzuzkf032bSMivsLmQLIkAlto_pBzw HTTP/1.1" 404 268 "-" "Mozilla/5.0 (compatible; Let's Encrypt validation server; +https://www.letsencrypt.org)"
18.116.86.117 - - [11/Sep/2021:16:19:01 +0000] "GET /.well-known/acme-challenge/94h1dG3CuvjBvxzuzkf032bSMivsLmQLIkAlto_pBzw HTTP/1.1" 404 268 "-" "Mozilla/5.0 (compatible; Let's Encrypt validation server; +https://www.letsencrypt.org)"
18.192.36.99 - - [11/Sep/2021:17:19:02 +0000] "GET /.well-known/acme-challenge/in8WHWoxQpI48A2IeXsBmkm5QYMYI7dhcQevsH2lHYE HTTP/1.1" 404 268 "-" "Mozilla/5.0 (compatible; Let's Encrypt validation server; +https://www.letsencrypt.org)"
3.142.122.14 - - [11/Sep/2021:17:19:02 +0000] "GET /.well-known/acme-challenge/in8WHWoxQpI48A2IeXsBmkm5QYMYI7dhcQevsH2lHYE HTTP/1.1" 404 268 "-" "Mozilla/5.0 (compatible; Let's Encrypt validation server; +https://www.letsencrypt.org)"
34.221.255.206 - - [11/Sep/2021:17:19:02 +0000] "GET /.well-known/acme-challenge/in8WHWoxQpI48A2IeXsBmkm5QYMYI7dhcQevsH2lHYE HTTP/1.1" 404 268 "-" "Mozilla/5.0 (compatible; Let's Encrypt validation server; +https://www.letsencrypt.org)"
64.78.149.164 - - [11/Sep/2021:17:19:02 +0000] "GET /.well-known/acme-challenge/in8WHWoxQpI48A2IeXsBmkm5QYMYI7dhcQevsH2lHYE HTTP/1.1" 404 268 "-" "Mozilla/5.0 (compatible; Let's Encrypt validation server; +https://www.letsencrypt.org)"
221.2.163.231 - - [11/Sep/2021:18:14:29 +0000] "GET / HTTP/1.1" 200 5048 "-" "Mozilla/5.0"
3.120.130.29 - - [11/Sep/2021:18:18:58 +0000] "GET /.well-known/acme-challenge/aQQfwf9Afl_4iI2XlsDW1e-TfxYu3nwR1JcxmNZItBs HTTP/1.1" 404 268 "-" "Mozilla/5.0 (compatible; Let's Encrypt validation server; +https://www.letsencrypt.org)"
3.142.122.14 - - [11/Sep/2021:18:18:58 +0000] "GET /.well-known/acme-challenge/aQQfwf9Afl_4iI2XlsDW1e-TfxYu3nwR1JcxmNZItBs HTTP/1.1" 404 268 "-" "Mozilla/5.0 (compatible; Let's Encrypt validation server; +https://www.letsencrypt.org)"
52.39.4.59 - - [11/Sep/2021:18:18:58 +0000] "GET /.well-known/acme-challenge/aQQfwf9Afl_4iI2XlsDW1e-TfxYu3nwR1JcxmNZItBs HTTP/1.1" 404 268 "-" "Mozilla/5.0 (compatible; Let's Encrypt validation server; +https://www.letsencrypt.org)"
64.78.149.164 - - [11/Sep/2021:18:18:58 +0000] "GET /.well-known/acme-challenge/aQQfwf9Afl_4iI2XlsDW1e-TfxYu3nwR1JcxmNZItBs HTTP/1.1" 404 268 "-" "Mozilla/5.0 (compatible; Let's Encrypt validation server; +https://www.letsencrypt.org)"
81.4.122.242 - - [11/Sep/2021:18:30:13 +0000] "HEAD / HTTP/1.1" 200 - "-" "-"
3.133.156.167 - - [11/Sep/2021:19:11:47 +0000] "HEAD / HTTP/1.1" 200 - "-" "CheckMarkNetwork/1.0 (+http://www.checkmarknetwork.com/spider.html)"
3.133.156.167 - - [11/Sep/2021:19:11:47 +0000] "GET /robots.txt HTTP/1.1" 404 208 "-" "CheckMarkNetwork/1.0 (+http://www.checkmarknetwork.com/spider.html)"
3.133.156.167 - - [11/Sep/2021:19:11:48 +0000] "GET / HTTP/1.1" 200 5048 "-" "CheckMarkNetwork/1.0 (+http://www.checkmarknetwork.com/spider.html)"
18.159.196.172 - - [11/Sep/2021:19:18:56 +0000] "GET /.well-known/acme-challenge/Qe6LOstWgz9Fo6F-cL04y0JOzYD5gEzo-TT5y5TZQxE HTTP/1.1" 404 268 "-" "Mozilla/5.0 (compatible; Let's Encrypt validation server; +https://www.letsencrypt.org)"
18.116.86.117 - - [11/Sep/2021:19:18:56 +0000] "GET /.well-known/acme-challenge/Qe6LOstWgz9Fo6F-cL04y0JOzYD5gEzo-TT5y5TZQxE HTTP/1.1" 404 268 "-" "Mozilla/5.0 (compatible; Let's Encrypt validation server; +https://www.letsencrypt.org)"
52.39.4.59 - - [11/Sep/2021:19:18:56 +0000] "GET /.well-known/acme-challenge/Qe6LOstWgz9Fo6F-cL04y0JOzYD5gEzo-TT5y5TZQxE HTTP/1.1" 404 268 "-" "Mozilla/5.0 (compatible; Let's Encrypt validation server; +https://www.letsencrypt.org)"
64.78.149.164 - - [11/Sep/2021:19:18:56 +0000] "GET /.well-known/acme-challenge/Qe6LOstWgz9Fo6F-cL04y0JOzYD5gEzo-TT5y5TZQxE HTTP/1.1" 404 268 "-" "Mozilla/5.0 (compatible; Let's Encrypt validation server; +https://www.letsencrypt.org)"
207.154.212.155 - - [11/Sep/2021:19:33:06 +0000] "GET /wp-login.php HTTP/1.1" 404 210 "-" "Mozilla/5.0 (X11; Ubuntu; Linux x86_64; rv:62.0) Gecko/20100101 Firefox/62.0"
18.192.36.99 - - [11/Sep/2021:20:18:58 +0000] "GET /.well-known/acme-challenge/tF7vmmk69BfZKFUe0DQh6wN5hG4f0F-5H3LdtuYND6A HTTP/1.1" 404 268 "-" "Mozilla/5.0 (compatible; Let's Encrypt validation server; +https://www.letsencrypt.org)"
3.19.56.43 - - [11/Sep/2021:20:18:58 +0000] "GET /.well-known/acme-challenge/tF7vmmk69BfZKFUe0DQh6wN5hG4f0F-5H3LdtuYND6A HTTP/1.1" 404 268 "-" "Mozilla/5.0 (compatible; Let's Encrypt validation server; +https://www.letsencrypt.org)"
52.39.4.59 - - [11/Sep/2021:20:18:58 +0000] "GET /.well-known/acme-challenge/tF7vmmk69BfZKFUe0DQh6wN5hG4f0F-5H3LdtuYND6A HTTP/1.1" 404 268 "-" "Mozilla/5.0 (compatible; Let's Encrypt validation server; +https://www.letsencrypt.org)"
64.78.149.164 - - [11/Sep/2021:20:18:58 +0000] "GET /.well-known/acme-challenge/tF7vmmk69BfZKFUe0DQh6wN5hG4f0F-5H3LdtuYND6A HTTP/1.1" 404 268 "-" "Mozilla/5.0 (compatible; Let's Encrypt validation server; +https://www.letsencrypt.org)"
92.118.160.37 - - [11/Sep/2021:21:07:03 +0000] "GET / HTTP/1.1" 200 5048 "-" "NetSystemsResearch studies the availability of various services across the internet. Our website is netsystemsresearch.com"
18.192.36.99 - - [11/Sep/2021:21:19:01 +0000] "GET /.well-known/acme-challenge/-SlZpgMEfHK3udTkBH60QJrpNIxCWWXK_xff_UTqLwI HTTP/1.1" 404 268 "-" "Mozilla/5.0 (compatible; Let's Encrypt validation server; +https://www.letsencrypt.org)"
3.19.56.43 - - [11/Sep/2021:21:19:01 +0000] "GET /.well-known/acme-challenge/-SlZpgMEfHK3udTkBH60QJrpNIxCWWXK_xff_UTqLwI HTTP/1.1" 404 268 "-" "Mozilla/5.0 (compatible; Let's Encrypt validation server; +https://www.letsencrypt.org)"
64.78.149.164 - - [11/Sep/2021:21:19:01 +0000] "GET /.well-known/acme-challenge/-SlZpgMEfHK3udTkBH60QJrpNIxCWWXK_xff_UTqLwI HTTP/1.1" 404 268 "-" "Mozilla/5.0 (compatible; Let's Encrypt validation server; +https://www.letsencrypt.org)"
52.39.4.59 - - [11/Sep/2021:21:19:01 +0000] "GET /.well-known/acme-challenge/-SlZpgMEfHK3udTkBH60QJrpNIxCWWXK_xff_UTqLwI HTTP/1.1" 404 268 "-" "Mozilla/5.0 (compatible; Let's Encrypt validation server; +https://www.letsencrypt.org)"
47.253.48.100 - - [11/Sep/2021:21:25:11 +0000] "GET / HTTP/1.1" 200 5048 "-" "Mozilla/5.0 (Macintosh; Intel Mac OS X 10_15_7) AppleWebKit/537.36 (KHTML, like Gecko) Chrome/88.0.4324.192 Safari/537.36"
52.39.4.59 - - [11/Sep/2021:22:18:57 +0000] "GET /.well-known/acme-challenge/RK0CJwaaloXS7UaiOyfdaZtIKzn22KCzqHkaik0FgY4 HTTP/1.1" 404 268 "-" "Mozilla/5.0 (compatible; Let's Encrypt validation server; +https://www.letsencrypt.org)"
18.192.36.99 - - [11/Sep/2021:22:18:57 +0000] "GET /.well-known/acme-challenge/RK0CJwaaloXS7UaiOyfdaZtIKzn22KCzqHkaik0FgY4 HTTP/1.1" 404 268 "-" "Mozilla/5.0 (compatible; Let's Encrypt validation server; +https://www.letsencrypt.org)"
18.116.86.117 - - [11/Sep/2021:22:18:57 +0000] "GET /.well-known/acme-challenge/RK0CJwaaloXS7UaiOyfdaZtIKzn22KCzqHkaik0FgY4 HTTP/1.1" 404 268 "-" "Mozilla/5.0 (compatible; Let's Encrypt validation server; +https://www.letsencrypt.org)"
64.78.149.164 - - [11/Sep/2021:22:18:57 +0000] "GET /.well-known/acme-challenge/RK0CJwaaloXS7UaiOyfdaZtIKzn22KCzqHkaik0FgY4 HTTP/1.1" 404 268 "-" "Mozilla/5.0 (compatible; Let's Encrypt validation server; +https://www.letsencrypt.org)"
18.192.36.99 - - [11/Sep/2021:23:19:08 +0000] "GET /.well-known/acme-challenge/jajNo1O8WJ1RU8jzYmbmL3l-T0iuWss-TaUMrXU8sF0 HTTP/1.1" 404 268 "-" "Mozilla/5.0 (compatible; Let's Encrypt validation server; +https://www.letsencrypt.org)"
3.142.122.14 - - [11/Sep/2021:23:19:08 +0000] "GET /.well-known/acme-challenge/jajNo1O8WJ1RU8jzYmbmL3l-T0iuWss-TaUMrXU8sF0 HTTP/1.1" 404 268 "-" "Mozilla/5.0 (compatible; Let's Encrypt validation server; +https://www.letsencrypt.org)"
64.78.149.164 - - [11/Sep/2021:23:19:08 +0000] "GET /.well-known/acme-challenge/jajNo1O8WJ1RU8jzYmbmL3l-T0iuWss-TaUMrXU8sF0 HTTP/1.1" 404 268 "-" "Mozilla/5.0 (compatible; Let's Encrypt validation server; +https://www.letsencrypt.org)"
52.39.4.59 - - [11/Sep/2021:23:19:08 +0000] "GET /.well-known/acme-challenge/jajNo1O8WJ1RU8jzYmbmL3l-T0iuWss-TaUMrXU8sF0 HTTP/1.1" 404 268 "-" "Mozilla/5.0 (compatible; Let's Encrypt validation server; +https://www.letsencrypt.org)"
54.36.148.89 - - [11/Sep/2021:23:51:06 +0000] "GET /robots.txt HTTP/1.1" 404 208 "-" "Mozilla/5.0 (compatible; AhrefsBot/7.0; +http://ahrefs.com/robot/)"
54.36.148.170 - - [11/Sep/2021:23:51:07 +0000] "GET / HTTP/1.1" 200 5048 "-" "Mozilla/5.0 (compatible; AhrefsBot/7.0; +http://ahrefs.com/robot/)"
157.55.39.178 - - [12/Sep/2021:00:13:31 +0000] "GET / HTTP/1.1" 200 5048 "-" "Mozilla/5.0 (compatible; bingbot/2.0; +http://www.bing.com/bingbot.htm)"
3.120.130.29 - - [12/Sep/2021:00:19:02 +0000] "GET /.well-known/acme-challenge/LwVVjYWaLeB_vhcVCeV4VVV-fg6iv4FT1LGR3fxaTaY HTTP/1.1" 404 268 "-" "Mozilla/5.0 (compatible; Let's Encrypt validation server; +https://www.letsencrypt.org)"
34.221.255.206 - - [12/Sep/2021:00:19:02 +0000] "GET /.well-known/acme-challenge/LwVVjYWaLeB_vhcVCeV4VVV-fg6iv4FT1LGR3fxaTaY HTTP/1.1" 404 268 "-" "Mozilla/5.0 (compatible; Let's Encrypt validation server; +https://www.letsencrypt.org)"
18.116.86.117 - - [12/Sep/2021:00:19:02 +0000] "GET /.well-known/acme-challenge/LwVVjYWaLeB_vhcVCeV4VVV-fg6iv4FT1LGR3fxaTaY HTTP/1.1" 404 268 "-" "Mozilla/5.0 (compatible; Let's Encrypt validation server; +https://www.letsencrypt.org)"
66.133.109.36 - - [12/Sep/2021:00:19:02 +0000] "GET /.well-known/acme-challenge/LwVVjYWaLeB_vhcVCeV4VVV-fg6iv4FT1LGR3fxaTaY HTTP/1.1" 404 268 "-" "Mozilla/5.0 (compatible; Let's Encrypt validation server; +https://www.letsencrypt.org)"
3.120.130.29 - - [12/Sep/2021:01:19:23 +0000] "GET /.well-known/acme-challenge/a42GW9tnzqsgYNYoDzA2nNtOERKIj7xJsUwkAH0F8o0 HTTP/1.1" 404 268 "-" "Mozilla/5.0 (compatible; Let's Encrypt validation server; +https://www.letsencrypt.org)"
18.116.86.117 - - [12/Sep/2021:01:19:23 +0000] "GET /.well-known/acme-challenge/a42GW9tnzqsgYNYoDzA2nNtOERKIj7xJsUwkAH0F8o0 HTTP/1.1" 404 268 "-" "Mozilla/5.0 (compatible; Let's Encrypt validation server; +https://www.letsencrypt.org)"
34.219.87.132 - - [12/Sep/2021:01:19:23 +0000] "GET /.well-known/acme-challenge/a42GW9tnzqsgYNYoDzA2nNtOERKIj7xJsUwkAH0F8o0 HTTP/1.1" 404 268 "-" "Mozilla/5.0 (compatible; Let's Encrypt validation server; +https://www.letsencrypt.org)"
66.133.109.36 - - [12/Sep/2021:01:19:23 +0000] "GET /.well-known/acme-challenge/a42GW9tnzqsgYNYoDzA2nNtOERKIj7xJsUwkAH0F8o0 HTTP/1.1" 404 268 "-" "Mozilla/5.0 (compatible; Let's Encrypt validation server; +https://www.letsencrypt.org)"
66.102.6.147 - - [12/Sep/2021:01:34:22 +0000] "GET / HTTP/1.1" 200 5048 "-" "Mozilla/5.0 (X11; Linux x86_64) AppleWebKit/537.36 (KHTML, like Gecko) Chrome/49.0.2623.75 Safari/537.36 Google Favicon"
66.102.6.145 - - [12/Sep/2021:01:34:23 +0000] "GET /favicon.ico HTTP/1.1" 404 209 "-" "Mozilla/5.0 (X11; Linux x86_64) AppleWebKit/537.36 (KHTML, like Gecko) Chrome/49.0.2623.75 Safari/537.36 Google Favicon"
157.55.39.50 - - [12/Sep/2021:01:36:23 +0000] "GET / HTTP/1.1" 200 5048 "-" "Mozilla/5.0 (compatible; bingbot/2.0; +http://www.bing.com/bingbot.htm)"
18.192.36.99 - - [12/Sep/2021:02:19:03 +0000] "GET /.well-known/acme-challenge/rDbmhTc0OYLrItGctQe4E-rtpJeHHMJunm6iUZgzUHE HTTP/1.1" 404 268 "-" "Mozilla/5.0 (compatible; Let's Encrypt validation server; +https://www.letsencrypt.org)"
52.39.4.59 - - [12/Sep/2021:02:19:03 +0000] "GET /.well-known/acme-challenge/rDbmhTc0OYLrItGctQe4E-rtpJeHHMJunm6iUZgzUHE HTTP/1.1" 404 268 "-" "Mozilla/5.0 (compatible; Let's Encrypt validation server; +https://www.letsencrypt.org)"
66.133.109.36 - - [12/Sep/2021:02:19:03 +0000] "GET /.well-known/acme-challenge/rDbmhTc0OYLrItGctQe4E-rtpJeHHMJunm6iUZgzUHE HTTP/1.1" 404 268 "-" "Mozilla/5.0 (compatible; Let's Encrypt validation server; +https://www.letsencrypt.org)"
18.116.86.117 - - [12/Sep/2021:02:19:03 +0000] "GET /.well-known/acme-challenge/rDbmhTc0OYLrItGctQe4E-rtpJeHHMJunm6iUZgzUHE HTTP/1.1" 404 268 "-" "Mozilla/5.0 (compatible; Let's Encrypt validation server; +https://www.letsencrypt.org)"
54.36.148.238 - - [12/Sep/2021:02:45:31 +0000] "GET /robots.txt HTTP/1.1" 404 208 "-" "Mozilla/5.0 (compatible; AhrefsBot/7.0; +http://ahrefs.com/robot/)"
54.36.148.170 - - [12/Sep/2021:02:45:32 +0000] "GET / HTTP/1.1" 200 5048 "-" "Mozilla/5.0 (compatible; AhrefsBot/7.0; +http://ahrefs.com/robot/)"
5.188.62.140 - - [12/Sep/2021:03:15:18 +0000] "GET / HTTP/1.1" 200 5048 "-" "Mozilla/5.0 (Windows NT 6.2) AppleWebKit/537.36 (KHTML, like Gecko) Chrome/41.0.2227.1 Safari/537.36"
5.188.62.140 - - [12/Sep/2021:03:15:24 +0000] "GET /robots.txt HTTP/1.1" 404 208 "-" "Mozilla/5.0 (Windows NT 6.2) AppleWebKit/537.36 (KHTML, like Gecko) Chrome/41.0.2227.1 Safari/537.36"
3.142.122.14 - - [12/Sep/2021:03:20:36 +0000] "GET /.well-known/acme-challenge/V5n9X6KUZk8g-8iufErDkQ7ySapvqndmtQ9bVeAb4kc HTTP/1.1" 404 268 "-" "Mozilla/5.0 (compatible; Let's Encrypt validation server; +https://www.letsencrypt.org)"
18.159.196.172 - - [12/Sep/2021:03:20:36 +0000] "GET /.well-known/acme-challenge/V5n9X6KUZk8g-8iufErDkQ7ySapvqndmtQ9bVeAb4kc HTTP/1.1" 404 268 "-" "Mozilla/5.0 (compatible; Let's Encrypt validation server; +https://www.letsencrypt.org)"
52.39.4.59 - - [12/Sep/2021:03:20:36 +0000] "GET /.well-known/acme-challenge/V5n9X6KUZk8g-8iufErDkQ7ySapvqndmtQ9bVeAb4kc HTTP/1.1" 404 268 "-" "Mozilla/5.0 (compatible; Let's Encrypt validation server; +https://www.letsencrypt.org)"
64.78.149.164 - - [12/Sep/2021:03:20:36 +0000] "GET /.well-known/acme-challenge/V5n9X6KUZk8g-8iufErDkQ7ySapvqndmtQ9bVeAb4kc HTTP/1.1" 404 268 "-" "Mozilla/5.0 (compatible; Let's Encrypt validation server; +https://www.letsencrypt.org)"
18.159.196.172 - - [12/Sep/2021:04:21:54 +0000] "GET /.well-known/acme-challenge/EOEmy7Tkt_XTUIc62eWVYvhHe7DDXpP9UYBVIeH0-xU HTTP/1.1" 404 268 "-" "Mozilla/5.0 (compatible; Let's Encrypt validation server; +https://www.letsencrypt.org)"
3.142.122.14 - - [12/Sep/2021:04:21:54 +0000] "GET /.well-known/acme-challenge/EOEmy7Tkt_XTUIc62eWVYvhHe7DDXpP9UYBVIeH0-xU HTTP/1.1" 404 268 "-" "Mozilla/5.0 (compatible; Let's Encrypt validation server; +https://www.letsencrypt.org)"
52.39.4.59 - - [12/Sep/2021:04:21:54 +0000] "GET /.well-known/acme-challenge/EOEmy7Tkt_XTUIc62eWVYvhHe7DDXpP9UYBVIeH0-xU HTTP/1.1" 404 268 "-" "Mozilla/5.0 (compatible; Let's Encrypt validation server; +https://www.letsencrypt.org)"
64.78.149.164 - - [12/Sep/2021:04:21:54 +0000] "GET /.well-known/acme-challenge/EOEmy7Tkt_XTUIc62eWVYvhHe7DDXpP9UYBVIeH0-xU HTTP/1.1" 404 268 "-" "Mozilla/5.0 (compatible; Let's Encrypt validation server; +https://www.letsencrypt.org)"
34.213.48.10 - - [12/Sep/2021:06:09:18 +0000] "GET / HTTP/1.1" 200 5048 "-" "Mozilla/5.0 (Windows NT 10.0; Win64; x64)AppleWebKit/537.36 (KHTML, like Gecko) Chrome/66.0.3359.181 Safari/537.36"
18.159.196.172 - - [12/Sep/2021:06:18:57 +0000] "GET /.well-known/acme-challenge/BpZniNEr9wEJRby31vxUqiKFqMBNSi6DNcukJdiZK3A HTTP/1.1" 404 268 "-" "Mozilla/5.0 (compatible; Let's Encrypt validation server; +https://www.letsencrypt.org)"
3.19.56.43 - - [12/Sep/2021:06:18:57 +0000] "GET /.well-known/acme-challenge/BpZniNEr9wEJRby31vxUqiKFqMBNSi6DNcukJdiZK3A HTTP/1.1" 404 268 "-" "Mozilla/5.0 (compatible; Let's Encrypt validation server; +https://www.letsencrypt.org)"
34.219.87.132 - - [12/Sep/2021:06:18:57 +0000] "GET /.well-known/acme-challenge/BpZniNEr9wEJRby31vxUqiKFqMBNSi6DNcukJdiZK3A HTTP/1.1" 404 268 "-" "Mozilla/5.0 (compatible; Let's Encrypt validation server; +https://www.letsencrypt.org)"
66.133.109.36 - - [12/Sep/2021:06:19:00 +0000] "GET /.well-known/acme-challenge/BpZniNEr9wEJRby31vxUqiKFqMBNSi6DNcukJdiZK3A HTTP/1.1" 404 268 "-" "Mozilla/5.0 (compatible; Let's Encrypt validation server; +https://www.letsencrypt.org)"
34.222.111.60 - - [12/Sep/2021:06:22:30 +0000] "GET / HTTP/1.1" 200 5048 "-" "Mozilla/5.0 (X11; Linux x86_64) AppleWebKit/537.36 (KHTML, like Gecko) Chrome/83.0.4103.97 Safari/537.36"
52.89.78.101 - - [12/Sep/2021:06:23:17 +0000] "GET /favicon.ico HTTP/1.1" 404 209 "-" "Mozilla/5.0 (X11; Linux x86_64) AppleWebKit/537.36 (KHTML, like Gecko) Chrome/83.0.4103.97 Safari/537.36"
52.89.78.101 - - [12/Sep/2021:06:23:19 +0000] "GET / HTTP/1.1" 200 5048 "-" "Mozilla/5.0 (X11; Linux x86_64) AppleWebKit/537.36 (KHTML, like Gecko) Chrome/83.0.4103.97 Safari/537.36"
34.219.239.101 - - [12/Sep/2021:06:24:12 +0000] "GET / HTTP/1.1" 200 5048 "-" "Mozilla/5.0 (X11; Linux x86_64) AppleWebKit/537.36 (KHTML, like Gecko) Chrome/83.0.4103.97 Safari/537.36"
18.192.36.99 - - [12/Sep/2021:07:18:57 +0000] "GET /.well-known/acme-challenge/Ahlf1plVELzgMhT-Gu8ogjhRsq9V4UAEYKwJI9gusbM HTTP/1.1" 404 268 "-" "Mozilla/5.0 (compatible; Let's Encrypt validation server; +https://www.letsencrypt.org)"
3.19.56.43 - - [12/Sep/2021:07:18:57 +0000] "GET /.well-known/acme-challenge/Ahlf1plVELzgMhT-Gu8ogjhRsq9V4UAEYKwJI9gusbM HTTP/1.1" 404 268 "-" "Mozilla/5.0 (compatible; Let's Encrypt validation server; +https://www.letsencrypt.org)"
52.39.4.59 - - [12/Sep/2021:07:18:57 +0000] "GET /.well-known/acme-challenge/Ahlf1plVELzgMhT-Gu8ogjhRsq9V4UAEYKwJI9gusbM HTTP/1.1" 404 268 "-" "Mozilla/5.0 (compatible; Let's Encrypt validation server; +https://www.letsencrypt.org)"
64.78.149.164 - - [12/Sep/2021:07:18:57 +0000] "GET /.well-known/acme-challenge/Ahlf1plVELzgMhT-Gu8ogjhRsq9V4UAEYKwJI9gusbM HTTP/1.1" 404 268 "-" "Mozilla/5.0 (compatible; Let's Encrypt validation server; +https://www.letsencrypt.org)"
18.159.196.172 - - [12/Sep/2021:08:18:57 +0000] "GET /.well-known/acme-challenge/LFFDbUkFdeaTWUlZhLr0ROv3Fo-mG6e0Dne7JSoH6_E HTTP/1.1" 404 268 "-" "Mozilla/5.0 (compatible; Let's Encrypt validation server; +https://www.letsencrypt.org)"
18.116.86.117 - - [12/Sep/2021:08:18:57 +0000] "GET /.well-known/acme-challenge/LFFDbUkFdeaTWUlZhLr0ROv3Fo-mG6e0Dne7JSoH6_E HTTP/1.1" 404 268 "-" "Mozilla/5.0 (compatible; Let's Encrypt validation server; +https://www.letsencrypt.org)"
66.133.109.36 - - [12/Sep/2021:08:18:57 +0000] "GET /.well-known/acme-challenge/LFFDbUkFdeaTWUlZhLr0ROv3Fo-mG6e0Dne7JSoH6_E HTTP/1.1" 404 268 "-" "Mozilla/5.0 (compatible; Let's Encrypt validation server; +https://www.letsencrypt.org)"
34.221.255.206 - - [12/Sep/2021:08:18:57 +0000] "GET /.well-known/acme-challenge/LFFDbUkFdeaTWUlZhLr0ROv3Fo-mG6e0Dne7JSoH6_E HTTP/1.1" 404 268 "-" "Mozilla/5.0 (compatible; Let's Encrypt validation server; +https://www.letsencrypt.org)"
3.120.130.29 - - [12/Sep/2021:09:18:59 +0000] "GET /.well-known/acme-challenge/wY2X7YYl85oHku_vqG7ma4TnOpymsps6bkbJXPfVvzw HTTP/1.1" 404 268 "-" "Mozilla/5.0 (compatible; Let's Encrypt validation server; +https://www.letsencrypt.org)"
18.116.86.117 - - [12/Sep/2021:09:18:59 +0000] "GET /.well-known/acme-challenge/wY2X7YYl85oHku_vqG7ma4TnOpymsps6bkbJXPfVvzw HTTP/1.1" 404 268 "-" "Mozilla/5.0 (compatible; Let's Encrypt validation server; +https://www.letsencrypt.org)"
66.133.109.36 - - [12/Sep/2021:09:18:59 +0000] "GET /.well-known/acme-challenge/wY2X7YYl85oHku_vqG7ma4TnOpymsps6bkbJXPfVvzw HTTP/1.1" 404 268 "-" "Mozilla/5.0 (compatible; Let's Encrypt validation server; +https://www.letsencrypt.org)"
164.132.202.72 - - [12/Sep/2021:09:43:54 +0000] "GET / HTTP/1.0" 200 5048 "http://mswebtech.com/" "Mozilla/5.0 (Windows NT 6.1; Win64; x64) AppleWebKit/537.36 (KHTML, like Gecko) Chrome/83.0.4103.61 Safari/537.36 Edg/83.0.478.37"
157.55.39.178 - - [12/Sep/2021:10:03:57 +0000] "GET / HTTP/1.1" 200 5048 "-" "Mozilla/5.0 (compatible; bingbot/2.0; +http://www.bing.com/bingbot.htm)"
18.159.196.172 - - [12/Sep/2021:11:18:57 +0000] "GET /.well-known/acme-challenge/ZCda1eWnyqaXrXyJgN4netHnmxQx2TFw1TT6GQatw7Y HTTP/1.1" 404 268 "-" "Mozilla/5.0 (compatible; Let's Encrypt validation server; +https://www.letsencrypt.org)"
3.19.56.43 - - [12/Sep/2021:11:18:57 +0000] "GET /.well-known/acme-challenge/ZCda1eWnyqaXrXyJgN4netHnmxQx2TFw1TT6GQatw7Y HTTP/1.1" 404 268 "-" "Mozilla/5.0 (compatible; Let's Encrypt validation server; +https://www.letsencrypt.org)"
34.219.87.132 - - [12/Sep/2021:11:18:57 +0000] "GET /.well-known/acme-challenge/ZCda1eWnyqaXrXyJgN4netHnmxQx2TFw1TT6GQatw7Y HTTP/1.1" 404 268 "-" "Mozilla/5.0 (compatible; Let's Encrypt validation server; +https://www.letsencrypt.org)"
66.133.109.36 - - [12/Sep/2021:11:18:57 +0000] "GET /.well-known/acme-challenge/ZCda1eWnyqaXrXyJgN4netHnmxQx2TFw1TT6GQatw7Y HTTP/1.1" 404 268 "-" "Mozilla/5.0 (compatible; Let's Encrypt validation server; +https://www.letsencrypt.org)"
207.46.13.6 - - [12/Sep/2021:11:24:15 +0000] "GET /robots.txt HTTP/1.1" 404 208 "-" "Mozilla/5.0 (compatible; bingbot/2.0; +http://www.bing.com/bingbot.htm)"
207.46.13.6 - - [12/Sep/2021:11:24:16 +0000] "GET /robots.txt HTTP/1.1" 404 208 "-" "Mozilla/5.0 (compatible; bingbot/2.0; +http://www.bing.com/bingbot.htm)"
157.55.39.50 - - [12/Sep/2021:11:24:20 +0000] "GET / HTTP/1.1" 200 5048 "-" "Mozilla/5.0 (compatible; bingbot/2.0; +http://www.bing.com/bingbot.htm)"
74.208.55.98 - - [12/Sep/2021:12:13:12 +0000] "GET /wp-admin/css/ HTTP/1.1" 404 211 "binance.com" "Mozilla/5.0 (Windows NT 10.0; Win64; x64) AppleWebKit/537.36 (KHTML, like Gecko) Chrome/90.0.4430.85 Safari/537.36"
74.208.55.98 - - [12/Sep/2021:12:13:22 +0000] "GET /.well-known/ HTTP/1.1" 404 210 "binance.com" "Mozilla/5.0 (Windows NT 10.0; Win64; x64) AppleWebKit/537.36 (KHTML, like Gecko) Chrome/90.0.4430.85 Safari/537.36"
74.208.55.98 - - [12/Sep/2021:12:13:32 +0000] "GET /sites/default/files/ HTTP/1.1" 404 218 "binance.com" "Mozilla/5.0 (Windows NT 10.0; Win64; x64) AppleWebKit/537.36 (KHTML, like Gecko) Chrome/90.0.4430.85 Safari/537.36"
74.208.55.98 - - [12/Sep/2021:12:13:41 +0000] "GET /admin/controller/extension/extension/ HTTP/1.1" 404 235 "binance.com" "Mozilla/5.0 (Windows NT 10.0; Win64; x64) AppleWebKit/537.36 (KHTML, like Gecko) Chrome/90.0.4430.85 Safari/537.36"
74.208.55.98 - - [12/Sep/2021:12:13:49 +0000] "GET /uploads/ HTTP/1.1" 404 206 "binance.com" "Mozilla/5.0 (Windows NT 10.0; Win64; x64) AppleWebKit/537.36 (KHTML, like Gecko) Chrome/90.0.4430.85 Safari/537.36"
74.208.55.98 - - [12/Sep/2021:12:13:58 +0000] "GET /images/ HTTP/1.1" 404 205 "binance.com" "Mozilla/5.0 (Windows NT 10.0; Win64; x64) AppleWebKit/537.36 (KHTML, like Gecko) Chrome/90.0.4430.85 Safari/537.36"
74.208.55.98 - - [12/Sep/2021:12:14:07 +0000] "GET /files/ HTTP/1.1" 404 204 "binance.com" "Mozilla/5.0 (Windows NT 10.0; Win64; x64) AppleWebKit/537.36 (KHTML, like Gecko) Chrome/90.0.4430.85 Safari/537.36"
3.120.130.29 - - [12/Sep/2021:12:18:42 +0000] "GET /.well-known/acme-challenge/mSDYFjPFTizRajGsCCsv3krn2MBHi9nyRLHRdFqHxGw HTTP/1.1" 404 268 "-" "Mozilla/5.0 (compatible; Let's Encrypt validation server; +https://www.letsencrypt.org)"
34.219.87.132 - - [12/Sep/2021:12:18:42 +0000] "GET /.well-known/acme-challenge/mSDYFjPFTizRajGsCCsv3krn2MBHi9nyRLHRdFqHxGw HTTP/1.1" 404 268 "-" "Mozilla/5.0 (compatible; Let's Encrypt validation server; +https://www.letsencrypt.org)"
3.19.56.43 - - [12/Sep/2021:12:18:42 +0000] "GET /.well-known/acme-challenge/mSDYFjPFTizRajGsCCsv3krn2MBHi9nyRLHRdFqHxGw HTTP/1.1" 404 268 "-" "Mozilla/5.0 (compatible; Let's Encrypt validation server; +https://www.letsencrypt.org)"
66.133.109.36 - - [12/Sep/2021:12:18:42 +0000] "GET /.well-known/acme-challenge/mSDYFjPFTizRajGsCCsv3krn2MBHi9nyRLHRdFqHxGw HTTP/1.1" 404 268 "-" "Mozilla/5.0 (compatible; Let's Encrypt validation server; +https://www.letsencrypt.org)"
67.227.32.206 - - [12/Sep/2021:12:36:12 +0000] "GET / HTTP/1.1" 200 5048 "-" "Mozilla/5.0 (Windows NT 10.0; Win64; x64) AppleWebKit/537.36 (KHTML, like Gecko) Chrome/91.0.4472.77 Safari/537.36"
3.120.130.29 - - [12/Sep/2021:13:18:57 +0000] "GET /.well-known/acme-challenge/4KwimPCOvxwGdZ0lITSmXU1R8hOY9tzSXaZcoQgb1pk HTTP/1.1" 404 268 "-" "Mozilla/5.0 (compatible; Let's Encrypt validation server; +https://www.letsencrypt.org)"
18.116.86.117 - - [12/Sep/2021:13:18:57 +0000] "GET /.well-known/acme-challenge/4KwimPCOvxwGdZ0lITSmXU1R8hOY9tzSXaZcoQgb1pk HTTP/1.1" 404 268 "-" "Mozilla/5.0 (compatible; Let's Encrypt validation server; +https://www.letsencrypt.org)"
52.39.4.59 - - [12/Sep/2021:13:18:57 +0000] "GET /.well-known/acme-challenge/4KwimPCOvxwGdZ0lITSmXU1R8hOY9tzSXaZcoQgb1pk HTTP/1.1" 404 268 "-" "Mozilla/5.0 (compatible; Let's Encrypt validation server; +https://www.letsencrypt.org)"
66.133.109.36 - - [12/Sep/2021:13:18:57 +0000] "GET /.well-known/acme-challenge/4KwimPCOvxwGdZ0lITSmXU1R8hOY9tzSXaZcoQgb1pk HTTP/1.1" 404 268 "-" "Mozilla/5.0 (compatible; Let's Encrypt validation server; +https://www.letsencrypt.org)"
18.159.196.172 - - [12/Sep/2021:14:18:38 +0000] "GET /.well-known/acme-challenge/DScfbYnb_3Cd0kKIuqWO6wHFYViYjyMWh4qpU0mjPtY HTTP/1.1" 404 268 "-" "Mozilla/5.0 (compatible; Let's Encrypt validation server; +https://www.letsencrypt.org)"
3.19.56.43 - - [12/Sep/2021:14:18:39 +0000] "GET /.well-known/acme-challenge/DScfbYnb_3Cd0kKIuqWO6wHFYViYjyMWh4qpU0mjPtY HTTP/1.1" 404 268 "-" "Mozilla/5.0 (compatible; Let's Encrypt validation server; +https://www.letsencrypt.org)"
34.221.255.206 - - [12/Sep/2021:14:18:39 +0000] "GET /.well-known/acme-challenge/DScfbYnb_3Cd0kKIuqWO6wHFYViYjyMWh4qpU0mjPtY HTTP/1.1" 404 268 "-" "Mozilla/5.0 (compatible; Let's Encrypt validation server; +https://www.letsencrypt.org)"
66.133.109.36 - - [12/Sep/2021:14:18:39 +0000] "GET /.well-known/acme-challenge/DScfbYnb_3Cd0kKIuqWO6wHFYViYjyMWh4qpU0mjPtY HTTP/1.1" 404 268 "-" "Mozilla/5.0 (compatible; Let's Encrypt validation server; +https://www.letsencrypt.org)"
18.159.196.172 - - [12/Sep/2021:15:18:56 +0000] "GET /.well-known/acme-challenge/aPIZIitMlf-l5mJ7tFf3GRe6-YshKZFZu6pPgi4U-5s HTTP/1.1" 404 268 "-" "Mozilla/5.0 (compatible; Let's Encrypt validation server; +https://www.letsencrypt.org)"
34.219.87.132 - - [12/Sep/2021:15:18:56 +0000] "GET /.well-known/acme-challenge/aPIZIitMlf-l5mJ7tFf3GRe6-YshKZFZu6pPgi4U-5s HTTP/1.1" 404 268 "-" "Mozilla/5.0 (compatible; Let's Encrypt validation server; +https://www.letsencrypt.org)"
3.19.56.43 - - [12/Sep/2021:15:18:56 +0000] "GET /.well-known/acme-challenge/aPIZIitMlf-l5mJ7tFf3GRe6-YshKZFZu6pPgi4U-5s HTTP/1.1" 404 268 "-" "Mozilla/5.0 (compatible; Let's Encrypt validation server; +https://www.letsencrypt.org)"
66.133.109.36 - - [12/Sep/2021:15:18:56 +0000] "GET /.well-known/acme-challenge/aPIZIitMlf-l5mJ7tFf3GRe6-YshKZFZu6pPgi4U-5s HTTP/1.1" 404 268 "-" "Mozilla/5.0 (compatible; Let's Encrypt validation server; +https://www.letsencrypt.org)"
31.22.4.76 - - [12/Sep/2021:16:07:19 +0000] "GET /?C=N;O=D HTTP/1.0" 200 5048 "-" "-"
18.159.196.172 - - [12/Sep/2021:16:18:51 +0000] "GET /.well-known/acme-challenge/NrbLLK4cVNLYwZXdCbVJnjHFjdC9EmkaezUGtnx1srw HTTP/1.1" 404 268 "-" "Mozilla/5.0 (compatible; Let's Encrypt validation server; +https://www.letsencrypt.org)"
52.39.4.59 - - [12/Sep/2021:16:18:51 +0000] "GET /.well-known/acme-challenge/NrbLLK4cVNLYwZXdCbVJnjHFjdC9EmkaezUGtnx1srw HTTP/1.1" 404 268 "-" "Mozilla/5.0 (compatible; Let's Encrypt validation server; +https://www.letsencrypt.org)"
3.19.56.43 - - [12/Sep/2021:16:18:51 +0000] "GET /.well-known/acme-challenge/NrbLLK4cVNLYwZXdCbVJnjHFjdC9EmkaezUGtnx1srw HTTP/1.1" 404 268 "-" "Mozilla/5.0 (compatible; Let's Encrypt validation server; +https://www.letsencrypt.org)"
