34.221.255.206 - - [28/Aug/2021:14:18:59 +0000] "GET /.well-known/acme-challenge/W891rDhwdmKh8vR4Pv0TYXw5IGKSX6ctqk73Di8WrW0 HTTP/1.1" 404 268 "-" "Mozilla/5.0 (compatible; Let's Encrypt validation server; +https://www.letsencrypt.org)"
3.142.122.14 - - [28/Aug/2021:15:18:47 +0000] "GET /.well-known/acme-challenge/g7OFKGlsH8BYeltOXEhFB4ipvg8EZxt1DNaDrOriLGk HTTP/1.1" 404 268 "-" "Mozilla/5.0 (compatible; Let's Encrypt validation server; +https://www.letsencrypt.org)"
18.159.196.172 - - [28/Aug/2021:15:18:47 +0000] "GET /.well-known/acme-challenge/g7OFKGlsH8BYeltOXEhFB4ipvg8EZxt1DNaDrOriLGk HTTP/1.1" 404 268 "-" "Mozilla/5.0 (compatible; Let's Encrypt validation server; +https://www.letsencrypt.org)"
34.219.87.132 - - [28/Aug/2021:15:18:47 +0000] "GET /.well-known/acme-challenge/g7OFKGlsH8BYeltOXEhFB4ipvg8EZxt1DNaDrOriLGk HTTP/1.1" 404 268 "-" "Mozilla/5.0 (compatible; Let's Encrypt validation server; +https://www.letsencrypt.org)"
64.78.149.164 - - [28/Aug/2021:15:18:47 +0000] "GET /.well-known/acme-challenge/g7OFKGlsH8BYeltOXEhFB4ipvg8EZxt1DNaDrOriLGk HTTP/1.1" 404 268 "-" "Mozilla/5.0 (compatible; Let's Encrypt validation server; +https://www.letsencrypt.org)"
40.77.167.37 - - [28/Aug/2021:15:24:19 +0000] "GET /robots.txt HTTP/1.1" 404 208 "-" "Mozilla/5.0 (compatible; bingbot/2.0; +http://www.bing.com/bingbot.htm)"
157.55.39.112 - - [28/Aug/2021:15:24:29 +0000] "GET / HTTP/1.1" 200 5048 "-" "Mozilla/5.0 (compatible; bingbot/2.0; +http://www.bing.com/bingbot.htm)"
18.159.196.172 - - [28/Aug/2021:16:18:59 +0000] "GET /.well-known/acme-challenge/IQsJP_ySfpOf7LAODd4owwHEeqcQJCENxib0HccN0tE HTTP/1.1" 404 268 "-" "Mozilla/5.0 (compatible; Let's Encrypt validation server; +https://www.letsencrypt.org)"
34.219.87.132 - - [28/Aug/2021:16:18:59 +0000] "GET /.well-known/acme-challenge/IQsJP_ySfpOf7LAODd4owwHEeqcQJCENxib0HccN0tE HTTP/1.1" 404 268 "-" "Mozilla/5.0 (compatible; Let's Encrypt validation server; +https://www.letsencrypt.org)"
3.19.56.43 - - [28/Aug/2021:16:18:59 +0000] "GET /.well-known/acme-challenge/IQsJP_ySfpOf7LAODd4owwHEeqcQJCENxib0HccN0tE HTTP/1.1" 404 268 "-" "Mozilla/5.0 (compatible; Let's Encrypt validation server; +https://www.letsencrypt.org)"
64.78.149.164 - - [28/Aug/2021:16:18:59 +0000] "GET /.well-known/acme-challenge/IQsJP_ySfpOf7LAODd4owwHEeqcQJCENxib0HccN0tE HTTP/1.1" 404 268 "-" "Mozilla/5.0 (compatible; Let's Encrypt validation server; +https://www.letsencrypt.org)"
157.55.39.50 - - [28/Aug/2021:16:43:54 +0000] "GET / HTTP/1.1" 200 5048 "-" "Mozilla/5.0 (compatible; bingbot/2.0; +http://www.bing.com/bingbot.htm)"
18.192.36.99 - - [28/Aug/2021:17:18:58 +0000] "GET /.well-known/acme-challenge/jhyD6COXtGatOVIyJulSeUEGgttMEQzYTogGV_Roswo HTTP/1.1" 404 268 "-" "Mozilla/5.0 (compatible; Let's Encrypt validation server; +https://www.letsencrypt.org)"
3.142.122.14 - - [28/Aug/2021:17:18:58 +0000] "GET /.well-known/acme-challenge/jhyD6COXtGatOVIyJulSeUEGgttMEQzYTogGV_Roswo HTTP/1.1" 404 268 "-" "Mozilla/5.0 (compatible; Let's Encrypt validation server; +https://www.letsencrypt.org)"
52.39.4.59 - - [28/Aug/2021:17:18:58 +0000] "GET /.well-known/acme-challenge/jhyD6COXtGatOVIyJulSeUEGgttMEQzYTogGV_Roswo HTTP/1.1" 404 268 "-" "Mozilla/5.0 (compatible; Let's Encrypt validation server; +https://www.letsencrypt.org)"
64.78.149.164 - - [28/Aug/2021:17:18:58 +0000] "GET /.well-known/acme-challenge/jhyD6COXtGatOVIyJulSeUEGgttMEQzYTogGV_Roswo HTTP/1.1" 404 268 "-" "Mozilla/5.0 (compatible; Let's Encrypt validation server; +https://www.letsencrypt.org)"
18.159.196.172 - - [28/Aug/2021:18:18:54 +0000] "GET /.well-known/acme-challenge/heIoxnWgBohdobJA9F3D7pyBuJZvGbYnQGbTefDQd1c HTTP/1.1" 404 268 "-" "Mozilla/5.0 (compatible; Let's Encrypt validation server; +https://www.letsencrypt.org)"
3.142.122.14 - - [28/Aug/2021:18:18:54 +0000] "GET /.well-known/acme-challenge/heIoxnWgBohdobJA9F3D7pyBuJZvGbYnQGbTefDQd1c HTTP/1.1" 404 268 "-" "Mozilla/5.0 (compatible; Let's Encrypt validation server; +https://www.letsencrypt.org)"
64.78.149.164 - - [28/Aug/2021:18:18:54 +0000] "GET /.well-known/acme-challenge/heIoxnWgBohdobJA9F3D7pyBuJZvGbYnQGbTefDQd1c HTTP/1.1" 404 268 "-" "Mozilla/5.0 (compatible; Let's Encrypt validation server; +https://www.letsencrypt.org)"
34.219.87.132 - - [28/Aug/2021:18:18:54 +0000] "GET /.well-known/acme-challenge/heIoxnWgBohdobJA9F3D7pyBuJZvGbYnQGbTefDQd1c HTTP/1.1" 404 268 "-" "Mozilla/5.0 (compatible; Let's Encrypt validation server; +https://www.letsencrypt.org)"
81.4.122.242 - - [28/Aug/2021:18:30:17 +0000] "HEAD / HTTP/1.1" 200 - "-" "-"
91.194.91.202 - - [28/Aug/2021:18:47:49 +0000] "GET /?C=N;O=D HTTP/1.0" 200 5048 "-" "-"
18.192.36.99 - - [28/Aug/2021:19:18:57 +0000] "GET /.well-known/acme-challenge/LBNXXOTgeNFempo_vvgfL0KngN7GZ9h2JDoIMAmxuJo HTTP/1.1" 404 268 "-" "Mozilla/5.0 (compatible; Let's Encrypt validation server; +https://www.letsencrypt.org)"
3.19.56.43 - - [28/Aug/2021:19:18:57 +0000] "GET /.well-known/acme-challenge/LBNXXOTgeNFempo_vvgfL0KngN7GZ9h2JDoIMAmxuJo HTTP/1.1" 404 268 "-" "Mozilla/5.0 (compatible; Let's Encrypt validation server; +https://www.letsencrypt.org)"
34.221.255.206 - - [28/Aug/2021:19:18:57 +0000] "GET /.well-known/acme-challenge/LBNXXOTgeNFempo_vvgfL0KngN7GZ9h2JDoIMAmxuJo HTTP/1.1" 404 268 "-" "Mozilla/5.0 (compatible; Let's Encrypt validation server; +https://www.letsencrypt.org)"
66.133.109.36 - - [28/Aug/2021:19:18:57 +0000] "GET /.well-known/acme-challenge/LBNXXOTgeNFempo_vvgfL0KngN7GZ9h2JDoIMAmxuJo HTTP/1.1" 404 268 "-" "Mozilla/5.0 (compatible; Let's Encrypt validation server; +https://www.letsencrypt.org)"
20.51.215.173 - - [28/Aug/2021:19:57:04 +0000] "GET /.env HTTP/1.1" 404 202 "-" "Mozilla/5.0 (X11; Linux x86_64) AppleWebKit/537.36 (KHTML, like Gecko) Chrome/81.0.4044.129 Safari/537.36"
20.51.215.173 - - [28/Aug/2021:19:57:10 +0000] "POST / HTTP/1.1" 200 5048 "-" "Mozilla/5.0 (X11; Linux x86_64) AppleWebKit/537.36 (KHTML, like Gecko) Chrome/81.0.4044.129 Safari/537.36"
66.249.74.78 - - [28/Aug/2021:20:08:48 +0000] "GET /robots.txt HTTP/1.1" 404 208 "-" "Mozilla/5.0 (compatible; Googlebot/2.1; +http://www.google.com/bot.html)"
66.249.74.76 - - [28/Aug/2021:20:08:48 +0000] "GET / HTTP/1.1" 200 5048 "-" "Mozilla/5.0 (Linux; Android 6.0.1; Nexus 5X Build/MMB29P) AppleWebKit/537.36 (KHTML, like Gecko) Chrome/92.0.4515.119 Mobile Safari/537.36 (compatible; Googlebot/2.1; +http://www.google.com/bot.html)"
18.159.196.172 - - [28/Aug/2021:20:19:05 +0000] "GET /.well-known/acme-challenge/JOuT1OeAVevnaH4Zgr3Gd_nNklY335fDXFT2QhkfI3Y HTTP/1.1" 404 268 "-" "Mozilla/5.0 (compatible; Let's Encrypt validation server; +https://www.letsencrypt.org)"
18.116.86.117 - - [28/Aug/2021:20:19:05 +0000] "GET /.well-known/acme-challenge/JOuT1OeAVevnaH4Zgr3Gd_nNklY335fDXFT2QhkfI3Y HTTP/1.1" 404 268 "-" "Mozilla/5.0 (compatible; Let's Encrypt validation server; +https://www.letsencrypt.org)"
34.219.87.132 - - [28/Aug/2021:20:19:06 +0000] "GET /.well-known/acme-challenge/JOuT1OeAVevnaH4Zgr3Gd_nNklY335fDXFT2QhkfI3Y HTTP/1.1" 404 268 "-" "Mozilla/5.0 (compatible; Let's Encrypt validation server; +https://www.letsencrypt.org)"
64.78.149.164 - - [28/Aug/2021:20:19:06 +0000] "GET /.well-known/acme-challenge/JOuT1OeAVevnaH4Zgr3Gd_nNklY335fDXFT2QhkfI3Y HTTP/1.1" 404 268 "-" "Mozilla/5.0 (compatible; Let's Encrypt validation server; +https://www.letsencrypt.org)"
3.120.130.29 - - [28/Aug/2021:21:18:56 +0000] "GET /.well-known/acme-challenge/V_qk0vmWdalI6-o_wPmzWpQOVi8Qo5SXles9QVTnOPg HTTP/1.1" 404 268 "-" "Mozilla/5.0 (compatible; Let's Encrypt validation server; +https://www.letsencrypt.org)"
3.142.122.14 - - [28/Aug/2021:21:18:56 +0000] "GET /.well-known/acme-challenge/V_qk0vmWdalI6-o_wPmzWpQOVi8Qo5SXles9QVTnOPg HTTP/1.1" 404 268 "-" "Mozilla/5.0 (compatible; Let's Encrypt validation server; +https://www.letsencrypt.org)"
34.219.87.132 - - [28/Aug/2021:21:18:56 +0000] "GET /.well-known/acme-challenge/V_qk0vmWdalI6-o_wPmzWpQOVi8Qo5SXles9QVTnOPg HTTP/1.1" 404 268 "-" "Mozilla/5.0 (compatible; Let's Encrypt validation server; +https://www.letsencrypt.org)"
66.133.109.36 - - [28/Aug/2021:21:18:56 +0000] "GET /.well-known/acme-challenge/V_qk0vmWdalI6-o_wPmzWpQOVi8Qo5SXles9QVTnOPg HTTP/1.1" 404 268 "-" "Mozilla/5.0 (compatible; Let's Encrypt validation server; +https://www.letsencrypt.org)"
18.159.196.172 - - [28/Aug/2021:22:18:57 +0000] "GET /.well-known/acme-challenge/VpZdtMg5IN1bWYPeIxSrqKMbncbvb4r0lg3ABO-bqhs HTTP/1.1" 404 268 "-" "Mozilla/5.0 (compatible; Let's Encrypt validation server; +https://www.letsencrypt.org)"
34.219.87.132 - - [28/Aug/2021:22:18:57 +0000] "GET /.well-known/acme-challenge/VpZdtMg5IN1bWYPeIxSrqKMbncbvb4r0lg3ABO-bqhs HTTP/1.1" 404 268 "-" "Mozilla/5.0 (compatible; Let's Encrypt validation server; +https://www.letsencrypt.org)"
3.142.122.14 - - [28/Aug/2021:22:18:57 +0000] "GET /.well-known/acme-challenge/VpZdtMg5IN1bWYPeIxSrqKMbncbvb4r0lg3ABO-bqhs HTTP/1.1" 404 268 "-" "Mozilla/5.0 (compatible; Let's Encrypt validation server; +https://www.letsencrypt.org)"
66.133.109.36 - - [28/Aug/2021:22:18:57 +0000] "GET /.well-known/acme-challenge/VpZdtMg5IN1bWYPeIxSrqKMbncbvb4r0lg3ABO-bqhs HTTP/1.1" 404 268 "-" "Mozilla/5.0 (compatible; Let's Encrypt validation server; +https://www.letsencrypt.org)"
59.175.144.19 - - [28/Aug/2021:22:23:55 +0000] "GET / HTTP/1.1" 200 5048 "-" "GRequests/0.10"
3.120.130.29 - - [28/Aug/2021:23:18:28 +0000] "GET /.well-known/acme-challenge/L2t26pUExHmaJZ71tq9utTwvxAeuh9Mcj1PE7gboMVg HTTP/1.1" 404 268 "-" "Mozilla/5.0 (compatible; Let's Encrypt validation server; +https://www.letsencrypt.org)"
3.142.122.14 - - [28/Aug/2021:23:18:28 +0000] "GET /.well-known/acme-challenge/L2t26pUExHmaJZ71tq9utTwvxAeuh9Mcj1PE7gboMVg HTTP/1.1" 404 268 "-" "Mozilla/5.0 (compatible; Let's Encrypt validation server; +https://www.letsencrypt.org)"
66.133.109.36 - - [28/Aug/2021:23:18:28 +0000] "GET /.well-known/acme-challenge/L2t26pUExHmaJZ71tq9utTwvxAeuh9Mcj1PE7gboMVg HTTP/1.1" 404 268 "-" "Mozilla/5.0 (compatible; Let's Encrypt validation server; +https://www.letsencrypt.org)"
52.39.4.59 - - [28/Aug/2021:23:18:28 +0000] "GET /.well-known/acme-challenge/L2t26pUExHmaJZ71tq9utTwvxAeuh9Mcj1PE7gboMVg HTTP/1.1" 404 268 "-" "Mozilla/5.0 (compatible; Let's Encrypt validation server; +https://www.letsencrypt.org)"
18.159.196.172 - - [29/Aug/2021:00:19:01 +0000] "GET /.well-known/acme-challenge/VexbcOrn8H94ZifItAg0YM0jvgH7gEHe0SX3DihkJAY HTTP/1.1" 404 268 "-" "Mozilla/5.0 (compatible; Let's Encrypt validation server; +https://www.letsencrypt.org)"
3.19.56.43 - - [29/Aug/2021:00:19:01 +0000] "GET /.well-known/acme-challenge/VexbcOrn8H94ZifItAg0YM0jvgH7gEHe0SX3DihkJAY HTTP/1.1" 404 268 "-" "Mozilla/5.0 (compatible; Let's Encrypt validation server; +https://www.letsencrypt.org)"
34.221.255.206 - - [29/Aug/2021:00:19:01 +0000] "GET /.well-known/acme-challenge/VexbcOrn8H94ZifItAg0YM0jvgH7gEHe0SX3DihkJAY HTTP/1.1" 404 268 "-" "Mozilla/5.0 (compatible; Let's Encrypt validation server; +https://www.letsencrypt.org)"
66.133.109.36 - - [29/Aug/2021:00:19:03 +0000] "GET /.well-known/acme-challenge/VexbcOrn8H94ZifItAg0YM0jvgH7gEHe0SX3DihkJAY HTTP/1.1" 404 268 "-" "Mozilla/5.0 (compatible; Let's Encrypt validation server; +https://www.letsencrypt.org)"
157.55.39.112 - - [29/Aug/2021:00:47:13 +0000] "GET / HTTP/1.1" 200 5048 "-" "Mozilla/5.0 (compatible; bingbot/2.0; +http://www.bing.com/bingbot.htm)"
18.192.36.99 - - [29/Aug/2021:01:18:56 +0000] "GET /.well-known/acme-challenge/qxUvOTSEBGEowJQVWiy3GVM1ywBkx8ygvFKhSyx95VM HTTP/1.1" 404 268 "-" "Mozilla/5.0 (compatible; Let's Encrypt validation server; +https://www.letsencrypt.org)"
52.39.4.59 - - [29/Aug/2021:01:18:56 +0000] "GET /.well-known/acme-challenge/qxUvOTSEBGEowJQVWiy3GVM1ywBkx8ygvFKhSyx95VM HTTP/1.1" 404 268 "-" "Mozilla/5.0 (compatible; Let's Encrypt validation server; +https://www.letsencrypt.org)"
3.19.56.43 - - [29/Aug/2021:01:18:56 +0000] "GET /.well-known/acme-challenge/qxUvOTSEBGEowJQVWiy3GVM1ywBkx8ygvFKhSyx95VM HTTP/1.1" 404 268 "-" "Mozilla/5.0 (compatible; Let's Encrypt validation server; +https://www.letsencrypt.org)"
64.78.149.164 - - [29/Aug/2021:01:18:56 +0000] "GET /.well-known/acme-challenge/qxUvOTSEBGEowJQVWiy3GVM1ywBkx8ygvFKhSyx95VM HTTP/1.1" 404 268 "-" "Mozilla/5.0 (compatible; Let's Encrypt validation server; +https://www.letsencrypt.org)"
157.55.39.50 - - [29/Aug/2021:02:07:00 +0000] "GET / HTTP/1.1" 200 5048 "-" "Mozilla/5.0 (compatible; bingbot/2.0; +http://www.bing.com/bingbot.htm)"
18.192.36.99 - - [29/Aug/2021:02:18:56 +0000] "GET /.well-known/acme-challenge/kHkn9qdGv5cY5AtRtZ3B02zA2gjCOPQI9IhEx26yTN0 HTTP/1.1" 404 268 "-" "Mozilla/5.0 (compatible; Let's Encrypt validation server; +https://www.letsencrypt.org)"
18.116.86.117 - - [29/Aug/2021:02:18:57 +0000] "GET /.well-known/acme-challenge/kHkn9qdGv5cY5AtRtZ3B02zA2gjCOPQI9IhEx26yTN0 HTTP/1.1" 404 268 "-" "Mozilla/5.0 (compatible; Let's Encrypt validation server; +https://www.letsencrypt.org)"
34.219.87.132 - - [29/Aug/2021:02:18:57 +0000] "GET /.well-known/acme-challenge/kHkn9qdGv5cY5AtRtZ3B02zA2gjCOPQI9IhEx26yTN0 HTTP/1.1" 404 268 "-" "Mozilla/5.0 (compatible; Let's Encrypt validation server; +https://www.letsencrypt.org)"
64.78.149.164 - - [29/Aug/2021:02:18:57 +0000] "GET /.well-known/acme-challenge/kHkn9qdGv5cY5AtRtZ3B02zA2gjCOPQI9IhEx26yTN0 HTTP/1.1" 404 268 "-" "Mozilla/5.0 (compatible; Let's Encrypt validation server; +https://www.letsencrypt.org)"
18.159.196.172 - - [29/Aug/2021:03:18:58 +0000] "GET /.well-known/acme-challenge/SuTbLq-pAG11VSVoHQwBJPvDDZG6cUY3YXoZ-QIguBE HTTP/1.1" 404 268 "-" "Mozilla/5.0 (compatible; Let's Encrypt validation server; +https://www.letsencrypt.org)"
3.19.56.43 - - [29/Aug/2021:03:18:58 +0000] "GET /.well-known/acme-challenge/SuTbLq-pAG11VSVoHQwBJPvDDZG6cUY3YXoZ-QIguBE HTTP/1.1" 404 268 "-" "Mozilla/5.0 (compatible; Let's Encrypt validation server; +https://www.letsencrypt.org)"
64.78.149.164 - - [29/Aug/2021:03:18:58 +0000] "GET /.well-known/acme-challenge/SuTbLq-pAG11VSVoHQwBJPvDDZG6cUY3YXoZ-QIguBE HTTP/1.1" 404 268 "-" "Mozilla/5.0 (compatible; Let's Encrypt validation server; +https://www.letsencrypt.org)"
34.221.255.206 - - [29/Aug/2021:03:18:58 +0000] "GET /.well-known/acme-challenge/SuTbLq-pAG11VSVoHQwBJPvDDZG6cUY3YXoZ-QIguBE HTTP/1.1" 404 268 "-" "Mozilla/5.0 (compatible; Let's Encrypt validation server; +https://www.letsencrypt.org)"
18.192.36.99 - - [29/Aug/2021:04:19:55 +0000] "GET /.well-known/acme-challenge/8f8Xf5u7Qvbd76zAHSKraQyi0mfL6IdeklGLQyDiobA HTTP/1.1" 404 268 "-" "Mozilla/5.0 (compatible; Let's Encrypt validation server; +https://www.letsencrypt.org)"
34.219.87.132 - - [29/Aug/2021:04:19:55 +0000] "GET /.well-known/acme-challenge/8f8Xf5u7Qvbd76zAHSKraQyi0mfL6IdeklGLQyDiobA HTTP/1.1" 404 268 "-" "Mozilla/5.0 (compatible; Let's Encrypt validation server; +https://www.letsencrypt.org)"
3.142.122.14 - - [29/Aug/2021:04:19:55 +0000] "GET /.well-known/acme-challenge/8f8Xf5u7Qvbd76zAHSKraQyi0mfL6IdeklGLQyDiobA HTTP/1.1" 404 268 "-" "Mozilla/5.0 (compatible; Let's Encrypt validation server; +https://www.letsencrypt.org)"
66.133.109.36 - - [29/Aug/2021:04:19:55 +0000] "GET /.well-known/acme-challenge/8f8Xf5u7Qvbd76zAHSKraQyi0mfL6IdeklGLQyDiobA HTTP/1.1" 404 268 "-" "Mozilla/5.0 (compatible; Let's Encrypt validation server; +https://www.letsencrypt.org)"
18.159.196.172 - - [29/Aug/2021:05:18:57 +0000] "GET /.well-known/acme-challenge/b-lPa5bYYdRYeawu5fESILqVtG5QZBoOGfi-U8AsrNg HTTP/1.1" 404 268 "-" "Mozilla/5.0 (compatible; Let's Encrypt validation server; +https://www.letsencrypt.org)"
3.19.56.43 - - [29/Aug/2021:05:18:57 +0000] "GET /.well-known/acme-challenge/b-lPa5bYYdRYeawu5fESILqVtG5QZBoOGfi-U8AsrNg HTTP/1.1" 404 268 "-" "Mozilla/5.0 (compatible; Let's Encrypt validation server; +https://www.letsencrypt.org)"
34.219.87.132 - - [29/Aug/2021:05:18:57 +0000] "GET /.well-known/acme-challenge/b-lPa5bYYdRYeawu5fESILqVtG5QZBoOGfi-U8AsrNg HTTP/1.1" 404 268 "-" "Mozilla/5.0 (compatible; Let's Encrypt validation server; +https://www.letsencrypt.org)"
64.78.149.164 - - [29/Aug/2021:05:18:57 +0000] "GET /.well-known/acme-challenge/b-lPa5bYYdRYeawu5fESILqVtG5QZBoOGfi-U8AsrNg HTTP/1.1" 404 268 "-" "Mozilla/5.0 (compatible; Let's Encrypt validation server; +https://www.letsencrypt.org)"
3.94.194.14 - - [29/Aug/2021:06:01:39 +0000] "GET /_profiler/phpinfo HTTP/1.1" 404 215 "-" "Mozlila/5.0 (Linux; Android 7.0; SM-G892A Bulid/NRD90M; wv) AppleWebKit/537.36 (KHTML, like Gecko) Version/4.0 Chrome/60.0.3112.107 Moblie Safari/537.36"
3.94.194.14 - - [29/Aug/2021:06:01:39 +0000] "GET /phpinfo.php HTTP/1.1" 404 209 "-" "Mozlila/5.0 (Linux; Android 7.0; SM-G892A Bulid/NRD90M; wv) AppleWebKit/537.36 (KHTML, like Gecko) Version/4.0 Chrome/60.0.3112.107 Moblie Safari/537.36"
3.94.194.14 - - [29/Aug/2021:06:01:39 +0000] "GET /phpinfo HTTP/1.1" 404 205 "-" "Mozlila/5.0 (Linux; Android 7.0; SM-G892A Bulid/NRD90M; wv) AppleWebKit/537.36 (KHTML, like Gecko) Version/4.0 Chrome/60.0.3112.107 Moblie Safari/537.36"
3.94.194.14 - - [29/Aug/2021:06:01:40 +0000] "GET /aws.yml HTTP/1.1" 404 205 "-" "Mozlila/5.0 (Linux; Android 7.0; SM-G892A Bulid/NRD90M; wv) AppleWebKit/537.36 (KHTML, like Gecko) Version/4.0 Chrome/60.0.3112.107 Moblie Safari/537.36"
3.94.194.14 - - [29/Aug/2021:06:01:40 +0000] "GET /.env.bak HTTP/1.1" 404 206 "-" "Mozlila/5.0 (Linux; Android 7.0; SM-G892A Bulid/NRD90M; wv) AppleWebKit/537.36 (KHTML, like Gecko) Version/4.0 Chrome/60.0.3112.107 Moblie Safari/537.36"
3.94.194.14 - - [29/Aug/2021:06:01:41 +0000] "GET /info.php HTTP/1.1" 404 206 "-" "Mozlila/5.0 (Linux; Android 7.0; SM-G892A Bulid/NRD90M; wv) AppleWebKit/537.36 (KHTML, like Gecko) Version/4.0 Chrome/60.0.3112.107 Moblie Safari/537.36"
3.94.194.14 - - [29/Aug/2021:06:01:41 +0000] "GET /.aws/credentials HTTP/1.1" 404 214 "-" "Mozlila/5.0 (Linux; Android 7.0; SM-G892A Bulid/NRD90M; wv) AppleWebKit/537.36 (KHTML, like Gecko) Version/4.0 Chrome/60.0.3112.107 Moblie Safari/537.36"
3.94.194.14 - - [29/Aug/2021:06:01:42 +0000] "GET / HTTP/1.1" 200 5048 "-" "Mozlila/5.0 (Linux; Android 7.0; SM-G892A Bulid/NRD90M; wv) AppleWebKit/537.36 (KHTML, like Gecko) Version/4.0 Chrome/60.0.3112.107 Moblie Safari/537.36"
3.94.194.14 - - [29/Aug/2021:06:01:42 +0000] "GET /config/aws.yml HTTP/1.1" 404 212 "-" "Mozlila/5.0 (Linux; Android 7.0; SM-G892A Bulid/NRD90M; wv) AppleWebKit/537.36 (KHTML, like Gecko) Version/4.0 Chrome/60.0.3112.107 Moblie Safari/537.36"
3.94.194.14 - - [29/Aug/2021:06:01:43 +0000] "GET / HTTP/1.1" 200 5048 "-" "Mozlila/5.0 (Linux; Android 7.0; SM-G892A Bulid/NRD90M; wv) AppleWebKit/537.36 (KHTML, like Gecko) Version/4.0 Chrome/60.0.3112.107 Moblie Safari/537.36"
3.94.194.14 - - [29/Aug/2021:06:01:43 +0000] "GET /config.js HTTP/1.1" 404 207 "-" "Mozlila/5.0 (Linux; Android 7.0; SM-G892A Bulid/NRD90M; wv) AppleWebKit/537.36 (KHTML, like Gecko) Version/4.0 Chrome/60.0.3112.107 Moblie Safari/537.36"
3.120.130.29 - - [29/Aug/2021:06:18:56 +0000] "GET /.well-known/acme-challenge/c1b3y4ipbT3_YFo0bjffwpa62F8GwsoqjosmBMANddw HTTP/1.1" 404 268 "-" "Mozilla/5.0 (compatible; Let's Encrypt validation server; +https://www.letsencrypt.org)"
3.19.56.43 - - [29/Aug/2021:06:18:57 +0000] "GET /.well-known/acme-challenge/c1b3y4ipbT3_YFo0bjffwpa62F8GwsoqjosmBMANddw HTTP/1.1" 404 268 "-" "Mozilla/5.0 (compatible; Let's Encrypt validation server; +https://www.letsencrypt.org)"
52.39.4.59 - - [29/Aug/2021:06:18:57 +0000] "GET /.well-known/acme-challenge/c1b3y4ipbT3_YFo0bjffwpa62F8GwsoqjosmBMANddw HTTP/1.1" 404 268 "-" "Mozilla/5.0 (compatible; Let's Encrypt validation server; +https://www.letsencrypt.org)"
64.78.149.164 - - [29/Aug/2021:06:18:57 +0000] "GET /.well-known/acme-challenge/c1b3y4ipbT3_YFo0bjffwpa62F8GwsoqjosmBMANddw HTTP/1.1" 404 268 "-" "Mozilla/5.0 (compatible; Let's Encrypt validation server; +https://www.letsencrypt.org)"
34.221.36.181 - - [29/Aug/2021:06:40:13 +0000] "GET / HTTP/1.1" 200 5048 "-" "Mozilla/5.0 (X11; Linux x86_64) AppleWebKit/537.36 (KHTML, like Gecko) Chrome/83.0.4103.97 Safari/537.36"
34.216.191.177 - - [29/Aug/2021:06:40:42 +0000] "GET /favicon.ico HTTP/1.1" 404 209 "-" "Mozilla/5.0 (X11; Linux x86_64) AppleWebKit/537.36 (KHTML, like Gecko) Chrome/83.0.4103.97 Safari/537.36"
34.216.191.177 - - [29/Aug/2021:06:40:45 +0000] "GET / HTTP/1.1" 200 5048 "-" "Mozilla/5.0 (X11; Linux x86_64) AppleWebKit/537.36 (KHTML, like Gecko) Chrome/83.0.4103.97 Safari/537.36"
54.202.171.50 - - [29/Aug/2021:06:45:11 +0000] "GET / HTTP/1.1" 200 5048 "-" "Mozilla/5.0 (X11; Linux x86_64) AppleWebKit/537.36 (KHTML, like Gecko) Chrome/83.0.4103.97 Safari/537.36"
54.213.152.53 - - [29/Aug/2021:06:47:18 +0000] "GET / HTTP/1.1" 200 5048 "-" "Mozilla/5.0 (Windows NT 10.0; Win64; x64)AppleWebKit/537.36 (KHTML, like Gecko) Chrome/66.0.3359.181 Safari/537.36"
54.212.1.250 - - [29/Aug/2021:07:01:58 +0000] "GET /favicon.ico HTTP/1.1" 404 209 "-" "Mozilla/5.0 (X11; Linux x86_64) AppleWebKit/537.36 (KHTML, like Gecko) Chrome/83.0.4103.97 Safari/537.36"
54.212.1.250 - - [29/Aug/2021:07:02:19 +0000] "GET /favicon.ico HTTP/1.1" 404 209 "-" "Mozilla/5.0 (X11; Linux x86_64) AppleWebKit/537.36 (KHTML, like Gecko) Chrome/83.0.4103.97 Safari/537.36"
54.212.1.250 - - [29/Aug/2021:07:02:24 +0000] "GET / HTTP/1.1" 200 5048 "-" "Mozilla/5.0 (X11; Linux x86_64) AppleWebKit/537.36 (KHTML, like Gecko) Chrome/83.0.4103.97 Safari/537.36"
3.120.130.29 - - [29/Aug/2021:07:18:50 +0000] "GET /.well-known/acme-challenge/6LjrU89Sixz5XPtLwg9BHOOX3eXpUzfKo6J9YTRJim0 HTTP/1.1" 404 268 "-" "Mozilla/5.0 (compatible; Let's Encrypt validation server; +https://www.letsencrypt.org)"
18.116.86.117 - - [29/Aug/2021:07:18:50 +0000] "GET /.well-known/acme-challenge/6LjrU89Sixz5XPtLwg9BHOOX3eXpUzfKo6J9YTRJim0 HTTP/1.1" 404 268 "-" "Mozilla/5.0 (compatible; Let's Encrypt validation server; +https://www.letsencrypt.org)"
34.221.255.206 - - [29/Aug/2021:07:18:50 +0000] "GET /.well-known/acme-challenge/6LjrU89Sixz5XPtLwg9BHOOX3eXpUzfKo6J9YTRJim0 HTTP/1.1" 404 268 "-" "Mozilla/5.0 (compatible; Let's Encrypt validation server; +https://www.letsencrypt.org)"
64.78.149.164 - - [29/Aug/2021:07:18:50 +0000] "GET /.well-known/acme-challenge/6LjrU89Sixz5XPtLwg9BHOOX3eXpUzfKo6J9YTRJim0 HTTP/1.1" 404 268 "-" "Mozilla/5.0 (compatible; Let's Encrypt validation server; +https://www.letsencrypt.org)"
66.249.74.78 - - [29/Aug/2021:08:06:09 +0000] "GET / HTTP/1.1" 200 5048 "-" "Mozilla/5.0 (compatible; Googlebot/2.1; +http://www.google.com/bot.html)"
66.29.143.127 - - [29/Aug/2021:08:18:14 +0000] "GET /wp-login.php HTTP/1.1" 404 210 "-" "Mozilla/5.0 (X11; Ubuntu; Linux x86_64; rv:62.0) Gecko/20100101 Firefox/62.0"
66.29.143.127 - - [29/Aug/2021:08:18:14 +0000] "GET /wp-login.php HTTP/1.1" 404 210 "-" "Mozilla/5.0 (X11; Ubuntu; Linux x86_64; rv:62.0) Gecko/20100101 Firefox/62.0"
66.29.143.127 - - [29/Aug/2021:08:18:14 +0000] "GET /wp-login.php HTTP/1.1" 404 210 "-" "Mozilla/5.0 (X11; Ubuntu; Linux x86_64; rv:62.0) Gecko/20100101 Firefox/62.0"
18.192.36.99 - - [29/Aug/2021:08:18:56 +0000] "GET /.well-known/acme-challenge/_k6NBwJxkDCL9TGJIKAx7KgwcJEzqSJjkMlEbQR_r4w HTTP/1.1" 404 268 "-" "Mozilla/5.0 (compatible; Let's Encrypt validation server; +https://www.letsencrypt.org)"
18.116.86.117 - - [29/Aug/2021:08:18:56 +0000] "GET /.well-known/acme-challenge/_k6NBwJxkDCL9TGJIKAx7KgwcJEzqSJjkMlEbQR_r4w HTTP/1.1" 404 268 "-" "Mozilla/5.0 (compatible; Let's Encrypt validation server; +https://www.letsencrypt.org)"
64.78.149.164 - - [29/Aug/2021:08:18:56 +0000] "GET /.well-known/acme-challenge/_k6NBwJxkDCL9TGJIKAx7KgwcJEzqSJjkMlEbQR_r4w HTTP/1.1" 404 268 "-" "Mozilla/5.0 (compatible; Let's Encrypt validation server; +https://www.letsencrypt.org)"
34.221.255.206 - - [29/Aug/2021:08:18:57 +0000] "GET /.well-known/acme-challenge/_k6NBwJxkDCL9TGJIKAx7KgwcJEzqSJjkMlEbQR_r4w HTTP/1.1" 404 268 "-" "Mozilla/5.0 (compatible; Let's Encrypt validation server; +https://www.letsencrypt.org)"
18.192.36.99 - - [29/Aug/2021:09:18:57 +0000] "GET /.well-known/acme-challenge/9KT-pOalveQP2TKtZumk9ZyvBNv8H4EBu1jIJZ8GdmU HTTP/1.1" 404 268 "-" "Mozilla/5.0 (compatible; Let's Encrypt validation server; +https://www.letsencrypt.org)"
18.116.86.117 - - [29/Aug/2021:09:18:57 +0000] "GET /.well-known/acme-challenge/9KT-pOalveQP2TKtZumk9ZyvBNv8H4EBu1jIJZ8GdmU HTTP/1.1" 404 268 "-" "Mozilla/5.0 (compatible; Let's Encrypt validation server; +https://www.letsencrypt.org)"
34.221.255.206 - - [29/Aug/2021:09:18:57 +0000] "GET /.well-known/acme-challenge/9KT-pOalveQP2TKtZumk9ZyvBNv8H4EBu1jIJZ8GdmU HTTP/1.1" 404 268 "-" "Mozilla/5.0 (compatible; Let's Encrypt validation server; +https://www.letsencrypt.org)"
64.78.149.164 - - [29/Aug/2021:09:18:57 +0000] "GET /.well-known/acme-challenge/9KT-pOalveQP2TKtZumk9ZyvBNv8H4EBu1jIJZ8GdmU HTTP/1.1" 404 268 "-" "Mozilla/5.0 (compatible; Let's Encrypt validation server; +https://www.letsencrypt.org)"
92.118.160.45 - - [29/Aug/2021:09:49:28 +0000] "GET / HTTP/1.1" 200 5048 "-" "NetSystemsResearch studies the availability of various services across the internet. Our website is netsystemsresearch.com"
18.192.36.99 - - [29/Aug/2021:10:18:56 +0000] "GET /.well-known/acme-challenge/PLyFl30K_soyzRtUqkWXnuuY0-MPJC_fjgRJzQT0DrM HTTP/1.1" 404 268 "-" "Mozilla/5.0 (compatible; Let's Encrypt validation server; +https://www.letsencrypt.org)"
18.116.86.117 - - [29/Aug/2021:10:18:56 +0000] "GET /.well-known/acme-challenge/PLyFl30K_soyzRtUqkWXnuuY0-MPJC_fjgRJzQT0DrM HTTP/1.1" 404 268 "-" "Mozilla/5.0 (compatible; Let's Encrypt validation server; +https://www.letsencrypt.org)"
66.133.109.36 - - [29/Aug/2021:10:18:56 +0000] "GET /.well-known/acme-challenge/PLyFl30K_soyzRtUqkWXnuuY0-MPJC_fjgRJzQT0DrM HTTP/1.1" 404 268 "-" "Mozilla/5.0 (compatible; Let's Encrypt validation server; +https://www.letsencrypt.org)"
34.221.255.206 - - [29/Aug/2021:10:18:57 +0000] "GET /.well-known/acme-challenge/PLyFl30K_soyzRtUqkWXnuuY0-MPJC_fjgRJzQT0DrM HTTP/1.1" 404 268 "-" "Mozilla/5.0 (compatible; Let's Encrypt validation server; +https://www.letsencrypt.org)"
95.111.216.138 - - [29/Aug/2021:10:33:13 +0000] "GET / HTTP/1.1" 200 5048 "-" "Mozilla/5.0 (Windows NT 10.0; Win64; x64) AppleWebKit/537.36 (KHTML, like Gecko) Chrome/88.0.4240.193 Safari/537.36"
95.111.216.138 - - [29/Aug/2021:10:33:14 +0000] "GET / HTTP/1.1" 200 5048 "-" "Mozilla/5.0 (Windows NT 10.0; Win64; x64) AppleWebKit/537.36 (KHTML, like Gecko) Chrome/88.0.4240.193 Safari/537.36"
95.111.216.138 - - [29/Aug/2021:10:33:14 +0000] "GET /wp-includes/wlwmanifest.xml HTTP/1.1" 404 225 "-" "Mozilla/5.0 (Windows NT 10.0; Win64; x64) AppleWebKit/537.36 (KHTML, like Gecko) Chrome/88.0.4240.193 Safari/537.36"
95.111.216.138 - - [29/Aug/2021:10:33:14 +0000] "GET /xmlrpc.php?rsd HTTP/1.1" 404 208 "-" "Mozilla/5.0 (Windows NT 10.0; Win64; x64) AppleWebKit/537.36 (KHTML, like Gecko) Chrome/88.0.4240.193 Safari/537.36"
95.111.216.138 - - [29/Aug/2021:10:33:14 +0000] "GET / HTTP/1.1" 200 5048 "-" "Mozilla/5.0 (Windows NT 10.0; Win64; x64) AppleWebKit/537.36 (KHTML, like Gecko) Chrome/88.0.4240.193 Safari/537.36"
95.111.216.138 - - [29/Aug/2021:10:33:14 +0000] "GET /blog/wp-includes/wlwmanifest.xml HTTP/1.1" 404 230 "-" "Mozilla/5.0 (Windows NT 10.0; Win64; x64) AppleWebKit/537.36 (KHTML, like Gecko) Chrome/88.0.4240.193 Safari/537.36"
95.111.216.138 - - [29/Aug/2021:10:33:14 +0000] "GET /web/wp-includes/wlwmanifest.xml HTTP/1.1" 404 229 "-" "Mozilla/5.0 (Windows NT 10.0; Win64; x64) AppleWebKit/537.36 (KHTML, like Gecko) Chrome/88.0.4240.193 Safari/537.36"
95.111.216.138 - - [29/Aug/2021:10:33:15 +0000] "GET /wordpress/wp-includes/wlwmanifest.xml HTTP/1.1" 404 235 "-" "Mozilla/5.0 (Windows NT 10.0; Win64; x64) AppleWebKit/537.36 (KHTML, like Gecko) Chrome/88.0.4240.193 Safari/537.36"
95.111.216.138 - - [29/Aug/2021:10:33:15 +0000] "GET /website/wp-includes/wlwmanifest.xml HTTP/1.1" 404 233 "-" "Mozilla/5.0 (Windows NT 10.0; Win64; x64) AppleWebKit/537.36 (KHTML, like Gecko) Chrome/88.0.4240.193 Safari/537.36"
95.111.216.138 - - [29/Aug/2021:10:33:15 +0000] "GET /wp/wp-includes/wlwmanifest.xml HTTP/1.1" 404 228 "-" "Mozilla/5.0 (Windows NT 10.0; Win64; x64) AppleWebKit/537.36 (KHTML, like Gecko) Chrome/88.0.4240.193 Safari/537.36"
95.111.216.138 - - [29/Aug/2021:10:33:15 +0000] "GET /news/wp-includes/wlwmanifest.xml HTTP/1.1" 404 230 "-" "Mozilla/5.0 (Windows NT 10.0; Win64; x64) AppleWebKit/537.36 (KHTML, like Gecko) Chrome/88.0.4240.193 Safari/537.36"
95.111.216.138 - - [29/Aug/2021:10:33:15 +0000] "GET /2020/wp-includes/wlwmanifest.xml HTTP/1.1" 404 230 "-" "Mozilla/5.0 (Windows NT 10.0; Win64; x64) AppleWebKit/537.36 (KHTML, like Gecko) Chrome/88.0.4240.193 Safari/537.36"
95.111.216.138 - - [29/Aug/2021:10:33:15 +0000] "GET /2019/wp-includes/wlwmanifest.xml HTTP/1.1" 404 230 "-" "Mozilla/5.0 (Windows NT 10.0; Win64; x64) AppleWebKit/537.36 (KHTML, like Gecko) Chrome/88.0.4240.193 Safari/537.36"
95.111.216.138 - - [29/Aug/2021:10:33:16 +0000] "GET /shop/wp-includes/wlwmanifest.xml HTTP/1.1" 404 230 "-" "Mozilla/5.0 (Windows NT 10.0; Win64; x64) AppleWebKit/537.36 (KHTML, like Gecko) Chrome/88.0.4240.193 Safari/537.36"
95.111.216.138 - - [29/Aug/2021:10:33:16 +0000] "GET /wp1/wp-includes/wlwmanifest.xml HTTP/1.1" 404 229 "-" "Mozilla/5.0 (Windows NT 10.0; Win64; x64) AppleWebKit/537.36 (KHTML, like Gecko) Chrome/88.0.4240.193 Safari/537.36"
95.111.216.138 - - [29/Aug/2021:10:33:16 +0000] "GET /test/wp-includes/wlwmanifest.xml HTTP/1.1" 404 230 "-" "Mozilla/5.0 (Windows NT 10.0; Win64; x64) AppleWebKit/537.36 (KHTML, like Gecko) Chrome/88.0.4240.193 Safari/537.36"
95.111.216.138 - - [29/Aug/2021:10:33:16 +0000] "GET /wp2/wp-includes/wlwmanifest.xml HTTP/1.1" 404 229 "-" "Mozilla/5.0 (Windows NT 10.0; Win64; x64) AppleWebKit/537.36 (KHTML, like Gecko) Chrome/88.0.4240.193 Safari/537.36"
95.111.216.138 - - [29/Aug/2021:10:33:16 +0000] "GET /site/wp-includes/wlwmanifest.xml HTTP/1.1" 404 230 "-" "Mozilla/5.0 (Windows NT 10.0; Win64; x64) AppleWebKit/537.36 (KHTML, like Gecko) Chrome/88.0.4240.193 Safari/537.36"
95.111.216.138 - - [29/Aug/2021:10:33:17 +0000] "GET /cms/wp-includes/wlwmanifest.xml HTTP/1.1" 404 229 "-" "Mozilla/5.0 (Windows NT 10.0; Win64; x64) AppleWebKit/537.36 (KHTML, like Gecko) Chrome/88.0.4240.193 Safari/537.36"
95.111.216.138 - - [29/Aug/2021:10:33:17 +0000] "GET /sito/wp-includes/wlwmanifest.xml HTTP/1.1" 404 230 "-" "Mozilla/5.0 (Windows NT 10.0; Win64; x64) AppleWebKit/537.36 (KHTML, like Gecko) Chrome/88.0.4240.193 Safari/537.36"
157.55.39.112 - - [29/Aug/2021:10:37:10 +0000] "GET / HTTP/1.1" 200 5048 "-" "Mozilla/5.0 (compatible; bingbot/2.0; +http://www.bing.com/bingbot.htm)"
18.159.196.172 - - [29/Aug/2021:11:18:58 +0000] "GET /.well-known/acme-challenge/nUYRIEjETuiQWu1K2o3Z1Y6N_MRmDJ6r-TiKM1eavrU HTTP/1.1" 404 268 "-" "Mozilla/5.0 (compatible; Let's Encrypt validation server; +https://www.letsencrypt.org)"
34.221.255.206 - - [29/Aug/2021:11:18:58 +0000] "GET /.well-known/acme-challenge/nUYRIEjETuiQWu1K2o3Z1Y6N_MRmDJ6r-TiKM1eavrU HTTP/1.1" 404 268 "-" "Mozilla/5.0 (compatible; Let's Encrypt validation server; +https://www.letsencrypt.org)"
66.133.109.36 - - [29/Aug/2021:11:18:58 +0000] "GET /.well-known/acme-challenge/nUYRIEjETuiQWu1K2o3Z1Y6N_MRmDJ6r-TiKM1eavrU HTTP/1.1" 404 268 "-" "Mozilla/5.0 (compatible; Let's Encrypt validation server; +https://www.letsencrypt.org)"
18.116.86.117 - - [29/Aug/2021:11:18:58 +0000] "GET /.well-known/acme-challenge/nUYRIEjETuiQWu1K2o3Z1Y6N_MRmDJ6r-TiKM1eavrU HTTP/1.1" 404 268 "-" "Mozilla/5.0 (compatible; Let's Encrypt validation server; +https://www.letsencrypt.org)"
157.55.39.50 - - [29/Aug/2021:11:57:06 +0000] "GET / HTTP/1.1" 200 5048 "-" "Mozilla/5.0 (compatible; bingbot/2.0; +http://www.bing.com/bingbot.htm)"
18.192.36.99 - - [29/Aug/2021:12:18:56 +0000] "GET /.well-known/acme-challenge/yIS8f4oblREbMlF2D-ADpDKlLugG418rpgbpVklKVFs HTTP/1.1" 404 268 "-" "Mozilla/5.0 (compatible; Let's Encrypt validation server; +https://www.letsencrypt.org)"
3.19.56.43 - - [29/Aug/2021:12:18:56 +0000] "GET /.well-known/acme-challenge/yIS8f4oblREbMlF2D-ADpDKlLugG418rpgbpVklKVFs HTTP/1.1" 404 268 "-" "Mozilla/5.0 (compatible; Let's Encrypt validation server; +https://www.letsencrypt.org)"
64.78.149.164 - - [29/Aug/2021:12:18:56 +0000] "GET /.well-known/acme-challenge/yIS8f4oblREbMlF2D-ADpDKlLugG418rpgbpVklKVFs HTTP/1.1" 404 268 "-" "Mozilla/5.0 (compatible; Let's Encrypt validation server; +https://www.letsencrypt.org)"
52.39.4.59 - - [29/Aug/2021:12:18:56 +0000] "GET /.well-known/acme-challenge/yIS8f4oblREbMlF2D-ADpDKlLugG418rpgbpVklKVFs HTTP/1.1" 404 268 "-" "Mozilla/5.0 (compatible; Let's Encrypt validation server; +https://www.letsencrypt.org)"
3.120.130.29 - - [29/Aug/2021:13:18:56 +0000] "GET /.well-known/acme-challenge/th4hXibdheCPCidOwxZ1ZG8k8aAbl22no9jeG1-9GMQ HTTP/1.1" 404 268 "-" "Mozilla/5.0 (compatible; Let's Encrypt validation server; +https://www.letsencrypt.org)"
3.142.122.14 - - [29/Aug/2021:13:18:56 +0000] "GET /.well-known/acme-challenge/th4hXibdheCPCidOwxZ1ZG8k8aAbl22no9jeG1-9GMQ HTTP/1.1" 404 268 "-" "Mozilla/5.0 (compatible; Let's Encrypt validation server; +https://www.letsencrypt.org)"
34.221.255.206 - - [29/Aug/2021:13:18:56 +0000] "GET /.well-known/acme-challenge/th4hXibdheCPCidOwxZ1ZG8k8aAbl22no9jeG1-9GMQ HTTP/1.1" 404 268 "-" "Mozilla/5.0 (compatible; Let's Encrypt validation server; +https://www.letsencrypt.org)"
64.78.149.164 - - [29/Aug/2021:13:18:56 +0000] "GET /.well-known/acme-challenge/th4hXibdheCPCidOwxZ1ZG8k8aAbl22no9jeG1-9GMQ HTTP/1.1" 404 268 "-" "Mozilla/5.0 (compatible; Let's Encrypt validation server; +https://www.letsencrypt.org)"
3.120.130.29 - - [29/Aug/2021:14:18:59 +0000] "GET /.well-known/acme-challenge/790rtyHVymTN3dCj1xSsW42sXeBVmxnjfOa5HSAkVzk HTTP/1.1" 404 268 "-" "Mozilla/5.0 (compatible; Let's Encrypt validation server; +https://www.letsencrypt.org)"
3.142.122.14 - - [29/Aug/2021:14:18:59 +0000] "GET /.well-known/acme-challenge/790rtyHVymTN3dCj1xSsW42sXeBVmxnjfOa5HSAkVzk HTTP/1.1" 404 268 "-" "Mozilla/5.0 (compatible; Let's Encrypt validation server; +https://www.letsencrypt.org)"
52.39.4.59 - - [29/Aug/2021:14:18:59 +0000] "GET /.well-known/acme-challenge/790rtyHVymTN3dCj1xSsW42sXeBVmxnjfOa5HSAkVzk HTTP/1.1" 404 268 "-" "Mozilla/5.0 (compatible; Let's Encrypt validation server; +https://www.letsencrypt.org)"
64.78.149.164 - - [29/Aug/2021:14:18:59 +0000] "GET /.well-known/acme-challenge/790rtyHVymTN3dCj1xSsW42sXeBVmxnjfOa5HSAkVzk HTTP/1.1" 404 268 "-" "Mozilla/5.0 (compatible; Let's Encrypt validation server; +https://www.letsencrypt.org)"
3.120.130.29 - - [29/Aug/2021:15:19:00 +0000] "GET /.well-known/acme-challenge/zp3PGzSMkKmYiGO3v-qQD11n12IswFwZYIuqnp2He48 HTTP/1.1" 404 268 "-" "Mozilla/5.0 (compatible; Let's Encrypt validation server; +https://www.letsencrypt.org)"
3.142.122.14 - - [29/Aug/2021:15:19:00 +0000] "GET /.well-known/acme-challenge/zp3PGzSMkKmYiGO3v-qQD11n12IswFwZYIuqnp2He48 HTTP/1.1" 404 268 "-" "Mozilla/5.0 (compatible; Let's Encrypt validation server; +https://www.letsencrypt.org)"
66.133.109.36 - - [29/Aug/2021:15:19:00 +0000] "GET /.well-known/acme-challenge/zp3PGzSMkKmYiGO3v-qQD11n12IswFwZYIuqnp2He48 HTTP/1.1" 404 268 "-" "Mozilla/5.0 (compatible; Let's Encrypt validation server; +https://www.letsencrypt.org)"
34.221.255.206 - - [29/Aug/2021:15:19:00 +0000] "GET /.well-known/acme-challenge/zp3PGzSMkKmYiGO3v-qQD11n12IswFwZYIuqnp2He48 HTTP/1.1" 404 268 "-" "Mozilla/5.0 (compatible; Let's Encrypt validation server; +https://www.letsencrypt.org)"
3.19.56.43 - - [29/Aug/2021:16:18:48 +0000] "GET /.well-known/acme-challenge/V280temR-fOCEqrugwTrCzyMBuqXDov_Qwyxm-25cIA HTTP/1.1" 404 268 "-" "Mozilla/5.0 (compatible; Let's Encrypt validation server; +https://www.letsencrypt.org)"
3.120.130.29 - - [29/Aug/2021:16:18:48 +0000] "GET /.well-known/acme-challenge/V280temR-fOCEqrugwTrCzyMBuqXDov_Qwyxm-25cIA HTTP/1.1" 404 268 "-" "Mozilla/5.0 (compatible; Let's Encrypt validation server; +https://www.letsencrypt.org)"
34.219.87.132 - - [29/Aug/2021:16:18:48 +0000] "GET /.well-known/acme-challenge/V280temR-fOCEqrugwTrCzyMBuqXDov_Qwyxm-25cIA HTTP/1.1" 404 268 "-" "Mozilla/5.0 (compatible; Let's Encrypt validation server; +https://www.letsencrypt.org)"
64.78.149.164 - - [29/Aug/2021:16:18:48 +0000] "GET /.well-known/acme-challenge/V280temR-fOCEqrugwTrCzyMBuqXDov_Qwyxm-25cIA HTTP/1.1" 404 268 "-" "Mozilla/5.0 (compatible; Let's Encrypt validation server; +https://www.letsencrypt.org)"
18.192.36.99 - - [29/Aug/2021:17:18:57 +0000] "GET /.well-known/acme-challenge/TQxWQ-MX0rhPa9MBwkEEPp_88-axW5IYN8ZYNaaZYKw HTTP/1.1" 404 268 "-" "Mozilla/5.0 (compatible; Let's Encrypt validation server; +https://www.letsencrypt.org)"
3.19.56.43 - - [29/Aug/2021:17:18:57 +0000] "GET /.well-known/acme-challenge/TQxWQ-MX0rhPa9MBwkEEPp_88-axW5IYN8ZYNaaZYKw HTTP/1.1" 404 268 "-" "Mozilla/5.0 (compatible; Let's Encrypt validation server; +https://www.letsencrypt.org)"
52.39.4.59 - - [29/Aug/2021:17:18:57 +0000] "GET /.well-known/acme-challenge/TQxWQ-MX0rhPa9MBwkEEPp_88-axW5IYN8ZYNaaZYKw HTTP/1.1" 404 268 "-" "Mozilla/5.0 (compatible; Let's Encrypt validation server; +https://www.letsencrypt.org)"
64.78.149.164 - - [29/Aug/2021:17:18:57 +0000] "GET /.well-known/acme-challenge/TQxWQ-MX0rhPa9MBwkEEPp_88-axW5IYN8ZYNaaZYKw HTTP/1.1" 404 268 "-" "Mozilla/5.0 (compatible; Let's Encrypt validation server; +https://www.letsencrypt.org)"
18.192.36.99 - - [29/Aug/2021:18:18:58 +0000] "GET /.well-known/acme-challenge/sExvYry9-tjPIoWAjzBH7ZU41H4bmot4iBLNCfrU9PU HTTP/1.1" 404 268 "-" "Mozilla/5.0 (compatible; Let's Encrypt validation server; +https://www.letsencrypt.org)"
3.19.56.43 - - [29/Aug/2021:18:18:58 +0000] "GET /.well-known/acme-challenge/sExvYry9-tjPIoWAjzBH7ZU41H4bmot4iBLNCfrU9PU HTTP/1.1" 404 268 "-" "Mozilla/5.0 (compatible; Let's Encrypt validation server; +https://www.letsencrypt.org)"
52.39.4.59 - - [29/Aug/2021:18:18:58 +0000] "GET /.well-known/acme-challenge/sExvYry9-tjPIoWAjzBH7ZU41H4bmot4iBLNCfrU9PU HTTP/1.1" 404 268 "-" "Mozilla/5.0 (compatible; Let's Encrypt validation server; +https://www.letsencrypt.org)"
66.133.109.36 - - [29/Aug/2021:18:18:58 +0000] "GET /.well-known/acme-challenge/sExvYry9-tjPIoWAjzBH7ZU41H4bmot4iBLNCfrU9PU HTTP/1.1" 404 268 "-" "Mozilla/5.0 (compatible; Let's Encrypt validation server; +https://www.letsencrypt.org)"
20.102.127.213 - - [29/Aug/2021:18:29:44 +0000] "GET /.env HTTP/1.1" 404 202 "-" "Python/3.9 aiohttp/3.7.4.post0"
18.159.196.172 - - [29/Aug/2021:19:18:56 +0000] "GET /.well-known/acme-challenge/yZ0jbzLAKyPM6bktWnPmPDIDd0MU5dhyFhFgUXIeUyw HTTP/1.1" 404 268 "-" "Mozilla/5.0 (compatible; Let's Encrypt validation server; +https://www.letsencrypt.org)"
3.142.122.14 - - [29/Aug/2021:19:18:57 +0000] "GET /.well-known/acme-challenge/yZ0jbzLAKyPM6bktWnPmPDIDd0MU5dhyFhFgUXIeUyw HTTP/1.1" 404 268 "-" "Mozilla/5.0 (compatible; Let's Encrypt validation server; +https://www.letsencrypt.org)"
64.78.149.164 - - [29/Aug/2021:19:18:57 +0000] "GET /.well-known/acme-challenge/yZ0jbzLAKyPM6bktWnPmPDIDd0MU5dhyFhFgUXIeUyw HTTP/1.1" 404 268 "-" "Mozilla/5.0 (compatible; Let's Encrypt validation server; +https://www.letsencrypt.org)"
52.39.4.59 - - [29/Aug/2021:19:18:57 +0000] "GET /.well-known/acme-challenge/yZ0jbzLAKyPM6bktWnPmPDIDd0MU5dhyFhFgUXIeUyw HTTP/1.1" 404 268 "-" "Mozilla/5.0 (compatible; Let's Encrypt validation server; +https://www.letsencrypt.org)"
157.55.39.112 - - [29/Aug/2021:20:00:34 +0000] "GET / HTTP/1.1" 200 5048 "-" "Mozilla/5.0 (compatible; bingbot/2.0; +http://www.bing.com/bingbot.htm)"
18.116.86.117 - - [29/Aug/2021:20:18:57 +0000] "GET /.well-known/acme-challenge/HQVkmeUrK1WhNtwaXbsiVrC1xDfVstF5hKVsZgQ216I HTTP/1.1" 404 268 "-" "Mozilla/5.0 (compatible; Let's Encrypt validation server; +https://www.letsencrypt.org)"
18.192.36.99 - - [29/Aug/2021:20:18:57 +0000] "GET /.well-known/acme-challenge/HQVkmeUrK1WhNtwaXbsiVrC1xDfVstF5hKVsZgQ216I HTTP/1.1" 404 268 "-" "Mozilla/5.0 (compatible; Let's Encrypt validation server; +https://www.letsencrypt.org)"
52.39.4.59 - - [29/Aug/2021:20:18:57 +0000] "GET /.well-known/acme-challenge/HQVkmeUrK1WhNtwaXbsiVrC1xDfVstF5hKVsZgQ216I HTTP/1.1" 404 268 "-" "Mozilla/5.0 (compatible; Let's Encrypt validation server; +https://www.letsencrypt.org)"
64.78.149.164 - - [29/Aug/2021:20:18:57 +0000] "GET /.well-known/acme-challenge/HQVkmeUrK1WhNtwaXbsiVrC1xDfVstF5hKVsZgQ216I HTTP/1.1" 404 268 "-" "Mozilla/5.0 (compatible; Let's Encrypt validation server; +https://www.letsencrypt.org)"
18.159.196.172 - - [29/Aug/2021:21:18:56 +0000] "GET /.well-known/acme-challenge/b-Q4Dw5pNai06F4lJQBj9khjSvn4iufYmuA2pFOpZ-A HTTP/1.1" 404 268 "-" "Mozilla/5.0 (compatible; Let's Encrypt validation server; +https://www.letsencrypt.org)"
3.142.122.14 - - [29/Aug/2021:21:18:56 +0000] "GET /.well-known/acme-challenge/b-Q4Dw5pNai06F4lJQBj9khjSvn4iufYmuA2pFOpZ-A HTTP/1.1" 404 268 "-" "Mozilla/5.0 (compatible; Let's Encrypt validation server; +https://www.letsencrypt.org)"
66.133.109.36 - - [29/Aug/2021:21:18:56 +0000] "GET /.well-known/acme-challenge/b-Q4Dw5pNai06F4lJQBj9khjSvn4iufYmuA2pFOpZ-A HTTP/1.1" 404 268 "-" "Mozilla/5.0 (compatible; Let's Encrypt validation server; +https://www.letsencrypt.org)"
52.39.4.59 - - [29/Aug/2021:21:18:56 +0000] "GET /.well-known/acme-challenge/b-Q4Dw5pNai06F4lJQBj9khjSvn4iufYmuA2pFOpZ-A HTTP/1.1" 404 268 "-" "Mozilla/5.0 (compatible; Let's Encrypt validation server; +https://www.letsencrypt.org)"
157.55.39.64 - - [29/Aug/2021:21:39:27 +0000] "GET /robots.txt HTTP/1.1" 404 208 "-" "Mozilla/5.0 (compatible; bingbot/2.0; +http://www.bing.com/bingbot.htm)"
157.55.39.64 - - [29/Aug/2021:21:39:28 +0000] "GET /robots.txt HTTP/1.1" 404 208 "-" "Mozilla/5.0 (compatible; bingbot/2.0; +http://www.bing.com/bingbot.htm)"
157.55.39.50 - - [29/Aug/2021:21:39:31 +0000] "GET / HTTP/1.1" 200 5048 "-" "Mozilla/5.0 (compatible; bingbot/2.0; +http://www.bing.com/bingbot.htm)"
18.159.196.172 - - [29/Aug/2021:22:19:01 +0000] "GET /.well-known/acme-challenge/uQ0GRrrOs8aidx6WhWHrDFE7RZxSoVNy13y0Yc4D-ck HTTP/1.1" 404 268 "-" "Mozilla/5.0 (compatible; Let's Encrypt validation server; +https://www.letsencrypt.org)"
3.142.122.14 - - [29/Aug/2021:22:19:02 +0000] "GET /.well-known/acme-challenge/uQ0GRrrOs8aidx6WhWHrDFE7RZxSoVNy13y0Yc4D-ck HTTP/1.1" 404 268 "-" "Mozilla/5.0 (compatible; Let's Encrypt validation server; +https://www.letsencrypt.org)"
52.39.4.59 - - [29/Aug/2021:22:19:02 +0000] "GET /.well-known/acme-challenge/uQ0GRrrOs8aidx6WhWHrDFE7RZxSoVNy13y0Yc4D-ck HTTP/1.1" 404 268 "-" "Mozilla/5.0 (compatible; Let's Encrypt validation server; +https://www.letsencrypt.org)"
66.133.109.36 - - [29/Aug/2021:22:19:02 +0000] "GET /.well-known/acme-challenge/uQ0GRrrOs8aidx6WhWHrDFE7RZxSoVNy13y0Yc4D-ck HTTP/1.1" 404 268 "-" "Mozilla/5.0 (compatible; Let's Encrypt validation server; +https://www.letsencrypt.org)"
18.192.36.99 - - [29/Aug/2021:23:18:55 +0000] "GET /.well-known/acme-challenge/msnDJosagaOC6X7ETAnlqXpFsil43ceYhGnz2ZaWjAY HTTP/1.1" 404 268 "-" "Mozilla/5.0 (compatible; Let's Encrypt validation server; +https://www.letsencrypt.org)"
3.142.122.14 - - [29/Aug/2021:23:18:55 +0000] "GET /.well-known/acme-challenge/msnDJosagaOC6X7ETAnlqXpFsil43ceYhGnz2ZaWjAY HTTP/1.1" 404 268 "-" "Mozilla/5.0 (compatible; Let's Encrypt validation server; +https://www.letsencrypt.org)"
34.221.255.206 - - [29/Aug/2021:23:18:55 +0000] "GET /.well-known/acme-challenge/msnDJosagaOC6X7ETAnlqXpFsil43ceYhGnz2ZaWjAY HTTP/1.1" 404 268 "-" "Mozilla/5.0 (compatible; Let's Encrypt validation server; +https://www.letsencrypt.org)"
64.78.149.164 - - [29/Aug/2021:23:18:55 +0000] "GET /.well-known/acme-challenge/msnDJosagaOC6X7ETAnlqXpFsil43ceYhGnz2ZaWjAY HTTP/1.1" 404 268 "-" "Mozilla/5.0 (compatible; Let's Encrypt validation server; +https://www.letsencrypt.org)"
3.120.130.29 - - [30/Aug/2021:00:19:00 +0000] "GET /.well-known/acme-challenge/4AaxKVqgJoFtckNr2that1R0yoGSpqVSnXrNrOgioQ8 HTTP/1.1" 404 268 "-" "Mozilla/5.0 (compatible; Let's Encrypt validation server; +https://www.letsencrypt.org)"
34.219.87.132 - - [30/Aug/2021:00:19:00 +0000] "GET /.well-known/acme-challenge/4AaxKVqgJoFtckNr2that1R0yoGSpqVSnXrNrOgioQ8 HTTP/1.1" 404 268 "-" "Mozilla/5.0 (compatible; Let's Encrypt validation server; +https://www.letsencrypt.org)"
18.116.86.117 - - [30/Aug/2021:00:19:01 +0000] "GET /.well-known/acme-challenge/4AaxKVqgJoFtckNr2that1R0yoGSpqVSnXrNrOgioQ8 HTTP/1.1" 404 268 "-" "Mozilla/5.0 (compatible; Let's Encrypt validation server; +https://www.letsencrypt.org)"
64.78.149.164 - - [30/Aug/2021:00:19:01 +0000] "GET /.well-known/acme-challenge/4AaxKVqgJoFtckNr2that1R0yoGSpqVSnXrNrOgioQ8 HTTP/1.1" 404 268 "-" "Mozilla/5.0 (compatible; Let's Encrypt validation server; +https://www.letsencrypt.org)"
18.159.196.172 - - [30/Aug/2021:01:18:57 +0000] "GET /.well-known/acme-challenge/IZNbWKMgHU5iIeqO9A1TGBGI3dnV1fF_AWtYZzpgJuA HTTP/1.1" 404 268 "-" "Mozilla/5.0 (compatible; Let's Encrypt validation server; +https://www.letsencrypt.org)"
34.219.87.132 - - [30/Aug/2021:01:18:57 +0000] "GET /.well-known/acme-challenge/IZNbWKMgHU5iIeqO9A1TGBGI3dnV1fF_AWtYZzpgJuA HTTP/1.1" 404 268 "-" "Mozilla/5.0 (compatible; Let's Encrypt validation server; +https://www.letsencrypt.org)"
18.116.86.117 - - [30/Aug/2021:01:18:57 +0000] "GET /.well-known/acme-challenge/IZNbWKMgHU5iIeqO9A1TGBGI3dnV1fF_AWtYZzpgJuA HTTP/1.1" 404 268 "-" "Mozilla/5.0 (compatible; Let's Encrypt validation server; +https://www.letsencrypt.org)"
66.133.109.36 - - [30/Aug/2021:01:18:57 +0000] "GET /.well-known/acme-challenge/IZNbWKMgHU5iIeqO9A1TGBGI3dnV1fF_AWtYZzpgJuA HTTP/1.1" 404 268 "-" "Mozilla/5.0 (compatible; Let's Encrypt validation server; +https://www.letsencrypt.org)"
54.36.148.115 - - [30/Aug/2021:01:23:00 +0000] "GET /robots.txt HTTP/1.1" 404 208 "-" "Mozilla/5.0 (compatible; AhrefsBot/7.0; +http://ahrefs.com/robot/)"
54.36.148.188 - - [30/Aug/2021:01:23:02 +0000] "GET / HTTP/1.1" 200 5048 "-" "Mozilla/5.0 (compatible; AhrefsBot/7.0; +http://ahrefs.com/robot/)"
3.120.130.29 - - [30/Aug/2021:02:18:58 +0000] "GET /.well-known/acme-challenge/iC1P32rUo1uGCD_kWTIaou-e0mXfY8Cb-Rgezyw8n3w HTTP/1.1" 404 268 "-" "Mozilla/5.0 (compatible; Let's Encrypt validation server; +https://www.letsencrypt.org)"
3.19.56.43 - - [30/Aug/2021:02:18:58 +0000] "GET /.well-known/acme-challenge/iC1P32rUo1uGCD_kWTIaou-e0mXfY8Cb-Rgezyw8n3w HTTP/1.1" 404 268 "-" "Mozilla/5.0 (compatible; Let's Encrypt validation server; +https://www.letsencrypt.org)"
52.39.4.59 - - [30/Aug/2021:02:18:58 +0000] "GET /.well-known/acme-challenge/iC1P32rUo1uGCD_kWTIaou-e0mXfY8Cb-Rgezyw8n3w HTTP/1.1" 404 268 "-" "Mozilla/5.0 (compatible; Let's Encrypt validation server; +https://www.letsencrypt.org)"
66.133.109.36 - - [30/Aug/2021:02:18:58 +0000] "GET /.well-known/acme-challenge/iC1P32rUo1uGCD_kWTIaou-e0mXfY8Cb-Rgezyw8n3w HTTP/1.1" 404 268 "-" "Mozilla/5.0 (compatible; Let's Encrypt validation server; +https://www.letsencrypt.org)"
54.36.148.103 - - [30/Aug/2021:03:04:42 +0000] "GET /robots.txt HTTP/1.1" 404 208 "-" "Mozilla/5.0 (compatible; AhrefsBot/7.0; +http://ahrefs.com/robot/)"
54.36.148.188 - - [30/Aug/2021:03:04:43 +0000] "GET / HTTP/1.1" 200 5048 "-" "Mozilla/5.0 (compatible; AhrefsBot/7.0; +http://ahrefs.com/robot/)"
3.142.122.14 - - [30/Aug/2021:03:19:04 +0000] "GET /.well-known/acme-challenge/fHRxoGpUfObEDbjYsLQb7uzSEbAnjnDDtX3i39pog-Y HTTP/1.1" 404 268 "-" "Mozilla/5.0 (compatible; Let's Encrypt validation server; +https://www.letsencrypt.org)"
18.159.196.172 - - [30/Aug/2021:03:19:04 +0000] "GET /.well-known/acme-challenge/fHRxoGpUfObEDbjYsLQb7uzSEbAnjnDDtX3i39pog-Y HTTP/1.1" 404 268 "-" "Mozilla/5.0 (compatible; Let's Encrypt validation server; +https://www.letsencrypt.org)"
34.221.255.206 - - [30/Aug/2021:03:19:04 +0000] "GET /.well-known/acme-challenge/fHRxoGpUfObEDbjYsLQb7uzSEbAnjnDDtX3i39pog-Y HTTP/1.1" 404 268 "-" "Mozilla/5.0 (compatible; Let's Encrypt validation server; +https://www.letsencrypt.org)"
64.78.149.164 - - [30/Aug/2021:03:19:04 +0000] "GET /.well-known/acme-challenge/fHRxoGpUfObEDbjYsLQb7uzSEbAnjnDDtX3i39pog-Y HTTP/1.1" 404 268 "-" "Mozilla/5.0 (compatible; Let's Encrypt validation server; +https://www.letsencrypt.org)"
3.120.130.29 - - [30/Aug/2021:04:18:47 +0000] "GET /.well-known/acme-challenge/wQ2p7Pii98v8JyW51-P5N93HYJ64TRJikxaZlhPIHG4 HTTP/1.1" 404 268 "-" "Mozilla/5.0 (compatible; Let's Encrypt validation server; +https://www.letsencrypt.org)"
3.19.56.43 - - [30/Aug/2021:04:18:47 +0000] "GET /.well-known/acme-challenge/wQ2p7Pii98v8JyW51-P5N93HYJ64TRJikxaZlhPIHG4 HTTP/1.1" 404 268 "-" "Mozilla/5.0 (compatible; Let's Encrypt validation server; +https://www.letsencrypt.org)"
34.219.87.132 - - [30/Aug/2021:04:18:47 +0000] "GET /.well-known/acme-challenge/wQ2p7Pii98v8JyW51-P5N93HYJ64TRJikxaZlhPIHG4 HTTP/1.1" 404 268 "-" "Mozilla/5.0 (compatible; Let's Encrypt validation server; +https://www.letsencrypt.org)"
66.133.109.36 - - [30/Aug/2021:04:18:47 +0000] "GET /.well-known/acme-challenge/wQ2p7Pii98v8JyW51-P5N93HYJ64TRJikxaZlhPIHG4 HTTP/1.1" 404 268 "-" "Mozilla/5.0 (compatible; Let's Encrypt validation server; +https://www.letsencrypt.org)"
54.36.149.6 - - [30/Aug/2021:04:47:09 +0000] "GET /robots.txt HTTP/1.1" 404 208 "-" "Mozilla/5.0 (compatible; AhrefsBot/7.0; +http://ahrefs.com/robot/)"
54.36.148.188 - - [30/Aug/2021:04:47:10 +0000] "GET / HTTP/1.1" 200 5048 "-" "Mozilla/5.0 (compatible; AhrefsBot/7.0; +http://ahrefs.com/robot/)"
18.192.36.99 - - [30/Aug/2021:05:18:48 +0000] "GET /.well-known/acme-challenge/o5gx563c8Xzwuj0ZWkhyUiPMJ0GGYsDbFFRqFRgoeaA HTTP/1.1" 404 268 "-" "Mozilla/5.0 (compatible; Let's Encrypt validation server; +https://www.letsencrypt.org)"
18.116.86.117 - - [30/Aug/2021:05:18:48 +0000] "GET /.well-known/acme-challenge/o5gx563c8Xzwuj0ZWkhyUiPMJ0GGYsDbFFRqFRgoeaA HTTP/1.1" 404 268 "-" "Mozilla/5.0 (compatible; Let's Encrypt validation server; +https://www.letsencrypt.org)"
52.39.4.59 - - [30/Aug/2021:05:18:48 +0000] "GET /.well-known/acme-challenge/o5gx563c8Xzwuj0ZWkhyUiPMJ0GGYsDbFFRqFRgoeaA HTTP/1.1" 404 268 "-" "Mozilla/5.0 (compatible; Let's Encrypt validation server; +https://www.letsencrypt.org)"
