64.78.149.164 - - [30/Aug/2021:05:18:48 +0000] "GET /.well-known/acme-challenge/o5gx563c8Xzwuj0ZWkhyUiPMJ0GGYsDbFFRqFRgoeaA HTTP/1.1" 404 268 "-" "Mozilla/5.0 (compatible; Let's Encrypt validation server; +https://www.letsencrypt.org)"
157.55.39.112 - - [30/Aug/2021:05:44:39 +0000] "GET / HTTP/1.1" 200 5048 "-" "Mozilla/5.0 (compatible; bingbot/2.0; +http://www.bing.com/bingbot.htm)"
66.249.72.176 - - [30/Aug/2021:06:01:13 +0000] "GET /robots.txt HTTP/1.1" 404 208 "-" "Mozilla/5.0 (compatible; Googlebot/2.1; +http://www.google.com/bot.html)"
66.249.72.178 - - [30/Aug/2021:06:01:13 +0000] "GET / HTTP/1.1" 200 5048 "-" "Mozilla/5.0 (compatible; Googlebot/2.1; +http://www.google.com/bot.html)"
18.192.36.99 - - [30/Aug/2021:06:18:59 +0000] "GET /.well-known/acme-challenge/3M05cEOk64WPpCacIFOt8SIsczcfAT5kTH6W1js8-U0 HTTP/1.1" 404 268 "-" "Mozilla/5.0 (compatible; Let's Encrypt validation server; +https://www.letsencrypt.org)"
18.116.86.117 - - [30/Aug/2021:06:18:59 +0000] "GET /.well-known/acme-challenge/3M05cEOk64WPpCacIFOt8SIsczcfAT5kTH6W1js8-U0 HTTP/1.1" 404 268 "-" "Mozilla/5.0 (compatible; Let's Encrypt validation server; +https://www.letsencrypt.org)"
52.39.4.59 - - [30/Aug/2021:06:18:59 +0000] "GET /.well-known/acme-challenge/3M05cEOk64WPpCacIFOt8SIsczcfAT5kTH6W1js8-U0 HTTP/1.1" 404 268 "-" "Mozilla/5.0 (compatible; Let's Encrypt validation server; +https://www.letsencrypt.org)"
64.78.149.164 - - [30/Aug/2021:06:18:59 +0000] "GET /.well-known/acme-challenge/3M05cEOk64WPpCacIFOt8SIsczcfAT5kTH6W1js8-U0 HTTP/1.1" 404 268 "-" "Mozilla/5.0 (compatible; Let's Encrypt validation server; +https://www.letsencrypt.org)"
54.244.217.215 - - [30/Aug/2021:06:41:39 +0000] "GET / HTTP/1.1" 200 5048 "-" "Mozilla/5.0 (X11; Linux x86_64) AppleWebKit/537.36 (KHTML, like Gecko) Chrome/83.0.4103.97 Safari/537.36"
54.191.35.251 - - [30/Aug/2021:06:42:10 +0000] "GET /favicon.ico HTTP/1.1" 404 209 "-" "Mozilla/5.0 (X11; Linux x86_64) AppleWebKit/537.36 (KHTML, like Gecko) Chrome/83.0.4103.97 Safari/537.36"
54.191.35.251 - - [30/Aug/2021:06:42:10 +0000] "GET / HTTP/1.1" 200 5048 "-" "Mozilla/5.0 (X11; Linux x86_64) AppleWebKit/537.36 (KHTML, like Gecko) Chrome/83.0.4103.97 Safari/537.36"
54.69.179.148 - - [30/Aug/2021:06:42:45 +0000] "GET / HTTP/1.1" 200 5048 "-" "Mozilla/5.0 (X11; Linux x86_64) AppleWebKit/537.36 (KHTML, like Gecko) Chrome/83.0.4103.97 Safari/537.36"
54.187.113.14 - - [30/Aug/2021:06:43:03 +0000] "GET /favicon.ico HTTP/1.1" 404 209 "-" "Mozilla/5.0 (X11; Linux x86_64) AppleWebKit/537.36 (KHTML, like Gecko) Chrome/83.0.4103.97 Safari/537.36"
54.187.113.14 - - [30/Aug/2021:06:43:06 +0000] "GET / HTTP/1.1" 200 5048 "-" "Mozilla/5.0 (X11; Linux x86_64) AppleWebKit/537.36 (KHTML, like Gecko) Chrome/83.0.4103.97 Safari/537.36"
66.249.72.176 - - [30/Aug/2021:06:54:48 +0000] "GET / HTTP/1.1" 200 5048 "-" "Mozilla/5.0 (Linux; Android 6.0.1; Nexus 5X Build/MMB29P) AppleWebKit/537.36 (KHTML, like Gecko) Chrome/92.0.4515.119 Mobile Safari/537.36 (compatible; Googlebot/2.1; +http://www.google.com/bot.html)"
157.55.39.50 - - [30/Aug/2021:07:04:16 +0000] "GET / HTTP/1.1" 200 5048 "-" "Mozilla/5.0 (compatible; bingbot/2.0; +http://www.bing.com/bingbot.htm)"
34.215.92.92 - - [30/Aug/2021:07:12:04 +0000] "GET / HTTP/1.1" 200 5048 "-" "Mozilla/5.0 (Windows NT 10.0; Win64; x64)AppleWebKit/537.36 (KHTML, like Gecko) Chrome/66.0.3359.181 Safari/537.36"
3.120.130.29 - - [30/Aug/2021:07:19:01 +0000] "GET /.well-known/acme-challenge/8ad9Kw3Qbtpd5pTHBIMg4ycwjBtxUtqLoTzTjzbl-TU HTTP/1.1" 404 268 "-" "Mozilla/5.0 (compatible; Let's Encrypt validation server; +https://www.letsencrypt.org)"
3.19.56.43 - - [30/Aug/2021:07:19:01 +0000] "GET /.well-known/acme-challenge/8ad9Kw3Qbtpd5pTHBIMg4ycwjBtxUtqLoTzTjzbl-TU HTTP/1.1" 404 268 "-" "Mozilla/5.0 (compatible; Let's Encrypt validation server; +https://www.letsencrypt.org)"
52.39.4.59 - - [30/Aug/2021:07:19:01 +0000] "GET /.well-known/acme-challenge/8ad9Kw3Qbtpd5pTHBIMg4ycwjBtxUtqLoTzTjzbl-TU HTTP/1.1" 404 268 "-" "Mozilla/5.0 (compatible; Let's Encrypt validation server; +https://www.letsencrypt.org)"
64.78.149.164 - - [30/Aug/2021:07:19:01 +0000] "GET /.well-known/acme-challenge/8ad9Kw3Qbtpd5pTHBIMg4ycwjBtxUtqLoTzTjzbl-TU HTTP/1.1" 404 268 "-" "Mozilla/5.0 (compatible; Let's Encrypt validation server; +https://www.letsencrypt.org)"
42.83.147.35 - - [30/Aug/2021:07:21:50 +0000] "GET / HTTP/1.1" 200 5048 "-" "Mozilla/5.0 (Windows NT 6.1; Win64; x64) AppleWebKit/537.36 (KHTML, like Gecko)Chrome/74.0.3729.169 Safari/537.36"
35.237.64.8 - - [30/Aug/2021:08:17:29 +0000] "GET /robots.txt HTTP/1.0" 404 208 "-" "ZoominfoBot (zoominfobot at zoominfo dot com)"
35.237.64.8 - - [30/Aug/2021:08:17:29 +0000] "GET / HTTP/1.0" 200 5048 "-" "ZoominfoBot (zoominfobot at zoominfo dot com)"
18.192.36.99 - - [30/Aug/2021:08:18:58 +0000] "GET /.well-known/acme-challenge/yObiR20CbwHy6pNxgIFoHoOFdRO53vnBAmgF0OG4qnE HTTP/1.1" 404 268 "-" "Mozilla/5.0 (compatible; Let's Encrypt validation server; +https://www.letsencrypt.org)"
18.116.86.117 - - [30/Aug/2021:08:18:58 +0000] "GET /.well-known/acme-challenge/yObiR20CbwHy6pNxgIFoHoOFdRO53vnBAmgF0OG4qnE HTTP/1.1" 404 268 "-" "Mozilla/5.0 (compatible; Let's Encrypt validation server; +https://www.letsencrypt.org)"
52.39.4.59 - - [30/Aug/2021:08:18:58 +0000] "GET /.well-known/acme-challenge/yObiR20CbwHy6pNxgIFoHoOFdRO53vnBAmgF0OG4qnE HTTP/1.1" 404 268 "-" "Mozilla/5.0 (compatible; Let's Encrypt validation server; +https://www.letsencrypt.org)"
66.133.109.36 - - [30/Aug/2021:08:18:58 +0000] "GET /.well-known/acme-challenge/yObiR20CbwHy6pNxgIFoHoOFdRO53vnBAmgF0OG4qnE HTTP/1.1" 404 268 "-" "Mozilla/5.0 (compatible; Let's Encrypt validation server; +https://www.letsencrypt.org)"
35.237.64.8 - - [30/Aug/2021:08:26:11 +0000] "GET /robots.txt HTTP/1.0" 404 208 "-" "ZoominfoBot (zoominfobot at zoominfo dot com)"
35.237.64.8 - - [30/Aug/2021:08:26:12 +0000] "GET / HTTP/1.0" 200 5048 "-" "ZoominfoBot (zoominfobot at zoominfo dot com)"
20.51.215.173 - - [30/Aug/2021:08:45:22 +0000] "GET //vendor/phpunit/phpunit/src/Util/PHP/eval-stdin.php HTTP/1.1" 404 248 "-" "python-requests/2.26.0"
20.51.215.173 - - [30/Aug/2021:08:45:24 +0000] "GET //bitKay.php HTTP/1.1" 404 208 "-" "python-requests/2.26.0"
20.51.215.173 - - [30/Aug/2021:08:45:27 +0000] "GET //api//vendor/phpunit/phpunit/src/Util/PHP/eval-stdin.php HTTP/1.1" 404 252 "-" "python-requests/2.26.0"
20.51.215.173 - - [30/Aug/2021:08:45:30 +0000] "GET //api//bitKay.php HTTP/1.1" 404 212 "-" "python-requests/2.26.0"
20.51.215.173 - - [30/Aug/2021:08:45:33 +0000] "GET //admin//vendor/phpunit/phpunit/src/Util/PHP/eval-stdin.php HTTP/1.1" 404 254 "-" "python-requests/2.26.0"
20.51.215.173 - - [30/Aug/2021:08:45:36 +0000] "GET //admin//bitKay.php HTTP/1.1" 404 214 "-" "python-requests/2.26.0"
20.51.215.173 - - [30/Aug/2021:08:45:39 +0000] "GET /config/vendor/phpunit/phpunit/src/Util/PHP/eval-stdin.php HTTP/1.1" 404 255 "-" "python-requests/2.26.0"
20.51.215.173 - - [30/Aug/2021:08:45:41 +0000] "GET /config/bitKay.php HTTP/1.1" 404 215 "-" "python-requests/2.26.0"
3.120.130.29 - - [30/Aug/2021:09:18:56 +0000] "GET /.well-known/acme-challenge/jSDJNczpSRYbDuihX90uM_f6a-EY-5Vck0TemgCuBik HTTP/1.1" 404 268 "-" "Mozilla/5.0 (compatible; Let's Encrypt validation server; +https://www.letsencrypt.org)"
3.142.122.14 - - [30/Aug/2021:09:18:56 +0000] "GET /.well-known/acme-challenge/jSDJNczpSRYbDuihX90uM_f6a-EY-5Vck0TemgCuBik HTTP/1.1" 404 268 "-" "Mozilla/5.0 (compatible; Let's Encrypt validation server; +https://www.letsencrypt.org)"
66.133.109.36 - - [30/Aug/2021:09:18:56 +0000] "GET /.well-known/acme-challenge/jSDJNczpSRYbDuihX90uM_f6a-EY-5Vck0TemgCuBik HTTP/1.1" 404 268 "-" "Mozilla/5.0 (compatible; Let's Encrypt validation server; +https://www.letsencrypt.org)"
66.249.69.150 - - [30/Aug/2021:09:39:37 +0000] "GET /robots.txt HTTP/1.1" 404 208 "-" "Mozilla/5.0 (compatible; Googlebot/2.1; +http://www.google.com/bot.html)"
66.249.69.148 - - [30/Aug/2021:09:39:37 +0000] "GET / HTTP/1.1" 200 5048 "-" "Mozilla/5.0 (compatible; Googlebot/2.1; +http://www.google.com/bot.html)"
3.120.130.29 - - [30/Aug/2021:10:18:58 +0000] "GET /.well-known/acme-challenge/1ArJyPJWTepnje4fVgysG5JNYx81jhPXfmp1f0-Fr2Q HTTP/1.1" 404 268 "-" "Mozilla/5.0 (compatible; Let's Encrypt validation server; +https://www.letsencrypt.org)"
34.219.87.132 - - [30/Aug/2021:10:18:58 +0000] "GET /.well-known/acme-challenge/1ArJyPJWTepnje4fVgysG5JNYx81jhPXfmp1f0-Fr2Q HTTP/1.1" 404 268 "-" "Mozilla/5.0 (compatible; Let's Encrypt validation server; +https://www.letsencrypt.org)"
3.19.56.43 - - [30/Aug/2021:10:18:58 +0000] "GET /.well-known/acme-challenge/1ArJyPJWTepnje4fVgysG5JNYx81jhPXfmp1f0-Fr2Q HTTP/1.1" 404 268 "-" "Mozilla/5.0 (compatible; Let's Encrypt validation server; +https://www.letsencrypt.org)"
66.133.109.36 - - [30/Aug/2021:10:18:58 +0000] "GET /.well-known/acme-challenge/1ArJyPJWTepnje4fVgysG5JNYx81jhPXfmp1f0-Fr2Q HTTP/1.1" 404 268 "-" "Mozilla/5.0 (compatible; Let's Encrypt validation server; +https://www.letsencrypt.org)"
34.74.175.63 - - [30/Aug/2021:10:27:13 +0000] "GET /robots.txt HTTP/1.0" 404 208 "-" "ZoominfoBot (zoominfobot at zoominfo dot com)"
34.74.175.63 - - [30/Aug/2021:10:27:13 +0000] "GET / HTTP/1.0" 200 5048 "-" "ZoominfoBot (zoominfobot at zoominfo dot com)"
34.74.175.63 - - [30/Aug/2021:10:36:03 +0000] "GET /robots.txt HTTP/1.0" 404 208 "-" "ZoominfoBot (zoominfobot at zoominfo dot com)"
34.74.175.63 - - [30/Aug/2021:10:36:03 +0000] "GET / HTTP/1.0" 200 5048 "-" "ZoominfoBot (zoominfobot at zoominfo dot com)"
51.222.133.37 - - [30/Aug/2021:10:43:52 +0000] "GET / HTTP/1.1" 200 5048 "-" "Mozilla/5.0 (Windows NT 6.1; Win64; x64; +http://www.komodia.com/newwiki/index.php/URL_server_crawler) KomodiaBot/1.0"
3.120.130.29 - - [30/Aug/2021:11:19:39 +0000] "GET /.well-known/acme-challenge/nEzbxeHWowv2DMTAdikg4_Z9UKKKK9OgHiDKBwG9JmU HTTP/1.1" 404 268 "-" "Mozilla/5.0 (compatible; Let's Encrypt validation server; +https://www.letsencrypt.org)"
3.142.122.14 - - [30/Aug/2021:11:19:39 +0000] "GET /.well-known/acme-challenge/nEzbxeHWowv2DMTAdikg4_Z9UKKKK9OgHiDKBwG9JmU HTTP/1.1" 404 268 "-" "Mozilla/5.0 (compatible; Let's Encrypt validation server; +https://www.letsencrypt.org)"
52.39.4.59 - - [30/Aug/2021:11:19:39 +0000] "GET /.well-known/acme-challenge/nEzbxeHWowv2DMTAdikg4_Z9UKKKK9OgHiDKBwG9JmU HTTP/1.1" 404 268 "-" "Mozilla/5.0 (compatible; Let's Encrypt validation server; +https://www.letsencrypt.org)"
66.133.109.36 - - [30/Aug/2021:11:19:39 +0000] "GET /.well-known/acme-challenge/nEzbxeHWowv2DMTAdikg4_Z9UKKKK9OgHiDKBwG9JmU HTTP/1.1" 404 268 "-" "Mozilla/5.0 (compatible; Let's Encrypt validation server; +https://www.letsencrypt.org)"
213.168.249.115 - - [30/Aug/2021:11:52:42 +0000] "HEAD / HTTP/1.1" 200 - "-" "Mozilla/5.0 (Windows; U; Windows NT 5.1; pl; rv:1.9; PageThing http://pagething.com) Gecko/2008052906 Firefox/3.0"
18.159.196.172 - - [30/Aug/2021:12:18:59 +0000] "GET /.well-known/acme-challenge/eXZC2F6Vse7eXK1mAvS1J8Nip_mce4bn4nBIZAW5bV8 HTTP/1.1" 404 268 "-" "Mozilla/5.0 (compatible; Let's Encrypt validation server; +https://www.letsencrypt.org)"
3.19.56.43 - - [30/Aug/2021:12:18:59 +0000] "GET /.well-known/acme-challenge/eXZC2F6Vse7eXK1mAvS1J8Nip_mce4bn4nBIZAW5bV8 HTTP/1.1" 404 268 "-" "Mozilla/5.0 (compatible; Let's Encrypt validation server; +https://www.letsencrypt.org)"
34.219.87.132 - - [30/Aug/2021:12:18:59 +0000] "GET /.well-known/acme-challenge/eXZC2F6Vse7eXK1mAvS1J8Nip_mce4bn4nBIZAW5bV8 HTTP/1.1" 404 268 "-" "Mozilla/5.0 (compatible; Let's Encrypt validation server; +https://www.letsencrypt.org)"
66.133.109.36 - - [30/Aug/2021:12:18:59 +0000] "GET /.well-known/acme-challenge/eXZC2F6Vse7eXK1mAvS1J8Nip_mce4bn4nBIZAW5bV8 HTTP/1.1" 404 268 "-" "Mozilla/5.0 (compatible; Let's Encrypt validation server; +https://www.letsencrypt.org)"
34.145.113.29 - - [30/Aug/2021:12:37:16 +0000] "GET / HTTP/1.1" 200 5048 "-" "Python-urllib/3.9"
18.192.36.99 - - [30/Aug/2021:13:18:58 +0000] "GET /.well-known/acme-challenge/3e8l7PYu4WHED98T8P_yT_sTte2nQIIe-dQ-V7Bat_0 HTTP/1.1" 404 268 "-" "Mozilla/5.0 (compatible; Let's Encrypt validation server; +https://www.letsencrypt.org)"
3.19.56.43 - - [30/Aug/2021:13:18:58 +0000] "GET /.well-known/acme-challenge/3e8l7PYu4WHED98T8P_yT_sTte2nQIIe-dQ-V7Bat_0 HTTP/1.1" 404 268 "-" "Mozilla/5.0 (compatible; Let's Encrypt validation server; +https://www.letsencrypt.org)"
52.39.4.59 - - [30/Aug/2021:13:18:58 +0000] "GET /.well-known/acme-challenge/3e8l7PYu4WHED98T8P_yT_sTte2nQIIe-dQ-V7Bat_0 HTTP/1.1" 404 268 "-" "Mozilla/5.0 (compatible; Let's Encrypt validation server; +https://www.letsencrypt.org)"
64.78.149.164 - - [30/Aug/2021:13:18:58 +0000] "GET /.well-known/acme-challenge/3e8l7PYu4WHED98T8P_yT_sTte2nQIIe-dQ-V7Bat_0 HTTP/1.1" 404 268 "-" "Mozilla/5.0 (compatible; Let's Encrypt validation server; +https://www.letsencrypt.org)"
18.159.196.172 - - [30/Aug/2021:14:19:01 +0000] "GET /.well-known/acme-challenge/uHeiGAwR4JApwIBVsEST5vHZBSKP5YcS3k60VbpXsqg HTTP/1.1" 404 268 "-" "Mozilla/5.0 (compatible; Let's Encrypt validation server; +https://www.letsencrypt.org)"
18.116.86.117 - - [30/Aug/2021:14:19:01 +0000] "GET /.well-known/acme-challenge/uHeiGAwR4JApwIBVsEST5vHZBSKP5YcS3k60VbpXsqg HTTP/1.1" 404 268 "-" "Mozilla/5.0 (compatible; Let's Encrypt validation server; +https://www.letsencrypt.org)"
66.133.109.36 - - [30/Aug/2021:14:19:01 +0000] "GET /.well-known/acme-challenge/uHeiGAwR4JApwIBVsEST5vHZBSKP5YcS3k60VbpXsqg HTTP/1.1" 404 268 "-" "Mozilla/5.0 (compatible; Let's Encrypt validation server; +https://www.letsencrypt.org)"
34.219.87.132 - - [30/Aug/2021:14:19:01 +0000] "GET /.well-known/acme-challenge/uHeiGAwR4JApwIBVsEST5vHZBSKP5YcS3k60VbpXsqg HTTP/1.1" 404 268 "-" "Mozilla/5.0 (compatible; Let's Encrypt validation server; +https://www.letsencrypt.org)"
195.154.225.16 - - [30/Aug/2021:14:24:54 +0000] "GET /wp-login.php HTTP/1.1" 404 210 "-" "Mozilla/5.0 (X11; Ubuntu; Linux x86_64; rv:62.0) Gecko/20100101 Firefox/62.0"
18.116.86.117 - - [30/Aug/2021:15:19:00 +0000] "GET /.well-known/acme-challenge/c5jyDyEzz8OplvTdttobXP2tuoa93XlArpK2SPlyDyw HTTP/1.1" 404 268 "-" "Mozilla/5.0 (compatible; Let's Encrypt validation server; +https://www.letsencrypt.org)"
52.39.4.59 - - [30/Aug/2021:15:19:00 +0000] "GET /.well-known/acme-challenge/c5jyDyEzz8OplvTdttobXP2tuoa93XlArpK2SPlyDyw HTTP/1.1" 404 268 "-" "Mozilla/5.0 (compatible; Let's Encrypt validation server; +https://www.letsencrypt.org)"
3.120.130.29 - - [30/Aug/2021:15:19:00 +0000] "GET /.well-known/acme-challenge/c5jyDyEzz8OplvTdttobXP2tuoa93XlArpK2SPlyDyw HTTP/1.1" 404 268 "-" "Mozilla/5.0 (compatible; Let's Encrypt validation server; +https://www.letsencrypt.org)"
66.133.109.36 - - [30/Aug/2021:15:19:01 +0000] "GET /.well-known/acme-challenge/c5jyDyEzz8OplvTdttobXP2tuoa93XlArpK2SPlyDyw HTTP/1.1" 404 268 "-" "Mozilla/5.0 (compatible; Let's Encrypt validation server; +https://www.letsencrypt.org)"
52.230.20.212 - - [30/Aug/2021:15:30:30 +0000] "GET / HTTP/1.1" 200 5048 "-" "Mozilla/5.0 (Windows NT 10.0; Win64; x64) AppleWebKit/537.36 (KHTML, like Gecko) Chrome/88.0.4240.193 Safari/537.36"
52.230.20.212 - - [30/Aug/2021:15:30:30 +0000] "GET / HTTP/1.1" 200 5048 "-" "Mozilla/5.0 (Windows NT 10.0; Win64; x64) AppleWebKit/537.36 (KHTML, like Gecko) Chrome/88.0.4240.193 Safari/537.36"
52.230.20.212 - - [30/Aug/2021:15:30:30 +0000] "GET /wp-includes/wlwmanifest.xml HTTP/1.1" 404 225 "-" "Mozilla/5.0 (Windows NT 10.0; Win64; x64) AppleWebKit/537.36 (KHTML, like Gecko) Chrome/88.0.4240.193 Safari/537.36"
52.230.20.212 - - [30/Aug/2021:15:30:30 +0000] "GET /xmlrpc.php?rsd HTTP/1.1" 404 208 "-" "Mozilla/5.0 (Windows NT 10.0; Win64; x64) AppleWebKit/537.36 (KHTML, like Gecko) Chrome/88.0.4240.193 Safari/537.36"
52.230.20.212 - - [30/Aug/2021:15:30:30 +0000] "GET / HTTP/1.1" 200 5048 "-" "Mozilla/5.0 (Windows NT 10.0; Win64; x64) AppleWebKit/537.36 (KHTML, like Gecko) Chrome/88.0.4240.193 Safari/537.36"
52.230.20.212 - - [30/Aug/2021:15:30:30 +0000] "GET /blog/wp-includes/wlwmanifest.xml HTTP/1.1" 404 230 "-" "Mozilla/5.0 (Windows NT 10.0; Win64; x64) AppleWebKit/537.36 (KHTML, like Gecko) Chrome/88.0.4240.193 Safari/537.36"
52.230.20.212 - - [30/Aug/2021:15:30:30 +0000] "GET /web/wp-includes/wlwmanifest.xml HTTP/1.1" 404 229 "-" "Mozilla/5.0 (Windows NT 10.0; Win64; x64) AppleWebKit/537.36 (KHTML, like Gecko) Chrome/88.0.4240.193 Safari/537.36"
52.230.20.212 - - [30/Aug/2021:15:30:30 +0000] "GET /wordpress/wp-includes/wlwmanifest.xml HTTP/1.1" 404 235 "-" "Mozilla/5.0 (Windows NT 10.0; Win64; x64) AppleWebKit/537.36 (KHTML, like Gecko) Chrome/88.0.4240.193 Safari/537.36"
52.230.20.212 - - [30/Aug/2021:15:30:30 +0000] "GET /website/wp-includes/wlwmanifest.xml HTTP/1.1" 404 233 "-" "Mozilla/5.0 (Windows NT 10.0; Win64; x64) AppleWebKit/537.36 (KHTML, like Gecko) Chrome/88.0.4240.193 Safari/537.36"
52.230.20.212 - - [30/Aug/2021:15:30:30 +0000] "GET /wp/wp-includes/wlwmanifest.xml HTTP/1.1" 404 228 "-" "Mozilla/5.0 (Windows NT 10.0; Win64; x64) AppleWebKit/537.36 (KHTML, like Gecko) Chrome/88.0.4240.193 Safari/537.36"
52.230.20.212 - - [30/Aug/2021:15:30:30 +0000] "GET /news/wp-includes/wlwmanifest.xml HTTP/1.1" 404 230 "-" "Mozilla/5.0 (Windows NT 10.0; Win64; x64) AppleWebKit/537.36 (KHTML, like Gecko) Chrome/88.0.4240.193 Safari/537.36"
52.230.20.212 - - [30/Aug/2021:15:30:30 +0000] "GET /2020/wp-includes/wlwmanifest.xml HTTP/1.1" 404 230 "-" "Mozilla/5.0 (Windows NT 10.0; Win64; x64) AppleWebKit/537.36 (KHTML, like Gecko) Chrome/88.0.4240.193 Safari/537.36"
52.230.20.212 - - [30/Aug/2021:15:30:30 +0000] "GET /2019/wp-includes/wlwmanifest.xml HTTP/1.1" 404 230 "-" "Mozilla/5.0 (Windows NT 10.0; Win64; x64) AppleWebKit/537.36 (KHTML, like Gecko) Chrome/88.0.4240.193 Safari/537.36"
52.230.20.212 - - [30/Aug/2021:15:30:30 +0000] "GET /shop/wp-includes/wlwmanifest.xml HTTP/1.1" 404 230 "-" "Mozilla/5.0 (Windows NT 10.0; Win64; x64) AppleWebKit/537.36 (KHTML, like Gecko) Chrome/88.0.4240.193 Safari/537.36"
52.230.20.212 - - [30/Aug/2021:15:30:30 +0000] "GET /wp1/wp-includes/wlwmanifest.xml HTTP/1.1" 404 229 "-" "Mozilla/5.0 (Windows NT 10.0; Win64; x64) AppleWebKit/537.36 (KHTML, like Gecko) Chrome/88.0.4240.193 Safari/537.36"
52.230.20.212 - - [30/Aug/2021:15:30:30 +0000] "GET /test/wp-includes/wlwmanifest.xml HTTP/1.1" 404 230 "-" "Mozilla/5.0 (Windows NT 10.0; Win64; x64) AppleWebKit/537.36 (KHTML, like Gecko) Chrome/88.0.4240.193 Safari/537.36"
52.230.20.212 - - [30/Aug/2021:15:30:30 +0000] "GET /wp2/wp-includes/wlwmanifest.xml HTTP/1.1" 404 229 "-" "Mozilla/5.0 (Windows NT 10.0; Win64; x64) AppleWebKit/537.36 (KHTML, like Gecko) Chrome/88.0.4240.193 Safari/537.36"
52.230.20.212 - - [30/Aug/2021:15:30:30 +0000] "GET /site/wp-includes/wlwmanifest.xml HTTP/1.1" 404 230 "-" "Mozilla/5.0 (Windows NT 10.0; Win64; x64) AppleWebKit/537.36 (KHTML, like Gecko) Chrome/88.0.4240.193 Safari/537.36"
52.230.20.212 - - [30/Aug/2021:15:30:30 +0000] "GET /cms/wp-includes/wlwmanifest.xml HTTP/1.1" 404 229 "-" "Mozilla/5.0 (Windows NT 10.0; Win64; x64) AppleWebKit/537.36 (KHTML, like Gecko) Chrome/88.0.4240.193 Safari/537.36"
52.230.20.212 - - [30/Aug/2021:15:30:30 +0000] "GET /sito/wp-includes/wlwmanifest.xml HTTP/1.1" 404 230 "-" "Mozilla/5.0 (Windows NT 10.0; Win64; x64) AppleWebKit/537.36 (KHTML, like Gecko) Chrome/88.0.4240.193 Safari/537.36"
52.230.20.212 - - [30/Aug/2021:15:30:31 +0000] "GET / HTTP/1.1" 200 5048 "-" "Mozilla/5.0 (Windows NT 10.0; Win64; x64) AppleWebKit/537.36 (KHTML, like Gecko) Chrome/88.0.4240.193 Safari/537.36"
52.230.20.212 - - [30/Aug/2021:15:30:31 +0000] "GET / HTTP/1.1" 200 5048 "-" "Mozilla/5.0 (Windows NT 10.0; Win64; x64) AppleWebKit/537.36 (KHTML, like Gecko) Chrome/88.0.4240.193 Safari/537.36"
52.230.20.212 - - [30/Aug/2021:15:30:31 +0000] "GET /wp-includes/wlwmanifest.xml HTTP/1.1" 404 225 "-" "Mozilla/5.0 (Windows NT 10.0; Win64; x64) AppleWebKit/537.36 (KHTML, like Gecko) Chrome/88.0.4240.193 Safari/537.36"
52.230.20.212 - - [30/Aug/2021:15:30:31 +0000] "GET /xmlrpc.php?rsd HTTP/1.1" 404 208 "-" "Mozilla/5.0 (Windows NT 10.0; Win64; x64) AppleWebKit/537.36 (KHTML, like Gecko) Chrome/88.0.4240.193 Safari/537.36"
52.230.20.212 - - [30/Aug/2021:15:30:31 +0000] "GET / HTTP/1.1" 200 5048 "-" "Mozilla/5.0 (Windows NT 10.0; Win64; x64) AppleWebKit/537.36 (KHTML, like Gecko) Chrome/88.0.4240.193 Safari/537.36"
52.230.20.212 - - [30/Aug/2021:15:30:31 +0000] "GET /blog/wp-includes/wlwmanifest.xml HTTP/1.1" 404 230 "-" "Mozilla/5.0 (Windows NT 10.0; Win64; x64) AppleWebKit/537.36 (KHTML, like Gecko) Chrome/88.0.4240.193 Safari/537.36"
52.230.20.212 - - [30/Aug/2021:15:30:31 +0000] "GET /web/wp-includes/wlwmanifest.xml HTTP/1.1" 404 229 "-" "Mozilla/5.0 (Windows NT 10.0; Win64; x64) AppleWebKit/537.36 (KHTML, like Gecko) Chrome/88.0.4240.193 Safari/537.36"
52.230.20.212 - - [30/Aug/2021:15:30:31 +0000] "GET /wordpress/wp-includes/wlwmanifest.xml HTTP/1.1" 404 235 "-" "Mozilla/5.0 (Windows NT 10.0; Win64; x64) AppleWebKit/537.36 (KHTML, like Gecko) Chrome/88.0.4240.193 Safari/537.36"
52.230.20.212 - - [30/Aug/2021:15:30:31 +0000] "GET /website/wp-includes/wlwmanifest.xml HTTP/1.1" 404 233 "-" "Mozilla/5.0 (Windows NT 10.0; Win64; x64) AppleWebKit/537.36 (KHTML, like Gecko) Chrome/88.0.4240.193 Safari/537.36"
52.230.20.212 - - [30/Aug/2021:15:30:31 +0000] "GET /wp/wp-includes/wlwmanifest.xml HTTP/1.1" 404 228 "-" "Mozilla/5.0 (Windows NT 10.0; Win64; x64) AppleWebKit/537.36 (KHTML, like Gecko) Chrome/88.0.4240.193 Safari/537.36"
52.230.20.212 - - [30/Aug/2021:15:30:31 +0000] "GET /news/wp-includes/wlwmanifest.xml HTTP/1.1" 404 230 "-" "Mozilla/5.0 (Windows NT 10.0; Win64; x64) AppleWebKit/537.36 (KHTML, like Gecko) Chrome/88.0.4240.193 Safari/537.36"
52.230.20.212 - - [30/Aug/2021:15:30:31 +0000] "GET /2020/wp-includes/wlwmanifest.xml HTTP/1.1" 404 230 "-" "Mozilla/5.0 (Windows NT 10.0; Win64; x64) AppleWebKit/537.36 (KHTML, like Gecko) Chrome/88.0.4240.193 Safari/537.36"
52.230.20.212 - - [30/Aug/2021:15:30:31 +0000] "GET /2019/wp-includes/wlwmanifest.xml HTTP/1.1" 404 230 "-" "Mozilla/5.0 (Windows NT 10.0; Win64; x64) AppleWebKit/537.36 (KHTML, like Gecko) Chrome/88.0.4240.193 Safari/537.36"
52.230.20.212 - - [30/Aug/2021:15:30:31 +0000] "GET /shop/wp-includes/wlwmanifest.xml HTTP/1.1" 404 230 "-" "Mozilla/5.0 (Windows NT 10.0; Win64; x64) AppleWebKit/537.36 (KHTML, like Gecko) Chrome/88.0.4240.193 Safari/537.36"
52.230.20.212 - - [30/Aug/2021:15:30:31 +0000] "GET /wp1/wp-includes/wlwmanifest.xml HTTP/1.1" 404 229 "-" "Mozilla/5.0 (Windows NT 10.0; Win64; x64) AppleWebKit/537.36 (KHTML, like Gecko) Chrome/88.0.4240.193 Safari/537.36"
52.230.20.212 - - [30/Aug/2021:15:30:31 +0000] "GET /test/wp-includes/wlwmanifest.xml HTTP/1.1" 404 230 "-" "Mozilla/5.0 (Windows NT 10.0; Win64; x64) AppleWebKit/537.36 (KHTML, like Gecko) Chrome/88.0.4240.193 Safari/537.36"
52.230.20.212 - - [30/Aug/2021:15:30:31 +0000] "GET /wp2/wp-includes/wlwmanifest.xml HTTP/1.1" 404 229 "-" "Mozilla/5.0 (Windows NT 10.0; Win64; x64) AppleWebKit/537.36 (KHTML, like Gecko) Chrome/88.0.4240.193 Safari/537.36"
52.230.20.212 - - [30/Aug/2021:15:30:31 +0000] "GET /site/wp-includes/wlwmanifest.xml HTTP/1.1" 404 230 "-" "Mozilla/5.0 (Windows NT 10.0; Win64; x64) AppleWebKit/537.36 (KHTML, like Gecko) Chrome/88.0.4240.193 Safari/537.36"
52.230.20.212 - - [30/Aug/2021:15:30:32 +0000] "GET /cms/wp-includes/wlwmanifest.xml HTTP/1.1" 404 229 "-" "Mozilla/5.0 (Windows NT 10.0; Win64; x64) AppleWebKit/537.36 (KHTML, like Gecko) Chrome/88.0.4240.193 Safari/537.36"
52.230.20.212 - - [30/Aug/2021:15:30:32 +0000] "GET /sito/wp-includes/wlwmanifest.xml HTTP/1.1" 404 230 "-" "Mozilla/5.0 (Windows NT 10.0; Win64; x64) AppleWebKit/537.36 (KHTML, like Gecko) Chrome/88.0.4240.193 Safari/537.36"
157.55.39.90 - - [30/Aug/2021:15:36:54 +0000] "GET /robots.txt HTTP/1.1" 404 208 "-" "Mozilla/5.0 (compatible; bingbot/2.0; +http://www.bing.com/bingbot.htm)"
157.55.39.112 - - [30/Aug/2021:15:36:57 +0000] "GET / HTTP/1.1" 200 5048 "-" "Mozilla/5.0 (compatible; bingbot/2.0; +http://www.bing.com/bingbot.htm)"
3.120.130.29 - - [30/Aug/2021:16:19:02 +0000] "GET /.well-known/acme-challenge/tbC71p_jDbj8hdX-iFAg9wSzEu0rZubzgwp7qk3-JKA HTTP/1.1" 404 268 "-" "Mozilla/5.0 (compatible; Let's Encrypt validation server; +https://www.letsencrypt.org)"
3.19.56.43 - - [30/Aug/2021:16:19:02 +0000] "GET /.well-known/acme-challenge/tbC71p_jDbj8hdX-iFAg9wSzEu0rZubzgwp7qk3-JKA HTTP/1.1" 404 268 "-" "Mozilla/5.0 (compatible; Let's Encrypt validation server; +https://www.letsencrypt.org)"
34.221.255.206 - - [30/Aug/2021:16:19:02 +0000] "GET /.well-known/acme-challenge/tbC71p_jDbj8hdX-iFAg9wSzEu0rZubzgwp7qk3-JKA HTTP/1.1" 404 268 "-" "Mozilla/5.0 (compatible; Let's Encrypt validation server; +https://www.letsencrypt.org)"
64.78.149.164 - - [30/Aug/2021:16:19:02 +0000] "GET /.well-known/acme-challenge/tbC71p_jDbj8hdX-iFAg9wSzEu0rZubzgwp7qk3-JKA HTTP/1.1" 404 268 "-" "Mozilla/5.0 (compatible; Let's Encrypt validation server; +https://www.letsencrypt.org)"
157.55.39.90 - - [30/Aug/2021:16:19:05 +0000] "GET /robots.txt HTTP/1.1" 404 208 "-" "Mozilla/5.0 (compatible; bingbot/2.0; +http://www.bing.com/bingbot.htm)"
157.55.39.112 - - [30/Aug/2021:16:19:10 +0000] "GET / HTTP/1.1" 304 - "-" "Mozilla/5.0 (compatible; bingbot/2.0; +http://www.bing.com/bingbot.htm)"
157.55.39.50 - - [30/Aug/2021:16:56:42 +0000] "GET / HTTP/1.1" 200 5048 "-" "Mozilla/5.0 (compatible; bingbot/2.0; +http://www.bing.com/bingbot.htm)"
3.120.130.29 - - [30/Aug/2021:17:19:01 +0000] "GET /.well-known/acme-challenge/UuGRJEHthIhyw11dmf9dr2MFuCfRB4CnGVdjMkTLrWg HTTP/1.1" 404 268 "-" "Mozilla/5.0 (compatible; Let's Encrypt validation server; +https://www.letsencrypt.org)"
3.142.122.14 - - [30/Aug/2021:17:19:01 +0000] "GET /.well-known/acme-challenge/UuGRJEHthIhyw11dmf9dr2MFuCfRB4CnGVdjMkTLrWg HTTP/1.1" 404 268 "-" "Mozilla/5.0 (compatible; Let's Encrypt validation server; +https://www.letsencrypt.org)"
52.39.4.59 - - [30/Aug/2021:17:19:01 +0000] "GET /.well-known/acme-challenge/UuGRJEHthIhyw11dmf9dr2MFuCfRB4CnGVdjMkTLrWg HTTP/1.1" 404 268 "-" "Mozilla/5.0 (compatible; Let's Encrypt validation server; +https://www.letsencrypt.org)"
64.78.149.164 - - [30/Aug/2021:17:19:01 +0000] "GET /.well-known/acme-challenge/UuGRJEHthIhyw11dmf9dr2MFuCfRB4CnGVdjMkTLrWg HTTP/1.1" 404 268 "-" "Mozilla/5.0 (compatible; Let's Encrypt validation server; +https://www.letsencrypt.org)"
66.249.79.14 - - [30/Aug/2021:18:16:15 +0000] "GET /robots.txt HTTP/1.1" 404 208 "-" "Mozilla/5.0 (compatible; Googlebot/2.1; +http://www.google.com/bot.html)"
66.249.79.10 - - [30/Aug/2021:18:16:16 +0000] "GET / HTTP/1.1" 200 5048 "-" "Mozilla/5.0 (compatible; Googlebot/2.1; +http://www.google.com/bot.html)"
18.192.36.99 - - [30/Aug/2021:18:18:59 +0000] "GET /.well-known/acme-challenge/iAFoZZIIsKt2LV0dk85kHfDOIG3YbI0QJXet3D7sQrs HTTP/1.1" 404 268 "-" "Mozilla/5.0 (compatible; Let's Encrypt validation server; +https://www.letsencrypt.org)"
34.219.87.132 - - [30/Aug/2021:18:19:00 +0000] "GET /.well-known/acme-challenge/iAFoZZIIsKt2LV0dk85kHfDOIG3YbI0QJXet3D7sQrs HTTP/1.1" 404 268 "-" "Mozilla/5.0 (compatible; Let's Encrypt validation server; +https://www.letsencrypt.org)"
3.142.122.14 - - [30/Aug/2021:18:19:00 +0000] "GET /.well-known/acme-challenge/iAFoZZIIsKt2LV0dk85kHfDOIG3YbI0QJXet3D7sQrs HTTP/1.1" 404 268 "-" "Mozilla/5.0 (compatible; Let's Encrypt validation server; +https://www.letsencrypt.org)"
64.78.149.164 - - [30/Aug/2021:18:19:00 +0000] "GET /.well-known/acme-challenge/iAFoZZIIsKt2LV0dk85kHfDOIG3YbI0QJXet3D7sQrs HTTP/1.1" 404 268 "-" "Mozilla/5.0 (compatible; Let's Encrypt validation server; +https://www.letsencrypt.org)"
66.249.79.10 - - [30/Aug/2021:18:24:50 +0000] "GET / HTTP/1.1" 200 5048 "-" "Mozilla/5.0 (Linux; Android 6.0.1; Nexus 5X Build/MMB29P) AppleWebKit/537.36 (KHTML, like Gecko) Chrome/92.0.4515.119 Mobile Safari/537.36 (compatible; Googlebot/2.1; +http://www.google.com/bot.html)"
81.4.122.242 - - [30/Aug/2021:18:30:41 +0000] "HEAD / HTTP/1.1" 200 - "-" "-"
18.159.196.172 - - [30/Aug/2021:19:18:58 +0000] "GET /.well-known/acme-challenge/jJuhdzAWDUv-TibnuRN-gt1utsOUDkFEoFMkzweJG8k HTTP/1.1" 404 268 "-" "Mozilla/5.0 (compatible; Let's Encrypt validation server; +https://www.letsencrypt.org)"
18.116.86.117 - - [30/Aug/2021:19:18:58 +0000] "GET /.well-known/acme-challenge/jJuhdzAWDUv-TibnuRN-gt1utsOUDkFEoFMkzweJG8k HTTP/1.1" 404 268 "-" "Mozilla/5.0 (compatible; Let's Encrypt validation server; +https://www.letsencrypt.org)"
52.39.4.59 - - [30/Aug/2021:19:18:58 +0000] "GET /.well-known/acme-challenge/jJuhdzAWDUv-TibnuRN-gt1utsOUDkFEoFMkzweJG8k HTTP/1.1" 404 268 "-" "Mozilla/5.0 (compatible; Let's Encrypt validation server; +https://www.letsencrypt.org)"
64.78.149.164 - - [30/Aug/2021:19:18:58 +0000] "GET /.well-known/acme-challenge/jJuhdzAWDUv-TibnuRN-gt1utsOUDkFEoFMkzweJG8k HTTP/1.1" 404 268 "-" "Mozilla/5.0 (compatible; Let's Encrypt validation server; +https://www.letsencrypt.org)"
66.249.79.128 - - [30/Aug/2021:19:59:26 +0000] "GET / HTTP/1.1" 200 5048 "-" "Mozilla/5.0 (Linux; Android 6.0.1; Nexus 5X Build/MMB29P) AppleWebKit/537.36 (KHTML, like Gecko) Chrome/92.0.4515.119 Mobile Safari/537.36 (compatible; Googlebot/2.1; +http://www.google.com/bot.html)"
18.192.36.99 - - [30/Aug/2021:20:18:58 +0000] "GET /.well-known/acme-challenge/4h8PMZv41ppkatIrBbBv83K92jxeV1n6jSROSg2YzYY HTTP/1.1" 404 268 "-" "Mozilla/5.0 (compatible; Let's Encrypt validation server; +https://www.letsencrypt.org)"
3.19.56.43 - - [30/Aug/2021:20:18:58 +0000] "GET /.well-known/acme-challenge/4h8PMZv41ppkatIrBbBv83K92jxeV1n6jSROSg2YzYY HTTP/1.1" 404 268 "-" "Mozilla/5.0 (compatible; Let's Encrypt validation server; +https://www.letsencrypt.org)"
52.39.4.59 - - [30/Aug/2021:20:18:58 +0000] "GET /.well-known/acme-challenge/4h8PMZv41ppkatIrBbBv83K92jxeV1n6jSROSg2YzYY HTTP/1.1" 404 268 "-" "Mozilla/5.0 (compatible; Let's Encrypt validation server; +https://www.letsencrypt.org)"
66.133.109.36 - - [30/Aug/2021:20:18:58 +0000] "GET /.well-known/acme-challenge/4h8PMZv41ppkatIrBbBv83K92jxeV1n6jSROSg2YzYY HTTP/1.1" 404 268 "-" "Mozilla/5.0 (compatible; Let's Encrypt validation server; +https://www.letsencrypt.org)"
18.159.196.172 - - [30/Aug/2021:21:18:59 +0000] "GET /.well-known/acme-challenge/5Z1ZSNZutVnCw4KTUggFsoDnX2fQF_52BPCiUWtZplA HTTP/1.1" 404 268 "-" "Mozilla/5.0 (compatible; Let's Encrypt validation server; +https://www.letsencrypt.org)"
66.133.109.36 - - [30/Aug/2021:21:18:59 +0000] "GET /.well-known/acme-challenge/5Z1ZSNZutVnCw4KTUggFsoDnX2fQF_52BPCiUWtZplA HTTP/1.1" 404 268 "-" "Mozilla/5.0 (compatible; Let's Encrypt validation server; +https://www.letsencrypt.org)"
3.19.56.43 - - [30/Aug/2021:21:18:59 +0000] "GET /.well-known/acme-challenge/5Z1ZSNZutVnCw4KTUggFsoDnX2fQF_52BPCiUWtZplA HTTP/1.1" 404 268 "-" "Mozilla/5.0 (compatible; Let's Encrypt validation server; +https://www.letsencrypt.org)"
34.219.87.132 - - [30/Aug/2021:21:19:00 +0000] "GET /.well-known/acme-challenge/5Z1ZSNZutVnCw4KTUggFsoDnX2fQF_52BPCiUWtZplA HTTP/1.1" 404 268 "-" "Mozilla/5.0 (compatible; Let's Encrypt validation server; +https://www.letsencrypt.org)"
18.159.196.172 - - [30/Aug/2021:22:18:37 +0000] "GET /.well-known/acme-challenge/7BWlr-jc2nKBh8yLjFe1sKmCkWKww4R6frGeGxIEDL0 HTTP/1.1" 404 268 "-" "Mozilla/5.0 (compatible; Let's Encrypt validation server; +https://www.letsencrypt.org)"
18.116.86.117 - - [30/Aug/2021:22:18:37 +0000] "GET /.well-known/acme-challenge/7BWlr-jc2nKBh8yLjFe1sKmCkWKww4R6frGeGxIEDL0 HTTP/1.1" 404 268 "-" "Mozilla/5.0 (compatible; Let's Encrypt validation server; +https://www.letsencrypt.org)"
34.219.87.132 - - [30/Aug/2021:22:18:37 +0000] "GET /.well-known/acme-challenge/7BWlr-jc2nKBh8yLjFe1sKmCkWKww4R6frGeGxIEDL0 HTTP/1.1" 404 268 "-" "Mozilla/5.0 (compatible; Let's Encrypt validation server; +https://www.letsencrypt.org)"
66.133.109.36 - - [30/Aug/2021:22:18:37 +0000] "GET /.well-known/acme-challenge/7BWlr-jc2nKBh8yLjFe1sKmCkWKww4R6frGeGxIEDL0 HTTP/1.1" 404 268 "-" "Mozilla/5.0 (compatible; Let's Encrypt validation server; +https://www.letsencrypt.org)"
18.159.196.172 - - [30/Aug/2021:23:18:58 +0000] "GET /.well-known/acme-challenge/pK7CI9yvK8AhYB9Ba-85fO2Wa2Zp7BwwPjA5T1qFGFo HTTP/1.1" 404 268 "-" "Mozilla/5.0 (compatible; Let's Encrypt validation server; +https://www.letsencrypt.org)"
3.142.122.14 - - [30/Aug/2021:23:18:58 +0000] "GET /.well-known/acme-challenge/pK7CI9yvK8AhYB9Ba-85fO2Wa2Zp7BwwPjA5T1qFGFo HTTP/1.1" 404 268 "-" "Mozilla/5.0 (compatible; Let's Encrypt validation server; +https://www.letsencrypt.org)"
34.221.255.206 - - [30/Aug/2021:23:18:58 +0000] "GET /.well-known/acme-challenge/pK7CI9yvK8AhYB9Ba-85fO2Wa2Zp7BwwPjA5T1qFGFo HTTP/1.1" 404 268 "-" "Mozilla/5.0 (compatible; Let's Encrypt validation server; +https://www.letsencrypt.org)"
64.78.149.164 - - [30/Aug/2021:23:18:58 +0000] "GET /.well-known/acme-challenge/pK7CI9yvK8AhYB9Ba-85fO2Wa2Zp7BwwPjA5T1qFGFo HTTP/1.1" 404 268 "-" "Mozilla/5.0 (compatible; Let's Encrypt validation server; +https://www.letsencrypt.org)"
3.120.130.29 - - [31/Aug/2021:00:19:05 +0000] "GET /.well-known/acme-challenge/P-QgJaG_TilCqBj0ao7HDGsFcW-gjJCs4m8_RT23KHE HTTP/1.1" 404 268 "-" "Mozilla/5.0 (compatible; Let's Encrypt validation server; +https://www.letsencrypt.org)"
34.219.87.132 - - [31/Aug/2021:00:19:05 +0000] "GET /.well-known/acme-challenge/P-QgJaG_TilCqBj0ao7HDGsFcW-gjJCs4m8_RT23KHE HTTP/1.1" 404 268 "-" "Mozilla/5.0 (compatible; Let's Encrypt validation server; +https://www.letsencrypt.org)"
18.116.86.117 - - [31/Aug/2021:00:19:05 +0000] "GET /.well-known/acme-challenge/P-QgJaG_TilCqBj0ao7HDGsFcW-gjJCs4m8_RT23KHE HTTP/1.1" 404 268 "-" "Mozilla/5.0 (compatible; Let's Encrypt validation server; +https://www.letsencrypt.org)"
64.78.149.164 - - [31/Aug/2021:00:19:06 +0000] "GET /.well-known/acme-challenge/P-QgJaG_TilCqBj0ao7HDGsFcW-gjJCs4m8_RT23KHE HTTP/1.1" 404 268 "-" "Mozilla/5.0 (compatible; Let's Encrypt validation server; +https://www.letsencrypt.org)"
157.55.39.112 - - [31/Aug/2021:00:57:00 +0000] "GET / HTTP/1.1" 200 5048 "-" "Mozilla/5.0 (compatible; bingbot/2.0; +http://www.bing.com/bingbot.htm)"
3.142.122.14 - - [31/Aug/2021:01:18:58 +0000] "GET /.well-known/acme-challenge/_CFVY3Rg1nsKIfE_YgqWkeCkNHlMbGsjYlU0BqTSCgI HTTP/1.1" 404 268 "-" "Mozilla/5.0 (compatible; Let's Encrypt validation server; +https://www.letsencrypt.org)"
18.159.196.172 - - [31/Aug/2021:01:18:58 +0000] "GET /.well-known/acme-challenge/_CFVY3Rg1nsKIfE_YgqWkeCkNHlMbGsjYlU0BqTSCgI HTTP/1.1" 404 268 "-" "Mozilla/5.0 (compatible; Let's Encrypt validation server; +https://www.letsencrypt.org)"
34.219.87.132 - - [31/Aug/2021:01:18:58 +0000] "GET /.well-known/acme-challenge/_CFVY3Rg1nsKIfE_YgqWkeCkNHlMbGsjYlU0BqTSCgI HTTP/1.1" 404 268 "-" "Mozilla/5.0 (compatible; Let's Encrypt validation server; +https://www.letsencrypt.org)"
66.133.109.36 - - [31/Aug/2021:01:18:59 +0000] "GET /.well-known/acme-challenge/_CFVY3Rg1nsKIfE_YgqWkeCkNHlMbGsjYlU0BqTSCgI HTTP/1.1" 404 268 "-" "Mozilla/5.0 (compatible; Let's Encrypt validation server; +https://www.letsencrypt.org)"
121.5.147.119 - - [31/Aug/2021:02:01:06 +0000] "GET / HTTP/1.1" 200 5048 "-" "Mozilla/5.0 (Linux; Android 10; LIO-AN00 Build/HUAWEILIO-AN00; wv) AppleWebKit/537.36 (KHTML, like Gecko) Version/4.0 Chrome/78.0.3904.62 XWEB/2692 MMWEBSDK/200901 Mobile Safari/537.36"
157.55.39.50 - - [31/Aug/2021:02:17:26 +0000] "GET / HTTP/1.1" 200 5048 "-" "Mozilla/5.0 (compatible; bingbot/2.0; +http://www.bing.com/bingbot.htm)"
3.120.130.29 - - [31/Aug/2021:02:18:57 +0000] "GET /.well-known/acme-challenge/yVac4RsXgiRvfpkJrbJTYYhhP7ez3WJx1EQWeHfI564 HTTP/1.1" 404 268 "-" "Mozilla/5.0 (compatible; Let's Encrypt validation server; +https://www.letsencrypt.org)"
52.39.4.59 - - [31/Aug/2021:02:18:57 +0000] "GET /.well-known/acme-challenge/yVac4RsXgiRvfpkJrbJTYYhhP7ez3WJx1EQWeHfI564 HTTP/1.1" 404 268 "-" "Mozilla/5.0 (compatible; Let's Encrypt validation server; +https://www.letsencrypt.org)"
3.19.56.43 - - [31/Aug/2021:02:18:57 +0000] "GET /.well-known/acme-challenge/yVac4RsXgiRvfpkJrbJTYYhhP7ez3WJx1EQWeHfI564 HTTP/1.1" 404 268 "-" "Mozilla/5.0 (compatible; Let's Encrypt validation server; +https://www.letsencrypt.org)"
64.78.149.164 - - [31/Aug/2021:02:18:57 +0000] "GET /.well-known/acme-challenge/yVac4RsXgiRvfpkJrbJTYYhhP7ez3WJx1EQWeHfI564 HTTP/1.1" 404 268 "-" "Mozilla/5.0 (compatible; Let's Encrypt validation server; +https://www.letsencrypt.org)"
121.5.147.119 - - [31/Aug/2021:02:24:04 +0000] "GET / HTTP/1.1" 200 5048 "-" "Mozilla/5.0 (Linux; Android 10; LIO-AN00 Build/HUAWEILIO-AN00; wv) AppleWebKit/537.36 (KHTML, like Gecko) Version/4.0 Chrome/78.0.3904.62 XWEB/2692 MMWEBSDK/200901 Mobile Safari/537.36"
92.118.160.61 - - [31/Aug/2021:02:44:50 +0000] "GET / HTTP/1.1" 200 5048 "-" "NetSystemsResearch studies the availability of various services across the internet. Our website is netsystemsresearch.com"
34.71.21.196 - - [31/Aug/2021:02:58:07 +0000] "HEAD /wordpress HTTP/1.1" 404 - "-" "Mozilla/5.0 (Windows NT 10.0; Win64; x64) AppleWebKit/537.36 (KHTML, like Gecko) Chrome/74.0.3729.169 Safari/537.36"
34.71.21.196 - - [31/Aug/2021:02:58:08 +0000] "HEAD / HTTP/1.1" 200 - "-" "Mozilla/5.0 (Windows NT 10.0; Win64; x64) AppleWebKit/537.36 (KHTML, like Gecko) Chrome/74.0.3729.169 Safari/537.36"
34.71.21.196 - - [31/Aug/2021:02:58:08 +0000] "HEAD /wp HTTP/1.1" 404 - "-" "Mozilla/5.0 (Windows NT 10.0; Win64; x64) AppleWebKit/537.36 (KHTML, like Gecko) Chrome/74.0.3729.169 Safari/537.36"
34.71.21.196 - - [31/Aug/2021:02:58:08 +0000] "HEAD /bc HTTP/1.1" 404 - "-" "Mozilla/5.0 (Windows NT 10.0; Win64; x64) AppleWebKit/537.36 (KHTML, like Gecko) Chrome/74.0.3729.169 Safari/537.36"
34.71.21.196 - - [31/Aug/2021:02:58:08 +0000] "HEAD /bk HTTP/1.1" 404 - "-" "Mozilla/5.0 (Windows NT 10.0; Win64; x64) AppleWebKit/537.36 (KHTML, like Gecko) Chrome/74.0.3729.169 Safari/537.36"
34.71.21.196 - - [31/Aug/2021:02:58:09 +0000] "HEAD /backup HTTP/1.1" 404 - "-" "Mozilla/5.0 (Windows NT 10.0; Win64; x64) AppleWebKit/537.36 (KHTML, like Gecko) Chrome/74.0.3729.169 Safari/537.36"
34.71.21.196 - - [31/Aug/2021:02:58:09 +0000] "HEAD /old HTTP/1.1" 404 - "-" "Mozilla/5.0 (Windows NT 10.0; Win64; x64) AppleWebKit/537.36 (KHTML, like Gecko) Chrome/74.0.3729.169 Safari/537.36"
34.71.21.196 - - [31/Aug/2021:02:58:09 +0000] "HEAD /old-site HTTP/1.1" 404 - "-" "Mozilla/5.0 (Windows NT 10.0; Win64; x64) AppleWebKit/537.36 (KHTML, like Gecko) Chrome/74.0.3729.169 Safari/537.36"
34.71.21.196 - - [31/Aug/2021:02:58:09 +0000] "HEAD /oldsite HTTP/1.1" 404 - "-" "Mozilla/5.0 (Windows NT 10.0; Win64; x64) AppleWebKit/537.36 (KHTML, like Gecko) Chrome/74.0.3729.169 Safari/537.36"
34.71.21.196 - - [31/Aug/2021:02:58:09 +0000] "HEAD /new HTTP/1.1" 404 - "-" "Mozilla/5.0 (Windows NT 10.0; Win64; x64) AppleWebKit/537.36 (KHTML, like Gecko) Chrome/74.0.3729.169 Safari/537.36"
34.71.21.196 - - [31/Aug/2021:02:58:10 +0000] "HEAD /main HTTP/1.1" 404 - "-" "Mozilla/5.0 (Windows NT 10.0; Win64; x64) AppleWebKit/537.36 (KHTML, like Gecko) Chrome/74.0.3729.169 Safari/537.36"
34.71.21.196 - - [31/Aug/2021:02:58:10 +0000] "HEAD /home HTTP/1.1" 404 - "-" "Mozilla/5.0 (Windows NT 10.0; Win64; x64) AppleWebKit/537.36 (KHTML, like Gecko) Chrome/74.0.3729.169 Safari/537.36"
3.120.130.29 - - [31/Aug/2021:03:19:01 +0000] "GET /.well-known/acme-challenge/0leYvl312g9airGjXjsUOBpDnYCgN_8C5UWk2ikGZIQ HTTP/1.1" 404 268 "-" "Mozilla/5.0 (compatible; Let's Encrypt validation server; +https://www.letsencrypt.org)"
34.221.255.206 - - [31/Aug/2021:03:19:01 +0000] "GET /.well-known/acme-challenge/0leYvl312g9airGjXjsUOBpDnYCgN_8C5UWk2ikGZIQ HTTP/1.1" 404 268 "-" "Mozilla/5.0 (compatible; Let's Encrypt validation server; +https://www.letsencrypt.org)"
3.19.56.43 - - [31/Aug/2021:03:19:01 +0000] "GET /.well-known/acme-challenge/0leYvl312g9airGjXjsUOBpDnYCgN_8C5UWk2ikGZIQ HTTP/1.1" 404 268 "-" "Mozilla/5.0 (compatible; Let's Encrypt validation server; +https://www.letsencrypt.org)"
66.133.109.36 - - [31/Aug/2021:03:19:01 +0000] "GET /.well-known/acme-challenge/0leYvl312g9airGjXjsUOBpDnYCgN_8C5UWk2ikGZIQ HTTP/1.1" 404 268 "-" "Mozilla/5.0 (compatible; Let's Encrypt validation server; +https://www.letsencrypt.org)"
18.192.36.99 - - [31/Aug/2021:04:19:07 +0000] "GET /.well-known/acme-challenge/kYgWEHMhr7M9DbVHPPMjq0RoAPF9kUBu6BeOPEcuiNo HTTP/1.1" 404 268 "-" "Mozilla/5.0 (compatible; Let's Encrypt validation server; +https://www.letsencrypt.org)"
34.219.87.132 - - [31/Aug/2021:04:19:07 +0000] "GET /.well-known/acme-challenge/kYgWEHMhr7M9DbVHPPMjq0RoAPF9kUBu6BeOPEcuiNo HTTP/1.1" 404 268 "-" "Mozilla/5.0 (compatible; Let's Encrypt validation server; +https://www.letsencrypt.org)"
3.19.56.43 - - [31/Aug/2021:04:19:08 +0000] "GET /.well-known/acme-challenge/kYgWEHMhr7M9DbVHPPMjq0RoAPF9kUBu6BeOPEcuiNo HTTP/1.1" 404 268 "-" "Mozilla/5.0 (compatible; Let's Encrypt validation server; +https://www.letsencrypt.org)"
64.78.149.164 - - [31/Aug/2021:04:19:08 +0000] "GET /.well-known/acme-challenge/kYgWEHMhr7M9DbVHPPMjq0RoAPF9kUBu6BeOPEcuiNo HTTP/1.1" 404 268 "-" "Mozilla/5.0 (compatible; Let's Encrypt validation server; +https://www.letsencrypt.org)"
103.209.223.111 - - [31/Aug/2021:04:47:03 +0000] "GET / HTTP/1.1" 200 5048 "-" "Mozilla/5.0 (Linux; Android 10; Mi A2) AppleWebKit/537.36 (KHTML, like Gecko) Chrome/78.0.3904.96 Mobile Safari/537.36"
103.209.223.111 - - [31/Aug/2021:04:47:03 +0000] "GET /favicon.ico HTTP/1.1" 404 209 "https://mswebtech.com/" "Mozilla/5.0 (Linux; Android 10; Mi A2) AppleWebKit/537.36 (KHTML, like Gecko) Chrome/78.0.3904.96 Mobile Safari/537.36"
3.120.130.29 - - [31/Aug/2021:05:19:02 +0000] "GET /.well-known/acme-challenge/rfX35skDpboEmuGnqxJA_iYvnpMoMozwyc7NE3iqLv4 HTTP/1.1" 404 268 "-" "Mozilla/5.0 (compatible; Let's Encrypt validation server; +https://www.letsencrypt.org)"
18.116.86.117 - - [31/Aug/2021:05:19:02 +0000] "GET /.well-known/acme-challenge/rfX35skDpboEmuGnqxJA_iYvnpMoMozwyc7NE3iqLv4 HTTP/1.1" 404 268 "-" "Mozilla/5.0 (compatible; Let's Encrypt validation server; +https://www.letsencrypt.org)"
34.219.87.132 - - [31/Aug/2021:05:19:02 +0000] "GET /.well-known/acme-challenge/rfX35skDpboEmuGnqxJA_iYvnpMoMozwyc7NE3iqLv4 HTTP/1.1" 404 268 "-" "Mozilla/5.0 (compatible; Let's Encrypt validation server; +https://www.letsencrypt.org)"
64.78.149.164 - - [31/Aug/2021:05:19:02 +0000] "GET /.well-known/acme-challenge/rfX35skDpboEmuGnqxJA_iYvnpMoMozwyc7NE3iqLv4 HTTP/1.1" 404 268 "-" "Mozilla/5.0 (compatible; Let's Encrypt validation server; +https://www.letsencrypt.org)"
3.120.130.29 - - [31/Aug/2021:06:19:02 +0000] "GET /.well-known/acme-challenge/TH3hJKWoC959_D9Bu_Pj3RFC4xYvbJPtNQXWuJvFA0E HTTP/1.1" 404 268 "-" "Mozilla/5.0 (compatible; Let's Encrypt validation server; +https://www.letsencrypt.org)"
34.219.87.132 - - [31/Aug/2021:06:19:02 +0000] "GET /.well-known/acme-challenge/TH3hJKWoC959_D9Bu_Pj3RFC4xYvbJPtNQXWuJvFA0E HTTP/1.1" 404 268 "-" "Mozilla/5.0 (compatible; Let's Encrypt validation server; +https://www.letsencrypt.org)"
3.19.56.43 - - [31/Aug/2021:06:19:02 +0000] "GET /.well-known/acme-challenge/TH3hJKWoC959_D9Bu_Pj3RFC4xYvbJPtNQXWuJvFA0E HTTP/1.1" 404 268 "-" "Mozilla/5.0 (compatible; Let's Encrypt validation server; +https://www.letsencrypt.org)"
66.133.109.36 - - [31/Aug/2021:06:19:02 +0000] "GET /.well-known/acme-challenge/TH3hJKWoC959_D9Bu_Pj3RFC4xYvbJPtNQXWuJvFA0E HTTP/1.1" 404 268 "-" "Mozilla/5.0 (compatible; Let's Encrypt validation server; +https://www.letsencrypt.org)"
34.221.73.22 - - [31/Aug/2021:06:21:18 +0000] "GET / HTTP/1.1" 200 5048 "-" "Mozilla/5.0 (X11; Linux x86_64) AppleWebKit/537.36 (KHTML, like Gecko) Chrome/83.0.4103.97 Safari/537.36"
34.219.100.100 - - [31/Aug/2021:06:24:43 +0000] "GET /favicon.ico HTTP/1.1" 404 209 "-" "Mozilla/5.0 (X11; Linux x86_64) AppleWebKit/537.36 (KHTML, like Gecko) Chrome/83.0.4103.97 Safari/537.36"
34.219.100.100 - - [31/Aug/2021:06:24:49 +0000] "GET / HTTP/1.1" 200 5048 "-" "Mozilla/5.0 (X11; Linux x86_64) AppleWebKit/537.36 (KHTML, like Gecko) Chrome/83.0.4103.97 Safari/537.36"
34.208.175.135 - - [31/Aug/2021:06:31:18 +0000] "GET / HTTP/1.1" 200 5048 "-" "Mozilla/5.0 (Windows NT 10.0; Win64; x64)AppleWebKit/537.36 (KHTML, like Gecko) Chrome/66.0.3359.181 Safari/537.36"
18.159.196.172 - - [31/Aug/2021:07:19:02 +0000] "GET /.well-known/acme-challenge/x9aIeCcMX-f5sKKWG21D_8l836RGlCO62b6TnPlLoQQ HTTP/1.1" 404 268 "-" "Mozilla/5.0 (compatible; Let's Encrypt validation server; +https://www.letsencrypt.org)"
3.19.56.43 - - [31/Aug/2021:07:19:02 +0000] "GET /.well-known/acme-challenge/x9aIeCcMX-f5sKKWG21D_8l836RGlCO62b6TnPlLoQQ HTTP/1.1" 404 268 "-" "Mozilla/5.0 (compatible; Let's Encrypt validation server; +https://www.letsencrypt.org)"
34.221.255.206 - - [31/Aug/2021:07:19:02 +0000] "GET /.well-known/acme-challenge/x9aIeCcMX-f5sKKWG21D_8l836RGlCO62b6TnPlLoQQ HTTP/1.1" 404 268 "-" "Mozilla/5.0 (compatible; Let's Encrypt validation server; +https://www.letsencrypt.org)"
64.78.149.164 - - [31/Aug/2021:07:19:03 +0000] "GET /.well-known/acme-challenge/x9aIeCcMX-f5sKKWG21D_8l836RGlCO62b6TnPlLoQQ HTTP/1.1" 404 268 "-" "Mozilla/5.0 (compatible; Let's Encrypt validation server; +https://www.letsencrypt.org)"
54.190.80.153 - - [31/Aug/2021:08:04:46 +0000] "GET / HTTP/1.1" 200 5048 "-" "-"
3.120.130.29 - - [31/Aug/2021:08:19:00 +0000] "GET /.well-known/acme-challenge/GAMMtVv1ib4Th1ohtG1gzFRuzR6l0AZiHSg2uZKwb1Y HTTP/1.1" 404 268 "-" "Mozilla/5.0 (compatible; Let's Encrypt validation server; +https://www.letsencrypt.org)"
18.116.86.117 - - [31/Aug/2021:08:19:00 +0000] "GET /.well-known/acme-challenge/GAMMtVv1ib4Th1ohtG1gzFRuzR6l0AZiHSg2uZKwb1Y HTTP/1.1" 404 268 "-" "Mozilla/5.0 (compatible; Let's Encrypt validation server; +https://www.letsencrypt.org)"
34.219.87.132 - - [31/Aug/2021:08:19:00 +0000] "GET /.well-known/acme-challenge/GAMMtVv1ib4Th1ohtG1gzFRuzR6l0AZiHSg2uZKwb1Y HTTP/1.1" 404 268 "-" "Mozilla/5.0 (compatible; Let's Encrypt validation server; +https://www.letsencrypt.org)"
64.78.149.164 - - [31/Aug/2021:08:19:00 +0000] "GET /.well-known/acme-challenge/GAMMtVv1ib4Th1ohtG1gzFRuzR6l0AZiHSg2uZKwb1Y HTTP/1.1" 404 268 "-" "Mozilla/5.0 (compatible; Let's Encrypt validation server; +https://www.letsencrypt.org)"
18.192.36.99 - - [31/Aug/2021:09:18:59 +0000] "GET /.well-known/acme-challenge/v_uFYIT5GnAsJN51bjuoga4VkJ8mffDizVrOvIAT79w HTTP/1.1" 404 268 "-" "Mozilla/5.0 (compatible; Let's Encrypt validation server; +https://www.letsencrypt.org)"
3.19.56.43 - - [31/Aug/2021:09:18:59 +0000] "GET /.well-known/acme-challenge/v_uFYIT5GnAsJN51bjuoga4VkJ8mffDizVrOvIAT79w HTTP/1.1" 404 268 "-" "Mozilla/5.0 (compatible; Let's Encrypt validation server; +https://www.letsencrypt.org)"
34.221.255.206 - - [31/Aug/2021:09:18:59 +0000] "GET /.well-known/acme-challenge/v_uFYIT5GnAsJN51bjuoga4VkJ8mffDizVrOvIAT79w HTTP/1.1" 404 268 "-" "Mozilla/5.0 (compatible; Let's Encrypt validation server; +https://www.letsencrypt.org)"
64.78.149.164 - - [31/Aug/2021:09:18:59 +0000] "GET /.well-known/acme-challenge/v_uFYIT5GnAsJN51bjuoga4VkJ8mffDizVrOvIAT79w HTTP/1.1" 404 268 "-" "Mozilla/5.0 (compatible; Let's Encrypt validation server; +https://www.letsencrypt.org)"
34.254.96.185 - - [31/Aug/2021:09:21:14 +0000] "GET /robots.txt HTTP/1.1" 404 208 "-" "webprosbot/2.0 (+mailto:abuse-6337@webpros.com)"
34.254.96.185 - - [31/Aug/2021:09:21:25 +0000] "GET /robots.txt HTTP/1.1" 404 208 "-" "webprosbot/2.0 (+mailto:abuse-6337@webpros.com)"
34.254.96.185 - - [31/Aug/2021:09:21:37 +0000] "GET / HTTP/1.1" 200 5048 "-" "webprosbot/2.0 (+mailto:abuse-6337@webpros.com)"
34.254.96.185 - - [31/Aug/2021:09:21:58 +0000] "GET / HTTP/1.1" 200 5048 "-" "webprosbot/2.0 (+mailto:abuse-6337@webpros.com)"
18.192.36.99 - - [31/Aug/2021:10:18:57 +0000] "GET /.well-known/acme-challenge/DekvT01LSQ3Mh-y8as9cqqA9QXIxAsY7Lo3v7MhRjaw HTTP/1.1" 404 268 "-" "Mozilla/5.0 (compatible; Let's Encrypt validation server; +https://www.letsencrypt.org)"
18.116.86.117 - - [31/Aug/2021:10:18:57 +0000] "GET /.well-known/acme-challenge/DekvT01LSQ3Mh-y8as9cqqA9QXIxAsY7Lo3v7MhRjaw HTTP/1.1" 404 268 "-" "Mozilla/5.0 (compatible; Let's Encrypt validation server; +https://www.letsencrypt.org)"
52.39.4.59 - - [31/Aug/2021:10:18:57 +0000] "GET /.well-known/acme-challenge/DekvT01LSQ3Mh-y8as9cqqA9QXIxAsY7Lo3v7MhRjaw HTTP/1.1" 404 268 "-" "Mozilla/5.0 (compatible; Let's Encrypt validation server; +https://www.letsencrypt.org)"
64.78.149.164 - - [31/Aug/2021:10:18:57 +0000] "GET /.well-known/acme-challenge/DekvT01LSQ3Mh-y8as9cqqA9QXIxAsY7Lo3v7MhRjaw HTTP/1.1" 404 268 "-" "Mozilla/5.0 (compatible; Let's Encrypt validation server; +https://www.letsencrypt.org)"
118.254.143.38 - - [31/Aug/2021:10:20:36 +0000] "GET / HTTP/1.1" 200 5048 "-" "Mozilla/5.0 (Windows NT 6.1; Win64; x64) AppleWebKit/537.36 (KHTML, like Gecko) Chrome/86.0.4240.75 Safari/537.36"
157.55.39.112 - - [31/Aug/2021:10:45:26 +0000] "GET / HTTP/1.1" 200 5048 "-" "Mozilla/5.0 (compatible; bingbot/2.0; +http://www.bing.com/bingbot.htm)"
44.192.92.118 - - [31/Aug/2021:11:07:37 +0000] "GET /ads.txt HTTP/1.1" 404 205 "-" "Mozilla/5.0 (Windows NT 10.0; Win64; x64) AppleWebKit/537.36 (KHTML, like Gecko) Chrome/88.0.4324.182 Safari/537.36"
18.192.36.99 - - [31/Aug/2021:11:18:56 +0000] "GET /.well-known/acme-challenge/v-AyLJEcTU-1a5mVwv83LZuuPE8kUduL_hzWiSwuGcU HTTP/1.1" 404 268 "-" "Mozilla/5.0 (compatible; Let's Encrypt validation server; +https://www.letsencrypt.org)"
18.116.86.117 - - [31/Aug/2021:11:18:56 +0000] "GET /.well-known/acme-challenge/v-AyLJEcTU-1a5mVwv83LZuuPE8kUduL_hzWiSwuGcU HTTP/1.1" 404 268 "-" "Mozilla/5.0 (compatible; Let's Encrypt validation server; +https://www.letsencrypt.org)"
52.39.4.59 - - [31/Aug/2021:11:18:56 +0000] "GET /.well-known/acme-challenge/v-AyLJEcTU-1a5mVwv83LZuuPE8kUduL_hzWiSwuGcU HTTP/1.1" 404 268 "-" "Mozilla/5.0 (compatible; Let's Encrypt validation server; +https://www.letsencrypt.org)"
64.78.149.164 - - [31/Aug/2021:11:18:56 +0000] "GET /.well-known/acme-challenge/v-AyLJEcTU-1a5mVwv83LZuuPE8kUduL_hzWiSwuGcU HTTP/1.1" 404 268 "-" "Mozilla/5.0 (compatible; Let's Encrypt validation server; +https://www.letsencrypt.org)"
