18.202.251.112 - - [06/Oct/2021:19:08:39 +0000] "HEAD / HTTP/1.1" 200 - "-" "Mozilla/5.0 (Windows NT 10.0; Win64; x64; rv:90.0) Gecko/20100101 Firefox/90.0"
18.159.196.172 - - [06/Oct/2021:19:18:54 +0000] "GET /.well-known/acme-challenge/tYee94JISKT61gDp4GFfHbMJaYvpmIi8tFfAJSU7WZg HTTP/1.1" 404 196 "-" "Mozilla/5.0 (compatible; Let's Encrypt validation server; +https://www.letsencrypt.org)"
34.219.87.132 - - [06/Oct/2021:19:18:54 +0000] "GET /.well-known/acme-challenge/tYee94JISKT61gDp4GFfHbMJaYvpmIi8tFfAJSU7WZg HTTP/1.1" 404 196 "-" "Mozilla/5.0 (compatible; Let's Encrypt validation server; +https://www.letsencrypt.org)"
18.116.86.117 - - [06/Oct/2021:19:18:54 +0000] "GET /.well-known/acme-challenge/tYee94JISKT61gDp4GFfHbMJaYvpmIi8tFfAJSU7WZg HTTP/1.1" 404 196 "-" "Mozilla/5.0 (compatible; Let's Encrypt validation server; +https://www.letsencrypt.org)"
64.78.149.164 - - [06/Oct/2021:19:18:54 +0000] "GET /.well-known/acme-challenge/tYee94JISKT61gDp4GFfHbMJaYvpmIi8tFfAJSU7WZg HTTP/1.1" 404 196 "-" "Mozilla/5.0 (compatible; Let's Encrypt validation server; +https://www.letsencrypt.org)"
66.133.109.36 - - [06/Oct/2021:20:18:52 +0000] "GET /.well-known/acme-challenge/UHorVUCV-O9zEx-c7EkO4qyYjCa6IqA0pjKRU4N1wEw HTTP/1.1" 404 196 "-" "Mozilla/5.0 (compatible; Let's Encrypt validation server; +https://www.letsencrypt.org)"
3.120.130.29 - - [06/Oct/2021:20:18:52 +0000] "GET /.well-known/acme-challenge/UHorVUCV-O9zEx-c7EkO4qyYjCa6IqA0pjKRU4N1wEw HTTP/1.1" 404 196 "-" "Mozilla/5.0 (compatible; Let's Encrypt validation server; +https://www.letsencrypt.org)"
18.116.86.117 - - [06/Oct/2021:20:18:52 +0000] "GET /.well-known/acme-challenge/UHorVUCV-O9zEx-c7EkO4qyYjCa6IqA0pjKRU4N1wEw HTTP/1.1" 404 196 "-" "Mozilla/5.0 (compatible; Let's Encrypt validation server; +https://www.letsencrypt.org)"
52.39.4.59 - - [06/Oct/2021:20:18:52 +0000] "GET /.well-known/acme-challenge/UHorVUCV-O9zEx-c7EkO4qyYjCa6IqA0pjKRU4N1wEw HTTP/1.1" 404 196 "-" "Mozilla/5.0 (compatible; Let's Encrypt validation server; +https://www.letsencrypt.org)"
45.91.22.6 - - [06/Oct/2021:20:29:54 +0000] "GET /cgi-bin/.%2E/%2E%2E/%2E%2E/%2E%2E/etc/passwd HTTP/1.1" 200 3561 "-" "python-urllib3/1.26.7"
3.120.130.29 - - [06/Oct/2021:21:18:56 +0000] "GET /.well-known/acme-challenge/hIFgtA1vqBf_AclBA6XSOxfagib84mYJJ_boJVkIKM0 HTTP/1.1" 404 196 "-" "Mozilla/5.0 (compatible; Let's Encrypt validation server; +https://www.letsencrypt.org)"
18.116.86.117 - - [06/Oct/2021:21:18:56 +0000] "GET /.well-known/acme-challenge/hIFgtA1vqBf_AclBA6XSOxfagib84mYJJ_boJVkIKM0 HTTP/1.1" 404 196 "-" "Mozilla/5.0 (compatible; Let's Encrypt validation server; +https://www.letsencrypt.org)"
64.78.149.164 - - [06/Oct/2021:21:18:56 +0000] "GET /.well-known/acme-challenge/hIFgtA1vqBf_AclBA6XSOxfagib84mYJJ_boJVkIKM0 HTTP/1.1" 404 196 "-" "Mozilla/5.0 (compatible; Let's Encrypt validation server; +https://www.letsencrypt.org)"
34.219.87.132 - - [06/Oct/2021:21:18:56 +0000] "GET /.well-known/acme-challenge/hIFgtA1vqBf_AclBA6XSOxfagib84mYJJ_boJVkIKM0 HTTP/1.1" 404 196 "-" "Mozilla/5.0 (compatible; Let's Encrypt validation server; +https://www.letsencrypt.org)"
18.159.196.172 - - [06/Oct/2021:22:18:52 +0000] "GET /.well-known/acme-challenge/1WEaRCOtV-tVdY02AO-RBapAxnH9meMJpvYgGWDKGrE HTTP/1.1" 404 196 "-" "Mozilla/5.0 (compatible; Let's Encrypt validation server; +https://www.letsencrypt.org)"
3.19.56.43 - - [06/Oct/2021:22:18:52 +0000] "GET /.well-known/acme-challenge/1WEaRCOtV-tVdY02AO-RBapAxnH9meMJpvYgGWDKGrE HTTP/1.1" 404 196 "-" "Mozilla/5.0 (compatible; Let's Encrypt validation server; +https://www.letsencrypt.org)"
66.133.109.36 - - [06/Oct/2021:22:18:53 +0000] "GET /.well-known/acme-challenge/1WEaRCOtV-tVdY02AO-RBapAxnH9meMJpvYgGWDKGrE HTTP/1.1" 404 196 "-" "Mozilla/5.0 (compatible; Let's Encrypt validation server; +https://www.letsencrypt.org)"
34.219.87.132 - - [06/Oct/2021:22:18:53 +0000] "GET /.well-known/acme-challenge/1WEaRCOtV-tVdY02AO-RBapAxnH9meMJpvYgGWDKGrE HTTP/1.1" 404 196 "-" "Mozilla/5.0 (compatible; Let's Encrypt validation server; +https://www.letsencrypt.org)"
3.120.130.29 - - [06/Oct/2021:23:18:55 +0000] "GET /.well-known/acme-challenge/SnOVCje8j9PShImhuOoO87sL4MVEnIm4Y4_uU-b1Iw0 HTTP/1.1" 404 196 "-" "Mozilla/5.0 (compatible; Let's Encrypt validation server; +https://www.letsencrypt.org)"
18.116.86.117 - - [06/Oct/2021:23:18:55 +0000] "GET /.well-known/acme-challenge/SnOVCje8j9PShImhuOoO87sL4MVEnIm4Y4_uU-b1Iw0 HTTP/1.1" 404 196 "-" "Mozilla/5.0 (compatible; Let's Encrypt validation server; +https://www.letsencrypt.org)"
64.78.149.164 - - [06/Oct/2021:23:18:55 +0000] "GET /.well-known/acme-challenge/SnOVCje8j9PShImhuOoO87sL4MVEnIm4Y4_uU-b1Iw0 HTTP/1.1" 404 196 "-" "Mozilla/5.0 (compatible; Let's Encrypt validation server; +https://www.letsencrypt.org)"
52.39.4.59 - - [06/Oct/2021:23:18:55 +0000] "GET /.well-known/acme-challenge/SnOVCje8j9PShImhuOoO87sL4MVEnIm4Y4_uU-b1Iw0 HTTP/1.1" 404 196 "-" "Mozilla/5.0 (compatible; Let's Encrypt validation server; +https://www.letsencrypt.org)"
18.159.196.172 - - [07/Oct/2021:00:18:52 +0000] "GET /.well-known/acme-challenge/8EJcUI1TZcsg0TZ-0oztQU_dl2p6kfOxUGnNvpRvsPM HTTP/1.1" 404 196 "-" "Mozilla/5.0 (compatible; Let's Encrypt validation server; +https://www.letsencrypt.org)"
3.19.56.43 - - [07/Oct/2021:00:18:52 +0000] "GET /.well-known/acme-challenge/8EJcUI1TZcsg0TZ-0oztQU_dl2p6kfOxUGnNvpRvsPM HTTP/1.1" 404 196 "-" "Mozilla/5.0 (compatible; Let's Encrypt validation server; +https://www.letsencrypt.org)"
34.219.87.132 - - [07/Oct/2021:00:18:52 +0000] "GET /.well-known/acme-challenge/8EJcUI1TZcsg0TZ-0oztQU_dl2p6kfOxUGnNvpRvsPM HTTP/1.1" 404 196 "-" "Mozilla/5.0 (compatible; Let's Encrypt validation server; +https://www.letsencrypt.org)"
66.133.109.36 - - [07/Oct/2021:00:18:52 +0000] "GET /.well-known/acme-challenge/8EJcUI1TZcsg0TZ-0oztQU_dl2p6kfOxUGnNvpRvsPM HTTP/1.1" 404 196 "-" "Mozilla/5.0 (compatible; Let's Encrypt validation server; +https://www.letsencrypt.org)"
18.159.196.172 - - [07/Oct/2021:01:18:52 +0000] "GET /.well-known/acme-challenge/998a0h-Zx3wOtoLUALEEdDz_-wjkTfCHDyQm57p6Rn4 HTTP/1.1" 404 196 "-" "Mozilla/5.0 (compatible; Let's Encrypt validation server; +https://www.letsencrypt.org)"
34.219.87.132 - - [07/Oct/2021:01:18:52 +0000] "GET /.well-known/acme-challenge/998a0h-Zx3wOtoLUALEEdDz_-wjkTfCHDyQm57p6Rn4 HTTP/1.1" 404 196 "-" "Mozilla/5.0 (compatible; Let's Encrypt validation server; +https://www.letsencrypt.org)"
66.133.109.36 - - [07/Oct/2021:01:18:52 +0000] "GET /.well-known/acme-challenge/998a0h-Zx3wOtoLUALEEdDz_-wjkTfCHDyQm57p6Rn4 HTTP/1.1" 404 196 "-" "Mozilla/5.0 (compatible; Let's Encrypt validation server; +https://www.letsencrypt.org)"
18.116.86.117 - - [07/Oct/2021:01:18:52 +0000] "GET /.well-known/acme-challenge/998a0h-Zx3wOtoLUALEEdDz_-wjkTfCHDyQm57p6Rn4 HTTP/1.1" 404 196 "-" "Mozilla/5.0 (compatible; Let's Encrypt validation server; +https://www.letsencrypt.org)"
144.202.104.164 - - [07/Oct/2021:02:12:46 +0000] "GET / HTTP/1.1" 200 1953 "-" "Mozilla/5.0 (Macintosh; Intel Mac OS X 11_1) AppleWebKit/537.36 (KHTML, like Gecko) Chrome/87.0.4280.88 Safari/537.36"
178.128.39.143 - - [07/Oct/2021:02:13:28 +0000] "GET /robots.txt HTTP/1.1" 404 196 "-" "Mozilla/5.0 (Windows NT 6.1; WOW64; rv:51.0) Gecko/20100101 Firefox/51.0"
178.128.39.143 - - [07/Oct/2021:02:13:29 +0000] "GET /sitemap.xml HTTP/1.1" 404 196 "-" "Mozilla/5.0 (Windows NT 10.0; Win64; x64) AppleWebKit/537.36 (KHTML, like Gecko) Chrome/55.0.2883.87 Safari/537.36"
18.192.36.99 - - [07/Oct/2021:02:18:55 +0000] "GET /.well-known/acme-challenge/tU00RbYGnRK7reN6bX6rl6eP6NKSg8fH1PTgRFp592I HTTP/1.1" 404 196 "-" "Mozilla/5.0 (compatible; Let's Encrypt validation server; +https://www.letsencrypt.org)"
52.39.4.59 - - [07/Oct/2021:02:18:56 +0000] "GET /.well-known/acme-challenge/tU00RbYGnRK7reN6bX6rl6eP6NKSg8fH1PTgRFp592I HTTP/1.1" 404 196 "-" "Mozilla/5.0 (compatible; Let's Encrypt validation server; +https://www.letsencrypt.org)"
3.142.122.14 - - [07/Oct/2021:02:18:56 +0000] "GET /.well-known/acme-challenge/tU00RbYGnRK7reN6bX6rl6eP6NKSg8fH1PTgRFp592I HTTP/1.1" 404 196 "-" "Mozilla/5.0 (compatible; Let's Encrypt validation server; +https://www.letsencrypt.org)"
66.133.109.36 - - [07/Oct/2021:02:18:56 +0000] "GET /.well-known/acme-challenge/tU00RbYGnRK7reN6bX6rl6eP6NKSg8fH1PTgRFp592I HTTP/1.1" 404 196 "-" "Mozilla/5.0 (compatible; Let's Encrypt validation server; +https://www.letsencrypt.org)"
40.77.167.3 - - [07/Oct/2021:02:45:14 +0000] "GET / HTTP/1.1" 200 1953 "-" "Mozilla/5.0 (compatible; bingbot/2.0; +http://www.bing.com/bingbot.htm)"
18.159.196.172 - - [07/Oct/2021:03:18:53 +0000] "GET /.well-known/acme-challenge/lkIu1IU_xIrL43_dJLYoBbzRT17iaB1oVIyquHo22Aw HTTP/1.1" 404 196 "-" "Mozilla/5.0 (compatible; Let's Encrypt validation server; +https://www.letsencrypt.org)"
3.19.56.43 - - [07/Oct/2021:03:18:53 +0000] "GET /.well-known/acme-challenge/lkIu1IU_xIrL43_dJLYoBbzRT17iaB1oVIyquHo22Aw HTTP/1.1" 404 196 "-" "Mozilla/5.0 (compatible; Let's Encrypt validation server; +https://www.letsencrypt.org)"
52.39.4.59 - - [07/Oct/2021:03:18:53 +0000] "GET /.well-known/acme-challenge/lkIu1IU_xIrL43_dJLYoBbzRT17iaB1oVIyquHo22Aw HTTP/1.1" 404 196 "-" "Mozilla/5.0 (compatible; Let's Encrypt validation server; +https://www.letsencrypt.org)"
64.78.149.164 - - [07/Oct/2021:03:18:54 +0000] "GET /.well-known/acme-challenge/lkIu1IU_xIrL43_dJLYoBbzRT17iaB1oVIyquHo22Aw HTTP/1.1" 404 196 "-" "Mozilla/5.0 (compatible; Let's Encrypt validation server; +https://www.letsencrypt.org)"
91.241.19.243 - - [07/Oct/2021:03:40:00 +0000] "GET / HTTP/1.1" 200 1953 "-" "Mozilla/5.0 (Windows NT 6.1; WOW64) AppleWebKit/537.1 (KHTML, like Gecko) Chrome/22.0.1207.1 Safari/537.1"
40.77.167.55 - - [07/Oct/2021:04:05:52 +0000] "GET /robots.txt HTTP/1.1" 404 196 "-" "Mozilla/5.0 (compatible; bingbot/2.0; +http://www.bing.com/bingbot.htm)"
40.77.167.55 - - [07/Oct/2021:04:05:53 +0000] "GET /robots.txt HTTP/1.1" 404 196 "-" "Mozilla/5.0 (compatible; bingbot/2.0; +http://www.bing.com/bingbot.htm)"
40.77.167.2 - - [07/Oct/2021:04:05:57 +0000] "GET / HTTP/1.1" 200 1953 "-" "Mozilla/5.0 (compatible; bingbot/2.0; +http://www.bing.com/bingbot.htm)"
34.75.110.192 - - [07/Oct/2021:04:10:20 +0000] "GET /robots.txt HTTP/1.0" 404 196 "-" "ZoominfoBot (zoominfobot at zoominfo dot com)"
34.75.110.192 - - [07/Oct/2021:04:10:20 +0000] "GET / HTTP/1.0" 200 1953 "-" "ZoominfoBot (zoominfobot at zoominfo dot com)"
34.75.110.192 - - [07/Oct/2021:04:10:26 +0000] "GET /robots.txt HTTP/1.0" 404 196 "-" "ZoominfoBot (zoominfobot at zoominfo dot com)"
34.75.110.192 - - [07/Oct/2021:04:10:27 +0000] "GET / HTTP/1.0" 200 1953 "-" "ZoominfoBot (zoominfobot at zoominfo dot com)"
18.192.36.99 - - [07/Oct/2021:04:18:53 +0000] "GET /.well-known/acme-challenge/bI_USjo8zfkhgqMgc2A0g6Ne609ySErCbubwyRdrkH0 HTTP/1.1" 404 196 "-" "Mozilla/5.0 (compatible; Let's Encrypt validation server; +https://www.letsencrypt.org)"
3.142.122.14 - - [07/Oct/2021:04:18:53 +0000] "GET /.well-known/acme-challenge/bI_USjo8zfkhgqMgc2A0g6Ne609ySErCbubwyRdrkH0 HTTP/1.1" 404 196 "-" "Mozilla/5.0 (compatible; Let's Encrypt validation server; +https://www.letsencrypt.org)"
66.133.109.36 - - [07/Oct/2021:04:18:53 +0000] "GET /.well-known/acme-challenge/bI_USjo8zfkhgqMgc2A0g6Ne609ySErCbubwyRdrkH0 HTTP/1.1" 404 196 "-" "Mozilla/5.0 (compatible; Let's Encrypt validation server; +https://www.letsencrypt.org)"
34.221.255.206 - - [07/Oct/2021:04:18:53 +0000] "GET /.well-known/acme-challenge/bI_USjo8zfkhgqMgc2A0g6Ne609ySErCbubwyRdrkH0 HTTP/1.1" 404 196 "-" "Mozilla/5.0 (compatible; Let's Encrypt validation server; +https://www.letsencrypt.org)"
82.162.0.111 - - [07/Oct/2021:05:05:12 +0000] "GET /cgi-bin/.%2E/%2E%2E/%2E%2E/%2E%2E/etc/passwd HTTP/1.1" 400 226 "-" "python-urllib3/1.26.5"
82.162.0.111 - - [07/Oct/2021:05:07:06 +0000] "GET /cgi-bin/.%2E/%2E%2E/%2E%2E/%2E%2E/etc/passwd HTTP/1.1" 400 226 "-" "python-urllib3/1.26.5"
82.162.0.111 - - [07/Oct/2021:05:09:03 +0000] "GET /cgi-bin/.%2E/%2E%2E/%2E%2E/%2E%2E/etc/passwd HTTP/1.1" 400 226 "-" "python-urllib3/1.26.5"
52.39.4.59 - - [07/Oct/2021:05:18:52 +0000] "GET /.well-known/acme-challenge/gS7HR2obPX31ZGnCCDDSPnw7acJSKeYYKq7Qi5ZgZ04 HTTP/1.1" 404 196 "-" "Mozilla/5.0 (compatible; Let's Encrypt validation server; +https://www.letsencrypt.org)"
18.159.196.172 - - [07/Oct/2021:05:18:52 +0000] "GET /.well-known/acme-challenge/gS7HR2obPX31ZGnCCDDSPnw7acJSKeYYKq7Qi5ZgZ04 HTTP/1.1" 404 196 "-" "Mozilla/5.0 (compatible; Let's Encrypt validation server; +https://www.letsencrypt.org)"
3.142.122.14 - - [07/Oct/2021:05:18:52 +0000] "GET /.well-known/acme-challenge/gS7HR2obPX31ZGnCCDDSPnw7acJSKeYYKq7Qi5ZgZ04 HTTP/1.1" 404 196 "-" "Mozilla/5.0 (compatible; Let's Encrypt validation server; +https://www.letsencrypt.org)"
66.133.109.36 - - [07/Oct/2021:05:18:53 +0000] "GET /.well-known/acme-challenge/gS7HR2obPX31ZGnCCDDSPnw7acJSKeYYKq7Qi5ZgZ04 HTTP/1.1" 404 196 "-" "Mozilla/5.0 (compatible; Let's Encrypt validation server; +https://www.letsencrypt.org)"
64.235.59.38 - - [07/Oct/2021:06:10:04 +0000] "GET /cgi-bin/.%2E/%2E%2E/%2E%2E/%2E%2E/etc/passwd HTTP/1.1" 400 226 "-" "python-urllib3/1.26.6"
3.120.130.29 - - [07/Oct/2021:06:18:52 +0000] "GET /.well-known/acme-challenge/MNlWurmz9mLBfOtck6LLALB-1uyakmwOI_8attEkg5c HTTP/1.1" 404 196 "-" "Mozilla/5.0 (compatible; Let's Encrypt validation server; +https://www.letsencrypt.org)"
3.19.56.43 - - [07/Oct/2021:06:18:52 +0000] "GET /.well-known/acme-challenge/MNlWurmz9mLBfOtck6LLALB-1uyakmwOI_8attEkg5c HTTP/1.1" 404 196 "-" "Mozilla/5.0 (compatible; Let's Encrypt validation server; +https://www.letsencrypt.org)"
66.133.109.36 - - [07/Oct/2021:06:18:52 +0000] "GET /.well-known/acme-challenge/MNlWurmz9mLBfOtck6LLALB-1uyakmwOI_8attEkg5c HTTP/1.1" 404 196 "-" "Mozilla/5.0 (compatible; Let's Encrypt validation server; +https://www.letsencrypt.org)"
34.219.87.132 - - [07/Oct/2021:06:18:52 +0000] "GET /.well-known/acme-challenge/MNlWurmz9mLBfOtck6LLALB-1uyakmwOI_8attEkg5c HTTP/1.1" 404 196 "-" "Mozilla/5.0 (compatible; Let's Encrypt validation server; +https://www.letsencrypt.org)"
54.200.73.170 - - [07/Oct/2021:06:20:03 +0000] "GET / HTTP/1.1" 200 1953 "-" "Mozilla/5.0 (X11; Linux x86_64) AppleWebKit/537.36 (KHTML, like Gecko) Chrome/83.0.4103.97 Safari/537.36"
54.202.159.99 - - [07/Oct/2021:06:20:10 +0000] "GET /favicon.ico HTTP/1.1" 404 196 "-" "Mozilla/5.0 (X11; Linux x86_64) AppleWebKit/537.36 (KHTML, like Gecko) Chrome/83.0.4103.97 Safari/537.36"
54.69.129.90 - - [07/Oct/2021:06:20:10 +0000] "GET / HTTP/1.1" 200 1953 "-" "Mozilla/5.0 (X11; Linux x86_64) AppleWebKit/537.36 (KHTML, like Gecko) Chrome/83.0.4103.97 Safari/537.36"
54.202.159.99 - - [07/Oct/2021:06:20:11 +0000] "GET / HTTP/1.1" 200 1953 "-" "Mozilla/5.0 (X11; Linux x86_64) AppleWebKit/537.36 (KHTML, like Gecko) Chrome/83.0.4103.97 Safari/537.36"
52.36.179.165 - - [07/Oct/2021:06:20:55 +0000] "GET /favicon.ico HTTP/1.1" 404 196 "-" "Mozilla/5.0 (X11; Linux x86_64) AppleWebKit/537.36 (KHTML, like Gecko) Chrome/83.0.4103.97 Safari/537.36"
52.36.179.165 - - [07/Oct/2021:06:20:57 +0000] "GET / HTTP/1.1" 200 1953 "-" "Mozilla/5.0 (X11; Linux x86_64) AppleWebKit/537.36 (KHTML, like Gecko) Chrome/83.0.4103.97 Safari/537.36"
54.245.13.227 - - [07/Oct/2021:06:34:10 +0000] "GET / HTTP/1.1" 200 1953 "-" "Mozilla/5.0 (Windows NT 10.0; Win64; x64)AppleWebKit/537.36 (KHTML, like Gecko) Chrome/66.0.3359.181 Safari/537.36"
54.245.13.227 - - [07/Oct/2021:06:36:15 +0000] "GET / HTTP/1.1" 200 1953 "-" "Mozilla/5.0 (Windows NT 10.0; Win64; x64)AppleWebKit/537.36 (KHTML, like Gecko) Chrome/66.0.3359.181 Safari/537.36"
18.192.36.99 - - [07/Oct/2021:07:18:52 +0000] "GET /.well-known/acme-challenge/t09ICCTYUWAkTlGRDiJy284Dv3qWqLKdWt0yqNF9njE HTTP/1.1" 404 196 "-" "Mozilla/5.0 (compatible; Let's Encrypt validation server; +https://www.letsencrypt.org)"
3.142.122.14 - - [07/Oct/2021:07:18:52 +0000] "GET /.well-known/acme-challenge/t09ICCTYUWAkTlGRDiJy284Dv3qWqLKdWt0yqNF9njE HTTP/1.1" 404 196 "-" "Mozilla/5.0 (compatible; Let's Encrypt validation server; +https://www.letsencrypt.org)"
52.39.4.59 - - [07/Oct/2021:07:18:52 +0000] "GET /.well-known/acme-challenge/t09ICCTYUWAkTlGRDiJy284Dv3qWqLKdWt0yqNF9njE HTTP/1.1" 404 196 "-" "Mozilla/5.0 (compatible; Let's Encrypt validation server; +https://www.letsencrypt.org)"
64.78.149.164 - - [07/Oct/2021:07:18:53 +0000] "GET /.well-known/acme-challenge/t09ICCTYUWAkTlGRDiJy284Dv3qWqLKdWt0yqNF9njE HTTP/1.1" 404 196 "-" "Mozilla/5.0 (compatible; Let's Encrypt validation server; +https://www.letsencrypt.org)"
18.192.36.99 - - [07/Oct/2021:08:18:51 +0000] "GET /.well-known/acme-challenge/Osj5kJHEh2Of1ZnLDlUO4JG7BrgSxyomDvig04CH5eo HTTP/1.1" 404 196 "-" "Mozilla/5.0 (compatible; Let's Encrypt validation server; +https://www.letsencrypt.org)"
18.116.86.117 - - [07/Oct/2021:08:18:51 +0000] "GET /.well-known/acme-challenge/Osj5kJHEh2Of1ZnLDlUO4JG7BrgSxyomDvig04CH5eo HTTP/1.1" 404 196 "-" "Mozilla/5.0 (compatible; Let's Encrypt validation server; +https://www.letsencrypt.org)"
34.219.87.132 - - [07/Oct/2021:08:18:51 +0000] "GET /.well-known/acme-challenge/Osj5kJHEh2Of1ZnLDlUO4JG7BrgSxyomDvig04CH5eo HTTP/1.1" 404 196 "-" "Mozilla/5.0 (compatible; Let's Encrypt validation server; +https://www.letsencrypt.org)"
66.133.109.36 - - [07/Oct/2021:08:18:51 +0000] "GET /.well-known/acme-challenge/Osj5kJHEh2Of1ZnLDlUO4JG7BrgSxyomDvig04CH5eo HTTP/1.1" 404 196 "-" "Mozilla/5.0 (compatible; Let's Encrypt validation server; +https://www.letsencrypt.org)"
18.192.36.99 - - [07/Oct/2021:09:18:55 +0000] "GET /.well-known/acme-challenge/2oWljxnRVC3hhpRGEJkc6eA0b8jb8ZT29wYCsYUQHtY HTTP/1.1" 404 196 "-" "Mozilla/5.0 (compatible; Let's Encrypt validation server; +https://www.letsencrypt.org)"
3.19.56.43 - - [07/Oct/2021:09:18:55 +0000] "GET /.well-known/acme-challenge/2oWljxnRVC3hhpRGEJkc6eA0b8jb8ZT29wYCsYUQHtY HTTP/1.1" 404 196 "-" "Mozilla/5.0 (compatible; Let's Encrypt validation server; +https://www.letsencrypt.org)"
52.39.4.59 - - [07/Oct/2021:09:18:55 +0000] "GET /.well-known/acme-challenge/2oWljxnRVC3hhpRGEJkc6eA0b8jb8ZT29wYCsYUQHtY HTTP/1.1" 404 196 "-" "Mozilla/5.0 (compatible; Let's Encrypt validation server; +https://www.letsencrypt.org)"
64.78.149.164 - - [07/Oct/2021:09:18:55 +0000] "GET /.well-known/acme-challenge/2oWljxnRVC3hhpRGEJkc6eA0b8jb8ZT29wYCsYUQHtY HTTP/1.1" 404 196 "-" "Mozilla/5.0 (compatible; Let's Encrypt validation server; +https://www.letsencrypt.org)"
107.180.88.164 - - [07/Oct/2021:09:27:11 +0000] "GET /wp-login.php HTTP/1.1" 404 196 "-" "Mozilla/5.0 (X11; Ubuntu; Linux x86_64; rv:62.0) Gecko/20100101 Firefox/62.0"
18.192.36.99 - - [07/Oct/2021:10:18:55 +0000] "GET /.well-known/acme-challenge/5dWgNjZpKI8N0ov0ScRZXqKkpZFYttQxX1jucCD2uUI HTTP/1.1" 404 196 "-" "Mozilla/5.0 (compatible; Let's Encrypt validation server; +https://www.letsencrypt.org)"
3.19.56.43 - - [07/Oct/2021:10:18:55 +0000] "GET /.well-known/acme-challenge/5dWgNjZpKI8N0ov0ScRZXqKkpZFYttQxX1jucCD2uUI HTTP/1.1" 404 196 "-" "Mozilla/5.0 (compatible; Let's Encrypt validation server; +https://www.letsencrypt.org)"
52.39.4.59 - - [07/Oct/2021:10:18:55 +0000] "GET /.well-known/acme-challenge/5dWgNjZpKI8N0ov0ScRZXqKkpZFYttQxX1jucCD2uUI HTTP/1.1" 404 196 "-" "Mozilla/5.0 (compatible; Let's Encrypt validation server; +https://www.letsencrypt.org)"
64.78.149.164 - - [07/Oct/2021:10:18:55 +0000] "GET /.well-known/acme-challenge/5dWgNjZpKI8N0ov0ScRZXqKkpZFYttQxX1jucCD2uUI HTTP/1.1" 404 196 "-" "Mozilla/5.0 (compatible; Let's Encrypt validation server; +https://www.letsencrypt.org)"
152.89.162.138 - - [07/Oct/2021:10:39:22 +0000] "GET /cgi-bin/.%2e/%2e%2e/%2e%2e/%2e%2e/etc/passwd HTTP/1.1" 400 226 "-" "-"
18.159.196.172 - - [07/Oct/2021:11:18:52 +0000] "GET /.well-known/acme-challenge/G3Joe3X-N5esM5yAL9lX7ndhEkGwzCPKjF4Mxv5uyV0 HTTP/1.1" 404 196 "-" "Mozilla/5.0 (compatible; Let's Encrypt validation server; +https://www.letsencrypt.org)"
34.219.87.132 - - [07/Oct/2021:11:18:52 +0000] "GET /.well-known/acme-challenge/G3Joe3X-N5esM5yAL9lX7ndhEkGwzCPKjF4Mxv5uyV0 HTTP/1.1" 404 196 "-" "Mozilla/5.0 (compatible; Let's Encrypt validation server; +https://www.letsencrypt.org)"
3.19.56.43 - - [07/Oct/2021:11:18:52 +0000] "GET /.well-known/acme-challenge/G3Joe3X-N5esM5yAL9lX7ndhEkGwzCPKjF4Mxv5uyV0 HTTP/1.1" 404 196 "-" "Mozilla/5.0 (compatible; Let's Encrypt validation server; +https://www.letsencrypt.org)"
66.133.109.36 - - [07/Oct/2021:11:18:52 +0000] "GET /.well-known/acme-challenge/G3Joe3X-N5esM5yAL9lX7ndhEkGwzCPKjF4Mxv5uyV0 HTTP/1.1" 404 196 "-" "Mozilla/5.0 (compatible; Let's Encrypt validation server; +https://www.letsencrypt.org)"
3.120.130.29 - - [07/Oct/2021:12:18:53 +0000] "GET /.well-known/acme-challenge/INy5PUCcyUh1wIjIgAkcdGrBDBigTysVWcX0NdYo-iY HTTP/1.1" 404 196 "-" "Mozilla/5.0 (compatible; Let's Encrypt validation server; +https://www.letsencrypt.org)"
34.219.87.132 - - [07/Oct/2021:12:18:53 +0000] "GET /.well-known/acme-challenge/INy5PUCcyUh1wIjIgAkcdGrBDBigTysVWcX0NdYo-iY HTTP/1.1" 404 196 "-" "Mozilla/5.0 (compatible; Let's Encrypt validation server; +https://www.letsencrypt.org)"
18.116.86.117 - - [07/Oct/2021:12:18:53 +0000] "GET /.well-known/acme-challenge/INy5PUCcyUh1wIjIgAkcdGrBDBigTysVWcX0NdYo-iY HTTP/1.1" 404 196 "-" "Mozilla/5.0 (compatible; Let's Encrypt validation server; +https://www.letsencrypt.org)"
66.133.109.36 - - [07/Oct/2021:12:18:53 +0000] "GET /.well-known/acme-challenge/INy5PUCcyUh1wIjIgAkcdGrBDBigTysVWcX0NdYo-iY HTTP/1.1" 404 196 "-" "Mozilla/5.0 (compatible; Let's Encrypt validation server; +https://www.letsencrypt.org)"
40.77.167.3 - - [07/Oct/2021:12:34:10 +0000] "GET / HTTP/1.1" 200 1953 "-" "Mozilla/5.0 (compatible; bingbot/2.0; +http://www.bing.com/bingbot.htm)"
213.152.161.211 - - [07/Oct/2021:12:39:32 +0000] "GET /cgi-bin/.%2E/%2E%2E/%2E%2E/%2E%2E/etc/passwd HTTP/1.1" 400 226 "-" "python-urllib3/1.26.5"
213.152.161.211 - - [07/Oct/2021:12:39:51 +0000] "GET /cgi-bin/.%2E/%2E%2E/%2E%2E/%2E%2E/etc/passwd HTTP/1.1" 400 226 "-" "python-urllib3/1.26.5"
102.130.118.16 - - [07/Oct/2021:12:58:32 +0000] "GET /cgi-bin/.%2E/%2E%2E/%2E%2E/%2E%2E/etc/passwd HTTP/1.1" 400 226 "-" "python-urllib3/1.26.6"
18.159.196.172 - - [07/Oct/2021:13:18:53 +0000] "GET /.well-known/acme-challenge/cxJOnNCZsDGVjXst_jAPtJtYY3bhIM1crcY3tlloIso HTTP/1.1" 404 196 "-" "Mozilla/5.0 (compatible; Let's Encrypt validation server; +https://www.letsencrypt.org)"
34.221.255.206 - - [07/Oct/2021:13:18:53 +0000] "GET /.well-known/acme-challenge/cxJOnNCZsDGVjXst_jAPtJtYY3bhIM1crcY3tlloIso HTTP/1.1" 404 196 "-" "Mozilla/5.0 (compatible; Let's Encrypt validation server; +https://www.letsencrypt.org)"
18.116.86.117 - - [07/Oct/2021:13:18:53 +0000] "GET /.well-known/acme-challenge/cxJOnNCZsDGVjXst_jAPtJtYY3bhIM1crcY3tlloIso HTTP/1.1" 404 196 "-" "Mozilla/5.0 (compatible; Let's Encrypt validation server; +https://www.letsencrypt.org)"
66.133.109.36 - - [07/Oct/2021:13:18:53 +0000] "GET /.well-known/acme-challenge/cxJOnNCZsDGVjXst_jAPtJtYY3bhIM1crcY3tlloIso HTTP/1.1" 404 196 "-" "Mozilla/5.0 (compatible; Let's Encrypt validation server; +https://www.letsencrypt.org)"
40.77.167.2 - - [07/Oct/2021:13:55:04 +0000] "GET / HTTP/1.1" 200 1953 "-" "Mozilla/5.0 (compatible; bingbot/2.0; +http://www.bing.com/bingbot.htm)"
18.192.36.99 - - [07/Oct/2021:14:18:54 +0000] "GET /.well-known/acme-challenge/GPDSS3-IactvBpTd8qs-LNyaVNXPyTTsthBVqv2u6Og HTTP/1.1" 404 196 "-" "Mozilla/5.0 (compatible; Let's Encrypt validation server; +https://www.letsencrypt.org)"
52.39.4.59 - - [07/Oct/2021:14:18:54 +0000] "GET /.well-known/acme-challenge/GPDSS3-IactvBpTd8qs-LNyaVNXPyTTsthBVqv2u6Og HTTP/1.1" 404 196 "-" "Mozilla/5.0 (compatible; Let's Encrypt validation server; +https://www.letsencrypt.org)"
3.19.56.43 - - [07/Oct/2021:14:18:54 +0000] "GET /.well-known/acme-challenge/GPDSS3-IactvBpTd8qs-LNyaVNXPyTTsthBVqv2u6Og HTTP/1.1" 404 196 "-" "Mozilla/5.0 (compatible; Let's Encrypt validation server; +https://www.letsencrypt.org)"
66.133.109.36 - - [07/Oct/2021:14:18:54 +0000] "GET /.well-known/acme-challenge/GPDSS3-IactvBpTd8qs-LNyaVNXPyTTsthBVqv2u6Og HTTP/1.1" 404 196 "-" "Mozilla/5.0 (compatible; Let's Encrypt validation server; +https://www.letsencrypt.org)"
45.91.22.52 - - [07/Oct/2021:14:38:27 +0000] "POST /cgi-bin/.%2e/.%2e/.%2e/.%2e/bin/sh HTTP/1.1" 400 226 "-" "curl/7.79.1"
45.91.22.52 - - [07/Oct/2021:15:07:24 +0000] "GET /cgi-bin/.%2E/%2E%2E/%2E%2E/%2E%2E/bin/sh HTTP/1.1" 400 226 "-" "python-urllib3/1.26.7"
3.120.130.29 - - [07/Oct/2021:15:18:56 +0000] "GET /.well-known/acme-challenge/BYngqQcxN-p_IjluzfjJqHo72Ewbc86IC6Uvd0SLw7c HTTP/1.1" 404 196 "-" "Mozilla/5.0 (compatible; Let's Encrypt validation server; +https://www.letsencrypt.org)"
3.19.56.43 - - [07/Oct/2021:15:18:56 +0000] "GET /.well-known/acme-challenge/BYngqQcxN-p_IjluzfjJqHo72Ewbc86IC6Uvd0SLw7c HTTP/1.1" 404 196 "-" "Mozilla/5.0 (compatible; Let's Encrypt validation server; +https://www.letsencrypt.org)"
52.39.4.59 - - [07/Oct/2021:15:18:56 +0000] "GET /.well-known/acme-challenge/BYngqQcxN-p_IjluzfjJqHo72Ewbc86IC6Uvd0SLw7c HTTP/1.1" 404 196 "-" "Mozilla/5.0 (compatible; Let's Encrypt validation server; +https://www.letsencrypt.org)"
66.133.109.36 - - [07/Oct/2021:15:18:56 +0000] "GET /.well-known/acme-challenge/BYngqQcxN-p_IjluzfjJqHo72Ewbc86IC6Uvd0SLw7c HTTP/1.1" 404 196 "-" "Mozilla/5.0 (compatible; Let's Encrypt validation server; +https://www.letsencrypt.org)"
54.36.148.119 - - [07/Oct/2021:15:28:56 +0000] "GET /robots.txt HTTP/1.1" 404 196 "-" "Mozilla/5.0 (compatible; AhrefsBot/7.0; +http://ahrefs.com/robot/)"
54.36.148.96 - - [07/Oct/2021:15:28:57 +0000] "GET / HTTP/1.1" 200 1953 "-" "Mozilla/5.0 (compatible; AhrefsBot/7.0; +http://ahrefs.com/robot/)"
176.54.218.127 - - [07/Oct/2021:15:45:24 +0000] "GET /cgi-bin/.%2E/%2E%2E/%2E%2E/%2E%2E/etc/passwd HTTP/1.1" 400 226 "-" "-"
18.159.196.172 - - [07/Oct/2021:16:18:56 +0000] "GET /.well-known/acme-challenge/mOX0PIsuzvxKvXYYGCE75D-m2ZB65sA8P5wFzKiHR1Y HTTP/1.1" 404 196 "-" "Mozilla/5.0 (compatible; Let's Encrypt validation server; +https://www.letsencrypt.org)"
3.19.56.43 - - [07/Oct/2021:16:18:56 +0000] "GET /.well-known/acme-challenge/mOX0PIsuzvxKvXYYGCE75D-m2ZB65sA8P5wFzKiHR1Y HTTP/1.1" 404 196 "-" "Mozilla/5.0 (compatible; Let's Encrypt validation server; +https://www.letsencrypt.org)"
66.133.109.36 - - [07/Oct/2021:16:18:56 +0000] "GET /.well-known/acme-challenge/mOX0PIsuzvxKvXYYGCE75D-m2ZB65sA8P5wFzKiHR1Y HTTP/1.1" 404 196 "-" "Mozilla/5.0 (compatible; Let's Encrypt validation server; +https://www.letsencrypt.org)"
34.219.87.132 - - [07/Oct/2021:16:18:56 +0000] "GET /.well-known/acme-challenge/mOX0PIsuzvxKvXYYGCE75D-m2ZB65sA8P5wFzKiHR1Y HTTP/1.1" 404 196 "-" "Mozilla/5.0 (compatible; Let's Encrypt validation server; +https://www.letsencrypt.org)"
18.159.196.172 - - [07/Oct/2021:17:18:53 +0000] "GET /.well-known/acme-challenge/n58d-CL0Yy-fmgFGYICS5L7jiZcxD4gN5xxyLkDVHYs HTTP/1.1" 404 196 "-" "Mozilla/5.0 (compatible; Let's Encrypt validation server; +https://www.letsencrypt.org)"
3.142.122.14 - - [07/Oct/2021:17:18:53 +0000] "GET /.well-known/acme-challenge/n58d-CL0Yy-fmgFGYICS5L7jiZcxD4gN5xxyLkDVHYs HTTP/1.1" 404 196 "-" "Mozilla/5.0 (compatible; Let's Encrypt validation server; +https://www.letsencrypt.org)"
52.39.4.59 - - [07/Oct/2021:17:18:53 +0000] "GET /.well-known/acme-challenge/n58d-CL0Yy-fmgFGYICS5L7jiZcxD4gN5xxyLkDVHYs HTTP/1.1" 404 196 "-" "Mozilla/5.0 (compatible; Let's Encrypt validation server; +https://www.letsencrypt.org)"
66.133.109.36 - - [07/Oct/2021:17:18:54 +0000] "GET /.well-known/acme-challenge/n58d-CL0Yy-fmgFGYICS5L7jiZcxD4gN5xxyLkDVHYs HTTP/1.1" 404 196 "-" "Mozilla/5.0 (compatible; Let's Encrypt validation server; +https://www.letsencrypt.org)"
51.222.253.6 - - [07/Oct/2021:17:51:21 +0000] "GET /robots.txt HTTP/1.1" 404 196 "-" "Mozilla/5.0 (compatible; AhrefsBot/7.0; +http://ahrefs.com/robot/)"
54.36.148.65 - - [07/Oct/2021:17:51:24 +0000] "GET / HTTP/1.1" 200 1953 "-" "Mozilla/5.0 (compatible; AhrefsBot/7.0; +http://ahrefs.com/robot/)"
18.192.36.99 - - [07/Oct/2021:18:18:54 +0000] "GET /.well-known/acme-challenge/_cvJQG-w2n5UL-VOBUiFMK8JFdzGbGOybPLBrFAMO-c HTTP/1.1" 404 196 "-" "Mozilla/5.0 (compatible; Let's Encrypt validation server; +https://www.letsencrypt.org)"
52.39.4.59 - - [07/Oct/2021:18:18:54 +0000] "GET /.well-known/acme-challenge/_cvJQG-w2n5UL-VOBUiFMK8JFdzGbGOybPLBrFAMO-c HTTP/1.1" 404 196 "-" "Mozilla/5.0 (compatible; Let's Encrypt validation server; +https://www.letsencrypt.org)"
18.116.86.117 - - [07/Oct/2021:18:18:54 +0000] "GET /.well-known/acme-challenge/_cvJQG-w2n5UL-VOBUiFMK8JFdzGbGOybPLBrFAMO-c HTTP/1.1" 404 196 "-" "Mozilla/5.0 (compatible; Let's Encrypt validation server; +https://www.letsencrypt.org)"
66.133.109.36 - - [07/Oct/2021:18:18:54 +0000] "GET /.well-known/acme-challenge/_cvJQG-w2n5UL-VOBUiFMK8JFdzGbGOybPLBrFAMO-c HTTP/1.1" 404 196 "-" "Mozilla/5.0 (compatible; Let's Encrypt validation server; +https://www.letsencrypt.org)"
165.22.209.132 - - [07/Oct/2021:18:28:18 +0000] "GET /wp-login.php HTTP/1.1" 404 196 "-" "Mozilla/5.0 (X11; Ubuntu; Linux x86_64; rv:62.0) Gecko/20100101 Firefox/62.0"
165.22.209.132 - - [07/Oct/2021:18:28:18 +0000] "GET /wp-login.php HTTP/1.1" 404 196 "-" "Mozilla/5.0 (X11; Ubuntu; Linux x86_64; rv:62.0) Gecko/20100101 Firefox/62.0"
165.22.209.132 - - [07/Oct/2021:18:28:18 +0000] "GET /wp-login.php HTTP/1.1" 404 196 "-" "Mozilla/5.0 (X11; Ubuntu; Linux x86_64; rv:62.0) Gecko/20100101 Firefox/62.0"
165.22.209.132 - - [07/Oct/2021:18:28:18 +0000] "GET /wp-login.php HTTP/1.1" 404 196 "-" "Mozilla/5.0 (X11; Ubuntu; Linux x86_64; rv:62.0) Gecko/20100101 Firefox/62.0"
165.22.209.132 - - [07/Oct/2021:18:28:18 +0000] "GET /wp-login.php HTTP/1.1" 404 196 "-" "Mozilla/5.0 (X11; Ubuntu; Linux x86_64; rv:62.0) Gecko/20100101 Firefox/62.0"
165.22.209.132 - - [07/Oct/2021:18:28:18 +0000] "GET /wp-login.php HTTP/1.1" 404 196 "-" "Mozilla/5.0 (X11; Ubuntu; Linux x86_64; rv:62.0) Gecko/20100101 Firefox/62.0"
141.94.167.43 - - [07/Oct/2021:18:55:22 +0000] "GET / HTTP/1.1" 200 5048 "-" "GuzzleHttp/6.5.5 curl/7.64.0 PHP/8.0.10"
18.159.196.172 - - [07/Oct/2021:19:18:52 +0000] "GET /.well-known/acme-challenge/0o8YSl7mE75-TkW0C2TlpnvUew2sEjAHXMwbOeqXA5Q HTTP/1.1" 404 196 "-" "Mozilla/5.0 (compatible; Let's Encrypt validation server; +https://www.letsencrypt.org)"
3.19.56.43 - - [07/Oct/2021:19:18:52 +0000] "GET /.well-known/acme-challenge/0o8YSl7mE75-TkW0C2TlpnvUew2sEjAHXMwbOeqXA5Q HTTP/1.1" 404 196 "-" "Mozilla/5.0 (compatible; Let's Encrypt validation server; +https://www.letsencrypt.org)"
66.133.109.36 - - [07/Oct/2021:19:18:52 +0000] "GET /.well-known/acme-challenge/0o8YSl7mE75-TkW0C2TlpnvUew2sEjAHXMwbOeqXA5Q HTTP/1.1" 404 196 "-" "Mozilla/5.0 (compatible; Let's Encrypt validation server; +https://www.letsencrypt.org)"
52.39.4.59 - - [07/Oct/2021:19:18:52 +0000] "GET /.well-known/acme-challenge/0o8YSl7mE75-TkW0C2TlpnvUew2sEjAHXMwbOeqXA5Q HTTP/1.1" 404 196 "-" "Mozilla/5.0 (compatible; Let's Encrypt validation server; +https://www.letsencrypt.org)"
18.192.36.99 - - [07/Oct/2021:20:18:54 +0000] "GET /.well-known/acme-challenge/6fS1ibWFBwzmGCzMc_ZrEElHqUaIuNkZGWYnVhFkX04 HTTP/1.1" 404 196 "-" "Mozilla/5.0 (compatible; Let's Encrypt validation server; +https://www.letsencrypt.org)"
18.116.86.117 - - [07/Oct/2021:20:18:54 +0000] "GET /.well-known/acme-challenge/6fS1ibWFBwzmGCzMc_ZrEElHqUaIuNkZGWYnVhFkX04 HTTP/1.1" 404 196 "-" "Mozilla/5.0 (compatible; Let's Encrypt validation server; +https://www.letsencrypt.org)"
34.219.87.132 - - [07/Oct/2021:20:18:54 +0000] "GET /.well-known/acme-challenge/6fS1ibWFBwzmGCzMc_ZrEElHqUaIuNkZGWYnVhFkX04 HTTP/1.1" 404 196 "-" "Mozilla/5.0 (compatible; Let's Encrypt validation server; +https://www.letsencrypt.org)"
66.133.109.36 - - [07/Oct/2021:20:18:54 +0000] "GET /.well-known/acme-challenge/6fS1ibWFBwzmGCzMc_ZrEElHqUaIuNkZGWYnVhFkX04 HTTP/1.1" 404 196 "-" "Mozilla/5.0 (compatible; Let's Encrypt validation server; +https://www.letsencrypt.org)"
137.226.113.44 - - [07/Oct/2021:20:26:00 +0000] "GET / HTTP/1.1" 200 1953 "-" "Mozilla/5.0 (X11; Linux x86_64; rv:84.0) Gecko/20100101 Firefox/84.0"
34.86.35.22 - - [07/Oct/2021:20:52:44 +0000] "GET / HTTP/1.1" 200 5048 "-" "Expanse indexes the network perimeters of our customers. If you have any questions or concerns, please reach out to: scaninfo@expanseinc.com"
18.192.36.99 - - [07/Oct/2021:21:18:53 +0000] "GET /.well-known/acme-challenge/E0Z9BpKRCBgLapvweutEu7alILevEXSPNM4bmrQ0_Kw HTTP/1.1" 404 196 "-" "Mozilla/5.0 (compatible; Let's Encrypt validation server; +https://www.letsencrypt.org)"
3.19.56.43 - - [07/Oct/2021:21:18:53 +0000] "GET /.well-known/acme-challenge/E0Z9BpKRCBgLapvweutEu7alILevEXSPNM4bmrQ0_Kw HTTP/1.1" 404 196 "-" "Mozilla/5.0 (compatible; Let's Encrypt validation server; +https://www.letsencrypt.org)"
34.221.255.206 - - [07/Oct/2021:21:18:53 +0000] "GET /.well-known/acme-challenge/E0Z9BpKRCBgLapvweutEu7alILevEXSPNM4bmrQ0_Kw HTTP/1.1" 404 196 "-" "Mozilla/5.0 (compatible; Let's Encrypt validation server; +https://www.letsencrypt.org)"
66.133.109.36 - - [07/Oct/2021:21:18:54 +0000] "GET /.well-known/acme-challenge/E0Z9BpKRCBgLapvweutEu7alILevEXSPNM4bmrQ0_Kw HTTP/1.1" 404 196 "-" "Mozilla/5.0 (compatible; Let's Encrypt validation server; +https://www.letsencrypt.org)"
18.159.196.172 - - [07/Oct/2021:22:18:56 +0000] "GET /.well-known/acme-challenge/FS8Jm6aENjNkOlF8_TGxW3n_FqHUhHYe_aU1fAuRQkk HTTP/1.1" 404 196 "-" "Mozilla/5.0 (compatible; Let's Encrypt validation server; +https://www.letsencrypt.org)"
52.39.4.59 - - [07/Oct/2021:22:18:56 +0000] "GET /.well-known/acme-challenge/FS8Jm6aENjNkOlF8_TGxW3n_FqHUhHYe_aU1fAuRQkk HTTP/1.1" 404 196 "-" "Mozilla/5.0 (compatible; Let's Encrypt validation server; +https://www.letsencrypt.org)"
3.142.122.14 - - [07/Oct/2021:22:18:57 +0000] "GET /.well-known/acme-challenge/FS8Jm6aENjNkOlF8_TGxW3n_FqHUhHYe_aU1fAuRQkk HTTP/1.1" 404 196 "-" "Mozilla/5.0 (compatible; Let's Encrypt validation server; +https://www.letsencrypt.org)"
64.78.149.164 - - [07/Oct/2021:22:18:57 +0000] "GET /.well-known/acme-challenge/FS8Jm6aENjNkOlF8_TGxW3n_FqHUhHYe_aU1fAuRQkk HTTP/1.1" 404 196 "-" "Mozilla/5.0 (compatible; Let's Encrypt validation server; +https://www.letsencrypt.org)"
54.36.148.176 - - [07/Oct/2021:22:47:29 +0000] "GET /robots.txt HTTP/1.1" 404 196 "-" "Mozilla/5.0 (compatible; AhrefsBot/7.0; +http://ahrefs.com/robot/)"
54.36.149.5 - - [07/Oct/2021:22:47:31 +0000] "GET / HTTP/1.1" 200 1953 "-" "Mozilla/5.0 (compatible; AhrefsBot/7.0; +http://ahrefs.com/robot/)"
18.159.196.172 - - [07/Oct/2021:23:18:52 +0000] "GET /.well-known/acme-challenge/eibRwSe1LWtj5BKjiqmCuddUpZ84uIp7EmLcnX1RL74 HTTP/1.1" 404 196 "-" "Mozilla/5.0 (compatible; Let's Encrypt validation server; +https://www.letsencrypt.org)"
18.116.86.117 - - [07/Oct/2021:23:18:52 +0000] "GET /.well-known/acme-challenge/eibRwSe1LWtj5BKjiqmCuddUpZ84uIp7EmLcnX1RL74 HTTP/1.1" 404 196 "-" "Mozilla/5.0 (compatible; Let's Encrypt validation server; +https://www.letsencrypt.org)"
34.219.87.132 - - [07/Oct/2021:23:18:53 +0000] "GET /.well-known/acme-challenge/eibRwSe1LWtj5BKjiqmCuddUpZ84uIp7EmLcnX1RL74 HTTP/1.1" 404 196 "-" "Mozilla/5.0 (compatible; Let's Encrypt validation server; +https://www.letsencrypt.org)"
66.133.109.36 - - [07/Oct/2021:23:18:53 +0000] "GET /.well-known/acme-challenge/eibRwSe1LWtj5BKjiqmCuddUpZ84uIp7EmLcnX1RL74 HTTP/1.1" 404 196 "-" "Mozilla/5.0 (compatible; Let's Encrypt validation server; +https://www.letsencrypt.org)"
40.77.167.46 - - [08/Oct/2021:00:18:18 +0000] "GET /robots.txt HTTP/1.1" 404 196 "-" "Mozilla/5.0 (compatible; bingbot/2.0; +http://www.bing.com/bingbot.htm)"
40.77.167.3 - - [08/Oct/2021:00:18:26 +0000] "GET / HTTP/1.1" 200 1953 "-" "Mozilla/5.0 (compatible; bingbot/2.0; +http://www.bing.com/bingbot.htm)"
18.159.196.172 - - [08/Oct/2021:00:18:55 +0000] "GET /.well-known/acme-challenge/bTyW2z63-ztIbgPmMoohawY-jwA-tGqI9lNJiMoR_mY HTTP/1.1" 404 196 "-" "Mozilla/5.0 (compatible; Let's Encrypt validation server; +https://www.letsencrypt.org)"
34.219.87.132 - - [08/Oct/2021:00:18:55 +0000] "GET /.well-known/acme-challenge/bTyW2z63-ztIbgPmMoohawY-jwA-tGqI9lNJiMoR_mY HTTP/1.1" 404 196 "-" "Mozilla/5.0 (compatible; Let's Encrypt validation server; +https://www.letsencrypt.org)"
18.116.86.117 - - [08/Oct/2021:00:18:55 +0000] "GET /.well-known/acme-challenge/bTyW2z63-ztIbgPmMoohawY-jwA-tGqI9lNJiMoR_mY HTTP/1.1" 404 196 "-" "Mozilla/5.0 (compatible; Let's Encrypt validation server; +https://www.letsencrypt.org)"
64.78.149.164 - - [08/Oct/2021:00:18:55 +0000] "GET /.well-known/acme-challenge/bTyW2z63-ztIbgPmMoohawY-jwA-tGqI9lNJiMoR_mY HTTP/1.1" 404 196 "-" "Mozilla/5.0 (compatible; Let's Encrypt validation server; +https://www.letsencrypt.org)"
18.159.196.172 - - [08/Oct/2021:01:18:56 +0000] "GET /.well-known/acme-challenge/397HpNVkBm4XDW0unWokjJXugT8fMSPsIFFzskXxH0g HTTP/1.1" 404 196 "-" "Mozilla/5.0 (compatible; Let's Encrypt validation server; +https://www.letsencrypt.org)"
52.39.4.59 - - [08/Oct/2021:01:18:56 +0000] "GET /.well-known/acme-challenge/397HpNVkBm4XDW0unWokjJXugT8fMSPsIFFzskXxH0g HTTP/1.1" 404 196 "-" "Mozilla/5.0 (compatible; Let's Encrypt validation server; +https://www.letsencrypt.org)"
3.19.56.43 - - [08/Oct/2021:01:18:56 +0000] "GET /.well-known/acme-challenge/397HpNVkBm4XDW0unWokjJXugT8fMSPsIFFzskXxH0g HTTP/1.1" 404 196 "-" "Mozilla/5.0 (compatible; Let's Encrypt validation server; +https://www.letsencrypt.org)"
66.133.109.36 - - [08/Oct/2021:01:18:56 +0000] "GET /.well-known/acme-challenge/397HpNVkBm4XDW0unWokjJXugT8fMSPsIFFzskXxH0g HTTP/1.1" 404 196 "-" "Mozilla/5.0 (compatible; Let's Encrypt validation server; +https://www.letsencrypt.org)"
34.77.162.5 - - [08/Oct/2021:02:03:44 +0000] "GET / HTTP/1.1" 200 5048 "-" "Expanse indexes the network perimeters of our customers. If you have any questions or concerns, please reach out to: scaninfo@expanseinc.com"
3.120.130.29 - - [08/Oct/2021:02:18:53 +0000] "GET /.well-known/acme-challenge/7lV4o_F3tiUb7vrkfA3Kz9M7ptJGQptpvmbmcdysozQ HTTP/1.1" 404 196 "-" "Mozilla/5.0 (compatible; Let's Encrypt validation server; +https://www.letsencrypt.org)"
18.116.86.117 - - [08/Oct/2021:02:18:53 +0000] "GET /.well-known/acme-challenge/7lV4o_F3tiUb7vrkfA3Kz9M7ptJGQptpvmbmcdysozQ HTTP/1.1" 404 196 "-" "Mozilla/5.0 (compatible; Let's Encrypt validation server; +https://www.letsencrypt.org)"
66.133.109.36 - - [08/Oct/2021:02:18:53 +0000] "GET /.well-known/acme-challenge/7lV4o_F3tiUb7vrkfA3Kz9M7ptJGQptpvmbmcdysozQ HTTP/1.1" 404 196 "-" "Mozilla/5.0 (compatible; Let's Encrypt validation server; +https://www.letsencrypt.org)"
34.221.255.206 - - [08/Oct/2021:02:18:53 +0000] "GET /.well-known/acme-challenge/7lV4o_F3tiUb7vrkfA3Kz9M7ptJGQptpvmbmcdysozQ HTTP/1.1" 404 196 "-" "Mozilla/5.0 (compatible; Let's Encrypt validation server; +https://www.letsencrypt.org)"
40.77.167.2 - - [08/Oct/2021:02:50:40 +0000] "GET / HTTP/1.1" 200 1953 "-" "Mozilla/5.0 (compatible; bingbot/2.0; +http://www.bing.com/bingbot.htm)"
91.241.19.243 - - [08/Oct/2021:03:09:40 +0000] "GET / HTTP/1.1" 200 1953 "-" "Mozilla/5.0 (Windows NT 6.1; WOW64) AppleWebKit/537.1 (KHTML, like Gecko) Chrome/22.0.1207.1 Safari/537.1"
3.120.130.29 - - [08/Oct/2021:03:19:08 +0000] "GET /.well-known/acme-challenge/Ru5I6w3FSa0cC-azx_9vm4ZCNM-Qo5IvfKRCFXMnV_8 HTTP/1.1" 404 196 "-" "Mozilla/5.0 (compatible; Let's Encrypt validation server; +https://www.letsencrypt.org)"
52.39.4.59 - - [08/Oct/2021:03:19:08 +0000] "GET /.well-known/acme-challenge/Ru5I6w3FSa0cC-azx_9vm4ZCNM-Qo5IvfKRCFXMnV_8 HTTP/1.1" 404 196 "-" "Mozilla/5.0 (compatible; Let's Encrypt validation server; +https://www.letsencrypt.org)"
3.142.122.14 - - [08/Oct/2021:03:19:09 +0000] "GET /.well-known/acme-challenge/Ru5I6w3FSa0cC-azx_9vm4ZCNM-Qo5IvfKRCFXMnV_8 HTTP/1.1" 404 196 "-" "Mozilla/5.0 (compatible; Let's Encrypt validation server; +https://www.letsencrypt.org)"
66.133.109.36 - - [08/Oct/2021:03:19:09 +0000] "GET /.well-known/acme-challenge/Ru5I6w3FSa0cC-azx_9vm4ZCNM-Qo5IvfKRCFXMnV_8 HTTP/1.1" 404 196 "-" "Mozilla/5.0 (compatible; Let's Encrypt validation server; +https://www.letsencrypt.org)"
54.194.222.20 - - [08/Oct/2021:03:33:16 +0000] "GET / HTTP/1.1" 200 1953 "-" "Mozilla/5.0 (Macintosh; Intel Mac OS X 10.15; rv:81.0) Gecko/20100101 Firefox/81.0"
23.228.109.147 - - [08/Oct/2021:03:57:54 +0000] "GET /wp-login.php HTTP/1.1" 404 196 "-" "ALittle Client"
3.142.122.14 - - [08/Oct/2021:04:18:55 +0000] "GET /.well-known/acme-challenge/AwHxodOdJpQ4TbP25M3CtXngBX1S-TRiG4SYF8t-QJM HTTP/1.1" 404 196 "-" "Mozilla/5.0 (compatible; Let's Encrypt validation server; +https://www.letsencrypt.org)"
18.159.196.172 - - [08/Oct/2021:04:18:55 +0000] "GET /.well-known/acme-challenge/AwHxodOdJpQ4TbP25M3CtXngBX1S-TRiG4SYF8t-QJM HTTP/1.1" 404 196 "-" "Mozilla/5.0 (compatible; Let's Encrypt validation server; +https://www.letsencrypt.org)"
52.39.4.59 - - [08/Oct/2021:04:18:56 +0000] "GET /.well-known/acme-challenge/AwHxodOdJpQ4TbP25M3CtXngBX1S-TRiG4SYF8t-QJM HTTP/1.1" 404 196 "-" "Mozilla/5.0 (compatible; Let's Encrypt validation server; +https://www.letsencrypt.org)"
66.133.109.36 - - [08/Oct/2021:04:18:56 +0000] "GET /.well-known/acme-challenge/AwHxodOdJpQ4TbP25M3CtXngBX1S-TRiG4SYF8t-QJM HTTP/1.1" 404 196 "-" "Mozilla/5.0 (compatible; Let's Encrypt validation server; +https://www.letsencrypt.org)"
3.120.130.29 - - [08/Oct/2021:05:18:54 +0000] "GET /.well-known/acme-challenge/a2nZiakPUNBtq8yqZ5CkIDRGPEIj7a84xgb5i_Sgo1Y HTTP/1.1" 404 196 "-" "Mozilla/5.0 (compatible; Let's Encrypt validation server; +https://www.letsencrypt.org)"
34.219.87.132 - - [08/Oct/2021:05:18:54 +0000] "GET /.well-known/acme-challenge/a2nZiakPUNBtq8yqZ5CkIDRGPEIj7a84xgb5i_Sgo1Y HTTP/1.1" 404 196 "-" "Mozilla/5.0 (compatible; Let's Encrypt validation server; +https://www.letsencrypt.org)"
3.142.122.14 - - [08/Oct/2021:05:18:54 +0000] "GET /.well-known/acme-challenge/a2nZiakPUNBtq8yqZ5CkIDRGPEIj7a84xgb5i_Sgo1Y HTTP/1.1" 404 196 "-" "Mozilla/5.0 (compatible; Let's Encrypt validation server; +https://www.letsencrypt.org)"
64.78.149.164 - - [08/Oct/2021:05:18:54 +0000] "GET /.well-known/acme-challenge/a2nZiakPUNBtq8yqZ5CkIDRGPEIj7a84xgb5i_Sgo1Y HTTP/1.1" 404 196 "-" "Mozilla/5.0 (compatible; Let's Encrypt validation server; +https://www.letsencrypt.org)"
154.23.177.107 - - [08/Oct/2021:06:01:33 +0000] "GET /wp-content/plugins/thecartpress/readme.txt HTTP/1.1" 404 196 "-" "Mozilla/5.0 (Windows NT 10.0; Win64; x64) AppleWebKit/537.36 (KHTML, like Gecko) Chrome/92.0.4515.107 Safari/537.36"
35.85.216.57 - - [08/Oct/2021:06:08:43 +0000] "GET / HTTP/1.1" 200 1953 "-" "Mozilla/5.0 (Windows NT 10.0; Win64; x64)AppleWebKit/537.36 (KHTML, like Gecko) Chrome/66.0.3359.181 Safari/537.36"
54.201.163.9 - - [08/Oct/2021:06:15:13 +0000] "GET / HTTP/1.1" 200 1953 "-" "Mozilla/5.0 (X11; Linux x86_64) AppleWebKit/537.36 (KHTML, like Gecko) Chrome/83.0.4103.97 Safari/537.36"
34.216.214.195 - - [08/Oct/2021:06:15:37 +0000] "GET /favicon.ico HTTP/1.1" 404 196 "-" "Mozilla/5.0 (X11; Linux x86_64) AppleWebKit/537.36 (KHTML, like Gecko) Chrome/83.0.4103.97 Safari/537.36"
34.216.214.195 - - [08/Oct/2021:06:15:40 +0000] "GET / HTTP/1.1" 200 1953 "-" "Mozilla/5.0 (X11; Linux x86_64) AppleWebKit/537.36 (KHTML, like Gecko) Chrome/83.0.4103.97 Safari/537.36"
18.159.196.172 - - [08/Oct/2021:06:18:56 +0000] "GET /.well-known/acme-challenge/1kHqPZS5VtqNpDwa8aJlcckl0_ZE6gdJ11yTtVrna8M HTTP/1.1" 404 196 "-" "Mozilla/5.0 (compatible; Let's Encrypt validation server; +https://www.letsencrypt.org)"
3.142.122.14 - - [08/Oct/2021:06:18:56 +0000] "GET /.well-known/acme-challenge/1kHqPZS5VtqNpDwa8aJlcckl0_ZE6gdJ11yTtVrna8M HTTP/1.1" 404 196 "-" "Mozilla/5.0 (compatible; Let's Encrypt validation server; +https://www.letsencrypt.org)"
66.133.109.36 - - [08/Oct/2021:06:18:56 +0000] "GET /.well-known/acme-challenge/1kHqPZS5VtqNpDwa8aJlcckl0_ZE6gdJ11yTtVrna8M HTTP/1.1" 404 196 "-" "Mozilla/5.0 (compatible; Let's Encrypt validation server; +https://www.letsencrypt.org)"
34.219.87.132 - - [08/Oct/2021:06:18:56 +0000] "GET /.well-known/acme-challenge/1kHqPZS5VtqNpDwa8aJlcckl0_ZE6gdJ11yTtVrna8M HTTP/1.1" 404 196 "-" "Mozilla/5.0 (compatible; Let's Encrypt validation server; +https://www.letsencrypt.org)"
34.221.255.206 - - [08/Oct/2021:07:18:57 +0000] "GET /.well-known/acme-challenge/qesRAxS3302XU-qB9BSYpE0ImZpXptzcj50q0ejyDDg HTTP/1.1" 404 196 "-" "Mozilla/5.0 (compatible; Let's Encrypt validation server; +https://www.letsencrypt.org)"
3.120.130.29 - - [08/Oct/2021:07:18:57 +0000] "GET /.well-known/acme-challenge/qesRAxS3302XU-qB9BSYpE0ImZpXptzcj50q0ejyDDg HTTP/1.1" 404 196 "-" "Mozilla/5.0 (compatible; Let's Encrypt validation server; +https://www.letsencrypt.org)"
3.19.56.43 - - [08/Oct/2021:07:18:57 +0000] "GET /.well-known/acme-challenge/qesRAxS3302XU-qB9BSYpE0ImZpXptzcj50q0ejyDDg HTTP/1.1" 404 196 "-" "Mozilla/5.0 (compatible; Let's Encrypt validation server; +https://www.letsencrypt.org)"
64.78.149.164 - - [08/Oct/2021:07:18:57 +0000] "GET /.well-known/acme-challenge/qesRAxS3302XU-qB9BSYpE0ImZpXptzcj50q0ejyDDg HTTP/1.1" 404 196 "-" "Mozilla/5.0 (compatible; Let's Encrypt validation server; +https://www.letsencrypt.org)"
18.159.196.172 - - [08/Oct/2021:08:18:53 +0000] "GET /.well-known/acme-challenge/jKrnC0UC9Yz0lqDSI0bhAaVAKSn0tQzVyfXFkkS7dO8 HTTP/1.1" 404 196 "-" "Mozilla/5.0 (compatible; Let's Encrypt validation server; +https://www.letsencrypt.org)"
18.116.86.117 - - [08/Oct/2021:08:18:53 +0000] "GET /.well-known/acme-challenge/jKrnC0UC9Yz0lqDSI0bhAaVAKSn0tQzVyfXFkkS7dO8 HTTP/1.1" 404 196 "-" "Mozilla/5.0 (compatible; Let's Encrypt validation server; +https://www.letsencrypt.org)"
34.221.255.206 - - [08/Oct/2021:08:18:53 +0000] "GET /.well-known/acme-challenge/jKrnC0UC9Yz0lqDSI0bhAaVAKSn0tQzVyfXFkkS7dO8 HTTP/1.1" 404 196 "-" "Mozilla/5.0 (compatible; Let's Encrypt validation server; +https://www.letsencrypt.org)"
64.78.149.164 - - [08/Oct/2021:08:18:53 +0000] "GET /.well-known/acme-challenge/jKrnC0UC9Yz0lqDSI0bhAaVAKSn0tQzVyfXFkkS7dO8 HTTP/1.1" 404 196 "-" "Mozilla/5.0 (compatible; Let's Encrypt validation server; +https://www.letsencrypt.org)"
161.97.128.124 - - [08/Oct/2021:09:11:21 +0000] "GET /.git/HEAD HTTP/1.1" 404 196 "-" "Python-urllib/3.6"
18.192.36.99 - - [08/Oct/2021:09:18:54 +0000] "GET /.well-known/acme-challenge/ZPBpC1HXpYzm9yon4SrqNhfdpxEJC5v7NiM6hbgbFI0 HTTP/1.1" 404 196 "-" "Mozilla/5.0 (compatible; Let's Encrypt validation server; +https://www.letsencrypt.org)"
34.221.255.206 - - [08/Oct/2021:09:18:54 +0000] "GET /.well-known/acme-challenge/ZPBpC1HXpYzm9yon4SrqNhfdpxEJC5v7NiM6hbgbFI0 HTTP/1.1" 404 196 "-" "Mozilla/5.0 (compatible; Let's Encrypt validation server; +https://www.letsencrypt.org)"
3.142.122.14 - - [08/Oct/2021:09:18:54 +0000] "GET /.well-known/acme-challenge/ZPBpC1HXpYzm9yon4SrqNhfdpxEJC5v7NiM6hbgbFI0 HTTP/1.1" 404 196 "-" "Mozilla/5.0 (compatible; Let's Encrypt validation server; +https://www.letsencrypt.org)"
66.133.109.36 - - [08/Oct/2021:09:18:54 +0000] "GET /.well-known/acme-challenge/ZPBpC1HXpYzm9yon4SrqNhfdpxEJC5v7NiM6hbgbFI0 HTTP/1.1" 404 196 "-" "Mozilla/5.0 (compatible; Let's Encrypt validation server; +https://www.letsencrypt.org)"
18.159.196.172 - - [08/Oct/2021:10:18:54 +0000] "GET /.well-known/acme-challenge/aDbht4-2-V7NAo2omx-xewOuh28S0gf7oPztKdwU0kE HTTP/1.1" 404 196 "-" "Mozilla/5.0 (compatible; Let's Encrypt validation server; +https://www.letsencrypt.org)"
3.19.56.43 - - [08/Oct/2021:10:18:54 +0000] "GET /.well-known/acme-challenge/aDbht4-2-V7NAo2omx-xewOuh28S0gf7oPztKdwU0kE HTTP/1.1" 404 196 "-" "Mozilla/5.0 (compatible; Let's Encrypt validation server; +https://www.letsencrypt.org)"
66.133.109.36 - - [08/Oct/2021:10:18:54 +0000] "GET /.well-known/acme-challenge/aDbht4-2-V7NAo2omx-xewOuh28S0gf7oPztKdwU0kE HTTP/1.1" 404 196 "-" "Mozilla/5.0 (compatible; Let's Encrypt validation server; +https://www.letsencrypt.org)"
52.39.4.59 - - [08/Oct/2021:10:18:54 +0000] "GET /.well-known/acme-challenge/aDbht4-2-V7NAo2omx-xewOuh28S0gf7oPztKdwU0kE HTTP/1.1" 404 196 "-" "Mozilla/5.0 (compatible; Let's Encrypt validation server; +https://www.letsencrypt.org)"
40.77.167.3 - - [08/Oct/2021:11:17:40 +0000] "GET / HTTP/1.1" 200 1953 "-" "Mozilla/5.0 (compatible; bingbot/2.0; +http://www.bing.com/bingbot.htm)"
3.120.130.29 - - [08/Oct/2021:11:18:54 +0000] "GET /.well-known/acme-challenge/JReOZadbOeC5MCGazhl5WMIHL5PqxMggvGgG2rMtBd8 HTTP/1.1" 404 196 "-" "Mozilla/5.0 (compatible; Let's Encrypt validation server; +https://www.letsencrypt.org)"
34.221.255.206 - - [08/Oct/2021:11:18:54 +0000] "GET /.well-known/acme-challenge/JReOZadbOeC5MCGazhl5WMIHL5PqxMggvGgG2rMtBd8 HTTP/1.1" 404 196 "-" "Mozilla/5.0 (compatible; Let's Encrypt validation server; +https://www.letsencrypt.org)"
3.19.56.43 - - [08/Oct/2021:11:18:54 +0000] "GET /.well-known/acme-challenge/JReOZadbOeC5MCGazhl5WMIHL5PqxMggvGgG2rMtBd8 HTTP/1.1" 404 196 "-" "Mozilla/5.0 (compatible; Let's Encrypt validation server; +https://www.letsencrypt.org)"
64.78.149.164 - - [08/Oct/2021:11:18:54 +0000] "GET /.well-known/acme-challenge/JReOZadbOeC5MCGazhl5WMIHL5PqxMggvGgG2rMtBd8 HTTP/1.1" 404 196 "-" "Mozilla/5.0 (compatible; Let's Encrypt validation server; +https://www.letsencrypt.org)"
3.120.130.29 - - [08/Oct/2021:12:18:54 +0000] "GET /.well-known/acme-challenge/goqecrDNAoYmkTgQqvG4pWFi5b3O0zjzAWcNYtjMoZc HTTP/1.1" 404 196 "-" "Mozilla/5.0 (compatible; Let's Encrypt validation server; +https://www.letsencrypt.org)"
18.116.86.117 - - [08/Oct/2021:12:18:54 +0000] "GET /.well-known/acme-challenge/goqecrDNAoYmkTgQqvG4pWFi5b3O0zjzAWcNYtjMoZc HTTP/1.1" 404 196 "-" "Mozilla/5.0 (compatible; Let's Encrypt validation server; +https://www.letsencrypt.org)"
34.221.255.206 - - [08/Oct/2021:12:18:54 +0000] "GET /.well-known/acme-challenge/goqecrDNAoYmkTgQqvG4pWFi5b3O0zjzAWcNYtjMoZc HTTP/1.1" 404 196 "-" "Mozilla/5.0 (compatible; Let's Encrypt validation server; +https://www.letsencrypt.org)"
64.78.149.164 - - [08/Oct/2021:12:18:54 +0000] "GET /.well-known/acme-challenge/goqecrDNAoYmkTgQqvG4pWFi5b3O0zjzAWcNYtjMoZc HTTP/1.1" 404 196 "-" "Mozilla/5.0 (compatible; Let's Encrypt validation server; +https://www.letsencrypt.org)"
