40.77.167.2 - - [08/Oct/2021:12:38:34 +0000] "GET / HTTP/1.1" 200 1953 "-" "Mozilla/5.0 (compatible; bingbot/2.0; +http://www.bing.com/bingbot.htm)"
18.192.36.99 - - [08/Oct/2021:13:18:54 +0000] "GET /.well-known/acme-challenge/x91dxbTFbQqIYNpZEJHoINo2Q6a3xyBb5HoQ397o4e0 HTTP/1.1" 404 196 "-" "Mozilla/5.0 (compatible; Let's Encrypt validation server; +https://www.letsencrypt.org)"
3.19.56.43 - - [08/Oct/2021:13:18:54 +0000] "GET /.well-known/acme-challenge/x91dxbTFbQqIYNpZEJHoINo2Q6a3xyBb5HoQ397o4e0 HTTP/1.1" 404 196 "-" "Mozilla/5.0 (compatible; Let's Encrypt validation server; +https://www.letsencrypt.org)"
64.78.149.164 - - [08/Oct/2021:13:18:55 +0000] "GET /.well-known/acme-challenge/x91dxbTFbQqIYNpZEJHoINo2Q6a3xyBb5HoQ397o4e0 HTTP/1.1" 404 196 "-" "Mozilla/5.0 (compatible; Let's Encrypt validation server; +https://www.letsencrypt.org)"
34.219.87.132 - - [08/Oct/2021:13:18:55 +0000] "GET /.well-known/acme-challenge/x91dxbTFbQqIYNpZEJHoINo2Q6a3xyBb5HoQ397o4e0 HTTP/1.1" 404 196 "-" "Mozilla/5.0 (compatible; Let's Encrypt validation server; +https://www.letsencrypt.org)"
77.88.5.171 - - [08/Oct/2021:14:16:27 +0000] "GET /robots.txt HTTP/1.1" 404 196 "-" "Mozilla/5.0 (compatible; YandexBot/3.0; +http://yandex.com/bots)"
77.88.5.171 - - [08/Oct/2021:14:16:31 +0000] "GET / HTTP/1.1" 200 1953 "-" "Mozilla/5.0 (compatible; YandexBot/3.0; +http://yandex.com/bots)"
18.159.196.172 - - [08/Oct/2021:14:18:52 +0000] "GET /.well-known/acme-challenge/-fl5YVbve6d0X4byZ8KHT24MjINs8mK7Xf4c_bKZ9Mc HTTP/1.1" 404 196 "-" "Mozilla/5.0 (compatible; Let's Encrypt validation server; +https://www.letsencrypt.org)"
18.116.86.117 - - [08/Oct/2021:14:18:52 +0000] "GET /.well-known/acme-challenge/-fl5YVbve6d0X4byZ8KHT24MjINs8mK7Xf4c_bKZ9Mc HTTP/1.1" 404 196 "-" "Mozilla/5.0 (compatible; Let's Encrypt validation server; +https://www.letsencrypt.org)"
34.221.255.206 - - [08/Oct/2021:14:18:53 +0000] "GET /.well-known/acme-challenge/-fl5YVbve6d0X4byZ8KHT24MjINs8mK7Xf4c_bKZ9Mc HTTP/1.1" 404 196 "-" "Mozilla/5.0 (compatible; Let's Encrypt validation server; +https://www.letsencrypt.org)"
64.78.149.164 - - [08/Oct/2021:14:18:53 +0000] "GET /.well-known/acme-challenge/-fl5YVbve6d0X4byZ8KHT24MjINs8mK7Xf4c_bKZ9Mc HTTP/1.1" 404 196 "-" "Mozilla/5.0 (compatible; Let's Encrypt validation server; +https://www.letsencrypt.org)"
18.116.86.117 - - [08/Oct/2021:15:18:55 +0000] "GET /.well-known/acme-challenge/cdDMTnEzYoo5af4Wh_RznFO39LrcVOor77VvgLaPaGU HTTP/1.1" 404 196 "-" "Mozilla/5.0 (compatible; Let's Encrypt validation server; +https://www.letsencrypt.org)"
18.192.36.99 - - [08/Oct/2021:15:18:55 +0000] "GET /.well-known/acme-challenge/cdDMTnEzYoo5af4Wh_RznFO39LrcVOor77VvgLaPaGU HTTP/1.1" 404 196 "-" "Mozilla/5.0 (compatible; Let's Encrypt validation server; +https://www.letsencrypt.org)"
52.39.4.59 - - [08/Oct/2021:15:18:55 +0000] "GET /.well-known/acme-challenge/cdDMTnEzYoo5af4Wh_RznFO39LrcVOor77VvgLaPaGU HTTP/1.1" 404 196 "-" "Mozilla/5.0 (compatible; Let's Encrypt validation server; +https://www.letsencrypt.org)"
66.133.109.36 - - [08/Oct/2021:15:18:55 +0000] "GET /.well-known/acme-challenge/cdDMTnEzYoo5af4Wh_RznFO39LrcVOor77VvgLaPaGU HTTP/1.1" 404 196 "-" "Mozilla/5.0 (compatible; Let's Encrypt validation server; +https://www.letsencrypt.org)"
23.146.242.186 - - [08/Oct/2021:15:40:03 +0000] "GET /wp-content/ HTTP/1.1" 404 196 "-" "Mozilla/5.0 (Macintosh; Intel Mac OS X 10.15; rv:77.0) Gecko/20100101 Firefox/77.0"
3.120.130.29 - - [08/Oct/2021:16:18:51 +0000] "GET /.well-known/acme-challenge/1gGLZKczGz-rpi5FJYgeycg3l8dd7WK9iDPvaO54aCE HTTP/1.1" 404 196 "-" "Mozilla/5.0 (compatible; Let's Encrypt validation server; +https://www.letsencrypt.org)"
3.19.56.43 - - [08/Oct/2021:16:18:52 +0000] "GET /.well-known/acme-challenge/1gGLZKczGz-rpi5FJYgeycg3l8dd7WK9iDPvaO54aCE HTTP/1.1" 404 196 "-" "Mozilla/5.0 (compatible; Let's Encrypt validation server; +https://www.letsencrypt.org)"
66.133.109.36 - - [08/Oct/2021:16:18:52 +0000] "GET /.well-known/acme-challenge/1gGLZKczGz-rpi5FJYgeycg3l8dd7WK9iDPvaO54aCE HTTP/1.1" 404 196 "-" "Mozilla/5.0 (compatible; Let's Encrypt validation server; +https://www.letsencrypt.org)"
34.221.255.206 - - [08/Oct/2021:16:18:52 +0000] "GET /.well-known/acme-challenge/1gGLZKczGz-rpi5FJYgeycg3l8dd7WK9iDPvaO54aCE HTTP/1.1" 404 196 "-" "Mozilla/5.0 (compatible; Let's Encrypt validation server; +https://www.letsencrypt.org)"
51.222.253.12 - - [08/Oct/2021:16:31:57 +0000] "GET /robots.txt HTTP/1.1" 404 196 "-" "Mozilla/5.0 (compatible; AhrefsBot/7.0; +http://ahrefs.com/robot/)"
54.36.149.69 - - [08/Oct/2021:16:31:58 +0000] "GET / HTTP/1.1" 200 1953 "-" "Mozilla/5.0 (compatible; AhrefsBot/7.0; +http://ahrefs.com/robot/)"
3.19.56.43 - - [08/Oct/2021:17:18:54 +0000] "GET /.well-known/acme-challenge/G5DqL55HGWzB3OEN8Q_8PY45FHIzcNmhWHPMnljmei0 HTTP/1.1" 404 196 "-" "Mozilla/5.0 (compatible; Let's Encrypt validation server; +https://www.letsencrypt.org)"
3.120.130.29 - - [08/Oct/2021:17:18:54 +0000] "GET /.well-known/acme-challenge/G5DqL55HGWzB3OEN8Q_8PY45FHIzcNmhWHPMnljmei0 HTTP/1.1" 404 196 "-" "Mozilla/5.0 (compatible; Let's Encrypt validation server; +https://www.letsencrypt.org)"
52.39.4.59 - - [08/Oct/2021:17:18:54 +0000] "GET /.well-known/acme-challenge/G5DqL55HGWzB3OEN8Q_8PY45FHIzcNmhWHPMnljmei0 HTTP/1.1" 404 196 "-" "Mozilla/5.0 (compatible; Let's Encrypt validation server; +https://www.letsencrypt.org)"
64.78.149.164 - - [08/Oct/2021:17:18:54 +0000] "GET /.well-known/acme-challenge/G5DqL55HGWzB3OEN8Q_8PY45FHIzcNmhWHPMnljmei0 HTTP/1.1" 404 196 "-" "Mozilla/5.0 (compatible; Let's Encrypt validation server; +https://www.letsencrypt.org)"
18.192.36.99 - - [08/Oct/2021:18:18:55 +0000] "GET /.well-known/acme-challenge/Lu9AlF8z_THTbT1YjaujfePiqrihm_SM592g2N0FRww HTTP/1.1" 404 196 "-" "Mozilla/5.0 (compatible; Let's Encrypt validation server; +https://www.letsencrypt.org)"
18.116.86.117 - - [08/Oct/2021:18:18:55 +0000] "GET /.well-known/acme-challenge/Lu9AlF8z_THTbT1YjaujfePiqrihm_SM592g2N0FRww HTTP/1.1" 404 196 "-" "Mozilla/5.0 (compatible; Let's Encrypt validation server; +https://www.letsencrypt.org)"
52.39.4.59 - - [08/Oct/2021:18:18:55 +0000] "GET /.well-known/acme-challenge/Lu9AlF8z_THTbT1YjaujfePiqrihm_SM592g2N0FRww HTTP/1.1" 404 196 "-" "Mozilla/5.0 (compatible; Let's Encrypt validation server; +https://www.letsencrypt.org)"
66.133.109.36 - - [08/Oct/2021:18:18:57 +0000] "GET /.well-known/acme-challenge/Lu9AlF8z_THTbT1YjaujfePiqrihm_SM592g2N0FRww HTTP/1.1" 404 196 "-" "Mozilla/5.0 (compatible; Let's Encrypt validation server; +https://www.letsencrypt.org)"
54.36.148.243 - - [08/Oct/2021:19:11:25 +0000] "GET /robots.txt HTTP/1.1" 404 196 "-" "Mozilla/5.0 (compatible; AhrefsBot/7.0; +http://ahrefs.com/robot/)"
54.36.149.26 - - [08/Oct/2021:19:11:27 +0000] "GET / HTTP/1.1" 200 1953 "-" "Mozilla/5.0 (compatible; AhrefsBot/7.0; +http://ahrefs.com/robot/)"
18.192.36.99 - - [08/Oct/2021:19:18:53 +0000] "GET /.well-known/acme-challenge/jmdO2qnyhpS8BVPVllHHCwVqeia4vxtXaxTWITFwGCo HTTP/1.1" 404 196 "-" "Mozilla/5.0 (compatible; Let's Encrypt validation server; +https://www.letsencrypt.org)"
3.142.122.14 - - [08/Oct/2021:19:18:53 +0000] "GET /.well-known/acme-challenge/jmdO2qnyhpS8BVPVllHHCwVqeia4vxtXaxTWITFwGCo HTTP/1.1" 404 196 "-" "Mozilla/5.0 (compatible; Let's Encrypt validation server; +https://www.letsencrypt.org)"
52.39.4.59 - - [08/Oct/2021:19:18:53 +0000] "GET /.well-known/acme-challenge/jmdO2qnyhpS8BVPVllHHCwVqeia4vxtXaxTWITFwGCo HTTP/1.1" 404 196 "-" "Mozilla/5.0 (compatible; Let's Encrypt validation server; +https://www.letsencrypt.org)"
64.78.149.164 - - [08/Oct/2021:19:18:53 +0000] "GET /.well-known/acme-challenge/jmdO2qnyhpS8BVPVllHHCwVqeia4vxtXaxTWITFwGCo HTTP/1.1" 404 196 "-" "Mozilla/5.0 (compatible; Let's Encrypt validation server; +https://www.letsencrypt.org)"
138.246.253.24 - - [08/Oct/2021:19:37:39 +0000] "GET /robots.txt HTTP/1.1" 404 196 "-" "Mozilla/5.0 (Windows NT 10.0; Win64; x64) AppleWebKit/537.36 (KHTML, like Gecko) Chrome/88.0.4324.146 Safari/537.36"
45.93.201.91 - - [08/Oct/2021:19:50:28 +0000] "GET /cgi-bin/.%2E/%2E%2E/%2E%2E/%2E%2E/etc/passwd HTTP/1.1" 400 226 "-" "python-urllib3/1.26.7"
3.120.130.29 - - [08/Oct/2021:20:18:31 +0000] "GET /.well-known/acme-challenge/qtMlCLxG9VTYNTnjiDmsGnVKRyChxKwxCDqFf7r1CRI HTTP/1.1" 404 196 "-" "Mozilla/5.0 (compatible; Let's Encrypt validation server; +https://www.letsencrypt.org)"
3.19.56.43 - - [08/Oct/2021:20:18:32 +0000] "GET /.well-known/acme-challenge/qtMlCLxG9VTYNTnjiDmsGnVKRyChxKwxCDqFf7r1CRI HTTP/1.1" 404 196 "-" "Mozilla/5.0 (compatible; Let's Encrypt validation server; +https://www.letsencrypt.org)"
66.133.109.36 - - [08/Oct/2021:20:18:32 +0000] "GET /.well-known/acme-challenge/qtMlCLxG9VTYNTnjiDmsGnVKRyChxKwxCDqFf7r1CRI HTTP/1.1" 404 196 "-" "Mozilla/5.0 (compatible; Let's Encrypt validation server; +https://www.letsencrypt.org)"
52.39.4.59 - - [08/Oct/2021:20:18:32 +0000] "GET /.well-known/acme-challenge/qtMlCLxG9VTYNTnjiDmsGnVKRyChxKwxCDqFf7r1CRI HTTP/1.1" 404 196 "-" "Mozilla/5.0 (compatible; Let's Encrypt validation server; +https://www.letsencrypt.org)"
40.77.167.3 - - [08/Oct/2021:20:35:03 +0000] "GET / HTTP/1.1" 200 1953 "-" "Mozilla/5.0 (compatible; bingbot/2.0; +http://www.bing.com/bingbot.htm)"
18.159.196.172 - - [08/Oct/2021:21:18:56 +0000] "GET /.well-known/acme-challenge/7VU5Ze6-uV1vH6Hu4Gmq6wVh33HNwe0nbZv1k92-BDo HTTP/1.1" 404 196 "-" "Mozilla/5.0 (compatible; Let's Encrypt validation server; +https://www.letsencrypt.org)"
3.19.56.43 - - [08/Oct/2021:21:18:56 +0000] "GET /.well-known/acme-challenge/7VU5Ze6-uV1vH6Hu4Gmq6wVh33HNwe0nbZv1k92-BDo HTTP/1.1" 404 196 "-" "Mozilla/5.0 (compatible; Let's Encrypt validation server; +https://www.letsencrypt.org)"
64.78.149.164 - - [08/Oct/2021:21:18:56 +0000] "GET /.well-known/acme-challenge/7VU5Ze6-uV1vH6Hu4Gmq6wVh33HNwe0nbZv1k92-BDo HTTP/1.1" 404 196 "-" "Mozilla/5.0 (compatible; Let's Encrypt validation server; +https://www.letsencrypt.org)"
34.219.87.132 - - [08/Oct/2021:21:18:56 +0000] "GET /.well-known/acme-challenge/7VU5Ze6-uV1vH6Hu4Gmq6wVh33HNwe0nbZv1k92-BDo HTTP/1.1" 404 196 "-" "Mozilla/5.0 (compatible; Let's Encrypt validation server; +https://www.letsencrypt.org)"
40.77.167.2 - - [08/Oct/2021:21:56:17 +0000] "GET / HTTP/1.1" 200 1953 "-" "Mozilla/5.0 (compatible; bingbot/2.0; +http://www.bing.com/bingbot.htm)"
18.192.36.99 - - [08/Oct/2021:22:18:52 +0000] "GET /.well-known/acme-challenge/CG7rZElw8S33z1mQ60uLZdSlXrSNGbT-NL4j0iQzka8 HTTP/1.1" 404 196 "-" "Mozilla/5.0 (compatible; Let's Encrypt validation server; +https://www.letsencrypt.org)"
18.116.86.117 - - [08/Oct/2021:22:18:52 +0000] "GET /.well-known/acme-challenge/CG7rZElw8S33z1mQ60uLZdSlXrSNGbT-NL4j0iQzka8 HTTP/1.1" 404 196 "-" "Mozilla/5.0 (compatible; Let's Encrypt validation server; +https://www.letsencrypt.org)"
64.78.149.164 - - [08/Oct/2021:22:18:52 +0000] "GET /.well-known/acme-challenge/CG7rZElw8S33z1mQ60uLZdSlXrSNGbT-NL4j0iQzka8 HTTP/1.1" 404 196 "-" "Mozilla/5.0 (compatible; Let's Encrypt validation server; +https://www.letsencrypt.org)"
34.221.255.206 - - [08/Oct/2021:22:18:53 +0000] "GET /.well-known/acme-challenge/CG7rZElw8S33z1mQ60uLZdSlXrSNGbT-NL4j0iQzka8 HTTP/1.1" 404 196 "-" "Mozilla/5.0 (compatible; Let's Encrypt validation server; +https://www.letsencrypt.org)"
216.244.66.227 - - [08/Oct/2021:22:57:03 +0000] "GET /robots.txt HTTP/1.1" 404 196 "-" "Mozilla/5.0 (compatible; DotBot/1.2; +https://opensiteexplorer.org/dotbot; help@moz.com)"
216.244.66.227 - - [08/Oct/2021:23:02:14 +0000] "GET /?C=D;O=A HTTP/1.1" 200 5048 "-" "Mozilla/5.0 (compatible; DotBot/1.2; +https://opensiteexplorer.org/dotbot; help@moz.com)"
18.159.196.172 - - [08/Oct/2021:23:18:33 +0000] "GET /.well-known/acme-challenge/Cwk5JSg0cfikeOFXj0jz3a6sO6pfd3wBbbOvklzSvWM HTTP/1.1" 404 196 "-" "Mozilla/5.0 (compatible; Let's Encrypt validation server; +https://www.letsencrypt.org)"
3.19.56.43 - - [08/Oct/2021:23:18:33 +0000] "GET /.well-known/acme-challenge/Cwk5JSg0cfikeOFXj0jz3a6sO6pfd3wBbbOvklzSvWM HTTP/1.1" 404 196 "-" "Mozilla/5.0 (compatible; Let's Encrypt validation server; +https://www.letsencrypt.org)"
64.78.149.164 - - [08/Oct/2021:23:18:33 +0000] "GET /.well-known/acme-challenge/Cwk5JSg0cfikeOFXj0jz3a6sO6pfd3wBbbOvklzSvWM HTTP/1.1" 404 196 "-" "Mozilla/5.0 (compatible; Let's Encrypt validation server; +https://www.letsencrypt.org)"
34.219.87.132 - - [08/Oct/2021:23:18:34 +0000] "GET /.well-known/acme-challenge/Cwk5JSg0cfikeOFXj0jz3a6sO6pfd3wBbbOvklzSvWM HTTP/1.1" 404 196 "-" "Mozilla/5.0 (compatible; Let's Encrypt validation server; +https://www.letsencrypt.org)"
49.12.219.112 - - [08/Oct/2021:23:29:17 +0000] "GET / HTTP/1.1" 200 1953 "-" "Mozilla/5.0 (Windows NT 10.0; WOW64) AppleWebKit/537.36 (KHTML, like Gecko) Chrome/87.0.4280.88 Safari/537.36 Vivaldi/3.5"
147.182.242.131 - - [08/Oct/2021:23:30:43 +0000] "GET /robots.txt HTTP/1.1" 404 196 "-" "Mozilla/5.0 (X11; Linux x86_64) AppleWebKit/537.36 (KHTML, like Gecko) Chrome/55.0.2883.87 Safari/537.36"
147.182.242.131 - - [08/Oct/2021:23:30:44 +0000] "GET /sitemap.xml HTTP/1.1" 404 196 "-" "Mozilla/5.0 (X11; Linux x86_64) AppleWebKit/537.36 (KHTML, like Gecko) Chrome/56.0.2924.87 Safari/537.36"
35.237.201.60 - - [08/Oct/2021:23:35:06 +0000] "GET /robots.txt HTTP/1.0" 404 196 "-" "ZoominfoBot (zoominfobot at zoominfo dot com)"
35.237.201.60 - - [08/Oct/2021:23:35:06 +0000] "GET / HTTP/1.0" 200 1953 "-" "ZoominfoBot (zoominfobot at zoominfo dot com)"
35.237.201.60 - - [08/Oct/2021:23:36:12 +0000] "GET /robots.txt HTTP/1.0" 404 196 "-" "ZoominfoBot (zoominfobot at zoominfo dot com)"
35.237.201.60 - - [08/Oct/2021:23:36:12 +0000] "GET / HTTP/1.0" 200 1953 "-" "ZoominfoBot (zoominfobot at zoominfo dot com)"
18.192.36.99 - - [09/Oct/2021:00:18:53 +0000] "GET /.well-known/acme-challenge/mmmuOcLF46gGI5LUVF3kOqKE7fSsNR0hdDsLoWKb_J8 HTTP/1.1" 404 196 "-" "Mozilla/5.0 (compatible; Let's Encrypt validation server; +https://www.letsencrypt.org)"
3.19.56.43 - - [09/Oct/2021:00:18:53 +0000] "GET /.well-known/acme-challenge/mmmuOcLF46gGI5LUVF3kOqKE7fSsNR0hdDsLoWKb_J8 HTTP/1.1" 404 196 "-" "Mozilla/5.0 (compatible; Let's Encrypt validation server; +https://www.letsencrypt.org)"
34.221.255.206 - - [09/Oct/2021:00:18:53 +0000] "GET /.well-known/acme-challenge/mmmuOcLF46gGI5LUVF3kOqKE7fSsNR0hdDsLoWKb_J8 HTTP/1.1" 404 196 "-" "Mozilla/5.0 (compatible; Let's Encrypt validation server; +https://www.letsencrypt.org)"
64.78.149.164 - - [09/Oct/2021:00:18:53 +0000] "GET /.well-known/acme-challenge/mmmuOcLF46gGI5LUVF3kOqKE7fSsNR0hdDsLoWKb_J8 HTTP/1.1" 404 196 "-" "Mozilla/5.0 (compatible; Let's Encrypt validation server; +https://www.letsencrypt.org)"
18.159.196.172 - - [09/Oct/2021:01:18:52 +0000] "GET /.well-known/acme-challenge/rOtIU9twGezMZon9YTUcGkoSXe2gpZ-e3rtoInIhDWE HTTP/1.1" 404 196 "-" "Mozilla/5.0 (compatible; Let's Encrypt validation server; +https://www.letsencrypt.org)"
3.19.56.43 - - [09/Oct/2021:01:18:52 +0000] "GET /.well-known/acme-challenge/rOtIU9twGezMZon9YTUcGkoSXe2gpZ-e3rtoInIhDWE HTTP/1.1" 404 196 "-" "Mozilla/5.0 (compatible; Let's Encrypt validation server; +https://www.letsencrypt.org)"
66.133.109.36 - - [09/Oct/2021:01:18:52 +0000] "GET /.well-known/acme-challenge/rOtIU9twGezMZon9YTUcGkoSXe2gpZ-e3rtoInIhDWE HTTP/1.1" 404 196 "-" "Mozilla/5.0 (compatible; Let's Encrypt validation server; +https://www.letsencrypt.org)"
34.221.255.206 - - [09/Oct/2021:01:18:52 +0000] "GET /.well-known/acme-challenge/rOtIU9twGezMZon9YTUcGkoSXe2gpZ-e3rtoInIhDWE HTTP/1.1" 404 196 "-" "Mozilla/5.0 (compatible; Let's Encrypt validation server; +https://www.letsencrypt.org)"
51.222.253.1 - - [09/Oct/2021:01:41:26 +0000] "GET /robots.txt HTTP/1.1" 404 196 "-" "Mozilla/5.0 (compatible; AhrefsBot/7.0; +http://ahrefs.com/robot/)"
54.36.148.247 - - [09/Oct/2021:01:41:28 +0000] "GET / HTTP/1.1" 200 1953 "-" "Mozilla/5.0 (compatible; AhrefsBot/7.0; +http://ahrefs.com/robot/)"
18.192.36.99 - - [09/Oct/2021:02:18:51 +0000] "GET /.well-known/acme-challenge/Swh89jYWOH7cUq2ON08wHpxOS8vX_3YeNp1njKu1vYI HTTP/1.1" 404 196 "-" "Mozilla/5.0 (compatible; Let's Encrypt validation server; +https://www.letsencrypt.org)"
3.19.56.43 - - [09/Oct/2021:02:18:51 +0000] "GET /.well-known/acme-challenge/Swh89jYWOH7cUq2ON08wHpxOS8vX_3YeNp1njKu1vYI HTTP/1.1" 404 196 "-" "Mozilla/5.0 (compatible; Let's Encrypt validation server; +https://www.letsencrypt.org)"
34.219.87.132 - - [09/Oct/2021:02:18:51 +0000] "GET /.well-known/acme-challenge/Swh89jYWOH7cUq2ON08wHpxOS8vX_3YeNp1njKu1vYI HTTP/1.1" 404 196 "-" "Mozilla/5.0 (compatible; Let's Encrypt validation server; +https://www.letsencrypt.org)"
64.78.149.164 - - [09/Oct/2021:02:18:51 +0000] "GET /.well-known/acme-challenge/Swh89jYWOH7cUq2ON08wHpxOS8vX_3YeNp1njKu1vYI HTTP/1.1" 404 196 "-" "Mozilla/5.0 (compatible; Let's Encrypt validation server; +https://www.letsencrypt.org)"
91.241.19.243 - - [09/Oct/2021:03:16:14 +0000] "GET / HTTP/1.1" 200 1953 "-" "Mozilla/5.0 (Windows NT 6.1; WOW64) AppleWebKit/537.1 (KHTML, like Gecko) Chrome/22.0.1207.1 Safari/537.1"
18.159.196.172 - - [09/Oct/2021:03:18:53 +0000] "GET /.well-known/acme-challenge/uRkgNkGk-HVztaZSil3BN8RbTOACRqcdHowhhtW7sC0 HTTP/1.1" 404 196 "-" "Mozilla/5.0 (compatible; Let's Encrypt validation server; +https://www.letsencrypt.org)"
3.142.122.14 - - [09/Oct/2021:03:18:54 +0000] "GET /.well-known/acme-challenge/uRkgNkGk-HVztaZSil3BN8RbTOACRqcdHowhhtW7sC0 HTTP/1.1" 404 196 "-" "Mozilla/5.0 (compatible; Let's Encrypt validation server; +https://www.letsencrypt.org)"
52.39.4.59 - - [09/Oct/2021:03:18:54 +0000] "GET /.well-known/acme-challenge/uRkgNkGk-HVztaZSil3BN8RbTOACRqcdHowhhtW7sC0 HTTP/1.1" 404 196 "-" "Mozilla/5.0 (compatible; Let's Encrypt validation server; +https://www.letsencrypt.org)"
64.78.149.164 - - [09/Oct/2021:03:18:54 +0000] "GET /.well-known/acme-challenge/uRkgNkGk-HVztaZSil3BN8RbTOACRqcdHowhhtW7sC0 HTTP/1.1" 404 196 "-" "Mozilla/5.0 (compatible; Let's Encrypt validation server; +https://www.letsencrypt.org)"
18.159.196.172 - - [09/Oct/2021:04:18:55 +0000] "GET /.well-known/acme-challenge/z9ZXijPfRNa7LdSs9CDs0urAvBvox7RjlhorUcpouUA HTTP/1.1" 404 196 "-" "Mozilla/5.0 (compatible; Let's Encrypt validation server; +https://www.letsencrypt.org)"
3.142.122.14 - - [09/Oct/2021:04:18:55 +0000] "GET /.well-known/acme-challenge/z9ZXijPfRNa7LdSs9CDs0urAvBvox7RjlhorUcpouUA HTTP/1.1" 404 196 "-" "Mozilla/5.0 (compatible; Let's Encrypt validation server; +https://www.letsencrypt.org)"
34.219.87.132 - - [09/Oct/2021:04:18:55 +0000] "GET /.well-known/acme-challenge/z9ZXijPfRNa7LdSs9CDs0urAvBvox7RjlhorUcpouUA HTTP/1.1" 404 196 "-" "Mozilla/5.0 (compatible; Let's Encrypt validation server; +https://www.letsencrypt.org)"
66.133.109.36 - - [09/Oct/2021:04:18:55 +0000] "GET /.well-known/acme-challenge/z9ZXijPfRNa7LdSs9CDs0urAvBvox7RjlhorUcpouUA HTTP/1.1" 404 196 "-" "Mozilla/5.0 (compatible; Let's Encrypt validation server; +https://www.letsencrypt.org)"
18.159.196.172 - - [09/Oct/2021:05:18:56 +0000] "GET /.well-known/acme-challenge/0RV1KRGX0MbEUG8EHqjI_jntmgxwFIQsru8gAFUNbH8 HTTP/1.1" 404 196 "-" "Mozilla/5.0 (compatible; Let's Encrypt validation server; +https://www.letsencrypt.org)"
66.133.109.36 - - [09/Oct/2021:05:18:56 +0000] "GET /.well-known/acme-challenge/0RV1KRGX0MbEUG8EHqjI_jntmgxwFIQsru8gAFUNbH8 HTTP/1.1" 404 196 "-" "Mozilla/5.0 (compatible; Let's Encrypt validation server; +https://www.letsencrypt.org)"
18.116.86.117 - - [09/Oct/2021:05:18:56 +0000] "GET /.well-known/acme-challenge/0RV1KRGX0MbEUG8EHqjI_jntmgxwFIQsru8gAFUNbH8 HTTP/1.1" 404 196 "-" "Mozilla/5.0 (compatible; Let's Encrypt validation server; +https://www.letsencrypt.org)"
34.221.255.206 - - [09/Oct/2021:05:18:56 +0000] "GET /.well-known/acme-challenge/0RV1KRGX0MbEUG8EHqjI_jntmgxwFIQsru8gAFUNbH8 HTTP/1.1" 404 196 "-" "Mozilla/5.0 (compatible; Let's Encrypt validation server; +https://www.letsencrypt.org)"
54.185.85.212 - - [09/Oct/2021:06:07:05 +0000] "GET / HTTP/1.1" 200 1953 "-" "Mozilla/5.0 (Windows NT 10.0; Win64; x64)AppleWebKit/537.36 (KHTML, like Gecko) Chrome/66.0.3359.181 Safari/537.36"
18.159.196.172 - - [09/Oct/2021:06:19:01 +0000] "GET /.well-known/acme-challenge/zlQCd1NQXoQ86YO7HdN9zAewTtiSM_-QTZD87vu51AA HTTP/1.1" 404 196 "-" "Mozilla/5.0 (compatible; Let's Encrypt validation server; +https://www.letsencrypt.org)"
34.221.255.206 - - [09/Oct/2021:06:19:01 +0000] "GET /.well-known/acme-challenge/zlQCd1NQXoQ86YO7HdN9zAewTtiSM_-QTZD87vu51AA HTTP/1.1" 404 196 "-" "Mozilla/5.0 (compatible; Let's Encrypt validation server; +https://www.letsencrypt.org)"
3.142.122.14 - - [09/Oct/2021:06:19:01 +0000] "GET /.well-known/acme-challenge/zlQCd1NQXoQ86YO7HdN9zAewTtiSM_-QTZD87vu51AA HTTP/1.1" 404 196 "-" "Mozilla/5.0 (compatible; Let's Encrypt validation server; +https://www.letsencrypt.org)"
64.78.149.164 - - [09/Oct/2021:06:19:01 +0000] "GET /.well-known/acme-challenge/zlQCd1NQXoQ86YO7HdN9zAewTtiSM_-QTZD87vu51AA HTTP/1.1" 404 196 "-" "Mozilla/5.0 (compatible; Let's Encrypt validation server; +https://www.letsencrypt.org)"
34.209.216.76 - - [09/Oct/2021:06:20:48 +0000] "GET / HTTP/1.1" 200 1953 "-" "Mozilla/5.0 (X11; Linux x86_64) AppleWebKit/537.36 (KHTML, like Gecko) Chrome/83.0.4103.97 Safari/537.36"
34.211.147.186 - - [09/Oct/2021:06:20:51 +0000] "GET / HTTP/1.1" 200 1953 "-" "Mozilla/5.0 (X11; Linux x86_64) AppleWebKit/537.36 (KHTML, like Gecko) Chrome/83.0.4103.97 Safari/537.36"
52.13.42.150 - - [09/Oct/2021:06:21:25 +0000] "GET /favicon.ico HTTP/1.1" 404 196 "-" "Mozilla/5.0 (X11; Linux x86_64) AppleWebKit/537.36 (KHTML, like Gecko) Chrome/83.0.4103.97 Safari/537.36"
66.29.151.181 - - [09/Oct/2021:06:24:26 +0000] "GET /cgi-bin/.%2E/%2E%2E/%2E%2E/%2E%2E/etc/passwd HTTP/1.1" 400 226 "-" "-"
34.213.134.1 - - [09/Oct/2021:06:25:47 +0000] "GET /favicon.ico HTTP/1.1" 404 196 "-" "Mozilla/5.0 (X11; Linux x86_64) AppleWebKit/537.36 (KHTML, like Gecko) Chrome/83.0.4103.97 Safari/537.36"
34.213.134.1 - - [09/Oct/2021:06:25:49 +0000] "GET / HTTP/1.1" 200 1953 "-" "Mozilla/5.0 (X11; Linux x86_64) AppleWebKit/537.36 (KHTML, like Gecko) Chrome/83.0.4103.97 Safari/537.36"
18.159.196.172 - - [09/Oct/2021:07:18:51 +0000] "GET /.well-known/acme-challenge/p5c69OwGd1md9AO1Jgxb_QhIEaeNOwdS3fOh8qe9W6Q HTTP/1.1" 404 196 "-" "Mozilla/5.0 (compatible; Let's Encrypt validation server; +https://www.letsencrypt.org)"
3.142.122.14 - - [09/Oct/2021:07:18:51 +0000] "GET /.well-known/acme-challenge/p5c69OwGd1md9AO1Jgxb_QhIEaeNOwdS3fOh8qe9W6Q HTTP/1.1" 404 196 "-" "Mozilla/5.0 (compatible; Let's Encrypt validation server; +https://www.letsencrypt.org)"
66.133.109.36 - - [09/Oct/2021:07:18:51 +0000] "GET /.well-known/acme-challenge/p5c69OwGd1md9AO1Jgxb_QhIEaeNOwdS3fOh8qe9W6Q HTTP/1.1" 404 196 "-" "Mozilla/5.0 (compatible; Let's Encrypt validation server; +https://www.letsencrypt.org)"
34.221.255.206 - - [09/Oct/2021:07:18:51 +0000] "GET /.well-known/acme-challenge/p5c69OwGd1md9AO1Jgxb_QhIEaeNOwdS3fOh8qe9W6Q HTTP/1.1" 404 196 "-" "Mozilla/5.0 (compatible; Let's Encrypt validation server; +https://www.letsencrypt.org)"
158.255.80.210 - - [09/Oct/2021:07:42:47 +0000] "GET /wp-login.php HTTP/1.1" 404 196 "-" "Mozilla/5.0 (X11; Ubuntu; Linux x86_64; rv:62.0) Gecko/20100101 Firefox/62.0"
34.221.255.206 - - [09/Oct/2021:08:18:53 +0000] "GET /.well-known/acme-challenge/Z04GWdUa0nVLH_TkljGs5S32Qoc7kpZU2WTIdk58bCg HTTP/1.1" 404 196 "-" "Mozilla/5.0 (compatible; Let's Encrypt validation server; +https://www.letsencrypt.org)"
18.192.36.99 - - [09/Oct/2021:08:18:53 +0000] "GET /.well-known/acme-challenge/Z04GWdUa0nVLH_TkljGs5S32Qoc7kpZU2WTIdk58bCg HTTP/1.1" 404 196 "-" "Mozilla/5.0 (compatible; Let's Encrypt validation server; +https://www.letsencrypt.org)"
18.116.86.117 - - [09/Oct/2021:08:18:53 +0000] "GET /.well-known/acme-challenge/Z04GWdUa0nVLH_TkljGs5S32Qoc7kpZU2WTIdk58bCg HTTP/1.1" 404 196 "-" "Mozilla/5.0 (compatible; Let's Encrypt validation server; +https://www.letsencrypt.org)"
64.78.149.164 - - [09/Oct/2021:08:18:53 +0000] "GET /.well-known/acme-challenge/Z04GWdUa0nVLH_TkljGs5S32Qoc7kpZU2WTIdk58bCg HTTP/1.1" 404 196 "-" "Mozilla/5.0 (compatible; Let's Encrypt validation server; +https://www.letsencrypt.org)"
92.118.160.17 - - [09/Oct/2021:08:51:06 +0000] "GET / HTTP/1.1" 200 5048 "-" "NetSystemsResearch studies the availability of various services across the internet. Our website is netsystemsresearch.com"
18.116.86.117 - - [09/Oct/2021:09:18:53 +0000] "GET /.well-known/acme-challenge/V2webrTYaaVxImsqnQ6hmkFauCH6jPxFHZySF5oObnA HTTP/1.1" 404 196 "-" "Mozilla/5.0 (compatible; Let's Encrypt validation server; +https://www.letsencrypt.org)"
3.120.130.29 - - [09/Oct/2021:09:18:53 +0000] "GET /.well-known/acme-challenge/V2webrTYaaVxImsqnQ6hmkFauCH6jPxFHZySF5oObnA HTTP/1.1" 404 196 "-" "Mozilla/5.0 (compatible; Let's Encrypt validation server; +https://www.letsencrypt.org)"
64.78.149.164 - - [09/Oct/2021:09:18:53 +0000] "GET /.well-known/acme-challenge/V2webrTYaaVxImsqnQ6hmkFauCH6jPxFHZySF5oObnA HTTP/1.1" 404 196 "-" "Mozilla/5.0 (compatible; Let's Encrypt validation server; +https://www.letsencrypt.org)"
34.221.255.206 - - [09/Oct/2021:09:18:53 +0000] "GET /.well-known/acme-challenge/V2webrTYaaVxImsqnQ6hmkFauCH6jPxFHZySF5oObnA HTTP/1.1" 404 196 "-" "Mozilla/5.0 (compatible; Let's Encrypt validation server; +https://www.letsencrypt.org)"
40.77.167.3 - - [09/Oct/2021:10:05:51 +0000] "GET / HTTP/1.1" 200 1953 "-" "Mozilla/5.0 (compatible; bingbot/2.0; +http://www.bing.com/bingbot.htm)"
149.14.224.66 - - [09/Oct/2021:10:06:35 +0000] "GET /cgi-bin/.%2e/%2e%2e/%2e%2e/%2e%2e/etc/passwd HTTP/1.1" 400 226 "-" "-"
92.118.160.1 - - [09/Oct/2021:10:37:20 +0000] "GET / HTTP/1.1" 200 5048 "-" "NetSystemsResearch studies the availability of various services across the internet. Our website is netsystemsresearch.com"
40.77.167.55 - - [09/Oct/2021:11:26:45 +0000] "GET /robots.txt HTTP/1.1" 404 196 "-" "Mozilla/5.0 (compatible; bingbot/2.0; +http://www.bing.com/bingbot.htm)"
40.77.167.55 - - [09/Oct/2021:11:26:46 +0000] "GET /robots.txt HTTP/1.1" 404 196 "-" "Mozilla/5.0 (compatible; bingbot/2.0; +http://www.bing.com/bingbot.htm)"
40.77.167.2 - - [09/Oct/2021:11:26:56 +0000] "GET / HTTP/1.1" 200 1953 "-" "Mozilla/5.0 (compatible; bingbot/2.0; +http://www.bing.com/bingbot.htm)"
72.11.157.115 - - [09/Oct/2021:15:47:40 +0000] "GET / HTTP/1.0" 200 5048 "http://www.mswebtech.com/" "Mozilla/5.0 (Windows NT 6.3; Win64; x64) AppleWebKit/537.36 (KHTML, like Gecko) Chrome/67.0.3396.99 Safari/537.36"
54.36.149.68 - - [09/Oct/2021:16:33:33 +0000] "GET /robots.txt HTTP/1.1" 404 196 "-" "Mozilla/5.0 (compatible; AhrefsBot/7.0; +http://ahrefs.com/robot/)"
54.36.148.195 - - [09/Oct/2021:16:33:34 +0000] "GET / HTTP/1.1" 200 1953 "-" "Mozilla/5.0 (compatible; AhrefsBot/7.0; +http://ahrefs.com/robot/)"
51.222.253.14 - - [09/Oct/2021:19:08:16 +0000] "GET /robots.txt HTTP/1.1" 404 196 "-" "Mozilla/5.0 (compatible; AhrefsBot/7.0; +http://ahrefs.com/robot/)"
54.36.148.67 - - [09/Oct/2021:19:08:18 +0000] "GET / HTTP/1.1" 200 1953 "-" "Mozilla/5.0 (compatible; AhrefsBot/7.0; +http://ahrefs.com/robot/)"
40.77.167.3 - - [09/Oct/2021:19:29:45 +0000] "GET / HTTP/1.1" 200 1953 "-" "Mozilla/5.0 (compatible; bingbot/2.0; +http://www.bing.com/bingbot.htm)"
40.77.167.2 - - [09/Oct/2021:21:00:31 +0000] "GET / HTTP/1.1" 200 1953 "-" "Mozilla/5.0 (compatible; bingbot/2.0; +http://www.bing.com/bingbot.htm)"
159.148.186.73 - - [09/Oct/2021:21:50:16 +0000] "GET / HTTP/1.1" 200 5048 "-" "Opera/9.80 (Windows NT 6.1; MRA 6.1 (build 6638)) Presto/2.12.388 Version/12.15"
159.148.186.73 - - [09/Oct/2021:21:50:16 +0000] "GET / HTTP/1.1" 200 5048 "-" "Opera/9.80 (Windows NT 5.2; WOW64) Presto/2.12.388 Version/12.16"
159.148.186.73 - - [09/Oct/2021:21:50:16 +0000] "GET / HTTP/1.1" 200 5048 "-" "Mozilla/5.0 (Windows NT 6.1) AppleWebKit/537.36 (KHTML, like Gecko) Chrome/32.0.1700.141 Safari/537.36"
65.21.194.103 - - [09/Oct/2021:22:02:51 +0000] "GET / HTTP/1.1" 200 5048 "-" "python-urllib3/1.26.6"
93.158.161.76 - - [09/Oct/2021:22:33:38 +0000] "GET /robots.txt HTTP/1.1" 404 196 "-" "Mozilla/5.0 (compatible; YandexBot/3.0; +http://yandex.com/bots)"
93.158.161.76 - - [09/Oct/2021:22:33:41 +0000] "GET / HTTP/1.1" 200 1953 "-" "Mozilla/5.0 (compatible; YandexBot/3.0; +http://yandex.com/bots)"
54.36.148.56 - - [10/Oct/2021:01:55:24 +0000] "GET /robots.txt HTTP/1.1" 404 196 "-" "Mozilla/5.0 (compatible; AhrefsBot/7.0; +http://ahrefs.com/robot/)"
54.36.148.134 - - [10/Oct/2021:01:55:26 +0000] "GET / HTTP/1.1" 200 1953 "-" "Mozilla/5.0 (compatible; AhrefsBot/7.0; +http://ahrefs.com/robot/)"
112.79.153.23 - - [10/Oct/2021:03:06:29 +0000] "GET / HTTP/1.1" 200 1953 "http://m.facebook.com/" "Mozilla/5.0 (Linux; Android 9; Redmi 6 Build/PPR1.180610.011; wv) AppleWebKit/537.36 (KHTML, like Gecko) Version/4.0 Chrome/80.0.3987.99 Mobile Safari/537.36 [FB_IAB/FB4A;FBAV/326.0.0.34.120;]"
112.79.153.23 - - [10/Oct/2021:03:06:31 +0000] "GET /favicon.ico HTTP/1.1" 404 196 "http://www.mswebtech.com/" "Mozilla/5.0 (Linux; Android 9; Redmi 6 Build/PPR1.180610.011; wv) AppleWebKit/537.36 (KHTML, like Gecko) Version/4.0 Chrome/80.0.3987.99 Mobile Safari/537.36 [FB_IAB/FB4A;FBAV/326.0.0.34.120;]"
31.13.127.39 - - [10/Oct/2021:03:07:22 +0000] "GET / HTTP/1.1" 206 1953 "-" "facebookexternalhit/1.1 (+http://www.facebook.com/externalhit_uatext.php)"
54.244.62.12 - - [10/Oct/2021:06:26:16 +0000] "GET / HTTP/1.1" 200 1953 "-" "Mozilla/5.0 (X11; Linux x86_64) AppleWebKit/537.36 (KHTML, like Gecko) Chrome/83.0.4103.97 Safari/537.36"
54.244.62.1 - - [10/Oct/2021:06:26:35 +0000] "GET /favicon.ico HTTP/1.1" 404 196 "-" "Mozilla/5.0 (X11; Linux x86_64) AppleWebKit/537.36 (KHTML, like Gecko) Chrome/83.0.4103.97 Safari/537.36"
54.244.62.1 - - [10/Oct/2021:06:26:37 +0000] "GET / HTTP/1.1" 200 1953 "-" "Mozilla/5.0 (X11; Linux x86_64) AppleWebKit/537.36 (KHTML, like Gecko) Chrome/83.0.4103.97 Safari/537.36"
23.228.109.147 - - [10/Oct/2021:06:31:40 +0000] "GET /wp-links-opml.php HTTP/1.1" 404 196 "-" "ALittle Client"
34.211.54.117 - - [10/Oct/2021:06:31:57 +0000] "GET / HTTP/1.1" 200 1953 "-" "Mozilla/5.0 (Windows NT 10.0; Win64; x64)AppleWebKit/537.36 (KHTML, like Gecko) Chrome/66.0.3359.181 Safari/537.36"
176.74.192.85 - - [10/Oct/2021:06:39:00 +0000] "GET /robots.txt HTTP/1.1" 404 196 "-" "Mozilla/5.0 (Macintosh; Intel Mac OS X 10_13_6) AppleWebKit/537.36 (KHTML, like Gecko) Chrome/91.0.4472.114 Safari/537.36"
176.74.192.85 - - [10/Oct/2021:06:39:00 +0000] "GET /humans.txt HTTP/1.1" 404 196 "-" "Mozilla/5.0 (Macintosh; Intel Mac OS X 10_13_6) AppleWebKit/537.36 (KHTML, like Gecko) Chrome/91.0.4472.114 Safari/537.36"
176.74.192.85 - - [10/Oct/2021:06:39:01 +0000] "GET /ads.txt HTTP/1.1" 404 196 "-" "Mozilla/5.0 (Macintosh; Intel Mac OS X 10_13_6) AppleWebKit/537.36 (KHTML, like Gecko) Chrome/91.0.4472.114 Safari/537.36"
176.74.192.85 - - [10/Oct/2021:06:39:02 +0000] "GET / HTTP/1.1" 200 1953 "-" "Mozilla/5.0 (Macintosh; Intel Mac OS X 10_13_6) AppleWebKit/537.36 (KHTML, like Gecko) Chrome/91.0.4472.114 Safari/537.36"
3.120.130.29 - - [10/Oct/2021:07:18:51 +0000] "GET /.well-known/acme-challenge/2S_asgk4pqUrwfN5aVNd3DrEjE-4LMrpm8mkwSFKkYg HTTP/1.1" 404 196 "-" "Mozilla/5.0 (compatible; Let's Encrypt validation server; +https://www.letsencrypt.org)"
3.142.122.14 - - [10/Oct/2021:07:18:51 +0000] "GET /.well-known/acme-challenge/2S_asgk4pqUrwfN5aVNd3DrEjE-4LMrpm8mkwSFKkYg HTTP/1.1" 404 196 "-" "Mozilla/5.0 (compatible; Let's Encrypt validation server; +https://www.letsencrypt.org)"
52.39.4.59 - - [10/Oct/2021:07:18:51 +0000] "GET /.well-known/acme-challenge/2S_asgk4pqUrwfN5aVNd3DrEjE-4LMrpm8mkwSFKkYg HTTP/1.1" 404 196 "-" "Mozilla/5.0 (compatible; Let's Encrypt validation server; +https://www.letsencrypt.org)"
64.78.149.164 - - [10/Oct/2021:07:18:51 +0000] "GET /.well-known/acme-challenge/2S_asgk4pqUrwfN5aVNd3DrEjE-4LMrpm8mkwSFKkYg HTTP/1.1" 404 196 "-" "Mozilla/5.0 (compatible; Let's Encrypt validation server; +https://www.letsencrypt.org)"
114.79.6.82 - - [10/Oct/2021:07:36:54 +0000] "GET / HTTP/1.1" 200 1953 "-" "Mozilla/5.0 (Windows NT 10.0; Win64; x64) AppleWebKit/537.36 (KHTML, like Gecko) Chrome/92.0.4515.131 Safari/537.36"
114.79.6.82 - - [10/Oct/2021:07:36:55 +0000] "GET /wp-admin HTTP/1.1" 404 196 "-" "Mozilla/5.0 (Windows NT 10.0; Win64; x64) AppleWebKit/537.36 (KHTML, like Gecko) Chrome/92.0.4515.131 Safari/537.36"
18.159.196.172 - - [10/Oct/2021:08:18:53 +0000] "GET /.well-known/acme-challenge/jFmfnSv77TsDxxxPKmPEepn-7ljg8dTXOZXQm0emFAU HTTP/1.1" 404 196 "-" "Mozilla/5.0 (compatible; Let's Encrypt validation server; +https://www.letsencrypt.org)"
3.142.122.14 - - [10/Oct/2021:08:18:53 +0000] "GET /.well-known/acme-challenge/jFmfnSv77TsDxxxPKmPEepn-7ljg8dTXOZXQm0emFAU HTTP/1.1" 404 196 "-" "Mozilla/5.0 (compatible; Let's Encrypt validation server; +https://www.letsencrypt.org)"
34.221.255.206 - - [10/Oct/2021:08:18:53 +0000] "GET /.well-known/acme-challenge/jFmfnSv77TsDxxxPKmPEepn-7ljg8dTXOZXQm0emFAU HTTP/1.1" 404 196 "-" "Mozilla/5.0 (compatible; Let's Encrypt validation server; +https://www.letsencrypt.org)"
66.133.109.36 - - [10/Oct/2021:08:18:54 +0000] "GET /.well-known/acme-challenge/jFmfnSv77TsDxxxPKmPEepn-7ljg8dTXOZXQm0emFAU HTTP/1.1" 404 196 "-" "Mozilla/5.0 (compatible; Let's Encrypt validation server; +https://www.letsencrypt.org)"
40.77.167.46 - - [10/Oct/2021:08:21:29 +0000] "GET /robots.txt HTTP/1.1" 404 196 "-" "Mozilla/5.0 (compatible; bingbot/2.0; +http://www.bing.com/bingbot.htm)"
40.77.167.3 - - [10/Oct/2021:08:21:38 +0000] "GET / HTTP/1.1" 200 1953 "-" "Mozilla/5.0 (compatible; bingbot/2.0; +http://www.bing.com/bingbot.htm)"
3.120.130.29 - - [10/Oct/2021:09:18:53 +0000] "GET /.well-known/acme-challenge/CPN2MxejbMlh5x267zImI5t_xbNFVnrwj8n9lT7FjlE HTTP/1.1" 404 196 "-" "Mozilla/5.0 (compatible; Let's Encrypt validation server; +https://www.letsencrypt.org)"
66.133.109.36 - - [10/Oct/2021:09:18:53 +0000] "GET /.well-known/acme-challenge/CPN2MxejbMlh5x267zImI5t_xbNFVnrwj8n9lT7FjlE HTTP/1.1" 404 196 "-" "Mozilla/5.0 (compatible; Let's Encrypt validation server; +https://www.letsencrypt.org)"
3.142.122.14 - - [10/Oct/2021:09:18:53 +0000] "GET /.well-known/acme-challenge/CPN2MxejbMlh5x267zImI5t_xbNFVnrwj8n9lT7FjlE HTTP/1.1" 404 196 "-" "Mozilla/5.0 (compatible; Let's Encrypt validation server; +https://www.letsencrypt.org)"
34.221.255.206 - - [10/Oct/2021:09:18:54 +0000] "GET /.well-known/acme-challenge/CPN2MxejbMlh5x267zImI5t_xbNFVnrwj8n9lT7FjlE HTTP/1.1" 404 196 "-" "Mozilla/5.0 (compatible; Let's Encrypt validation server; +https://www.letsencrypt.org)"
40.77.167.2 - - [10/Oct/2021:10:14:57 +0000] "GET / HTTP/1.1" 200 1953 "-" "Mozilla/5.0 (compatible; bingbot/2.0; +http://www.bing.com/bingbot.htm)"
18.159.196.172 - - [10/Oct/2021:10:18:52 +0000] "GET /.well-known/acme-challenge/NsNhEblOObH-5x6RaNpGLn-fj7XQlz4m0F-ctYoypbY HTTP/1.1" 404 196 "-" "Mozilla/5.0 (compatible; Let's Encrypt validation server; +https://www.letsencrypt.org)"
18.116.86.117 - - [10/Oct/2021:10:18:52 +0000] "GET /.well-known/acme-challenge/NsNhEblOObH-5x6RaNpGLn-fj7XQlz4m0F-ctYoypbY HTTP/1.1" 404 196 "-" "Mozilla/5.0 (compatible; Let's Encrypt validation server; +https://www.letsencrypt.org)"
52.39.4.59 - - [10/Oct/2021:10:18:52 +0000] "GET /.well-known/acme-challenge/NsNhEblOObH-5x6RaNpGLn-fj7XQlz4m0F-ctYoypbY HTTP/1.1" 404 196 "-" "Mozilla/5.0 (compatible; Let's Encrypt validation server; +https://www.letsencrypt.org)"
66.133.109.36 - - [10/Oct/2021:10:18:53 +0000] "GET /.well-known/acme-challenge/NsNhEblOObH-5x6RaNpGLn-fj7XQlz4m0F-ctYoypbY HTTP/1.1" 404 196 "-" "Mozilla/5.0 (compatible; Let's Encrypt validation server; +https://www.letsencrypt.org)"
3.142.122.14 - - [10/Oct/2021:11:18:54 +0000] "GET /.well-known/acme-challenge/IGuYZo4idlLlp2GUISECDddUuy4h2pEJqpMcYu9aEQ8 HTTP/1.1" 404 196 "-" "Mozilla/5.0 (compatible; Let's Encrypt validation server; +https://www.letsencrypt.org)"
18.159.196.172 - - [10/Oct/2021:11:18:54 +0000] "GET /.well-known/acme-challenge/IGuYZo4idlLlp2GUISECDddUuy4h2pEJqpMcYu9aEQ8 HTTP/1.1" 404 196 "-" "Mozilla/5.0 (compatible; Let's Encrypt validation server; +https://www.letsencrypt.org)"
34.219.87.132 - - [10/Oct/2021:11:18:54 +0000] "GET /.well-known/acme-challenge/IGuYZo4idlLlp2GUISECDddUuy4h2pEJqpMcYu9aEQ8 HTTP/1.1" 404 196 "-" "Mozilla/5.0 (compatible; Let's Encrypt validation server; +https://www.letsencrypt.org)"
64.78.149.164 - - [10/Oct/2021:11:18:54 +0000] "GET /.well-known/acme-challenge/IGuYZo4idlLlp2GUISECDddUuy4h2pEJqpMcYu9aEQ8 HTTP/1.1" 404 196 "-" "Mozilla/5.0 (compatible; Let's Encrypt validation server; +https://www.letsencrypt.org)"
18.116.86.117 - - [10/Oct/2021:12:18:57 +0000] "GET /.well-known/acme-challenge/RLB6oCDwIxlOA62Gzj6MwXLeB-CYGlc3zdn4Mp2tjhA HTTP/1.1" 404 196 "-" "Mozilla/5.0 (compatible; Let's Encrypt validation server; +https://www.letsencrypt.org)"
18.159.196.172 - - [10/Oct/2021:12:18:57 +0000] "GET /.well-known/acme-challenge/RLB6oCDwIxlOA62Gzj6MwXLeB-CYGlc3zdn4Mp2tjhA HTTP/1.1" 404 196 "-" "Mozilla/5.0 (compatible; Let's Encrypt validation server; +https://www.letsencrypt.org)"
34.219.87.132 - - [10/Oct/2021:12:18:57 +0000] "GET /.well-known/acme-challenge/RLB6oCDwIxlOA62Gzj6MwXLeB-CYGlc3zdn4Mp2tjhA HTTP/1.1" 404 196 "-" "Mozilla/5.0 (compatible; Let's Encrypt validation server; +https://www.letsencrypt.org)"
64.78.149.164 - - [10/Oct/2021:12:18:57 +0000] "GET /.well-known/acme-challenge/RLB6oCDwIxlOA62Gzj6MwXLeB-CYGlc3zdn4Mp2tjhA HTTP/1.1" 404 196 "-" "Mozilla/5.0 (compatible; Let's Encrypt validation server; +https://www.letsencrypt.org)"
109.168.244.51 - - [10/Oct/2021:12:44:39 +0000] "HEAD / HTTP/1.1" 200 - "-" "Xenu Link Sleuth/1.3.8"
18.192.36.99 - - [10/Oct/2021:13:18:53 +0000] "GET /.well-known/acme-challenge/OJ7gla100G1JQ9LCAS2aSmO316A2yfJ4_vJm4awfljg HTTP/1.1" 404 196 "-" "Mozilla/5.0 (compatible; Let's Encrypt validation server; +https://www.letsencrypt.org)"
3.19.56.43 - - [10/Oct/2021:13:18:53 +0000] "GET /.well-known/acme-challenge/OJ7gla100G1JQ9LCAS2aSmO316A2yfJ4_vJm4awfljg HTTP/1.1" 404 196 "-" "Mozilla/5.0 (compatible; Let's Encrypt validation server; +https://www.letsencrypt.org)"
64.78.149.164 - - [10/Oct/2021:13:18:53 +0000] "GET /.well-known/acme-challenge/OJ7gla100G1JQ9LCAS2aSmO316A2yfJ4_vJm4awfljg HTTP/1.1" 404 196 "-" "Mozilla/5.0 (compatible; Let's Encrypt validation server; +https://www.letsencrypt.org)"
52.39.4.59 - - [10/Oct/2021:13:18:53 +0000] "GET /.well-known/acme-challenge/OJ7gla100G1JQ9LCAS2aSmO316A2yfJ4_vJm4awfljg HTTP/1.1" 404 196 "-" "Mozilla/5.0 (compatible; Let's Encrypt validation server; +https://www.letsencrypt.org)"
3.120.130.29 - - [10/Oct/2021:14:18:53 +0000] "GET /.well-known/acme-challenge/yHJNaUYnWweM0qcbnPuRDaVHU48x8lDdmnuqGtyL6rg HTTP/1.1" 404 196 "-" "Mozilla/5.0 (compatible; Let's Encrypt validation server; +https://www.letsencrypt.org)"
3.142.122.14 - - [10/Oct/2021:14:18:53 +0000] "GET /.well-known/acme-challenge/yHJNaUYnWweM0qcbnPuRDaVHU48x8lDdmnuqGtyL6rg HTTP/1.1" 404 196 "-" "Mozilla/5.0 (compatible; Let's Encrypt validation server; +https://www.letsencrypt.org)"
64.78.149.164 - - [10/Oct/2021:14:18:54 +0000] "GET /.well-known/acme-challenge/yHJNaUYnWweM0qcbnPuRDaVHU48x8lDdmnuqGtyL6rg HTTP/1.1" 404 196 "-" "Mozilla/5.0 (compatible; Let's Encrypt validation server; +https://www.letsencrypt.org)"
34.221.255.206 - - [10/Oct/2021:14:18:54 +0000] "GET /.well-known/acme-challenge/yHJNaUYnWweM0qcbnPuRDaVHU48x8lDdmnuqGtyL6rg HTTP/1.1" 404 196 "-" "Mozilla/5.0 (compatible; Let's Encrypt validation server; +https://www.letsencrypt.org)"
18.159.196.172 - - [10/Oct/2021:15:18:58 +0000] "GET /.well-known/acme-challenge/6d8aHrbDwfJa5Ytt6v9FEsnXw28ErzVHQq5zDDh6qFk HTTP/1.1" 404 196 "-" "Mozilla/5.0 (compatible; Let's Encrypt validation server; +https://www.letsencrypt.org)"
3.19.56.43 - - [10/Oct/2021:15:18:58 +0000] "GET /.well-known/acme-challenge/6d8aHrbDwfJa5Ytt6v9FEsnXw28ErzVHQq5zDDh6qFk HTTP/1.1" 404 196 "-" "Mozilla/5.0 (compatible; Let's Encrypt validation server; +https://www.letsencrypt.org)"
66.133.109.36 - - [10/Oct/2021:15:18:59 +0000] "GET /.well-known/acme-challenge/6d8aHrbDwfJa5Ytt6v9FEsnXw28ErzVHQq5zDDh6qFk HTTP/1.1" 404 196 "-" "Mozilla/5.0 (compatible; Let's Encrypt validation server; +https://www.letsencrypt.org)"
34.219.87.132 - - [10/Oct/2021:15:18:59 +0000] "GET /.well-known/acme-challenge/6d8aHrbDwfJa5Ytt6v9FEsnXw28ErzVHQq5zDDh6qFk HTTP/1.1" 404 196 "-" "Mozilla/5.0 (compatible; Let's Encrypt validation server; +https://www.letsencrypt.org)"
3.120.130.29 - - [10/Oct/2021:16:18:54 +0000] "GET /.well-known/acme-challenge/TbX1NSsX_PRYBFmPgKfUnzOfkwhVAiUpNNe64-oD4k0 HTTP/1.1" 404 196 "-" "Mozilla/5.0 (compatible; Let's Encrypt validation server; +https://www.letsencrypt.org)"
3.19.56.43 - - [10/Oct/2021:16:18:54 +0000] "GET /.well-known/acme-challenge/TbX1NSsX_PRYBFmPgKfUnzOfkwhVAiUpNNe64-oD4k0 HTTP/1.1" 404 196 "-" "Mozilla/5.0 (compatible; Let's Encrypt validation server; +https://www.letsencrypt.org)"
66.133.109.36 - - [10/Oct/2021:16:18:54 +0000] "GET /.well-known/acme-challenge/TbX1NSsX_PRYBFmPgKfUnzOfkwhVAiUpNNe64-oD4k0 HTTP/1.1" 404 196 "-" "Mozilla/5.0 (compatible; Let's Encrypt validation server; +https://www.letsencrypt.org)"
34.219.87.132 - - [10/Oct/2021:16:18:54 +0000] "GET /.well-known/acme-challenge/TbX1NSsX_PRYBFmPgKfUnzOfkwhVAiUpNNe64-oD4k0 HTTP/1.1" 404 196 "-" "Mozilla/5.0 (compatible; Let's Encrypt validation server; +https://www.letsencrypt.org)"
18.192.36.99 - - [10/Oct/2021:17:18:55 +0000] "GET /.well-known/acme-challenge/kJnkSEVWerihDr7SlBP8yUPbq7X28q_3Z9ypwZ6OQ6k HTTP/1.1" 404 196 "-" "Mozilla/5.0 (compatible; Let's Encrypt validation server; +https://www.letsencrypt.org)"
34.219.87.132 - - [10/Oct/2021:17:18:55 +0000] "GET /.well-known/acme-challenge/kJnkSEVWerihDr7SlBP8yUPbq7X28q_3Z9ypwZ6OQ6k HTTP/1.1" 404 196 "-" "Mozilla/5.0 (compatible; Let's Encrypt validation server; +https://www.letsencrypt.org)"
66.133.109.36 - - [10/Oct/2021:17:18:55 +0000] "GET /.well-known/acme-challenge/kJnkSEVWerihDr7SlBP8yUPbq7X28q_3Z9ypwZ6OQ6k HTTP/1.1" 404 196 "-" "Mozilla/5.0 (compatible; Let's Encrypt validation server; +https://www.letsencrypt.org)"
3.19.56.43 - - [10/Oct/2021:17:18:55 +0000] "GET /.well-known/acme-challenge/kJnkSEVWerihDr7SlBP8yUPbq7X28q_3Z9ypwZ6OQ6k HTTP/1.1" 404 196 "-" "Mozilla/5.0 (compatible; Let's Encrypt validation server; +https://www.letsencrypt.org)"
40.77.167.3 - - [10/Oct/2021:18:15:24 +0000] "GET / HTTP/1.1" 200 1953 "-" "Mozilla/5.0 (compatible; bingbot/2.0; +http://www.bing.com/bingbot.htm)"
18.192.36.99 - - [10/Oct/2021:18:18:29 +0000] "GET /.well-known/acme-challenge/jU_AFkFRJmWEt2ZopvTsZbvN8Ihn8q1by_b-eggegfg HTTP/1.1" 404 196 "-" "Mozilla/5.0 (compatible; Let's Encrypt validation server; +https://www.letsencrypt.org)"
3.19.56.43 - - [10/Oct/2021:18:18:29 +0000] "GET /.well-known/acme-challenge/jU_AFkFRJmWEt2ZopvTsZbvN8Ihn8q1by_b-eggegfg HTTP/1.1" 404 196 "-" "Mozilla/5.0 (compatible; Let's Encrypt validation server; +https://www.letsencrypt.org)"
66.133.109.36 - - [10/Oct/2021:18:18:29 +0000] "GET /.well-known/acme-challenge/jU_AFkFRJmWEt2ZopvTsZbvN8Ihn8q1by_b-eggegfg HTTP/1.1" 404 196 "-" "Mozilla/5.0 (compatible; Let's Encrypt validation server; +https://www.letsencrypt.org)"
52.39.4.59 - - [10/Oct/2021:18:18:29 +0000] "GET /.well-known/acme-challenge/jU_AFkFRJmWEt2ZopvTsZbvN8Ihn8q1by_b-eggegfg HTTP/1.1" 404 196 "-" "Mozilla/5.0 (compatible; Let's Encrypt validation server; +https://www.letsencrypt.org)"
51.222.253.14 - - [10/Oct/2021:18:27:43 +0000] "GET /robots.txt HTTP/1.1" 404 196 "-" "Mozilla/5.0 (compatible; AhrefsBot/7.0; +http://ahrefs.com/robot/)"
54.36.149.12 - - [10/Oct/2021:18:27:45 +0000] "GET / HTTP/1.1" 200 1953 "-" "Mozilla/5.0 (compatible; AhrefsBot/7.0; +http://ahrefs.com/robot/)"
162.214.114.242 - - [10/Oct/2021:19:03:33 +0000] "GET /wp-login.php HTTP/1.1" 404 196 "-" "Mozilla/5.0 (X11; Ubuntu; Linux x86_64; rv:62.0) Gecko/20100101 Firefox/62.0"
67.227.77.17 - - [10/Oct/2021:19:08:40 +0000] "GET / HTTP/1.1" 200 1953 "-" "Mozilla/5.0 (Windows NT 10.0; Win64; x64) AppleWebKit/537.36 (KHTML, like Gecko) Chrome/91.0.4472.77 Safari/537.36"
18.159.196.172 - - [10/Oct/2021:19:18:53 +0000] "GET /.well-known/acme-challenge/5YhNCZ7Ic0rEbiD4VQ4r5OsnxPP5sKLJwzvxT0npugE HTTP/1.1" 404 196 "-" "Mozilla/5.0 (compatible; Let's Encrypt validation server; +https://www.letsencrypt.org)"
52.39.4.59 - - [10/Oct/2021:19:18:53 +0000] "GET /.well-known/acme-challenge/5YhNCZ7Ic0rEbiD4VQ4r5OsnxPP5sKLJwzvxT0npugE HTTP/1.1" 404 196 "-" "Mozilla/5.0 (compatible; Let's Encrypt validation server; +https://www.letsencrypt.org)"
18.116.86.117 - - [10/Oct/2021:19:18:53 +0000] "GET /.well-known/acme-challenge/5YhNCZ7Ic0rEbiD4VQ4r5OsnxPP5sKLJwzvxT0npugE HTTP/1.1" 404 196 "-" "Mozilla/5.0 (compatible; Let's Encrypt validation server; +https://www.letsencrypt.org)"
66.133.109.36 - - [10/Oct/2021:19:18:53 +0000] "GET /.well-known/acme-challenge/5YhNCZ7Ic0rEbiD4VQ4r5OsnxPP5sKLJwzvxT0npugE HTTP/1.1" 404 196 "-" "Mozilla/5.0 (compatible; Let's Encrypt validation server; +https://www.letsencrypt.org)"
40.77.167.2 - - [10/Oct/2021:19:36:20 +0000] "GET / HTTP/1.1" 200 1953 "-" "Mozilla/5.0 (compatible; bingbot/2.0; +http://www.bing.com/bingbot.htm)"
18.159.196.172 - - [10/Oct/2021:20:18:52 +0000] "GET /.well-known/acme-challenge/U_ZXPmEjsHtfYsLMTeetYRVZJ4ApUpytE2HMJZOoRP0 HTTP/1.1" 404 196 "-" "Mozilla/5.0 (compatible; Let's Encrypt validation server; +https://www.letsencrypt.org)"
34.219.87.132 - - [10/Oct/2021:20:18:52 +0000] "GET /.well-known/acme-challenge/U_ZXPmEjsHtfYsLMTeetYRVZJ4ApUpytE2HMJZOoRP0 HTTP/1.1" 404 196 "-" "Mozilla/5.0 (compatible; Let's Encrypt validation server; +https://www.letsencrypt.org)"
3.19.56.43 - - [10/Oct/2021:20:18:52 +0000] "GET /.well-known/acme-challenge/U_ZXPmEjsHtfYsLMTeetYRVZJ4ApUpytE2HMJZOoRP0 HTTP/1.1" 404 196 "-" "Mozilla/5.0 (compatible; Let's Encrypt validation server; +https://www.letsencrypt.org)"
64.78.149.164 - - [10/Oct/2021:20:18:52 +0000] "GET /.well-known/acme-challenge/U_ZXPmEjsHtfYsLMTeetYRVZJ4ApUpytE2HMJZOoRP0 HTTP/1.1" 404 196 "-" "Mozilla/5.0 (compatible; Let's Encrypt validation server; +https://www.letsencrypt.org)"
18.142.107.34 - - [10/Oct/2021:20:57:45 +0000] "GET /.env HTTP/1.1" 404 196 "-" "Mozilla/5.0 (X11; Linux x86_64) AppleWebKit/537.36 (KHTML, like Gecko) Chrome/81.0.4044.129 Safari/537.36"
18.142.107.34 - - [10/Oct/2021:20:57:45 +0000] "GET /vendor/.env HTTP/1.1" 404 196 "-" "Mozilla/5.0 (X11; Linux x86_64) AppleWebKit/537.36 (KHTML, like Gecko) Chrome/81.0.4044.129 Safari/537.36"
18.142.107.34 - - [10/Oct/2021:20:57:45 +0000] "GET /storage/.env HTTP/1.1" 404 196 "-" "Mozilla/5.0 (X11; Linux x86_64) AppleWebKit/537.36 (KHTML, like Gecko) Chrome/81.0.4044.129 Safari/537.36"
18.142.107.34 - - [10/Oct/2021:20:57:45 +0000] "GET /public/.env HTTP/1.1" 404 196 "-" "Mozilla/5.0 (X11; Linux x86_64) AppleWebKit/537.36 (KHTML, like Gecko) Chrome/81.0.4044.129 Safari/537.36"
18.142.107.34 - - [10/Oct/2021:20:57:45 +0000] "POST / HTTP/1.1" 200 1953 "-" "Mozilla/5.0 (X11; Linux x86_64) AppleWebKit/537.36 (KHTML, like Gecko) Chrome/81.0.4044.129 Safari/537.36"
52.39.4.59 - - [10/Oct/2021:21:18:56 +0000] "GET /.well-known/acme-challenge/Bo8554sftRg1Co-Pikyxc98giCIQryED5zUU064DJRs HTTP/1.1" 404 196 "-" "Mozilla/5.0 (compatible; Let's Encrypt validation server; +https://www.letsencrypt.org)"
18.159.196.172 - - [10/Oct/2021:21:18:56 +0000] "GET /.well-known/acme-challenge/Bo8554sftRg1Co-Pikyxc98giCIQryED5zUU064DJRs HTTP/1.1" 404 196 "-" "Mozilla/5.0 (compatible; Let's Encrypt validation server; +https://www.letsencrypt.org)"
3.142.122.14 - - [10/Oct/2021:21:18:56 +0000] "GET /.well-known/acme-challenge/Bo8554sftRg1Co-Pikyxc98giCIQryED5zUU064DJRs HTTP/1.1" 404 196 "-" "Mozilla/5.0 (compatible; Let's Encrypt validation server; +https://www.letsencrypt.org)"
64.78.149.164 - - [10/Oct/2021:21:18:56 +0000] "GET /.well-known/acme-challenge/Bo8554sftRg1Co-Pikyxc98giCIQryED5zUU064DJRs HTTP/1.1" 404 196 "-" "Mozilla/5.0 (compatible; Let's Encrypt validation server; +https://www.letsencrypt.org)"
173.252.79.17 - - [10/Oct/2021:21:20:02 +0000] "GET / HTTP/1.1" 206 1953 "-" "facebookexternalhit/1.1 (+http://www.facebook.com/externalhit_uatext.php)"
173.252.127.26 - - [10/Oct/2021:21:20:03 +0000] "GET /?fbclid=IwAR1Qwmv_B62pAr9EswNXGPskz_6t6h9uIeECJ2lye0EEtzuP_W6wLXd6bSA HTTP/1.1" 200 1953 "-" "Mozilla/5.0 (X11; Linux x86_64) AppleWebKit/537.36 (KHTML, like Gecko) Chrome/94.0.4606.71 Safari/537.36"
173.252.127.26 - - [10/Oct/2021:21:20:04 +0000] "GET /favicon.ico HTTP/1.1" 404 196 "http://mswebtech.com/?fbclid=IwAR1Qwmv_B62pAr9EswNXGPskz_6t6h9uIeECJ2lye0EEtzuP_W6wLXd6bSA" "Mozilla/5.0 (X11; Linux x86_64) AppleWebKit/537.36 (KHTML, like Gecko) Chrome/94.0.4606.71 Safari/537.36"
20.102.70.61 - - [10/Oct/2021:21:32:21 +0000] "GET /.env HTTP/1.1" 404 196 "-" "Mozilla/5.0 (Macintosh; Intel Mac OS X 10.15; rv:77.0) Gecko/20100101 Firefox/77.0"
20.102.70.61 - - [10/Oct/2021:21:32:25 +0000] "GET /wp-content/ HTTP/1.1" 404 196 "-" "Mozilla/5.0 (Macintosh; Intel Mac OS X 10.15; rv:77.0) Gecko/20100101 Firefox/77.0"
54.36.148.126 - - [10/Oct/2021:21:41:00 +0000] "GET /robots.txt HTTP/1.1" 404 196 "-" "Mozilla/5.0 (compatible; AhrefsBot/7.0; +http://ahrefs.com/robot/)"
54.36.149.54 - - [10/Oct/2021:21:41:02 +0000] "GET / HTTP/1.1" 200 1953 "-" "Mozilla/5.0 (compatible; AhrefsBot/7.0; +http://ahrefs.com/robot/)"
3.120.130.29 - - [10/Oct/2021:22:18:52 +0000] "GET /.well-known/acme-challenge/MbmtvlWploe82xzvLLc8pl2z_ekAC1bWFS6Kkf7v53A HTTP/1.1" 404 196 "-" "Mozilla/5.0 (compatible; Let's Encrypt validation server; +https://www.letsencrypt.org)"
18.116.86.117 - - [10/Oct/2021:22:18:52 +0000] "GET /.well-known/acme-challenge/MbmtvlWploe82xzvLLc8pl2z_ekAC1bWFS6Kkf7v53A HTTP/1.1" 404 196 "-" "Mozilla/5.0 (compatible; Let's Encrypt validation server; +https://www.letsencrypt.org)"
64.78.149.164 - - [10/Oct/2021:22:18:52 +0000] "GET /.well-known/acme-challenge/MbmtvlWploe82xzvLLc8pl2z_ekAC1bWFS6Kkf7v53A HTTP/1.1" 404 196 "-" "Mozilla/5.0 (compatible; Let's Encrypt validation server; +https://www.letsencrypt.org)"
