34.222.63.146 - - [05/Oct/2021:06:15:28 +0000] "GET / HTTP/1.1" 200 1953 "-" "Mozilla/5.0 (X11; Linux x86_64) AppleWebKit/537.36 (KHTML, like Gecko) Chrome/83.0.4103.97 Safari/537.36"
52.43.79.138 - - [05/Oct/2021:06:15:52 +0000] "GET /favicon.ico HTTP/1.1" 404 196 "-" "Mozilla/5.0 (X11; Linux x86_64) AppleWebKit/537.36 (KHTML, like Gecko) Chrome/83.0.4103.97 Safari/537.36"
52.43.79.138 - - [05/Oct/2021:06:15:54 +0000] "GET / HTTP/1.1" 200 1953 "-" "Mozilla/5.0 (X11; Linux x86_64) AppleWebKit/537.36 (KHTML, like Gecko) Chrome/83.0.4103.97 Safari/537.36"
3.120.130.29 - - [05/Oct/2021:06:18:56 +0000] "GET /.well-known/acme-challenge/ssZZjW0f3xR72g92IKO9_JDU53HBeT6aN1WQ0jtMrGw HTTP/1.1" 404 196 "-" "Mozilla/5.0 (compatible; Let's Encrypt validation server; +https://www.letsencrypt.org)"
18.116.86.117 - - [05/Oct/2021:06:18:57 +0000] "GET /.well-known/acme-challenge/ssZZjW0f3xR72g92IKO9_JDU53HBeT6aN1WQ0jtMrGw HTTP/1.1" 404 196 "-" "Mozilla/5.0 (compatible; Let's Encrypt validation server; +https://www.letsencrypt.org)"
52.39.4.59 - - [05/Oct/2021:06:18:57 +0000] "GET /.well-known/acme-challenge/ssZZjW0f3xR72g92IKO9_JDU53HBeT6aN1WQ0jtMrGw HTTP/1.1" 404 196 "-" "Mozilla/5.0 (compatible; Let's Encrypt validation server; +https://www.letsencrypt.org)"
64.78.149.164 - - [05/Oct/2021:06:18:57 +0000] "GET /.well-known/acme-challenge/ssZZjW0f3xR72g92IKO9_JDU53HBeT6aN1WQ0jtMrGw HTTP/1.1" 404 196 "-" "Mozilla/5.0 (compatible; Let's Encrypt validation server; +https://www.letsencrypt.org)"
54.201.193.105 - - [05/Oct/2021:06:34:21 +0000] "GET / HTTP/1.1" 200 1953 "-" "Mozilla/5.0 (Windows NT 10.0; Win64; x64)AppleWebKit/537.36 (KHTML, like Gecko) Chrome/66.0.3359.181 Safari/537.36"
54.188.194.228 - - [05/Oct/2021:06:36:15 +0000] "GET / HTTP/1.1" 200 1953 "-" "Mozilla/5.0 (Windows NT 10.0; Win64; x64)AppleWebKit/537.36 (KHTML, like Gecko) Chrome/66.0.3359.181 Safari/537.36"
40.77.167.14 - - [05/Oct/2021:07:16:53 +0000] "GET / HTTP/1.1" 200 1953 "-" "Mozilla/5.0 (compatible; bingbot/2.0; +http://www.bing.com/bingbot.htm)"
18.192.36.99 - - [05/Oct/2021:07:18:48 +0000] "GET /.well-known/acme-challenge/9igFRuawXNbGBss2aS2ue-tKtZdYJqQFOiqF4sczUKA HTTP/1.1" 404 196 "-" "Mozilla/5.0 (compatible; Let's Encrypt validation server; +https://www.letsencrypt.org)"
3.19.56.43 - - [05/Oct/2021:07:18:48 +0000] "GET /.well-known/acme-challenge/9igFRuawXNbGBss2aS2ue-tKtZdYJqQFOiqF4sczUKA HTTP/1.1" 404 196 "-" "Mozilla/5.0 (compatible; Let's Encrypt validation server; +https://www.letsencrypt.org)"
52.39.4.59 - - [05/Oct/2021:07:18:48 +0000] "GET /.well-known/acme-challenge/9igFRuawXNbGBss2aS2ue-tKtZdYJqQFOiqF4sczUKA HTTP/1.1" 404 196 "-" "Mozilla/5.0 (compatible; Let's Encrypt validation server; +https://www.letsencrypt.org)"
66.133.109.36 - - [05/Oct/2021:07:18:49 +0000] "GET /.well-known/acme-challenge/9igFRuawXNbGBss2aS2ue-tKtZdYJqQFOiqF4sczUKA HTTP/1.1" 404 196 "-" "Mozilla/5.0 (compatible; Let's Encrypt validation server; +https://www.letsencrypt.org)"
3.120.130.29 - - [05/Oct/2021:08:18:58 +0000] "GET /.well-known/acme-challenge/DbgLet41GTUpr1fujozih4zZE99aaaAWjtH2NDSupHo HTTP/1.1" 404 196 "-" "Mozilla/5.0 (compatible; Let's Encrypt validation server; +https://www.letsencrypt.org)"
52.39.4.59 - - [05/Oct/2021:08:18:58 +0000] "GET /.well-known/acme-challenge/DbgLet41GTUpr1fujozih4zZE99aaaAWjtH2NDSupHo HTTP/1.1" 404 196 "-" "Mozilla/5.0 (compatible; Let's Encrypt validation server; +https://www.letsencrypt.org)"
18.116.86.117 - - [05/Oct/2021:08:18:58 +0000] "GET /.well-known/acme-challenge/DbgLet41GTUpr1fujozih4zZE99aaaAWjtH2NDSupHo HTTP/1.1" 404 196 "-" "Mozilla/5.0 (compatible; Let's Encrypt validation server; +https://www.letsencrypt.org)"
64.78.149.164 - - [05/Oct/2021:08:18:59 +0000] "GET /.well-known/acme-challenge/DbgLet41GTUpr1fujozih4zZE99aaaAWjtH2NDSupHo HTTP/1.1" 404 196 "-" "Mozilla/5.0 (compatible; Let's Encrypt validation server; +https://www.letsencrypt.org)"
207.46.13.113 - - [05/Oct/2021:09:01:40 +0000] "GET / HTTP/1.1" 200 1953 "-" "Mozilla/5.0 (compatible; bingbot/2.0; +http://www.bing.com/bingbot.htm)"
54.36.149.80 - - [05/Oct/2021:09:17:17 +0000] "GET /robots.txt HTTP/1.1" 404 196 "-" "Mozilla/5.0 (compatible; AhrefsBot/7.0; +http://ahrefs.com/robot/)"
54.36.149.104 - - [05/Oct/2021:09:17:18 +0000] "GET / HTTP/1.1" 200 1953 "-" "Mozilla/5.0 (compatible; AhrefsBot/7.0; +http://ahrefs.com/robot/)"
18.159.196.172 - - [05/Oct/2021:09:18:58 +0000] "GET /.well-known/acme-challenge/009-CsSoPyjgoq6xisWgDrBLL3GC9Gscx-jaoG7bPH0 HTTP/1.1" 404 196 "-" "Mozilla/5.0 (compatible; Let's Encrypt validation server; +https://www.letsencrypt.org)"
34.221.255.206 - - [05/Oct/2021:09:18:58 +0000] "GET /.well-known/acme-challenge/009-CsSoPyjgoq6xisWgDrBLL3GC9Gscx-jaoG7bPH0 HTTP/1.1" 404 196 "-" "Mozilla/5.0 (compatible; Let's Encrypt validation server; +https://www.letsencrypt.org)"
18.116.86.117 - - [05/Oct/2021:09:18:58 +0000] "GET /.well-known/acme-challenge/009-CsSoPyjgoq6xisWgDrBLL3GC9Gscx-jaoG7bPH0 HTTP/1.1" 404 196 "-" "Mozilla/5.0 (compatible; Let's Encrypt validation server; +https://www.letsencrypt.org)"
64.78.149.164 - - [05/Oct/2021:09:18:58 +0000] "GET /.well-known/acme-challenge/009-CsSoPyjgoq6xisWgDrBLL3GC9Gscx-jaoG7bPH0 HTTP/1.1" 404 196 "-" "Mozilla/5.0 (compatible; Let's Encrypt validation server; +https://www.letsencrypt.org)"
18.192.36.99 - - [05/Oct/2021:10:18:56 +0000] "GET /.well-known/acme-challenge/bbJgxAwbrkQF70SC_LAXqAaCzU45zWYzepDmCe3wYMs HTTP/1.1" 404 196 "-" "Mozilla/5.0 (compatible; Let's Encrypt validation server; +https://www.letsencrypt.org)"
3.142.122.14 - - [05/Oct/2021:10:18:56 +0000] "GET /.well-known/acme-challenge/bbJgxAwbrkQF70SC_LAXqAaCzU45zWYzepDmCe3wYMs HTTP/1.1" 404 196 "-" "Mozilla/5.0 (compatible; Let's Encrypt validation server; +https://www.letsencrypt.org)"
64.78.149.164 - - [05/Oct/2021:10:18:56 +0000] "GET /.well-known/acme-challenge/bbJgxAwbrkQF70SC_LAXqAaCzU45zWYzepDmCe3wYMs HTTP/1.1" 404 196 "-" "Mozilla/5.0 (compatible; Let's Encrypt validation server; +https://www.letsencrypt.org)"
34.219.87.132 - - [05/Oct/2021:10:18:56 +0000] "GET /.well-known/acme-challenge/bbJgxAwbrkQF70SC_LAXqAaCzU45zWYzepDmCe3wYMs HTTP/1.1" 404 196 "-" "Mozilla/5.0 (compatible; Let's Encrypt validation server; +https://www.letsencrypt.org)"
18.159.196.172 - - [05/Oct/2021:11:18:57 +0000] "GET /.well-known/acme-challenge/H-jrBA6ZHkzEGny7u3qmidoK1tVoeVldOTffFvquri4 HTTP/1.1" 404 196 "-" "Mozilla/5.0 (compatible; Let's Encrypt validation server; +https://www.letsencrypt.org)"
18.116.86.117 - - [05/Oct/2021:11:18:57 +0000] "GET /.well-known/acme-challenge/H-jrBA6ZHkzEGny7u3qmidoK1tVoeVldOTffFvquri4 HTTP/1.1" 404 196 "-" "Mozilla/5.0 (compatible; Let's Encrypt validation server; +https://www.letsencrypt.org)"
52.39.4.59 - - [05/Oct/2021:11:18:58 +0000] "GET /.well-known/acme-challenge/H-jrBA6ZHkzEGny7u3qmidoK1tVoeVldOTffFvquri4 HTTP/1.1" 404 196 "-" "Mozilla/5.0 (compatible; Let's Encrypt validation server; +https://www.letsencrypt.org)"
64.78.149.164 - - [05/Oct/2021:11:18:58 +0000] "GET /.well-known/acme-challenge/H-jrBA6ZHkzEGny7u3qmidoK1tVoeVldOTffFvquri4 HTTP/1.1" 404 196 "-" "Mozilla/5.0 (compatible; Let's Encrypt validation server; +https://www.letsencrypt.org)"
52.32.173.128 - - [05/Oct/2021:11:46:04 +0000] "GET / HTTP/1.1" 200 5048 "-" "-"
51.222.253.8 - - [05/Oct/2021:12:00:04 +0000] "GET /robots.txt HTTP/1.1" 404 196 "-" "Mozilla/5.0 (compatible; AhrefsBot/7.0; +http://ahrefs.com/robot/)"
54.36.148.233 - - [05/Oct/2021:12:00:06 +0000] "GET / HTTP/1.1" 200 1953 "-" "Mozilla/5.0 (compatible; AhrefsBot/7.0; +http://ahrefs.com/robot/)"
77.111.247.21 - - [05/Oct/2021:12:01:03 +0000] "GET /license.txt HTTP/1.1" 404 196 "-" "Mozilla/5.0 (Windows NT 10.0; Win64; x64) AppleWebKit/537.36 (KHTML, like Gecko) Chrome/89.0.3945.117 Safari/537.36"
3.120.130.29 - - [05/Oct/2021:12:18:57 +0000] "GET /.well-known/acme-challenge/NPw-b8xYsbPnpfFIyaUU96_bovSzUUzk2vJUE8grIXk HTTP/1.1" 404 196 "-" "Mozilla/5.0 (compatible; Let's Encrypt validation server; +https://www.letsencrypt.org)"
52.39.4.59 - - [05/Oct/2021:12:18:57 +0000] "GET /.well-known/acme-challenge/NPw-b8xYsbPnpfFIyaUU96_bovSzUUzk2vJUE8grIXk HTTP/1.1" 404 196 "-" "Mozilla/5.0 (compatible; Let's Encrypt validation server; +https://www.letsencrypt.org)"
66.133.109.36 - - [05/Oct/2021:12:18:57 +0000] "GET /.well-known/acme-challenge/NPw-b8xYsbPnpfFIyaUU96_bovSzUUzk2vJUE8grIXk HTTP/1.1" 404 196 "-" "Mozilla/5.0 (compatible; Let's Encrypt validation server; +https://www.letsencrypt.org)"
3.19.56.43 - - [05/Oct/2021:12:18:57 +0000] "GET /.well-known/acme-challenge/NPw-b8xYsbPnpfFIyaUU96_bovSzUUzk2vJUE8grIXk HTTP/1.1" 404 196 "-" "Mozilla/5.0 (compatible; Let's Encrypt validation server; +https://www.letsencrypt.org)"
3.19.56.43 - - [05/Oct/2021:13:18:58 +0000] "GET /.well-known/acme-challenge/kCUZTLz3kPJy9RfMMpgtNHBk2LNs7qJAT5cnZ8kwn08 HTTP/1.1" 404 196 "-" "Mozilla/5.0 (compatible; Let's Encrypt validation server; +https://www.letsencrypt.org)"
52.39.4.59 - - [05/Oct/2021:13:18:58 +0000] "GET /.well-known/acme-challenge/kCUZTLz3kPJy9RfMMpgtNHBk2LNs7qJAT5cnZ8kwn08 HTTP/1.1" 404 196 "-" "Mozilla/5.0 (compatible; Let's Encrypt validation server; +https://www.letsencrypt.org)"
18.159.196.172 - - [05/Oct/2021:13:18:58 +0000] "GET /.well-known/acme-challenge/kCUZTLz3kPJy9RfMMpgtNHBk2LNs7qJAT5cnZ8kwn08 HTTP/1.1" 404 196 "-" "Mozilla/5.0 (compatible; Let's Encrypt validation server; +https://www.letsencrypt.org)"
66.133.109.36 - - [05/Oct/2021:13:18:58 +0000] "GET /.well-known/acme-challenge/kCUZTLz3kPJy9RfMMpgtNHBk2LNs7qJAT5cnZ8kwn08 HTTP/1.1" 404 196 "-" "Mozilla/5.0 (compatible; Let's Encrypt validation server; +https://www.letsencrypt.org)"
18.159.196.172 - - [05/Oct/2021:14:18:58 +0000] "GET /.well-known/acme-challenge/CHoDqA2mPR9KEW61WYjgXqXcuxX8ufZcphREgBZ54Qc HTTP/1.1" 404 196 "-" "Mozilla/5.0 (compatible; Let's Encrypt validation server; +https://www.letsencrypt.org)"
52.39.4.59 - - [05/Oct/2021:14:18:58 +0000] "GET /.well-known/acme-challenge/CHoDqA2mPR9KEW61WYjgXqXcuxX8ufZcphREgBZ54Qc HTTP/1.1" 404 196 "-" "Mozilla/5.0 (compatible; Let's Encrypt validation server; +https://www.letsencrypt.org)"
3.19.56.43 - - [05/Oct/2021:14:18:58 +0000] "GET /.well-known/acme-challenge/CHoDqA2mPR9KEW61WYjgXqXcuxX8ufZcphREgBZ54Qc HTTP/1.1" 404 196 "-" "Mozilla/5.0 (compatible; Let's Encrypt validation server; +https://www.letsencrypt.org)"
64.78.149.164 - - [05/Oct/2021:14:18:58 +0000] "GET /.well-known/acme-challenge/CHoDqA2mPR9KEW61WYjgXqXcuxX8ufZcphREgBZ54Qc HTTP/1.1" 404 196 "-" "Mozilla/5.0 (compatible; Let's Encrypt validation server; +https://www.letsencrypt.org)"
91.241.19.243 - - [05/Oct/2021:14:22:08 +0000] "GET / HTTP/1.1" 200 1953 "-" "Mozilla/5.0 (Windows NT 6.1; WOW64) AppleWebKit/537.1 (KHTML, like Gecko) Chrome/22.0.1207.1 Safari/537.1"
54.36.148.145 - - [05/Oct/2021:15:10:21 +0000] "GET /robots.txt HTTP/1.1" 404 196 "-" "Mozilla/5.0 (compatible; AhrefsBot/7.0; +http://ahrefs.com/robot/)"
54.36.149.18 - - [05/Oct/2021:15:10:22 +0000] "GET / HTTP/1.1" 200 1953 "-" "Mozilla/5.0 (compatible; AhrefsBot/7.0; +http://ahrefs.com/robot/)"
3.120.130.29 - - [05/Oct/2021:15:18:55 +0000] "GET /.well-known/acme-challenge/Jnz4V4OA8ThdGfLQIhlBecRB0Hf0IRAmeiu_511aV8g HTTP/1.1" 404 196 "-" "Mozilla/5.0 (compatible; Let's Encrypt validation server; +https://www.letsencrypt.org)"
34.221.255.206 - - [05/Oct/2021:15:18:55 +0000] "GET /.well-known/acme-challenge/Jnz4V4OA8ThdGfLQIhlBecRB0Hf0IRAmeiu_511aV8g HTTP/1.1" 404 196 "-" "Mozilla/5.0 (compatible; Let's Encrypt validation server; +https://www.letsencrypt.org)"
3.142.122.14 - - [05/Oct/2021:15:18:56 +0000] "GET /.well-known/acme-challenge/Jnz4V4OA8ThdGfLQIhlBecRB0Hf0IRAmeiu_511aV8g HTTP/1.1" 404 196 "-" "Mozilla/5.0 (compatible; Let's Encrypt validation server; +https://www.letsencrypt.org)"
64.78.149.164 - - [05/Oct/2021:15:18:56 +0000] "GET /.well-known/acme-challenge/Jnz4V4OA8ThdGfLQIhlBecRB0Hf0IRAmeiu_511aV8g HTTP/1.1" 404 196 "-" "Mozilla/5.0 (compatible; Let's Encrypt validation server; +https://www.letsencrypt.org)"
18.159.196.172 - - [05/Oct/2021:16:18:57 +0000] "GET /.well-known/acme-challenge/S7b_ip9dxPwC9BnrYZkW7vlq09YIlmUaqxu-qJnRENQ HTTP/1.1" 404 196 "-" "Mozilla/5.0 (compatible; Let's Encrypt validation server; +https://www.letsencrypt.org)"
34.221.255.206 - - [05/Oct/2021:16:18:57 +0000] "GET /.well-known/acme-challenge/S7b_ip9dxPwC9BnrYZkW7vlq09YIlmUaqxu-qJnRENQ HTTP/1.1" 404 196 "-" "Mozilla/5.0 (compatible; Let's Encrypt validation server; +https://www.letsencrypt.org)"
3.142.122.14 - - [05/Oct/2021:16:18:57 +0000] "GET /.well-known/acme-challenge/S7b_ip9dxPwC9BnrYZkW7vlq09YIlmUaqxu-qJnRENQ HTTP/1.1" 404 196 "-" "Mozilla/5.0 (compatible; Let's Encrypt validation server; +https://www.letsencrypt.org)"
64.78.149.164 - - [05/Oct/2021:16:18:57 +0000] "GET /.well-known/acme-challenge/S7b_ip9dxPwC9BnrYZkW7vlq09YIlmUaqxu-qJnRENQ HTTP/1.1" 404 196 "-" "Mozilla/5.0 (compatible; Let's Encrypt validation server; +https://www.letsencrypt.org)"
207.46.13.0 - - [05/Oct/2021:17:05:16 +0000] "GET /robots.txt HTTP/1.1" 404 196 "-" "Mozilla/5.0 (compatible; bingbot/2.0; +http://www.bing.com/bingbot.htm)"
40.77.167.14 - - [05/Oct/2021:17:05:22 +0000] "GET / HTTP/1.1" 200 1953 "-" "Mozilla/5.0 (compatible; bingbot/2.0; +http://www.bing.com/bingbot.htm)"
192.99.18.122 - - [05/Oct/2021:17:16:33 +0000] "GET / HTTP/1.1" 200 1953 "https://www.google.com" "Mozilla/5.0 (Macintosh; Intel Mac OS X 10_13_6) AppleWebKit/537.36 (KHTML, like Gecko) Chrome/77.0.3865.90 Safari/537.36"
3.120.130.29 - - [05/Oct/2021:17:18:57 +0000] "GET /.well-known/acme-challenge/_1QReIi8ZE5s2V-48NVvfUUq1KL3GFPV1Uv5ahWP5ow HTTP/1.1" 404 196 "-" "Mozilla/5.0 (compatible; Let's Encrypt validation server; +https://www.letsencrypt.org)"
52.39.4.59 - - [05/Oct/2021:17:18:57 +0000] "GET /.well-known/acme-challenge/_1QReIi8ZE5s2V-48NVvfUUq1KL3GFPV1Uv5ahWP5ow HTTP/1.1" 404 196 "-" "Mozilla/5.0 (compatible; Let's Encrypt validation server; +https://www.letsencrypt.org)"
18.116.86.117 - - [05/Oct/2021:17:18:57 +0000] "GET /.well-known/acme-challenge/_1QReIi8ZE5s2V-48NVvfUUq1KL3GFPV1Uv5ahWP5ow HTTP/1.1" 404 196 "-" "Mozilla/5.0 (compatible; Let's Encrypt validation server; +https://www.letsencrypt.org)"
64.78.149.164 - - [05/Oct/2021:17:18:57 +0000] "GET /.well-known/acme-challenge/_1QReIi8ZE5s2V-48NVvfUUq1KL3GFPV1Uv5ahWP5ow HTTP/1.1" 404 196 "-" "Mozilla/5.0 (compatible; Let's Encrypt validation server; +https://www.letsencrypt.org)"
18.192.36.99 - - [05/Oct/2021:18:18:57 +0000] "GET /.well-known/acme-challenge/iwj0JdkCOFrp41rfGKn2KbxksolHaj6VWDc4N51g3Jo HTTP/1.1" 404 196 "-" "Mozilla/5.0 (compatible; Let's Encrypt validation server; +https://www.letsencrypt.org)"
3.142.122.14 - - [05/Oct/2021:18:18:57 +0000] "GET /.well-known/acme-challenge/iwj0JdkCOFrp41rfGKn2KbxksolHaj6VWDc4N51g3Jo HTTP/1.1" 404 196 "-" "Mozilla/5.0 (compatible; Let's Encrypt validation server; +https://www.letsencrypt.org)"
64.78.149.164 - - [05/Oct/2021:18:18:57 +0000] "GET /.well-known/acme-challenge/iwj0JdkCOFrp41rfGKn2KbxksolHaj6VWDc4N51g3Jo HTTP/1.1" 404 196 "-" "Mozilla/5.0 (compatible; Let's Encrypt validation server; +https://www.letsencrypt.org)"
34.219.87.132 - - [05/Oct/2021:18:18:57 +0000] "GET /.well-known/acme-challenge/iwj0JdkCOFrp41rfGKn2KbxksolHaj6VWDc4N51g3Jo HTTP/1.1" 404 196 "-" "Mozilla/5.0 (compatible; Let's Encrypt validation server; +https://www.letsencrypt.org)"
207.46.13.113 - - [05/Oct/2021:18:29:16 +0000] "GET / HTTP/1.1" 200 1953 "-" "Mozilla/5.0 (compatible; bingbot/2.0; +http://www.bing.com/bingbot.htm)"
18.159.196.172 - - [05/Oct/2021:19:18:56 +0000] "GET /.well-known/acme-challenge/pGKbMbZibjuUl3xG4n4eqfVQz8A02CqWlovcug6xaF4 HTTP/1.1" 404 196 "-" "Mozilla/5.0 (compatible; Let's Encrypt validation server; +https://www.letsencrypt.org)"
52.39.4.59 - - [05/Oct/2021:19:18:56 +0000] "GET /.well-known/acme-challenge/pGKbMbZibjuUl3xG4n4eqfVQz8A02CqWlovcug6xaF4 HTTP/1.1" 404 196 "-" "Mozilla/5.0 (compatible; Let's Encrypt validation server; +https://www.letsencrypt.org)"
3.19.56.43 - - [05/Oct/2021:19:18:56 +0000] "GET /.well-known/acme-challenge/pGKbMbZibjuUl3xG4n4eqfVQz8A02CqWlovcug6xaF4 HTTP/1.1" 404 196 "-" "Mozilla/5.0 (compatible; Let's Encrypt validation server; +https://www.letsencrypt.org)"
64.78.149.164 - - [05/Oct/2021:19:18:56 +0000] "GET /.well-known/acme-challenge/pGKbMbZibjuUl3xG4n4eqfVQz8A02CqWlovcug6xaF4 HTTP/1.1" 404 196 "-" "Mozilla/5.0 (compatible; Let's Encrypt validation server; +https://www.letsencrypt.org)"
18.192.36.99 - - [05/Oct/2021:20:18:28 +0000] "GET /.well-known/acme-challenge/MjUE4meuKmWsKfGEAqNpv2Mwdgy4JNXUMAm4QIPpJP4 HTTP/1.1" 404 196 "-" "Mozilla/5.0 (compatible; Let's Encrypt validation server; +https://www.letsencrypt.org)"
3.142.122.14 - - [05/Oct/2021:20:18:28 +0000] "GET /.well-known/acme-challenge/MjUE4meuKmWsKfGEAqNpv2Mwdgy4JNXUMAm4QIPpJP4 HTTP/1.1" 404 196 "-" "Mozilla/5.0 (compatible; Let's Encrypt validation server; +https://www.letsencrypt.org)"
52.39.4.59 - - [05/Oct/2021:20:18:28 +0000] "GET /.well-known/acme-challenge/MjUE4meuKmWsKfGEAqNpv2Mwdgy4JNXUMAm4QIPpJP4 HTTP/1.1" 404 196 "-" "Mozilla/5.0 (compatible; Let's Encrypt validation server; +https://www.letsencrypt.org)"
66.133.109.36 - - [05/Oct/2021:20:18:28 +0000] "GET /.well-known/acme-challenge/MjUE4meuKmWsKfGEAqNpv2Mwdgy4JNXUMAm4QIPpJP4 HTTP/1.1" 404 196 "-" "Mozilla/5.0 (compatible; Let's Encrypt validation server; +https://www.letsencrypt.org)"
18.159.196.172 - - [05/Oct/2021:21:18:57 +0000] "GET /.well-known/acme-challenge/_EANaMKhI3OIMYAYAFhuE2mkPZfLjyAGhJfdEsN0GUc HTTP/1.1" 404 196 "-" "Mozilla/5.0 (compatible; Let's Encrypt validation server; +https://www.letsencrypt.org)"
34.219.87.132 - - [05/Oct/2021:21:18:57 +0000] "GET /.well-known/acme-challenge/_EANaMKhI3OIMYAYAFhuE2mkPZfLjyAGhJfdEsN0GUc HTTP/1.1" 404 196 "-" "Mozilla/5.0 (compatible; Let's Encrypt validation server; +https://www.letsencrypt.org)"
3.142.122.14 - - [05/Oct/2021:21:18:57 +0000] "GET /.well-known/acme-challenge/_EANaMKhI3OIMYAYAFhuE2mkPZfLjyAGhJfdEsN0GUc HTTP/1.1" 404 196 "-" "Mozilla/5.0 (compatible; Let's Encrypt validation server; +https://www.letsencrypt.org)"
64.78.149.164 - - [05/Oct/2021:21:18:57 +0000] "GET /.well-known/acme-challenge/_EANaMKhI3OIMYAYAFhuE2mkPZfLjyAGhJfdEsN0GUc HTTP/1.1" 404 196 "-" "Mozilla/5.0 (compatible; Let's Encrypt validation server; +https://www.letsencrypt.org)"
18.159.196.172 - - [05/Oct/2021:22:18:56 +0000] "GET /.well-known/acme-challenge/eAjmgG3x-1hCA5OLYFiXNKoTW1EKMbOQp6UXpchwE9A HTTP/1.1" 404 196 "-" "Mozilla/5.0 (compatible; Let's Encrypt validation server; +https://www.letsencrypt.org)"
34.221.255.206 - - [05/Oct/2021:22:18:56 +0000] "GET /.well-known/acme-challenge/eAjmgG3x-1hCA5OLYFiXNKoTW1EKMbOQp6UXpchwE9A HTTP/1.1" 404 196 "-" "Mozilla/5.0 (compatible; Let's Encrypt validation server; +https://www.letsencrypt.org)"
3.19.56.43 - - [05/Oct/2021:22:18:56 +0000] "GET /.well-known/acme-challenge/eAjmgG3x-1hCA5OLYFiXNKoTW1EKMbOQp6UXpchwE9A HTTP/1.1" 404 196 "-" "Mozilla/5.0 (compatible; Let's Encrypt validation server; +https://www.letsencrypt.org)"
66.133.109.36 - - [05/Oct/2021:22:18:56 +0000] "GET /.well-known/acme-challenge/eAjmgG3x-1hCA5OLYFiXNKoTW1EKMbOQp6UXpchwE9A HTTP/1.1" 404 196 "-" "Mozilla/5.0 (compatible; Let's Encrypt validation server; +https://www.letsencrypt.org)"
216.244.66.227 - - [05/Oct/2021:23:00:52 +0000] "GET /robots.txt HTTP/1.1" 404 196 "-" "Mozilla/5.0 (compatible; DotBot/1.2; +https://opensiteexplorer.org/dotbot; help@moz.com)"
216.244.66.227 - - [05/Oct/2021:23:03:59 +0000] "GET /?C=S;O=D HTTP/1.1" 200 5048 "-" "Mozilla/5.0 (compatible; DotBot/1.2; +https://opensiteexplorer.org/dotbot; help@moz.com)"
3.120.130.29 - - [05/Oct/2021:23:18:59 +0000] "GET /.well-known/acme-challenge/9MbEDGqpe0JSgsMD2Bnxn9EMhgdRH8x5nnCwSmaOw_M HTTP/1.1" 404 196 "-" "Mozilla/5.0 (compatible; Let's Encrypt validation server; +https://www.letsencrypt.org)"
3.19.56.43 - - [05/Oct/2021:23:18:59 +0000] "GET /.well-known/acme-challenge/9MbEDGqpe0JSgsMD2Bnxn9EMhgdRH8x5nnCwSmaOw_M HTTP/1.1" 404 196 "-" "Mozilla/5.0 (compatible; Let's Encrypt validation server; +https://www.letsencrypt.org)"
52.39.4.59 - - [05/Oct/2021:23:18:59 +0000] "GET /.well-known/acme-challenge/9MbEDGqpe0JSgsMD2Bnxn9EMhgdRH8x5nnCwSmaOw_M HTTP/1.1" 404 196 "-" "Mozilla/5.0 (compatible; Let's Encrypt validation server; +https://www.letsencrypt.org)"
64.78.149.164 - - [05/Oct/2021:23:18:59 +0000] "GET /.well-known/acme-challenge/9MbEDGqpe0JSgsMD2Bnxn9EMhgdRH8x5nnCwSmaOw_M HTTP/1.1" 404 196 "-" "Mozilla/5.0 (compatible; Let's Encrypt validation server; +https://www.letsencrypt.org)"
216.244.66.227 - - [05/Oct/2021:23:48:08 +0000] "GET /robots.txt HTTP/1.1" 404 196 "-" "Mozilla/5.0 (compatible; DotBot/1.2; +https://opensiteexplorer.org/dotbot; help@moz.com)"
216.244.66.227 - - [05/Oct/2021:23:51:14 +0000] "GET /?C=M;O=A HTTP/1.1" 200 5048 "-" "Mozilla/5.0 (compatible; DotBot/1.2; +https://opensiteexplorer.org/dotbot; help@moz.com)"
3.120.130.29 - - [06/Oct/2021:00:19:00 +0000] "GET /.well-known/acme-challenge/744FqhzP7P3lntR1_jrdZJrCpWipxeeEm_lb1h2oNFw HTTP/1.1" 404 196 "-" "Mozilla/5.0 (compatible; Let's Encrypt validation server; +https://www.letsencrypt.org)"
3.19.56.43 - - [06/Oct/2021:00:19:00 +0000] "GET /.well-known/acme-challenge/744FqhzP7P3lntR1_jrdZJrCpWipxeeEm_lb1h2oNFw HTTP/1.1" 404 196 "-" "Mozilla/5.0 (compatible; Let's Encrypt validation server; +https://www.letsencrypt.org)"
34.219.87.132 - - [06/Oct/2021:00:19:00 +0000] "GET /.well-known/acme-challenge/744FqhzP7P3lntR1_jrdZJrCpWipxeeEm_lb1h2oNFw HTTP/1.1" 404 196 "-" "Mozilla/5.0 (compatible; Let's Encrypt validation server; +https://www.letsencrypt.org)"
66.133.109.36 - - [06/Oct/2021:00:19:00 +0000] "GET /.well-known/acme-challenge/744FqhzP7P3lntR1_jrdZJrCpWipxeeEm_lb1h2oNFw HTTP/1.1" 404 196 "-" "Mozilla/5.0 (compatible; Let's Encrypt validation server; +https://www.letsencrypt.org)"
3.120.130.29 - - [06/Oct/2021:01:18:57 +0000] "GET /.well-known/acme-challenge/7dJm73cXk9LhZXgs_bHxq2WWbx8Y2xRBXPaGN64dH3g HTTP/1.1" 404 196 "-" "Mozilla/5.0 (compatible; Let's Encrypt validation server; +https://www.letsencrypt.org)"
66.133.109.36 - - [06/Oct/2021:01:18:57 +0000] "GET /.well-known/acme-challenge/7dJm73cXk9LhZXgs_bHxq2WWbx8Y2xRBXPaGN64dH3g HTTP/1.1" 404 196 "-" "Mozilla/5.0 (compatible; Let's Encrypt validation server; +https://www.letsencrypt.org)"
18.116.86.117 - - [06/Oct/2021:01:18:57 +0000] "GET /.well-known/acme-challenge/7dJm73cXk9LhZXgs_bHxq2WWbx8Y2xRBXPaGN64dH3g HTTP/1.1" 404 196 "-" "Mozilla/5.0 (compatible; Let's Encrypt validation server; +https://www.letsencrypt.org)"
34.219.87.132 - - [06/Oct/2021:01:18:57 +0000] "GET /.well-known/acme-challenge/7dJm73cXk9LhZXgs_bHxq2WWbx8Y2xRBXPaGN64dH3g HTTP/1.1" 404 196 "-" "Mozilla/5.0 (compatible; Let's Encrypt validation server; +https://www.letsencrypt.org)"
216.244.66.227 - - [06/Oct/2021:01:21:54 +0000] "GET /robots.txt HTTP/1.1" 404 196 "-" "Mozilla/5.0 (compatible; DotBot/1.2; +https://opensiteexplorer.org/dotbot; help@moz.com)"
216.244.66.227 - - [06/Oct/2021:01:24:55 +0000] "GET /?C=M;O=D HTTP/1.1" 200 5048 "-" "Mozilla/5.0 (compatible; DotBot/1.2; +https://opensiteexplorer.org/dotbot; help@moz.com)"
124.206.180.139 - - [06/Oct/2021:01:41:10 +0000] "GET /favicon.ico HTTP/1.1" 404 196 "-" "Mozilla/5.0 (Windows NT 10.0; Win64; x64) AppleWebKit/537.36 (KHTML, like Gecko) Chrome/93.0.4577.63 Safari/537.36"
159.89.2.220 - - [06/Oct/2021:01:47:59 +0000] "GET /wp-login.php HTTP/1.1" 404 196 "-" "Mozilla/5.0 (X11; Ubuntu; Linux x86_64; rv:62.0) Gecko/20100101 Firefox/62.0"
159.89.2.220 - - [06/Oct/2021:01:47:59 +0000] "GET /wp-login.php HTTP/1.1" 404 196 "-" "Mozilla/5.0 (X11; Ubuntu; Linux x86_64; rv:62.0) Gecko/20100101 Firefox/62.0"
159.89.2.220 - - [06/Oct/2021:01:47:59 +0000] "GET /wp-login.php HTTP/1.1" 404 196 "-" "Mozilla/5.0 (X11; Ubuntu; Linux x86_64; rv:62.0) Gecko/20100101 Firefox/62.0"
18.159.196.172 - - [06/Oct/2021:02:18:58 +0000] "GET /.well-known/acme-challenge/EfJ1pBWq4DQUa7_yzc0nXXp3WFltT1AqhR4BlcDR-ag HTTP/1.1" 404 196 "-" "Mozilla/5.0 (compatible; Let's Encrypt validation server; +https://www.letsencrypt.org)"
52.39.4.59 - - [06/Oct/2021:02:18:58 +0000] "GET /.well-known/acme-challenge/EfJ1pBWq4DQUa7_yzc0nXXp3WFltT1AqhR4BlcDR-ag HTTP/1.1" 404 196 "-" "Mozilla/5.0 (compatible; Let's Encrypt validation server; +https://www.letsencrypt.org)"
3.142.122.14 - - [06/Oct/2021:02:18:58 +0000] "GET /.well-known/acme-challenge/EfJ1pBWq4DQUa7_yzc0nXXp3WFltT1AqhR4BlcDR-ag HTTP/1.1" 404 196 "-" "Mozilla/5.0 (compatible; Let's Encrypt validation server; +https://www.letsencrypt.org)"
64.78.149.164 - - [06/Oct/2021:02:18:58 +0000] "GET /.well-known/acme-challenge/EfJ1pBWq4DQUa7_yzc0nXXp3WFltT1AqhR4BlcDR-ag HTTP/1.1" 404 196 "-" "Mozilla/5.0 (compatible; Let's Encrypt validation server; +https://www.letsencrypt.org)"
199.30.231.2 - - [06/Oct/2021:03:14:12 +0000] "GET / HTTP/1.1" 200 1953 "-" "Mozilla/5.0 (Macintosh; Intel Mac OS X 10_10_5) AppleWebKit/537.36 (KHTML, like Gecko) Chrome/54.0.2840.98 Safari/537.36"
64.233.172.254 - - [06/Oct/2021:03:14:24 +0000] "GET / HTTP/1.1" 200 1953 "-" "Mozilla/5.0 (X11; Linux x86_64) AppleWebKit/537.36 (KHTML, like Gecko) Chrome/49.0.2623.75 Safari/537.36 Google Favicon"
64.233.172.254 - - [06/Oct/2021:03:14:24 +0000] "GET /favicon.ico HTTP/1.1" 404 196 "-" "Mozilla/5.0 (X11; Linux x86_64) AppleWebKit/537.36 (KHTML, like Gecko) Chrome/49.0.2623.75 Safari/537.36 Google Favicon"
3.120.130.29 - - [06/Oct/2021:03:19:00 +0000] "GET /.well-known/acme-challenge/aDDS61rwSZRpsm2DurqMHZPjjKscbGP7rKVRATs9GKQ HTTP/1.1" 404 196 "-" "Mozilla/5.0 (compatible; Let's Encrypt validation server; +https://www.letsencrypt.org)"
3.19.56.43 - - [06/Oct/2021:03:19:00 +0000] "GET /.well-known/acme-challenge/aDDS61rwSZRpsm2DurqMHZPjjKscbGP7rKVRATs9GKQ HTTP/1.1" 404 196 "-" "Mozilla/5.0 (compatible; Let's Encrypt validation server; +https://www.letsencrypt.org)"
52.39.4.59 - - [06/Oct/2021:03:19:00 +0000] "GET /.well-known/acme-challenge/aDDS61rwSZRpsm2DurqMHZPjjKscbGP7rKVRATs9GKQ HTTP/1.1" 404 196 "-" "Mozilla/5.0 (compatible; Let's Encrypt validation server; +https://www.letsencrypt.org)"
66.133.109.36 - - [06/Oct/2021:03:19:00 +0000] "GET /.well-known/acme-challenge/aDDS61rwSZRpsm2DurqMHZPjjKscbGP7rKVRATs9GKQ HTTP/1.1" 404 196 "-" "Mozilla/5.0 (compatible; Let's Encrypt validation server; +https://www.letsencrypt.org)"
34.77.162.17 - - [06/Oct/2021:03:36:18 +0000] "GET / HTTP/1.1" 200 5048 "-" "Expanse indexes the network perimeters of our customers. If you have any questions or concerns, please reach out to: scaninfo@expanseinc.com"
40.77.167.14 - - [06/Oct/2021:03:56:23 +0000] "GET / HTTP/1.1" 200 1953 "-" "Mozilla/5.0 (compatible; bingbot/2.0; +http://www.bing.com/bingbot.htm)"
18.192.36.99 - - [06/Oct/2021:04:18:54 +0000] "GET /.well-known/acme-challenge/Hn_CJGupQ5k9GmhoukSIrMjHtfonM_9bBe65vvh3hjQ HTTP/1.1" 404 196 "-" "Mozilla/5.0 (compatible; Let's Encrypt validation server; +https://www.letsencrypt.org)"
34.219.87.132 - - [06/Oct/2021:04:18:54 +0000] "GET /.well-known/acme-challenge/Hn_CJGupQ5k9GmhoukSIrMjHtfonM_9bBe65vvh3hjQ HTTP/1.1" 404 196 "-" "Mozilla/5.0 (compatible; Let's Encrypt validation server; +https://www.letsencrypt.org)"
18.116.86.117 - - [06/Oct/2021:04:18:54 +0000] "GET /.well-known/acme-challenge/Hn_CJGupQ5k9GmhoukSIrMjHtfonM_9bBe65vvh3hjQ HTTP/1.1" 404 196 "-" "Mozilla/5.0 (compatible; Let's Encrypt validation server; +https://www.letsencrypt.org)"
66.133.109.36 - - [06/Oct/2021:04:18:54 +0000] "GET /.well-known/acme-challenge/Hn_CJGupQ5k9GmhoukSIrMjHtfonM_9bBe65vvh3hjQ HTTP/1.1" 404 196 "-" "Mozilla/5.0 (compatible; Let's Encrypt validation server; +https://www.letsencrypt.org)"
37.0.11.40 - - [06/Oct/2021:05:15:20 +0000] "GET /.env HTTP/1.1" 404 196 "-" "Mozilla/5.0 (Macintosh; Intel Mac OS X 10.15; rv:77.0) Gecko/20100101 Firefox/77.0"
37.0.11.40 - - [06/Oct/2021:05:15:22 +0000] "GET /wp-content/ HTTP/1.1" 404 196 "-" "Mozilla/5.0 (Macintosh; Intel Mac OS X 10.15; rv:77.0) Gecko/20100101 Firefox/77.0"
40.77.167.2 - - [06/Oct/2021:05:17:09 +0000] "GET / HTTP/1.1" 200 1953 "-" "Mozilla/5.0 (compatible; bingbot/2.0; +http://www.bing.com/bingbot.htm)"
3.120.130.29 - - [06/Oct/2021:05:18:53 +0000] "GET /.well-known/acme-challenge/LnRBLb_MF45Cz0aF0ZRw4DRIaI8PFsTrd3JAm7t6qMY HTTP/1.1" 404 196 "-" "Mozilla/5.0 (compatible; Let's Encrypt validation server; +https://www.letsencrypt.org)"
52.39.4.59 - - [06/Oct/2021:05:18:54 +0000] "GET /.well-known/acme-challenge/LnRBLb_MF45Cz0aF0ZRw4DRIaI8PFsTrd3JAm7t6qMY HTTP/1.1" 404 196 "-" "Mozilla/5.0 (compatible; Let's Encrypt validation server; +https://www.letsencrypt.org)"
3.19.56.43 - - [06/Oct/2021:05:18:54 +0000] "GET /.well-known/acme-challenge/LnRBLb_MF45Cz0aF0ZRw4DRIaI8PFsTrd3JAm7t6qMY HTTP/1.1" 404 196 "-" "Mozilla/5.0 (compatible; Let's Encrypt validation server; +https://www.letsencrypt.org)"
66.133.109.36 - - [06/Oct/2021:05:18:54 +0000] "GET /.well-known/acme-challenge/LnRBLb_MF45Cz0aF0ZRw4DRIaI8PFsTrd3JAm7t6qMY HTTP/1.1" 404 196 "-" "Mozilla/5.0 (compatible; Let's Encrypt validation server; +https://www.letsencrypt.org)"
35.162.163.43 - - [06/Oct/2021:06:05:19 +0000] "GET / HTTP/1.1" 200 1953 "-" "Mozilla/5.0 (Windows NT 10.0; Win64; x64)AppleWebKit/537.36 (KHTML, like Gecko) Chrome/66.0.3359.181 Safari/537.36"
34.219.109.163 - - [06/Oct/2021:06:06:23 +0000] "GET / HTTP/1.1" 200 1953 "-" "Mozilla/5.0 (Windows NT 10.0; Win64; x64)AppleWebKit/537.36 (KHTML, like Gecko) Chrome/66.0.3359.181 Safari/537.36"
18.236.149.252 - - [06/Oct/2021:06:09:21 +0000] "GET / HTTP/1.1" 200 1953 "-" "Mozilla/5.0 (X11; Linux x86_64) AppleWebKit/537.36 (KHTML, like Gecko) Chrome/83.0.4103.97 Safari/537.36"
54.202.112.90 - - [06/Oct/2021:06:09:25 +0000] "GET / HTTP/1.1" 200 1953 "-" "Mozilla/5.0 (X11; Linux x86_64) AppleWebKit/537.36 (KHTML, like Gecko) Chrome/83.0.4103.97 Safari/537.36"
34.211.66.18 - - [06/Oct/2021:06:09:48 +0000] "GET /favicon.ico HTTP/1.1" 404 196 "-" "Mozilla/5.0 (X11; Linux x86_64) AppleWebKit/537.36 (KHTML, like Gecko) Chrome/83.0.4103.97 Safari/537.36"
34.220.179.178 - - [06/Oct/2021:06:09:49 +0000] "GET /favicon.ico HTTP/1.1" 404 196 "-" "Mozilla/5.0 (X11; Linux x86_64) AppleWebKit/537.36 (KHTML, like Gecko) Chrome/83.0.4103.97 Safari/537.36"
34.211.66.18 - - [06/Oct/2021:06:09:50 +0000] "GET / HTTP/1.1" 200 1953 "-" "Mozilla/5.0 (X11; Linux x86_64) AppleWebKit/537.36 (KHTML, like Gecko) Chrome/83.0.4103.97 Safari/537.36"
34.220.179.178 - - [06/Oct/2021:06:09:51 +0000] "GET / HTTP/1.1" 200 1953 "-" "Mozilla/5.0 (X11; Linux x86_64) AppleWebKit/537.36 (KHTML, like Gecko) Chrome/83.0.4103.97 Safari/537.36"
18.192.36.99 - - [06/Oct/2021:06:18:54 +0000] "GET /.well-known/acme-challenge/Zr98konG250cqormMpCW_fG8Z9QboyhnGSkRsg9zcLM HTTP/1.1" 404 196 "-" "Mozilla/5.0 (compatible; Let's Encrypt validation server; +https://www.letsencrypt.org)"
3.19.56.43 - - [06/Oct/2021:06:18:54 +0000] "GET /.well-known/acme-challenge/Zr98konG250cqormMpCW_fG8Z9QboyhnGSkRsg9zcLM HTTP/1.1" 404 196 "-" "Mozilla/5.0 (compatible; Let's Encrypt validation server; +https://www.letsencrypt.org)"
34.221.255.206 - - [06/Oct/2021:06:18:54 +0000] "GET /.well-known/acme-challenge/Zr98konG250cqormMpCW_fG8Z9QboyhnGSkRsg9zcLM HTTP/1.1" 404 196 "-" "Mozilla/5.0 (compatible; Let's Encrypt validation server; +https://www.letsencrypt.org)"
66.133.109.36 - - [06/Oct/2021:06:18:55 +0000] "GET /.well-known/acme-challenge/Zr98konG250cqormMpCW_fG8Z9QboyhnGSkRsg9zcLM HTTP/1.1" 404 196 "-" "Mozilla/5.0 (compatible; Let's Encrypt validation server; +https://www.letsencrypt.org)"
37.75.131.172 - - [06/Oct/2021:06:50:39 +0000] "POST /blog/xmlrpc.php HTTP/1.1" 404 196 "-" "Mozilla/5.0 (Macintosh; U; Intel Mac OS X 10.6; fr; rv:1.9.2.8) Gecko/20100722 Firefox/3.6.8"
37.75.131.172 - - [06/Oct/2021:06:50:39 +0000] "POST /xmlrpc.php HTTP/1.1" 404 196 "-" "Mozilla/5.0 (Macintosh; U; Intel Mac OS X 10.6; fr; rv:1.9.2.8) Gecko/20100722 Firefox/3.6.8"
3.120.130.29 - - [06/Oct/2021:07:18:52 +0000] "GET /.well-known/acme-challenge/wUag2jLnEIzzVoZK8i0XHGx9gp-f1u3ailuQg-cb5YY HTTP/1.1" 404 196 "-" "Mozilla/5.0 (compatible; Let's Encrypt validation server; +https://www.letsencrypt.org)"
66.133.109.36 - - [06/Oct/2021:07:18:52 +0000] "GET /.well-known/acme-challenge/wUag2jLnEIzzVoZK8i0XHGx9gp-f1u3ailuQg-cb5YY HTTP/1.1" 404 196 "-" "Mozilla/5.0 (compatible; Let's Encrypt validation server; +https://www.letsencrypt.org)"
18.116.86.117 - - [06/Oct/2021:07:18:53 +0000] "GET /.well-known/acme-challenge/wUag2jLnEIzzVoZK8i0XHGx9gp-f1u3ailuQg-cb5YY HTTP/1.1" 404 196 "-" "Mozilla/5.0 (compatible; Let's Encrypt validation server; +https://www.letsencrypt.org)"
34.221.255.206 - - [06/Oct/2021:07:18:53 +0000] "GET /.well-known/acme-challenge/wUag2jLnEIzzVoZK8i0XHGx9gp-f1u3ailuQg-cb5YY HTTP/1.1" 404 196 "-" "Mozilla/5.0 (compatible; Let's Encrypt validation server; +https://www.letsencrypt.org)"
18.192.36.99 - - [06/Oct/2021:08:18:56 +0000] "GET /.well-known/acme-challenge/05484fdD4DVaXEo9ulVSPCJbykkBWm22F0BTX4b7Pjo HTTP/1.1" 404 196 "-" "Mozilla/5.0 (compatible; Let's Encrypt validation server; +https://www.letsencrypt.org)"
3.19.56.43 - - [06/Oct/2021:08:18:56 +0000] "GET /.well-known/acme-challenge/05484fdD4DVaXEo9ulVSPCJbykkBWm22F0BTX4b7Pjo HTTP/1.1" 404 196 "-" "Mozilla/5.0 (compatible; Let's Encrypt validation server; +https://www.letsencrypt.org)"
34.219.87.132 - - [06/Oct/2021:08:18:56 +0000] "GET /.well-known/acme-challenge/05484fdD4DVaXEo9ulVSPCJbykkBWm22F0BTX4b7Pjo HTTP/1.1" 404 196 "-" "Mozilla/5.0 (compatible; Let's Encrypt validation server; +https://www.letsencrypt.org)"
66.133.109.36 - - [06/Oct/2021:08:18:56 +0000] "GET /.well-known/acme-challenge/05484fdD4DVaXEo9ulVSPCJbykkBWm22F0BTX4b7Pjo HTTP/1.1" 404 196 "-" "Mozilla/5.0 (compatible; Let's Encrypt validation server; +https://www.letsencrypt.org)"
150.95.110.113 - - [06/Oct/2021:09:06:49 +0000] "GET /wp-login.php HTTP/1.1" 404 196 "-" "Mozilla/5.0 (X11; Ubuntu; Linux x86_64; rv:62.0) Gecko/20100101 Firefox/62.0"
150.95.110.113 - - [06/Oct/2021:09:06:49 +0000] "GET /wp-login.php HTTP/1.1" 404 196 "-" "Mozilla/5.0 (X11; Ubuntu; Linux x86_64; rv:62.0) Gecko/20100101 Firefox/62.0"
150.95.110.113 - - [06/Oct/2021:09:06:49 +0000] "GET /wp-login.php HTTP/1.1" 404 196 "-" "Mozilla/5.0 (X11; Ubuntu; Linux x86_64; rv:62.0) Gecko/20100101 Firefox/62.0"
18.159.196.172 - - [06/Oct/2021:09:18:52 +0000] "GET /.well-known/acme-challenge/0E_kFn_f20MOLno99d6hhWT2WoJ3Csu-r1-q1gPKGvI HTTP/1.1" 404 196 "-" "Mozilla/5.0 (compatible; Let's Encrypt validation server; +https://www.letsencrypt.org)"
64.78.149.164 - - [06/Oct/2021:09:18:52 +0000] "GET /.well-known/acme-challenge/0E_kFn_f20MOLno99d6hhWT2WoJ3Csu-r1-q1gPKGvI HTTP/1.1" 404 196 "-" "Mozilla/5.0 (compatible; Let's Encrypt validation server; +https://www.letsencrypt.org)"
34.221.255.206 - - [06/Oct/2021:09:18:52 +0000] "GET /.well-known/acme-challenge/0E_kFn_f20MOLno99d6hhWT2WoJ3Csu-r1-q1gPKGvI HTTP/1.1" 404 196 "-" "Mozilla/5.0 (compatible; Let's Encrypt validation server; +https://www.letsencrypt.org)"
139.59.83.248 - - [06/Oct/2021:09:24:28 +0000] "GET /wp-login.php HTTP/1.1" 404 196 "-" "Mozilla/5.0 (X11; Ubuntu; Linux x86_64; rv:62.0) Gecko/20100101 Firefox/62.0"
18.159.196.172 - - [06/Oct/2021:10:18:52 +0000] "GET /.well-known/acme-challenge/Tf2hGvPv5-WcYLlvx9kp9TLEd-yZM3UFgGTUkMQfcyQ HTTP/1.1" 404 196 "-" "Mozilla/5.0 (compatible; Let's Encrypt validation server; +https://www.letsencrypt.org)"
34.221.255.206 - - [06/Oct/2021:10:18:52 +0000] "GET /.well-known/acme-challenge/Tf2hGvPv5-WcYLlvx9kp9TLEd-yZM3UFgGTUkMQfcyQ HTTP/1.1" 404 196 "-" "Mozilla/5.0 (compatible; Let's Encrypt validation server; +https://www.letsencrypt.org)"
66.133.109.36 - - [06/Oct/2021:10:18:52 +0000] "GET /.well-known/acme-challenge/Tf2hGvPv5-WcYLlvx9kp9TLEd-yZM3UFgGTUkMQfcyQ HTTP/1.1" 404 196 "-" "Mozilla/5.0 (compatible; Let's Encrypt validation server; +https://www.letsencrypt.org)"
51.222.253.5 - - [06/Oct/2021:10:41:14 +0000] "GET /robots.txt HTTP/1.1" 404 196 "-" "Mozilla/5.0 (compatible; AhrefsBot/7.0; +http://ahrefs.com/robot/)"
54.36.148.8 - - [06/Oct/2021:10:41:14 +0000] "GET / HTTP/1.1" 200 1953 "-" "Mozilla/5.0 (compatible; AhrefsBot/7.0; +http://ahrefs.com/robot/)"
185.81.157.200 - - [06/Oct/2021:10:50:32 +0000] "GET /wordpress/wp-admin/install.php HTTP/1.1" 404 196 "-" "Python-urllib/2.7"
18.159.196.172 - - [06/Oct/2021:11:18:57 +0000] "GET /.well-known/acme-challenge/ueBD-LC3RH-rjO7NaQbOANBagsEUswSWMozC8iYcZF0 HTTP/1.1" 404 196 "-" "Mozilla/5.0 (compatible; Let's Encrypt validation server; +https://www.letsencrypt.org)"
34.219.87.132 - - [06/Oct/2021:11:18:57 +0000] "GET /.well-known/acme-challenge/ueBD-LC3RH-rjO7NaQbOANBagsEUswSWMozC8iYcZF0 HTTP/1.1" 404 196 "-" "Mozilla/5.0 (compatible; Let's Encrypt validation server; +https://www.letsencrypt.org)"
64.78.149.164 - - [06/Oct/2021:11:18:57 +0000] "GET /.well-known/acme-challenge/ueBD-LC3RH-rjO7NaQbOANBagsEUswSWMozC8iYcZF0 HTTP/1.1" 404 196 "-" "Mozilla/5.0 (compatible; Let's Encrypt validation server; +https://www.letsencrypt.org)"
18.192.36.99 - - [06/Oct/2021:12:18:53 +0000] "GET /.well-known/acme-challenge/76qMKNXz6ZWgH8F_EwU6U5AUNFrN0MeVz2kro78S0sA HTTP/1.1" 404 196 "-" "Mozilla/5.0 (compatible; Let's Encrypt validation server; +https://www.letsencrypt.org)"
52.39.4.59 - - [06/Oct/2021:12:18:53 +0000] "GET /.well-known/acme-challenge/76qMKNXz6ZWgH8F_EwU6U5AUNFrN0MeVz2kro78S0sA HTTP/1.1" 404 196 "-" "Mozilla/5.0 (compatible; Let's Encrypt validation server; +https://www.letsencrypt.org)"
3.19.56.43 - - [06/Oct/2021:12:18:53 +0000] "GET /.well-known/acme-challenge/76qMKNXz6ZWgH8F_EwU6U5AUNFrN0MeVz2kro78S0sA HTTP/1.1" 404 196 "-" "Mozilla/5.0 (compatible; Let's Encrypt validation server; +https://www.letsencrypt.org)"
66.133.109.36 - - [06/Oct/2021:12:18:53 +0000] "GET /.well-known/acme-challenge/76qMKNXz6ZWgH8F_EwU6U5AUNFrN0MeVz2kro78S0sA HTTP/1.1" 404 196 "-" "Mozilla/5.0 (compatible; Let's Encrypt validation server; +https://www.letsencrypt.org)"
68.183.233.119 - - [06/Oct/2021:12:55:12 +0000] "GET / HTTP/1.1" 200 5048 "-" "Mozilla/5.0 (Windows NT 10.0; Win64; x64) AppleWebKit/537.36 (KHTML, like Gecko) Chrome/88.0.4240.193 Safari/537.36"
68.183.233.119 - - [06/Oct/2021:12:55:12 +0000] "GET / HTTP/1.1" 200 5048 "-" "Mozilla/5.0 (Windows NT 10.0; Win64; x64) AppleWebKit/537.36 (KHTML, like Gecko) Chrome/88.0.4240.193 Safari/537.36"
68.183.233.119 - - [06/Oct/2021:12:55:12 +0000] "GET /wp-includes/wlwmanifest.xml HTTP/1.1" 404 196 "-" "Mozilla/5.0 (Windows NT 10.0; Win64; x64) AppleWebKit/537.36 (KHTML, like Gecko) Chrome/88.0.4240.193 Safari/537.36"
68.183.233.119 - - [06/Oct/2021:12:55:12 +0000] "GET /xmlrpc.php?rsd HTTP/1.1" 404 196 "-" "Mozilla/5.0 (Windows NT 10.0; Win64; x64) AppleWebKit/537.36 (KHTML, like Gecko) Chrome/88.0.4240.193 Safari/537.36"
68.183.233.119 - - [06/Oct/2021:12:55:12 +0000] "GET / HTTP/1.1" 200 5048 "-" "Mozilla/5.0 (Windows NT 10.0; Win64; x64) AppleWebKit/537.36 (KHTML, like Gecko) Chrome/88.0.4240.193 Safari/537.36"
68.183.233.119 - - [06/Oct/2021:12:55:12 +0000] "GET /blog/wp-includes/wlwmanifest.xml HTTP/1.1" 404 196 "-" "Mozilla/5.0 (Windows NT 10.0; Win64; x64) AppleWebKit/537.36 (KHTML, like Gecko) Chrome/88.0.4240.193 Safari/537.36"
68.183.233.119 - - [06/Oct/2021:12:55:12 +0000] "GET /web/wp-includes/wlwmanifest.xml HTTP/1.1" 404 196 "-" "Mozilla/5.0 (Windows NT 10.0; Win64; x64) AppleWebKit/537.36 (KHTML, like Gecko) Chrome/88.0.4240.193 Safari/537.36"
68.183.233.119 - - [06/Oct/2021:12:55:12 +0000] "GET /wordpress/wp-includes/wlwmanifest.xml HTTP/1.1" 404 196 "-" "Mozilla/5.0 (Windows NT 10.0; Win64; x64) AppleWebKit/537.36 (KHTML, like Gecko) Chrome/88.0.4240.193 Safari/537.36"
68.183.233.119 - - [06/Oct/2021:12:55:12 +0000] "GET /website/wp-includes/wlwmanifest.xml HTTP/1.1" 404 196 "-" "Mozilla/5.0 (Windows NT 10.0; Win64; x64) AppleWebKit/537.36 (KHTML, like Gecko) Chrome/88.0.4240.193 Safari/537.36"
68.183.233.119 - - [06/Oct/2021:12:55:12 +0000] "GET /wp/wp-includes/wlwmanifest.xml HTTP/1.1" 404 196 "-" "Mozilla/5.0 (Windows NT 10.0; Win64; x64) AppleWebKit/537.36 (KHTML, like Gecko) Chrome/88.0.4240.193 Safari/537.36"
68.183.233.119 - - [06/Oct/2021:12:55:12 +0000] "GET /news/wp-includes/wlwmanifest.xml HTTP/1.1" 404 196 "-" "Mozilla/5.0 (Windows NT 10.0; Win64; x64) AppleWebKit/537.36 (KHTML, like Gecko) Chrome/88.0.4240.193 Safari/537.36"
68.183.233.119 - - [06/Oct/2021:12:55:12 +0000] "GET /2020/wp-includes/wlwmanifest.xml HTTP/1.1" 404 196 "-" "Mozilla/5.0 (Windows NT 10.0; Win64; x64) AppleWebKit/537.36 (KHTML, like Gecko) Chrome/88.0.4240.193 Safari/537.36"
68.183.233.119 - - [06/Oct/2021:12:55:12 +0000] "GET /2019/wp-includes/wlwmanifest.xml HTTP/1.1" 404 196 "-" "Mozilla/5.0 (Windows NT 10.0; Win64; x64) AppleWebKit/537.36 (KHTML, like Gecko) Chrome/88.0.4240.193 Safari/537.36"
68.183.233.119 - - [06/Oct/2021:12:55:12 +0000] "GET /shop/wp-includes/wlwmanifest.xml HTTP/1.1" 404 196 "-" "Mozilla/5.0 (Windows NT 10.0; Win64; x64) AppleWebKit/537.36 (KHTML, like Gecko) Chrome/88.0.4240.193 Safari/537.36"
68.183.233.119 - - [06/Oct/2021:12:55:12 +0000] "GET /wp1/wp-includes/wlwmanifest.xml HTTP/1.1" 404 196 "-" "Mozilla/5.0 (Windows NT 10.0; Win64; x64) AppleWebKit/537.36 (KHTML, like Gecko) Chrome/88.0.4240.193 Safari/537.36"
68.183.233.119 - - [06/Oct/2021:12:55:12 +0000] "GET /test/wp-includes/wlwmanifest.xml HTTP/1.1" 404 196 "-" "Mozilla/5.0 (Windows NT 10.0; Win64; x64) AppleWebKit/537.36 (KHTML, like Gecko) Chrome/88.0.4240.193 Safari/537.36"
68.183.233.119 - - [06/Oct/2021:12:55:12 +0000] "GET /wp2/wp-includes/wlwmanifest.xml HTTP/1.1" 404 196 "-" "Mozilla/5.0 (Windows NT 10.0; Win64; x64) AppleWebKit/537.36 (KHTML, like Gecko) Chrome/88.0.4240.193 Safari/537.36"
68.183.233.119 - - [06/Oct/2021:12:55:12 +0000] "GET /site/wp-includes/wlwmanifest.xml HTTP/1.1" 404 196 "-" "Mozilla/5.0 (Windows NT 10.0; Win64; x64) AppleWebKit/537.36 (KHTML, like Gecko) Chrome/88.0.4240.193 Safari/537.36"
68.183.233.119 - - [06/Oct/2021:12:55:12 +0000] "GET /cms/wp-includes/wlwmanifest.xml HTTP/1.1" 404 196 "-" "Mozilla/5.0 (Windows NT 10.0; Win64; x64) AppleWebKit/537.36 (KHTML, like Gecko) Chrome/88.0.4240.193 Safari/537.36"
68.183.233.119 - - [06/Oct/2021:12:55:12 +0000] "GET /sito/wp-includes/wlwmanifest.xml HTTP/1.1" 404 196 "-" "Mozilla/5.0 (Windows NT 10.0; Win64; x64) AppleWebKit/537.36 (KHTML, like Gecko) Chrome/88.0.4240.193 Safari/537.36"
54.36.148.90 - - [06/Oct/2021:13:09:12 +0000] "GET /robots.txt HTTP/1.1" 404 196 "-" "Mozilla/5.0 (compatible; AhrefsBot/7.0; +http://ahrefs.com/robot/)"
54.36.148.146 - - [06/Oct/2021:13:09:14 +0000] "GET / HTTP/1.1" 200 1953 "-" "Mozilla/5.0 (compatible; AhrefsBot/7.0; +http://ahrefs.com/robot/)"
18.192.36.99 - - [06/Oct/2021:13:19:02 +0000] "GET /.well-known/acme-challenge/XUlz_t_XWJXlMXCoJK4UrCzcW2Q_cCCB4dbGbIuWjeI HTTP/1.1" 404 196 "-" "Mozilla/5.0 (compatible; Let's Encrypt validation server; +https://www.letsencrypt.org)"
34.219.87.132 - - [06/Oct/2021:13:19:02 +0000] "GET /.well-known/acme-challenge/XUlz_t_XWJXlMXCoJK4UrCzcW2Q_cCCB4dbGbIuWjeI HTTP/1.1" 404 196 "-" "Mozilla/5.0 (compatible; Let's Encrypt validation server; +https://www.letsencrypt.org)"
3.142.122.14 - - [06/Oct/2021:13:19:02 +0000] "GET /.well-known/acme-challenge/XUlz_t_XWJXlMXCoJK4UrCzcW2Q_cCCB4dbGbIuWjeI HTTP/1.1" 404 196 "-" "Mozilla/5.0 (compatible; Let's Encrypt validation server; +https://www.letsencrypt.org)"
64.78.149.164 - - [06/Oct/2021:13:19:02 +0000] "GET /.well-known/acme-challenge/XUlz_t_XWJXlMXCoJK4UrCzcW2Q_cCCB4dbGbIuWjeI HTTP/1.1" 404 196 "-" "Mozilla/5.0 (compatible; Let's Encrypt validation server; +https://www.letsencrypt.org)"
40.77.167.14 - - [06/Oct/2021:13:48:26 +0000] "GET / HTTP/1.1" 200 1953 "-" "Mozilla/5.0 (compatible; bingbot/2.0; +http://www.bing.com/bingbot.htm)"
18.159.196.172 - - [06/Oct/2021:14:18:54 +0000] "GET /.well-known/acme-challenge/N1J__29x0R8PIwCCk71xbydWytU_oQq_CoY4zYqSOxM HTTP/1.1" 404 196 "-" "Mozilla/5.0 (compatible; Let's Encrypt validation server; +https://www.letsencrypt.org)"
3.19.56.43 - - [06/Oct/2021:14:18:54 +0000] "GET /.well-known/acme-challenge/N1J__29x0R8PIwCCk71xbydWytU_oQq_CoY4zYqSOxM HTTP/1.1" 404 196 "-" "Mozilla/5.0 (compatible; Let's Encrypt validation server; +https://www.letsencrypt.org)"
64.78.149.164 - - [06/Oct/2021:14:18:55 +0000] "GET /.well-known/acme-challenge/N1J__29x0R8PIwCCk71xbydWytU_oQq_CoY4zYqSOxM HTTP/1.1" 404 196 "-" "Mozilla/5.0 (compatible; Let's Encrypt validation server; +https://www.letsencrypt.org)"
34.221.255.206 - - [06/Oct/2021:14:18:55 +0000] "GET /.well-known/acme-challenge/N1J__29x0R8PIwCCk71xbydWytU_oQq_CoY4zYqSOxM HTTP/1.1" 404 196 "-" "Mozilla/5.0 (compatible; Let's Encrypt validation server; +https://www.letsencrypt.org)"
40.77.167.2 - - [06/Oct/2021:15:10:24 +0000] "GET / HTTP/1.1" 200 1953 "-" "Mozilla/5.0 (compatible; bingbot/2.0; +http://www.bing.com/bingbot.htm)"
18.159.196.172 - - [06/Oct/2021:15:18:52 +0000] "GET /.well-known/acme-challenge/tbizOuNcv5vFSsQVKL1DkBsbGUnevEzkzREHnlUsQ68 HTTP/1.1" 404 196 "-" "Mozilla/5.0 (compatible; Let's Encrypt validation server; +https://www.letsencrypt.org)"
18.116.86.117 - - [06/Oct/2021:15:18:52 +0000] "GET /.well-known/acme-challenge/tbizOuNcv5vFSsQVKL1DkBsbGUnevEzkzREHnlUsQ68 HTTP/1.1" 404 196 "-" "Mozilla/5.0 (compatible; Let's Encrypt validation server; +https://www.letsencrypt.org)"
34.219.87.132 - - [06/Oct/2021:15:18:52 +0000] "GET /.well-known/acme-challenge/tbizOuNcv5vFSsQVKL1DkBsbGUnevEzkzREHnlUsQ68 HTTP/1.1" 404 196 "-" "Mozilla/5.0 (compatible; Let's Encrypt validation server; +https://www.letsencrypt.org)"
64.78.149.164 - - [06/Oct/2021:15:18:52 +0000] "GET /.well-known/acme-challenge/tbizOuNcv5vFSsQVKL1DkBsbGUnevEzkzREHnlUsQ68 HTTP/1.1" 404 196 "-" "Mozilla/5.0 (compatible; Let's Encrypt validation server; +https://www.letsencrypt.org)"
3.120.130.29 - - [06/Oct/2021:16:18:55 +0000] "GET /.well-known/acme-challenge/Q2WddaXbZAt6y7jAzNBPH_ykvwnWTWYXLIbb-cM1z7E HTTP/1.1" 404 196 "-" "Mozilla/5.0 (compatible; Let's Encrypt validation server; +https://www.letsencrypt.org)"
3.19.56.43 - - [06/Oct/2021:16:18:55 +0000] "GET /.well-known/acme-challenge/Q2WddaXbZAt6y7jAzNBPH_ykvwnWTWYXLIbb-cM1z7E HTTP/1.1" 404 196 "-" "Mozilla/5.0 (compatible; Let's Encrypt validation server; +https://www.letsencrypt.org)"
66.133.109.36 - - [06/Oct/2021:16:18:55 +0000] "GET /.well-known/acme-challenge/Q2WddaXbZAt6y7jAzNBPH_ykvwnWTWYXLIbb-cM1z7E HTTP/1.1" 404 196 "-" "Mozilla/5.0 (compatible; Let's Encrypt validation server; +https://www.letsencrypt.org)"
34.219.87.132 - - [06/Oct/2021:16:18:55 +0000] "GET /.well-known/acme-challenge/Q2WddaXbZAt6y7jAzNBPH_ykvwnWTWYXLIbb-cM1z7E HTTP/1.1" 404 196 "-" "Mozilla/5.0 (compatible; Let's Encrypt validation server; +https://www.letsencrypt.org)"
206.166.251.72 - - [06/Oct/2021:16:31:23 +0000] "GET /cgi-bin/.%2e/%2e%2e/%2e%2e/%2e%2e/etc/passwd HTTP/1.1" 200 3561 "-" "-"
45.91.22.6 - - [06/Oct/2021:16:45:47 +0000] "GET / HTTP/1.1" 200 1953 "-" "Mozilla/5.0 (X11; Linux x86_64) AppleWebKit/537.36 (KHTML, like Gecko) Chrome/92.0.4515.107 Safari/537.36"
45.91.22.6 - - [06/Oct/2021:16:45:48 +0000] "GET /favicon.ico HTTP/1.1" 404 196 "https://mswebtech.com/" "Mozilla/5.0 (X11; Linux x86_64) AppleWebKit/537.36 (KHTML, like Gecko) Chrome/92.0.4515.107 Safari/537.36"
51.222.253.4 - - [06/Oct/2021:16:54:30 +0000] "GET /robots.txt HTTP/1.1" 404 196 "-" "Mozilla/5.0 (compatible; AhrefsBot/7.0; +http://ahrefs.com/robot/)"
54.36.148.244 - - [06/Oct/2021:16:54:32 +0000] "GET / HTTP/1.1" 200 1953 "-" "Mozilla/5.0 (compatible; AhrefsBot/7.0; +http://ahrefs.com/robot/)"
3.142.122.14 - - [06/Oct/2021:17:18:54 +0000] "GET /.well-known/acme-challenge/Za-gqA04vpJfLMfT1Onat9HmT0DfV0JWyu2ktzoxzqI HTTP/1.1" 404 196 "-" "Mozilla/5.0 (compatible; Let's Encrypt validation server; +https://www.letsencrypt.org)"
3.120.130.29 - - [06/Oct/2021:17:18:54 +0000] "GET /.well-known/acme-challenge/Za-gqA04vpJfLMfT1Onat9HmT0DfV0JWyu2ktzoxzqI HTTP/1.1" 404 196 "-" "Mozilla/5.0 (compatible; Let's Encrypt validation server; +https://www.letsencrypt.org)"
52.39.4.59 - - [06/Oct/2021:17:18:54 +0000] "GET /.well-known/acme-challenge/Za-gqA04vpJfLMfT1Onat9HmT0DfV0JWyu2ktzoxzqI HTTP/1.1" 404 196 "-" "Mozilla/5.0 (compatible; Let's Encrypt validation server; +https://www.letsencrypt.org)"
64.78.149.164 - - [06/Oct/2021:17:18:54 +0000] "GET /.well-known/acme-challenge/Za-gqA04vpJfLMfT1Onat9HmT0DfV0JWyu2ktzoxzqI HTTP/1.1" 404 196 "-" "Mozilla/5.0 (compatible; Let's Encrypt validation server; +https://www.letsencrypt.org)"
206.166.251.72 - - [06/Oct/2021:18:03:39 +0000] "GET /.git/HEAD HTTP/1.1" 404 196 "-" "-"
3.120.130.29 - - [06/Oct/2021:18:18:53 +0000] "GET /.well-known/acme-challenge/aKlbhLJFC1OrDtPNX0imhCnDIb21jjnNZg23PVAp7_M HTTP/1.1" 404 196 "-" "Mozilla/5.0 (compatible; Let's Encrypt validation server; +https://www.letsencrypt.org)"
3.19.56.43 - - [06/Oct/2021:18:18:53 +0000] "GET /.well-known/acme-challenge/aKlbhLJFC1OrDtPNX0imhCnDIb21jjnNZg23PVAp7_M HTTP/1.1" 404 196 "-" "Mozilla/5.0 (compatible; Let's Encrypt validation server; +https://www.letsencrypt.org)"
64.78.149.164 - - [06/Oct/2021:18:18:53 +0000] "GET /.well-known/acme-challenge/aKlbhLJFC1OrDtPNX0imhCnDIb21jjnNZg23PVAp7_M HTTP/1.1" 404 196 "-" "Mozilla/5.0 (compatible; Let's Encrypt validation server; +https://www.letsencrypt.org)"
34.221.255.206 - - [06/Oct/2021:18:18:53 +0000] "GET /.well-known/acme-challenge/aKlbhLJFC1OrDtPNX0imhCnDIb21jjnNZg23PVAp7_M HTTP/1.1" 404 196 "-" "Mozilla/5.0 (compatible; Let's Encrypt validation server; +https://www.letsencrypt.org)"
193.56.29.48 - - [06/Oct/2021:18:37:10 +0000] "GET /.env HTTP/1.1" 404 196 "-" "Mozilla/5.0 (X11; Linux x86_64) AppleWebKit/537.36 (KHTML, like Gecko) Chrome/81.0.4044.129 Safari/537.36"
193.56.29.48 - - [06/Oct/2021:18:37:10 +0000] "POST / HTTP/1.1" 200 1953 "-" "Mozilla/5.0 (X11; Linux x86_64) AppleWebKit/537.36 (KHTML, like Gecko) Chrome/81.0.4044.129 Safari/537.36"
