18.220.115.221 - - [31/Jul/2021:22:01:22 +0000] "GET /css/font-awesome.min.css HTTP/1.1" 200 31024 "http://naraintoursindia.com/contact-us.php" "Mozilla/5.0 (Macintosh; Intel Mac OS X 10_15_7) AppleWebKit/537.36 (KHTML, like Gecko) Chrome/91.0.4472.114 Safari/537.36"
18.220.115.221 - - [31/Jul/2021:22:01:22 +0000] "GET /css/mob.css HTTP/1.1" 200 18323 "http://naraintoursindia.com/contact-us.php" "Mozilla/5.0 (Macintosh; Intel Mac OS X 10_15_7) AppleWebKit/537.36 (KHTML, like Gecko) Chrome/91.0.4472.114 Safari/537.36"
18.220.115.221 - - [31/Jul/2021:22:01:22 +0000] "GET /css/animate.css HTTP/1.1" 200 77818 "http://naraintoursindia.com/contact-us.php" "Mozilla/5.0 (Macintosh; Intel Mac OS X 10_15_7) AppleWebKit/537.36 (KHTML, like Gecko) Chrome/91.0.4472.114 Safari/537.36"
18.220.115.221 - - [31/Jul/2021:22:01:22 +0000] "GET /gen_validatorv4.js HTTP/1.1" 404 216 "http://naraintoursindia.com/contact-us.php" "Mozilla/5.0 (Macintosh; Intel Mac OS X 10_15_7) AppleWebKit/537.36 (KHTML, like Gecko) Chrome/91.0.4472.114 Safari/537.36"
18.220.115.221 - - [31/Jul/2021:22:01:22 +0000] "GET /js/jquery-latest.min.js HTTP/1.1" 200 86351 "http://naraintoursindia.com/contact-us.php" "Mozilla/5.0 (Macintosh; Intel Mac OS X 10_15_7) AppleWebKit/537.36 (KHTML, like Gecko) Chrome/91.0.4472.114 Safari/537.36"
18.220.115.221 - - [31/Jul/2021:22:01:22 +0000] "GET /css/style.css HTTP/1.1" 200 178421 "http://naraintoursindia.com/contact-us.php" "Mozilla/5.0 (Macintosh; Intel Mac OS X 10_15_7) AppleWebKit/537.36 (KHTML, like Gecko) Chrome/91.0.4472.114 Safari/537.36"
18.220.115.221 - - [31/Jul/2021:22:01:22 +0000] "GET /css/materialize.css HTTP/1.1" 200 169755 "http://naraintoursindia.com/contact-us.php" "Mozilla/5.0 (Macintosh; Intel Mac OS X 10_15_7) AppleWebKit/537.36 (KHTML, like Gecko) Chrome/91.0.4472.114 Safari/537.36"
18.220.115.221 - - [31/Jul/2021:22:01:22 +0000] "GET /css/bootstrap.css HTTP/1.1" 200 152814 "http://naraintoursindia.com/contact-us.php" "Mozilla/5.0 (Macintosh; Intel Mac OS X 10_15_7) AppleWebKit/537.36 (KHTML, like Gecko) Chrome/91.0.4472.114 Safari/537.36"
18.220.115.221 - - [31/Jul/2021:22:01:22 +0000] "GET /js/bootstrap.js HTTP/1.1" 200 47030 "http://naraintoursindia.com/contact-us.php" "Mozilla/5.0 (Macintosh; Intel Mac OS X 10_15_7) AppleWebKit/537.36 (KHTML, like Gecko) Chrome/91.0.4472.114 Safari/537.36"
18.220.115.221 - - [31/Jul/2021:22:01:22 +0000] "GET /js/wow.min.js HTTP/1.1" 200 4232 "http://naraintoursindia.com/contact-us.php" "Mozilla/5.0 (Macintosh; Intel Mac OS X 10_15_7) AppleWebKit/537.36 (KHTML, like Gecko) Chrome/91.0.4472.114 Safari/537.36"
18.220.115.221 - - [31/Jul/2021:22:01:23 +0000] "GET /js/materialize.min.js HTTP/1.1" 200 148768 "http://naraintoursindia.com/contact-us.php" "Mozilla/5.0 (Macintosh; Intel Mac OS X 10_15_7) AppleWebKit/537.36 (KHTML, like Gecko) Chrome/91.0.4472.114 Safari/537.36"
18.220.115.221 - - [31/Jul/2021:22:01:23 +0000] "GET /js/custom.js HTTP/1.1" 200 7402 "http://naraintoursindia.com/contact-us.php" "Mozilla/5.0 (Macintosh; Intel Mac OS X 10_15_7) AppleWebKit/537.36 (KHTML, like Gecko) Chrome/91.0.4472.114 Safari/537.36"
18.220.115.221 - - [31/Jul/2021:22:01:23 +0000] "GET /index.php HTTP/1.1" 200 53222 "-" "Mozilla/5.0 (Macintosh; Intel Mac OS X 10_15_7) AppleWebKit/537.36 (KHTML, like Gecko) Chrome/91.0.4472.114 Safari/537.36"
18.220.115.221 - - [31/Jul/2021:22:01:24 +0000] "GET /css/font-awesome.min.css HTTP/1.1" 200 31024 "http://naraintoursindia.com/index.php" "Mozilla/5.0 (Macintosh; Intel Mac OS X 10_15_7) AppleWebKit/537.36 (KHTML, like Gecko) Chrome/91.0.4472.114 Safari/537.36"
18.220.115.221 - - [31/Jul/2021:22:01:24 +0000] "GET /css/mob.css HTTP/1.1" 200 18323 "http://naraintoursindia.com/index.php" "Mozilla/5.0 (Macintosh; Intel Mac OS X 10_15_7) AppleWebKit/537.36 (KHTML, like Gecko) Chrome/91.0.4472.114 Safari/537.36"
18.220.115.221 - - [31/Jul/2021:22:01:24 +0000] "GET /css/animate.css HTTP/1.1" 200 77818 "http://naraintoursindia.com/index.php" "Mozilla/5.0 (Macintosh; Intel Mac OS X 10_15_7) AppleWebKit/537.36 (KHTML, like Gecko) Chrome/91.0.4472.114 Safari/537.36"
18.220.115.221 - - [31/Jul/2021:22:01:24 +0000] "GET /gen_validatorv31.js HTTP/1.1" 200 18847 "http://naraintoursindia.com/index.php" "Mozilla/5.0 (Macintosh; Intel Mac OS X 10_15_7) AppleWebKit/537.36 (KHTML, like Gecko) Chrome/91.0.4472.114 Safari/537.36"
18.220.115.221 - - [31/Jul/2021:22:01:24 +0000] "GET /css/style.css HTTP/1.1" 200 178421 "http://naraintoursindia.com/index.php" "Mozilla/5.0 (Macintosh; Intel Mac OS X 10_15_7) AppleWebKit/537.36 (KHTML, like Gecko) Chrome/91.0.4472.114 Safari/537.36"
18.220.115.221 - - [31/Jul/2021:22:01:24 +0000] "GET /css/materialize.css HTTP/1.1" 200 169755 "http://naraintoursindia.com/index.php" "Mozilla/5.0 (Macintosh; Intel Mac OS X 10_15_7) AppleWebKit/537.36 (KHTML, like Gecko) Chrome/91.0.4472.114 Safari/537.36"
18.220.115.221 - - [31/Jul/2021:22:01:24 +0000] "GET /css/bootstrap.css HTTP/1.1" 200 152814 "http://naraintoursindia.com/index.php" "Mozilla/5.0 (Macintosh; Intel Mac OS X 10_15_7) AppleWebKit/537.36 (KHTML, like Gecko) Chrome/91.0.4472.114 Safari/537.36"
18.220.115.221 - - [31/Jul/2021:22:01:24 +0000] "GET /gen_validatorv4.js HTTP/1.1" 404 216 "http://naraintoursindia.com/index.php" "Mozilla/5.0 (Macintosh; Intel Mac OS X 10_15_7) AppleWebKit/537.36 (KHTML, like Gecko) Chrome/91.0.4472.114 Safari/537.36"
18.220.115.221 - - [31/Jul/2021:22:01:25 +0000] "GET /js/jquery-latest.min.js HTTP/1.1" 200 86351 "http://naraintoursindia.com/index.php" "Mozilla/5.0 (Macintosh; Intel Mac OS X 10_15_7) AppleWebKit/537.36 (KHTML, like Gecko) Chrome/91.0.4472.114 Safari/537.36"
18.220.115.221 - - [31/Jul/2021:22:01:25 +0000] "GET /js/bootstrap.js HTTP/1.1" 200 47030 "http://naraintoursindia.com/index.php" "Mozilla/5.0 (Macintosh; Intel Mac OS X 10_15_7) AppleWebKit/537.36 (KHTML, like Gecko) Chrome/91.0.4472.114 Safari/537.36"
18.220.115.221 - - [31/Jul/2021:22:01:25 +0000] "GET /js/wow.min.js HTTP/1.1" 200 4232 "http://naraintoursindia.com/index.php" "Mozilla/5.0 (Macintosh; Intel Mac OS X 10_15_7) AppleWebKit/537.36 (KHTML, like Gecko) Chrome/91.0.4472.114 Safari/537.36"
18.220.115.221 - - [31/Jul/2021:22:01:25 +0000] "GET /gen_validatorv4.js HTTP/1.1" 404 216 "http://naraintoursindia.com/index.php" "Mozilla/5.0 (Macintosh; Intel Mac OS X 10_15_7) AppleWebKit/537.36 (KHTML, like Gecko) Chrome/91.0.4472.114 Safari/537.36"
18.220.115.221 - - [31/Jul/2021:22:01:25 +0000] "GET /js/custom.js HTTP/1.1" 200 7402 "http://naraintoursindia.com/index.php" "Mozilla/5.0 (Macintosh; Intel Mac OS X 10_15_7) AppleWebKit/537.36 (KHTML, like Gecko) Chrome/91.0.4472.114 Safari/537.36"
18.220.115.221 - - [31/Jul/2021:22:01:25 +0000] "GET /js/materialize.min.js HTTP/1.1" 200 148768 "http://naraintoursindia.com/index.php" "Mozilla/5.0 (Macintosh; Intel Mac OS X 10_15_7) AppleWebKit/537.36 (KHTML, like Gecko) Chrome/91.0.4472.114 Safari/537.36"
18.220.115.221 - - [31/Jul/2021:22:01:26 +0000] "GET /about-us.php HTTP/1.1" 200 19306 "-" "Mozilla/5.0 (Macintosh; Intel Mac OS X 10_15_7) AppleWebKit/537.36 (KHTML, like Gecko) Chrome/91.0.4472.114 Safari/537.36"
18.220.115.221 - - [31/Jul/2021:22:01:27 +0000] "GET /css/font-awesome.min.css HTTP/1.1" 200 31024 "http://naraintoursindia.com/about-us.php" "Mozilla/5.0 (Macintosh; Intel Mac OS X 10_15_7) AppleWebKit/537.36 (KHTML, like Gecko) Chrome/91.0.4472.114 Safari/537.36"
18.220.115.221 - - [31/Jul/2021:22:01:27 +0000] "GET /css/mob.css HTTP/1.1" 200 18323 "http://naraintoursindia.com/about-us.php" "Mozilla/5.0 (Macintosh; Intel Mac OS X 10_15_7) AppleWebKit/537.36 (KHTML, like Gecko) Chrome/91.0.4472.114 Safari/537.36"
18.220.115.221 - - [31/Jul/2021:22:01:27 +0000] "GET /css/animate.css HTTP/1.1" 200 77818 "http://naraintoursindia.com/about-us.php" "Mozilla/5.0 (Macintosh; Intel Mac OS X 10_15_7) AppleWebKit/537.36 (KHTML, like Gecko) Chrome/91.0.4472.114 Safari/537.36"
18.220.115.221 - - [31/Jul/2021:22:01:27 +0000] "GET /gen_validatorv4.js HTTP/1.1" 404 216 "http://naraintoursindia.com/about-us.php" "Mozilla/5.0 (Macintosh; Intel Mac OS X 10_15_7) AppleWebKit/537.36 (KHTML, like Gecko) Chrome/91.0.4472.114 Safari/537.36"
18.220.115.221 - - [31/Jul/2021:22:01:27 +0000] "GET /css/style.css HTTP/1.1" 200 178421 "http://naraintoursindia.com/about-us.php" "Mozilla/5.0 (Macintosh; Intel Mac OS X 10_15_7) AppleWebKit/537.36 (KHTML, like Gecko) Chrome/91.0.4472.114 Safari/537.36"
18.220.115.221 - - [31/Jul/2021:22:01:27 +0000] "GET /js/jquery-latest.min.js HTTP/1.1" 200 86351 "http://naraintoursindia.com/about-us.php" "Mozilla/5.0 (Macintosh; Intel Mac OS X 10_15_7) AppleWebKit/537.36 (KHTML, like Gecko) Chrome/91.0.4472.114 Safari/537.36"
18.220.115.221 - - [31/Jul/2021:22:01:27 +0000] "GET /css/materialize.css HTTP/1.1" 200 169755 "http://naraintoursindia.com/about-us.php" "Mozilla/5.0 (Macintosh; Intel Mac OS X 10_15_7) AppleWebKit/537.36 (KHTML, like Gecko) Chrome/91.0.4472.114 Safari/537.36"
18.220.115.221 - - [31/Jul/2021:22:01:27 +0000] "GET /css/bootstrap.css HTTP/1.1" 200 152814 "http://naraintoursindia.com/about-us.php" "Mozilla/5.0 (Macintosh; Intel Mac OS X 10_15_7) AppleWebKit/537.36 (KHTML, like Gecko) Chrome/91.0.4472.114 Safari/537.36"
18.220.115.221 - - [31/Jul/2021:22:01:27 +0000] "GET /js/bootstrap.js HTTP/1.1" 200 47030 "http://naraintoursindia.com/about-us.php" "Mozilla/5.0 (Macintosh; Intel Mac OS X 10_15_7) AppleWebKit/537.36 (KHTML, like Gecko) Chrome/91.0.4472.114 Safari/537.36"
18.220.115.221 - - [31/Jul/2021:22:01:27 +0000] "GET /js/wow.min.js HTTP/1.1" 200 4232 "http://naraintoursindia.com/about-us.php" "Mozilla/5.0 (Macintosh; Intel Mac OS X 10_15_7) AppleWebKit/537.36 (KHTML, like Gecko) Chrome/91.0.4472.114 Safari/537.36"
18.220.115.221 - - [31/Jul/2021:22:01:28 +0000] "GET /js/materialize.min.js HTTP/1.1" 200 148768 "http://naraintoursindia.com/about-us.php" "Mozilla/5.0 (Macintosh; Intel Mac OS X 10_15_7) AppleWebKit/537.36 (KHTML, like Gecko) Chrome/91.0.4472.114 Safari/537.36"
18.220.115.221 - - [31/Jul/2021:22:01:28 +0000] "GET /js/custom.js HTTP/1.1" 200 7402 "http://naraintoursindia.com/about-us.php" "Mozilla/5.0 (Macintosh; Intel Mac OS X 10_15_7) AppleWebKit/537.36 (KHTML, like Gecko) Chrome/91.0.4472.114 Safari/537.36"
54.36.148.111 - - [31/Jul/2021:22:05:54 +0000] "GET / HTTP/1.1" 200 53222 "-" "Mozilla/5.0 (compatible; AhrefsBot/7.0; +http://ahrefs.com/robot/)"
157.55.39.132 - - [31/Jul/2021:22:07:57 +0000] "GET / HTTP/1.1" 200 53222 "-" "Mozilla/5.0 (compatible; bingbot/2.0; +http://www.bing.com/bingbot.htm)"
54.36.148.140 - - [31/Jul/2021:22:10:00 +0000] "GET / HTTP/1.1" 200 53222 "-" "Mozilla/5.0 (compatible; AhrefsBot/7.0; +http://ahrefs.com/robot/)"
54.36.148.238 - - [31/Jul/2021:22:12:18 +0000] "GET /booking.php?tourname=Golden%20Triangle%20Tour%20with%20varanasi HTTP/1.1" 200 18339 "-" "Mozilla/5.0 (compatible; AhrefsBot/7.0; +http://ahrefs.com/robot/)"
66.249.66.10 - - [31/Jul/2021:22:13:02 +0000] "GET /jaipur-weekend-tour.html HTTP/1.1" 404 222 "-" "Mozilla/5.0 (Linux; Android 6.0.1; Nexus 5X Build/MMB29P) AppleWebKit/537.36 (KHTML, like Gecko) Chrome/91.0.4472.90 Mobile Safari/537.36 (compatible; Googlebot/2.1; +http://www.google.com/bot.html)"
54.36.148.82 - - [31/Jul/2021:22:13:21 +0000] "GET /booking.php?tourname=Golden%20Triangle%20Tour%20with%20Khajuraho%20 HTTP/1.1" 200 18339 "-" "Mozilla/5.0 (compatible; AhrefsBot/7.0; +http://ahrefs.com/robot/)"
54.36.149.42 - - [31/Jul/2021:22:13:30 +0000] "GET /places.php?keywords=ladakh&submit=search HTTP/1.1" 200 15732 "-" "Mozilla/5.0 (compatible; AhrefsBot/7.0; +http://ahrefs.com/robot/)"
54.36.148.180 - - [31/Jul/2021:22:13:35 +0000] "GET /booking.php?tourname=Kerala%20Ayurveda%20Tour HTTP/1.1" 200 18339 "-" "Mozilla/5.0 (compatible; AhrefsBot/7.0; +http://ahrefs.com/robot/)"
54.36.148.161 - - [31/Jul/2021:22:13:37 +0000] "GET /tour-details.php?id=36 HTTP/1.1" 200 22853 "-" "Mozilla/5.0 (compatible; AhrefsBot/7.0; +http://ahrefs.com/robot/)"
54.36.148.119 - - [31/Jul/2021:22:13:38 +0000] "GET /tour-details.php?id=37 HTTP/1.1" 200 22791 "-" "Mozilla/5.0 (compatible; AhrefsBot/7.0; +http://ahrefs.com/robot/)"
54.36.148.103 - - [31/Jul/2021:22:13:39 +0000] "GET /tour-details.php?id=45 HTTP/1.1" 200 28710 "-" "Mozilla/5.0 (compatible; AhrefsBot/7.0; +http://ahrefs.com/robot/)"
54.36.149.18 - - [31/Jul/2021:22:13:41 +0000] "GET /tour-details.php?id=51 HTTP/1.1" 200 22707 "-" "Mozilla/5.0 (compatible; AhrefsBot/7.0; +http://ahrefs.com/robot/)"
54.36.149.88 - - [31/Jul/2021:22:13:42 +0000] "GET /booking.php?tourname=Complete%20Himachal%20Tour HTTP/1.1" 200 18339 "-" "Mozilla/5.0 (compatible; AhrefsBot/7.0; +http://ahrefs.com/robot/)"
54.36.148.102 - - [31/Jul/2021:22:13:43 +0000] "GET /booking.php?tourname=Delhi%20Manali%20Volvo%20Tour HTTP/1.1" 200 18339 "-" "Mozilla/5.0 (compatible; AhrefsBot/7.0; +http://ahrefs.com/robot/)"
54.36.149.24 - - [31/Jul/2021:22:13:50 +0000] "GET /booking.php?tourname=Himachal%20Pradesh%20Tour HTTP/1.1" 200 18339 "-" "Mozilla/5.0 (compatible; AhrefsBot/7.0; +http://ahrefs.com/robot/)"
54.36.148.63 - - [31/Jul/2021:22:14:06 +0000] "GET /booking.php?tourname=Himachal%20Tour%20Package HTTP/1.1" 200 18339 "-" "Mozilla/5.0 (compatible; AhrefsBot/7.0; +http://ahrefs.com/robot/)"
66.249.66.223 - - [31/Jul/2021:22:15:08 +0000] "GET /mailunsi-VIII-competitive/cabo/holland-13303cde716e25-230649cff257321-mccullough.shtml HTTP/1.1" 404 284 "-" "Mozilla/5.0 (Linux; Android 6.0.1; Nexus 5X Build/MMB29P) AppleWebKit/537.36 (KHTML, like Gecko) Chrome/92.0.4515.119 Mobile Safari/537.36 (compatible; Googlebot/2.1; +http://www.google.com/bot.html)"
66.249.66.221 - - [31/Jul/2021:22:23:56 +0000] "GET /delhi-corbett-weekend-tour-package.html HTTP/1.1" 404 237 "-" "Mozilla/5.0 (Linux; Android 6.0.1; Nexus 5X Build/MMB29P) AppleWebKit/537.36 (KHTML, like Gecko) Chrome/91.0.4472.90 Mobile Safari/537.36 (compatible; Googlebot/2.1; +http://www.google.com/bot.html)"
66.249.66.192 - - [31/Jul/2021:22:34:51 +0000] "GET /ladakh-tour-with-delhi-agra-jaipur.html HTTP/1.1" 404 237 "-" "Mozilla/5.0 (Linux; Android 6.0.1; Nexus 5X Build/MMB29P) AppleWebKit/537.36 (KHTML, like Gecko) Chrome/91.0.4472.90 Mobile Safari/537.36 (compatible; Googlebot/2.1; +http://www.google.com/bot.html)"
3.140.238.167 - - [31/Jul/2021:22:42:48 +0000] "GET / HTTP/1.1" 200 53222 "-" "Mozilla/5.0 (Windows NT 10.0; Win64; x64) AppleWebKit/537.36 (KHTML, like Gecko) Chrome/78.0.3904.108 Safari/537.36"
3.140.238.167 - - [31/Jul/2021:22:42:49 +0000] "GET / HTTP/1.1" 200 53222 "-" "Mozilla/5.0 (Windows NT 10.0; Win64; x64) AppleWebKit/537.36 (KHTML, like Gecko) Chrome/78.0.3904.108 Safari/537.36"
3.140.238.167 - - [31/Jul/2021:22:42:49 +0000] "GET /wp-includes/wlwmanifest.xml HTTP/1.1" 404 225 "-" "Mozilla/5.0 (Windows NT 10.0; Win64; x64) AppleWebKit/537.36 (KHTML, like Gecko) Chrome/78.0.3904.108 Safari/537.36"
3.140.238.167 - - [31/Jul/2021:22:42:50 +0000] "GET /xmlrpc.php?rsd HTTP/1.1" 404 208 "-" "Mozilla/5.0 (Windows NT 10.0; Win64; x64) AppleWebKit/537.36 (KHTML, like Gecko) Chrome/78.0.3904.108 Safari/537.36"
3.140.238.167 - - [31/Jul/2021:22:42:50 +0000] "GET / HTTP/1.1" 200 53222 "-" "Mozilla/5.0 (Windows NT 10.0; Win64; x64) AppleWebKit/537.36 (KHTML, like Gecko) Chrome/78.0.3904.108 Safari/537.36"
3.140.238.167 - - [31/Jul/2021:22:42:51 +0000] "GET /blog/wp-includes/wlwmanifest.xml HTTP/1.1" 404 230 "-" "Mozilla/5.0 (Windows NT 10.0; Win64; x64) AppleWebKit/537.36 (KHTML, like Gecko) Chrome/78.0.3904.108 Safari/537.36"
3.140.238.167 - - [31/Jul/2021:22:42:51 +0000] "GET /web/wp-includes/wlwmanifest.xml HTTP/1.1" 404 229 "-" "Mozilla/5.0 (Windows NT 10.0; Win64; x64) AppleWebKit/537.36 (KHTML, like Gecko) Chrome/78.0.3904.108 Safari/537.36"
3.140.238.167 - - [31/Jul/2021:22:42:51 +0000] "GET /wordpress/wp-includes/wlwmanifest.xml HTTP/1.1" 404 235 "-" "Mozilla/5.0 (Windows NT 10.0; Win64; x64) AppleWebKit/537.36 (KHTML, like Gecko) Chrome/78.0.3904.108 Safari/537.36"
3.140.238.167 - - [31/Jul/2021:22:42:52 +0000] "GET /website/wp-includes/wlwmanifest.xml HTTP/1.1" 404 233 "-" "Mozilla/5.0 (Windows NT 10.0; Win64; x64) AppleWebKit/537.36 (KHTML, like Gecko) Chrome/78.0.3904.108 Safari/537.36"
3.140.238.167 - - [31/Jul/2021:22:42:52 +0000] "GET /wp/wp-includes/wlwmanifest.xml HTTP/1.1" 404 228 "-" "Mozilla/5.0 (Windows NT 10.0; Win64; x64) AppleWebKit/537.36 (KHTML, like Gecko) Chrome/78.0.3904.108 Safari/537.36"
3.140.238.167 - - [31/Jul/2021:22:42:52 +0000] "GET /news/wp-includes/wlwmanifest.xml HTTP/1.1" 404 230 "-" "Mozilla/5.0 (Windows NT 10.0; Win64; x64) AppleWebKit/537.36 (KHTML, like Gecko) Chrome/78.0.3904.108 Safari/537.36"
3.140.238.167 - - [31/Jul/2021:22:42:52 +0000] "GET /2018/wp-includes/wlwmanifest.xml HTTP/1.1" 404 230 "-" "Mozilla/5.0 (Windows NT 10.0; Win64; x64) AppleWebKit/537.36 (KHTML, like Gecko) Chrome/78.0.3904.108 Safari/537.36"
3.140.238.167 - - [31/Jul/2021:22:42:53 +0000] "GET /2019/wp-includes/wlwmanifest.xml HTTP/1.1" 404 230 "-" "Mozilla/5.0 (Windows NT 10.0; Win64; x64) AppleWebKit/537.36 (KHTML, like Gecko) Chrome/78.0.3904.108 Safari/537.36"
3.140.238.167 - - [31/Jul/2021:22:42:53 +0000] "GET /shop/wp-includes/wlwmanifest.xml HTTP/1.1" 404 230 "-" "Mozilla/5.0 (Windows NT 10.0; Win64; x64) AppleWebKit/537.36 (KHTML, like Gecko) Chrome/78.0.3904.108 Safari/537.36"
3.140.238.167 - - [31/Jul/2021:22:42:53 +0000] "GET /wp1/wp-includes/wlwmanifest.xml HTTP/1.1" 404 229 "-" "Mozilla/5.0 (Windows NT 10.0; Win64; x64) AppleWebKit/537.36 (KHTML, like Gecko) Chrome/78.0.3904.108 Safari/537.36"
3.140.238.167 - - [31/Jul/2021:22:42:53 +0000] "GET /test/wp-includes/wlwmanifest.xml HTTP/1.1" 404 230 "-" "Mozilla/5.0 (Windows NT 10.0; Win64; x64) AppleWebKit/537.36 (KHTML, like Gecko) Chrome/78.0.3904.108 Safari/537.36"
3.140.238.167 - - [31/Jul/2021:22:42:54 +0000] "GET /media/wp-includes/wlwmanifest.xml HTTP/1.1" 404 231 "-" "Mozilla/5.0 (Windows NT 10.0; Win64; x64) AppleWebKit/537.36 (KHTML, like Gecko) Chrome/78.0.3904.108 Safari/537.36"
3.140.238.167 - - [31/Jul/2021:22:42:54 +0000] "GET /wp2/wp-includes/wlwmanifest.xml HTTP/1.1" 404 229 "-" "Mozilla/5.0 (Windows NT 10.0; Win64; x64) AppleWebKit/537.36 (KHTML, like Gecko) Chrome/78.0.3904.108 Safari/537.36"
3.140.238.167 - - [31/Jul/2021:22:42:54 +0000] "GET /site/wp-includes/wlwmanifest.xml HTTP/1.1" 404 230 "-" "Mozilla/5.0 (Windows NT 10.0; Win64; x64) AppleWebKit/537.36 (KHTML, like Gecko) Chrome/78.0.3904.108 Safari/537.36"
3.140.238.167 - - [31/Jul/2021:22:42:54 +0000] "GET /cms/wp-includes/wlwmanifest.xml HTTP/1.1" 404 229 "-" "Mozilla/5.0 (Windows NT 10.0; Win64; x64) AppleWebKit/537.36 (KHTML, like Gecko) Chrome/78.0.3904.108 Safari/537.36"
3.140.238.167 - - [31/Jul/2021:22:42:55 +0000] "GET /sito/wp-includes/wlwmanifest.xml HTTP/1.1" 404 230 "-" "Mozilla/5.0 (Windows NT 10.0; Win64; x64) AppleWebKit/537.36 (KHTML, like Gecko) Chrome/78.0.3904.108 Safari/537.36"
216.244.66.231 - - [31/Jul/2021:23:06:39 +0000] "GET /robots.txt HTTP/1.1" 404 208 "-" "Mozilla/5.0 (compatible; DotBot/1.2; +https://opensiteexplorer.org/dotbot; help@moz.com)"
5.102.173.71 - - [31/Jul/2021:23:15:06 +0000] "GET /robots.txt HTTP/1.1" 404 208 "-" "Mozilla/5.0 (compatible; MojeekBot/0.10; +https://www.mojeek.com/bot.html)"
5.102.173.71 - - [31/Jul/2021:23:15:06 +0000] "GET /india-tours/himachal-tour-packages.html HTTP/1.1" 404 237 "-" "Mozilla/5.0 (compatible; MojeekBot/0.10; +https://www.mojeek.com/bot.html)"
54.36.148.156 - - [31/Jul/2021:23:16:58 +0000] "GET / HTTP/1.1" 200 53222 "-" "Mozilla/5.0 (compatible; AhrefsBot/7.0; +http://ahrefs.com/robot/)"
216.244.66.231 - - [31/Jul/2021:23:19:35 +0000] "GET /packages/india-tours/tour-details.php?id=25 HTTP/1.1" 404 235 "-" "Mozilla/5.0 (compatible; DotBot/1.2; +https://opensiteexplorer.org/dotbot; help@moz.com)"
216.244.66.231 - - [31/Jul/2021:23:19:41 +0000] "GET /packages/india-tours/tour-details.php?id=55 HTTP/1.1" 404 235 "-" "Mozilla/5.0 (compatible; DotBot/1.2; +https://opensiteexplorer.org/dotbot; help@moz.com)"
216.244.66.231 - - [31/Jul/2021:23:19:45 +0000] "GET /packages/india-tours/tour-details.php?id=83 HTTP/1.1" 404 235 "-" "Mozilla/5.0 (compatible; DotBot/1.2; +https://opensiteexplorer.org/dotbot; help@moz.com)"
40.77.167.101 - - [31/Jul/2021:23:24:27 +0000] "GET /galleryimg/7098555Kerala-backwaters.jpg HTTP/1.1" 200 104993 "-" "Mozilla/5.0 (compatible; bingbot/2.0; +http://www.bing.com/bingbot.htm)"
159.65.24.22 - - [31/Jul/2021:23:25:22 +0000] "GET / HTTP/1.1" 200 53222 "-" "Mozilla/5.0 (Windows NT 6.0) AppleWebKit/537.36 (KHTML, like Gecko) Chrome/34.0.1847.116 Safari/537.36"
159.65.24.22 - - [31/Jul/2021:23:25:24 +0000] "GET /booking.php HTTP/1.1" 200 18339 "-" "Mozilla/5.0 (Windows NT 6.0) AppleWebKit/537.36 (KHTML, like Gecko) Chrome/34.0.1847.116 Safari/537.36"
159.65.24.22 - - [31/Jul/2021:23:25:25 +0000] "GET /contact-us.php HTTP/1.1" 200 16607 "-" "Mozilla/5.0 (Windows NT 6.0) AppleWebKit/537.36 (KHTML, like Gecko) Chrome/34.0.1847.116 Safari/537.36"
159.65.24.22 - - [31/Jul/2021:23:25:26 +0000] "GET /index.php HTTP/1.1" 200 53222 "-" "Mozilla/5.0 (Windows NT 6.0) AppleWebKit/537.36 (KHTML, like Gecko) Chrome/34.0.1847.116 Safari/537.36"
159.65.24.22 - - [31/Jul/2021:23:25:27 +0000] "GET /booking-car-rentals.php HTTP/1.1" 200 25499 "-" "Mozilla/5.0 (Windows NT 6.0) AppleWebKit/537.36 (KHTML, like Gecko) Chrome/34.0.1847.116 Safari/537.36"
159.65.24.22 - - [31/Jul/2021:23:25:27 +0000] "GET /booking-hotel.php HTTP/1.1" 200 19437 "-" "Mozilla/5.0 (Windows NT 6.0) AppleWebKit/537.36 (KHTML, like Gecko) Chrome/34.0.1847.116 Safari/537.36"
159.65.24.22 - - [31/Jul/2021:23:25:28 +0000] "GET /booking-tour-package.php HTTP/1.1" 200 24146 "-" "Mozilla/5.0 (Windows NT 6.0) AppleWebKit/537.36 (KHTML, like Gecko) Chrome/34.0.1847.116 Safari/537.36"
216.244.66.231 - - [31/Jul/2021:23:25:44 +0000] "GET /kerala-honeymoon-tour.html HTTP/1.1" 404 224 "-" "Mozilla/5.0 (compatible; DotBot/1.2; +https://opensiteexplorer.org/dotbot; help@moz.com)"
216.244.66.231 - - [31/Jul/2021:23:25:48 +0000] "GET /rajasthan-desert-tours.htm HTTP/1.1" 404 224 "-" "Mozilla/5.0 (compatible; DotBot/1.2; +https://opensiteexplorer.org/dotbot; help@moz.com)"
66.249.66.8 - - [31/Jul/2021:23:29:23 +0000] "GET /14days-wildlife-safari-tour.html HTTP/1.1" 404 230 "-" "Mozilla/5.0 (Linux; Android 6.0.1; Nexus 5X Build/MMB29P) AppleWebKit/537.36 (KHTML, like Gecko) Chrome/91.0.4472.90 Mobile Safari/537.36 (compatible; Googlebot/2.1; +http://www.google.com/bot.html)"
157.55.39.150 - - [31/Jul/2021:23:31:25 +0000] "GET /galleryimg/1322918Corbett%20National%20Park%20Tour%20Package.jpg HTTP/1.1" 404 254 "-" "Mozilla/5.0 (compatible; bingbot/2.0; +http://www.bing.com/bingbot.htm)"
54.36.148.173 - - [31/Jul/2021:23:33:00 +0000] "GET /booking.php?tourname=Ladakh%20Bike%20Tour HTTP/1.1" 200 18339 "-" "Mozilla/5.0 (compatible; AhrefsBot/7.0; +http://ahrefs.com/robot/)"
54.36.148.166 - - [31/Jul/2021:23:35:08 +0000] "GET /booking.php?tourname=Himachal%20with%20Golden%20Temple%20Tour HTTP/1.1" 200 18339 "-" "Mozilla/5.0 (compatible; AhrefsBot/7.0; +http://ahrefs.com/robot/)"
66.249.66.192 - - [31/Jul/2021:23:35:08 +0000] "GET /index.php HTTP/1.1" 200 53222 "-" "Mozilla/5.0 (Linux; Android 6.0.1; Nexus 5X Build/MMB29P) AppleWebKit/537.36 (KHTML, like Gecko) Chrome/92.0.4515.119 Mobile Safari/537.36 (compatible; Googlebot/2.1; +http://www.google.com/bot.html)"
64.71.131.244 - - [31/Jul/2021:23:50:48 +0000] "GET / HTTP/1.1" 200 53222 "-" "Mozilla/5.0 (compatible; evc-batch/2.0)"
66.249.66.221 - - [31/Jul/2021:23:51:13 +0000] "GET /7days-ladakh-bike-tour.html?page=2 HTTP/1.1" 404 225 "-" "Mozilla/5.0 (Linux; Android 6.0.1; Nexus 5X Build/MMB29P) AppleWebKit/537.36 (KHTML, like Gecko) Chrome/91.0.4472.90 Mobile Safari/537.36 (compatible; Googlebot/2.1; +http://www.google.com/bot.html)"
216.244.66.231 - - [31/Jul/2021:23:57:20 +0000] "GET /robots.txt HTTP/1.1" 404 208 "-" "Mozilla/5.0 (compatible; DotBot/1.2; +https://opensiteexplorer.org/dotbot; help@moz.com)"
207.46.13.189 - - [01/Aug/2021:00:01:41 +0000] "GET /galleryimg/688858H.jpg HTTP/1.1" 200 11199 "-" "Mozilla/5.0 (compatible; bingbot/2.0; +http://www.bing.com/bingbot.htm)"
111.231.194.239 - - [01/Aug/2021:00:09:28 +0000] "GET /wp-login.php HTTP/1.1" 404 210 "-" "Apache-HttpClient/4.5.2 (Java/1.8.0_161)"
111.231.194.239 - - [01/Aug/2021:00:09:33 +0000] "GET /?author=1 HTTP/1.1" 200 53222 "-" "Apache-HttpClient/4.5.2 (Java/1.8.0_161)"
111.231.194.239 - - [01/Aug/2021:00:09:34 +0000] "GET /?author=2 HTTP/1.1" 200 53222 "-" "Apache-HttpClient/4.5.2 (Java/1.8.0_161)"
111.231.194.239 - - [01/Aug/2021:00:09:35 +0000] "GET /?author=3 HTTP/1.1" 200 53222 "-" "Apache-HttpClient/4.5.2 (Java/1.8.0_161)"
111.231.194.239 - - [01/Aug/2021:00:09:36 +0000] "GET /?author=4 HTTP/1.1" 200 53222 "-" "Apache-HttpClient/4.5.2 (Java/1.8.0_161)"
111.231.194.239 - - [01/Aug/2021:00:09:36 +0000] "GET /?author=5 HTTP/1.1" 200 53222 "-" "Apache-HttpClient/4.5.2 (Java/1.8.0_161)"
111.231.194.239 - - [01/Aug/2021:00:09:37 +0000] "GET /?author=6 HTTP/1.1" 200 53222 "-" "Apache-HttpClient/4.5.2 (Java/1.8.0_161)"
111.231.194.239 - - [01/Aug/2021:00:09:37 +0000] "GET /?author=7 HTTP/1.1" 200 53222 "-" "Apache-HttpClient/4.5.2 (Java/1.8.0_161)"
111.231.194.239 - - [01/Aug/2021:00:09:38 +0000] "GET /?author=8 HTTP/1.1" 200 53222 "-" "Apache-HttpClient/4.5.2 (Java/1.8.0_161)"
111.231.194.239 - - [01/Aug/2021:00:09:39 +0000] "GET /?author=9 HTTP/1.1" 200 53222 "-" "Apache-HttpClient/4.5.2 (Java/1.8.0_161)"
111.231.194.239 - - [01/Aug/2021:00:09:40 +0000] "GET /?author=10 HTTP/1.1" 200 53222 "-" "Apache-HttpClient/4.5.2 (Java/1.8.0_161)"
111.231.194.239 - - [01/Aug/2021:00:09:40 +0000] "GET /?author=11 HTTP/1.1" 200 53222 "-" "Apache-HttpClient/4.5.2 (Java/1.8.0_161)"
111.231.194.239 - - [01/Aug/2021:00:09:41 +0000] "GET /?author=12 HTTP/1.1" 200 53222 "-" "Apache-HttpClient/4.5.2 (Java/1.8.0_161)"
111.231.194.239 - - [01/Aug/2021:00:09:41 +0000] "GET /?author=13 HTTP/1.1" 200 53222 "-" "Apache-HttpClient/4.5.2 (Java/1.8.0_161)"
111.231.194.239 - - [01/Aug/2021:00:09:42 +0000] "GET /?author=14 HTTP/1.1" 200 53222 "-" "Apache-HttpClient/4.5.2 (Java/1.8.0_161)"
111.231.194.239 - - [01/Aug/2021:00:09:42 +0000] "GET /?author=15 HTTP/1.1" 200 53222 "-" "Apache-HttpClient/4.5.2 (Java/1.8.0_161)"
111.231.194.239 - - [01/Aug/2021:00:09:43 +0000] "GET /?author=16 HTTP/1.1" 200 53222 "-" "Apache-HttpClient/4.5.2 (Java/1.8.0_161)"
111.231.194.239 - - [01/Aug/2021:00:09:43 +0000] "GET /?author=17 HTTP/1.1" 200 53222 "-" "Apache-HttpClient/4.5.2 (Java/1.8.0_161)"
111.231.194.239 - - [01/Aug/2021:00:09:43 +0000] "GET /?author=18 HTTP/1.1" 200 53222 "-" "Apache-HttpClient/4.5.2 (Java/1.8.0_161)"
111.231.194.239 - - [01/Aug/2021:00:09:44 +0000] "GET /?author=19 HTTP/1.1" 200 53222 "-" "Apache-HttpClient/4.5.2 (Java/1.8.0_161)"
111.231.194.239 - - [01/Aug/2021:00:09:44 +0000] "GET /?author=20 HTTP/1.1" 200 53222 "-" "Apache-HttpClient/4.5.2 (Java/1.8.0_161)"
216.244.66.231 - - [01/Aug/2021:00:10:42 +0000] "GET /packages/india-tours/tour-details.php?id=19 HTTP/1.1" 404 235 "-" "Mozilla/5.0 (compatible; DotBot/1.2; +https://opensiteexplorer.org/dotbot; help@moz.com)"
216.244.66.231 - - [01/Aug/2021:00:10:47 +0000] "GET /packages/india-tours/tour-details.php?id=67 HTTP/1.1" 404 235 "-" "Mozilla/5.0 (compatible; DotBot/1.2; +https://opensiteexplorer.org/dotbot; help@moz.com)"
216.244.66.231 - - [01/Aug/2021:00:19:24 +0000] "GET /places/index.php HTTP/1.1" 404 214 "-" "Mozilla/5.0 (compatible; DotBot/1.2; +https://opensiteexplorer.org/dotbot; help@moz.com)"
185.191.171.16 - - [01/Aug/2021:00:23:16 +0000] "GET /robots.txt HTTP/1.1" 404 208 "-" "Mozilla/5.0 (compatible; SemrushBot/7~bl; +http://www.semrush.com/bot.html)"
185.191.171.34 - - [01/Aug/2021:00:23:17 +0000] "GET /booking.php?tourname=Delhi%20Manali%20Volvo%20Tour HTTP/1.1" 200 18339 "-" "Mozilla/5.0 (compatible; SemrushBot/7~bl; +http://www.semrush.com/bot.html)"
178.168.198.141 - - [01/Aug/2021:00:30:17 +0000] "GET /thank-you.php HTTP/1.0" 404 211 "http://naraintoursindia.com/thank-you.php" "Mozilla/5.0 (Windows NT 6.3; Win64; x64) AppleWebKit/537.36 (KHTML, like Gecko) Chrome/90.0.4430.72 Safari/537.36 Edg/90.0.818.42"
178.168.198.141 - - [01/Aug/2021:00:30:17 +0000] "GET / HTTP/1.0" 200 53222 "http://naraintoursindia.com/" "Mozilla/5.0 (Windows NT 6.3; Win64; x64) AppleWebKit/537.36 (KHTML, like Gecko) Chrome/90.0.4430.72 Safari/537.36 Edg/90.0.818.42"
178.168.198.141 - - [01/Aug/2021:00:30:18 +0000] "POST /mail/send.php HTTP/1.0" 404 211 "http://naraintoursindia.com/" "Mozilla/5.0 (Windows NT 6.3; Win64; x64) AppleWebKit/537.36 (KHTML, like Gecko) Chrome/90.0.4430.72 Safari/537.36 Edg/90.0.818.42"
178.168.198.141 - - [01/Aug/2021:00:30:18 +0000] "GET / HTTP/1.0" 200 53222 "http://naraintoursindia.com/" "Mozilla/5.0 (Windows NT 6.3; Win64; x64) AppleWebKit/537.36 (KHTML, like Gecko) Chrome/90.0.4430.72 Safari/537.36 Edg/90.0.818.42"
66.249.66.6 - - [01/Aug/2021:00:41:48 +0000] "GET /jaipur-Weekend-Tour.html HTTP/1.1" 404 222 "-" "Mozilla/5.0 (Linux; Android 6.0.1; Nexus 5X Build/MMB29P) AppleWebKit/537.36 (KHTML, like Gecko) Chrome/92.0.4515.119 Mobile Safari/537.36 (compatible; Googlebot/2.1; +http://www.google.com/bot.html)"
216.244.66.231 - - [01/Aug/2021:00:48:08 +0000] "GET /robots.txt HTTP/1.1" 404 208 "-" "Mozilla/5.0 (compatible; DotBot/1.2; +https://opensiteexplorer.org/dotbot; help@moz.com)"
66.249.66.221 - - [01/Aug/2021:00:53:22 +0000] "GET /robots.txt HTTP/1.1" 404 208 "-" "Mozilla/5.0 (compatible; Googlebot/2.1; +http://www.google.com/bot.html)"
66.249.92.194 - - [01/Aug/2021:00:53:24 +0000] "GET /packages/india-tours/contact.php HTTP/1.1" 404 230 "-" "AdsBot-Google (+http://www.google.com/adsbot.html)"
54.36.149.63 - - [01/Aug/2021:00:56:10 +0000] "GET / HTTP/1.1" 200 53222 "-" "Mozilla/5.0 (compatible; AhrefsBot/7.0; +http://ahrefs.com/robot/)"
91.79.23.117 - - [01/Aug/2021:00:58:47 +0000] "GET / HTTP/1.0" 200 53222 "https://www.naraintoursindia.com/" "Mozilla/5.0 (Windows NT 10.0; Win64; x64) AppleWebKit/537.36 (KHTML, like Gecko) Chrome/83.0.4098.0 Safari/537.36"
91.79.23.117 - - [01/Aug/2021:00:58:50 +0000] "POST /mail/send.php HTTP/1.0" 404 211 "https://www.naraintoursindia.com/" "Mozilla/5.0 (Windows NT 10.0; Win64; x64) AppleWebKit/537.36 (KHTML, like Gecko) Chrome/83.0.4098.0 Safari/537.36"
207.46.13.44 - - [01/Aug/2021:01:00:57 +0000] "GET /robots.txt HTTP/1.1" 404 208 "-" "Mozilla/5.0 (compatible; bingbot/2.0; +http://www.bing.com/bingbot.htm)"
207.46.13.44 - - [01/Aug/2021:01:00:58 +0000] "GET /robots.txt HTTP/1.1" 404 208 "-" "Mozilla/5.0 (compatible; bingbot/2.0; +http://www.bing.com/bingbot.htm)"
207.46.13.55 - - [01/Aug/2021:01:01:09 +0000] "GET /kasauli-tour.html/js/bootstrap.js HTTP/1.1" 404 231 "-" "Mozilla/5.0 (compatible; MSIE 9.0; Windows NT 6.1; Trident/5.0)"
216.244.66.231 - - [01/Aug/2021:01:01:16 +0000] "GET /packages/india-tours/tour-details.php?id=2 HTTP/1.1" 404 235 "-" "Mozilla/5.0 (compatible; DotBot/1.2; +https://opensiteexplorer.org/dotbot; help@moz.com)"
216.244.66.231 - - [01/Aug/2021:01:07:24 +0000] "GET /romantic-kerala-tour.htm HTTP/1.1" 404 222 "-" "Mozilla/5.0 (compatible; DotBot/1.2; +https://opensiteexplorer.org/dotbot; help@moz.com)"
66.249.66.8 - - [01/Aug/2021:01:07:34 +0000] "GET /delhi-corbett-weekend-tour-package.html HTTP/1.1" 404 237 "-" "Mozilla/5.0 (Linux; Android 6.0.1; Nexus 5X Build/MMB29P) AppleWebKit/537.36 (KHTML, like Gecko) Chrome/91.0.4472.90 Mobile Safari/537.36 (compatible; Googlebot/2.1; +http://www.google.com/bot.html)"
66.249.66.223 - - [01/Aug/2021:01:12:37 +0000] "GET /delhi-mussoorie-weekend-tour.html HTTP/1.1" 404 231 "-" "Mozilla/5.0 (Linux; Android 6.0.1; Nexus 5X Build/MMB29P) AppleWebKit/537.36 (KHTML, like Gecko) Chrome/92.0.4515.119 Mobile Safari/537.36 (compatible; Googlebot/2.1; +http://www.google.com/bot.html)"
66.249.66.221 - - [01/Aug/2021:01:31:07 +0000] "GET /delhi-mussoorie-weekend-tour.html HTTP/1.1" 404 231 "-" "Mozilla/5.0 (Linux; Android 6.0.1; Nexus 5X Build/MMB29P) AppleWebKit/537.36 (KHTML, like Gecko) Chrome/92.0.4515.119 Mobile Safari/537.36 (compatible; Googlebot/2.1; +http://www.google.com/bot.html)"
38.128.66.10 - - [01/Aug/2021:01:38:51 +0000] "GET /kerala-tour.html HTTP/1.1" 404 214 "-" "Mozilla/5.0 (Windows NT 5.1) brokenlinkcheck.com/1.2"
216.244.66.231 - - [01/Aug/2021:01:40:14 +0000] "GET /robots.txt HTTP/1.1" 404 208 "-" "Mozilla/5.0 (compatible; DotBot/1.2; +https://opensiteexplorer.org/dotbot; help@moz.com)"
66.249.66.192 - - [01/Aug/2021:01:43:59 +0000] "GET /mailunsi-VIII-competitive/cabo/holland-13676f99971825-193bb141ce9d697-mccullough.shtml HTTP/1.1" 404 284 "-" "Mozilla/5.0 (Linux; Android 6.0.1; Nexus 5X Build/MMB29P) AppleWebKit/537.36 (KHTML, like Gecko) Chrome/92.0.4515.119 Mobile Safari/537.36 (compatible; Googlebot/2.1; +http://www.google.com/bot.html)"
66.249.66.16 - - [01/Aug/2021:01:51:12 +0000] "GET /robots.txt HTTP/1.1" 404 208 "-" "Mozilla/5.0 (compatible; Googlebot/2.1; +http://www.google.com/bot.html)"
66.249.66.20 - - [01/Aug/2021:01:51:13 +0000] "GET /14days-wildlife-safari-tour.html HTTP/1.1" 404 230 "-" "Mozilla/5.0 (Linux; Android 6.0.1; Nexus 5X Build/MMB29P) AppleWebKit/537.36 (KHTML, like Gecko) Chrome/91.0.4472.90 Mobile Safari/537.36 (compatible; Googlebot/2.1; +http://www.google.com/bot.html)"
216.244.66.231 - - [01/Aug/2021:01:53:21 +0000] "GET /packages/india-tours/tour-details.php?id=66 HTTP/1.1" 404 235 "-" "Mozilla/5.0 (compatible; DotBot/1.2; +https://opensiteexplorer.org/dotbot; help@moz.com)"
66.249.66.10 - - [01/Aug/2021:01:59:55 +0000] "GET /galleryimg/53852451929436_1113202585166_5797426_n.jpg HTTP/1.1" 200 54009 "-" "Googlebot-Image/1.0"
185.191.171.39 - - [01/Aug/2021:02:06:40 +0000] "GET /robots.txt HTTP/1.1" 404 208 "-" "Mozilla/5.0 (compatible; SemrushBot/7~bl; +http://www.semrush.com/bot.html)"
185.191.171.33 - - [01/Aug/2021:02:06:41 +0000] "GET /booking.php?tourname=Auli%20Tour%20Package%20from%20Delhi HTTP/1.1" 200 18339 "-" "Mozilla/5.0 (compatible; SemrushBot/7~bl; +http://www.semrush.com/bot.html)"
54.36.148.47 - - [01/Aug/2021:02:22:38 +0000] "GET /booking.php?tourname=Ladakh%20on%20Bike HTTP/1.1" 200 18339 "-" "Mozilla/5.0 (compatible; AhrefsBot/7.0; +http://ahrefs.com/robot/)"
54.36.148.52 - - [01/Aug/2021:02:25:15 +0000] "GET /booking.php?tourname=Golden%20Triangle%20with%20Pushkar%20Group%20Tour HTTP/1.1" 200 18339 "-" "Mozilla/5.0 (compatible; AhrefsBot/7.0; +http://ahrefs.com/robot/)"
216.244.66.231 - - [01/Aug/2021:02:30:34 +0000] "GET /robots.txt HTTP/1.1" 404 208 "-" "Mozilla/5.0 (compatible; DotBot/1.2; +https://opensiteexplorer.org/dotbot; help@moz.com)"
66.249.66.8 - - [01/Aug/2021:02:47:38 +0000] "GET /galleryimg/3769304nainital-lake_1469559269.jpeg HTTP/1.1" 200 367438 "-" "Googlebot-Image/1.0"
216.244.66.231 - - [01/Aug/2021:02:49:33 +0000] "GET /golden-triangle-tour-with-varanasi.html HTTP/1.1" 404 237 "-" "Mozilla/5.0 (compatible; DotBot/1.2; +https://opensiteexplorer.org/dotbot; help@moz.com)"
216.244.66.231 - - [01/Aug/2021:02:49:38 +0000] "GET /north-india-wildlife-cultural-tour.html HTTP/1.1" 404 237 "-" "Mozilla/5.0 (compatible; DotBot/1.2; +https://opensiteexplorer.org/dotbot; help@moz.com)"
54.36.148.125 - - [01/Aug/2021:02:50:26 +0000] "GET / HTTP/1.1" 200 53222 "-" "Mozilla/5.0 (compatible; AhrefsBot/7.0; +http://ahrefs.com/robot/)"
38.128.66.10 - - [01/Aug/2021:02:54:14 +0000] "GET /kerala-tour.html HTTP/1.1" 404 214 "-" "Mozilla/5.0 (Windows NT 5.1) brokenlinkcheck.com/1.2"
185.191.171.17 - - [01/Aug/2021:02:54:20 +0000] "GET /booking.php?tourname=Ladakh%20Fixed%20Departure%20Tour%20Package HTTP/1.1" 200 18339 "-" "Mozilla/5.0 (compatible; SemrushBot/7~bl; +http://www.semrush.com/bot.html)"
66.249.66.223 - - [01/Aug/2021:02:56:40 +0000] "GET /7days-ladakh-bike-tour.html?page=2 HTTP/1.1" 404 225 "-" "Mozilla/5.0 (Linux; Android 6.0.1; Nexus 5X Build/MMB29P) AppleWebKit/537.36 (KHTML, like Gecko) Chrome/91.0.4472.90 Mobile Safari/537.36 (compatible; Googlebot/2.1; +http://www.google.com/bot.html)"
66.249.66.8 - - [01/Aug/2021:03:04:42 +0000] "GET /galleryimg/7320981Kaziranaga%20National%20Park(1).jpg HTTP/1.1" 200 96719 "-" "Googlebot-Image/1.0"
47.251.46.249 - - [01/Aug/2021:03:20:16 +0000] "GET /js/uploadify/uploadify.css HTTP/1.1" 404 224 "http://naraintoursindia.com/js/uploadify/uploadify.css" "Mozilla/5.0 (Macintosh; Intel Mac OS X 10_11_6) AppleWebKit/537.36 (KHTML, like Gecko) Chrome/67.0.3396.79 Safari/537.36"
47.251.46.249 - - [01/Aug/2021:03:20:17 +0000] "GET /js/uploadify/uploadify.css HTTP/1.1" 404 224 "https://naraintoursindia.com/js/uploadify/uploadify.css" "Mozilla/5.0 (Macintosh; Intel Mac OS X 10_11_6) AppleWebKit/537.36 (KHTML, like Gecko) Chrome/67.0.3396.79 Safari/537.36"
47.251.46.249 - - [01/Aug/2021:03:20:18 +0000] "GET /js/uploadify/uploadify.css HTTP/1.1" 404 224 "https://naraintoursindia.com/js/uploadify/uploadify.css" "Mozilla/5.0 (Macintosh; Intel Mac OS X 10_11_6) AppleWebKit/537.36 (KHTML, like Gecko) Chrome/67.0.3396.79 Safari/537.36"
47.251.46.249 - - [01/Aug/2021:03:20:18 +0000] "GET /js/uploadify/uploadify.css HTTP/1.1" 404 224 "http://www.naraintoursindia.com/js/uploadify/uploadify.css" "Mozilla/5.0 (Macintosh; Intel Mac OS X 10_11_6) AppleWebKit/537.36 (KHTML, like Gecko) Chrome/67.0.3396.79 Safari/537.36"
47.251.46.249 - - [01/Aug/2021:03:20:19 +0000] "GET /js/uploadify/uploadify.css HTTP/1.1" 404 224 "https://www.naraintoursindia.com/js/uploadify/uploadify.css" "Mozilla/5.0 (Macintosh; Intel Mac OS X 10_11_6) AppleWebKit/537.36 (KHTML, like Gecko) Chrome/67.0.3396.79 Safari/537.36"
47.251.46.249 - - [01/Aug/2021:03:20:20 +0000] "GET /js/uploadify/uploadify.css HTTP/1.1" 404 224 "https://www.naraintoursindia.com/js/uploadify/uploadify.css" "Mozilla/5.0 (Macintosh; Intel Mac OS X 10_11_6) AppleWebKit/537.36 (KHTML, like Gecko) Chrome/67.0.3396.79 Safari/537.36"
216.244.66.231 - - [01/Aug/2021:03:21:26 +0000] "GET /robots.txt HTTP/1.1" 404 208 "-" "Mozilla/5.0 (compatible; DotBot/1.2; +https://opensiteexplorer.org/dotbot; help@moz.com)"
66.249.66.6 - - [01/Aug/2021:03:25:08 +0000] "GET /galleryimg/7ba593a01175ba4c4bbcb9dbb5347966.jpg HTTP/1.1" 200 85034 "-" "Googlebot-Image/1.0"
66.249.66.221 - - [01/Aug/2021:03:29:23 +0000] "GET /jaipur-Weekend-Tour.html HTTP/1.1" 404 222 "-" "Mozilla/5.0 (Linux; Android 6.0.1; Nexus 5X Build/MMB29P) AppleWebKit/537.36 (KHTML, like Gecko) Chrome/91.0.4472.90 Mobile Safari/537.36 (compatible; Googlebot/2.1; +http://www.google.com/bot.html)"
216.244.66.231 - - [01/Aug/2021:03:34:41 +0000] "GET /packages/india-tours/tour-details.php?id=48 HTTP/1.1" 404 235 "-" "Mozilla/5.0 (compatible; DotBot/1.2; +https://opensiteexplorer.org/dotbot; help@moz.com)"
45.138.147.8 - - [01/Aug/2021:03:37:37 +0000] "GET /india-tours/rajasthan-tour-packages.html HTTP/1.1" 404 238 "http://danilastroitel.ru/" "Re-re Studio (+http://vip0.ru/)"
54.36.148.41 - - [01/Aug/2021:03:37:46 +0000] "GET / HTTP/1.1" 200 53222 "-" "Mozilla/5.0 (compatible; AhrefsBot/7.0; +http://ahrefs.com/robot/)"
5.188.48.58 - - [01/Aug/2021:03:37:48 +0000] "GET /golden-triangle-tour-with-Amritsar.html?_escaped_fragment_= HTTP/1.0" 404 237 "https://naraintoursindia.com/golden-triangle-tour-with-Amritsar.html?_escaped_fragment_=#%21" "Mozilla/5.0 (Windows NT 6.1; WOW64) AppleWebKit/537.36 (KHTML, like Gecko) Chrome/83.0.4102.0 Safari/537.36"
5.188.48.58 - - [01/Aug/2021:03:37:49 +0000] "GET / HTTP/1.0" 200 53222 "https://naraintoursindia.com/" "Mozilla/5.0 (Windows NT 6.1; WOW64) AppleWebKit/537.36 (KHTML, like Gecko) Chrome/83.0.4102.0 Safari/537.36"
5.188.48.58 - - [01/Aug/2021:03:37:52 +0000] "POST /mail/send.php HTTP/1.0" 404 211 "https://naraintoursindia.com/" "Mozilla/5.0 (Windows NT 6.1; WOW64) AppleWebKit/537.36 (KHTML, like Gecko) Chrome/83.0.4102.0 Safari/537.36"
54.36.148.187 - - [01/Aug/2021:03:38:36 +0000] "GET /india-tours/north-india-tour-packages.html HTTP/1.1" 404 240 "-" "Mozilla/5.0 (compatible; AhrefsBot/7.0; +http://ahrefs.com/robot/)"
54.36.148.255 - - [01/Aug/2021:03:38:48 +0000] "GET /booking.php?tourname=India%20Golden%20Triangle%20with%20Udaipur%20Tour HTTP/1.1" 200 18339 "-" "Mozilla/5.0 (compatible; AhrefsBot/7.0; +http://ahrefs.com/robot/)"
54.36.148.89 - - [01/Aug/2021:03:38:52 +0000] "GET /booking.php?tourname=Shimla%20weekend%20Tour%20Package HTTP/1.1" 200 18339 "-" "Mozilla/5.0 (compatible; AhrefsBot/7.0; +http://ahrefs.com/robot/)"
54.36.148.122 - - [01/Aug/2021:03:38:54 +0000] "GET /india-tours/uttarakhand-tour-packages.html HTTP/1.1" 404 240 "-" "Mozilla/5.0 (compatible; AhrefsBot/7.0; +http://ahrefs.com/robot/)"
54.36.148.161 - - [01/Aug/2021:03:38:56 +0000] "GET /place-details.php?id=69 HTTP/1.1" 200 17016 "-" "Mozilla/5.0 (compatible; AhrefsBot/7.0; +http://ahrefs.com/robot/)"
54.36.148.221 - - [01/Aug/2021:03:38:59 +0000] "GET /booking.php?tourname=Kasauli%20Tour HTTP/1.1" 200 18339 "-" "Mozilla/5.0 (compatible; AhrefsBot/7.0; +http://ahrefs.com/robot/)"
54.36.148.9 - - [01/Aug/2021:03:39:01 +0000] "GET /booking.php?tourname=Shimla%20Manali%20Tour HTTP/1.1" 200 18339 "-" "Mozilla/5.0 (compatible; AhrefsBot/7.0; +http://ahrefs.com/robot/)"
54.36.149.103 - - [01/Aug/2021:03:39:07 +0000] "GET /booking.php?tourname=Shimla%20Volvo%20Tour%20Package HTTP/1.1" 200 18339 "-" "Mozilla/5.0 (compatible; AhrefsBot/7.0; +http://ahrefs.com/robot/)"
54.36.148.62 - - [01/Aug/2021:03:39:21 +0000] "GET /tour-details.php?id=15 HTTP/1.1" 200 28042 "-" "Mozilla/5.0 (compatible; AhrefsBot/7.0; +http://ahrefs.com/robot/)"
54.36.148.235 - - [01/Aug/2021:03:39:44 +0000] "GET /tour-details.php?id=21 HTTP/1.1" 200 28166 "-" "Mozilla/5.0 (compatible; AhrefsBot/7.0; +http://ahrefs.com/robot/)"
54.36.149.93 - - [01/Aug/2021:03:40:01 +0000] "GET /tour-details.php?id=27 HTTP/1.1" 200 27471 "-" "Mozilla/5.0 (compatible; AhrefsBot/7.0; +http://ahrefs.com/robot/)"
66.249.66.16 - - [01/Aug/2021:03:40:17 +0000] "GET /delhi-corbett-weekend-tour-package.html HTTP/1.1" 404 237 "-" "Mozilla/5.0 (Linux; Android 6.0.1; Nexus 5X Build/MMB29P) AppleWebKit/537.36 (KHTML, like Gecko) Chrome/91.0.4472.90 Mobile Safari/537.36 (compatible; Googlebot/2.1; +http://www.google.com/bot.html)"
45.133.31.216 - - [01/Aug/2021:03:40:31 +0000] "GET /booking.php?tourname=Rajasthan%20Group%20Tour HTTP/1.1" 200 18339 "http://danilastroitel.ru/" "Re-re Studio (+http://vip0.ru/)"
54.36.148.157 - - [01/Aug/2021:03:40:47 +0000] "GET /tour-details.php?id=28 HTTP/1.1" 200 22857 "-" "Mozilla/5.0 (compatible; AhrefsBot/7.0; +http://ahrefs.com/robot/)"
46.150.247.108 - - [01/Aug/2021:03:40:52 +0000] "GET /india-tours/rajasthan-tour-packages.html HTTP/1.1" 404 238 "http://danilastroitel.ru/" "Re-re Studio (+http://vip0.ru/)"
216.244.66.231 - - [01/Aug/2021:03:40:53 +0000] "GET /himachal-with-golden-temple-tour.html HTTP/1.1" 404 235 "-" "Mozilla/5.0 (compatible; DotBot/1.2; +https://opensiteexplorer.org/dotbot; help@moz.com)"
193.187.106.208 - - [01/Aug/2021:03:41:13 +0000] "GET /india-tours/ladakh-tour-packages.html HTTP/1.1" 404 235 "http://danilastroitel.ru/" "Re-re Studio (+http://vip0.ru/)"
54.36.148.126 - - [01/Aug/2021:03:41:49 +0000] "GET /tour-details.php?id=29 HTTP/1.1" 200 25356 "-" "Mozilla/5.0 (compatible; AhrefsBot/7.0; +http://ahrefs.com/robot/)"
66.249.66.8 - - [01/Aug/2021:03:42:11 +0000] "GET /galleryimg/7507776Tajmahal.jpg HTTP/1.1" 200 213776 "-" "Googlebot-Image/1.0"
54.36.148.199 - - [01/Aug/2021:03:44:26 +0000] "GET /tour-details.php?id=30 HTTP/1.1" 200 29562 "-" "Mozilla/5.0 (compatible; AhrefsBot/7.0; +http://ahrefs.com/robot/)"
45.130.144.232 - - [01/Aug/2021:03:44:34 +0000] "GET /booking.php HTTP/1.1" 200 18339 "http://danilastroitel.ru/" "Re-re Studio (+http://vip0.ru/)"
54.36.148.201 - - [01/Aug/2021:03:50:05 +0000] "GET /tour-details.php?id=31 HTTP/1.1" 200 22917 "-" "Mozilla/5.0 (compatible; AhrefsBot/7.0; +http://ahrefs.com/robot/)"
40.77.167.101 - - [01/Aug/2021:03:54:42 +0000] "GET /india-tours/weekend-tour-packages.html HTTP/1.1" 404 236 "-" "Mozilla/5.0 (compatible; bingbot/2.0; +http://www.bing.com/bingbot.htm)"
66.249.66.8 - - [01/Aug/2021:03:59:14 +0000] "GET /images/icon/dis1.png HTTP/1.1" 200 960 "-" "Googlebot-Image/1.0"
216.244.66.231 - - [01/Aug/2021:04:12:07 +0000] "GET /robots.txt HTTP/1.1" 404 208 "-" "Mozilla/5.0 (compatible; DotBot/1.2; +https://opensiteexplorer.org/dotbot; help@moz.com)"
66.249.66.6 - - [01/Aug/2021:04:16:16 +0000] "GET /galleryimg/ae0d19f1e06b079f2275e70fae6edc13.jpg HTTP/1.1" 200 26689 "-" "Googlebot-Image/1.0"
175.44.42.178 - - [01/Aug/2021:04:23:46 +0000] "GET / HTTP/1.1" 200 53222 "http://beqv.hsoutdoor.com/" "Mozilla/5.0 (iPhone; CPU iPhone OS 10_2_1 like Mac OS X) AppleWebKit/602.4.6 (KHTML, like Gecko) Version/10.0 Mobile/14D27 Safari/602.1"
216.244.66.231 - - [01/Aug/2021:04:31:42 +0000] "GET /goldentriangletours.php HTTP/1.1" 404 221 "-" "Mozilla/5.0 (compatible; DotBot/1.2; +https://opensiteexplorer.org/dotbot; help@moz.com)"
66.249.66.8 - - [01/Aug/2021:04:33:19 +0000] "GET /images/icon/dis2.png HTTP/1.1" 200 1016 "-" "Googlebot-Image/1.0"
131.220.6.152 - - [01/Aug/2021:04:49:59 +0000] "GET / HTTP/1.1" 200 53222 "-" "Mozilla/5.0 (X11; Linux x86_64) AppleWebKit/537.36 (KHTML, like Gecko) Chrome/79.0.3945.79 Safari/537.36"
66.249.66.8 - - [01/Aug/2021:04:57:23 +0000] "GET /images/icon/dis3.png HTTP/1.1" 200 1360 "-" "Googlebot-Image/1.0"
157.55.39.132 - - [01/Aug/2021:04:57:25 +0000] "GET /galleryimg/6648004-Kerala-backwaters.jpg HTTP/1.1" 200 104993 "-" "Mozilla/5.0 (compatible; bingbot/2.0; +http://www.bing.com/bingbot.htm)"
66.249.66.6 - - [01/Aug/2021:05:00:08 +0000] "GET /galleryimg/3410363ladakh.jpg HTTP/1.1" 200 162165 "-" "Googlebot-Image/1.0"
66.249.66.6 - - [01/Aug/2021:05:02:51 +0000] "GET /galleryimg/17e6dc7a2fb6a42fe8d2f89a87afb4ee.jpg HTTP/1.1" 200 44658 "-" "Googlebot-Image/1.0"
66.249.66.6 - - [01/Aug/2021:05:05:35 +0000] "GET /galleryimg/3194311agra-fort-.jpg HTTP/1.1" 200 51687 "-" "Googlebot-Image/1.0"
66.249.66.8 - - [01/Aug/2021:05:08:18 +0000] "GET /images/icon/dis5.png HTTP/1.1" 200 490 "-" "Googlebot-Image/1.0"
52.41.188.182 - - [01/Aug/2021:05:20:13 +0000] "GET / HTTP/1.1" 200 53222 "-" "Mozilla/5.0 (X11; Linux x86_64) AppleWebKit/537.36 (KHTML, like Gecko) Chrome/83.0.4103.97 Safari/537.36"
178.17.183.37 - - [01/Aug/2021:05:24:13 +0000] "GET /thank-you.php HTTP/1.0" 404 211 "http://naraintoursindia.com/thank-you.php" "Mozilla/5.0 (Windows NT 10.0) AppleWebKit/537.36 (KHTML, like Gecko) Chrome/90.0.4430.72 Safari/537.36"
178.17.183.37 - - [01/Aug/2021:05:24:14 +0000] "GET / HTTP/1.0" 200 53222 "http://naraintoursindia.com/" "Mozilla/5.0 (Windows NT 10.0) AppleWebKit/537.36 (KHTML, like Gecko) Chrome/90.0.4430.72 Safari/537.36"
178.17.183.37 - - [01/Aug/2021:05:24:15 +0000] "POST /mail/send.php HTTP/1.0" 404 211 "http://naraintoursindia.com/" "Mozilla/5.0 (Windows NT 10.0) AppleWebKit/537.36 (KHTML, like Gecko) Chrome/90.0.4430.72 Safari/537.36"
66.249.66.16 - - [01/Aug/2021:05:29:23 +0000] "GET /mailunsi-VIII-competitive/cabo/decree-136aa585e05126-1222764eecdd926-mccullough.shtml HTTP/1.1" 404 283 "-" "Mozilla/5.0 (Linux; Android 6.0.1; Nexus 5X Build/MMB29P) AppleWebKit/537.36 (KHTML, like Gecko) Chrome/91.0.4472.90 Mobile Safari/537.36 (compatible; Googlebot/2.1; +http://www.google.com/bot.html)"
66.249.66.10 - - [01/Aug/2021:05:46:26 +0000] "GET /galleryimg/5c15fedbd57b3574c5ad47e94534e678.jpg HTTP/1.1" 200 53937 "-" "Googlebot-Image/1.0"
40.77.167.105 - - [01/Aug/2021:05:46:35 +0000] "GET / HTTP/1.1" 200 53222 "-" "Mozilla/5.0 (compatible; bingbot/2.0; +http://www.bing.com/bingbot.htm)"
192.29.97.49 - - [01/Aug/2021:05:48:38 +0000] "HEAD /robots.txt HTTP/1.1" 404 - "-" "DF Bot 1.0"
192.29.97.49 - - [01/Aug/2021:05:48:38 +0000] "GET /robots.txt HTTP/1.1" 404 208 "-" "DF Bot 1.0"
192.29.97.49 - - [01/Aug/2021:05:48:39 +0000] "GET / HTTP/1.1" 200 53222 "-" "DF Bot 1.0"
66.249.66.221 - - [01/Aug/2021:05:51:12 +0000] "GET /7days-ladakh-bike-tour.html?page=2 HTTP/1.1" 404 225 "-" "Mozilla/5.0 (Linux; Android 6.0.1; Nexus 5X Build/MMB29P) AppleWebKit/537.36 (KHTML, like Gecko) Chrome/91.0.4472.90 Mobile Safari/537.36 (compatible; Googlebot/2.1; +http://www.google.com/bot.html)"
216.244.66.231 - - [01/Aug/2021:05:52:18 +0000] "GET /robots.txt HTTP/1.1" 404 208 "-" "Mozilla/5.0 (compatible; DotBot/1.2; +https://opensiteexplorer.org/dotbot; help@moz.com)"
66.249.66.6 - - [01/Aug/2021:05:57:20 +0000] "GET /favicon.ico HTTP/1.1" 404 209 "-" "Googlebot-Image/1.0"
216.244.66.231 - - [01/Aug/2021:06:00:06 +0000] "GET /packages/india-tours/tour-details.php?id=31 HTTP/1.1" 404 235 "-" "Mozilla/5.0 (compatible; DotBot/1.2; +https://opensiteexplorer.org/dotbot; help@moz.com)"
216.244.66.231 - - [01/Aug/2021:06:01:17 +0000] "GET /kerala-cultural-tour.htm HTTP/1.1" 404 222 "-" "Mozilla/5.0 (compatible; DotBot/1.2; +https://opensiteexplorer.org/dotbot; help@moz.com)"
216.244.66.231 - - [01/Aug/2021:06:01:21 +0000] "GET /rajasthan-desert-india-tour.html HTTP/1.1" 404 230 "-" "Mozilla/5.0 (compatible; DotBot/1.2; +https://opensiteexplorer.org/dotbot; help@moz.com)"
216.244.66.231 - - [01/Aug/2021:06:01:25 +0000] "GET /robots.txt HTTP/1.1" 404 208 "-" "Mozilla/5.0 (compatible; DotBot/1.2; +https://opensiteexplorer.org/dotbot; help@moz.com)"
40.77.167.101 - - [01/Aug/2021:06:16:06 +0000] "GET /india-tours/weekend-tour-packages.html HTTP/1.1" 404 236 "-" "Mozilla/5.0 (compatible; bingbot/2.0; +http://www.bing.com/bingbot.htm)"
54.36.148.41 - - [01/Aug/2021:06:17:41 +0000] "GET /robots.txt HTTP/1.1" 404 208 "-" "Mozilla/5.0 (compatible; AhrefsBot/7.0; +http://ahrefs.com/robot/)"
8.210.212.45 - - [01/Aug/2021:06:18:35 +0000] "GET / HTTP/1.1" 200 53222 "-" "Mozilla/5.0 (Windows NT 6.1; Win64; x64) AppleWebKit/537.36 (KHTML, like Gecko) Chrome/79.0.3945.88 Safari/537.36"
185.191.171.14 - - [01/Aug/2021:06:21:12 +0000] "GET /robots.txt HTTP/1.1" 404 208 "-" "Mozilla/5.0 (compatible; SemrushBot/7~bl; +http://www.semrush.com/bot.html)"
