66.249.66.6 - - [02/Aug/2021:21:49:11 +0000] "GET /tour-details.php?id=27 HTTP/1.1" 200 27471 "-" "Mozilla/5.0 (Linux; Android 6.0.1; Nexus 5X Build/MMB29P) AppleWebKit/537.36 (KHTML, like Gecko) Chrome/92.0.4515.119 Mobile Safari/537.36 (compatible; Googlebot/2.1; +http://www.google.com/bot.html)"
216.244.66.231 - - [02/Aug/2021:21:49:22 +0000] "GET /south-india-temple-tour-from-mumbai.html HTTP/1.1" 404 238 "-" "Mozilla/5.0 (compatible; DotBot/1.2; +https://opensiteexplorer.org/dotbot; help@moz.com)"
216.244.66.231 - - [02/Aug/2021:21:49:27 +0000] "GET /varanasi-tour-with-rajasthan.html HTTP/1.1" 404 231 "-" "Mozilla/5.0 (compatible; DotBot/1.2; +https://opensiteexplorer.org/dotbot; help@moz.com)"
216.244.66.231 - - [02/Aug/2021:21:49:32 +0000] "GET /galleryimg/5136c025929f1cb59e8bda0535faa004.jpg HTTP/1.1" 404 245 "-" "Mozilla/5.0 (compatible; DotBot/1.2; +https://opensiteexplorer.org/dotbot; help@moz.com)"
216.244.66.231 - - [02/Aug/2021:21:49:36 +0000] "GET /galleryimg/5b9a23888e8f403086998ed4927d0ac1.jpg HTTP/1.1" 404 245 "-" "Mozilla/5.0 (compatible; DotBot/1.2; +https://opensiteexplorer.org/dotbot; help@moz.com)"
185.217.0.145 - - [02/Aug/2021:21:51:41 +0000] "GET / HTTP/1.1" 200 53222 "-" "curl/7.54.0"
185.217.0.145 - - [02/Aug/2021:21:51:42 +0000] "GET /mail/send.php HTTP/1.1" 404 211 "-" "curl/7.54.0"
66.249.66.8 - - [02/Aug/2021:21:57:48 +0000] "GET /galleryimg/769328597255.jpg HTTP/1.1" 200 83151 "-" "Googlebot-Image/1.0"
66.249.66.6 - - [02/Aug/2021:21:58:39 +0000] "GET /tour-details.php?id=13 HTTP/1.1" 200 23257 "-" "Mozilla/5.0 (Linux; Android 6.0.1; Nexus 5X Build/MMB29P) AppleWebKit/537.36 (KHTML, like Gecko) Chrome/92.0.4515.119 Mobile Safari/537.36 (compatible; Googlebot/2.1; +http://www.google.com/bot.html)"
66.249.66.8 - - [02/Aug/2021:21:58:43 +0000] "GET /gen_validatorv4.js HTTP/1.1" 404 216 "https://www.naraintoursindia.com/tour-details.php?id=13" "Mozilla/5.0 (Linux; Android 6.0.1; Nexus 5X Build/MMB29P) AppleWebKit/537.36 (KHTML, like Gecko) Chrome/91.0.4472.90 Mobile Safari/537.36 (compatible; Googlebot/2.1; +http://www.google.com/bot.html)"
66.249.66.10 - - [02/Aug/2021:22:00:23 +0000] "GET /gen_validatorv4.js HTTP/1.1" 404 216 "https://www.naraintoursindia.com/tour-details.php?id=27" "Mozilla/5.0 (Linux; Android 6.0.1; Nexus 5X Build/MMB29P) AppleWebKit/537.36 (KHTML, like Gecko) Chrome/91.0.4472.90 Mobile Safari/537.36 (compatible; Googlebot/2.1; +http://www.google.com/bot.html)"
54.36.148.71 - - [02/Aug/2021:22:02:16 +0000] "GET /booking.php?tourname=Shimla%20Manali%20Tour HTTP/1.1" 200 18339 "-" "Mozilla/5.0 (compatible; AhrefsBot/7.0; +http://ahrefs.com/robot/)"
77.75.78.170 - - [02/Aug/2021:22:04:07 +0000] "GET /robots.txt HTTP/1.1" 404 208 "-" "Mozilla/5.0 (compatible; SeznamBot/3.2; +http://napoveda.seznam.cz/en/seznambot-intro/)"
77.75.78.170 - - [02/Aug/2021:22:04:09 +0000] "GET /golden-triangle-tour-with-Amritsar.html HTTP/1.1" 404 237 "-" "Mozilla/5.0 (compatible; SeznamBot/3.2; +http://napoveda.seznam.cz/en/seznambot-intro/)"
185.217.0.145 - - [02/Aug/2021:22:06:11 +0000] "GET / HTTP/1.1" 200 53222 "-" "curl/7.54.0"
185.217.0.145 - - [02/Aug/2021:22:06:12 +0000] "GET /mail/send.php HTTP/1.1" 404 211 "-" "curl/7.54.0"
195.3.146.170 - - [02/Aug/2021:22:07:22 +0000] "GET / HTTP/1.1" 200 53222 "-" "curl/7.54.0"
195.3.146.170 - - [02/Aug/2021:22:07:22 +0000] "GET /mail/send.php HTTP/1.1" 404 211 "-" "curl/7.54.0"
66.249.66.6 - - [02/Aug/2021:22:08:07 +0000] "GET /tour-details.php?id=49 HTTP/1.1" 200 23928 "-" "Mozilla/5.0 (Linux; Android 6.0.1; Nexus 5X Build/MMB29P) AppleWebKit/537.36 (KHTML, like Gecko) Chrome/92.0.4515.119 Mobile Safari/537.36 (compatible; Googlebot/2.1; +http://www.google.com/bot.html)"
185.217.0.145 - - [02/Aug/2021:22:13:27 +0000] "GET / HTTP/1.1" 200 53222 "-" "curl/7.54.0"
185.217.0.145 - - [02/Aug/2021:22:13:28 +0000] "GET /mail/send.php HTTP/1.1" 404 211 "-" "curl/7.54.0"
66.249.66.6 - - [02/Aug/2021:22:13:38 +0000] "GET /shimla-weekend-tour-package.html HTTP/1.1" 404 230 "-" "Mozilla/5.0 (Linux; Android 6.0.1; Nexus 5X Build/MMB29P) AppleWebKit/537.36 (KHTML, like Gecko) Chrome/92.0.4515.119 Mobile Safari/537.36 (compatible; Googlebot/2.1; +http://www.google.com/bot.html)"
54.36.148.63 - - [02/Aug/2021:22:15:28 +0000] "GET /booking.php?tourname=Kullu%20Manali%20Tour%20Package HTTP/1.1" 200 18339 "-" "Mozilla/5.0 (compatible; AhrefsBot/7.0; +http://ahrefs.com/robot/)"
66.249.66.8 - - [02/Aug/2021:22:17:35 +0000] "GET /tour-details.php?id=4 HTTP/1.1" 200 29574 "-" "Mozilla/5.0 (Linux; Android 6.0.1; Nexus 5X Build/MMB29P) AppleWebKit/537.36 (KHTML, like Gecko) Chrome/92.0.4515.119 Mobile Safari/537.36 (compatible; Googlebot/2.1; +http://www.google.com/bot.html)"
195.3.146.170 - - [02/Aug/2021:22:24:24 +0000] "GET / HTTP/1.1" 200 53222 "-" "curl/7.54.0"
195.3.146.170 - - [02/Aug/2021:22:24:25 +0000] "GET /mail/send.php HTTP/1.1" 404 211 "-" "curl/7.54.0"
66.249.66.8 - - [02/Aug/2021:22:27:03 +0000] "GET /tour-details.php?id=5 HTTP/1.1" 200 24087 "-" "Mozilla/5.0 (Linux; Android 6.0.1; Nexus 5X Build/MMB29P) AppleWebKit/537.36 (KHTML, like Gecko) Chrome/92.0.4515.119 Mobile Safari/537.36 (compatible; Googlebot/2.1; +http://www.google.com/bot.html)"
54.36.148.130 - - [02/Aug/2021:22:27:56 +0000] "GET / HTTP/1.1" 200 53222 "-" "Mozilla/5.0 (compatible; AhrefsBot/7.0; +http://ahrefs.com/robot/)"
216.244.66.231 - - [02/Aug/2021:22:31:08 +0000] "GET /robots.txt HTTP/1.1" 404 208 "-" "Mozilla/5.0 (compatible; DotBot/1.2; +https://opensiteexplorer.org/dotbot; help@moz.com)"
216.244.66.231 - - [02/Aug/2021:22:38:25 +0000] "GET /packages/india-tours/tour-details.php?id=39 HTTP/1.1" 404 235 "-" "Mozilla/5.0 (compatible; DotBot/1.2; +https://opensiteexplorer.org/dotbot; help@moz.com)"
216.244.66.231 - - [02/Aug/2021:22:38:30 +0000] "GET /packages/india-tours/tour-details.php?id=74 HTTP/1.1" 404 235 "-" "Mozilla/5.0 (compatible; DotBot/1.2; +https://opensiteexplorer.org/dotbot; help@moz.com)"
216.244.66.231 - - [02/Aug/2021:22:38:34 +0000] "GET /packages/india-tours/tour-details.php?id=82 HTTP/1.1" 404 235 "-" "Mozilla/5.0 (compatible; DotBot/1.2; +https://opensiteexplorer.org/dotbot; help@moz.com)"
216.244.66.231 - - [02/Aug/2021:22:38:45 +0000] "GET /tour-details.php?id=11 HTTP/1.1" 200 25836 "-" "Mozilla/5.0 (compatible; DotBot/1.2; +https://opensiteexplorer.org/dotbot; help@moz.com)"
216.244.66.231 - - [02/Aug/2021:22:38:56 +0000] "GET /jaipur-weekend-tour.html HTTP/1.1" 404 222 "-" "Mozilla/5.0 (compatible; DotBot/1.2; +https://opensiteexplorer.org/dotbot; help@moz.com)"
216.244.66.231 - - [02/Aug/2021:22:38:59 +0000] "GET /luxurytrains.php HTTP/1.1" 404 214 "-" "Mozilla/5.0 (compatible; DotBot/1.2; +https://opensiteexplorer.org/dotbot; help@moz.com)"
216.244.66.231 - - [02/Aug/2021:22:40:02 +0000] "GET /packages/india-tours/contact.php HTTP/1.1" 404 230 "-" "Mozilla/5.0 (compatible; DotBot/1.2; +https://opensiteexplorer.org/dotbot; help@moz.com)"
23.129.64.150 - - [02/Aug/2021:22:43:18 +0000] "GET /booking-sight-seeing.php HTTP/1.1" 200 19374 "https://naraintoursindia.com/booking-sight-seeing.php" "Mozilla/5.0 (Windows NT 6.1) AppleWebKit/537.36 (KHTML, like Gecko) Chrome/36.0.1985.143 Safari/537.36"
157.55.39.160 - - [02/Aug/2021:22:44:33 +0000] "GET /booking-tour-package.php/js/respond.min.js HTTP/1.1" 200 24146 "-" "Mozilla/5.0 (compatible; MSIE 9.0; Windows NT 6.1; Trident/5.0)"
66.249.66.6 - - [02/Aug/2021:22:45:11 +0000] "GET /tour-details.php?id=18 HTTP/1.1" 200 22846 "-" "Mozilla/5.0 (Linux; Android 6.0.1; Nexus 5X Build/MMB29P) AppleWebKit/537.36 (KHTML, like Gecko) Chrome/92.0.4515.119 Mobile Safari/537.36 (compatible; Googlebot/2.1; +http://www.google.com/bot.html)"
195.3.146.170 - - [02/Aug/2021:22:48:55 +0000] "GET / HTTP/1.1" 200 53222 "-" "curl/7.54.0"
195.3.146.170 - - [02/Aug/2021:22:48:56 +0000] "GET /mail/send.php HTTP/1.1" 404 211 "-" "curl/7.54.0"
54.36.148.202 - - [02/Aug/2021:22:51:23 +0000] "GET /Manali-weekend-tour-packages.html HTTP/1.1" 404 231 "-" "Mozilla/5.0 (compatible; AhrefsBot/7.0; +http://ahrefs.com/robot/)"
189.131.220.249 - - [02/Aug/2021:22:52:58 +0000] "GET /india-tours/rajasthan-tour-packages.html HTTP/1.1" 404 238 "http://www.naraintoursindia.com/india-tours/rajasthan-tour-packages.html" "Mozilla/5.0 (Windows NT 6.1) AppleWebKit/537.36 (KHTML, like Gecko) Chrome/35.0.1916.153 Safari/537.36"
216.244.66.231 - - [02/Aug/2021:22:53:29 +0000] "GET /booknow.php?package_name=Golden%20Triangle%20Tour%20With%20Pushkar HTTP/1.1" 404 209 "-" "Mozilla/5.0 (compatible; DotBot/1.2; +https://opensiteexplorer.org/dotbot; help@moz.com)"
77.75.78.169 - - [02/Aug/2021:22:55:44 +0000] "GET /robots.txt HTTP/1.1" 404 208 "-" "Mozilla/5.0 (compatible; SeznamBot/3.2; +http://napoveda.seznam.cz/en/seznambot-intro/)"
77.75.78.169 - - [02/Aug/2021:22:55:46 +0000] "GET /booking-car-rentals.php HTTP/1.1" 200 25499 "-" "Mozilla/5.0 (compatible; SeznamBot/3.2; +http://napoveda.seznam.cz/en/seznambot-intro/)"
77.75.78.169 - - [02/Aug/2021:22:55:48 +0000] "GET /booking.php HTTP/1.1" 200 18339 "-" "Mozilla/5.0 (compatible; SeznamBot/3.2; +http://napoveda.seznam.cz/en/seznambot-intro/)"
185.191.171.13 - - [02/Aug/2021:23:00:28 +0000] "GET /robots.txt HTTP/1.1" 404 208 "-" "Mozilla/5.0 (compatible; SemrushBot/7~bl; +http://www.semrush.com/bot.html)"
185.191.171.25 - - [02/Aug/2021:23:00:29 +0000] "GET /india-tours/India-Wildlife-Tour-Packages.html HTTP/1.1" 404 243 "-" "Mozilla/5.0 (compatible; SemrushBot/7~bl; +http://www.semrush.com/bot.html)"
38.128.66.10 - - [02/Aug/2021:23:04:43 +0000] "GET /kerala-tour.html HTTP/1.1" 404 214 "-" "Mozilla/5.0 (Windows NT 5.1) brokenlinkcheck.com/1.2"
66.249.66.6 - - [02/Aug/2021:23:04:55 +0000] "GET /tour-details.php?id=42 HTTP/1.1" 200 22811 "-" "Mozilla/5.0 (Linux; Android 6.0.1; Nexus 5X Build/MMB29P) AppleWebKit/537.36 (KHTML, like Gecko) Chrome/92.0.4515.119 Mobile Safari/537.36 (compatible; Googlebot/2.1; +http://www.google.com/bot.html)"
185.217.0.145 - - [02/Aug/2021:23:07:02 +0000] "GET / HTTP/1.1" 200 53222 "-" "curl/7.54.0"
185.217.0.145 - - [02/Aug/2021:23:07:02 +0000] "GET /mail/send.php HTTP/1.1" 404 211 "-" "curl/7.54.0"
207.46.13.139 - - [02/Aug/2021:23:07:17 +0000] "GET /mailunsi-VIII-competitive/cabo/headstock-13d3d76095e322-21661cf165e0547-mccullough.shtml HTTP/1.1" 404 286 "-" "Mozilla/5.0 (compatible; bingbot/2.0; +http://www.bing.com/bingbot.htm)"
192.160.102.170 - - [02/Aug/2021:23:14:12 +0000] "GET /booking-sight-seeing.php HTTP/1.1" 200 19374 "https://naraintoursindia.com/booking-sight-seeing.php" "Mozilla/5.0 (Windows NT 6.3; WOW64) AppleWebKit/537.36 (KHTML, like Gecko) Chrome/36.0.1985.143 Safari/537.36"
54.36.148.198 - - [02/Aug/2021:23:14:54 +0000] "GET /booking.php?tourname=Manali%20Weekend%20Tour%20 HTTP/1.1" 200 18339 "-" "Mozilla/5.0 (compatible; AhrefsBot/7.0; +http://ahrefs.com/robot/)"
216.244.66.231 - - [02/Aug/2021:23:21:31 +0000] "GET /robots.txt HTTP/1.1" 404 208 "-" "Mozilla/5.0 (compatible; DotBot/1.2; +https://opensiteexplorer.org/dotbot; help@moz.com)"
66.249.66.223 - - [02/Aug/2021:23:21:54 +0000] "GET /14days-wildlife-safari-tour.html?page=2 HTTP/1.1" 404 230 "-" "Mozilla/5.0 (Linux; Android 6.0.1; Nexus 5X Build/MMB29P) AppleWebKit/537.36 (KHTML, like Gecko) Chrome/92.0.4515.119 Mobile Safari/537.36 (compatible; Googlebot/2.1; +http://www.google.com/bot.html)"
66.249.66.8 - - [02/Aug/2021:23:23:51 +0000] "GET /booking.php?tourname=Kerala%20with%20Golden%20Triangle%20GroupTour HTTP/1.1" 200 18339 "-" "Mozilla/5.0 (Linux; Android 6.0.1; Nexus 5X Build/MMB29P) AppleWebKit/537.36 (KHTML, like Gecko) Chrome/92.0.4515.119 Mobile Safari/537.36 (compatible; Googlebot/2.1; +http://www.google.com/bot.html)"
66.249.66.8 - - [02/Aug/2021:23:24:04 +0000] "GET /Agra-tour.html HTTP/1.1" 404 212 "-" "Mozilla/5.0 (Linux; Android 6.0.1; Nexus 5X Build/MMB29P) AppleWebKit/537.36 (KHTML, like Gecko) Chrome/92.0.4515.119 Mobile Safari/537.36 (compatible; Googlebot/2.1; +http://www.google.com/bot.html)"
185.191.171.36 - - [02/Aug/2021:23:28:47 +0000] "GET /robots.txt HTTP/1.1" 404 208 "-" "Mozilla/5.0 (compatible; SemrushBot/7~bl; +http://www.semrush.com/bot.html)"
185.191.171.11 - - [02/Aug/2021:23:28:50 +0000] "GET /nainital-weekend-tour.html HTTP/1.1" 404 224 "-" "Mozilla/5.0 (compatible; SemrushBot/7~bl; +http://www.semrush.com/bot.html)"
185.191.171.13 - - [02/Aug/2021:23:28:56 +0000] "GET /sitemap.xml HTTP/1.1" 404 209 "-" "Mozilla/5.0 (compatible; SemrushBot/7~bl; +http://www.semrush.com/bot.html)"
216.244.66.231 - - [02/Aug/2021:23:29:49 +0000] "GET /galleryimg/4763617Ladakh.jpg HTTP/1.1" 200 40236 "-" "Mozilla/5.0 (compatible; DotBot/1.2; +https://opensiteexplorer.org/dotbot; help@moz.com)"
66.249.66.18 - - [02/Aug/2021:23:33:28 +0000] "GET / HTTP/1.1" 200 53222 "-" "Mozilla/5.0 (Linux; Android 6.0.1; Nexus 5X Build/MMB29P) AppleWebKit/537.36 (KHTML, like Gecko) Chrome/92.0.4515.119 Mobile Safari/537.36 (compatible; Googlebot/2.1; +http://www.google.com/bot.html)"
216.244.66.231 - - [02/Aug/2021:23:35:15 +0000] "GET /booking.php?tourname=CORBETT%20HOLIDAY%20TOUR HTTP/1.1" 200 18339 "-" "Mozilla/5.0 (compatible; DotBot/1.2; +https://opensiteexplorer.org/dotbot; help@moz.com)"
216.244.66.231 - - [02/Aug/2021:23:35:22 +0000] "GET /booknow.php?package_name=Jaipur%20Weekend%20Tour HTTP/1.1" 404 209 "-" "Mozilla/5.0 (compatible; DotBot/1.2; +https://opensiteexplorer.org/dotbot; help@moz.com)"
54.36.149.86 - - [02/Aug/2021:23:35:58 +0000] "GET /kerala-cultural-tour.html HTTP/1.1" 404 223 "-" "Mozilla/5.0 (compatible; AhrefsBot/7.0; +http://ahrefs.com/robot/)"
5.45.207.143 - - [02/Aug/2021:23:43:03 +0000] "GET /robots.txt HTTP/1.1" 404 208 "-" "Mozilla/5.0 (compatible; YandexBot/3.0; +http://yandex.com/bots)"
5.45.207.143 - - [02/Aug/2021:23:43:06 +0000] "GET / HTTP/1.1" 200 53222 "-" "Mozilla/5.0 (compatible; YandexBot/3.0; +http://yandex.com/bots)"
95.160.35.99 - - [02/Aug/2021:23:48:16 +0000] "GET /group-tours.php HTTP/1.1" 200 22985 "Referer: https://naraintoursindia.com/4-days-nainital-tour-package.html" "Mozilla/5.0 (X11; Ubuntu; Linux x86_64; rv:71.0) Gecko/20100101 Firefox/71.0"
106.12.199.137 - - [02/Aug/2021:23:52:08 +0000] "HEAD /group-tours.php HTTP/1.1" 200 - "-" "Mozilla/5.0 (Macintosh; Intel Mac OS X 10_15_7) AppleWebKit/537.36 (KHTML, like Gecko) Chrome/91.0.4472.114 Safari/537.36"
77.75.78.165 - - [02/Aug/2021:23:57:32 +0000] "GET /robots.txt HTTP/1.1" 404 208 "-" "Mozilla/5.0 (compatible; SeznamBot/3.2; +http://napoveda.seznam.cz/en/seznambot-intro/)"
77.75.78.165 - - [02/Aug/2021:23:57:34 +0000] "GET /galleryimg/7944182Nainital.jpg HTTP/1.1" 404 228 "-" "Mozilla/5.0 (compatible; SeznamBot/3.2; +http://napoveda.seznam.cz/en/seznambot-intro/)"
66.249.66.6 - - [02/Aug/2021:23:57:48 +0000] "GET /galleryimg/1622466hotel-whispering-palms%20(1).jpg HTTP/1.1" 200 38192 "-" "Googlebot-Image/1.0"
216.244.66.231 - - [03/Aug/2021:00:12:19 +0000] "GET /robots.txt HTTP/1.1" 404 208 "-" "Mozilla/5.0 (compatible; DotBot/1.2; +https://opensiteexplorer.org/dotbot; help@moz.com)"
54.36.148.172 - - [03/Aug/2021:00:13:21 +0000] "GET /varanasi-tour-with-delhi-agra-jaipur.html HTTP/1.1" 404 239 "-" "Mozilla/5.0 (compatible; AhrefsBot/7.0; +http://ahrefs.com/robot/)"
185.217.0.145 - - [03/Aug/2021:00:14:18 +0000] "GET / HTTP/1.1" 200 53222 "-" "curl/7.54.0"
185.217.0.145 - - [03/Aug/2021:00:14:18 +0000] "GET /mail/send.php HTTP/1.1" 404 211 "-" "curl/7.54.0"
216.244.66.231 - - [03/Aug/2021:00:19:59 +0000] "GET /packages/india-tours/tour-details.php?id=20 HTTP/1.1" 404 235 "-" "Mozilla/5.0 (compatible; DotBot/1.2; +https://opensiteexplorer.org/dotbot; help@moz.com)"
216.244.66.231 - - [03/Aug/2021:00:20:03 +0000] "GET /packages/india-tours/tour-details.php?id=41 HTTP/1.1" 404 235 "-" "Mozilla/5.0 (compatible; DotBot/1.2; +https://opensiteexplorer.org/dotbot; help@moz.com)"
162.247.74.200 - - [03/Aug/2021:00:26:07 +0000] "GET /india-tours/rajasthan-tour-packages.html HTTP/1.1" 404 238 "http://www.naraintoursindia.com/india-tours/rajasthan-tour-packages.html" "Mozilla/5.0 (Windows NT 5.1) AppleWebKit/537.36 (KHTML, like Gecko) Chrome/36.0.1985.125 Safari/537.36"
216.244.66.231 - - [03/Aug/2021:00:31:27 +0000] "GET /booking.php?tourname=Golden%20Triangle%20Tour%20with%20varanasi HTTP/1.1" 200 18339 "-" "Mozilla/5.0 (compatible; DotBot/1.2; +https://opensiteexplorer.org/dotbot; help@moz.com)"
216.244.66.231 - - [03/Aug/2021:00:31:32 +0000] "GET /booknow.php?package_name=Golden%20Triangle%20with%20Varanasi HTTP/1.1" 404 209 "-" "Mozilla/5.0 (compatible; DotBot/1.2; +https://opensiteexplorer.org/dotbot; help@moz.com)"
216.244.66.231 - - [03/Aug/2021:00:31:36 +0000] "GET /booknow.php?package_name=GoldenTriangle%20with%20Ranthambore HTTP/1.1" 404 209 "-" "Mozilla/5.0 (compatible; DotBot/1.2; +https://opensiteexplorer.org/dotbot; help@moz.com)"
216.244.66.231 - - [03/Aug/2021:00:34:57 +0000] "GET /place-details.php?id=14 HTTP/1.1" 200 17138 "-" "Mozilla/5.0 (compatible; DotBot/1.2; +https://opensiteexplorer.org/dotbot; help@moz.com)"
185.191.171.33 - - [03/Aug/2021:00:35:00 +0000] "GET /robots.txt HTTP/1.1" 404 208 "-" "Mozilla/5.0 (compatible; SemrushBot/7~bl; +http://www.semrush.com/bot.html)"
185.191.171.35 - - [03/Aug/2021:00:35:01 +0000] "GET /india-tours/pilgrimage-tours.html HTTP/1.1" 404 231 "-" "Mozilla/5.0 (compatible; SemrushBot/7~bl; +http://www.semrush.com/bot.html)"
66.249.66.8 - - [03/Aug/2021:00:36:23 +0000] "GET /shimla-weekend-tour-package.html HTTP/1.1" 404 230 "-" "Mozilla/5.0 (Linux; Android 6.0.1; Nexus 5X Build/MMB29P) AppleWebKit/537.36 (KHTML, like Gecko) Chrome/92.0.4515.119 Mobile Safari/537.36 (compatible; Googlebot/2.1; +http://www.google.com/bot.html)"
185.191.171.26 - - [03/Aug/2021:00:39:55 +0000] "GET /robots.txt HTTP/1.1" 404 208 "-" "Mozilla/5.0 (compatible; SemrushBot/7~bl; +http://www.semrush.com/bot.html)"
185.191.171.9 - - [03/Aug/2021:00:39:56 +0000] "GET /place-details.php?id=57 HTTP/1.1" 200 16998 "-" "Mozilla/5.0 (compatible; SemrushBot/7~bl; +http://www.semrush.com/bot.html)"
185.191.171.38 - - [03/Aug/2021:00:46:26 +0000] "GET /booking.php HTTP/1.1" 200 18339 "-" "Mozilla/5.0 (compatible; SemrushBot/7~bl; +http://www.semrush.com/bot.html)"
185.191.171.35 - - [03/Aug/2021:00:47:14 +0000] "GET /place-details.php?id=128 HTTP/1.1" 200 17034 "-" "Mozilla/5.0 (compatible; SemrushBot/7~bl; +http://www.semrush.com/bot.html)"
77.75.79.36 - - [03/Aug/2021:00:51:02 +0000] "GET /robots.txt HTTP/1.1" 404 208 "-" "Mozilla/5.0 (compatible; SeznamBot/3.2; +http://napoveda.seznam.cz/en/seznambot-intro/)"
77.75.79.36 - - [03/Aug/2021:00:51:04 +0000] "GET /galleryimg/1778585Central%20India%20Wildlife%20Tour.jpg HTTP/1.1" 404 247 "-" "Mozilla/5.0 (compatible; SeznamBot/3.2; +http://napoveda.seznam.cz/en/seznambot-intro/)"
77.75.79.36 - - [03/Aug/2021:00:51:06 +0000] "GET /galleryimg/534260Central%20India%20Wildlife%20Tour.jpg HTTP/1.1" 404 246 "-" "Mozilla/5.0 (compatible; SeznamBot/3.2; +http://napoveda.seznam.cz/en/seznambot-intro/)"
185.191.171.25 - - [03/Aug/2021:00:52:27 +0000] "GET /booking.php?tourname=North%20India%20Wildlife%20Cultural%20Tour HTTP/1.1" 200 18339 "-" "Mozilla/5.0 (compatible; SemrushBot/7~bl; +http://www.semrush.com/bot.html)"
194.61.9.14 - - [03/Aug/2021:00:59:35 +0000] "GET /thank-you.php HTTP/1.0" 404 211 "-" "Mozilla/5.0 (Windows NT 10.0; Win64; x64) AppleWebKit/537.36 (KHTML, like Gecko) Chrome/71.0.3578.98 Safari/537.36"
194.61.9.14 - - [03/Aug/2021:00:59:36 +0000] "GET /thank-you.php HTTP/1.0" 404 211 "-" "Mozilla/5.0 (Windows NT 10.0; Win64; x64) AppleWebKit/537.36 (KHTML, like Gecko) Chrome/71.0.3578.98 Safari/537.36"
66.249.66.16 - - [03/Aug/2021:01:01:12 +0000] "GET /mailunsi-VIII-competitive/cabo/headstock-13e268757c8e22-2258dc5cd6c3373-mccullough.shtml HTTP/1.1" 404 286 "-" "Mozilla/5.0 (Linux; Android 6.0.1; Nexus 5X Build/MMB29P) AppleWebKit/537.36 (KHTML, like Gecko) Chrome/92.0.4515.119 Mobile Safari/537.36 (compatible; Googlebot/2.1; +http://www.google.com/bot.html)"
216.244.66.231 - - [03/Aug/2021:01:02:17 +0000] "GET /robots.txt HTTP/1.1" 404 208 "-" "Mozilla/5.0 (compatible; DotBot/1.2; +https://opensiteexplorer.org/dotbot; help@moz.com)"
216.244.66.231 - - [03/Aug/2021:01:10:46 +0000] "GET /golden-triangle-tour-with-amritsar.htm HTTP/1.1" 404 236 "-" "Mozilla/5.0 (compatible; DotBot/1.2; +https://opensiteexplorer.org/dotbot; help@moz.com)"
216.244.66.231 - - [03/Aug/2021:01:12:09 +0000] "GET /images/info.png HTTP/1.1" 200 485 "-" "Mozilla/5.0 (compatible; DotBot/1.2; +https://opensiteexplorer.org/dotbot; help@moz.com)"
216.244.66.231 - - [03/Aug/2021:01:13:57 +0000] "GET /booking.php?tourname=Kerala%20India%20Tour HTTP/1.1" 200 18339 "-" "Mozilla/5.0 (compatible; DotBot/1.2; +https://opensiteexplorer.org/dotbot; help@moz.com)"
52.149.58.69 - - [03/Aug/2021:01:27:41 +0000] "GET / HTTP/1.1" 200 53222 "-" "Mozilla/5.0 (iPhone; CPU iPhone OS 13_3 like Mac OS X) AppleWebKit/605.1.15 (KHTML%2C like Gecko) Mobile/15E148"
185.191.171.23 - - [03/Aug/2021:01:32:27 +0000] "GET /delhi-ranthambore-weekend-tour.html HTTP/1.1" 404 233 "-" "Mozilla/5.0 (compatible; SemrushBot/7~bl; +http://www.semrush.com/bot.html)"
157.55.39.150 - - [03/Aug/2021:01:36:11 +0000] "GET /delhi-manali-volvo-tour.html HTTP/1.1" 404 226 "-" "Mozilla/5.0 (compatible; bingbot/2.0; +http://www.bing.com/bingbot.htm)"
188.72.101.164 - - [03/Aug/2021:01:36:29 +0000] "GET / HTTP/1.1" 200 53222 "-" "Mozilla/5.0 (Windows NT 10.0; WOW64) AppleWebKit/537.36 (KHTML, like Gecko) Chrome/64.0.3282.39 Safari/537.36"
188.72.101.164 - - [03/Aug/2021:01:36:30 +0000] "GET /contact-us.php HTTP/1.1" 200 16607 "http://www.naraintoursindia.com" "Mozilla/5.0 (Windows NT 10.0; WOW64) AppleWebKit/537.36 (KHTML, like Gecko) Chrome/64.0.3282.39 Safari/537.36"
216.244.66.231 - - [03/Aug/2021:01:52:09 +0000] "GET /robots.txt HTTP/1.1" 404 208 "-" "Mozilla/5.0 (compatible; DotBot/1.2; +https://opensiteexplorer.org/dotbot; help@moz.com)"
216.244.66.231 - - [03/Aug/2021:01:59:38 +0000] "GET /7-days-kerala-houseboat-tour.html HTTP/1.1" 404 231 "-" "Mozilla/5.0 (compatible; DotBot/1.2; +https://opensiteexplorer.org/dotbot; help@moz.com)"
77.75.78.164 - - [03/Aug/2021:02:01:54 +0000] "GET /robots.txt HTTP/1.1" 404 208 "-" "Mozilla/5.0 (compatible; SeznamBot/3.2; +http://napoveda.seznam.cz/en/seznambot-intro/)"
77.75.78.164 - - [03/Aug/2021:02:01:56 +0000] "GET /galleryimg/4045040Leh-Ladakh-Bike-Trip-2.jpg HTTP/1.1" 404 242 "-" "Mozilla/5.0 (compatible; SeznamBot/3.2; +http://napoveda.seznam.cz/en/seznambot-intro/)"
216.244.66.231 - - [03/Aug/2021:02:05:28 +0000] "GET /booking.php?tourname=Kerala%20Ayurveda%20Tour HTTP/1.1" 200 18339 "-" "Mozilla/5.0 (compatible; DotBot/1.2; +https://opensiteexplorer.org/dotbot; help@moz.com)"
66.249.66.221 - - [03/Aug/2021:02:09:29 +0000] "GET /14days-wildlife-safari-tour.html?page=2 HTTP/1.1" 404 230 "-" "Mozilla/5.0 (Linux; Android 6.0.1; Nexus 5X Build/MMB29P) AppleWebKit/537.36 (KHTML, like Gecko) Chrome/92.0.4515.119 Mobile Safari/537.36 (compatible; Googlebot/2.1; +http://www.google.com/bot.html)"
66.249.66.221 - - [03/Aug/2021:02:09:29 +0000] "GET /robots.txt HTTP/1.1" 404 208 "-" "Mozilla/5.0 (compatible; Googlebot/2.1; +http://www.google.com/bot.html)"
95.153.32.83 - - [03/Aug/2021:02:14:08 +0000] "GET / HTTP/1.0" 200 53222 "https://www.naraintoursindia.com/" "Mozilla/5.0 (Windows NT 10.0; Win64; x64) AppleWebKit/537.36 (KHTML, like Gecko) Chrome/90.0.4430.72 Safari/537.36"
95.153.32.83 - - [03/Aug/2021:02:14:10 +0000] "POST /mail/send.php HTTP/1.0" 404 211 "https://www.naraintoursindia.com/" "Mozilla/5.0 (Windows NT 10.0; Win64; x64) AppleWebKit/537.36 (KHTML, like Gecko) Chrome/90.0.4430.72 Safari/537.36"
54.36.148.143 - - [03/Aug/2021:02:15:49 +0000] "GET / HTTP/1.1" 200 53222 "-" "Mozilla/5.0 (compatible; AhrefsBot/7.0; +http://ahrefs.com/robot/)"
207.46.13.139 - - [03/Aug/2021:02:30:47 +0000] "GET /india-tours/rajasthan-tour-packages.html HTTP/1.1" 404 238 "-" "Mozilla/5.0 (compatible; bingbot/2.0; +http://www.bing.com/bingbot.htm)"
216.244.66.231 - - [03/Aug/2021:02:42:13 +0000] "GET /robots.txt HTTP/1.1" 404 208 "-" "Mozilla/5.0 (compatible; DotBot/1.2; +https://opensiteexplorer.org/dotbot; help@moz.com)"
66.249.66.16 - - [03/Aug/2021:02:45:03 +0000] "GET /Agra-tour.html HTTP/1.1" 404 212 "-" "Mozilla/5.0 (Linux; Android 6.0.1; Nexus 5X Build/MMB29P) AppleWebKit/537.36 (KHTML, like Gecko) Chrome/92.0.4515.119 Mobile Safari/537.36 (compatible; Googlebot/2.1; +http://www.google.com/bot.html)"
216.244.66.231 - - [03/Aug/2021:02:49:32 +0000] "GET /packages/india-tours/tour-details.php?id=49 HTTP/1.1" 404 235 "-" "Mozilla/5.0 (compatible; DotBot/1.2; +https://opensiteexplorer.org/dotbot; help@moz.com)"
216.244.66.231 - - [03/Aug/2021:02:49:37 +0000] "GET /packages/india-tours/tour-details.php?id=51 HTTP/1.1" 404 235 "-" "Mozilla/5.0 (compatible; DotBot/1.2; +https://opensiteexplorer.org/dotbot; help@moz.com)"
216.244.66.231 - - [03/Aug/2021:02:50:46 +0000] "GET /india-tours/index.php HTTP/1.1" 404 219 "-" "Mozilla/5.0 (compatible; DotBot/1.2; +https://opensiteexplorer.org/dotbot; help@moz.com)"
95.160.35.99 - - [03/Aug/2021:02:52:53 +0000] "GET /booking-car-rentals.php HTTP/1.1" 200 25499 "Referer: https://naraintoursindia.com/4-days-nainital-tour-package.html" "Mozilla/5.0 (X11; Ubuntu; Linux x86_64; rv:71.0) Gecko/20100101 Firefox/71.0"
66.249.66.10 - - [03/Aug/2021:02:52:56 +0000] "GET /robots.txt HTTP/1.1" 404 208 "-" "Mozilla/5.0 (compatible; Googlebot/2.1; +http://www.google.com/bot.html)"
66.249.66.8 - - [03/Aug/2021:02:52:57 +0000] "GET /shimla-weekend-tour-package.html HTTP/1.1" 404 230 "-" "Mozilla/5.0 (Linux; Android 6.0.1; Nexus 5X Build/MMB29P) AppleWebKit/537.36 (KHTML, like Gecko) Chrome/92.0.4515.119 Mobile Safari/537.36 (compatible; Googlebot/2.1; +http://www.google.com/bot.html)"
54.36.148.161 - - [03/Aug/2021:02:54:25 +0000] "GET / HTTP/1.1" 200 53222 "-" "Mozilla/5.0 (compatible; AhrefsBot/7.0; +http://ahrefs.com/robot/)"
45.137.184.31 - - [03/Aug/2021:02:54:32 +0000] "GET /booking-sight-seeing.php HTTP/1.1" 200 19374 "https://naraintoursindia.com/booking-sight-seeing.php" "Mozilla/5.0 (Windows NT 6.2; WOW64) AppleWebKit/537.36 (KHTML, like Gecko) Chrome/36.0.1985.125 Safari/537.36"
17.121.115.6 - - [03/Aug/2021:02:56:13 +0000] "GET /robots.txt HTTP/1.1" 404 208 "-" "Mozilla/5.0 (Macintosh; Intel Mac OS X 10_15_5) AppleWebKit/605.1.15 (KHTML, like Gecko) Version/13.1.1 Safari/605.1.15 (Applebot/0.1; +http://www.apple.com/go/applebot)"
17.121.115.6 - - [03/Aug/2021:02:56:13 +0000] "GET /varanasi-tour-with-delhi-agra-jaipur.html HTTP/1.1" 404 239 "-" "Mozilla/5.0 (Macintosh; Intel Mac OS X 10_15_5) AppleWebKit/605.1.15 (KHTML, like Gecko) Version/13.1.1 Safari/605.1.15 (Applebot/0.1; +http://www.apple.com/go/applebot)"
216.244.66.231 - - [03/Aug/2021:03:02:28 +0000] "GET /places/how-to-plan-corbett-national-park-tour.html HTTP/1.1" 404 248 "-" "Mozilla/5.0 (compatible; DotBot/1.2; +https://opensiteexplorer.org/dotbot; help@moz.com)"
69.171.249.20 - - [03/Aug/2021:03:11:45 +0000] "GET /5days-trip-to-ladakh.html HTTP/1.1" 404 223 "-" "facebookexternalhit/1.1 (+http://www.facebook.com/externalhit_uatext.php)"
69.171.249.20 - - [03/Aug/2021:03:11:45 +0000] "GET /india-tours/ladakh-tour-packages.html HTTP/1.1" 404 235 "-" "facebookexternalhit/1.1 (+http://www.facebook.com/externalhit_uatext.php)"
69.171.249.3 - - [03/Aug/2021:03:11:46 +0000] "GET /5days-trip-to-ladakh.html HTTP/1.1" 404 223 "-" "facebookexternalhit/1.1 (+http://www.facebook.com/externalhit_uatext.php)"
69.171.249.18 - - [03/Aug/2021:03:11:47 +0000] "GET /india-tours/ladakh-tour-packages.html HTTP/1.1" 404 235 "-" "facebookexternalhit/1.1 (+http://www.facebook.com/externalhit_uatext.php)"
69.171.249.12 - - [03/Aug/2021:03:11:47 +0000] "GET /5days-trip-to-ladakh.html HTTP/1.1" 404 223 "-" "facebookexternalhit/1.1 (+http://www.facebook.com/externalhit_uatext.php)"
69.171.249.18 - - [03/Aug/2021:03:11:48 +0000] "GET /india-tours/ladakh-tour-packages.html HTTP/1.1" 404 235 "-" "facebookexternalhit/1.1 (+http://www.facebook.com/externalhit_uatext.php)"
69.171.249.11 - - [03/Aug/2021:03:11:49 +0000] "GET /5days-trip-to-ladakh.html HTTP/1.1" 404 223 "-" "facebookexternalhit/1.1 (+http://www.facebook.com/externalhit_uatext.php)"
69.171.249.20 - - [03/Aug/2021:03:11:49 +0000] "GET /5days-trip-to-ladakh.html HTTP/1.1" 404 223 "-" "facebookexternalhit/1.1 (+http://www.facebook.com/externalhit_uatext.php)"
69.171.249.18 - - [03/Aug/2021:03:11:49 +0000] "GET /india-tours/ladakh-tour-packages.html HTTP/1.1" 404 235 "-" "facebookexternalhit/1.1 (+http://www.facebook.com/externalhit_uatext.php)"
69.171.249.12 - - [03/Aug/2021:03:11:50 +0000] "GET /5days-trip-to-ladakh.html HTTP/1.1" 404 223 "-" "facebookexternalhit/1.1 (+http://www.facebook.com/externalhit_uatext.php)"
69.171.249.12 - - [03/Aug/2021:03:11:50 +0000] "GET /india-tours/ladakh-tour-packages.html HTTP/1.1" 404 235 "-" "facebookexternalhit/1.1 (+http://www.facebook.com/externalhit_uatext.php)"
77.75.77.32 - - [03/Aug/2021:03:12:25 +0000] "GET /robots.txt HTTP/1.1" 404 208 "-" "Mozilla/5.0 (compatible; SeznamBot/3.2; +http://napoveda.seznam.cz/en/seznambot-intro/)"
77.75.77.32 - - [03/Aug/2021:03:12:27 +0000] "GET /galleryimg/2904228North-India-Wildlife-Tour.jpg HTTP/1.1" 404 245 "-" "Mozilla/5.0 (compatible; SeznamBot/3.2; +http://napoveda.seznam.cz/en/seznambot-intro/)"
157.55.39.75 - - [03/Aug/2021:03:14:18 +0000] "GET / HTTP/1.1" 200 53222 "-" "Mozilla/5.0 (compatible; bingbot/2.0; +http://www.bing.com/bingbot.htm)"
43.239.206.31 - - [03/Aug/2021:03:14:49 +0000] "GET / HTTP/1.1" 200 53222 "https://www.google.com/search?hl=en-IN&source=hp&biw=&bih=&q=naraintoursindia.com&iflsig=AINFCbYAAAAAYQjCSDSuWwJc57tNIFnN8H5WJ-CRNgAl&gbv=2&oq=naraintoursindia.com&gs_l=heirloom-hp.3...20523.77261.0.87732.20.19.0.1.1.0.1236.6154.0j13j1j0j2j1j0j2.19.0....0...1ac.1j4.34.heirloom-hp..1.19.6078.WsSh98Fc9UE" "Mozilla/5.0 (SMART-TV; Linux; Tizen 3.0) AppleWebKit/537.36 (KHTML, like Gecko) SamsungBrowser/2.0 Chrome/47.0.2526.69 TV safari/537.36"
43.239.206.31 - - [03/Aug/2021:03:14:49 +0000] "GET /css/font-awesome.min.css HTTP/1.1" 200 31024 "https://www.naraintoursindia.com/" "Mozilla/5.0 (SMART-TV; Linux; Tizen 3.0) AppleWebKit/537.36 (KHTML, like Gecko) SamsungBrowser/2.0 Chrome/47.0.2526.69 TV safari/537.36"
43.239.206.31 - - [03/Aug/2021:03:14:49 +0000] "GET /css/mob.css HTTP/1.1" 200 18323 "https://www.naraintoursindia.com/" "Mozilla/5.0 (SMART-TV; Linux; Tizen 3.0) AppleWebKit/537.36 (KHTML, like Gecko) SamsungBrowser/2.0 Chrome/47.0.2526.69 TV safari/537.36"
43.239.206.31 - - [03/Aug/2021:03:14:49 +0000] "GET /gen_validatorv31.js HTTP/1.1" 200 18847 "https://www.naraintoursindia.com/" "Mozilla/5.0 (SMART-TV; Linux; Tizen 3.0) AppleWebKit/537.36 (KHTML, like Gecko) SamsungBrowser/2.0 Chrome/47.0.2526.69 TV safari/537.36"
43.239.206.31 - - [03/Aug/2021:03:14:49 +0000] "GET /gen_validatorv4.js HTTP/1.1" 404 216 "https://www.naraintoursindia.com/" "Mozilla/5.0 (SMART-TV; Linux; Tizen 3.0) AppleWebKit/537.36 (KHTML, like Gecko) SamsungBrowser/2.0 Chrome/47.0.2526.69 TV safari/537.36"
43.239.206.31 - - [03/Aug/2021:03:14:49 +0000] "GET /css/animate.css HTTP/1.1" 200 77818 "https://www.naraintoursindia.com/" "Mozilla/5.0 (SMART-TV; Linux; Tizen 3.0) AppleWebKit/537.36 (KHTML, like Gecko) SamsungBrowser/2.0 Chrome/47.0.2526.69 TV safari/537.36"
43.239.206.31 - - [03/Aug/2021:03:14:49 +0000] "GET /css/style.css HTTP/1.1" 200 178421 "https://www.naraintoursindia.com/" "Mozilla/5.0 (SMART-TV; Linux; Tizen 3.0) AppleWebKit/537.36 (KHTML, like Gecko) SamsungBrowser/2.0 Chrome/47.0.2526.69 TV safari/537.36"
43.239.206.31 - - [03/Aug/2021:03:14:49 +0000] "GET /css/materialize.css HTTP/1.1" 200 169755 "https://www.naraintoursindia.com/" "Mozilla/5.0 (SMART-TV; Linux; Tizen 3.0) AppleWebKit/537.36 (KHTML, like Gecko) SamsungBrowser/2.0 Chrome/47.0.2526.69 TV safari/537.36"
43.239.206.31 - - [03/Aug/2021:03:14:50 +0000] "GET /js/jquery-latest.min.js HTTP/1.1" 200 86351 "https://www.naraintoursindia.com/" "Mozilla/5.0 (SMART-TV; Linux; Tizen 3.0) AppleWebKit/537.36 (KHTML, like Gecko) SamsungBrowser/2.0 Chrome/47.0.2526.69 TV safari/537.36"
43.239.206.31 - - [03/Aug/2021:03:14:50 +0000] "GET /js/bootstrap.js HTTP/1.1" 200 47030 "https://www.naraintoursindia.com/" "Mozilla/5.0 (SMART-TV; Linux; Tizen 3.0) AppleWebKit/537.36 (KHTML, like Gecko) SamsungBrowser/2.0 Chrome/47.0.2526.69 TV safari/537.36"
43.239.206.31 - - [03/Aug/2021:03:14:49 +0000] "GET /css/bootstrap.css HTTP/1.1" 200 152814 "https://www.naraintoursindia.com/" "Mozilla/5.0 (SMART-TV; Linux; Tizen 3.0) AppleWebKit/537.36 (KHTML, like Gecko) SamsungBrowser/2.0 Chrome/47.0.2526.69 TV safari/537.36"
43.239.206.31 - - [03/Aug/2021:03:14:50 +0000] "GET /js/wow.min.js HTTP/1.1" 200 4232 "https://www.naraintoursindia.com/" "Mozilla/5.0 (SMART-TV; Linux; Tizen 3.0) AppleWebKit/537.36 (KHTML, like Gecko) SamsungBrowser/2.0 Chrome/47.0.2526.69 TV safari/537.36"
43.239.206.31 - - [03/Aug/2021:03:14:50 +0000] "GET /js/materialize.min.js HTTP/1.1" 200 148768 "https://www.naraintoursindia.com/" "Mozilla/5.0 (SMART-TV; Linux; Tizen 3.0) AppleWebKit/537.36 (KHTML, like Gecko) SamsungBrowser/2.0 Chrome/47.0.2526.69 TV safari/537.36"
43.239.206.31 - - [03/Aug/2021:03:14:52 +0000] "GET /js/custom.js HTTP/1.1" 200 7402 "https://www.naraintoursindia.com/" "Mozilla/5.0 (SMART-TV; Linux; Tizen 3.0) AppleWebKit/537.36 (KHTML, like Gecko) SamsungBrowser/2.0 Chrome/47.0.2526.69 TV safari/537.36"
43.239.206.31 - - [03/Aug/2021:03:14:52 +0000] "GET /images/logo.png HTTP/1.1" 200 16779 "https://www.naraintoursindia.com/" "Mozilla/5.0 (SMART-TV; Linux; Tizen 3.0) AppleWebKit/537.36 (KHTML, like Gecko) SamsungBrowser/2.0 Chrome/47.0.2526.69 TV safari/537.36"
43.239.206.31 - - [03/Aug/2021:03:14:52 +0000] "GET /images/icon/2.png HTTP/1.1" 200 2480 "https://www.naraintoursindia.com/" "Mozilla/5.0 (SMART-TV; Linux; Tizen 3.0) AppleWebKit/537.36 (KHTML, like Gecko) SamsungBrowser/2.0 Chrome/47.0.2526.69 TV safari/537.36"
43.239.206.31 - - [03/Aug/2021:03:14:52 +0000] "GET /images/icon/a14.png HTTP/1.1" 200 6256 "https://www.naraintoursindia.com/" "Mozilla/5.0 (SMART-TV; Linux; Tizen 3.0) AppleWebKit/537.36 (KHTML, like Gecko) SamsungBrowser/2.0 Chrome/47.0.2526.69 TV safari/537.36"
43.239.206.31 - - [03/Aug/2021:03:14:52 +0000] "GET /images/icon/30.png HTTP/1.1" 200 1543 "https://www.naraintoursindia.com/" "Mozilla/5.0 (SMART-TV; Linux; Tizen 3.0) AppleWebKit/537.36 (KHTML, like Gecko) SamsungBrowser/2.0 Chrome/47.0.2526.69 TV safari/537.36"
43.239.206.31 - - [03/Aug/2021:03:14:52 +0000] "GET /images/icon/1.png HTTP/1.1" 200 1081 "https://www.naraintoursindia.com/" "Mozilla/5.0 (SMART-TV; Linux; Tizen 3.0) AppleWebKit/537.36 (KHTML, like Gecko) SamsungBrowser/2.0 Chrome/47.0.2526.69 TV safari/537.36"
43.239.206.31 - - [03/Aug/2021:03:14:52 +0000] "GET /galleryimg/a89618eeb681873ece612eeb1552b65c.jpg HTTP/1.1" 200 38983 "https://www.naraintoursindia.com/" "Mozilla/5.0 (SMART-TV; Linux; Tizen 3.0) AppleWebKit/537.36 (KHTML, like Gecko) SamsungBrowser/2.0 Chrome/47.0.2526.69 TV safari/537.36"
43.239.206.31 - - [03/Aug/2021:03:14:52 +0000] "GET /images/clock.png HTTP/1.1" 200 439 "https://www.naraintoursindia.com/" "Mozilla/5.0 (SMART-TV; Linux; Tizen 3.0) AppleWebKit/537.36 (KHTML, like Gecko) SamsungBrowser/2.0 Chrome/47.0.2526.69 TV safari/537.36"
43.239.206.31 - - [03/Aug/2021:03:14:52 +0000] "GET /images/info.png HTTP/1.1" 200 485 "https://www.naraintoursindia.com/" "Mozilla/5.0 (SMART-TV; Linux; Tizen 3.0) AppleWebKit/537.36 (KHTML, like Gecko) SamsungBrowser/2.0 Chrome/47.0.2526.69 TV safari/537.36"
43.239.206.31 - - [03/Aug/2021:03:14:52 +0000] "GET /images/price.png HTTP/1.1" 200 467 "https://www.naraintoursindia.com/" "Mozilla/5.0 (SMART-TV; Linux; Tizen 3.0) AppleWebKit/537.36 (KHTML, like Gecko) SamsungBrowser/2.0 Chrome/47.0.2526.69 TV safari/537.36"
43.239.206.31 - - [03/Aug/2021:03:14:52 +0000] "GET /galleryimg/d1879ecbc75cdd2a7ee14757255d15d6.jpg HTTP/1.1" 200 122063 "https://www.naraintoursindia.com/" "Mozilla/5.0 (SMART-TV; Linux; Tizen 3.0) AppleWebKit/537.36 (KHTML, like Gecko) SamsungBrowser/2.0 Chrome/47.0.2526.69 TV safari/537.36"
43.239.206.31 - - [03/Aug/2021:03:14:52 +0000] "GET /galleryimg/cceed2be3f32813918d0e484db5cd009.jpg HTTP/1.1" 200 36405 "https://www.naraintoursindia.com/" "Mozilla/5.0 (SMART-TV; Linux; Tizen 3.0) AppleWebKit/537.36 (KHTML, like Gecko) SamsungBrowser/2.0 Chrome/47.0.2526.69 TV safari/537.36"
43.239.206.31 - - [03/Aug/2021:03:14:52 +0000] "GET /galleryimg/c2cfcc52c6747cf186e269988e68802f.jpg HTTP/1.1" 200 87077 "https://www.naraintoursindia.com/" "Mozilla/5.0 (SMART-TV; Linux; Tizen 3.0) AppleWebKit/537.36 (KHTML, like Gecko) SamsungBrowser/2.0 Chrome/47.0.2526.69 TV safari/537.36"
43.239.206.31 - - [03/Aug/2021:03:14:52 +0000] "GET /galleryimg/39b117b2799f9e7cb9bb5099ede76d9c.jpg HTTP/1.1" 200 145270 "https://www.naraintoursindia.com/" "Mozilla/5.0 (SMART-TV; Linux; Tizen 3.0) AppleWebKit/537.36 (KHTML, like Gecko) SamsungBrowser/2.0 Chrome/47.0.2526.69 TV safari/537.36"
43.239.206.31 - - [03/Aug/2021:03:14:53 +0000] "GET /galleryimg/ae0d19f1e06b079f2275e70fae6edc13.jpg HTTP/1.1" 200 26689 "https://www.naraintoursindia.com/" "Mozilla/5.0 (SMART-TV; Linux; Tizen 3.0) AppleWebKit/537.36 (KHTML, like Gecko) SamsungBrowser/2.0 Chrome/47.0.2526.69 TV safari/537.36"
43.239.206.31 - - [03/Aug/2021:03:14:53 +0000] "GET /galleryimg/17e6dc7a2fb6a42fe8d2f89a87afb4ee.jpg HTTP/1.1" 200 44658 "https://www.naraintoursindia.com/" "Mozilla/5.0 (SMART-TV; Linux; Tizen 3.0) AppleWebKit/537.36 (KHTML, like Gecko) SamsungBrowser/2.0 Chrome/47.0.2526.69 TV safari/537.36"
43.239.206.31 - - [03/Aug/2021:03:14:53 +0000] "GET /galleryimg/7ba593a01175ba4c4bbcb9dbb5347966.jpg HTTP/1.1" 200 85034 "https://www.naraintoursindia.com/" "Mozilla/5.0 (SMART-TV; Linux; Tizen 3.0) AppleWebKit/537.36 (KHTML, like Gecko) SamsungBrowser/2.0 Chrome/47.0.2526.69 TV safari/537.36"
43.239.206.31 - - [03/Aug/2021:03:14:53 +0000] "GET /galleryimg/16c99c265e1475d3a2ede384ac1852a0.jpg HTTP/1.1" 200 45619 "https://www.naraintoursindia.com/" "Mozilla/5.0 (SMART-TV; Linux; Tizen 3.0) AppleWebKit/537.36 (KHTML, like Gecko) SamsungBrowser/2.0 Chrome/47.0.2526.69 TV safari/537.36"
43.239.206.31 - - [03/Aug/2021:03:14:53 +0000] "GET /galleryimg/5672201manali.jpg HTTP/1.1" 200 47720 "https://www.naraintoursindia.com/" "Mozilla/5.0 (SMART-TV; Linux; Tizen 3.0) AppleWebKit/537.36 (KHTML, like Gecko) SamsungBrowser/2.0 Chrome/47.0.2526.69 TV safari/537.36"
43.239.206.31 - - [03/Aug/2021:03:14:53 +0000] "GET /galleryimg/3194311agra-fort-.jpg HTTP/1.1" 200 51687 "https://www.naraintoursindia.com/" "Mozilla/5.0 (SMART-TV; Linux; Tizen 3.0) AppleWebKit/537.36 (KHTML, like Gecko) SamsungBrowser/2.0 Chrome/47.0.2526.69 TV safari/537.36"
43.239.206.31 - - [03/Aug/2021:03:14:53 +0000] "GET /galleryimg/7507776Tajmahal.jpg HTTP/1.1" 200 213776 "https://www.naraintoursindia.com/" "Mozilla/5.0 (SMART-TV; Linux; Tizen 3.0) AppleWebKit/537.36 (KHTML, like Gecko) SamsungBrowser/2.0 Chrome/47.0.2526.69 TV safari/537.36"
43.239.206.31 - - [03/Aug/2021:03:14:53 +0000] "GET /galleryimg/3410363ladakh.jpg HTTP/1.1" 200 162165 "https://www.naraintoursindia.com/" "Mozilla/5.0 (SMART-TV; Linux; Tizen 3.0) AppleWebKit/537.36 (KHTML, like Gecko) SamsungBrowser/2.0 Chrome/47.0.2526.69 TV safari/537.36"
43.239.206.31 - - [03/Aug/2021:03:14:53 +0000] "GET /galleryimg/53852451929436_1113202585166_5797426_n.jpg HTTP/1.1" 200 54009 "https://www.naraintoursindia.com/" "Mozilla/5.0 (SMART-TV; Linux; Tizen 3.0) AppleWebKit/537.36 (KHTML, like Gecko) SamsungBrowser/2.0 Chrome/47.0.2526.69 TV safari/537.36"
43.239.206.31 - - [03/Aug/2021:03:14:53 +0000] "GET /galleryimg/6907519rohtang-pass-manali-india-photo.jpg HTTP/1.1" 200 325480 "https://www.naraintoursindia.com/" "Mozilla/5.0 (SMART-TV; Linux; Tizen 3.0) AppleWebKit/537.36 (KHTML, like Gecko) SamsungBrowser/2.0 Chrome/47.0.2526.69 TV safari/537.36"
43.239.206.31 - - [03/Aug/2021:03:14:53 +0000] "GET /galleryimg/962823Safari.jpg HTTP/1.1" 200 248589 "https://www.naraintoursindia.com/" "Mozilla/5.0 (SMART-TV; Linux; Tizen 3.0) AppleWebKit/537.36 (KHTML, like Gecko) SamsungBrowser/2.0 Chrome/47.0.2526.69 TV safari/537.36"
43.239.206.31 - - [03/Aug/2021:03:14:53 +0000] "GET /fonts/fontawesome-webfont3e6e.woff2?v=4.7.0 HTTP/1.1" 200 77160 "https://www.naraintoursindia.com/css/font-awesome.min.css" "Mozilla/5.0 (SMART-TV; Linux; Tizen 3.0) AppleWebKit/537.36 (KHTML, like Gecko) SamsungBrowser/2.0 Chrome/47.0.2526.69 TV safari/537.36"
43.239.206.31 - - [03/Aug/2021:03:14:53 +0000] "GET /images/icon/dis1.png HTTP/1.1" 200 960 "https://www.naraintoursindia.com/" "Mozilla/5.0 (SMART-TV; Linux; Tizen 3.0) AppleWebKit/537.36 (KHTML, like Gecko) SamsungBrowser/2.0 Chrome/47.0.2526.69 TV safari/537.36"
43.239.206.31 - - [03/Aug/2021:03:14:53 +0000] "GET /images/icon/dis2.png HTTP/1.1" 200 1016 "https://www.naraintoursindia.com/" "Mozilla/5.0 (SMART-TV; Linux; Tizen 3.0) AppleWebKit/537.36 (KHTML, like Gecko) SamsungBrowser/2.0 Chrome/47.0.2526.69 TV safari/537.36"
43.239.206.31 - - [03/Aug/2021:03:14:53 +0000] "GET /images/icon/dis4.png HTTP/1.1" 200 422 "https://www.naraintoursindia.com/" "Mozilla/5.0 (SMART-TV; Linux; Tizen 3.0) AppleWebKit/537.36 (KHTML, like Gecko) SamsungBrowser/2.0 Chrome/47.0.2526.69 TV safari/537.36"
43.239.206.31 - - [03/Aug/2021:03:14:53 +0000] "GET /images/icon/dis3.png HTTP/1.1" 200 1360 "https://www.naraintoursindia.com/" "Mozilla/5.0 (SMART-TV; Linux; Tizen 3.0) AppleWebKit/537.36 (KHTML, like Gecko) SamsungBrowser/2.0 Chrome/47.0.2526.69 TV safari/537.36"
43.239.206.31 - - [03/Aug/2021:03:14:53 +0000] "GET /images/icon/dis5.png HTTP/1.1" 200 490 "https://www.naraintoursindia.com/" "Mozilla/5.0 (SMART-TV; Linux; Tizen 3.0) AppleWebKit/537.36 (KHTML, like Gecko) SamsungBrowser/2.0 Chrome/47.0.2526.69 TV safari/537.36"
43.239.206.31 - - [03/Aug/2021:03:14:53 +0000] "GET /galleryimg/7843766Jim-Corbett-National-Park%202.jpg HTTP/1.1" 200 97470 "https://www.naraintoursindia.com/" "Mozilla/5.0 (SMART-TV; Linux; Tizen 3.0) AppleWebKit/537.36 (KHTML, like Gecko) SamsungBrowser/2.0 Chrome/47.0.2526.69 TV safari/537.36"
43.239.206.31 - - [03/Aug/2021:03:14:53 +0000] "GET /galleryimg/9800423tiger_20120903.jpg HTTP/1.1" 200 92948 "https://www.naraintoursindia.com/" "Mozilla/5.0 (SMART-TV; Linux; Tizen 3.0) AppleWebKit/537.36 (KHTML, like Gecko) SamsungBrowser/2.0 Chrome/47.0.2526.69 TV safari/537.36"
43.239.206.31 - - [03/Aug/2021:03:14:53 +0000] "GET /galleryimg/6176302Tajmahal.jpg HTTP/1.1" 200 213776 "https://www.naraintoursindia.com/" "Mozilla/5.0 (SMART-TV; Linux; Tizen 3.0) AppleWebKit/537.36 (KHTML, like Gecko) SamsungBrowser/2.0 Chrome/47.0.2526.69 TV safari/537.36"
43.239.206.31 - - [03/Aug/2021:03:14:53 +0000] "GET /galleryimg/1293877Jaipur_irctc_cover.jpg HTTP/1.1" 200 222311 "https://www.naraintoursindia.com/" "Mozilla/5.0 (SMART-TV; Linux; Tizen 3.0) AppleWebKit/537.36 (KHTML, like Gecko) SamsungBrowser/2.0 Chrome/47.0.2526.69 TV safari/537.36"
43.239.206.31 - - [03/Aug/2021:03:14:54 +0000] "GET /images/icon/search.png HTTP/1.1" 200 308 "https://www.naraintoursindia.com/css/style.css" "Mozilla/5.0 (SMART-TV; Linux; Tizen 3.0) AppleWebKit/537.36 (KHTML, like Gecko) SamsungBrowser/2.0 Chrome/47.0.2526.69 TV safari/537.36"
43.239.206.31 - - [03/Aug/2021:03:14:54 +0000] "GET /galleryimg/7320981Kaziranaga%20National%20Park(1).jpg HTTP/1.1" 200 96719 "https://www.naraintoursindia.com/" "Mozilla/5.0 (SMART-TV; Linux; Tizen 3.0) AppleWebKit/537.36 (KHTML, like Gecko) SamsungBrowser/2.0 Chrome/47.0.2526.69 TV safari/537.36"
43.239.206.31 - - [03/Aug/2021:03:14:54 +0000] "GET /images/preloader.gif HTTP/1.1" 200 732649 "https://www.naraintoursindia.com/css/style.css" "Mozilla/5.0 (SMART-TV; Linux; Tizen 3.0) AppleWebKit/537.36 (KHTML, like Gecko) SamsungBrowser/2.0 Chrome/47.0.2526.69 TV safari/537.36"
43.239.206.31 - - [03/Aug/2021:03:14:53 +0000] "GET /galleryimg/27047306-ranthambore-tiger.jpg HTTP/1.1" 200 1130805 "https://www.naraintoursindia.com/" "Mozilla/5.0 (SMART-TV; Linux; Tizen 3.0) AppleWebKit/537.36 (KHTML, like Gecko) SamsungBrowser/2.0 Chrome/47.0.2526.69 TV safari/537.36"
43.239.206.31 - - [03/Aug/2021:03:14:55 +0000] "GET /galleryimg/5c15fedbd57b3574c5ad47e94534e678.jpg HTTP/1.1" 200 53937 "https://www.naraintoursindia.com/" "Mozilla/5.0 (SMART-TV; Linux; Tizen 3.0) AppleWebKit/537.36 (KHTML, like Gecko) SamsungBrowser/2.0 Chrome/47.0.2526.69 TV safari/537.36"
43.239.206.31 - - [03/Aug/2021:03:14:55 +0000] "GET /images/Location-Manager.png HTTP/1.1" 200 1955 "https://www.naraintoursindia.com/" "Mozilla/5.0 (SMART-TV; Linux; Tizen 3.0) AppleWebKit/537.36 (KHTML, like Gecko) SamsungBrowser/2.0 Chrome/47.0.2526.69 TV safari/537.36"
43.239.206.31 - - [03/Aug/2021:03:14:56 +0000] "GET /images/Private-Guide.png HTTP/1.1" 200 1034 "https://www.naraintoursindia.com/" "Mozilla/5.0 (SMART-TV; Linux; Tizen 3.0) AppleWebKit/537.36 (KHTML, like Gecko) SamsungBrowser/2.0 Chrome/47.0.2526.69 TV safari/537.36"
43.239.206.31 - - [03/Aug/2021:03:14:56 +0000] "GET /images/Arrangements.png HTTP/1.1" 200 1330 "https://www.naraintoursindia.com/" "Mozilla/5.0 (SMART-TV; Linux; Tizen 3.0) AppleWebKit/537.36 (KHTML, like Gecko) SamsungBrowser/2.0 Chrome/47.0.2526.69 TV safari/537.36"
43.239.206.31 - - [03/Aug/2021:03:14:56 +0000] "GET /images/Events-Activities.png HTTP/1.1" 200 1538 "https://www.naraintoursindia.com/" "Mozilla/5.0 (SMART-TV; Linux; Tizen 3.0) AppleWebKit/537.36 (KHTML, like Gecko) SamsungBrowser/2.0 Chrome/47.0.2526.69 TV safari/537.36"
43.239.206.31 - - [03/Aug/2021:03:14:54 +0000] "GET /galleryimg/3769304nainital-lake_1469559269.jpeg HTTP/1.1" 200 367438 "https://www.naraintoursindia.com/" "Mozilla/5.0 (SMART-TV; Linux; Tizen 3.0) AppleWebKit/537.36 (KHTML, like Gecko) SamsungBrowser/2.0 Chrome/47.0.2526.69 TV safari/537.36"
43.239.206.31 - - [03/Aug/2021:03:14:55 +0000] "GET /images/family.png HTTP/1.1" 200 272263 "https://www.naraintoursindia.com/" "Mozilla/5.0 (SMART-TV; Linux; Tizen 3.0) AppleWebKit/537.36 (KHTML, like Gecko) SamsungBrowser/2.0 Chrome/47.0.2526.69 TV safari/537.36"
43.239.206.31 - - [03/Aug/2021:03:14:56 +0000] "GET /images/searchicon.png HTTP/1.1" 200 308 "https://www.naraintoursindia.com/css/style.css" "Mozilla/5.0 (SMART-TV; Linux; Tizen 3.0) AppleWebKit/537.36 (KHTML, like Gecko) SamsungBrowser/2.0 Chrome/47.0.2526.69 TV safari/537.36"
43.239.206.31 - - [03/Aug/2021:03:14:56 +0000] "GET /images/placebg.jpg HTTP/1.1" 200 300074 "https://www.naraintoursindia.com/css/style.css" "Mozilla/5.0 (SMART-TV; Linux; Tizen 3.0) AppleWebKit/537.36 (KHTML, like Gecko) SamsungBrowser/2.0 Chrome/47.0.2526.69 TV safari/537.36"
43.239.206.31 - - [03/Aug/2021:03:14:56 +0000] "GET /images/cloud.png HTTP/1.1" 200 22709 "https://www.naraintoursindia.com/css/style.css" "Mozilla/5.0 (SMART-TV; Linux; Tizen 3.0) AppleWebKit/537.36 (KHTML, like Gecko) SamsungBrowser/2.0 Chrome/47.0.2526.69 TV safari/537.36"
43.239.206.31 - - [03/Aug/2021:03:14:56 +0000] "GET /images/tipsbg.jpg HTTP/1.1" 200 28089 "https://www.naraintoursindia.com/css/style.css" "Mozilla/5.0 (SMART-TV; Linux; Tizen 3.0) AppleWebKit/537.36 (KHTML, like Gecko) SamsungBrowser/2.0 Chrome/47.0.2526.69 TV safari/537.36"
43.239.206.31 - - [03/Aug/2021:03:14:56 +0000] "GET /images/tips1.png HTTP/1.1" 200 638 "https://www.naraintoursindia.com/css/style.css" "Mozilla/5.0 (SMART-TV; Linux; Tizen 3.0) AppleWebKit/537.36 (KHTML, like Gecko) SamsungBrowser/2.0 Chrome/47.0.2526.69 TV safari/537.36"
43.239.206.31 - - [03/Aug/2021:03:14:56 +0000] "GET /images/tips2.png HTTP/1.1" 200 750 "https://www.naraintoursindia.com/css/style.css" "Mozilla/5.0 (SMART-TV; Linux; Tizen 3.0) AppleWebKit/537.36 (KHTML, like Gecko) SamsungBrowser/2.0 Chrome/47.0.2526.69 TV safari/537.36"
43.239.206.31 - - [03/Aug/2021:03:14:56 +0000] "GET /images/tips3.png HTTP/1.1" 200 711 "https://www.naraintoursindia.com/css/style.css" "Mozilla/5.0 (SMART-TV; Linux; Tizen 3.0) AppleWebKit/537.36 (KHTML, like Gecko) SamsungBrowser/2.0 Chrome/47.0.2526.69 TV safari/537.36"
43.239.206.31 - - [03/Aug/2021:03:14:54 +0000] "GET /images/consul-bg-3.jpg HTTP/1.1" 200 447529 "https://www.naraintoursindia.com/css/style.css" "Mozilla/5.0 (SMART-TV; Linux; Tizen 3.0) AppleWebKit/537.36 (KHTML, like Gecko) SamsungBrowser/2.0 Chrome/47.0.2526.69 TV safari/537.36"
43.239.206.31 - - [03/Aug/2021:03:14:53 +0000] "GET /galleryimg/5683289haridwar_banner.jpg HTTP/1.1" 200 198506 "https://www.naraintoursindia.com/" "Mozilla/5.0 (SMART-TV; Linux; Tizen 3.0) AppleWebKit/537.36 (KHTML, like Gecko) SamsungBrowser/2.0 Chrome/47.0.2526.69 TV safari/537.36"
43.239.206.31 - - [03/Aug/2021:03:14:59 +0000] "GET /images/fav.ico HTTP/1.1" 200 4286 "https://www.naraintoursindia.com/" "Mozilla/5.0 (SMART-TV; Linux; Tizen 3.0) AppleWebKit/537.36 (KHTML, like Gecko) SamsungBrowser/2.0 Chrome/47.0.2526.69 TV safari/537.36"
43.239.206.31 - - [03/Aug/2021:03:15:41 +0000] "GET /packages.php?id=12 HTTP/1.1" 200 37265 "https://www.naraintoursindia.com/" "Mozilla/5.0 (SMART-TV; Linux; Tizen 3.0) AppleWebKit/537.36 (KHTML, like Gecko) SamsungBrowser/2.0 Chrome/47.0.2526.69 TV safari/537.36"
43.239.206.31 - - [03/Aug/2021:03:15:41 +0000] "GET /css/font-awesome.min.css HTTP/1.1" 200 31024 "https://www.naraintoursindia.com/packages.php?id=12" "Mozilla/5.0 (SMART-TV; Linux; Tizen 3.0) AppleWebKit/537.36 (KHTML, like Gecko) SamsungBrowser/2.0 Chrome/47.0.2526.69 TV safari/537.36"
43.239.206.31 - - [03/Aug/2021:03:15:41 +0000] "GET /css/mob.css HTTP/1.1" 200 18323 "https://www.naraintoursindia.com/packages.php?id=12" "Mozilla/5.0 (SMART-TV; Linux; Tizen 3.0) AppleWebKit/537.36 (KHTML, like Gecko) SamsungBrowser/2.0 Chrome/47.0.2526.69 TV safari/537.36"
43.239.206.31 - - [03/Aug/2021:03:15:41 +0000] "GET /gen_validatorv4.js HTTP/1.1" 404 216 "https://www.naraintoursindia.com/packages.php?id=12" "Mozilla/5.0 (SMART-TV; Linux; Tizen 3.0) AppleWebKit/537.36 (KHTML, like Gecko) SamsungBrowser/2.0 Chrome/47.0.2526.69 TV safari/537.36"
