207.46.13.31 - - [29/Jul/2021:23:42:28 +0000] "GET /6-days-jim-corbett-with-nainital-tour.html HTTP/1.1" 404 240 "-" "Mozilla/5.0 (compatible; bingbot/2.0; +http://www.bing.com/bingbot.htm)"
5.34.180.192 - - [29/Jul/2021:23:44:34 +0000] "GET / HTTP/1.1" 200 53222 "https://bonkers.name/" "Mozilla/4.0 (compatible; MSIE 6.0; Windows NT 5.1; Q312461)"
5.34.180.192 - - [29/Jul/2021:23:44:35 +0000] "GET / HTTP/1.1" 200 53222 "https://bonkers.name/" "Mozilla/4.0 (compatible; MSIE 6.0; Windows NT 5.1; Q312461)"
5.34.180.192 - - [29/Jul/2021:23:44:35 +0000] "GET / HTTP/1.1" 200 53222 "https://bonkers.name/" "Mozilla/4.0 (compatible; MSIE 6.0; Windows NT 5.1; Q312461)"
188.191.233.57 - - [29/Jul/2021:23:50:01 +0000] "GET /thank-you.php HTTP/1.0" 404 211 "http://naraintoursindia.com/thank-you.php" "Mozilla/5.0 (Windows NT 6.1) AppleWebKit/537.36 (KHTML, like Gecko) Chrome/66.0.3359.181 Safari/537.36"
188.191.233.57 - - [29/Jul/2021:23:50:02 +0000] "GET / HTTP/1.0" 200 53222 "http://naraintoursindia.com/" "Mozilla/5.0 (Windows NT 6.1) AppleWebKit/537.36 (KHTML, like Gecko) Chrome/66.0.3359.181 Safari/537.36"
188.191.233.57 - - [29/Jul/2021:23:50:04 +0000] "GET /contact-us.php HTTP/1.0" 200 16607 "http://naraintoursindia.com/contact-us.php" "Mozilla/5.0 (Windows NT 6.1) AppleWebKit/537.36 (KHTML, like Gecko) Chrome/66.0.3359.181 Safari/537.36"
188.191.233.57 - - [29/Jul/2021:23:50:04 +0000] "GET /index.php HTTP/1.0" 200 53222 "http://naraintoursindia.com/index.php" "Mozilla/5.0 (Windows NT 6.1) AppleWebKit/537.36 (KHTML, like Gecko) Chrome/66.0.3359.181 Safari/537.36"
188.191.233.57 - - [29/Jul/2021:23:50:05 +0000] "POST /mail/send.php HTTP/1.0" 404 211 "http://naraintoursindia.com/index.php" "Mozilla/5.0 (Windows NT 6.1) AppleWebKit/537.36 (KHTML, like Gecko) Chrome/66.0.3359.181 Safari/537.36"
188.191.233.57 - - [29/Jul/2021:23:50:06 +0000] "GET /thank-you.php HTTP/1.0" 404 211 "http://naraintoursindia.com/thank-you.php" "Mozilla/5.0 (Windows NT 6.1) AppleWebKit/537.36 (KHTML, like Gecko) Chrome/66.0.3359.181 Safari/537.36"
167.86.94.107 - - [29/Jul/2021:23:53:44 +0000] "GET /booking-sight-seeing.php HTTP/1.1" 200 19374 "https://naraintoursindia.com/booking-sight-seeing.php" "Mozilla/5.0 (Windows NT 6.1) AppleWebKit/537.36 (KHTML, like Gecko) Chrome/36.0.1985.125 Safari/537.36"
66.249.69.129 - - [29/Jul/2021:23:54:26 +0000] "GET /booking-sight-seeing.php HTTP/1.1" 200 19374 "-" "Mozilla/5.0 (Linux; Android 6.0.1; Nexus 5X Build/MMB29P) AppleWebKit/537.36 (KHTML, like Gecko) Chrome/91.0.4472.90 Mobile Safari/537.36 (compatible; Googlebot/2.1; +http://www.google.com/bot.html)"
192.42.116.17 - - [29/Jul/2021:23:55:54 +0000] "GET /booking-sight-seeing.php HTTP/1.1" 200 19374 "https://naraintoursindia.com/booking-sight-seeing.php" "Mozilla/5.0 (Windows NT 6.1) AppleWebKit/537.36 (KHTML, like Gecko) Chrome/36.0.1985.143 Safari/537.36"
66.249.69.159 - - [30/Jul/2021:00:01:47 +0000] "GET /14days-wildlife-safari-tour.html HTTP/1.1" 404 230 "-" "Mozilla/5.0 (Linux; Android 6.0.1; Nexus 5X Build/MMB29P) AppleWebKit/537.36 (KHTML, like Gecko) Chrome/91.0.4472.90 Mobile Safari/537.36 (compatible; Googlebot/2.1; +http://www.google.com/bot.html)"
17.121.115.59 - - [30/Jul/2021:00:17:11 +0000] "GET /north-india-wildlife-cultural-tour.html HTTP/1.1" 404 237 "-" "Mozilla/5.0 (Macintosh; Intel Mac OS X 10_15_5) AppleWebKit/605.1.15 (KHTML, like Gecko) Version/13.1.1 Safari/605.1.15 (Applebot/0.1; +http://www.apple.com/go/applebot)"
128.90.0.182 - - [30/Jul/2021:00:31:09 +0000] "GET /thank-you.php HTTP/1.0" 404 211 "http://naraintoursindia.com/thank-you.php" "Mozilla/5.0 (Windows NT 6.1) AppleWebKit/537.36 (KHTML, like Gecko) Chrome/90.0.4430.93 Safari/537.36"
128.90.0.182 - - [30/Jul/2021:00:31:09 +0000] "GET / HTTP/1.0" 200 53222 "http://naraintoursindia.com/" "Mozilla/5.0 (Windows NT 6.1) AppleWebKit/537.36 (KHTML, like Gecko) Chrome/90.0.4430.93 Safari/537.36"
128.90.0.182 - - [30/Jul/2021:00:31:10 +0000] "POST /mail/send.php HTTP/1.0" 404 211 "http://naraintoursindia.com/" "Mozilla/5.0 (Windows NT 6.1) AppleWebKit/537.36 (KHTML, like Gecko) Chrome/90.0.4430.93 Safari/537.36"
77.75.77.11 - - [30/Jul/2021:00:39:11 +0000] "GET /robots.txt HTTP/1.1" 404 208 "-" "Mozilla/5.0 (compatible; SeznamBot/3.2; +http://napoveda.seznam.cz/en/seznambot-intro/)"
77.75.77.11 - - [30/Jul/2021:00:39:13 +0000] "GET /booking.php HTTP/1.1" 200 18339 "-" "Mozilla/5.0 (compatible; SeznamBot/3.2; +http://napoveda.seznam.cz/en/seznambot-intro/)"
185.191.171.6 - - [30/Jul/2021:00:45:16 +0000] "GET /robots.txt HTTP/1.1" 404 208 "-" "Mozilla/5.0 (compatible; SemrushBot/7~bl; +http://www.semrush.com/bot.html)"
185.191.171.44 - - [30/Jul/2021:00:45:18 +0000] "GET /booking.php?tourname=Himachal%20Tour%20Package HTTP/1.1" 200 18339 "-" "Mozilla/5.0 (compatible; SemrushBot/7~bl; +http://www.semrush.com/bot.html)"
17.121.114.161 - - [30/Jul/2021:00:45:36 +0000] "GET /booking.php?tourname=Ladakh%20Bike%20Tour HTTP/1.1" 200 18339 "-" "Mozilla/5.0 (Macintosh; Intel Mac OS X 10_15_5) AppleWebKit/605.1.15 (KHTML, like Gecko) Version/13.1.1 Safari/605.1.15 (Applebot/0.1; +http://www.apple.com/go/applebot)"
40.77.167.105 - - [30/Jul/2021:00:47:10 +0000] "GET / HTTP/1.1" 200 53222 "-" "Mozilla/5.0 (compatible; bingbot/2.0; +http://www.bing.com/bingbot.htm)"
216.244.66.231 - - [30/Jul/2021:01:05:15 +0000] "GET /robots.txt HTTP/1.1" 404 208 "-" "Mozilla/5.0 (compatible; DotBot/1.2; +https://opensiteexplorer.org/dotbot; help@moz.com)"
185.191.171.8 - - [30/Jul/2021:01:09:52 +0000] "GET /robots.txt HTTP/1.1" 404 208 "-" "Mozilla/5.0 (compatible; SemrushBot/7~bl; +http://www.semrush.com/bot.html)"
185.191.171.21 - - [30/Jul/2021:01:09:53 +0000] "GET /10-days-himachal-hill-station-tour.html HTTP/1.1" 404 237 "-" "Mozilla/5.0 (compatible; SemrushBot/7~bl; +http://www.semrush.com/bot.html)"
216.244.66.231 - - [30/Jul/2021:01:13:21 +0000] "GET /packages/india-tours/tour-details.php?id=61 HTTP/1.1" 404 235 "-" "Mozilla/5.0 (compatible; DotBot/1.2; +https://opensiteexplorer.org/dotbot; help@moz.com)"
216.244.66.231 - - [30/Jul/2021:01:13:26 +0000] "GET /packages/india-tours/tour-details.php?id=84 HTTP/1.1" 404 235 "-" "Mozilla/5.0 (compatible; DotBot/1.2; +https://opensiteexplorer.org/dotbot; help@moz.com)"
216.244.66.231 - - [30/Jul/2021:01:15:50 +0000] "GET /galleryimg/68bd2404dd8732e0ecc451b64a72fd03.jpg HTTP/1.1" 404 245 "-" "Mozilla/5.0 (compatible; DotBot/1.2; +https://opensiteexplorer.org/dotbot; help@moz.com)"
216.244.66.231 - - [30/Jul/2021:01:20:47 +0000] "GET /packages.php?id=1 HTTP/1.1" 200 30549 "-" "Mozilla/5.0 (compatible; DotBot/1.2; +https://opensiteexplorer.org/dotbot; help@moz.com)"
149.202.87.175 - - [30/Jul/2021:01:27:40 +0000] "GET /thank-you.php HTTP/1.0" 404 211 "http://naraintoursindia.com/thank-you.php" "Mozilla/5.0 (Windows NT 10.0; Win64; x64) AppleWebKit/537.36 (KHTML, like Gecko) Chrome/90.0.4430.86 Safari/537.36"
149.202.87.175 - - [30/Jul/2021:01:27:41 +0000] "GET / HTTP/1.0" 200 53222 "http://naraintoursindia.com/" "Mozilla/5.0 (Windows NT 10.0; Win64; x64) AppleWebKit/537.36 (KHTML, like Gecko) Chrome/90.0.4430.86 Safari/537.36"
149.202.87.175 - - [30/Jul/2021:01:27:41 +0000] "POST /mail/send.php HTTP/1.0" 404 211 "http://naraintoursindia.com/" "Mozilla/5.0 (Windows NT 10.0; Win64; x64) AppleWebKit/537.36 (KHTML, like Gecko) Chrome/90.0.4430.86 Safari/537.36"
149.202.87.175 - - [30/Jul/2021:01:27:41 +0000] "GET / HTTP/1.0" 200 53222 "http://naraintoursindia.com/" "Mozilla/5.0 (Windows NT 10.0; Win64; x64) AppleWebKit/537.36 (KHTML, like Gecko) Chrome/90.0.4430.86 Safari/537.36"
114.119.130.12 - - [30/Jul/2021:01:53:00 +0000] "GET /robots.txt HTTP/1.1" 404 208 "-" "Mozilla/5.0 (compatible;PetalBot;+https://webmaster.petalsearch.com/site/petalbot)"
216.244.66.231 - - [30/Jul/2021:01:55:36 +0000] "GET /robots.txt HTTP/1.1" 404 208 "-" "Mozilla/5.0 (compatible; DotBot/1.2; +https://opensiteexplorer.org/dotbot; help@moz.com)"
66.220.149.40 - - [30/Jul/2021:02:04:57 +0000] "GET /robots.txt HTTP/1.1" 404 208 "-" "facebookexternalhit/1.1 (+http://www.facebook.com/externalhit_uatext.php)"
31.13.127.12 - - [30/Jul/2021:02:05:20 +0000] "GET /?fbclid=IwAR3SeRO5canhRTsUIcqKdLvR7eucyxN_5FVar51vY82AXdPKpz5-G8vC-ng HTTP/1.1" 200 53222 "-" "Mozilla/5.0 (Windows NT 6.1; WOW64) AppleWebKit/534+ (KHTML, like Gecko) BingPreview/1.0b"
31.13.127.12 - - [30/Jul/2021:02:05:20 +0000] "GET /css/font-awesome.min.css HTTP/1.1" 200 31024 "http://naraintoursindia.com/?fbclid=IwAR3SeRO5canhRTsUIcqKdLvR7eucyxN_5FVar51vY82AXdPKpz5-G8vC-ng" "Mozilla/5.0 (Windows NT 6.1; WOW64) AppleWebKit/534+ (KHTML, like Gecko) BingPreview/1.0b"
31.13.127.12 - - [30/Jul/2021:02:05:21 +0000] "GET /css/bootstrap.css HTTP/1.1" 200 152814 "http://naraintoursindia.com/?fbclid=IwAR3SeRO5canhRTsUIcqKdLvR7eucyxN_5FVar51vY82AXdPKpz5-G8vC-ng" "Mozilla/5.0 (Windows NT 6.1; WOW64) AppleWebKit/534+ (KHTML, like Gecko) BingPreview/1.0b"
31.13.127.12 - - [30/Jul/2021:02:05:21 +0000] "GET /css/mob.css HTTP/1.1" 200 18323 "http://naraintoursindia.com/?fbclid=IwAR3SeRO5canhRTsUIcqKdLvR7eucyxN_5FVar51vY82AXdPKpz5-G8vC-ng" "Mozilla/5.0 (Windows NT 6.1; WOW64) AppleWebKit/534+ (KHTML, like Gecko) BingPreview/1.0b"
31.13.127.29 - - [30/Jul/2021:02:05:21 +0000] "GET /css/style.css HTTP/1.1" 200 178421 "http://naraintoursindia.com/?fbclid=IwAR3SeRO5canhRTsUIcqKdLvR7eucyxN_5FVar51vY82AXdPKpz5-G8vC-ng" "Mozilla/5.0 (Windows NT 6.1; WOW64) AppleWebKit/534+ (KHTML, like Gecko) BingPreview/1.0b"
31.13.127.29 - - [30/Jul/2021:02:05:21 +0000] "GET /css/materialize.css HTTP/1.1" 200 169755 "http://naraintoursindia.com/?fbclid=IwAR3SeRO5canhRTsUIcqKdLvR7eucyxN_5FVar51vY82AXdPKpz5-G8vC-ng" "Mozilla/5.0 (Windows NT 6.1; WOW64) AppleWebKit/534+ (KHTML, like Gecko) BingPreview/1.0b"
31.13.127.12 - - [30/Jul/2021:02:05:21 +0000] "GET /css/animate.css HTTP/1.1" 200 77818 "http://naraintoursindia.com/?fbclid=IwAR3SeRO5canhRTsUIcqKdLvR7eucyxN_5FVar51vY82AXdPKpz5-G8vC-ng" "Mozilla/5.0 (Windows NT 6.1; WOW64) AppleWebKit/534+ (KHTML, like Gecko) BingPreview/1.0b"
31.13.127.12 - - [30/Jul/2021:02:05:21 +0000] "GET /gen_validatorv31.js HTTP/1.1" 200 18847 "http://naraintoursindia.com/?fbclid=IwAR3SeRO5canhRTsUIcqKdLvR7eucyxN_5FVar51vY82AXdPKpz5-G8vC-ng" "Mozilla/5.0 (Windows NT 6.1; WOW64) AppleWebKit/534+ (KHTML, like Gecko) BingPreview/1.0b"
31.13.127.12 - - [30/Jul/2021:02:05:21 +0000] "GET /gen_validatorv4.js HTTP/1.1" 404 216 "http://naraintoursindia.com/?fbclid=IwAR3SeRO5canhRTsUIcqKdLvR7eucyxN_5FVar51vY82AXdPKpz5-G8vC-ng" "Mozilla/5.0 (Windows NT 6.1; WOW64) AppleWebKit/534+ (KHTML, like Gecko) BingPreview/1.0b"
31.13.127.29 - - [30/Jul/2021:02:05:21 +0000] "GET /js/jquery-latest.min.js HTTP/1.1" 200 86351 "http://naraintoursindia.com/?fbclid=IwAR3SeRO5canhRTsUIcqKdLvR7eucyxN_5FVar51vY82AXdPKpz5-G8vC-ng" "Mozilla/5.0 (Windows NT 6.1; WOW64) AppleWebKit/534+ (KHTML, like Gecko) BingPreview/1.0b"
31.13.127.29 - - [30/Jul/2021:02:05:21 +0000] "GET /js/bootstrap.js HTTP/1.1" 200 47030 "http://naraintoursindia.com/?fbclid=IwAR3SeRO5canhRTsUIcqKdLvR7eucyxN_5FVar51vY82AXdPKpz5-G8vC-ng" "Mozilla/5.0 (Windows NT 6.1; WOW64) AppleWebKit/534+ (KHTML, like Gecko) BingPreview/1.0b"
31.13.127.12 - - [30/Jul/2021:02:05:22 +0000] "GET /js/wow.min.js HTTP/1.1" 200 4232 "http://naraintoursindia.com/?fbclid=IwAR3SeRO5canhRTsUIcqKdLvR7eucyxN_5FVar51vY82AXdPKpz5-G8vC-ng" "Mozilla/5.0 (Windows NT 6.1; WOW64) AppleWebKit/534+ (KHTML, like Gecko) BingPreview/1.0b"
31.13.127.29 - - [30/Jul/2021:02:05:22 +0000] "GET /js/materialize.min.js HTTP/1.1" 200 148768 "http://naraintoursindia.com/?fbclid=IwAR3SeRO5canhRTsUIcqKdLvR7eucyxN_5FVar51vY82AXdPKpz5-G8vC-ng" "Mozilla/5.0 (Windows NT 6.1; WOW64) AppleWebKit/534+ (KHTML, like Gecko) BingPreview/1.0b"
31.13.127.29 - - [30/Jul/2021:02:05:22 +0000] "GET /js/custom.js HTTP/1.1" 200 7402 "http://naraintoursindia.com/?fbclid=IwAR3SeRO5canhRTsUIcqKdLvR7eucyxN_5FVar51vY82AXdPKpz5-G8vC-ng" "Mozilla/5.0 (Windows NT 6.1; WOW64) AppleWebKit/534+ (KHTML, like Gecko) BingPreview/1.0b"
31.13.127.12 - - [30/Jul/2021:02:05:22 +0000] "GET /images/logo.png HTTP/1.1" 200 16779 "http://naraintoursindia.com/?fbclid=IwAR3SeRO5canhRTsUIcqKdLvR7eucyxN_5FVar51vY82AXdPKpz5-G8vC-ng" "Mozilla/5.0 (Windows NT 6.1; WOW64) AppleWebKit/534+ (KHTML, like Gecko) BingPreview/1.0b"
31.13.127.29 - - [30/Jul/2021:02:05:22 +0000] "GET /images/icon/2.png HTTP/1.1" 200 2480 "http://naraintoursindia.com/?fbclid=IwAR3SeRO5canhRTsUIcqKdLvR7eucyxN_5FVar51vY82AXdPKpz5-G8vC-ng" "Mozilla/5.0 (Windows NT 6.1; WOW64) AppleWebKit/534+ (KHTML, like Gecko) BingPreview/1.0b"
31.13.127.12 - - [30/Jul/2021:02:05:22 +0000] "GET /images/icon/a14.png HTTP/1.1" 200 6256 "http://naraintoursindia.com/?fbclid=IwAR3SeRO5canhRTsUIcqKdLvR7eucyxN_5FVar51vY82AXdPKpz5-G8vC-ng" "Mozilla/5.0 (Windows NT 6.1; WOW64) AppleWebKit/534+ (KHTML, like Gecko) BingPreview/1.0b"
31.13.127.12 - - [30/Jul/2021:02:05:22 +0000] "GET /images/icon/30.png HTTP/1.1" 200 1543 "http://naraintoursindia.com/?fbclid=IwAR3SeRO5canhRTsUIcqKdLvR7eucyxN_5FVar51vY82AXdPKpz5-G8vC-ng" "Mozilla/5.0 (Windows NT 6.1; WOW64) AppleWebKit/534+ (KHTML, like Gecko) BingPreview/1.0b"
31.13.127.29 - - [30/Jul/2021:02:05:22 +0000] "GET /fonts/fontawesome-webfont3e6e.woff2?v=4.7.0 HTTP/1.1" 200 77160 "http://naraintoursindia.com/css/font-awesome.min.css" "Mozilla/5.0 (Windows NT 6.1; WOW64) AppleWebKit/534+ (KHTML, like Gecko) BingPreview/1.0b"
31.13.127.12 - - [30/Jul/2021:02:05:22 +0000] "GET /images/consul-bg-3.jpg HTTP/1.1" 200 447529 "http://naraintoursindia.com/css/style.css" "Mozilla/5.0 (Windows NT 6.1; WOW64) AppleWebKit/534+ (KHTML, like Gecko) BingPreview/1.0b"
31.13.127.29 - - [30/Jul/2021:02:05:22 +0000] "GET /galleryimg/d1879ecbc75cdd2a7ee14757255d15d6.jpg HTTP/1.1" 200 122063 "http://naraintoursindia.com/?fbclid=IwAR3SeRO5canhRTsUIcqKdLvR7eucyxN_5FVar51vY82AXdPKpz5-G8vC-ng" "Mozilla/5.0 (Windows NT 6.1; WOW64) AppleWebKit/534+ (KHTML, like Gecko) BingPreview/1.0b"
31.13.127.29 - - [30/Jul/2021:02:05:23 +0000] "GET /galleryimg/cceed2be3f32813918d0e484db5cd009.jpg HTTP/1.1" 200 36405 "http://naraintoursindia.com/?fbclid=IwAR3SeRO5canhRTsUIcqKdLvR7eucyxN_5FVar51vY82AXdPKpz5-G8vC-ng" "Mozilla/5.0 (Windows NT 6.1; WOW64) AppleWebKit/534+ (KHTML, like Gecko) BingPreview/1.0b"
31.13.127.17 - - [30/Jul/2021:02:05:23 +0000] "GET /galleryimg/a89618eeb681873ece612eeb1552b65c.jpg HTTP/1.1" 200 38983 "http://naraintoursindia.com/?fbclid=IwAR3SeRO5canhRTsUIcqKdLvR7eucyxN_5FVar51vY82AXdPKpz5-G8vC-ng" "Mozilla/5.0 (Windows NT 6.1; WOW64) AppleWebKit/534+ (KHTML, like Gecko) BingPreview/1.0b"
31.13.127.12 - - [30/Jul/2021:02:05:23 +0000] "GET /galleryimg/c2cfcc52c6747cf186e269988e68802f.jpg HTTP/1.1" 200 87077 "http://naraintoursindia.com/?fbclid=IwAR3SeRO5canhRTsUIcqKdLvR7eucyxN_5FVar51vY82AXdPKpz5-G8vC-ng" "Mozilla/5.0 (Windows NT 6.1; WOW64) AppleWebKit/534+ (KHTML, like Gecko) BingPreview/1.0b"
31.13.127.29 - - [30/Jul/2021:02:05:23 +0000] "GET /galleryimg/39b117b2799f9e7cb9bb5099ede76d9c.jpg HTTP/1.1" 200 145270 "http://naraintoursindia.com/?fbclid=IwAR3SeRO5canhRTsUIcqKdLvR7eucyxN_5FVar51vY82AXdPKpz5-G8vC-ng" "Mozilla/5.0 (Windows NT 6.1; WOW64) AppleWebKit/534+ (KHTML, like Gecko) BingPreview/1.0b"
31.13.127.12 - - [30/Jul/2021:02:05:23 +0000] "GET /galleryimg/7ba593a01175ba4c4bbcb9dbb5347966.jpg HTTP/1.1" 200 85034 "http://naraintoursindia.com/?fbclid=IwAR3SeRO5canhRTsUIcqKdLvR7eucyxN_5FVar51vY82AXdPKpz5-G8vC-ng" "Mozilla/5.0 (Windows NT 6.1; WOW64) AppleWebKit/534+ (KHTML, like Gecko) BingPreview/1.0b"
31.13.127.29 - - [30/Jul/2021:02:05:23 +0000] "GET /galleryimg/17e6dc7a2fb6a42fe8d2f89a87afb4ee.jpg HTTP/1.1" 200 44658 "http://naraintoursindia.com/?fbclid=IwAR3SeRO5canhRTsUIcqKdLvR7eucyxN_5FVar51vY82AXdPKpz5-G8vC-ng" "Mozilla/5.0 (Windows NT 6.1; WOW64) AppleWebKit/534+ (KHTML, like Gecko) BingPreview/1.0b"
31.13.127.17 - - [30/Jul/2021:02:05:23 +0000] "GET /galleryimg/16c99c265e1475d3a2ede384ac1852a0.jpg HTTP/1.1" 200 45619 "http://naraintoursindia.com/?fbclid=IwAR3SeRO5canhRTsUIcqKdLvR7eucyxN_5FVar51vY82AXdPKpz5-G8vC-ng" "Mozilla/5.0 (Windows NT 6.1; WOW64) AppleWebKit/534+ (KHTML, like Gecko) BingPreview/1.0b"
31.13.127.12 - - [30/Jul/2021:02:05:23 +0000] "GET /galleryimg/ae0d19f1e06b079f2275e70fae6edc13.jpg HTTP/1.1" 200 26689 "http://naraintoursindia.com/?fbclid=IwAR3SeRO5canhRTsUIcqKdLvR7eucyxN_5FVar51vY82AXdPKpz5-G8vC-ng" "Mozilla/5.0 (Windows NT 6.1; WOW64) AppleWebKit/534+ (KHTML, like Gecko) BingPreview/1.0b"
31.13.127.29 - - [30/Jul/2021:02:05:23 +0000] "GET /images/icon/search.png HTTP/1.1" 200 308 "http://naraintoursindia.com/css/style.css" "Mozilla/5.0 (Windows NT 6.1; WOW64) AppleWebKit/534+ (KHTML, like Gecko) BingPreview/1.0b"
31.13.127.12 - - [30/Jul/2021:02:05:23 +0000] "GET /images/icon/1.png HTTP/1.1" 200 1081 "http://naraintoursindia.com/?fbclid=IwAR3SeRO5canhRTsUIcqKdLvR7eucyxN_5FVar51vY82AXdPKpz5-G8vC-ng" "Mozilla/5.0 (Windows NT 6.1; WOW64) AppleWebKit/534+ (KHTML, like Gecko) BingPreview/1.0b"
31.13.127.17 - - [30/Jul/2021:02:05:23 +0000] "GET /images/preloader.gif HTTP/1.1" 200 732649 "http://naraintoursindia.com/css/style.css" "Mozilla/5.0 (Windows NT 6.1; WOW64) AppleWebKit/534+ (KHTML, like Gecko) BingPreview/1.0b"
31.13.127.29 - - [30/Jul/2021:02:05:23 +0000] "GET /images/clock.png HTTP/1.1" 200 439 "http://naraintoursindia.com/?fbclid=IwAR3SeRO5canhRTsUIcqKdLvR7eucyxN_5FVar51vY82AXdPKpz5-G8vC-ng" "Mozilla/5.0 (Windows NT 6.1; WOW64) AppleWebKit/534+ (KHTML, like Gecko) BingPreview/1.0b"
31.13.127.12 - - [30/Jul/2021:02:05:23 +0000] "GET /images/info.png HTTP/1.1" 200 485 "http://naraintoursindia.com/?fbclid=IwAR3SeRO5canhRTsUIcqKdLvR7eucyxN_5FVar51vY82AXdPKpz5-G8vC-ng" "Mozilla/5.0 (Windows NT 6.1; WOW64) AppleWebKit/534+ (KHTML, like Gecko) BingPreview/1.0b"
31.13.127.29 - - [30/Jul/2021:02:05:23 +0000] "GET /images/price.png HTTP/1.1" 200 467 "http://naraintoursindia.com/?fbclid=IwAR3SeRO5canhRTsUIcqKdLvR7eucyxN_5FVar51vY82AXdPKpz5-G8vC-ng" "Mozilla/5.0 (Windows NT 6.1; WOW64) AppleWebKit/534+ (KHTML, like Gecko) BingPreview/1.0b"
31.13.127.12 - - [30/Jul/2021:02:05:23 +0000] "GET /galleryimg/6907519rohtang-pass-manali-india-photo.jpg HTTP/1.1" 200 325480 "http://naraintoursindia.com/?fbclid=IwAR3SeRO5canhRTsUIcqKdLvR7eucyxN_5FVar51vY82AXdPKpz5-G8vC-ng" "Mozilla/5.0 (Windows NT 6.1; WOW64) AppleWebKit/534+ (KHTML, like Gecko) BingPreview/1.0b"
31.13.127.29 - - [30/Jul/2021:02:05:24 +0000] "GET /galleryimg/5672201manali.jpg HTTP/1.1" 200 47720 "http://naraintoursindia.com/?fbclid=IwAR3SeRO5canhRTsUIcqKdLvR7eucyxN_5FVar51vY82AXdPKpz5-G8vC-ng" "Mozilla/5.0 (Windows NT 6.1; WOW64) AppleWebKit/534+ (KHTML, like Gecko) BingPreview/1.0b"
31.13.127.12 - - [30/Jul/2021:02:05:24 +0000] "GET /galleryimg/3194311agra-fort-.jpg HTTP/1.1" 200 51687 "http://naraintoursindia.com/?fbclid=IwAR3SeRO5canhRTsUIcqKdLvR7eucyxN_5FVar51vY82AXdPKpz5-G8vC-ng" "Mozilla/5.0 (Windows NT 6.1; WOW64) AppleWebKit/534+ (KHTML, like Gecko) BingPreview/1.0b"
31.13.127.17 - - [30/Jul/2021:02:05:24 +0000] "GET /galleryimg/7507776Tajmahal.jpg HTTP/1.1" 200 213776 "http://naraintoursindia.com/?fbclid=IwAR3SeRO5canhRTsUIcqKdLvR7eucyxN_5FVar51vY82AXdPKpz5-G8vC-ng" "Mozilla/5.0 (Windows NT 6.1; WOW64) AppleWebKit/534+ (KHTML, like Gecko) BingPreview/1.0b"
31.13.127.12 - - [30/Jul/2021:02:05:24 +0000] "GET /galleryimg/3410363ladakh.jpg HTTP/1.1" 200 162165 "http://naraintoursindia.com/?fbclid=IwAR3SeRO5canhRTsUIcqKdLvR7eucyxN_5FVar51vY82AXdPKpz5-G8vC-ng" "Mozilla/5.0 (Windows NT 6.1; WOW64) AppleWebKit/534+ (KHTML, like Gecko) BingPreview/1.0b"
31.13.127.17 - - [30/Jul/2021:02:05:24 +0000] "GET /galleryimg/53852451929436_1113202585166_5797426_n.jpg HTTP/1.1" 200 54009 "http://naraintoursindia.com/?fbclid=IwAR3SeRO5canhRTsUIcqKdLvR7eucyxN_5FVar51vY82AXdPKpz5-G8vC-ng" "Mozilla/5.0 (Windows NT 6.1; WOW64) AppleWebKit/534+ (KHTML, like Gecko) BingPreview/1.0b"
31.13.127.29 - - [30/Jul/2021:02:05:24 +0000] "GET /galleryimg/27047306-ranthambore-tiger.jpg HTTP/1.1" 200 1130805 "http://naraintoursindia.com/?fbclid=IwAR3SeRO5canhRTsUIcqKdLvR7eucyxN_5FVar51vY82AXdPKpz5-G8vC-ng" "Mozilla/5.0 (Windows NT 6.1; WOW64) AppleWebKit/534+ (KHTML, like Gecko) BingPreview/1.0b"
31.13.127.12 - - [30/Jul/2021:02:05:24 +0000] "GET /galleryimg/962823Safari.jpg HTTP/1.1" 200 248589 "http://naraintoursindia.com/?fbclid=IwAR3SeRO5canhRTsUIcqKdLvR7eucyxN_5FVar51vY82AXdPKpz5-G8vC-ng" "Mozilla/5.0 (Windows NT 6.1; WOW64) AppleWebKit/534+ (KHTML, like Gecko) BingPreview/1.0b"
31.13.127.17 - - [30/Jul/2021:02:05:24 +0000] "GET /images/icon/dis1.png HTTP/1.1" 200 960 "http://naraintoursindia.com/?fbclid=IwAR3SeRO5canhRTsUIcqKdLvR7eucyxN_5FVar51vY82AXdPKpz5-G8vC-ng" "Mozilla/5.0 (Windows NT 6.1; WOW64) AppleWebKit/534+ (KHTML, like Gecko) BingPreview/1.0b"
31.13.127.12 - - [30/Jul/2021:02:05:24 +0000] "GET /images/icon/dis2.png HTTP/1.1" 200 1016 "http://naraintoursindia.com/?fbclid=IwAR3SeRO5canhRTsUIcqKdLvR7eucyxN_5FVar51vY82AXdPKpz5-G8vC-ng" "Mozilla/5.0 (Windows NT 6.1; WOW64) AppleWebKit/534+ (KHTML, like Gecko) BingPreview/1.0b"
31.13.127.17 - - [30/Jul/2021:02:05:24 +0000] "GET /images/icon/dis3.png HTTP/1.1" 200 1360 "http://naraintoursindia.com/?fbclid=IwAR3SeRO5canhRTsUIcqKdLvR7eucyxN_5FVar51vY82AXdPKpz5-G8vC-ng" "Mozilla/5.0 (Windows NT 6.1; WOW64) AppleWebKit/534+ (KHTML, like Gecko) BingPreview/1.0b"
31.13.127.29 - - [30/Jul/2021:02:05:24 +0000] "GET /images/icon/dis4.png HTTP/1.1" 200 422 "http://naraintoursindia.com/?fbclid=IwAR3SeRO5canhRTsUIcqKdLvR7eucyxN_5FVar51vY82AXdPKpz5-G8vC-ng" "Mozilla/5.0 (Windows NT 6.1; WOW64) AppleWebKit/534+ (KHTML, like Gecko) BingPreview/1.0b"
31.13.127.12 - - [30/Jul/2021:02:05:24 +0000] "GET /images/icon/dis5.png HTTP/1.1" 200 490 "http://naraintoursindia.com/?fbclid=IwAR3SeRO5canhRTsUIcqKdLvR7eucyxN_5FVar51vY82AXdPKpz5-G8vC-ng" "Mozilla/5.0 (Windows NT 6.1; WOW64) AppleWebKit/534+ (KHTML, like Gecko) BingPreview/1.0b"
31.13.127.29 - - [30/Jul/2021:02:05:24 +0000] "GET /galleryimg/6176302Tajmahal.jpg HTTP/1.1" 200 213776 "http://naraintoursindia.com/?fbclid=IwAR3SeRO5canhRTsUIcqKdLvR7eucyxN_5FVar51vY82AXdPKpz5-G8vC-ng" "Mozilla/5.0 (Windows NT 6.1; WOW64) AppleWebKit/534+ (KHTML, like Gecko) BingPreview/1.0b"
31.13.127.17 - - [30/Jul/2021:02:05:24 +0000] "GET /galleryimg/7843766Jim-Corbett-National-Park%202.jpg HTTP/1.1" 200 97470 "http://naraintoursindia.com/?fbclid=IwAR3SeRO5canhRTsUIcqKdLvR7eucyxN_5FVar51vY82AXdPKpz5-G8vC-ng" "Mozilla/5.0 (Windows NT 6.1; WOW64) AppleWebKit/534+ (KHTML, like Gecko) BingPreview/1.0b"
31.13.127.12 - - [30/Jul/2021:02:05:24 +0000] "GET /galleryimg/9800423tiger_20120903.jpg HTTP/1.1" 200 92948 "http://naraintoursindia.com/?fbclid=IwAR3SeRO5canhRTsUIcqKdLvR7eucyxN_5FVar51vY82AXdPKpz5-G8vC-ng" "Mozilla/5.0 (Windows NT 6.1; WOW64) AppleWebKit/534+ (KHTML, like Gecko) BingPreview/1.0b"
31.13.127.17 - - [30/Jul/2021:02:05:24 +0000] "GET /galleryimg/1293877Jaipur_irctc_cover.jpg HTTP/1.1" 200 222311 "http://naraintoursindia.com/?fbclid=IwAR3SeRO5canhRTsUIcqKdLvR7eucyxN_5FVar51vY82AXdPKpz5-G8vC-ng" "Mozilla/5.0 (Windows NT 6.1; WOW64) AppleWebKit/534+ (KHTML, like Gecko) BingPreview/1.0b"
31.13.127.29 - - [30/Jul/2021:02:05:24 +0000] "GET /galleryimg/5683289haridwar_banner.jpg HTTP/1.1" 200 198506 "http://naraintoursindia.com/?fbclid=IwAR3SeRO5canhRTsUIcqKdLvR7eucyxN_5FVar51vY82AXdPKpz5-G8vC-ng" "Mozilla/5.0 (Windows NT 6.1; WOW64) AppleWebKit/534+ (KHTML, like Gecko) BingPreview/1.0b"
31.13.127.12 - - [30/Jul/2021:02:05:25 +0000] "GET /galleryimg/3769304nainital-lake_1469559269.jpeg HTTP/1.1" 200 367438 "http://naraintoursindia.com/?fbclid=IwAR3SeRO5canhRTsUIcqKdLvR7eucyxN_5FVar51vY82AXdPKpz5-G8vC-ng" "Mozilla/5.0 (Windows NT 6.1; WOW64) AppleWebKit/534+ (KHTML, like Gecko) BingPreview/1.0b"
31.13.127.17 - - [30/Jul/2021:02:05:25 +0000] "GET /images/family.png HTTP/1.1" 200 272263 "http://naraintoursindia.com/?fbclid=IwAR3SeRO5canhRTsUIcqKdLvR7eucyxN_5FVar51vY82AXdPKpz5-G8vC-ng" "Mozilla/5.0 (Windows NT 6.1; WOW64) AppleWebKit/534+ (KHTML, like Gecko) BingPreview/1.0b"
31.13.127.29 - - [30/Jul/2021:02:05:25 +0000] "GET /galleryimg/7320981Kaziranaga%20National%20Park(1).jpg HTTP/1.1" 200 96719 "http://naraintoursindia.com/?fbclid=IwAR3SeRO5canhRTsUIcqKdLvR7eucyxN_5FVar51vY82AXdPKpz5-G8vC-ng" "Mozilla/5.0 (Windows NT 6.1; WOW64) AppleWebKit/534+ (KHTML, like Gecko) BingPreview/1.0b"
31.13.127.12 - - [30/Jul/2021:02:05:25 +0000] "GET /galleryimg/5c15fedbd57b3574c5ad47e94534e678.jpg HTTP/1.1" 200 53937 "http://naraintoursindia.com/?fbclid=IwAR3SeRO5canhRTsUIcqKdLvR7eucyxN_5FVar51vY82AXdPKpz5-G8vC-ng" "Mozilla/5.0 (Windows NT 6.1; WOW64) AppleWebKit/534+ (KHTML, like Gecko) BingPreview/1.0b"
31.13.127.17 - - [30/Jul/2021:02:05:25 +0000] "GET /images/Location-Manager.png HTTP/1.1" 200 1955 "http://naraintoursindia.com/?fbclid=IwAR3SeRO5canhRTsUIcqKdLvR7eucyxN_5FVar51vY82AXdPKpz5-G8vC-ng" "Mozilla/5.0 (Windows NT 6.1; WOW64) AppleWebKit/534+ (KHTML, like Gecko) BingPreview/1.0b"
31.13.127.29 - - [30/Jul/2021:02:05:25 +0000] "GET /images/Private-Guide.png HTTP/1.1" 200 1034 "http://naraintoursindia.com/?fbclid=IwAR3SeRO5canhRTsUIcqKdLvR7eucyxN_5FVar51vY82AXdPKpz5-G8vC-ng" "Mozilla/5.0 (Windows NT 6.1; WOW64) AppleWebKit/534+ (KHTML, like Gecko) BingPreview/1.0b"
31.13.127.12 - - [30/Jul/2021:02:05:25 +0000] "GET /images/Arrangements.png HTTP/1.1" 200 1330 "http://naraintoursindia.com/?fbclid=IwAR3SeRO5canhRTsUIcqKdLvR7eucyxN_5FVar51vY82AXdPKpz5-G8vC-ng" "Mozilla/5.0 (Windows NT 6.1; WOW64) AppleWebKit/534+ (KHTML, like Gecko) BingPreview/1.0b"
31.13.127.29 - - [30/Jul/2021:02:05:25 +0000] "GET /images/Events-Activities.png HTTP/1.1" 200 1538 "http://naraintoursindia.com/?fbclid=IwAR3SeRO5canhRTsUIcqKdLvR7eucyxN_5FVar51vY82AXdPKpz5-G8vC-ng" "Mozilla/5.0 (Windows NT 6.1; WOW64) AppleWebKit/534+ (KHTML, like Gecko) BingPreview/1.0b"
31.13.127.12 - - [30/Jul/2021:02:05:25 +0000] "GET /images/placebg.jpg HTTP/1.1" 200 300074 "http://naraintoursindia.com/css/style.css" "Mozilla/5.0 (Windows NT 6.1; WOW64) AppleWebKit/534+ (KHTML, like Gecko) BingPreview/1.0b"
31.13.127.29 - - [30/Jul/2021:02:05:25 +0000] "GET /images/searchicon.png HTTP/1.1" 200 308 "http://naraintoursindia.com/css/style.css" "Mozilla/5.0 (Windows NT 6.1; WOW64) AppleWebKit/534+ (KHTML, like Gecko) BingPreview/1.0b"
31.13.127.12 - - [30/Jul/2021:02:05:25 +0000] "GET /images/cloud.png HTTP/1.1" 200 22709 "http://naraintoursindia.com/css/style.css" "Mozilla/5.0 (Windows NT 6.1; WOW64) AppleWebKit/534+ (KHTML, like Gecko) BingPreview/1.0b"
31.13.127.29 - - [30/Jul/2021:02:05:25 +0000] "GET /images/tipsbg.jpg HTTP/1.1" 200 28089 "http://naraintoursindia.com/css/style.css" "Mozilla/5.0 (Windows NT 6.1; WOW64) AppleWebKit/534+ (KHTML, like Gecko) BingPreview/1.0b"
31.13.127.12 - - [30/Jul/2021:02:05:25 +0000] "GET /images/tips1.png HTTP/1.1" 200 638 "http://naraintoursindia.com/css/style.css" "Mozilla/5.0 (Windows NT 6.1; WOW64) AppleWebKit/534+ (KHTML, like Gecko) BingPreview/1.0b"
31.13.127.29 - - [30/Jul/2021:02:05:25 +0000] "GET /images/tips2.png HTTP/1.1" 200 750 "http://naraintoursindia.com/css/style.css" "Mozilla/5.0 (Windows NT 6.1; WOW64) AppleWebKit/534+ (KHTML, like Gecko) BingPreview/1.0b"
31.13.127.17 - - [30/Jul/2021:02:05:25 +0000] "GET /images/tips3.png HTTP/1.1" 200 711 "http://naraintoursindia.com/css/style.css" "Mozilla/5.0 (Windows NT 6.1; WOW64) AppleWebKit/534+ (KHTML, like Gecko) BingPreview/1.0b"
31.13.127.17 - - [30/Jul/2021:02:05:26 +0000] "GET /images/fav.ico HTTP/1.1" 200 4286 "http://naraintoursindia.com/?fbclid=IwAR3SeRO5canhRTsUIcqKdLvR7eucyxN_5FVar51vY82AXdPKpz5-G8vC-ng" "Mozilla/5.0 (Windows NT 6.1; WOW64) AppleWebKit/534+ (KHTML, like Gecko) BingPreview/1.0b"
216.244.66.231 - - [30/Jul/2021:02:06:09 +0000] "GET /tel:/09871004650 HTTP/1.1" 404 214 "-" "Mozilla/5.0 (compatible; DotBot/1.2; +https://opensiteexplorer.org/dotbot; help@moz.com)"
171.13.14.76 - - [30/Jul/2021:02:06:10 +0000] "GET / HTTP/1.1" 200 53222 "-" "Mozilla/5.0 (Windows NT 10.0; Win64; x64) AppleWebKit/537.36 (KHTML, like Gecko) Chrome/78.0.3904.87 Safari/537.36"
171.13.14.75 - - [30/Jul/2021:02:06:12 +0000] "GET /css/font-awesome.min.css HTTP/1.1" 200 31024 "https://naraintoursindia.com/" "Mozilla/5.0 (Windows NT 10.0; Win64; x64) AppleWebKit/537.36 (KHTML, like Gecko) Chrome/78.0.3904.87 Safari/537.36"
171.13.14.76 - - [30/Jul/2021:02:06:13 +0000] "GET /css/mob.css HTTP/1.1" 200 18323 "https://naraintoursindia.com/" "Mozilla/5.0 (Windows NT 10.0; Win64; x64) AppleWebKit/537.36 (KHTML, like Gecko) Chrome/78.0.3904.87 Safari/537.36"
171.13.14.75 - - [30/Jul/2021:02:06:13 +0000] "GET /css/animate.css HTTP/1.1" 200 77818 "https://naraintoursindia.com/" "Mozilla/5.0 (Windows NT 10.0; Win64; x64) AppleWebKit/537.36 (KHTML, like Gecko) Chrome/78.0.3904.87 Safari/537.36"
171.13.14.76 - - [30/Jul/2021:02:06:13 +0000] "GET /css/bootstrap.css HTTP/1.1" 200 152814 "https://naraintoursindia.com/" "Mozilla/5.0 (Windows NT 10.0; Win64; x64) AppleWebKit/537.36 (KHTML, like Gecko) Chrome/78.0.3904.87 Safari/537.36"
171.13.14.75 - - [30/Jul/2021:02:06:13 +0000] "GET /css/style.css HTTP/1.1" 200 178421 "https://naraintoursindia.com/" "Mozilla/5.0 (Windows NT 10.0; Win64; x64) AppleWebKit/537.36 (KHTML, like Gecko) Chrome/78.0.3904.87 Safari/537.36"
171.13.14.76 - - [30/Jul/2021:02:06:15 +0000] "GET /gen_validatorv31.js HTTP/1.1" 200 18847 "https://naraintoursindia.com/" "Mozilla/5.0 (Windows NT 10.0; Win64; x64) AppleWebKit/537.36 (KHTML, like Gecko) Chrome/78.0.3904.87 Safari/537.36"
171.13.14.76 - - [30/Jul/2021:02:06:15 +0000] "GET /gen_validatorv4.js HTTP/1.1" 404 216 "https://naraintoursindia.com/" "Mozilla/5.0 (Windows NT 10.0; Win64; x64) AppleWebKit/537.36 (KHTML, like Gecko) Chrome/78.0.3904.87 Safari/537.36"
171.13.14.15 - - [30/Jul/2021:02:06:13 +0000] "GET /css/materialize.css HTTP/1.1" 200 169755 "https://naraintoursindia.com/" "Mozilla/5.0 (Windows NT 10.0; Win64; x64) AppleWebKit/537.36 (KHTML, like Gecko) Chrome/78.0.3904.87 Safari/537.36"
171.13.14.4 - - [30/Jul/2021:02:06:52 +0000] "GET / HTTP/1.1" 200 53222 "-" "Mozilla/5.0 (Linux; Android 8.0; Pixel 2 Build/OPD3.170816.012) AppleWebKit/537.36 (KHTML, like Gecko) Chrome/75.0.3765.0 Mobile Safari/537.36"
77.75.77.62 - - [30/Jul/2021:02:13:21 +0000] "GET /robots.txt HTTP/1.1" 404 208 "-" "Mozilla/5.0 (compatible; SeznamBot/3.2; +http://napoveda.seznam.cz/en/seznambot-intro/)"
77.75.77.62 - - [30/Jul/2021:02:13:24 +0000] "GET /golden-triangle-tour-with-varanasi.html HTTP/1.1" 404 237 "-" "Mozilla/5.0 (compatible; SeznamBot/3.2; +http://napoveda.seznam.cz/en/seznambot-intro/)"
216.244.66.231 - - [30/Jul/2021:02:13:55 +0000] "GET /images/preloader.gif HTTP/1.1" 200 732649 "-" "Mozilla/5.0 (compatible; DotBot/1.2; +https://opensiteexplorer.org/dotbot; help@moz.com)"
185.191.171.8 - - [30/Jul/2021:02:14:13 +0000] "GET /robots.txt HTTP/1.1" 404 208 "-" "Mozilla/5.0 (compatible; SemrushBot/7~bl; +http://www.semrush.com/bot.html)"
185.191.171.8 - - [30/Jul/2021:02:14:15 +0000] "GET /booking.php?tourname=Hotel%20Idea%20Inn HTTP/1.1" 200 18339 "-" "Mozilla/5.0 (compatible; SemrushBot/7~bl; +http://www.semrush.com/bot.html)"
216.244.66.231 - - [30/Jul/2021:02:20:08 +0000] "GET /carcategorydetails.php?category_name=Luxury%20Cars HTTP/1.1" 404 220 "-" "Mozilla/5.0 (compatible; DotBot/1.2; +https://opensiteexplorer.org/dotbot; help@moz.com)"
157.55.39.132 - - [30/Jul/2021:02:28:05 +0000] "GET / HTTP/1.1" 200 53222 "-" "Mozilla/5.0 (compatible; bingbot/2.0; +http://www.bing.com/bingbot.htm)"
66.249.69.158 - - [30/Jul/2021:02:31:19 +0000] "GET /india-tours/golden-triangle-tour-packages.html HTTP/1.1" 404 244 "-" "Mozilla/5.0 (Linux; Android 6.0.1; Nexus 5X Build/MMB29P) AppleWebKit/537.36 (KHTML, like Gecko) Chrome/92.0.4515.119 Mobile Safari/537.36 (compatible; Googlebot/2.1; +http://www.google.com/bot.html)"
93.75.48.211 - - [30/Jul/2021:02:38:09 +0000] "GET /thank-you.php HTTP/1.0" 404 211 "http://naraintoursindia.com/thank-you.php" "Mozilla/5.0 (Windows NT 10.0; Win64; x64) AppleWebKit/537.36 (KHTML, like Gecko) Chrome/83.0.4103.24 Safari/537.36"
93.75.48.211 - - [30/Jul/2021:02:38:10 +0000] "GET / HTTP/1.0" 200 53222 "http://naraintoursindia.com/" "Mozilla/5.0 (Windows NT 10.0; Win64; x64) AppleWebKit/537.36 (KHTML, like Gecko) Chrome/83.0.4103.24 Safari/537.36"
93.75.48.211 - - [30/Jul/2021:02:38:11 +0000] "POST /mail/send.php HTTP/1.0" 404 211 "http://naraintoursindia.com/" "Mozilla/5.0 (Windows NT 10.0; Win64; x64) AppleWebKit/537.36 (KHTML, like Gecko) Chrome/83.0.4103.24 Safari/537.36"
17.121.112.193 - - [30/Jul/2021:02:44:41 +0000] "GET /ladakh-adventure-tour.html HTTP/1.1" 404 224 "-" "Mozilla/5.0 (Macintosh; Intel Mac OS X 10_15_5) AppleWebKit/605.1.15 (KHTML, like Gecko) Version/13.1.1 Safari/605.1.15 (Applebot/0.1; +http://www.apple.com/go/applebot)"
185.100.87.72 - - [30/Jul/2021:03:09:11 +0000] "GET /india-tours/rajasthan-tour-packages.html HTTP/1.1" 404 238 "http://www.naraintoursindia.com/india-tours/rajasthan-tour-packages.html" "Mozilla/5.0 (Windows NT 6.1; WOW64) AppleWebKit/537.36 (KHTML, like Gecko) Chrome/35.0.1916.153 Safari/537.36"
77.75.77.101 - - [30/Jul/2021:03:13:08 +0000] "GET /robots.txt HTTP/1.1" 404 208 "-" "Mozilla/5.0 (compatible; SeznamBot/3.2; +http://napoveda.seznam.cz/en/seznambot-intro/)"
77.75.77.101 - - [30/Jul/2021:03:13:10 +0000] "GET /galleryimg/348527627.jpg HTTP/1.1" 304 - "-" "Mozilla/5.0 (compatible; SeznamBot/3.2; +http://napoveda.seznam.cz/en/seznambot-intro/)"
66.249.69.159 - - [30/Jul/2021:03:26:55 +0000] "GET /mailunsi-VIII-competitive/cabo/coca-13279c8c8fba29-15765afe8ed987-mccullough.shtml HTTP/1.1" 404 280 "-" "Mozilla/5.0 (Linux; Android 6.0.1; Nexus 5X Build/MMB29P) AppleWebKit/537.36 (KHTML, like Gecko) Chrome/91.0.4472.90 Mobile Safari/537.36 (compatible; Googlebot/2.1; +http://www.google.com/bot.html)"
66.249.69.129 - - [30/Jul/2021:03:27:30 +0000] "GET /delhi-mussoorie-weekend-tour.html HTTP/1.1" 404 231 "-" "Mozilla/5.0 (Linux; Android 6.0.1; Nexus 5X Build/MMB29P) AppleWebKit/537.36 (KHTML, like Gecko) Chrome/91.0.4472.90 Mobile Safari/537.36 (compatible; Googlebot/2.1; +http://www.google.com/bot.html)"
43.239.206.140 - - [30/Jul/2021:03:31:27 +0000] "GET / HTTP/1.1" 200 53222 "android-app://com.google.android.googlequicksearchbox/" "Mozilla/5.0 (Linux; Android 11; CPH1938) AppleWebKit/537.36 (KHTML, like Gecko) Chrome/92.0.4515.115 Mobile Safari/537.36"
43.239.206.140 - - [30/Jul/2021:03:31:40 +0000] "GET /packages.php?id=7 HTTP/1.1" 200 35927 "http://naraintoursindia.com/" "Mozilla/5.0 (Linux; Android 11; CPH1938) AppleWebKit/537.36 (KHTML, like Gecko) Chrome/92.0.4515.115 Mobile Safari/537.36"
43.239.206.140 - - [30/Jul/2021:03:31:40 +0000] "GET /galleryimg/8122200varanasi-tour-package.jpg HTTP/1.1" 200 87816 "http://naraintoursindia.com/packages.php?id=7" "Mozilla/5.0 (Linux; Android 11; CPH1938) AppleWebKit/537.36 (KHTML, like Gecko) Chrome/92.0.4515.115 Mobile Safari/537.36"
43.239.206.140 - - [30/Jul/2021:03:31:40 +0000] "GET /galleryimg/1832753amritsar-tour-7400.jpg HTTP/1.1" 200 50943 "http://naraintoursindia.com/packages.php?id=7" "Mozilla/5.0 (Linux; Android 11; CPH1938) AppleWebKit/537.36 (KHTML, like Gecko) Chrome/92.0.4515.115 Mobile Safari/537.36"
43.239.206.140 - - [30/Jul/2021:03:31:40 +0000] "GET /galleryimg/5172217pushkar.jpg HTTP/1.1" 200 173385 "http://naraintoursindia.com/packages.php?id=7" "Mozilla/5.0 (Linux; Android 11; CPH1938) AppleWebKit/537.36 (KHTML, like Gecko) Chrome/92.0.4515.115 Mobile Safari/537.36"
43.239.206.140 - - [30/Jul/2021:03:31:40 +0000] "GET /galleryimg/4557643khajuraho-temple.jpg HTTP/1.1" 200 164785 "http://naraintoursindia.com/packages.php?id=7" "Mozilla/5.0 (Linux; Android 11; CPH1938) AppleWebKit/537.36 (KHTML, like Gecko) Chrome/92.0.4515.115 Mobile Safari/537.36"
43.239.206.140 - - [30/Jul/2021:03:31:45 +0000] "GET /packages.php?id=4 HTTP/1.1" 200 38768 "http://naraintoursindia.com/" "Mozilla/5.0 (Linux; Android 11; CPH1938) AppleWebKit/537.36 (KHTML, like Gecko) Chrome/92.0.4515.115 Mobile Safari/537.36"
43.239.206.140 - - [30/Jul/2021:03:31:49 +0000] "GET /tour-details.php?id=32 HTTP/1.1" 200 23476 "http://naraintoursindia.com/packages.php?id=4" "Mozilla/5.0 (Linux; Android 11; CPH1938) AppleWebKit/537.36 (KHTML, like Gecko) Chrome/92.0.4515.115 Mobile Safari/537.36"
43.239.206.140 - - [30/Jul/2021:03:31:50 +0000] "GET /galleryimg/6905126Kasauli.jpg HTTP/1.1" 200 12397 "http://naraintoursindia.com/tour-details.php?id=32" "Mozilla/5.0 (Linux; Android 11; CPH1938) AppleWebKit/537.36 (KHTML, like Gecko) Chrome/92.0.4515.115 Mobile Safari/537.36"
43.239.206.140 - - [30/Jul/2021:03:31:50 +0000] "GET /images/umbrella.png HTTP/1.1" 200 419 "http://naraintoursindia.com/css/style.css" "Mozilla/5.0 (Linux; Android 11; CPH1938) AppleWebKit/537.36 (KHTML, like Gecko) Chrome/92.0.4515.115 Mobile Safari/537.36"
43.239.206.140 - - [30/Jul/2021:03:31:50 +0000] "GET /images/book-bg.png HTTP/1.1" 200 24578 "http://naraintoursindia.com/css/style.css" "Mozilla/5.0 (Linux; Android 11; CPH1938) AppleWebKit/537.36 (KHTML, like Gecko) Chrome/92.0.4515.115 Mobile Safari/537.36"
185.217.0.145 - - [30/Jul/2021:03:32:42 +0000] "GET / HTTP/1.1" 200 53222 "-" "curl/7.54.0"
185.217.0.145 - - [30/Jul/2021:03:32:42 +0000] "GET /mail/send.php HTTP/1.1" 404 211 "-" "curl/7.54.0"
66.249.69.159 - - [30/Jul/2021:03:37:54 +0000] "GET /mailunsi-VIII-competitive/cabo/coca-139dfe6f4ef629-8251fb7d7c6d44-mccullough.shtml HTTP/1.1" 404 280 "-" "Mozilla/5.0 (Linux; Android 6.0.1; Nexus 5X Build/MMB29P) AppleWebKit/537.36 (KHTML, like Gecko) Chrome/91.0.4472.90 Mobile Safari/537.36 (compatible; Googlebot/2.1; +http://www.google.com/bot.html)"
185.191.171.34 - - [30/Jul/2021:04:16:41 +0000] "GET /robots.txt HTTP/1.1" 404 208 "-" "Mozilla/5.0 (compatible; SemrushBot/7~bl; +http://www.semrush.com/bot.html)"
185.191.171.37 - - [30/Jul/2021:04:16:42 +0000] "GET /group-tours.php HTTP/1.1" 200 22985 "-" "Mozilla/5.0 (compatible; SemrushBot/7~bl; +http://www.semrush.com/bot.html)"
66.249.69.159 - - [30/Jul/2021:04:18:56 +0000] "GET /shimla-weekend-tour-package.html HTTP/1.1" 404 230 "-" "Mozilla/5.0 (Linux; Android 6.0.1; Nexus 5X Build/MMB29P) AppleWebKit/537.36 (KHTML, like Gecko) Chrome/91.0.4472.90 Mobile Safari/537.36 (compatible; Googlebot/2.1; +http://www.google.com/bot.html)"
77.75.76.167 - - [30/Jul/2021:04:24:27 +0000] "GET /robots.txt HTTP/1.1" 404 208 "-" "Mozilla/5.0 (compatible; SeznamBot/3.2; +http://napoveda.seznam.cz/en/seznambot-intro/)"
77.75.76.167 - - [30/Jul/2021:04:24:29 +0000] "GET /galleryimg/98336023446946cochin.jpg HTTP/1.1" 404 233 "-" "Mozilla/5.0 (compatible; SeznamBot/3.2; +http://napoveda.seznam.cz/en/seznambot-intro/)"
66.249.69.159 - - [30/Jul/2021:04:26:16 +0000] "GET /delhi-corbett-weekend-tour-package.html HTTP/1.1" 404 237 "-" "Mozilla/5.0 (Linux; Android 6.0.1; Nexus 5X Build/MMB29P) AppleWebKit/537.36 (KHTML, like Gecko) Chrome/91.0.4472.90 Mobile Safari/537.36 (compatible; Googlebot/2.1; +http://www.google.com/bot.html)"
40.77.167.105 - - [30/Jul/2021:04:28:42 +0000] "GET /14days-wildlife-safari-tour.html HTTP/1.1" 404 230 "-" "Mozilla/5.0 (compatible; bingbot/2.0; +http://www.bing.com/bingbot.htm)"
66.249.69.158 - - [30/Jul/2021:04:34:42 +0000] "GET /mailunsi-VIII-competitive/cabo/coca-137e24f9f95729-697d4549c9cb03-mccullough.shtml HTTP/1.1" 404 280 "-" "Mozilla/5.0 (Linux; Android 6.0.1; Nexus 5X Build/MMB29P) AppleWebKit/537.36 (KHTML, like Gecko) Chrome/91.0.4472.90 Mobile Safari/537.36 (compatible; Googlebot/2.1; +http://www.google.com/bot.html)"
66.249.69.159 - - [30/Jul/2021:04:44:10 +0000] "GET /mailunsi-VIII-competitive/cabo/coca-13e1e6f71cca29-66032137e08430-mccullough.shtml HTTP/1.1" 404 280 "-" "Mozilla/5.0 (Linux; Android 6.0.1; Nexus 5X Build/MMB29P) AppleWebKit/537.36 (KHTML, like Gecko) Chrome/91.0.4472.90 Mobile Safari/537.36 (compatible; Googlebot/2.1; +http://www.google.com/bot.html)"
185.191.171.43 - - [30/Jul/2021:04:45:36 +0000] "GET /booking.php?tourname=Kerala%20Backwaters%20Tour HTTP/1.1" 200 18339 "-" "Mozilla/5.0 (compatible; SemrushBot/7~bl; +http://www.semrush.com/bot.html)"
131.220.6.152 - - [30/Jul/2021:04:47:46 +0000] "GET / HTTP/1.1" 200 53222 "-" "Mozilla/5.0 (X11; Linux x86_64) AppleWebKit/537.36 (KHTML, like Gecko) Chrome/79.0.3945.79 Safari/537.36"
66.249.69.158 - - [30/Jul/2021:04:53:38 +0000] "GET /mailunsi-VIII-competitive/cabo/coca-1338115cce3229-136dac4dd4e323-mccullough.shtml HTTP/1.1" 404 280 "-" "Mozilla/5.0 (Linux; Android 6.0.1; Nexus 5X Build/MMB29P) AppleWebKit/537.36 (KHTML, like Gecko) Chrome/91.0.4472.90 Mobile Safari/537.36 (compatible; Googlebot/2.1; +http://www.google.com/bot.html)"
114.119.149.183 - - [30/Jul/2021:05:01:37 +0000] "GET /robots.txt HTTP/1.1" 404 208 "-" "Mozilla/5.0 (compatible;PetalBot;+https://webmaster.petalsearch.com/site/petalbot)"
193.169.255.214 - - [30/Jul/2021:05:04:59 +0000] "GET /thank-you.php HTTP/1.0" 404 211 "http://naraintoursindia.com/thank-you.php" "Mozilla/5.0 (Windows NT 6.3; WOW64) AppleWebKit/537.36 (KHTML, like Gecko) Chrome/32.0.1700.107 Safari/537.36"
193.169.255.214 - - [30/Jul/2021:05:05:03 +0000] "GET / HTTP/1.0" 200 53222 "http://naraintoursindia.com/" "Mozilla/5.0 (Windows NT 6.3; WOW64) AppleWebKit/537.36 (KHTML, like Gecko) Chrome/32.0.1700.107 Safari/537.36"
193.169.255.214 - - [30/Jul/2021:05:05:06 +0000] "POST /mail/send.php HTTP/1.0" 404 211 "http://naraintoursindia.com/" "Mozilla/5.0 (Windows NT 6.3; WOW64) AppleWebKit/537.36 (KHTML, like Gecko) Chrome/32.0.1700.107 Safari/537.36"
66.249.69.158 - - [30/Jul/2021:05:10:21 +0000] "GET /10-days-delhi-agra-jaipur-khajuraho-varanasi.html HTTP/1.1" 404 247 "-" "Mozilla/5.0 (Linux; Android 6.0.1; Nexus 5X Build/MMB29P) AppleWebKit/537.36 (KHTML, like Gecko) Chrome/91.0.4472.90 Mobile Safari/537.36 (compatible; Googlebot/2.1; +http://www.google.com/bot.html)"
66.249.69.158 - - [30/Jul/2021:05:12:34 +0000] "GET /mailunsi-VIII-competitive/cabo/coca-135e6c615f8329-660211856e7787-mccullough.shtml HTTP/1.1" 404 280 "-" "Mozilla/5.0 (Linux; Android 6.0.1; Nexus 5X Build/MMB29P) AppleWebKit/537.36 (KHTML, like Gecko) Chrome/91.0.4472.90 Mobile Safari/537.36 (compatible; Googlebot/2.1; +http://www.google.com/bot.html)"
37.120.236.3 - - [30/Jul/2021:05:21:35 +0000] "GET /thank-you.php HTTP/1.0" 404 211 "http://naraintoursindia.com/thank-you.php" "Mozilla/5.0 (Windows NT 6.1; WOW64) AppleWebKit/537.36 (KHTML, like Gecko) Chrome/90.0.4430.72 Safari/537.36"
37.120.236.3 - - [30/Jul/2021:05:21:35 +0000] "GET / HTTP/1.0" 200 53222 "http://naraintoursindia.com/" "Mozilla/5.0 (Windows NT 6.1; WOW64) AppleWebKit/537.36 (KHTML, like Gecko) Chrome/90.0.4430.72 Safari/537.36"
37.120.236.3 - - [30/Jul/2021:05:21:36 +0000] "POST /mail/send.php HTTP/1.0" 404 211 "http://naraintoursindia.com/" "Mozilla/5.0 (Windows NT 6.1; WOW64) AppleWebKit/537.36 (KHTML, like Gecko) Chrome/90.0.4430.72 Safari/537.36"
66.249.69.158 - - [30/Jul/2021:05:22:02 +0000] "GET /mailunsi-VIII-competitive/cabo/coca-133cfcad3f3b29-8486c53d4e0440-mccullough.shtml HTTP/1.1" 404 280 "-" "Mozilla/5.0 (Linux; Android 6.0.1; Nexus 5X Build/MMB29P) AppleWebKit/537.36 (KHTML, like Gecko) Chrome/91.0.4472.90 Mobile Safari/537.36 (compatible; Googlebot/2.1; +http://www.google.com/bot.html)"
69.135.101.50 - - [30/Jul/2021:05:30:07 +0000] "HEAD / HTTP/1.1" 200 - "-" "Mozilla/5.0 (textmode; U; Linux i386; en-US; rv:3.0.110.0) Gecko/20101006 EzineArticlesLinkScanner/3.0.0g"
157.55.39.160 - - [30/Jul/2021:05:36:23 +0000] "GET /images/tour-img.png HTTP/1.1" 404 217 "-" "Mozilla/5.0 (compatible; bingbot/2.0; +http://www.bing.com/bingbot.htm)"
66.249.69.159 - - [30/Jul/2021:05:39:45 +0000] "GET /5days-kullu-manali-tour-package.html HTTP/1.1" 404 234 "-" "Mozilla/5.0 (Linux; Android 6.0.1; Nexus 5X Build/MMB29P) AppleWebKit/537.36 (KHTML, like Gecko) Chrome/91.0.4472.90 Mobile Safari/537.36 (compatible; Googlebot/2.1; +http://www.google.com/bot.html)"
34.218.242.220 - - [30/Jul/2021:05:40:59 +0000] "GET / HTTP/1.1" 200 53222 "-" "Mozilla/5.0 (X11; Linux x86_64) AppleWebKit/537.36 (KHTML, like Gecko) Chrome/83.0.4103.97 Safari/537.36"
18.236.71.36 - - [30/Jul/2021:05:43:50 +0000] "GET /favicon.ico HTTP/1.1" 404 209 "-" "Mozilla/5.0 (X11; Linux x86_64) AppleWebKit/537.36 (KHTML, like Gecko) Chrome/83.0.4103.97 Safari/537.36"
18.236.71.36 - - [30/Jul/2021:05:43:54 +0000] "GET / HTTP/1.1" 200 53222 "-" "Mozilla/5.0 (X11; Linux x86_64) AppleWebKit/537.36 (KHTML, like Gecko) Chrome/83.0.4103.97 Safari/537.36"
66.249.69.129 - - [30/Jul/2021:05:50:26 +0000] "GET /mailunsi-VIII-competitive/cabo/coca-13cb86f464bb29-126818f70c48631-mccullough.shtml HTTP/1.1" 404 281 "-" "Mozilla/5.0 (Linux; Android 6.0.1; Nexus 5X Build/MMB29P) AppleWebKit/537.36 (KHTML, like Gecko) Chrome/91.0.4472.90 Mobile Safari/537.36 (compatible; Googlebot/2.1; +http://www.google.com/bot.html)"
66.249.69.159 - - [30/Jul/2021:05:54:26 +0000] "GET /manali-weekend-tour-packages.html HTTP/1.1" 404 231 "-" "Mozilla/5.0 (Linux; Android 6.0.1; Nexus 5X Build/MMB29P) AppleWebKit/537.36 (KHTML, like Gecko) Chrome/91.0.4472.90 Mobile Safari/537.36 (compatible; Googlebot/2.1; +http://www.google.com/bot.html)"
185.191.171.38 - - [30/Jul/2021:05:55:46 +0000] "GET /robots.txt HTTP/1.1" 404 208 "-" "Mozilla/5.0 (compatible; SemrushBot/7~bl; +http://www.semrush.com/bot.html)"
185.191.171.2 - - [30/Jul/2021:05:55:47 +0000] "GET /himachal-pradesh-tour.html HTTP/1.1" 404 224 "-" "Mozilla/5.0 (compatible; SemrushBot/7~bl; +http://www.semrush.com/bot.html)"
54.36.148.153 - - [30/Jul/2021:05:59:39 +0000] "GET /robots.txt HTTP/1.1" 404 208 "-" "Mozilla/5.0 (compatible; AhrefsBot/7.0; +http://ahrefs.com/robot/)"
66.249.69.159 - - [30/Jul/2021:05:59:54 +0000] "GET /mailunsi-VIII-competitive/cabo/coca-1308438379e829-2159afa17af7b44-mccullough.shtml HTTP/1.1" 404 281 "-" "Mozilla/5.0 (Linux; Android 6.0.1; Nexus 5X Build/MMB29P) AppleWebKit/537.36 (KHTML, like Gecko) Chrome/91.0.4472.90 Mobile Safari/537.36 (compatible; Googlebot/2.1; +http://www.google.com/bot.html)"
66.249.69.129 - - [30/Jul/2021:06:09:24 +0000] "GET /mailunsi-VIII-competitive/cabo/coca-13d4f3c830f329-130f8d0da3add19-mccullough.shtml HTTP/1.1" 404 281 "-" "Mozilla/5.0 (Linux; Android 6.0.1; Nexus 5X Build/MMB29P) AppleWebKit/537.36 (KHTML, like Gecko) Chrome/91.0.4472.90 Mobile Safari/537.36 (compatible; Googlebot/2.1; +http://www.google.com/bot.html)"
66.249.69.158 - - [30/Jul/2021:06:14:52 +0000] "GET /india-tours/ladakh-tour-packages.html HTTP/1.1" 404 235 "-" "Mozilla/5.0 (compatible; Googlebot/2.1; +http://www.google.com/bot.html)"
94.130.219.232 - - [30/Jul/2021:06:25:34 +0000] "GET /robots.txt HTTP/1.1" 404 208 "-" "Mozilla/5.0 (compatible; BLEXBot/1.0; +http://webmeup-crawler.com/)"
94.130.219.232 - - [30/Jul/2021:06:25:34 +0000] "GET /sitemap.xml HTTP/1.1" 404 209 "-" "Mozilla/5.0 (compatible; BLEXBot/1.0; +http://webmeup-crawler.com/)"
94.130.219.232 - - [30/Jul/2021:06:25:48 +0000] "GET /sitemap.xml HTTP/1.1" 404 209 "-" "Mozilla/5.0 (compatible; BLEXBot/1.0; +http://webmeup-crawler.com/)"
66.249.69.159 - - [30/Jul/2021:06:28:19 +0000] "GET /mailunsi-VIII-competitive/cabo/coca-133b7ed73be429-45da08f36aec29-mccullough.shtml HTTP/1.1" 404 280 "-" "Mozilla/5.0 (Linux; Android 6.0.1; Nexus 5X Build/MMB29P) AppleWebKit/537.36 (KHTML, like Gecko) Chrome/91.0.4472.90 Mobile Safari/537.36 (compatible; Googlebot/2.1; +http://www.google.com/bot.html)"
66.249.69.211 - - [30/Jul/2021:06:30:34 +0000] "GET /robots.txt HTTP/1.1" 404 208 "-" "Mozilla/5.0 (compatible; Googlebot/2.1; +http://www.google.com/bot.html)"
66.249.69.211 - - [30/Jul/2021:06:30:35 +0000] "GET /thank-you.php HTTP/1.1" 404 211 "-" "Mozilla/5.0 (compatible; Googlebot/2.1; +http://www.google.com/bot.html)"
66.249.69.158 - - [30/Jul/2021:06:37:47 +0000] "GET /mailunsi-VIII-competitive/cabo/coca-131f0470eb9929-7392bd465cd799-mccullough.shtml HTTP/1.1" 404 280 "-" "Mozilla/5.0 (Linux; Android 6.0.1; Nexus 5X Build/MMB29P) AppleWebKit/537.36 (KHTML, like Gecko) Chrome/91.0.4472.90 Mobile Safari/537.36 (compatible; Googlebot/2.1; +http://www.google.com/bot.html)"
45.66.35.35 - - [30/Jul/2021:06:45:03 +0000] "GET /booking-sight-seeing.php HTTP/1.1" 200 19374 "https://naraintoursindia.com/booking-sight-seeing.php" "Mozilla/5.0 (Windows NT 6.1; rv:31.0) Gecko/20100101 Firefox/31.0"
93.158.90.134 - - [30/Jul/2021:06:52:39 +0000] "GET /kerala-tour.html HTTP/1.1" 404 214 "-" "Mozilla/5.0 (Macintosh; Intel Mac OS X 11.1; rv:84.0) Gecko/20100101 Firefox/84.0"
66.249.69.158 - - [30/Jul/2021:07:06:11 +0000] "GET /mailunsi-VIII-competitive/cabo/coca-1356b26a8df929-97c1d2984d5570-mccullough.shtml HTTP/1.1" 404 280 "-" "Mozilla/5.0 (Linux; Android 6.0.1; Nexus 5X Build/MMB29P) AppleWebKit/537.36 (KHTML, like Gecko) Chrome/91.0.4472.90 Mobile Safari/537.36 (compatible; Googlebot/2.1; +http://www.google.com/bot.html)"
66.249.69.199 - - [30/Jul/2021:07:17:18 +0000] "GET /india-tours/ladakh-tour-packages.html HTTP/1.1" 404 235 "-" "Mozilla/5.0 (compatible; Googlebot/2.1; +http://www.google.com/bot.html)"
66.249.69.203 - - [30/Jul/2021:07:17:18 +0000] "GET /robots.txt HTTP/1.1" 404 208 "-" "Mozilla/5.0 (compatible; Googlebot/2.1; +http://www.google.com/bot.html)"
66.249.69.159 - - [30/Jul/2021:07:25:07 +0000] "GET /mailunsi-VIII-competitive/cabo/coca-13a80cf5ba5d29-885f0e08b0a215-mccullough.shtml HTTP/1.1" 404 280 "-" "Mozilla/5.0 (Linux; Android 6.0.1; Nexus 5X Build/MMB29P) AppleWebKit/537.36 (KHTML, like Gecko) Chrome/91.0.4472.90 Mobile Safari/537.36 (compatible; Googlebot/2.1; +http://www.google.com/bot.html)"
84.247.48.53 - - [30/Jul/2021:07:27:05 +0000] "GET / HTTP/1.0" 200 53222 "http://naraintoursindia.com/" "Mozilla/5.0 (Windows NT 10.0; Win64; x64) AppleWebKit/537.36 (KHTML, like Gecko) Chrome/67.0.3396.87 Safari/537.36"
84.247.48.53 - - [30/Jul/2021:07:27:06 +0000] "POST /mail/send.php HTTP/1.0" 404 211 "http://naraintoursindia.com/" "Mozilla/5.0 (Windows NT 10.0; Win64; x64) AppleWebKit/537.36 (KHTML, like Gecko) Chrome/67.0.3396.87 Safari/537.36"
