66.249.66.221 - - [04/Aug/2021:08:04:11 +0000] "GET /mailunsi-VIII-competitive/cabo/rules-130efc71f68b30-1147d94ed7f315-mccullough.shtml HTTP/1.1" 404 281 "-" "Mozilla/5.0 (Linux; Android 6.0.1; Nexus 5X Build/MMB29P) AppleWebKit/537.36 (KHTML, like Gecko) Chrome/92.0.4515.119 Mobile Safari/537.36 (compatible; Googlebot/2.1; +http://www.google.com/bot.html)"
66.249.66.221 - - [04/Aug/2021:08:04:15 +0000] "GET /mailunsi-VIII-competitive/cabo/rules-137420b56b5f30-19034460e530c44-mccullough.shtml HTTP/1.1" 404 282 "-" "Mozilla/5.0 (Linux; Android 6.0.1; Nexus 5X Build/MMB29P) AppleWebKit/537.36 (KHTML, like Gecko) Chrome/92.0.4515.119 Mobile Safari/537.36 (compatible; Googlebot/2.1; +http://www.google.com/bot.html)"
66.249.66.221 - - [04/Aug/2021:08:04:21 +0000] "GET /mailunsi-VIII-competitive/cabo/rules-13cf003ac29c30-1202f8f647d5573-mccullough.shtml HTTP/1.1" 404 282 "-" "Mozilla/5.0 (Linux; Android 6.0.1; Nexus 5X Build/MMB29P) AppleWebKit/537.36 (KHTML, like Gecko) Chrome/92.0.4515.119 Mobile Safari/537.36 (compatible; Googlebot/2.1; +http://www.google.com/bot.html)"
66.249.66.221 - - [04/Aug/2021:08:04:26 +0000] "GET /mailunsi-VIII-competitive/cabo/rules-13194703abd130-227f0d11013b534-mccullough.shtml HTTP/1.1" 404 282 "-" "Mozilla/5.0 (Linux; Android 6.0.1; Nexus 5X Build/MMB29P) AppleWebKit/537.36 (KHTML, like Gecko) Chrome/92.0.4515.119 Mobile Safari/537.36 (compatible; Googlebot/2.1; +http://www.google.com/bot.html)"
66.249.66.221 - - [04/Aug/2021:08:04:32 +0000] "GET /mailunsi-VIII-competitive/cabo/rules-136614ca84c630-11202667cc32b97-mccullough.shtml HTTP/1.1" 404 282 "-" "Mozilla/5.0 (Linux; Android 6.0.1; Nexus 5X Build/MMB29P) AppleWebKit/537.36 (KHTML, like Gecko) Chrome/92.0.4515.119 Mobile Safari/537.36 (compatible; Googlebot/2.1; +http://www.google.com/bot.html)"
66.249.66.221 - - [04/Aug/2021:08:04:39 +0000] "GET /mailunsi-VIII-competitive/cabo/rules-13efcb6b75c330-276681e0741b227-mccullough.shtml HTTP/1.1" 404 282 "-" "Mozilla/5.0 (Linux; Android 6.0.1; Nexus 5X Build/MMB29P) AppleWebKit/537.36 (KHTML, like Gecko) Chrome/92.0.4515.119 Mobile Safari/537.36 (compatible; Googlebot/2.1; +http://www.google.com/bot.html)"
66.249.66.221 - - [04/Aug/2021:08:04:52 +0000] "GET /mailunsi-VIII-competitive/cabo/rules-139788044c4c30-1083e2f87012f28-mccullough.shtml HTTP/1.1" 404 282 "-" "Mozilla/5.0 (Linux; Android 6.0.1; Nexus 5X Build/MMB29P) AppleWebKit/537.36 (KHTML, like Gecko) Chrome/92.0.4515.119 Mobile Safari/537.36 (compatible; Googlebot/2.1; +http://www.google.com/bot.html)"
66.249.66.192 - - [04/Aug/2021:08:05:04 +0000] "GET /mailunsi-VIII-competitive/cabo/rules-13976694a6be30-21118cd99c9bc62-mccullough.shtml HTTP/1.1" 404 282 "-" "Mozilla/5.0 (Linux; Android 6.0.1; Nexus 5X Build/MMB29P) AppleWebKit/537.36 (KHTML, like Gecko) Chrome/92.0.4515.119 Mobile Safari/537.36 (compatible; Googlebot/2.1; +http://www.google.com/bot.html)"
66.249.66.223 - - [04/Aug/2021:08:05:15 +0000] "GET /mailunsi-VIII-competitive/cabo/rules-13513c34481430-21889f1f8069c60-mccullough.shtml HTTP/1.1" 404 282 "-" "Mozilla/5.0 (Linux; Android 6.0.1; Nexus 5X Build/MMB29P) AppleWebKit/537.36 (KHTML, like Gecko) Chrome/92.0.4515.119 Mobile Safari/537.36 (compatible; Googlebot/2.1; +http://www.google.com/bot.html)"
66.249.66.221 - - [04/Aug/2021:08:05:28 +0000] "GET /mailunsi-VIII-competitive/cabo/rules-13feedca0e0230-294312ba811a936-mccullough.shtml HTTP/1.1" 404 282 "-" "Mozilla/5.0 (Linux; Android 6.0.1; Nexus 5X Build/MMB29P) AppleWebKit/537.36 (KHTML, like Gecko) Chrome/92.0.4515.119 Mobile Safari/537.36 (compatible; Googlebot/2.1; +http://www.google.com/bot.html)"
34.74.110.89 - - [04/Aug/2021:08:05:55 +0000] "GET /booking-tour-package.php HTTP/1.0" 200 24146 "-" "ZoominfoBot (zoominfobot at zoominfo dot com)"
34.74.110.89 - - [04/Aug/2021:08:06:26 +0000] "GET /booking-sight-seeing.php HTTP/1.0" 200 19374 "-" "ZoominfoBot (zoominfobot at zoominfo dot com)"
34.74.110.89 - - [04/Aug/2021:08:06:51 +0000] "GET /contact-us.php HTTP/1.0" 200 16607 "-" "ZoominfoBot (zoominfobot at zoominfo dot com)"
207.46.13.161 - - [04/Aug/2021:08:08:35 +0000] "GET /shimla-weekend-tour-package.html/js/bootstrap.js HTTP/1.1" 404 246 "-" "Mozilla/5.0 (compatible; MSIE 9.0; Windows NT 6.1; Trident/5.0)"
34.74.110.89 - - [04/Aug/2021:08:09:44 +0000] "GET /booking-tour-package.php HTTP/1.0" 200 24146 "-" "ZoominfoBot (zoominfobot at zoominfo dot com)"
66.249.66.223 - - [04/Aug/2021:08:12:20 +0000] "GET /india-tours/ladakh-tour-packages.html HTTP/1.1" 404 235 "-" "Mozilla/5.0 (Linux; Android 6.0.1; Nexus 5X Build/MMB29P) AppleWebKit/537.36 (KHTML, like Gecko) Chrome/92.0.4515.119 Mobile Safari/537.36 (compatible; Googlebot/2.1; +http://www.google.com/bot.html)"
157.55.39.160 - - [04/Aug/2021:08:14:36 +0000] "GET /shimla-weekend-tour-package.html/js/html5shiv.js HTTP/1.1" 404 246 "-" "Mozilla/5.0 (compatible; MSIE 9.0; Windows NT 6.1; Trident/5.0)"
216.244.66.231 - - [04/Aug/2021:08:14:40 +0000] "GET /booknow.php?package_name=Himachal%20Ecstasy HTTP/1.1" 404 209 "-" "Mozilla/5.0 (compatible; DotBot/1.2; +https://opensiteexplorer.org/dotbot; help@moz.com)"
34.74.110.89 - - [04/Aug/2021:08:16:32 +0000] "GET /india-tours/rajasthan-tour-packages.html HTTP/1.0" 404 238 "-" "ZoominfoBot (zoominfobot at zoominfo dot com)"
34.74.110.89 - - [04/Aug/2021:08:17:03 +0000] "GET /group-tours.php HTTP/1.0" 200 22985 "-" "ZoominfoBot (zoominfobot at zoominfo dot com)"
34.74.110.89 - - [04/Aug/2021:08:17:08 +0000] "GET /booking-hotel.php HTTP/1.0" 200 19437 "-" "ZoominfoBot (zoominfobot at zoominfo dot com)"
34.74.110.89 - - [04/Aug/2021:08:17:44 +0000] "GET /booking-hotel.php HTTP/1.0" 200 19437 "-" "ZoominfoBot (zoominfobot at zoominfo dot com)"
34.74.110.89 - - [04/Aug/2021:08:18:06 +0000] "GET /booking-car-rentals.php HTTP/1.0" 200 25499 "-" "ZoominfoBot (zoominfobot at zoominfo dot com)"
34.74.110.89 - - [04/Aug/2021:08:19:38 +0000] "GET /india-tours/india-wildlife-tour-packages.html HTTP/1.0" 404 243 "-" "ZoominfoBot (zoominfobot at zoominfo dot com)"
34.74.110.89 - - [04/Aug/2021:08:20:07 +0000] "GET /contact-us.php HTTP/1.0" 200 16607 "-" "ZoominfoBot (zoominfobot at zoominfo dot com)"
34.74.110.89 - - [04/Aug/2021:08:24:28 +0000] "GET /india-tours/pilgrimage-tours.html HTTP/1.0" 404 231 "-" "ZoominfoBot (zoominfobot at zoominfo dot com)"
35.237.64.8 - - [04/Aug/2021:08:24:36 +0000] "GET /robots.txt HTTP/1.0" 404 208 "-" "ZoominfoBot (zoominfobot at zoominfo dot com)"
35.237.64.8 - - [04/Aug/2021:08:24:37 +0000] "GET / HTTP/1.0" 200 53222 "-" "ZoominfoBot (zoominfobot at zoominfo dot com)"
34.74.110.89 - - [04/Aug/2021:08:27:35 +0000] "GET /india-tours/golden-triangle-tour-packages.html HTTP/1.0" 404 244 "-" "ZoominfoBot (zoominfobot at zoominfo dot com)"
162.0.209.35 - - [04/Aug/2021:08:30:14 +0000] "GET / HTTP/1.1" 200 53222 "-" "-"
54.36.148.238 - - [04/Aug/2021:08:31:06 +0000] "GET /booking-sight-seeing.php HTTP/1.1" 200 19374 "-" "Mozilla/5.0 (compatible; AhrefsBot/7.0; +http://ahrefs.com/robot/)"
66.249.66.192 - - [04/Aug/2021:08:32:54 +0000] "GET /14days-wildlife-safari-tour.html?page=2 HTTP/1.1" 404 230 "-" "Mozilla/5.0 (Linux; Android 6.0.1; Nexus 5X Build/MMB29P) AppleWebKit/537.36 (KHTML, like Gecko) Chrome/92.0.4515.119 Mobile Safari/537.36 (compatible; Googlebot/2.1; +http://www.google.com/bot.html)"
37.229.198.180 - - [04/Aug/2021:08:33:26 +0000] "GET / HTTP/1.1" 200 53222 "https://hollyclub.com.ua/" "Mozilla/4.0 (compatible; MSIE 6.0; Windows NT 5.1; SV1)"
37.229.198.180 - - [04/Aug/2021:08:33:27 +0000] "GET / HTTP/1.1" 200 53222 "https://hollyclub.com.ua/" "Mozilla/4.0 (compatible; MSIE 6.0; Windows NT 5.1; SV1)"
37.229.198.180 - - [04/Aug/2021:08:33:27 +0000] "GET / HTTP/1.1" 200 53222 "https://hollyclub.com.ua/" "Mozilla/4.0 (compatible; MSIE 6.0; Windows NT 5.1; SV1)"
35.237.64.8 - - [04/Aug/2021:08:42:22 +0000] "GET /robots.txt HTTP/1.0" 404 208 "-" "ZoominfoBot (zoominfobot at zoominfo dot com)"
35.237.64.8 - - [04/Aug/2021:08:42:23 +0000] "GET / HTTP/1.0" 200 53222 "-" "ZoominfoBot (zoominfobot at zoominfo dot com)"
185.191.171.44 - - [04/Aug/2021:08:44:27 +0000] "GET /robots.txt HTTP/1.1" 404 208 "-" "Mozilla/5.0 (compatible; SemrushBot/7~bl; +http://www.semrush.com/bot.html)"
185.191.171.4 - - [04/Aug/2021:08:44:29 +0000] "GET /booking.php?tourname=Mussoorie%20Weekend%20Tour HTTP/1.1" 200 18339 "-" "Mozilla/5.0 (compatible; SemrushBot/7~bl; +http://www.semrush.com/bot.html)"
49.228.105.167 - - [04/Aug/2021:08:47:29 +0000] "GET /?utm=semalt.com HTTP/1.1" 200 53222 "https://semalt.com-----google.com/?q=semalt" "Mozilla/5.0 (Windows NT 10.0; Win64; x64) AppleWebKit/537.36 (KHTML, like Gecko) Chrome/74.0.3729.169 Safari/537.36"
49.228.105.167 - - [04/Aug/2021:08:47:30 +0000] "GET /css/font-awesome.min.css HTTP/1.1" 200 31024 "http://naraintoursindia.com/?utm=semalt.com" "Mozilla/5.0 (Windows NT 10.0; Win64; x64) AppleWebKit/537.36 (KHTML, like Gecko) Chrome/74.0.3729.169 Safari/537.36"
49.228.105.167 - - [04/Aug/2021:08:47:30 +0000] "GET /css/mob.css HTTP/1.1" 200 18323 "http://naraintoursindia.com/?utm=semalt.com" "Mozilla/5.0 (Windows NT 10.0; Win64; x64) AppleWebKit/537.36 (KHTML, like Gecko) Chrome/74.0.3729.169 Safari/537.36"
49.228.105.167 - - [04/Aug/2021:08:47:30 +0000] "GET /css/animate.css HTTP/1.1" 200 77818 "http://naraintoursindia.com/?utm=semalt.com" "Mozilla/5.0 (Windows NT 10.0; Win64; x64) AppleWebKit/537.36 (KHTML, like Gecko) Chrome/74.0.3729.169 Safari/537.36"
49.228.105.167 - - [04/Aug/2021:08:47:30 +0000] "GET /css/materialize.css HTTP/1.1" 200 169755 "http://naraintoursindia.com/?utm=semalt.com" "Mozilla/5.0 (Windows NT 10.0; Win64; x64) AppleWebKit/537.36 (KHTML, like Gecko) Chrome/74.0.3729.169 Safari/537.36"
49.228.105.167 - - [04/Aug/2021:08:47:30 +0000] "GET /css/bootstrap.css HTTP/1.1" 200 152814 "http://naraintoursindia.com/?utm=semalt.com" "Mozilla/5.0 (Windows NT 10.0; Win64; x64) AppleWebKit/537.36 (KHTML, like Gecko) Chrome/74.0.3729.169 Safari/537.36"
49.228.105.167 - - [04/Aug/2021:08:47:30 +0000] "GET /css/style.css HTTP/1.1" 200 178421 "http://naraintoursindia.com/?utm=semalt.com" "Mozilla/5.0 (Windows NT 10.0; Win64; x64) AppleWebKit/537.36 (KHTML, like Gecko) Chrome/74.0.3729.169 Safari/537.36"
49.228.105.167 - - [04/Aug/2021:08:47:30 +0000] "GET /gen_validatorv31.js HTTP/1.1" 200 18847 "http://naraintoursindia.com/?utm=semalt.com" "Mozilla/5.0 (Windows NT 10.0; Win64; x64) AppleWebKit/537.36 (KHTML, like Gecko) Chrome/74.0.3729.169 Safari/537.36"
49.228.105.167 - - [04/Aug/2021:08:47:30 +0000] "GET /gen_validatorv4.js HTTP/1.1" 404 216 "http://naraintoursindia.com/?utm=semalt.com" "Mozilla/5.0 (Windows NT 10.0; Win64; x64) AppleWebKit/537.36 (KHTML, like Gecko) Chrome/74.0.3729.169 Safari/537.36"
49.228.105.167 - - [04/Aug/2021:08:47:30 +0000] "GET /js/jquery-latest.min.js HTTP/1.1" 200 86351 "http://naraintoursindia.com/?utm=semalt.com" "Mozilla/5.0 (Windows NT 10.0; Win64; x64) AppleWebKit/537.36 (KHTML, like Gecko) Chrome/74.0.3729.169 Safari/537.36"
49.228.105.167 - - [04/Aug/2021:08:47:30 +0000] "GET /js/bootstrap.js HTTP/1.1" 200 47030 "http://naraintoursindia.com/?utm=semalt.com" "Mozilla/5.0 (Windows NT 10.0; Win64; x64) AppleWebKit/537.36 (KHTML, like Gecko) Chrome/74.0.3729.169 Safari/537.36"
49.228.105.167 - - [04/Aug/2021:08:47:30 +0000] "GET /js/wow.min.js HTTP/1.1" 200 4232 "http://naraintoursindia.com/?utm=semalt.com" "Mozilla/5.0 (Windows NT 10.0; Win64; x64) AppleWebKit/537.36 (KHTML, like Gecko) Chrome/74.0.3729.169 Safari/537.36"
49.228.105.167 - - [04/Aug/2021:08:47:30 +0000] "GET /js/custom.js HTTP/1.1" 200 7402 "http://naraintoursindia.com/?utm=semalt.com" "Mozilla/5.0 (Windows NT 10.0; Win64; x64) AppleWebKit/537.36 (KHTML, like Gecko) Chrome/74.0.3729.169 Safari/537.36"
49.228.105.167 - - [04/Aug/2021:08:47:30 +0000] "GET /js/materialize.min.js HTTP/1.1" 200 148768 "http://naraintoursindia.com/?utm=semalt.com" "Mozilla/5.0 (Windows NT 10.0; Win64; x64) AppleWebKit/537.36 (KHTML, like Gecko) Chrome/74.0.3729.169 Safari/537.36"
49.228.105.167 - - [04/Aug/2021:08:47:30 +0000] "GET /images/logo.png HTTP/1.1" 200 16779 "http://naraintoursindia.com/?utm=semalt.com" "Mozilla/5.0 (Windows NT 10.0; Win64; x64) AppleWebKit/537.36 (KHTML, like Gecko) Chrome/74.0.3729.169 Safari/537.36"
49.228.105.167 - - [04/Aug/2021:08:47:30 +0000] "GET /images/icon/2.png HTTP/1.1" 200 2480 "http://naraintoursindia.com/?utm=semalt.com" "Mozilla/5.0 (Windows NT 10.0; Win64; x64) AppleWebKit/537.36 (KHTML, like Gecko) Chrome/74.0.3729.169 Safari/537.36"
49.228.105.167 - - [04/Aug/2021:08:47:30 +0000] "GET /images/icon/a14.png HTTP/1.1" 200 6256 "http://naraintoursindia.com/?utm=semalt.com" "Mozilla/5.0 (Windows NT 10.0; Win64; x64) AppleWebKit/537.36 (KHTML, like Gecko) Chrome/74.0.3729.169 Safari/537.36"
49.228.105.167 - - [04/Aug/2021:08:47:30 +0000] "GET /images/icon/30.png HTTP/1.1" 200 1543 "http://naraintoursindia.com/?utm=semalt.com" "Mozilla/5.0 (Windows NT 10.0; Win64; x64) AppleWebKit/537.36 (KHTML, like Gecko) Chrome/74.0.3729.169 Safari/537.36"
216.244.66.231 - - [04/Aug/2021:08:48:00 +0000] "GET /robots.txt HTTP/1.1" 404 208 "-" "Mozilla/5.0 (compatible; DotBot/1.2; +https://opensiteexplorer.org/dotbot; help@moz.com)"
216.244.66.231 - - [04/Aug/2021:08:48:00 +0000] "GET /robots.txt HTTP/1.1" 404 208 "-" "Mozilla/5.0 (compatible; DotBot/1.2; +https://opensiteexplorer.org/dotbot; help@moz.com)"
49.228.105.167 - - [04/Aug/2021:08:47:30 +0000] "GET /images/preloader.gif HTTP/1.1" 200 732649 "http://naraintoursindia.com/?utm=semalt.com" "Mozilla/5.0 (Windows NT 10.0; Win64; x64) AppleWebKit/537.36 (KHTML, like Gecko) Chrome/74.0.3729.169 Safari/537.36"
37.139.52.214 - - [04/Aug/2021:08:49:55 +0000] "GET /thank-you.php HTTP/1.0" 404 211 "http://www.naraintoursindia.com/thank-you.php" "Mozilla/5.0 (Windows NT 10.0; Win64; x64) AppleWebKit/537.36 (KHTML, like Gecko) Chrome/83.0.4103.0 Safari/537.36"
37.139.52.214 - - [04/Aug/2021:08:49:56 +0000] "GET / HTTP/1.0" 200 53222 "http://www.naraintoursindia.com/" "Mozilla/5.0 (Windows NT 10.0; Win64; x64) AppleWebKit/537.36 (KHTML, like Gecko) Chrome/83.0.4103.0 Safari/537.36"
37.139.52.214 - - [04/Aug/2021:08:49:57 +0000] "POST /mail/send.php HTTP/1.0" 404 211 "http://www.naraintoursindia.com/" "Mozilla/5.0 (Windows NT 10.0; Win64; x64) AppleWebKit/537.36 (KHTML, like Gecko) Chrome/83.0.4103.0 Safari/537.36"
216.244.66.231 - - [04/Aug/2021:08:54:38 +0000] "GET /delhi-corbett-weekend-tour-package.html HTTP/1.1" 404 237 "-" "Mozilla/5.0 (compatible; DotBot/1.2; +https://opensiteexplorer.org/dotbot; help@moz.com)"
216.244.66.231 - - [04/Aug/2021:08:55:27 +0000] "GET /booking.php?tourname=Shimla%20Volvo%20Tour%20Package HTTP/1.1" 200 18339 "-" "Mozilla/5.0 (compatible; DotBot/1.2; +https://opensiteexplorer.org/dotbot; help@moz.com)"
216.244.66.231 - - [04/Aug/2021:08:55:31 +0000] "GET /ladakh-tour-package.html HTTP/1.1" 404 222 "-" "Mozilla/5.0 (compatible; DotBot/1.2; +https://opensiteexplorer.org/dotbot; help@moz.com)"
216.244.66.231 - - [04/Aug/2021:08:55:37 +0000] "GET /kerala-tour.html HTTP/1.1" 404 214 "-" "Mozilla/5.0 (compatible; DotBot/1.2; +https://opensiteexplorer.org/dotbot; help@moz.com)"
216.244.66.231 - - [04/Aug/2021:08:59:58 +0000] "GET /fulldetails.php?id=10 HTTP/1.1" 404 213 "-" "Mozilla/5.0 (compatible; DotBot/1.2; +https://opensiteexplorer.org/dotbot; help@moz.com)"
207.46.13.41 - - [04/Aug/2021:09:00:06 +0000] "GET /haridwar-weekend-tour.html HTTP/1.1" 404 224 "-" "Mozilla/5.0 (compatible; bingbot/2.0; +http://www.bing.com/bingbot.htm)"
212.193.168.141 - - [04/Aug/2021:09:00:46 +0000] "GET /thank-you.php HTTP/1.0" 404 211 "http://naraintoursindia.com/thank-you.php" "Mozilla/5.0 (Windows NT 6.1; WOW64) AppleWebKit/537.36 (KHTML, like Gecko) Chrome/83.0.4102.0 Safari/537.36"
212.193.168.141 - - [04/Aug/2021:09:00:46 +0000] "GET / HTTP/1.0" 200 53222 "http://naraintoursindia.com/" "Mozilla/5.0 (Windows NT 6.1; WOW64) AppleWebKit/537.36 (KHTML, like Gecko) Chrome/83.0.4102.0 Safari/537.36"
216.244.66.231 - - [04/Aug/2021:09:13:21 +0000] "GET /booknow.php?package_name=Rajasthan%20Desert%20Tours HTTP/1.1" 404 209 "-" "Mozilla/5.0 (compatible; DotBot/1.2; +https://opensiteexplorer.org/dotbot; help@moz.com)"
157.55.39.132 - - [04/Aug/2021:09:18:47 +0000] "GET / HTTP/1.1" 200 53222 "-" "Mozilla/5.0 (compatible; bingbot/2.0; +http://www.bing.com/bingbot.htm)"
54.36.148.178 - - [04/Aug/2021:09:24:19 +0000] "GET / HTTP/1.1" 200 53222 "-" "Mozilla/5.0 (compatible; AhrefsBot/7.0; +http://ahrefs.com/robot/)"
195.154.123.98 - - [04/Aug/2021:09:24:20 +0000] "GET /css/font-awesome.min.css HTTP/1.1" 200 31024 "https://naraintoursindia.com/" "Mozilla/5.0 (compatible; AhrefsBot/7.0; +http://ahrefs.com/robot/)"
195.154.123.98 - - [04/Aug/2021:09:24:20 +0000] "GET /css/mob.css HTTP/1.1" 200 18323 "https://naraintoursindia.com/" "Mozilla/5.0 (compatible; AhrefsBot/7.0; +http://ahrefs.com/robot/)"
195.154.123.98 - - [04/Aug/2021:09:24:20 +0000] "GET /css/animate.css HTTP/1.1" 200 77818 "https://naraintoursindia.com/" "Mozilla/5.0 (compatible; AhrefsBot/7.0; +http://ahrefs.com/robot/)"
195.154.123.98 - - [04/Aug/2021:09:24:20 +0000] "GET /gen_validatorv31.js HTTP/1.1" 200 18847 "https://naraintoursindia.com/" "Mozilla/5.0 (compatible; AhrefsBot/7.0; +http://ahrefs.com/robot/)"
195.154.123.98 - - [04/Aug/2021:09:24:20 +0000] "GET /css/style.css HTTP/1.1" 200 178421 "https://naraintoursindia.com/" "Mozilla/5.0 (compatible; AhrefsBot/7.0; +http://ahrefs.com/robot/)"
195.154.123.98 - - [04/Aug/2021:09:24:20 +0000] "GET /css/materialize.css HTTP/1.1" 200 169755 "https://naraintoursindia.com/" "Mozilla/5.0 (compatible; AhrefsBot/7.0; +http://ahrefs.com/robot/)"
195.154.123.98 - - [04/Aug/2021:09:24:20 +0000] "GET /css/bootstrap.css HTTP/1.1" 200 152814 "https://naraintoursindia.com/" "Mozilla/5.0 (compatible; AhrefsBot/7.0; +http://ahrefs.com/robot/)"
195.154.123.98 - - [04/Aug/2021:09:24:21 +0000] "GET /gen_validatorv4.js HTTP/1.1" 404 216 "https://naraintoursindia.com/" "Mozilla/5.0 (compatible; AhrefsBot/7.0; +http://ahrefs.com/robot/)"
195.154.123.98 - - [04/Aug/2021:09:24:21 +0000] "GET /js/jquery-latest.min.js HTTP/1.1" 200 86351 "https://naraintoursindia.com/" "Mozilla/5.0 (compatible; AhrefsBot/7.0; +http://ahrefs.com/robot/)"
195.154.123.98 - - [04/Aug/2021:09:24:21 +0000] "GET /js/bootstrap.js HTTP/1.1" 200 47030 "https://naraintoursindia.com/" "Mozilla/5.0 (compatible; AhrefsBot/7.0; +http://ahrefs.com/robot/)"
195.154.123.98 - - [04/Aug/2021:09:24:21 +0000] "GET /js/wow.min.js HTTP/1.1" 200 4232 "https://naraintoursindia.com/" "Mozilla/5.0 (compatible; AhrefsBot/7.0; +http://ahrefs.com/robot/)"
195.154.123.98 - - [04/Aug/2021:09:24:21 +0000] "GET /js/materialize.min.js HTTP/1.1" 200 148768 "https://naraintoursindia.com/" "Mozilla/5.0 (compatible; AhrefsBot/7.0; +http://ahrefs.com/robot/)"
195.154.123.98 - - [04/Aug/2021:09:24:21 +0000] "GET /js/custom.js HTTP/1.1" 200 7402 "https://naraintoursindia.com/" "Mozilla/5.0 (compatible; AhrefsBot/7.0; +http://ahrefs.com/robot/)"
195.154.123.98 - - [04/Aug/2021:09:24:21 +0000] "GET /gen_validatorv4.js HTTP/1.1" 404 216 "https://naraintoursindia.com/" "Mozilla/5.0 (compatible; AhrefsBot/7.0; +http://ahrefs.com/robot/)"
195.154.123.98 - - [04/Aug/2021:09:24:21 +0000] "GET /fonts/fontawesome-webfont3e6e.woff2?v=4.7.0 HTTP/1.1" 200 77160 "https://naraintoursindia.com/css/font-awesome.min.css" "Mozilla/5.0 (compatible; AhrefsBot/7.0; +http://ahrefs.com/robot/)"
66.249.66.16 - - [04/Aug/2021:09:27:37 +0000] "GET /robots.txt HTTP/1.1" 404 208 "-" "Mozilla/5.0 (compatible; Googlebot/2.1; +http://www.google.com/bot.html)"
66.249.66.16 - - [04/Aug/2021:09:27:37 +0000] "GET /delhi-corbett-weekend-tour-package.html HTTP/1.1" 404 237 "-" "Mozilla/5.0 (Linux; Android 6.0.1; Nexus 5X Build/MMB29P) AppleWebKit/537.36 (KHTML, like Gecko) Chrome/92.0.4515.119 Mobile Safari/537.36 (compatible; Googlebot/2.1; +http://www.google.com/bot.html)"
69.135.101.50 - - [04/Aug/2021:09:37:17 +0000] "HEAD / HTTP/1.1" 200 - "-" "Mozilla/5.0 (textmode; U; Linux i386; en-US; rv:3.0.110.0) Gecko/20101006 EzineArticlesLinkScanner/3.0.0g"
54.36.148.167 - - [04/Aug/2021:09:37:53 +0000] "GET /robots.txt HTTP/1.1" 404 208 "-" "Mozilla/5.0 (compatible; AhrefsBot/7.0; +http://ahrefs.com/robot/)"
54.36.148.155 - - [04/Aug/2021:09:37:54 +0000] "GET / HTTP/1.1" 200 53222 "-" "Mozilla/5.0 (compatible; AhrefsBot/7.0; +http://ahrefs.com/robot/)"
216.244.66.231 - - [04/Aug/2021:09:39:20 +0000] "GET /robots.txt HTTP/1.1" 404 208 "-" "Mozilla/5.0 (compatible; DotBot/1.2; +https://opensiteexplorer.org/dotbot; help@moz.com)"
185.191.171.25 - - [04/Aug/2021:09:39:36 +0000] "GET /robots.txt HTTP/1.1" 404 208 "-" "Mozilla/5.0 (compatible; SemrushBot/7~bl; +http://www.semrush.com/bot.html)"
185.191.171.25 - - [04/Aug/2021:09:39:37 +0000] "GET /booking.php?tourname=Shimla%20Manali%20Honeymoon%20Tour HTTP/1.1" 200 18339 "-" "Mozilla/5.0 (compatible; SemrushBot/7~bl; +http://www.semrush.com/bot.html)"
54.36.148.100 - - [04/Aug/2021:09:50:17 +0000] "GET /booking-car-rentals.php HTTP/1.1" 200 25499 "-" "Mozilla/5.0 (compatible; AhrefsBot/7.0; +http://ahrefs.com/robot/)"
185.191.171.1 - - [04/Aug/2021:09:54:50 +0000] "GET /place-details.php?id=116 HTTP/1.1" 200 17007 "-" "Mozilla/5.0 (compatible; SemrushBot/7~bl; +http://www.semrush.com/bot.html)"
66.249.66.221 - - [04/Aug/2021:09:55:11 +0000] "GET /booking-sight-seeing.php HTTP/1.1" 200 19374 "-" "Mozilla/5.0 (Linux; Android 6.0.1; Nexus 5X Build/MMB29P) AppleWebKit/537.36 (KHTML, like Gecko) Chrome/92.0.4515.119 Mobile Safari/537.36 (compatible; Googlebot/2.1; +http://www.google.com/bot.html)"
66.249.66.8 - - [04/Aug/2021:09:55:14 +0000] "GET /gen_validatorv4.js HTTP/1.1" 404 216 "https://naraintoursindia.com/booking-sight-seeing.php" "Mozilla/5.0 (Linux; Android 6.0.1; Nexus 5X Build/MMB29P) AppleWebKit/537.36 (KHTML, like Gecko) Chrome/91.0.4472.90 Mobile Safari/537.36 (compatible; Googlebot/2.1; +http://www.google.com/bot.html)"
66.249.66.223 - - [04/Aug/2021:09:55:15 +0000] "GET /js/wow.min.js HTTP/1.1" 200 4232 "https://naraintoursindia.com/booking-sight-seeing.php" "Mozilla/5.0 (Linux; Android 6.0.1; Nexus 5X Build/MMB29P) AppleWebKit/537.36 (KHTML, like Gecko) Chrome/91.0.4472.90 Mobile Safari/537.36 (compatible; Googlebot/2.1; +http://www.google.com/bot.html)"
66.249.66.221 - - [04/Aug/2021:09:55:17 +0000] "GET /gen_validatorv4.js HTTP/1.1" 404 216 "https://naraintoursindia.com/booking-sight-seeing.php" "Mozilla/5.0 (Linux; Android 6.0.1; Nexus 5X Build/MMB29P) AppleWebKit/537.36 (KHTML, like Gecko) Chrome/91.0.4472.90 Mobile Safari/537.36 (compatible; Googlebot/2.1; +http://www.google.com/bot.html)"
185.191.171.5 - - [04/Aug/2021:10:01:06 +0000] "GET /robots.txt HTTP/1.1" 404 208 "-" "Mozilla/5.0 (compatible; SemrushBot/7~bl; +http://www.semrush.com/bot.html)"
185.191.171.42 - - [04/Aug/2021:10:01:07 +0000] "GET /place-details.php?id=47 HTTP/1.1" 200 17004 "-" "Mozilla/5.0 (compatible; SemrushBot/7~bl; +http://www.semrush.com/bot.html)"
54.36.148.64 - - [04/Aug/2021:10:02:10 +0000] "GET /contact-us.php HTTP/1.1" 200 16607 "-" "Mozilla/5.0 (compatible; AhrefsBot/7.0; +http://ahrefs.com/robot/)"
66.249.66.16 - - [04/Aug/2021:10:02:32 +0000] "GET /Agra-tour.html HTTP/1.1" 404 212 "-" "Mozilla/5.0 (Linux; Android 6.0.1; Nexus 5X Build/MMB29P) AppleWebKit/537.36 (KHTML, like Gecko) Chrome/92.0.4515.119 Mobile Safari/537.36 (compatible; Googlebot/2.1; +http://www.google.com/bot.html)"
66.249.66.10 - - [04/Aug/2021:10:03:11 +0000] "GET /ladakh-bike-tour.html HTTP/1.1" 404 219 "-" "Mozilla/5.0 (Linux; Android 6.0.1; Nexus 5X Build/MMB29P) AppleWebKit/537.36 (KHTML, like Gecko) Chrome/92.0.4515.119 Mobile Safari/537.36 (compatible; Googlebot/2.1; +http://www.google.com/bot.html)"
185.191.171.34 - - [04/Aug/2021:10:04:01 +0000] "GET /group-tours.php HTTP/1.1" 200 22985 "-" "Mozilla/5.0 (compatible; SemrushBot/7~bl; +http://www.semrush.com/bot.html)"
185.191.171.3 - - [04/Aug/2021:10:04:35 +0000] "GET /tour-details.php?id=18 HTTP/1.1" 200 22846 "-" "Mozilla/5.0 (compatible; SemrushBot/7~bl; +http://www.semrush.com/bot.html)"
216.244.66.231 - - [04/Aug/2021:10:04:55 +0000] "GET /booking.php?tourname=Himachal%20Tour%20Package HTTP/1.1" 200 18339 "-" "Mozilla/5.0 (compatible; DotBot/1.2; +https://opensiteexplorer.org/dotbot; help@moz.com)"
3.16.75.41 - - [04/Aug/2021:10:12:02 +0000] "GET /galleryimg/ce93caadd746b5ef891814b221ecb9d9.jpg HTTP/1.1" 404 245 "http://naraintoursindia.com" "Mozilla/5.0 (Macintosh; Intel Mac OS X 10_15_7) AppleWebKit/537.36 (KHTML, like Gecko) Chrome/91.0.4472.101 Safari/537.36"
3.143.213.212 - - [04/Aug/2021:10:12:02 +0000] "GET /galleryimg/56c166b5694693a6a1a9604c5bc5d91a.jpg HTTP/1.1" 404 245 "http://naraintoursindia.com" "Mozilla/5.0 (Macintosh; Intel Mac OS X 10_15_7) AppleWebKit/537.36 (KHTML, like Gecko) Chrome/91.0.4472.101 Safari/537.36"
18.188.238.55 - - [04/Aug/2021:10:12:02 +0000] "GET /galleryimg/81fd711c068e634dc90cee8a6ecc1d70.jpg HTTP/1.1" 404 245 "http://naraintoursindia.com" "Mozilla/5.0 (Macintosh; Intel Mac OS X 10_15_7) AppleWebKit/537.36 (KHTML, like Gecko) Chrome/91.0.4472.101 Safari/537.36"
18.188.238.55 - - [04/Aug/2021:10:12:03 +0000] "GET /galleryimg/05bfa1761563a18cb0f083ad940e12bb.jpg HTTP/1.1" 404 245 "http://naraintoursindia.com" "Mozilla/5.0 (Macintosh; Intel Mac OS X 10_15_7) AppleWebKit/537.36 (KHTML, like Gecko) Chrome/91.0.4472.101 Safari/537.36"
3.133.114.121 - - [04/Aug/2021:10:12:04 +0000] "GET /galleryimg/cceed2be3f32813918d0e484db5cd009.jpg HTTP/1.1" 200 36405 "http://naraintoursindia.com" "Mozilla/5.0 (Macintosh; Intel Mac OS X 10_15_7) AppleWebKit/537.36 (KHTML, like Gecko) Chrome/91.0.4472.101 Safari/537.36"
52.14.84.48 - - [04/Aug/2021:10:12:04 +0000] "GET /galleryimg/5853958GOLDEN-TRIANGLE-WITH-RANTHA.jpg HTTP/1.1" 404 247 "http://naraintoursindia.com" "Mozilla/5.0 (Macintosh; Intel Mac OS X 10_15_7) AppleWebKit/537.36 (KHTML, like Gecko) Chrome/91.0.4472.101 Safari/537.36"
3.144.26.8 - - [04/Aug/2021:10:12:04 +0000] "GET /galleryimg/1981621Golden-Triangle-india-Group.jpg HTTP/1.1" 404 247 "http://naraintoursindia.com" "Mozilla/5.0 (Macintosh; Intel Mac OS X 10_15_7) AppleWebKit/537.36 (KHTML, like Gecko) Chrome/91.0.4472.101 Safari/537.36"
54.36.148.46 - - [04/Aug/2021:10:14:17 +0000] "GET /Agra-tour.html HTTP/1.1" 404 212 "-" "Mozilla/5.0 (compatible; AhrefsBot/7.0; +http://ahrefs.com/robot/)"
207.46.13.190 - - [04/Aug/2021:10:14:54 +0000] "GET /mailunsi-VIII-competitive/cabo/decree-13a9136491f826-69eb972bce3648-mccullough.shtml HTTP/1.1" 404 282 "-" "Mozilla/5.0 (compatible; bingbot/2.0; +http://www.bing.com/bingbot.htm)"
66.249.66.221 - - [04/Aug/2021:10:19:11 +0000] "GET /india-tours/ladakh-tour-packages.html HTTP/1.1" 404 235 "-" "Mozilla/5.0 (Linux; Android 6.0.1; Nexus 5X Build/MMB29P) AppleWebKit/537.36 (KHTML, like Gecko) Chrome/92.0.4515.119 Mobile Safari/537.36 (compatible; Googlebot/2.1; +http://www.google.com/bot.html)"
216.244.66.231 - - [04/Aug/2021:10:29:52 +0000] "GET /robots.txt HTTP/1.1" 404 208 "-" "Mozilla/5.0 (compatible; DotBot/1.2; +https://opensiteexplorer.org/dotbot; help@moz.com)"
207.46.13.44 - - [04/Aug/2021:10:36:14 +0000] "GET /robots.txt HTTP/1.1" 404 208 "-" "Mozilla/5.0 (compatible; bingbot/2.0; +http://www.bing.com/bingbot.htm)"
216.244.66.231 - - [04/Aug/2021:10:36:43 +0000] "GET /india-tours/pilgrimage-tours.html HTTP/1.1" 404 231 "-" "Mozilla/5.0 (compatible; DotBot/1.2; +https://opensiteexplorer.org/dotbot; help@moz.com)"
216.244.66.231 - - [04/Aug/2021:10:37:18 +0000] "GET /booking.php?tourname=CORBETT%20TOUR%20Package HTTP/1.1" 200 18339 "-" "Mozilla/5.0 (compatible; DotBot/1.2; +https://opensiteexplorer.org/dotbot; help@moz.com)"
216.244.66.231 - - [04/Aug/2021:10:37:28 +0000] "GET /packages/india-tours/tour-details.php?id=58 HTTP/1.1" 404 235 "-" "Mozilla/5.0 (compatible; DotBot/1.2; +https://opensiteexplorer.org/dotbot; help@moz.com)"
157.55.39.132 - - [04/Aug/2021:10:47:06 +0000] "GET /golden-triangle-group-tour-package.html HTTP/1.1" 404 237 "-" "Mozilla/5.0 (compatible; bingbot/2.0; +http://www.bing.com/bingbot.htm)"
66.249.66.192 - - [04/Aug/2021:10:47:27 +0000] "GET /7days-ladakh-bike-tour.html HTTP/1.1" 404 225 "-" "Mozilla/5.0 (Linux; Android 6.0.1; Nexus 5X Build/MMB29P) AppleWebKit/537.36 (KHTML, like Gecko) Chrome/92.0.4515.119 Mobile Safari/537.36 (compatible; Googlebot/2.1; +http://www.google.com/bot.html)"
185.191.171.42 - - [04/Aug/2021:10:50:39 +0000] "GET /himachal-tour-package.html HTTP/1.1" 404 224 "-" "Mozilla/5.0 (compatible; SemrushBot/7~bl; +http://www.semrush.com/bot.html)"
54.36.149.69 - - [04/Aug/2021:10:56:03 +0000] "GET / HTTP/1.1" 200 53222 "-" "Mozilla/5.0 (compatible; AhrefsBot/7.0; +http://ahrefs.com/robot/)"
185.191.171.23 - - [04/Aug/2021:11:09:47 +0000] "GET /robots.txt HTTP/1.1" 404 208 "-" "Mozilla/5.0 (compatible; SemrushBot/7~bl; +http://www.semrush.com/bot.html)"
185.191.171.20 - - [04/Aug/2021:11:09:48 +0000] "GET /golden-triangle-tour-with-ranthambore.html HTTP/1.1" 404 240 "-" "Mozilla/5.0 (compatible; SemrushBot/7~bl; +http://www.semrush.com/bot.html)"
216.244.66.231 - - [04/Aug/2021:11:18:24 +0000] "GET /robots.txt HTTP/1.1" 404 208 "-" "Mozilla/5.0 (compatible; DotBot/1.2; +https://opensiteexplorer.org/dotbot; help@moz.com)"
216.244.66.231 - - [04/Aug/2021:11:18:24 +0000] "GET /robots.txt HTTP/1.1" 404 208 "-" "Mozilla/5.0 (compatible; DotBot/1.2; +https://opensiteexplorer.org/dotbot; help@moz.com)"
216.244.66.231 - - [04/Aug/2021:11:25:48 +0000] "GET /booking.php?tourname=Goa%20Homeymoon%20Tour HTTP/1.1" 200 18339 "-" "Mozilla/5.0 (compatible; DotBot/1.2; +https://opensiteexplorer.org/dotbot; help@moz.com)"
185.191.171.34 - - [04/Aug/2021:11:31:55 +0000] "GET /robots.txt HTTP/1.1" 404 208 "-" "Mozilla/5.0 (compatible; SemrushBot/7~bl; +http://www.semrush.com/bot.html)"
185.191.171.5 - - [04/Aug/2021:11:31:57 +0000] "GET /about-us.php HTTP/1.1" 200 19306 "-" "Mozilla/5.0 (compatible; SemrushBot/7~bl; +http://www.semrush.com/bot.html)"
54.36.148.85 - - [04/Aug/2021:11:34:24 +0000] "GET / HTTP/1.1" 200 53222 "-" "Mozilla/5.0 (compatible; AhrefsBot/7.0; +http://ahrefs.com/robot/)"
172.105.78.243 - - [04/Aug/2021:11:36:26 +0000] "GET / HTTP/1.1" 200 53222 "-" "Mozilla/5.0 (Windows; U; Windows NT 5.1; ru; rv:1.9.0.1) Gecko/2008070208"
185.191.171.22 - - [04/Aug/2021:11:38:16 +0000] "GET /place-details.php?id=74 HTTP/1.1" 200 17025 "-" "Mozilla/5.0 (compatible; SemrushBot/7~bl; +http://www.semrush.com/bot.html)"
66.249.66.223 - - [04/Aug/2021:11:39:11 +0000] "GET /south-india-temple-tour.html HTTP/1.1" 404 226 "-" "Mozilla/5.0 (Linux; Android 6.0.1; Nexus 5X Build/MMB29P) AppleWebKit/537.36 (KHTML, like Gecko) Chrome/92.0.4515.119 Mobile Safari/537.36 (compatible; Googlebot/2.1; +http://www.google.com/bot.html)"
95.160.35.99 - - [04/Aug/2021:11:41:33 +0000] "GET /golden-triangle-group-tour-package.html HTTP/1.1" 404 237 "Referer: https://naraintoursindia.com/4-days-nainital-tour-package.html" "Mozilla/5.0 (X11; Ubuntu; Linux x86_64; rv:71.0) Gecko/20100101 Firefox/71.0"
157.55.39.132 - - [04/Aug/2021:11:42:30 +0000] "GET /galleryimg/ce93caadd746b5ef891814b221ecb9d9.jpg HTTP/1.1" 404 245 "-" "Mozilla/5.0 (compatible; bingbot/2.0; +http://www.bing.com/bingbot.htm)"
216.244.66.231 - - [04/Aug/2021:11:45:49 +0000] "GET /images/icon/search.png HTTP/1.1" 200 308 "-" "Mozilla/5.0 (compatible; DotBot/1.2; +https://opensiteexplorer.org/dotbot; help@moz.com)"
136.144.33.227 - - [04/Aug/2021:11:50:31 +0000] "GET /thank-you.php HTTP/1.0" 404 211 "http://naraintoursindia.com/thank-you.php" "Mozilla/5.0 (Windows NT 6.3; Win64; x64) AppleWebKit/537.36 (KHTML, like Gecko) Chrome/90.0.4430.72 Safari/537.36"
136.144.33.227 - - [04/Aug/2021:11:50:32 +0000] "GET / HTTP/1.0" 200 53222 "http://naraintoursindia.com/" "Mozilla/5.0 (Windows NT 6.3; Win64; x64) AppleWebKit/537.36 (KHTML, like Gecko) Chrome/90.0.4430.72 Safari/537.36"
136.144.33.227 - - [04/Aug/2021:11:50:33 +0000] "POST /mail/send.php HTTP/1.0" 404 211 "http://naraintoursindia.com/" "Mozilla/5.0 (Windows NT 6.3; Win64; x64) AppleWebKit/537.36 (KHTML, like Gecko) Chrome/90.0.4430.72 Safari/537.36"
136.144.33.227 - - [04/Aug/2021:11:50:33 +0000] "GET / HTTP/1.0" 200 53222 "http://naraintoursindia.com/" "Mozilla/5.0 (Windows NT 6.3; Win64; x64) AppleWebKit/537.36 (KHTML, like Gecko) Chrome/90.0.4430.72 Safari/537.36"
157.55.39.75 - - [04/Aug/2021:11:53:00 +0000] "GET / HTTP/1.1" 200 53222 "-" "Mozilla/5.0 (compatible; bingbot/2.0; +http://www.bing.com/bingbot.htm)"
157.55.39.75 - - [04/Aug/2021:11:53:09 +0000] "GET /tour-details.php?id=50 HTTP/1.1" 200 24477 "-" "Mozilla/5.0 (compatible; bingbot/2.0; +http://www.bing.com/bingbot.htm)"
157.55.39.132 - - [04/Aug/2021:11:53:20 +0000] "GET /tour-details.php?id=1 HTTP/1.1" 200 29963 "-" "Mozilla/5.0 (compatible; bingbot/2.0; +http://www.bing.com/bingbot.htm)"
66.249.66.6 - - [04/Aug/2021:11:55:06 +0000] "GET / HTTP/1.1" 200 53222 "-" "Mozilla/5.0 (compatible; Googlebot/2.1; +http://www.google.com/bot.html)"
66.249.66.8 - - [04/Aug/2021:11:55:07 +0000] "GET / HTTP/1.1" 200 53222 "-" "Mozilla/5.0 (Linux; Android 6.0.1; Nexus 5X Build/MMB29P) AppleWebKit/537.36 (KHTML, like Gecko) Chrome/92.0.4515.119 Mobile Safari/537.36 (compatible; Googlebot/2.1; +http://www.google.com/bot.html)"
66.249.66.6 - - [04/Aug/2021:11:55:08 +0000] "GET / HTTP/1.1" 200 53222 "-" "Mozilla/5.0 (Linux; Android 6.0.1; Nexus 5X Build/MMB29P) AppleWebKit/537.36 (KHTML, like Gecko) Chrome/92.0.4515.119 Mobile Safari/537.36 (compatible; Googlebot/2.1; +http://www.google.com/bot.html)"
66.249.66.8 - - [04/Aug/2021:11:56:12 +0000] "GET /gen_validatorv4.js HTTP/1.1" 404 216 "https://www.naraintoursindia.com/" "Mozilla/5.0 (Linux; Android 6.0.1; Nexus 5X Build/MMB29P) AppleWebKit/537.36 (KHTML, like Gecko) Chrome/91.0.4472.90 Mobile Safari/537.36 (compatible; Googlebot/2.1; +http://www.google.com/bot.html)"
66.249.66.8 - - [04/Aug/2021:11:56:13 +0000] "GET /gen_validatorv4.js HTTP/1.1" 404 216 "https://www.naraintoursindia.com/" "Mozilla/5.0 (Linux; Android 6.0.1; Nexus 5X Build/MMB29P) AppleWebKit/537.36 (KHTML, like Gecko) Chrome/91.0.4472.90 Mobile Safari/537.36 (compatible; Googlebot/2.1; +http://www.google.com/bot.html)"
66.249.66.10 - - [04/Aug/2021:11:56:16 +0000] "GET /favicon.ico HTTP/1.1" 404 209 "-" "Googlebot-Image/1.0"
193.239.232.101 - - [04/Aug/2021:12:02:37 +0000] "GET /india-tours/rajasthan-tour-packages.html HTTP/1.1" 404 238 "http://www.naraintoursindia.com/india-tours/rajasthan-tour-packages.html" "Mozilla/5.0 (compatible; MSIE 10.0; Windows NT 6.1; WOW64; Trident/6.0)"
216.244.66.231 - - [04/Aug/2021:12:06:27 +0000] "GET /robots.txt HTTP/1.1" 404 208 "-" "Mozilla/5.0 (compatible; DotBot/1.2; +https://opensiteexplorer.org/dotbot; help@moz.com)"
216.244.66.231 - - [04/Aug/2021:12:06:27 +0000] "GET /robots.txt HTTP/1.1" 404 208 "-" "Mozilla/5.0 (compatible; DotBot/1.2; +https://opensiteexplorer.org/dotbot; help@moz.com)"
216.244.66.231 - - [04/Aug/2021:12:13:44 +0000] "GET /packages/india-tours/tour-details.php?id=74 HTTP/1.1" 404 235 "-" "Mozilla/5.0 (compatible; DotBot/1.2; +https://opensiteexplorer.org/dotbot; help@moz.com)"
17.121.114.201 - - [04/Aug/2021:12:17:30 +0000] "GET /robots.txt HTTP/1.1" 404 208 "-" "Mozilla/5.0 (Macintosh; Intel Mac OS X 10_15_5) AppleWebKit/605.1.15 (KHTML, like Gecko) Version/13.1.1 Safari/605.1.15 (Applebot/0.1; +http://www.apple.com/go/applebot)"
17.121.114.201 - - [04/Aug/2021:12:17:31 +0000] "GET /india-tours/india-wildlife-tour-packages.html HTTP/1.1" 404 243 "-" "Mozilla/5.0 (Macintosh; Intel Mac OS X 10_15_5) AppleWebKit/605.1.15 (KHTML, like Gecko) Version/13.1.1 Safari/605.1.15 (Applebot/0.1; +http://www.apple.com/go/applebot)"
66.249.66.16 - - [04/Aug/2021:12:18:08 +0000] "GET /packages.php?id=5 HTTP/1.1" 200 22688 "-" "Mozilla/5.0 (Linux; Android 6.0.1; Nexus 5X Build/MMB29P) AppleWebKit/537.36 (KHTML, like Gecko) Chrome/92.0.4515.119 Mobile Safari/537.36 (compatible; Googlebot/2.1; +http://www.google.com/bot.html)"
66.249.66.20 - - [04/Aug/2021:12:18:11 +0000] "GET /css/style.css HTTP/1.1" 200 178421 "http://www.naraintoursindia.com/packages.php?id=5" "Mozilla/5.0 (Linux; Android 6.0.1; Nexus 5X Build/MMB29P) AppleWebKit/537.36 (KHTML, like Gecko) Chrome/91.0.4472.90 Mobile Safari/537.36 (compatible; Googlebot/2.1; +http://www.google.com/bot.html)"
66.249.66.16 - - [04/Aug/2021:12:18:12 +0000] "GET /css/font-awesome.min.css HTTP/1.1" 200 31024 "http://www.naraintoursindia.com/packages.php?id=5" "Mozilla/5.0 (Linux; Android 6.0.1; Nexus 5X Build/MMB29P) AppleWebKit/537.36 (KHTML, like Gecko) Chrome/91.0.4472.90 Mobile Safari/537.36 (compatible; Googlebot/2.1; +http://www.google.com/bot.html)"
66.249.66.18 - - [04/Aug/2021:12:18:13 +0000] "GET /js/materialize.min.js HTTP/1.1" 200 148768 "http://www.naraintoursindia.com/packages.php?id=5" "Mozilla/5.0 (Linux; Android 6.0.1; Nexus 5X Build/MMB29P) AppleWebKit/537.36 (KHTML, like Gecko) Chrome/91.0.4472.90 Mobile Safari/537.36 (compatible; Googlebot/2.1; +http://www.google.com/bot.html)"
66.249.66.16 - - [04/Aug/2021:12:18:14 +0000] "GET /js/bootstrap.js HTTP/1.1" 200 47030 "http://www.naraintoursindia.com/packages.php?id=5" "Mozilla/5.0 (Linux; Android 6.0.1; Nexus 5X Build/MMB29P) AppleWebKit/537.36 (KHTML, like Gecko) Chrome/91.0.4472.90 Mobile Safari/537.36 (compatible; Googlebot/2.1; +http://www.google.com/bot.html)"
66.249.66.16 - - [04/Aug/2021:12:18:42 +0000] "GET /packages.php?id=8 HTTP/1.1" 200 24658 "-" "Mozilla/5.0 (Linux; Android 6.0.1; Nexus 5X Build/MMB29P) AppleWebKit/537.36 (KHTML, like Gecko) Chrome/92.0.4515.119 Mobile Safari/537.36 (compatible; Googlebot/2.1; +http://www.google.com/bot.html)"
66.249.66.16 - - [04/Aug/2021:12:18:45 +0000] "GET /js/custom.js HTTP/1.1" 200 7402 "http://www.naraintoursindia.com/packages.php?id=8" "Mozilla/5.0 (Linux; Android 6.0.1; Nexus 5X Build/MMB29P) AppleWebKit/537.36 (KHTML, like Gecko) Chrome/91.0.4472.90 Mobile Safari/537.36 (compatible; Googlebot/2.1; +http://www.google.com/bot.html)"
66.249.66.221 - - [04/Aug/2021:12:19:11 +0000] "GET /nainital-weekend-tour.html HTTP/1.1" 404 224 "-" "Mozilla/5.0 (Linux; Android 6.0.1; Nexus 5X Build/MMB29P) AppleWebKit/537.36 (KHTML, like Gecko) Chrome/92.0.4515.119 Mobile Safari/537.36 (compatible; Googlebot/2.1; +http://www.google.com/bot.html)"
66.249.66.10 - - [04/Aug/2021:12:20:19 +0000] "GET /tour-details.php?id=7 HTTP/1.1" 200 27891 "-" "Mozilla/5.0 (Linux; Android 6.0.1; Nexus 5X Build/MMB29P) AppleWebKit/537.36 (KHTML, like Gecko) Chrome/92.0.4515.119 Mobile Safari/537.36 (compatible; Googlebot/2.1; +http://www.google.com/bot.html)"
66.249.66.6 - - [04/Aug/2021:12:20:55 +0000] "GET /tour-details.php?id=45 HTTP/1.1" 200 28710 "-" "Mozilla/5.0 (Linux; Android 6.0.1; Nexus 5X Build/MMB29P) AppleWebKit/537.36 (KHTML, like Gecko) Chrome/92.0.4515.119 Mobile Safari/537.36 (compatible; Googlebot/2.1; +http://www.google.com/bot.html)"
66.249.66.8 - - [04/Aug/2021:12:21:52 +0000] "GET /tour-details.php?id=27 HTTP/1.1" 200 27471 "-" "Mozilla/5.0 (Linux; Android 6.0.1; Nexus 5X Build/MMB29P) AppleWebKit/537.36 (KHTML, like Gecko) Chrome/92.0.4515.119 Mobile Safari/537.36 (compatible; Googlebot/2.1; +http://www.google.com/bot.html)"
66.249.66.8 - - [04/Aug/2021:12:22:23 +0000] "GET /tour-details.php?id=24 HTTP/1.1" 200 22906 "-" "Mozilla/5.0 (Linux; Android 6.0.1; Nexus 5X Build/MMB29P) AppleWebKit/537.36 (KHTML, like Gecko) Chrome/92.0.4515.119 Mobile Safari/537.36 (compatible; Googlebot/2.1; +http://www.google.com/bot.html)"
66.249.66.16 - - [04/Aug/2021:12:22:51 +0000] "GET /weekend-package.php HTTP/1.1" 200 27140 "-" "Mozilla/5.0 (Linux; Android 6.0.1; Nexus 5X Build/MMB29P) AppleWebKit/537.36 (KHTML, like Gecko) Chrome/92.0.4515.119 Mobile Safari/537.36 (compatible; Googlebot/2.1; +http://www.google.com/bot.html)"
66.249.72.89 - - [04/Aug/2021:12:22:54 +0000] "GET /js/bootstrap.js HTTP/1.1" 200 47030 "http://www.naraintoursindia.com/weekend-package.php" "Mozilla/5.0 (Linux; Android 6.0.1; Nexus 5X Build/MMB29P) AppleWebKit/537.36 (KHTML, like Gecko) Chrome/91.0.4472.90 Mobile Safari/537.36 (compatible; Googlebot/2.1; +http://www.google.com/bot.html)"
66.249.66.6 - - [04/Aug/2021:12:23:36 +0000] "GET /tour-details.php?id=25 HTTP/1.1" 200 30040 "-" "Mozilla/5.0 (Linux; Android 6.0.1; Nexus 5X Build/MMB29P) AppleWebKit/537.36 (KHTML, like Gecko) Chrome/92.0.4515.119 Mobile Safari/537.36 (compatible; Googlebot/2.1; +http://www.google.com/bot.html)"
66.249.66.16 - - [04/Aug/2021:12:24:00 +0000] "GET /booking.php?tourname=Nainital%20Weekend%20Tour HTTP/1.1" 200 18339 "-" "Mozilla/5.0 (Linux; Android 6.0.1; Nexus 5X Build/MMB29P) AppleWebKit/537.36 (KHTML, like Gecko) Chrome/92.0.4515.119 Mobile Safari/537.36 (compatible; Googlebot/2.1; +http://www.google.com/bot.html)"
66.249.66.20 - - [04/Aug/2021:12:27:04 +0000] "GET /js/wow.min.js HTTP/1.1" 200 4232 "http://www.naraintoursindia.com/booking.php?tourname=Nainital%20Weekend%20Tour" "Mozilla/5.0 (Linux; Android 6.0.1; Nexus 5X Build/MMB29P) AppleWebKit/537.36 (KHTML, like Gecko) Chrome/91.0.4472.90 Mobile Safari/537.36 (compatible; Googlebot/2.1; +http://www.google.com/bot.html)"
216.244.66.231 - - [04/Aug/2021:12:34:13 +0000] "GET /booknow.php?package_name=Panoramic%20Ladakh%20Tour HTTP/1.1" 404 209 "-" "Mozilla/5.0 (compatible; DotBot/1.2; +https://opensiteexplorer.org/dotbot; help@moz.com)"
216.244.66.231 - - [04/Aug/2021:12:34:18 +0000] "GET /booknow.php?package_name=Shimla%20Manali%20Tour HTTP/1.1" 404 209 "-" "Mozilla/5.0 (compatible; DotBot/1.2; +https://opensiteexplorer.org/dotbot; help@moz.com)"
66.249.66.223 - - [04/Aug/2021:12:35:11 +0000] "GET /delhi-corbett-weekend-tour-package.html HTTP/1.1" 404 237 "-" "Mozilla/5.0 (Linux; Android 6.0.1; Nexus 5X Build/MMB29P) AppleWebKit/537.36 (KHTML, like Gecko) Chrome/92.0.4515.119 Mobile Safari/537.36 (compatible; Googlebot/2.1; +http://www.google.com/bot.html)"
207.46.13.139 - - [04/Aug/2021:12:46:18 +0000] "GET /4-days-nainital-tour-package.html/js/html5shiv.js HTTP/1.1" 404 247 "-" "Mozilla/5.0 (compatible; MSIE 9.0; Windows NT 6.1; Trident/5.0)"
54.36.148.117 - - [04/Aug/2021:12:49:14 +0000] "GET /places/Pangong-lake-sightseeing.html HTTP/1.1" 404 234 "-" "Mozilla/5.0 (compatible; AhrefsBot/7.0; +http://ahrefs.com/robot/)"
185.191.171.24 - - [04/Aug/2021:13:03:48 +0000] "GET /robots.txt HTTP/1.1" 404 208 "-" "Mozilla/5.0 (compatible; SemrushBot/7~bl; +http://www.semrush.com/bot.html)"
185.191.171.8 - - [04/Aug/2021:13:03:49 +0000] "GET /place-details.php?id=44 HTTP/1.1" 200 17013 "-" "Mozilla/5.0 (compatible; SemrushBot/7~bl; +http://www.semrush.com/bot.html)"
13.212.170.23 - - [04/Aug/2021:13:16:48 +0000] "GET / HTTP/1.1" 200 53222 "https://www.google.com/" "Mozilla/5.0 (Windows NT 10.0; Win64; x64) AppleWebKit/537.36 (KHTML, like Gecko) Chrome/91.0.4472.106 Safari/537.36"
66.249.93.108 - - [04/Aug/2021:13:17:21 +0000] "GET / HTTP/1.1" 200 53222 "-" "Mozilla/5.0 (X11; Linux x86_64) AppleWebKit/537.36 (KHTML, like Gecko) Chrome/49.0.2623.75 Safari/537.36 Google Favicon"
66.249.93.106 - - [04/Aug/2021:13:17:22 +0000] "GET /images/fav.ico HTTP/1.1" 200 4286 "-" "Mozilla/5.0 (X11; Linux x86_64) AppleWebKit/537.36 (KHTML, like Gecko) Chrome/49.0.2623.75 Safari/537.36 Google Favicon"
66.249.66.20 - - [04/Aug/2021:13:27:22 +0000] "GET /delhi-corbett-weekend-tour-package.html?_escaped_fragment_= HTTP/1.1" 404 237 "-" "Mozilla/5.0 (Linux; Android 6.0.1; Nexus 5X Build/MMB29P) AppleWebKit/537.36 (KHTML, like Gecko) Chrome/92.0.4515.119 Mobile Safari/537.36 (compatible; Googlebot/2.1; +http://www.google.com/bot.html)"
66.249.66.221 - - [04/Aug/2021:13:31:11 +0000] "GET /india-tours/ladakh-tour-packages.html HTTP/1.1" 404 235 "-" "Mozilla/5.0 (Linux; Android 6.0.1; Nexus 5X Build/MMB29P) AppleWebKit/537.36 (KHTML, like Gecko) Chrome/92.0.4515.119 Mobile Safari/537.36 (compatible; Googlebot/2.1; +http://www.google.com/bot.html)"
157.55.39.132 - - [04/Aug/2021:13:36:12 +0000] "GET / HTTP/1.1" 200 53222 "-" "Mozilla/5.0 (compatible; bingbot/2.0; +http://www.bing.com/bingbot.htm)"
54.36.148.221 - - [04/Aug/2021:13:39:56 +0000] "GET /panoramic-ladakh-tour.html HTTP/1.1" 404 224 "-" "Mozilla/5.0 (compatible; AhrefsBot/7.0; +http://ahrefs.com/robot/)"
157.55.39.75 - - [04/Aug/2021:13:40:41 +0000] "GET /galleryimg/9587808ladakh%201.jpg HTTP/1.1" 200 12534 "-" "Mozilla/5.0 (compatible; bingbot/2.0; +http://www.bing.com/bingbot.htm)"
157.55.39.28 - - [04/Aug/2021:13:41:15 +0000] "GET /galleryimg/11489783%20days%20Varanasi%20Tour%20Package.jpg HTTP/1.1" 404 248 "-" "Mozilla/5.0 (compatible; bingbot/2.0; +http://www.bing.com/bingbot.htm)"
216.244.66.231 - - [04/Aug/2021:13:44:22 +0000] "GET /robots.txt HTTP/1.1" 404 208 "-" "Mozilla/5.0 (compatible; DotBot/1.2; +https://opensiteexplorer.org/dotbot; help@moz.com)"
216.244.66.231 - - [04/Aug/2021:13:44:22 +0000] "GET /robots.txt HTTP/1.1" 404 208 "-" "Mozilla/5.0 (compatible; DotBot/1.2; +https://opensiteexplorer.org/dotbot; help@moz.com)"
207.46.13.44 - - [04/Aug/2021:13:46:15 +0000] "GET /robots.txt HTTP/1.1" 404 208 "-" "Mozilla/5.0 (compatible; bingbot/2.0; +http://www.bing.com/bingbot.htm)"
157.55.39.132 - - [04/Aug/2021:13:46:21 +0000] "GET / HTTP/1.1" 200 53222 "-" "Mozilla/5.0 (compatible; bingbot/2.0; +http://www.bing.com/bingbot.htm)"
40.77.191.242 - - [04/Aug/2021:13:46:26 +0000] "GET /css/font-awesome.min.css HTTP/1.1" 200 31024 "http://www.naraintoursindia.com/" "Mozilla/5.0 (Windows NT 6.1; WOW64) AppleWebKit/534+ (KHTML, like Gecko) BingPreview/1.0b"
40.77.191.242 - - [04/Aug/2021:13:46:26 +0000] "GET /css/mob.css HTTP/1.1" 200 18323 "http://www.naraintoursindia.com/" "Mozilla/5.0 (Windows NT 6.1; WOW64) AppleWebKit/534+ (KHTML, like Gecko) BingPreview/1.0b"
40.77.191.242 - - [04/Aug/2021:13:46:26 +0000] "GET /css/animate.css HTTP/1.1" 200 77818 "http://www.naraintoursindia.com/" "Mozilla/5.0 (Windows NT 6.1; WOW64) AppleWebKit/534+ (KHTML, like Gecko) BingPreview/1.0b"
40.77.191.242 - - [04/Aug/2021:13:46:26 +0000] "GET /gen_validatorv31.js HTTP/1.1" 200 18847 "http://www.naraintoursindia.com/" "Mozilla/5.0 (Windows NT 6.1; WOW64) AppleWebKit/534+ (KHTML, like Gecko) BingPreview/1.0b"
40.77.191.242 - - [04/Aug/2021:13:46:26 +0000] "GET /css/materialize.css HTTP/1.1" 200 169755 "http://www.naraintoursindia.com/" "Mozilla/5.0 (Windows NT 6.1; WOW64) AppleWebKit/534+ (KHTML, like Gecko) BingPreview/1.0b"
40.77.191.242 - - [04/Aug/2021:13:46:26 +0000] "GET /css/style.css HTTP/1.1" 200 178421 "http://www.naraintoursindia.com/" "Mozilla/5.0 (Windows NT 6.1; WOW64) AppleWebKit/534+ (KHTML, like Gecko) BingPreview/1.0b"
40.77.191.242 - - [04/Aug/2021:13:46:26 +0000] "GET /css/bootstrap.css HTTP/1.1" 200 152814 "http://www.naraintoursindia.com/" "Mozilla/5.0 (Windows NT 6.1; WOW64) AppleWebKit/534+ (KHTML, like Gecko) BingPreview/1.0b"
40.77.191.242 - - [04/Aug/2021:13:46:26 +0000] "GET /gen_validatorv4.js HTTP/1.1" 404 216 "http://www.naraintoursindia.com/" "Mozilla/5.0 (Windows NT 6.1; WOW64) AppleWebKit/534+ (KHTML, like Gecko) BingPreview/1.0b"
40.77.191.242 - - [04/Aug/2021:13:46:27 +0000] "GET /js/bootstrap.js HTTP/1.1" 200 47030 "http://www.naraintoursindia.com/" "Mozilla/5.0 (Windows NT 6.1; WOW64) AppleWebKit/534+ (KHTML, like Gecko) BingPreview/1.0b"
40.77.191.242 - - [04/Aug/2021:13:46:27 +0000] "GET /js/wow.min.js HTTP/1.1" 200 4232 "http://www.naraintoursindia.com/" "Mozilla/5.0 (Windows NT 6.1; WOW64) AppleWebKit/534+ (KHTML, like Gecko) BingPreview/1.0b"
40.77.191.242 - - [04/Aug/2021:13:46:27 +0000] "GET /js/jquery-latest.min.js HTTP/1.1" 200 86351 "http://www.naraintoursindia.com/" "Mozilla/5.0 (Windows NT 6.1; WOW64) AppleWebKit/534+ (KHTML, like Gecko) BingPreview/1.0b"
40.77.191.242 - - [04/Aug/2021:13:46:27 +0000] "GET /js/custom.js HTTP/1.1" 200 7402 "http://www.naraintoursindia.com/" "Mozilla/5.0 (Windows NT 6.1; WOW64) AppleWebKit/534+ (KHTML, like Gecko) BingPreview/1.0b"
40.77.191.242 - - [04/Aug/2021:13:46:27 +0000] "GET /js/materialize.min.js HTTP/1.1" 200 148768 "http://www.naraintoursindia.com/" "Mozilla/5.0 (Windows NT 6.1; WOW64) AppleWebKit/534+ (KHTML, like Gecko) BingPreview/1.0b"
40.77.191.242 - - [04/Aug/2021:13:46:29 +0000] "GET /fonts/fontawesome-webfont3e6e.woff2?v=4.7.0 HTTP/1.1" 200 77160 "http://www.naraintoursindia.com/css/font-awesome.min.css" "Mozilla/5.0 (Windows NT 6.1; WOW64) AppleWebKit/534+ (KHTML, like Gecko) BingPreview/1.0b"
66.249.66.8 - - [04/Aug/2021:13:47:11 +0000] "GET /ladakh-bike-tour.html HTTP/1.1" 404 219 "-" "Mozilla/5.0 (Linux; Android 6.0.1; Nexus 5X Build/MMB29P) AppleWebKit/537.36 (KHTML, like Gecko) Chrome/92.0.4515.119 Mobile Safari/537.36 (compatible; Googlebot/2.1; +http://www.google.com/bot.html)"
216.244.66.231 - - [04/Aug/2021:13:51:12 +0000] "GET /packages/india-tours/tour-details.php?id=83 HTTP/1.1" 404 235 "-" "Mozilla/5.0 (compatible; DotBot/1.2; +https://opensiteexplorer.org/dotbot; help@moz.com)"
216.244.66.231 - - [04/Aug/2021:13:51:45 +0000] "GET /booking.php?tourname=Magnificent%20Shimla%20Manali%20Tour HTTP/1.1" 200 18339 "-" "Mozilla/5.0 (compatible; DotBot/1.2; +https://opensiteexplorer.org/dotbot; help@moz.com)"
173.252.127.6 - - [04/Aug/2021:13:52:15 +0000] "GET /galleryimg/4045040Leh-Ladakh-Bike-Trip-2.jpg HTTP/1.1" 404 242 "-" "facebookexternalhit/1.1 (+http://www.facebook.com/externalhit_uatext.php)"
173.252.111.19 - - [04/Aug/2021:13:52:20 +0000] "GET /ladakh-bike-tour.html HTTP/1.1" 404 219 "-" "facebookexternalhit/1.1 (+http://www.facebook.com/externalhit_uatext.php)"
173.252.111.19 - - [04/Aug/2021:13:52:20 +0000] "GET /ladakh-bike-tour.html HTTP/1.1" 404 219 "-" "facebookexternalhit/1.1 (+http://www.facebook.com/externalhit_uatext.php)"
173.252.111.22 - - [04/Aug/2021:13:52:20 +0000] "GET /6-days-shimla-manali-tour-packages.html HTTP/1.1" 404 237 "-" "facebookexternalhit/1.1 (+http://www.facebook.com/externalhit_uatext.php)"
173.252.111.18 - - [04/Aug/2021:13:52:20 +0000] "GET /india-tours/ladakh-tour-packages.html HTTP/1.1" 404 235 "-" "facebookexternalhit/1.1 (+http://www.facebook.com/externalhit_uatext.php)"
