35.185.88.137 - - [03/Aug/2021:09:04:01 +0000] "GET /india-tours/honeymoon-tour-packages.html HTTP/1.0" 404 238 "-" "ZoominfoBot (zoominfobot at zoominfo dot com)"
35.185.88.137 - - [03/Aug/2021:09:05:23 +0000] "GET /robots.txt HTTP/1.0" 404 208 "-" "ZoominfoBot (zoominfobot at zoominfo dot com)"
35.185.88.137 - - [03/Aug/2021:09:05:24 +0000] "GET /booking-sight-seeing.php HTTP/1.0" 200 19374 "-" "ZoominfoBot (zoominfobot at zoominfo dot com)"
35.185.88.137 - - [03/Aug/2021:09:10:02 +0000] "GET /booking.php HTTP/1.0" 200 18339 "-" "ZoominfoBot (zoominfobot at zoominfo dot com)"
35.185.88.137 - - [03/Aug/2021:09:12:50 +0000] "GET /weekend-package.php HTTP/1.0" 200 27140 "-" "ZoominfoBot (zoominfobot at zoominfo dot com)"
35.185.88.137 - - [03/Aug/2021:09:13:10 +0000] "GET /india-tours/himachal-tour-packages.html HTTP/1.0" 404 237 "-" "ZoominfoBot (zoominfobot at zoominfo dot com)"
35.185.88.137 - - [03/Aug/2021:09:13:28 +0000] "GET /booking-car-rentals.php HTTP/1.0" 200 25499 "-" "ZoominfoBot (zoominfobot at zoominfo dot com)"
66.249.66.8 - - [03/Aug/2021:09:17:46 +0000] "GET /shimla-weekend-tour-package.html HTTP/1.1" 404 230 "-" "Mozilla/5.0 (Linux; Android 6.0.1; Nexus 5X Build/MMB29P) AppleWebKit/537.36 (KHTML, like Gecko) Chrome/92.0.4515.119 Mobile Safari/537.36 (compatible; Googlebot/2.1; +http://www.google.com/bot.html)"
35.185.88.137 - - [03/Aug/2021:09:22:16 +0000] "GET /india-tours/ladakh-tour-packages.html HTTP/1.0" 404 235 "-" "ZoominfoBot (zoominfobot at zoominfo dot com)"
35.185.88.137 - - [03/Aug/2021:09:22:20 +0000] "GET /booking-hotel.php HTTP/1.0" 200 19437 "-" "ZoominfoBot (zoominfobot at zoominfo dot com)"
35.185.88.137 - - [03/Aug/2021:09:25:23 +0000] "GET /about-us.php HTTP/1.0" 200 19306 "-" "ZoominfoBot (zoominfobot at zoominfo dot com)"
207.46.13.41 - - [03/Aug/2021:09:26:32 +0000] "GET /shimla-weekend-tour-package.html HTTP/1.1" 404 230 "-" "Mozilla/5.0 (compatible; bingbot/2.0; +http://www.bing.com/bingbot.htm)"
35.185.88.137 - - [03/Aug/2021:09:28:27 +0000] "GET /booking-sight-seeing.php HTTP/1.0" 200 19374 "-" "ZoominfoBot (zoominfobot at zoominfo dot com)"
216.244.66.231 - - [03/Aug/2021:09:28:32 +0000] "GET /robots.txt HTTP/1.1" 404 208 "-" "Mozilla/5.0 (compatible; DotBot/1.2; +https://opensiteexplorer.org/dotbot; help@moz.com)"
35.185.88.137 - - [03/Aug/2021:09:28:38 +0000] "GET /booking-car-rentals.php HTTP/1.0" 200 25499 "-" "ZoominfoBot (zoominfobot at zoominfo dot com)"
35.185.88.137 - - [03/Aug/2021:09:32:28 +0000] "GET /index.php HTTP/1.0" 200 53222 "-" "ZoominfoBot (zoominfobot at zoominfo dot com)"
35.185.88.137 - - [03/Aug/2021:09:36:04 +0000] "GET /booking-tour-package.php HTTP/1.0" 200 24146 "-" "ZoominfoBot (zoominfobot at zoominfo dot com)"
216.244.66.231 - - [03/Aug/2021:09:36:13 +0000] "GET /packages/india-tours/tour-details.php?id=28 HTTP/1.1" 404 235 "-" "Mozilla/5.0 (compatible; DotBot/1.2; +https://opensiteexplorer.org/dotbot; help@moz.com)"
35.185.88.137 - - [03/Aug/2021:09:36:44 +0000] "GET /booking-sight-seeing.php HTTP/1.0" 200 19374 "-" "ZoominfoBot (zoominfobot at zoominfo dot com)"
35.185.88.137 - - [03/Aug/2021:09:37:10 +0000] "GET /contact-us.php HTTP/1.0" 200 16607 "-" "ZoominfoBot (zoominfobot at zoominfo dot com)"
54.36.148.34 - - [03/Aug/2021:09:37:35 +0000] "GET / HTTP/1.1" 200 53222 "-" "Mozilla/5.0 (compatible; AhrefsBot/7.0; +http://ahrefs.com/robot/)"
35.185.88.137 - - [03/Aug/2021:09:40:31 +0000] "GET /booking-tour-package.php HTTP/1.0" 200 24146 "-" "ZoominfoBot (zoominfobot at zoominfo dot com)"
216.244.66.231 - - [03/Aug/2021:09:41:46 +0000] "GET /booknow.php?package_name=Enchanting%20Himachal HTTP/1.1" 404 209 "-" "Mozilla/5.0 (compatible; DotBot/1.2; +https://opensiteexplorer.org/dotbot; help@moz.com)"
185.191.171.37 - - [03/Aug/2021:09:42:55 +0000] "GET /robots.txt HTTP/1.1" 404 208 "-" "Mozilla/5.0 (compatible; SemrushBot/7~bl; +http://www.semrush.com/bot.html)"
185.191.171.11 - - [03/Aug/2021:09:42:56 +0000] "GET /place-details.php?id=102 HTTP/1.1" 200 17019 "-" "Mozilla/5.0 (compatible; SemrushBot/7~bl; +http://www.semrush.com/bot.html)"
185.191.171.14 - - [03/Aug/2021:09:44:23 +0000] "GET /places/khardung-la-pass.html HTTP/1.1" 404 226 "-" "Mozilla/5.0 (compatible; SemrushBot/7~bl; +http://www.semrush.com/bot.html)"
216.244.66.231 - - [03/Aug/2021:09:44:40 +0000] "GET /booking.php?tourname=Shimla%20Manali%20Honeymoon%20Tour HTTP/1.1" 200 18339 "-" "Mozilla/5.0 (compatible; DotBot/1.2; +https://opensiteexplorer.org/dotbot; help@moz.com)"
35.185.88.137 - - [03/Aug/2021:09:48:16 +0000] "GET /india-tours/rajasthan-tour-packages.html HTTP/1.0" 404 238 "-" "ZoominfoBot (zoominfobot at zoominfo dot com)"
35.185.88.137 - - [03/Aug/2021:09:48:51 +0000] "GET /group-tours.php HTTP/1.0" 200 22985 "-" "ZoominfoBot (zoominfobot at zoominfo dot com)"
35.185.88.137 - - [03/Aug/2021:09:48:56 +0000] "GET /booking-hotel.php HTTP/1.0" 200 19437 "-" "ZoominfoBot (zoominfobot at zoominfo dot com)"
35.185.88.137 - - [03/Aug/2021:09:49:33 +0000] "GET /booking-hotel.php HTTP/1.0" 200 19437 "-" "ZoominfoBot (zoominfobot at zoominfo dot com)"
77.75.77.109 - - [03/Aug/2021:09:49:49 +0000] "GET /robots.txt HTTP/1.1" 404 208 "-" "Mozilla/5.0 (compatible; SeznamBot/3.2; +http://napoveda.seznam.cz/en/seznambot-intro/)"
77.75.77.109 - - [03/Aug/2021:09:49:51 +0000] "GET /galleryimg/5046392Ranthambore%20wildlife%20Tour.jpg HTTP/1.1" 404 245 "-" "Mozilla/5.0 (compatible; SeznamBot/3.2; +http://napoveda.seznam.cz/en/seznambot-intro/)"
35.185.88.137 - - [03/Aug/2021:09:50:03 +0000] "GET /booking-car-rentals.php HTTP/1.0" 200 25499 "-" "ZoominfoBot (zoominfobot at zoominfo dot com)"
35.185.88.137 - - [03/Aug/2021:09:51:56 +0000] "GET /india-tours/india-wildlife-tour-packages.html HTTP/1.0" 404 243 "-" "ZoominfoBot (zoominfobot at zoominfo dot com)"
35.185.88.137 - - [03/Aug/2021:09:52:29 +0000] "GET /contact-us.php HTTP/1.0" 200 16607 "-" "ZoominfoBot (zoominfobot at zoominfo dot com)"
35.185.88.137 - - [03/Aug/2021:09:57:48 +0000] "GET /india-tours/pilgrimage-tours.html HTTP/1.0" 404 231 "-" "ZoominfoBot (zoominfobot at zoominfo dot com)"
144.86.173.8 - - [03/Aug/2021:09:58:13 +0000] "GET / HTTP/1.1" 200 53222 "-" "Expanse, a Palo Alto Networks company, searches across the global IPv4 space multiple times per day to identify customers' presences on the Internet. If you would like to be excluded from our scans, please send IP addresses/domains to: scaninfo@paloaltonetworks.com"
66.249.66.223 - - [03/Aug/2021:10:01:13 +0000] "GET /manali-weekend-tour-packages.html HTTP/1.1" 404 231 "-" "Mozilla/5.0 (Linux; Android 6.0.1; Nexus 5X Build/MMB29P) AppleWebKit/537.36 (KHTML, like Gecko) Chrome/92.0.4515.119 Mobile Safari/537.36 (compatible; Googlebot/2.1; +http://www.google.com/bot.html)"
35.185.88.137 - - [03/Aug/2021:10:01:35 +0000] "GET /india-tours/golden-triangle-tour-packages.html HTTP/1.0" 404 244 "-" "ZoominfoBot (zoominfobot at zoominfo dot com)"
195.3.146.170 - - [03/Aug/2021:10:18:02 +0000] "GET / HTTP/1.1" 200 53222 "-" "curl/7.54.0"
195.3.146.170 - - [03/Aug/2021:10:18:03 +0000] "GET /mail/send.php HTTP/1.1" 404 211 "-" "curl/7.54.0"
216.244.66.231 - - [03/Aug/2021:10:18:05 +0000] "GET /robots.txt HTTP/1.1" 404 208 "-" "Mozilla/5.0 (compatible; DotBot/1.2; +https://opensiteexplorer.org/dotbot; help@moz.com)"
216.244.66.231 - - [03/Aug/2021:10:25:57 +0000] "GET /packages/india-tours/tour-details.php?id=85 HTTP/1.1" 404 235 "-" "Mozilla/5.0 (compatible; DotBot/1.2; +https://opensiteexplorer.org/dotbot; help@moz.com)"
216.244.66.231 - - [03/Aug/2021:10:26:25 +0000] "GET /himachal-tour.htm HTTP/1.1" 404 215 "-" "Mozilla/5.0 (compatible; DotBot/1.2; +https://opensiteexplorer.org/dotbot; help@moz.com)"
216.244.66.231 - - [03/Aug/2021:10:27:28 +0000] "GET /images/tips2.png HTTP/1.1" 200 750 "-" "Mozilla/5.0 (compatible; DotBot/1.2; +https://opensiteexplorer.org/dotbot; help@moz.com)"
54.36.148.228 - - [03/Aug/2021:10:37:28 +0000] "GET / HTTP/1.1" 200 53222 "-" "Mozilla/5.0 (compatible; AhrefsBot/7.0; +http://ahrefs.com/robot/)"
17.121.113.131 - - [03/Aug/2021:10:45:01 +0000] "GET /manali-weekend-tour-packages.html HTTP/1.1" 404 231 "-" "Mozilla/5.0 (Macintosh; Intel Mac OS X 10_15_5) AppleWebKit/605.1.15 (KHTML, like Gecko) Version/13.1.1 Safari/605.1.15 (Applebot/0.1; +http://www.apple.com/go/applebot)"
77.75.79.32 - - [03/Aug/2021:10:54:46 +0000] "GET /robots.txt HTTP/1.1" 404 208 "-" "Mozilla/5.0 (compatible; SeznamBot/3.2; +http://napoveda.seznam.cz/en/seznambot-intro/)"
77.75.79.32 - - [03/Aug/2021:10:54:48 +0000] "GET /galleryimg/8334097Jaipur-Weekend-Tour.jpg HTTP/1.1" 404 239 "-" "Mozilla/5.0 (compatible; SeznamBot/3.2; +http://napoveda.seznam.cz/en/seznambot-intro/)"
66.249.66.223 - - [03/Aug/2021:10:57:04 +0000] "GET /10-days-delhi-agra-jaipur-khajuraho-varanasi.html HTTP/1.1" 404 247 "-" "Mozilla/5.0 (Linux; Android 6.0.1; Nexus 5X Build/MMB29P) AppleWebKit/537.36 (KHTML, like Gecko) Chrome/92.0.4515.119 Mobile Safari/537.36 (compatible; Googlebot/2.1; +http://www.google.com/bot.html)"
213.61.215.54 - - [03/Aug/2021:11:02:46 +0000] "GET /thank-you.php HTTP/1.0" 404 211 "http://naraintoursindia.com/thank-you.php" "Mozilla/5.0 (Windows NT 6.1; WOW64) AppleWebKit/537.36 (KHTML, like Gecko) Chrome/90.0.4430.85 Safari/537.36"
213.61.215.54 - - [03/Aug/2021:11:02:47 +0000] "GET / HTTP/1.0" 200 53222 "http://naraintoursindia.com/" "Mozilla/5.0 (Windows NT 6.1; WOW64) AppleWebKit/537.36 (KHTML, like Gecko) Chrome/90.0.4430.85 Safari/537.36"
213.61.215.54 - - [03/Aug/2021:11:02:47 +0000] "POST /mail/send.php HTTP/1.0" 404 211 "http://naraintoursindia.com/" "Mozilla/5.0 (Windows NT 6.1; WOW64) AppleWebKit/537.36 (KHTML, like Gecko) Chrome/90.0.4430.85 Safari/537.36"
213.61.215.54 - - [03/Aug/2021:11:02:48 +0000] "GET / HTTP/1.0" 200 53222 "http://naraintoursindia.com/" "Mozilla/5.0 (Windows NT 6.1; WOW64) AppleWebKit/537.36 (KHTML, like Gecko) Chrome/90.0.4430.85 Safari/537.36"
54.36.148.196 - - [03/Aug/2021:11:04:29 +0000] "GET / HTTP/1.1" 200 53222 "-" "Mozilla/5.0 (compatible; AhrefsBot/7.0; +http://ahrefs.com/robot/)"
66.249.66.223 - - [03/Aug/2021:11:07:06 +0000] "GET /7days-ladakh-bike-tour.html HTTP/1.1" 404 225 "-" "Mozilla/5.0 (Linux; Android 6.0.1; Nexus 5X Build/MMB29P) AppleWebKit/537.36 (KHTML, like Gecko) Chrome/92.0.4515.119 Mobile Safari/537.36 (compatible; Googlebot/2.1; +http://www.google.com/bot.html)"
216.244.66.231 - - [03/Aug/2021:11:07:18 +0000] "GET /robots.txt HTTP/1.1" 404 208 "-" "Mozilla/5.0 (compatible; DotBot/1.2; +https://opensiteexplorer.org/dotbot; help@moz.com)"
66.249.66.8 - - [03/Aug/2021:11:09:29 +0000] "GET /shimla-weekend-tour-package.html HTTP/1.1" 404 230 "-" "Mozilla/5.0 (Linux; Android 6.0.1; Nexus 5X Build/MMB29P) AppleWebKit/537.36 (KHTML, like Gecko) Chrome/92.0.4515.119 Mobile Safari/537.36 (compatible; Googlebot/2.1; +http://www.google.com/bot.html)"
185.191.171.17 - - [03/Aug/2021:11:12:42 +0000] "GET /robots.txt HTTP/1.1" 404 208 "-" "Mozilla/5.0 (compatible; SemrushBot/7~bl; +http://www.semrush.com/bot.html)"
185.191.171.14 - - [03/Aug/2021:11:12:43 +0000] "GET /booking.php?tourname=Kashmir%20Tour%20Package HTTP/1.1" 200 18339 "-" "Mozilla/5.0 (compatible; SemrushBot/7~bl; +http://www.semrush.com/bot.html)"
216.244.66.231 - - [03/Aug/2021:11:15:14 +0000] "GET /india-tours/south-India-tour-packages.html HTTP/1.1" 404 240 "-" "Mozilla/5.0 (compatible; DotBot/1.2; +https://opensiteexplorer.org/dotbot; help@moz.com)"
66.249.66.192 - - [03/Aug/2021:11:21:54 +0000] "GET /14days-wildlife-safari-tour.html?page=2 HTTP/1.1" 404 230 "-" "Mozilla/5.0 (Linux; Android 6.0.1; Nexus 5X Build/MMB29P) AppleWebKit/537.36 (KHTML, like Gecko) Chrome/92.0.4515.119 Mobile Safari/537.36 (compatible; Googlebot/2.1; +http://www.google.com/bot.html)"
54.36.149.75 - - [03/Aug/2021:11:31:54 +0000] "GET /booking.php?tourname=Himachal%20Pradesh%20Tour HTTP/1.1" 200 18339 "-" "Mozilla/5.0 (compatible; AhrefsBot/7.0; +http://ahrefs.com/robot/)"
67.205.42.180 - - [03/Aug/2021:11:38:37 +0000] "GET /wp-login.php HTTP/1.1" 404 210 "-" "Mozilla/5.0 (X11; Ubuntu; Linux x86_64; rv:62.0) Gecko/20100101 Firefox/62.0"
157.55.39.150 - - [03/Aug/2021:11:43:59 +0000] "GET /galleryimg/3183045Trip%20to%20Ladakh.jpg HTTP/1.1" 404 234 "-" "Mozilla/5.0 (compatible; bingbot/2.0; +http://www.bing.com/bingbot.htm)"
212.102.33.143 - - [03/Aug/2021:11:45:07 +0000] "GET / HTTP/1.1" 200 53222 "https://www.naraintoursindia.com" "Mozilla/5.0 (Windows NT 10.0; Win64; x64) AppleWebKit/537.36 (KHTML, like Gecko) Chrome/62.0.3202.94 Safari/537.36"
212.102.33.143 - - [03/Aug/2021:11:45:13 +0000] "POST /mail/send.php HTTP/1.1" 404 211 "https://www.naraintoursindia.com" "Mozilla/5.0 (Windows NT 10.0; Win64; x64) AppleWebKit/537.36 (KHTML, like Gecko) Chrome/62.0.3202.94 Safari/537.36"
77.75.76.162 - - [03/Aug/2021:11:50:07 +0000] "GET /robots.txt HTTP/1.1" 404 208 "-" "Mozilla/5.0 (compatible; SeznamBot/3.2; +http://napoveda.seznam.cz/en/seznambot-intro/)"
77.75.76.162 - - [03/Aug/2021:11:50:08 +0000] "GET /galleryimg/8163285pushkar.jpg HTTP/1.1" 304 - "-" "Mozilla/5.0 (compatible; SeznamBot/3.2; +http://napoveda.seznam.cz/en/seznambot-intro/)"
216.244.66.231 - - [03/Aug/2021:11:56:16 +0000] "GET /robots.txt HTTP/1.1" 404 208 "-" "Mozilla/5.0 (compatible; DotBot/1.2; +https://opensiteexplorer.org/dotbot; help@moz.com)"
185.191.171.5 - - [03/Aug/2021:11:56:18 +0000] "GET /tour-details.php?id=4 HTTP/1.1" 200 29574 "-" "Mozilla/5.0 (compatible; SemrushBot/7~bl; +http://www.semrush.com/bot.html)"
138.201.255.235 - - [03/Aug/2021:11:56:44 +0000] "GET /robots.txt HTTP/1.1" 404 208 "-" "Mozilla/5.0 (compatible; SEOkicks; +https://www.seokicks.de/robot.html)"
138.201.255.235 - - [03/Aug/2021:11:56:44 +0000] "GET /robots.txt HTTP/1.1" 404 208 "-" "Mozilla/5.0 (compatible; SEOkicks; +https://www.seokicks.de/robot.html)"
138.201.255.235 - - [03/Aug/2021:11:56:44 +0000] "GET /robots.txt HTTP/1.1" 404 208 "-" "Mozilla/5.0 (compatible; SEOkicks; +https://www.seokicks.de/robot.html)"
207.46.13.55 - - [03/Aug/2021:11:56:46 +0000] "GET /india-tours/js/bootstrap.js HTTP/1.1" 404 225 "-" "Mozilla/5.0 (compatible; bingbot/2.0; +http://www.bing.com/bingbot.htm)"
207.46.13.55 - - [03/Aug/2021:11:56:46 +0000] "GET /india-tours/js/materialize.min.js HTTP/1.1" 404 231 "-" "Mozilla/5.0 (compatible; bingbot/2.0; +http://www.bing.com/bingbot.htm)"
138.201.255.235 - - [03/Aug/2021:11:56:46 +0000] "GET /india-tours/kerala-tour-package.html HTTP/1.1" 404 234 "-" "Mozilla/5.0 (compatible; SEOkicks; +https://www.seokicks.de/robot.html)"
138.201.255.235 - - [03/Aug/2021:11:56:47 +0000] "GET / HTTP/1.1" 200 53222 "-" "Mozilla/5.0 (compatible; SEOkicks; +https://www.seokicks.de/robot.html)"
138.201.255.235 - - [03/Aug/2021:11:56:47 +0000] "GET / HTTP/1.1" 200 53222 "-" "Mozilla/5.0 (compatible; SEOkicks; +https://www.seokicks.de/robot.html)"
157.55.39.75 - - [03/Aug/2021:11:56:48 +0000] "GET /india-tours/css/style.css HTTP/1.1" 404 223 "-" "Mozilla/5.0 (compatible; bingbot/2.0; +http://www.bing.com/bingbot.htm)"
157.55.39.28 - - [03/Aug/2021:11:56:49 +0000] "GET /india-tours/css/bootstrap.css HTTP/1.1" 404 227 "-" "Mozilla/5.0 (compatible; bingbot/2.0; +http://www.bing.com/bingbot.htm)"
138.201.255.235 - - [03/Aug/2021:11:56:49 +0000] "GET /group-tours.php HTTP/1.1" 200 22985 "-" "Mozilla/5.0 (compatible; SEOkicks; +https://www.seokicks.de/robot.html)"
157.55.39.160 - - [03/Aug/2021:11:56:50 +0000] "GET /india-tours/css/font-awesome.min.css HTTP/1.1" 404 234 "-" "Mozilla/5.0 (compatible; bingbot/2.0; +http://www.bing.com/bingbot.htm)"
157.55.39.160 - - [03/Aug/2021:11:56:50 +0000] "GET /india-tours/css/mob.css HTTP/1.1" 404 221 "-" "Mozilla/5.0 (compatible; bingbot/2.0; +http://www.bing.com/bingbot.htm)"
157.55.39.160 - - [03/Aug/2021:11:56:50 +0000] "GET /india-tours/gen_validatorv4.js HTTP/1.1" 404 228 "-" "Mozilla/5.0 (compatible; bingbot/2.0; +http://www.bing.com/bingbot.htm)"
138.201.255.235 - - [03/Aug/2021:11:56:51 +0000] "GET /sitemap.xml HTTP/1.1" 404 209 "-" "Mozilla/5.0 (compatible; SEOkicks; +https://www.seokicks.de/robot.html)"
157.55.39.160 - - [03/Aug/2021:11:56:51 +0000] "GET /india-tours/js/custom.js HTTP/1.1" 404 222 "-" "Mozilla/5.0 (compatible; bingbot/2.0; +http://www.bing.com/bingbot.htm)"
138.201.255.235 - - [03/Aug/2021:11:56:51 +0000] "GET /sitemap.xml HTTP/1.1" 404 209 "-" "Mozilla/5.0 (compatible; SEOkicks; +https://www.seokicks.de/robot.html)"
138.201.255.235 - - [03/Aug/2021:11:56:52 +0000] "GET /kerala-with-golden-triangle-group-tour.html HTTP/1.1" 404 241 "-" "Mozilla/5.0 (compatible; SEOkicks; +https://www.seokicks.de/robot.html)"
138.201.255.235 - - [03/Aug/2021:11:56:54 +0000] "GET /india-tours/kerala-tour-package.html HTTP/1.1" 404 234 "-" "Mozilla/5.0 (compatible; SEOkicks; +https://www.seokicks.de/robot.html)"
207.46.13.94 - - [03/Aug/2021:11:56:54 +0000] "GET /india-tours/js/jquery-latest.min.js HTTP/1.1" 404 233 "-" "Mozilla/5.0 (compatible; bingbot/2.0; +http://www.bing.com/bingbot.htm)"
138.201.255.235 - - [03/Aug/2021:11:56:54 +0000] "GET /kerala-tour.html HTTP/1.1" 404 214 "-" "Mozilla/5.0 (compatible; SEOkicks; +https://www.seokicks.de/robot.html)"
207.46.13.139 - - [03/Aug/2021:11:56:55 +0000] "GET /india-tours/css/animate.css HTTP/1.1" 404 225 "-" "Mozilla/5.0 (compatible; bingbot/2.0; +http://www.bing.com/bingbot.htm)"
207.46.13.139 - - [03/Aug/2021:11:56:55 +0000] "GET /india-tours/css/materialize.css HTTP/1.1" 404 229 "-" "Mozilla/5.0 (compatible; bingbot/2.0; +http://www.bing.com/bingbot.htm)"
138.201.255.235 - - [03/Aug/2021:11:56:55 +0000] "GET /char-dham-yatra-packages.htm HTTP/1.1" 404 226 "-" "Mozilla/5.0 (compatible; SEOkicks; +https://www.seokicks.de/robot.html)"
138.201.255.235 - - [03/Aug/2021:11:56:57 +0000] "GET /india-tours/ladakh-tour-packages.html HTTP/1.1" 404 235 "-" "Mozilla/5.0 (compatible; SEOkicks; +https://www.seokicks.de/robot.html)"
138.201.255.235 - - [03/Aug/2021:11:56:57 +0000] "GET /ladakh-tour-package.html HTTP/1.1" 404 222 "-" "Mozilla/5.0 (compatible; SEOkicks; +https://www.seokicks.de/robot.html)"
138.201.255.235 - - [03/Aug/2021:11:56:59 +0000] "GET /Agra-tour.html HTTP/1.1" 404 212 "-" "Mozilla/5.0 (compatible; SEOkicks; +https://www.seokicks.de/robot.html)"
157.55.39.75 - - [03/Aug/2021:11:57:00 +0000] "GET /india-tours/js/wow.min.js HTTP/1.1" 404 223 "-" "Mozilla/5.0 (compatible; bingbot/2.0; +http://www.bing.com/bingbot.htm)"
138.201.255.235 - - [03/Aug/2021:11:57:01 +0000] "GET /index.php HTTP/1.1" 200 53222 "https://naraintoursindia.com/" "Mozilla/5.0 (compatible; SEOkicks; +https://www.seokicks.de/robot.html)"
138.201.255.235 - - [03/Aug/2021:11:57:01 +0000] "GET /index.php HTTP/1.1" 200 53222 "https://www.naraintoursindia.com/" "Mozilla/5.0 (compatible; SEOkicks; +https://www.seokicks.de/robot.html)"
138.201.255.235 - - [03/Aug/2021:11:57:02 +0000] "GET /india-tours/ladakh-tour-packages.html HTTP/1.1" 404 235 "-" "Mozilla/5.0 (compatible; SEOkicks; +https://www.seokicks.de/robot.html)"
138.201.255.235 - - [03/Aug/2021:11:57:04 +0000] "GET /india-tours/himachal-tour-packages.html HTTP/1.1" 404 237 "-" "Mozilla/5.0 (compatible; SEOkicks; +https://www.seokicks.de/robot.html)"
138.201.255.235 - - [03/Aug/2021:11:57:04 +0000] "GET /booking-tour-package.php HTTP/1.1" 200 24146 "https://naraintoursindia.com/" "Mozilla/5.0 (compatible; SEOkicks; +https://www.seokicks.de/robot.html)"
138.201.255.235 - - [03/Aug/2021:11:57:04 +0000] "GET /booking-tour-package.php HTTP/1.1" 200 24146 "https://www.naraintoursindia.com/" "Mozilla/5.0 (compatible; SEOkicks; +https://www.seokicks.de/robot.html)"
207.46.13.94 - - [03/Aug/2021:11:57:05 +0000] "GET /india-tours/js/jquery-ui.js HTTP/1.1" 404 225 "-" "Mozilla/5.0 (compatible; bingbot/2.0; +http://www.bing.com/bingbot.htm)"
207.46.13.94 - - [03/Aug/2021:11:57:06 +0000] "GET /booking-tour-package.php/js/jquery-latest.min.js HTTP/1.1" 200 24146 "-" "Mozilla/5.0 (compatible; MSIE 9.0; Windows NT 6.1; Trident/5.0)"
138.201.255.235 - - [03/Aug/2021:11:57:06 +0000] "GET /weekend-package.php HTTP/1.1" 200 27140 "-" "Mozilla/5.0 (compatible; SEOkicks; +https://www.seokicks.de/robot.html)"
138.201.255.235 - - [03/Aug/2021:11:57:07 +0000] "GET /booking-sight-seeing.php HTTP/1.1" 200 19374 "https://naraintoursindia.com/" "Mozilla/5.0 (compatible; SEOkicks; +https://www.seokicks.de/robot.html)"
138.201.255.235 - - [03/Aug/2021:11:57:07 +0000] "GET /booking-sight-seeing.php HTTP/1.1" 200 19374 "https://www.naraintoursindia.com/" "Mozilla/5.0 (compatible; SEOkicks; +https://www.seokicks.de/robot.html)"
138.201.255.235 - - [03/Aug/2021:11:57:09 +0000] "GET /india-tours/ladakh HTTP/1.1" 404 216 "-" "Mozilla/5.0 (compatible; SEOkicks; +https://www.seokicks.de/robot.html)"
138.201.255.235 - - [03/Aug/2021:11:57:10 +0000] "GET /weekend-package.php HTTP/1.1" 200 27140 "https://naraintoursindia.com/" "Mozilla/5.0 (compatible; SEOkicks; +https://www.seokicks.de/robot.html)"
138.201.255.235 - - [03/Aug/2021:11:57:11 +0000] "GET /weekend-package.php HTTP/1.1" 200 27140 "https://www.naraintoursindia.com/" "Mozilla/5.0 (compatible; SEOkicks; +https://www.seokicks.de/robot.html)"
138.201.255.235 - - [03/Aug/2021:11:57:13 +0000] "GET /india-tours/golden-triangle-tour-packages.html HTTP/1.1" 404 244 "-" "Mozilla/5.0 (compatible; SEOkicks; +https://www.seokicks.de/robot.html)"
138.201.255.235 - - [03/Aug/2021:11:57:15 +0000] "GET /galleryimg/7320981Kaziranaga%20National%20Park(1 HTTP/1.1" 404 242 "https://naraintoursindia.com/weekend-package.php" "Mozilla/5.0 (compatible; SEOkicks; +https://www.seokicks.de/robot.html)"
138.201.255.235 - - [03/Aug/2021:11:57:15 +0000] "GET /galleryimg/7320981Kaziranaga%20National%20Park(1 HTTP/1.1" 404 242 "https://www.naraintoursindia.com/weekend-package.php" "Mozilla/5.0 (compatible; SEOkicks; +https://www.seokicks.de/robot.html)"
138.201.255.235 - - [03/Aug/2021:11:57:17 +0000] "GET / HTTP/1.1" 200 53222 "http://www.naraintoursindia.com/group-tours.php" "Mozilla/5.0 (compatible; SEOkicks; +https://www.seokicks.de/robot.html)"
138.201.255.235 - - [03/Aug/2021:11:57:18 +0000] "GET /group-tours.php HTTP/1.1" 200 22985 "https://naraintoursindia.com/" "Mozilla/5.0 (compatible; SEOkicks; +https://www.seokicks.de/robot.html)"
138.201.255.235 - - [03/Aug/2021:11:57:18 +0000] "GET /group-tours.php HTTP/1.1" 200 22985 "https://www.naraintoursindia.com/" "Mozilla/5.0 (compatible; SEOkicks; +https://www.seokicks.de/robot.html)"
138.201.255.235 - - [03/Aug/2021:11:57:20 +0000] "GET /galleryimg/7320981Kaziranaga%20National%20Park(1 HTTP/1.1" 404 242 "http://www.naraintoursindia.com/weekend-package.php" "Mozilla/5.0 (compatible; SEOkicks; +https://www.seokicks.de/robot.html)"
138.201.255.235 - - [03/Aug/2021:11:57:21 +0000] "GET /booking-car-rentals.php HTTP/1.1" 200 25499 "https://naraintoursindia.com/" "Mozilla/5.0 (compatible; SEOkicks; +https://www.seokicks.de/robot.html)"
138.201.255.235 - - [03/Aug/2021:11:57:21 +0000] "GET /booking-car-rentals.php HTTP/1.1" 200 25499 "https://www.naraintoursindia.com/" "Mozilla/5.0 (compatible; SEOkicks; +https://www.seokicks.de/robot.html)"
138.201.255.235 - - [03/Aug/2021:11:57:22 +0000] "GET /index.php HTTP/1.1" 200 53222 "http://www.naraintoursindia.com/group-tours.php" "Mozilla/5.0 (compatible; SEOkicks; +https://www.seokicks.de/robot.html)"
138.201.255.235 - - [03/Aug/2021:11:57:24 +0000] "GET /booking-hotel.php HTTP/1.1" 200 19437 "https://naraintoursindia.com/" "Mozilla/5.0 (compatible; SEOkicks; +https://www.seokicks.de/robot.html)"
138.201.255.235 - - [03/Aug/2021:11:57:24 +0000] "GET /booking-hotel.php HTTP/1.1" 200 19437 "https://www.naraintoursindia.com/" "Mozilla/5.0 (compatible; SEOkicks; +https://www.seokicks.de/robot.html)"
138.201.255.235 - - [03/Aug/2021:11:57:25 +0000] "GET /booking-tour-package.php HTTP/1.1" 200 24146 "http://www.naraintoursindia.com/group-tours.php" "Mozilla/5.0 (compatible; SEOkicks; +https://www.seokicks.de/robot.html)"
138.201.255.235 - - [03/Aug/2021:11:57:27 +0000] "GET /about-us.php HTTP/1.1" 200 19306 "https://naraintoursindia.com/" "Mozilla/5.0 (compatible; SEOkicks; +https://www.seokicks.de/robot.html)"
138.201.255.235 - - [03/Aug/2021:11:57:27 +0000] "GET /about-us.php HTTP/1.1" 200 19306 "https://www.naraintoursindia.com/" "Mozilla/5.0 (compatible; SEOkicks; +https://www.seokicks.de/robot.html)"
138.201.255.235 - - [03/Aug/2021:11:57:28 +0000] "GET /booking-sight-seeing.php HTTP/1.1" 200 19374 "http://www.naraintoursindia.com/group-tours.php" "Mozilla/5.0 (compatible; SEOkicks; +https://www.seokicks.de/robot.html)"
138.201.255.235 - - [03/Aug/2021:11:57:32 +0000] "GET /contact-us.php HTTP/1.1" 200 16607 "https://naraintoursindia.com/" "Mozilla/5.0 (compatible; SEOkicks; +https://www.seokicks.de/robot.html)"
138.201.255.235 - - [03/Aug/2021:11:57:32 +0000] "GET /contact-us.php HTTP/1.1" 200 16607 "https://www.naraintoursindia.com/" "Mozilla/5.0 (compatible; SEOkicks; +https://www.seokicks.de/robot.html)"
138.201.255.235 - - [03/Aug/2021:11:57:33 +0000] "GET /booking-car-rentals.php HTTP/1.1" 200 25499 "http://www.naraintoursindia.com/group-tours.php" "Mozilla/5.0 (compatible; SEOkicks; +https://www.seokicks.de/robot.html)"
138.201.255.235 - - [03/Aug/2021:11:57:37 +0000] "GET /img/contact/1.html HTTP/1.1" 200 2559 "https://naraintoursindia.com/contact-us.php" "Mozilla/5.0 (compatible; SEOkicks; +https://www.seokicks.de/robot.html)"
138.201.255.235 - - [03/Aug/2021:11:57:37 +0000] "GET /img/contact/1.html HTTP/1.1" 200 2559 "https://www.naraintoursindia.com/contact-us.php" "Mozilla/5.0 (compatible; SEOkicks; +https://www.seokicks.de/robot.html)"
138.201.255.235 - - [03/Aug/2021:11:57:37 +0000] "GET /booking-hotel.php HTTP/1.1" 200 19437 "http://www.naraintoursindia.com/group-tours.php" "Mozilla/5.0 (compatible; SEOkicks; +https://www.seokicks.de/robot.html)"
138.201.255.235 - - [03/Aug/2021:11:57:41 +0000] "GET /img/contact/2.html HTTP/1.1" 200 2559 "https://naraintoursindia.com/contact-us.php" "Mozilla/5.0 (compatible; SEOkicks; +https://www.seokicks.de/robot.html)"
138.201.255.235 - - [03/Aug/2021:11:57:41 +0000] "GET /about-us.php HTTP/1.1" 200 19306 "http://www.naraintoursindia.com/group-tours.php" "Mozilla/5.0 (compatible; SEOkicks; +https://www.seokicks.de/robot.html)"
138.201.255.235 - - [03/Aug/2021:11:57:41 +0000] "GET /img/contact/2.html HTTP/1.1" 200 2559 "https://www.naraintoursindia.com/contact-us.php" "Mozilla/5.0 (compatible; SEOkicks; +https://www.seokicks.de/robot.html)"
138.201.255.235 - - [03/Aug/2021:11:57:44 +0000] "GET /contact-us.php HTTP/1.1" 200 16607 "http://www.naraintoursindia.com/group-tours.php" "Mozilla/5.0 (compatible; SEOkicks; +https://www.seokicks.de/robot.html)"
138.201.255.235 - - [03/Aug/2021:11:57:45 +0000] "GET /img/contact/3.html HTTP/1.1" 200 2559 "https://naraintoursindia.com/contact-us.php" "Mozilla/5.0 (compatible; SEOkicks; +https://www.seokicks.de/robot.html)"
138.201.255.235 - - [03/Aug/2021:11:57:45 +0000] "GET /img/contact/3.html HTTP/1.1" 200 2559 "https://www.naraintoursindia.com/contact-us.php" "Mozilla/5.0 (compatible; SEOkicks; +https://www.seokicks.de/robot.html)"
138.201.255.235 - - [03/Aug/2021:11:57:48 +0000] "GET /img/contact/1.html HTTP/1.1" 200 2559 "http://www.naraintoursindia.com/contact-us.php" "Mozilla/5.0 (compatible; SEOkicks; +https://www.seokicks.de/robot.html)"
138.201.255.235 - - [03/Aug/2021:11:57:48 +0000] "GET /booking.php HTTP/1.1" 200 18339 "https://naraintoursindia.com/" "Mozilla/5.0 (compatible; SEOkicks; +https://www.seokicks.de/robot.html)"
138.201.255.235 - - [03/Aug/2021:11:57:48 +0000] "GET /booking.php HTTP/1.1" 200 18339 "https://www.naraintoursindia.com/" "Mozilla/5.0 (compatible; SEOkicks; +https://www.seokicks.de/robot.html)"
138.201.255.235 - - [03/Aug/2021:11:57:51 +0000] "GET /img/contact/2.html HTTP/1.1" 200 2559 "http://www.naraintoursindia.com/contact-us.php" "Mozilla/5.0 (compatible; SEOkicks; +https://www.seokicks.de/robot.html)"
138.201.255.235 - - [03/Aug/2021:11:57:52 +0000] "GET /booking-flight.html HTTP/1.1" 404 217 "https://naraintoursindia.com/" "Mozilla/5.0 (compatible; SEOkicks; +https://www.seokicks.de/robot.html)"
138.201.255.235 - - [03/Aug/2021:11:57:52 +0000] "GET /booking-flight.html HTTP/1.1" 404 217 "https://www.naraintoursindia.com/" "Mozilla/5.0 (compatible; SEOkicks; +https://www.seokicks.de/robot.html)"
138.201.255.235 - - [03/Aug/2021:11:57:55 +0000] "GET /img/contact/3.html HTTP/1.1" 200 2559 "http://www.naraintoursindia.com/contact-us.php" "Mozilla/5.0 (compatible; SEOkicks; +https://www.seokicks.de/robot.html)"
138.201.255.235 - - [03/Aug/2021:11:57:56 +0000] "GET /packages.php?id=7 HTTP/1.1" 200 35927 "https://naraintoursindia.com/" "Mozilla/5.0 (compatible; SEOkicks; +https://www.seokicks.de/robot.html)"
138.201.255.235 - - [03/Aug/2021:11:57:56 +0000] "GET /packages.php?id=7 HTTP/1.1" 200 35927 "https://www.naraintoursindia.com/" "Mozilla/5.0 (compatible; SEOkicks; +https://www.seokicks.de/robot.html)"
138.201.255.235 - - [03/Aug/2021:11:57:58 +0000] "GET /booking.php HTTP/1.1" 200 18339 "http://www.naraintoursindia.com/group-tours.php" "Mozilla/5.0 (compatible; SEOkicks; +https://www.seokicks.de/robot.html)"
138.201.255.235 - - [03/Aug/2021:11:57:59 +0000] "GET /packages.php?id=4 HTTP/1.1" 200 38768 "https://naraintoursindia.com/" "Mozilla/5.0 (compatible; SEOkicks; +https://www.seokicks.de/robot.html)"
138.201.255.235 - - [03/Aug/2021:11:57:59 +0000] "GET /packages.php?id=4 HTTP/1.1" 200 38768 "https://www.naraintoursindia.com/" "Mozilla/5.0 (compatible; SEOkicks; +https://www.seokicks.de/robot.html)"
138.201.255.235 - - [03/Aug/2021:11:58:01 +0000] "GET /booking.php?tourname=Golden%20Triangle%20Group%20Tour%20Package HTTP/1.1" 200 18339 "http://www.naraintoursindia.com/group-tours.php" "Mozilla/5.0 (compatible; SEOkicks; +https://www.seokicks.de/robot.html)"
138.201.255.235 - - [03/Aug/2021:11:58:03 +0000] "GET /packages.php?id=10 HTTP/1.1" 200 24406 "https://naraintoursindia.com/" "Mozilla/5.0 (compatible; SEOkicks; +https://www.seokicks.de/robot.html)"
138.201.255.235 - - [03/Aug/2021:11:58:03 +0000] "GET /packages.php?id=10 HTTP/1.1" 200 24406 "https://www.naraintoursindia.com/" "Mozilla/5.0 (compatible; SEOkicks; +https://www.seokicks.de/robot.html)"
138.201.255.235 - - [03/Aug/2021:11:58:04 +0000] "GET /tour-details.php?id=3 HTTP/1.1" 200 29772 "http://www.naraintoursindia.com/group-tours.php" "Mozilla/5.0 (compatible; SEOkicks; +https://www.seokicks.de/robot.html)"
138.201.255.235 - - [03/Aug/2021:11:58:06 +0000] "GET /packages.php?id=1 HTTP/1.1" 200 30549 "https://naraintoursindia.com/" "Mozilla/5.0 (compatible; SEOkicks; +https://www.seokicks.de/robot.html)"
138.201.255.235 - - [03/Aug/2021:11:58:06 +0000] "GET /packages.php?id=1 HTTP/1.1" 200 30549 "https://www.naraintoursindia.com/" "Mozilla/5.0 (compatible; SEOkicks; +https://www.seokicks.de/robot.html)"
138.201.255.235 - - [03/Aug/2021:11:58:07 +0000] "GET /booking.php?tourname=Golden%20Triangle%20with%20Pushkar%20Group%20Tour HTTP/1.1" 200 18339 "http://www.naraintoursindia.com/group-tours.php" "Mozilla/5.0 (compatible; SEOkicks; +https://www.seokicks.de/robot.html)"
138.201.255.235 - - [03/Aug/2021:11:58:10 +0000] "GET /packages.php?id=9 HTTP/1.1" 200 24595 "https://naraintoursindia.com/" "Mozilla/5.0 (compatible; SEOkicks; +https://www.seokicks.de/robot.html)"
138.201.255.235 - - [03/Aug/2021:11:58:10 +0000] "GET /packages.php?id=9 HTTP/1.1" 200 24595 "https://www.naraintoursindia.com/" "Mozilla/5.0 (compatible; SEOkicks; +https://www.seokicks.de/robot.html)"
138.201.255.235 - - [03/Aug/2021:11:58:10 +0000] "GET /tour-details.php?id=7 HTTP/1.1" 200 27891 "http://www.naraintoursindia.com/group-tours.php" "Mozilla/5.0 (compatible; SEOkicks; +https://www.seokicks.de/robot.html)"
138.201.255.235 - - [03/Aug/2021:11:58:13 +0000] "GET /packages.php?id=12 HTTP/1.1" 200 37265 "https://naraintoursindia.com/" "Mozilla/5.0 (compatible; SEOkicks; +https://www.seokicks.de/robot.html)"
138.201.255.235 - - [03/Aug/2021:11:58:13 +0000] "GET /packages.php?id=12 HTTP/1.1" 200 37265 "https://www.naraintoursindia.com/" "Mozilla/5.0 (compatible; SEOkicks; +https://www.seokicks.de/robot.html)"
138.201.255.235 - - [03/Aug/2021:11:58:14 +0000] "GET /booking.php?tourname=Golden%20Triangle%20Tour%20with%20Ranthambore%20National%20Park HTTP/1.1" 200 18339 "http://www.naraintoursindia.com/group-tours.php" "Mozilla/5.0 (compatible; SEOkicks; +https://www.seokicks.de/robot.html)"
138.201.255.235 - - [03/Aug/2021:11:58:16 +0000] "GET /packages.php?id=13 HTTP/1.1" 200 31744 "https://naraintoursindia.com/" "Mozilla/5.0 (compatible; SEOkicks; +https://www.seokicks.de/robot.html)"
138.201.255.235 - - [03/Aug/2021:11:58:16 +0000] "GET /packages.php?id=13 HTTP/1.1" 200 31744 "https://www.naraintoursindia.com/" "Mozilla/5.0 (compatible; SEOkicks; +https://www.seokicks.de/robot.html)"
138.201.255.235 - - [03/Aug/2021:11:58:16 +0000] "GET /tour-details.php?id=4 HTTP/1.1" 200 29574 "http://www.naraintoursindia.com/group-tours.php" "Mozilla/5.0 (compatible; SEOkicks; +https://www.seokicks.de/robot.html)"
138.201.255.235 - - [03/Aug/2021:11:58:19 +0000] "GET /booking.php?tourname=Rajasthan%20Group%20Tour HTTP/1.1" 200 18339 "http://www.naraintoursindia.com/group-tours.php" "Mozilla/5.0 (compatible; SEOkicks; +https://www.seokicks.de/robot.html)"
138.201.255.235 - - [03/Aug/2021:11:58:19 +0000] "GET /packages.php?id=8 HTTP/1.1" 200 24658 "https://naraintoursindia.com/" "Mozilla/5.0 (compatible; SEOkicks; +https://www.seokicks.de/robot.html)"
138.201.255.235 - - [03/Aug/2021:11:58:19 +0000] "GET /packages.php?id=8 HTTP/1.1" 200 24658 "https://www.naraintoursindia.com/" "Mozilla/5.0 (compatible; SEOkicks; +https://www.seokicks.de/robot.html)"
138.201.255.235 - - [03/Aug/2021:11:58:22 +0000] "GET /tour-details.php?id=16 HTTP/1.1" 200 36716 "http://www.naraintoursindia.com/group-tours.php" "Mozilla/5.0 (compatible; SEOkicks; +https://www.seokicks.de/robot.html)"
138.201.255.235 - - [03/Aug/2021:11:58:22 +0000] "GET /packages.php?id=6 HTTP/1.1" 200 30268 "https://naraintoursindia.com/" "Mozilla/5.0 (compatible; SEOkicks; +https://www.seokicks.de/robot.html)"
138.201.255.235 - - [03/Aug/2021:11:58:22 +0000] "GET /packages.php?id=6 HTTP/1.1" 200 30268 "https://www.naraintoursindia.com/" "Mozilla/5.0 (compatible; SEOkicks; +https://www.seokicks.de/robot.html)"
138.201.255.235 - - [03/Aug/2021:11:58:24 +0000] "GET /booking.php?tourname=Kerala%20with%20Golden%20Triangle%20GroupTour HTTP/1.1" 200 18339 "http://www.naraintoursindia.com/group-tours.php" "Mozilla/5.0 (compatible; SEOkicks; +https://www.seokicks.de/robot.html)"
138.201.255.235 - - [03/Aug/2021:11:58:25 +0000] "GET /tour-details.php?id=5 HTTP/1.1" 200 24087 "https://naraintoursindia.com/" "Mozilla/5.0 (compatible; SEOkicks; +https://www.seokicks.de/robot.html)"
138.201.255.235 - - [03/Aug/2021:11:58:25 +0000] "GET /tour-details.php?id=5 HTTP/1.1" 200 24087 "https://www.naraintoursindia.com/" "Mozilla/5.0 (compatible; SEOkicks; +https://www.seokicks.de/robot.html)"
138.201.255.235 - - [03/Aug/2021:11:58:27 +0000] "GET /tour-details.php?id=44 HTTP/1.1" 200 29100 "http://www.naraintoursindia.com/group-tours.php" "Mozilla/5.0 (compatible; SEOkicks; +https://www.seokicks.de/robot.html)"
138.201.255.235 - - [03/Aug/2021:11:58:28 +0000] "GET /tour-details.php?id=2 HTTP/1.1" 200 22851 "https://naraintoursindia.com/" "Mozilla/5.0 (compatible; SEOkicks; +https://www.seokicks.de/robot.html)"
138.201.255.235 - - [03/Aug/2021:11:58:28 +0000] "GET /tour-details.php?id=2 HTTP/1.1" 200 22851 "https://www.naraintoursindia.com/" "Mozilla/5.0 (compatible; SEOkicks; +https://www.seokicks.de/robot.html)"
138.201.255.235 - - [03/Aug/2021:11:58:30 +0000] "GET /testimonials.php HTTP/1.1" 200 16209 "http://www.naraintoursindia.com/group-tours.php" "Mozilla/5.0 (compatible; SEOkicks; +https://www.seokicks.de/robot.html)"
138.201.255.235 - - [03/Aug/2021:11:58:31 +0000] "GET /tour-details.php?id=1 HTTP/1.1" 200 29963 "https://naraintoursindia.com/" "Mozilla/5.0 (compatible; SEOkicks; +https://www.seokicks.de/robot.html)"
138.201.255.235 - - [03/Aug/2021:11:58:31 +0000] "GET /tour-details.php?id=1 HTTP/1.1" 200 29963 "https://www.naraintoursindia.com/" "Mozilla/5.0 (compatible; SEOkicks; +https://www.seokicks.de/robot.html)"
138.201.255.235 - - [03/Aug/2021:11:58:33 +0000] "GET /booking.php?tourname=Agra%20Tour HTTP/1.1" 200 18339 "http://www.naraintoursindia.com/weekend-package.php" "Mozilla/5.0 (compatible; SEOkicks; +https://www.seokicks.de/robot.html)"
138.201.255.235 - - [03/Aug/2021:11:58:35 +0000] "GET /tour-details.php?id=3 HTTP/1.1" 200 29772 "https://naraintoursindia.com/" "Mozilla/5.0 (compatible; SEOkicks; +https://www.seokicks.de/robot.html)"
138.201.255.235 - - [03/Aug/2021:11:58:35 +0000] "GET /tour-details.php?id=3 HTTP/1.1" 200 29772 "https://www.naraintoursindia.com/" "Mozilla/5.0 (compatible; SEOkicks; +https://www.seokicks.de/robot.html)"
138.201.255.235 - - [03/Aug/2021:11:58:37 +0000] "GET /tour-details.php?id=17 HTTP/1.1" 200 25505 "http://www.naraintoursindia.com/weekend-package.php" "Mozilla/5.0 (compatible; SEOkicks; +https://www.seokicks.de/robot.html)"
138.201.255.235 - - [03/Aug/2021:11:58:39 +0000] "GET /tour-details.php?id=4 HTTP/1.1" 200 29574 "https://naraintoursindia.com/" "Mozilla/5.0 (compatible; SEOkicks; +https://www.seokicks.de/robot.html)"
138.201.255.235 - - [03/Aug/2021:11:58:39 +0000] "GET /tour-details.php?id=4 HTTP/1.1" 200 29574 "https://www.naraintoursindia.com/" "Mozilla/5.0 (compatible; SEOkicks; +https://www.seokicks.de/robot.html)"
138.201.255.235 - - [03/Aug/2021:11:58:40 +0000] "GET /booking.php?tourname=Shimla%20weekend%20Tour%20Package HTTP/1.1" 200 18339 "http://www.naraintoursindia.com/weekend-package.php" "Mozilla/5.0 (compatible; SEOkicks; +https://www.seokicks.de/robot.html)"
138.201.255.235 - - [03/Aug/2021:11:58:42 +0000] "GET /tour-details.php?id=18 HTTP/1.1" 200 22846 "https://naraintoursindia.com/" "Mozilla/5.0 (compatible; SEOkicks; +https://www.seokicks.de/robot.html)"
138.201.255.235 - - [03/Aug/2021:11:58:42 +0000] "GET /tour-details.php?id=18 HTTP/1.1" 200 22846 "https://www.naraintoursindia.com/" "Mozilla/5.0 (compatible; SEOkicks; +https://www.seokicks.de/robot.html)"
138.201.255.235 - - [03/Aug/2021:11:58:43 +0000] "GET /tour-details.php?id=5 HTTP/1.1" 200 24087 "http://www.naraintoursindia.com/weekend-package.php" "Mozilla/5.0 (compatible; SEOkicks; +https://www.seokicks.de/robot.html)"
138.201.255.235 - - [03/Aug/2021:11:58:45 +0000] "GET /tour-details.php?id=16 HTTP/1.1" 200 36716 "https://naraintoursindia.com/" "Mozilla/5.0 (compatible; SEOkicks; +https://www.seokicks.de/robot.html)"
138.201.255.235 - - [03/Aug/2021:11:58:45 +0000] "GET /tour-details.php?id=16 HTTP/1.1" 200 36716 "https://www.naraintoursindia.com/" "Mozilla/5.0 (compatible; SEOkicks; +https://www.seokicks.de/robot.html)"
138.201.255.235 - - [03/Aug/2021:11:58:46 +0000] "GET /booking.php?tourname=Delhi%20Corbett%20%20Weekend%20Tour%20Package HTTP/1.1" 200 18339 "http://www.naraintoursindia.com/weekend-package.php" "Mozilla/5.0 (compatible; SEOkicks; +https://www.seokicks.de/robot.html)"
138.201.255.235 - - [03/Aug/2021:11:58:48 +0000] "GET /tour-details.php?id=13 HTTP/1.1" 200 23257 "https://naraintoursindia.com/" "Mozilla/5.0 (compatible; SEOkicks; +https://www.seokicks.de/robot.html)"
138.201.255.235 - - [03/Aug/2021:11:58:48 +0000] "GET /tour-details.php?id=13 HTTP/1.1" 200 23257 "https://www.naraintoursindia.com/" "Mozilla/5.0 (compatible; SEOkicks; +https://www.seokicks.de/robot.html)"
138.201.255.235 - - [03/Aug/2021:11:58:48 +0000] "GET /tour-details.php?id=19 HTTP/1.1" 200 25013 "http://www.naraintoursindia.com/weekend-package.php" "Mozilla/5.0 (compatible; SEOkicks; +https://www.seokicks.de/robot.html)"
138.201.255.235 - - [03/Aug/2021:11:58:51 +0000] "GET /booking.php?tourname=Delhi%20Ranthambore%20weekend%20Tour HTTP/1.1" 200 18339 "http://www.naraintoursindia.com/weekend-package.php" "Mozilla/5.0 (compatible; SEOkicks; +https://www.seokicks.de/robot.html)"
138.201.255.235 - - [03/Aug/2021:11:58:51 +0000] "GET /tour-details.php?id=17 HTTP/1.1" 200 25505 "https://naraintoursindia.com/" "Mozilla/5.0 (compatible; SEOkicks; +https://www.seokicks.de/robot.html)"
138.201.255.235 - - [03/Aug/2021:11:58:51 +0000] "GET /tour-details.php?id=17 HTTP/1.1" 200 25505 "https://www.naraintoursindia.com/" "Mozilla/5.0 (compatible; SEOkicks; +https://www.seokicks.de/robot.html)"
138.201.255.235 - - [03/Aug/2021:11:58:53 +0000] "GET /tour-details.php?id=46 HTTP/1.1" 200 25675 "http://www.naraintoursindia.com/weekend-package.php" "Mozilla/5.0 (compatible; SEOkicks; +https://www.seokicks.de/robot.html)"
138.201.255.235 - - [03/Aug/2021:11:58:54 +0000] "GET /tour-details.php?id=19 HTTP/1.1" 200 25013 "https://naraintoursindia.com/" "Mozilla/5.0 (compatible; SEOkicks; +https://www.seokicks.de/robot.html)"
138.201.255.235 - - [03/Aug/2021:11:58:54 +0000] "GET /tour-details.php?id=19 HTTP/1.1" 200 25013 "https://www.naraintoursindia.com/" "Mozilla/5.0 (compatible; SEOkicks; +https://www.seokicks.de/robot.html)"
138.201.255.235 - - [03/Aug/2021:11:58:56 +0000] "GET /booking.php?tourname=Jaipur%20Weekend%20Tour HTTP/1.1" 200 18339 "http://www.naraintoursindia.com/weekend-package.php" "Mozilla/5.0 (compatible; SEOkicks; +https://www.seokicks.de/robot.html)"
138.201.255.235 - - [03/Aug/2021:11:58:57 +0000] "GET /tour-details.php?id=46 HTTP/1.1" 200 25675 "https://naraintoursindia.com/" "Mozilla/5.0 (compatible; SEOkicks; +https://www.seokicks.de/robot.html)"
138.201.255.235 - - [03/Aug/2021:11:58:57 +0000] "GET /tour-details.php?id=46 HTTP/1.1" 200 25675 "https://www.naraintoursindia.com/" "Mozilla/5.0 (compatible; SEOkicks; +https://www.seokicks.de/robot.html)"
138.201.255.235 - - [03/Aug/2021:11:58:59 +0000] "GET /tour-details.php?id=48 HTTP/1.1" 200 26198 "http://www.naraintoursindia.com/weekend-package.php" "Mozilla/5.0 (compatible; SEOkicks; +https://www.seokicks.de/robot.html)"
138.201.255.235 - - [03/Aug/2021:11:59:00 +0000] "GET /tour-details.php?id=48 HTTP/1.1" 200 26198 "https://naraintoursindia.com/" "Mozilla/5.0 (compatible; SEOkicks; +https://www.seokicks.de/robot.html)"
138.201.255.235 - - [03/Aug/2021:11:59:00 +0000] "GET /tour-details.php?id=48 HTTP/1.1" 200 26198 "https://www.naraintoursindia.com/" "Mozilla/5.0 (compatible; SEOkicks; +https://www.seokicks.de/robot.html)"
138.201.255.235 - - [03/Aug/2021:11:59:02 +0000] "GET /booking.php?tourname=Haridwar%20Weekend%20Tour HTTP/1.1" 200 18339 "http://www.naraintoursindia.com/weekend-package.php" "Mozilla/5.0 (compatible; SEOkicks; +https://www.seokicks.de/robot.html)"
138.201.255.235 - - [03/Aug/2021:11:59:03 +0000] "GET /tour-details.php?id=49 HTTP/1.1" 200 23928 "https://naraintoursindia.com/" "Mozilla/5.0 (compatible; SEOkicks; +https://www.seokicks.de/robot.html)"
138.201.255.235 - - [03/Aug/2021:11:59:03 +0000] "GET /tour-details.php?id=49 HTTP/1.1" 200 23928 "https://www.naraintoursindia.com/" "Mozilla/5.0 (compatible; SEOkicks; +https://www.seokicks.de/robot.html)"
138.201.255.235 - - [03/Aug/2021:11:59:04 +0000] "GET /tour-details.php?id=49 HTTP/1.1" 200 23928 "http://www.naraintoursindia.com/weekend-package.php" "Mozilla/5.0 (compatible; SEOkicks; +https://www.seokicks.de/robot.html)"
138.201.255.235 - - [03/Aug/2021:11:59:06 +0000] "GET /tour-details.php?id=50 HTTP/1.1" 200 24477 "https://naraintoursindia.com/" "Mozilla/5.0 (compatible; SEOkicks; +https://www.seokicks.de/robot.html)"
138.201.255.235 - - [03/Aug/2021:11:59:06 +0000] "GET /tour-details.php?id=50 HTTP/1.1" 200 24477 "https://www.naraintoursindia.com/" "Mozilla/5.0 (compatible; SEOkicks; +https://www.seokicks.de/robot.html)"
138.201.255.235 - - [03/Aug/2021:11:59:07 +0000] "GET /booking.php?tourname=Nainital%20Weekend%20Tour HTTP/1.1" 200 18339 "http://www.naraintoursindia.com/weekend-package.php" "Mozilla/5.0 (compatible; SEOkicks; +https://www.seokicks.de/robot.html)"
138.201.255.235 - - [03/Aug/2021:11:59:09 +0000] "GET /tour-details.php?id=42 HTTP/1.1" 200 22811 "https://naraintoursindia.com/" "Mozilla/5.0 (compatible; SEOkicks; +https://www.seokicks.de/robot.html)"
138.201.255.235 - - [03/Aug/2021:11:59:09 +0000] "GET /tour-details.php?id=42 HTTP/1.1" 200 22811 "https://www.naraintoursindia.com/" "Mozilla/5.0 (compatible; SEOkicks; +https://www.seokicks.de/robot.html)"
138.201.255.235 - - [03/Aug/2021:11:59:10 +0000] "GET /tour-details.php?id=50 HTTP/1.1" 200 24477 "http://www.naraintoursindia.com/weekend-package.php" "Mozilla/5.0 (compatible; SEOkicks; +https://www.seokicks.de/robot.html)"
138.201.255.235 - - [03/Aug/2021:11:59:13 +0000] "GET /testimonials.php HTTP/1.1" 200 16209 "https://naraintoursindia.com/" "Mozilla/5.0 (compatible; SEOkicks; +https://www.seokicks.de/robot.html)"
138.201.255.235 - - [03/Aug/2021:11:59:13 +0000] "GET /testimonials.php HTTP/1.1" 200 16209 "https://www.naraintoursindia.com/" "Mozilla/5.0 (compatible; SEOkicks; +https://www.seokicks.de/robot.html)"
138.201.255.235 - - [03/Aug/2021:11:59:14 +0000] "GET /booking.php?tourname=Manali%20Weekend%20Tour HTTP/1.1" 200 18339 "http://www.naraintoursindia.com/weekend-package.php" "Mozilla/5.0 (compatible; SEOkicks; +https://www.seokicks.de/robot.html)"
138.201.255.235 - - [03/Aug/2021:11:59:17 +0000] "GET /booking.php?tourname=Agra%20Tour HTTP/1.1" 200 18339 "https://naraintoursindia.com/weekend-package.php" "Mozilla/5.0 (compatible; SEOkicks; +https://www.seokicks.de/robot.html)"
138.201.255.235 - - [03/Aug/2021:11:59:17 +0000] "GET /booking.php?tourname=Agra%20Tour HTTP/1.1" 200 18339 "https://www.naraintoursindia.com/weekend-package.php" "Mozilla/5.0 (compatible; SEOkicks; +https://www.seokicks.de/robot.html)"
138.201.255.235 - - [03/Aug/2021:11:59:17 +0000] "GET /tour-details.php?id=2 HTTP/1.1" 200 22851 "http://www.naraintoursindia.com/weekend-package.php" "Mozilla/5.0 (compatible; SEOkicks; +https://www.seokicks.de/robot.html)"
138.201.255.235 - - [03/Aug/2021:11:59:20 +0000] "GET /booking.php?tourname=Shimla%20weekend%20Tour%20Package HTTP/1.1" 200 18339 "https://naraintoursindia.com/weekend-package.php" "Mozilla/5.0 (compatible; SEOkicks; +https://www.seokicks.de/robot.html)"
138.201.255.235 - - [03/Aug/2021:11:59:20 +0000] "GET /booking.php?tourname=Shimla%20weekend%20Tour%20Package HTTP/1.1" 200 18339 "https://www.naraintoursindia.com/weekend-package.php" "Mozilla/5.0 (compatible; SEOkicks; +https://www.seokicks.de/robot.html)"
138.201.255.235 - - [03/Aug/2021:11:59:20 +0000] "GET /booking.php?tourname=Kaziranga%20Wildlife%20Tour HTTP/1.1" 200 18339 "http://www.naraintoursindia.com/weekend-package.php" "Mozilla/5.0 (compatible; SEOkicks; +https://www.seokicks.de/robot.html)"
138.201.255.235 - - [03/Aug/2021:11:59:22 +0000] "GET /tour-details.php?id=42 HTTP/1.1" 200 22811 "http://www.naraintoursindia.com/weekend-package.php" "Mozilla/5.0 (compatible; SEOkicks; +https://www.seokicks.de/robot.html)"
138.201.255.235 - - [03/Aug/2021:11:59:22 +0000] "GET /booking.php?tourname=Delhi%20Corbett%20%20Weekend%20Tour%20Package HTTP/1.1" 200 18339 "https://naraintoursindia.com/weekend-package.php" "Mozilla/5.0 (compatible; SEOkicks; +https://www.seokicks.de/robot.html)"
138.201.255.235 - - [03/Aug/2021:11:59:22 +0000] "GET /booking.php?tourname=Delhi%20Corbett%20%20Weekend%20Tour%20Package HTTP/1.1" 200 18339 "https://www.naraintoursindia.com/weekend-package.php" "Mozilla/5.0 (compatible; SEOkicks; +https://www.seokicks.de/robot.html)"
138.201.255.235 - - [03/Aug/2021:11:59:25 +0000] "GET /booking-flight.html HTTP/1.1" 404 217 "http://www.naraintoursindia.com/" "Mozilla/5.0 (compatible; SEOkicks; +https://www.seokicks.de/robot.html)"
138.201.255.235 - - [03/Aug/2021:11:59:25 +0000] "GET /booking.php?tourname=Delhi%20Ranthambore%20weekend%20Tour HTTP/1.1" 200 18339 "https://naraintoursindia.com/weekend-package.php" "Mozilla/5.0 (compatible; SEOkicks; +https://www.seokicks.de/robot.html)"
138.201.255.235 - - [03/Aug/2021:11:59:26 +0000] "GET /booking.php?tourname=Delhi%20Ranthambore%20weekend%20Tour HTTP/1.1" 200 18339 "https://www.naraintoursindia.com/weekend-package.php" "Mozilla/5.0 (compatible; SEOkicks; +https://www.seokicks.de/robot.html)"
138.201.255.235 - - [03/Aug/2021:11:59:29 +0000] "GET /packages.php?id=7 HTTP/1.1" 200 35927 "http://www.naraintoursindia.com/" "Mozilla/5.0 (compatible; SEOkicks; +https://www.seokicks.de/robot.html)"
138.201.255.235 - - [03/Aug/2021:11:59:30 +0000] "GET /booking.php?tourname=Jaipur%20Weekend%20Tour HTTP/1.1" 200 18339 "https://naraintoursindia.com/weekend-package.php" "Mozilla/5.0 (compatible; SEOkicks; +https://www.seokicks.de/robot.html)"
138.201.255.235 - - [03/Aug/2021:11:59:31 +0000] "GET /booking.php?tourname=Jaipur%20Weekend%20Tour HTTP/1.1" 200 18339 "https://www.naraintoursindia.com/weekend-package.php" "Mozilla/5.0 (compatible; SEOkicks; +https://www.seokicks.de/robot.html)"
138.201.255.235 - - [03/Aug/2021:11:59:34 +0000] "GET /packages.php?id=4 HTTP/1.1" 200 38768 "http://www.naraintoursindia.com/" "Mozilla/5.0 (compatible; SEOkicks; +https://www.seokicks.de/robot.html)"
138.201.255.235 - - [03/Aug/2021:11:59:35 +0000] "GET /booking.php?tourname=Haridwar%20Weekend%20Tour HTTP/1.1" 200 18339 "https://naraintoursindia.com/weekend-package.php" "Mozilla/5.0 (compatible; SEOkicks; +https://www.seokicks.de/robot.html)"
138.201.255.235 - - [03/Aug/2021:11:59:35 +0000] "GET /booking.php?tourname=Haridwar%20Weekend%20Tour HTTP/1.1" 200 18339 "https://www.naraintoursindia.com/weekend-package.php" "Mozilla/5.0 (compatible; SEOkicks; +https://www.seokicks.de/robot.html)"
138.201.255.235 - - [03/Aug/2021:11:59:38 +0000] "GET /packages.php?id=10 HTTP/1.1" 200 24406 "http://www.naraintoursindia.com/" "Mozilla/5.0 (compatible; SEOkicks; +https://www.seokicks.de/robot.html)"
138.201.255.235 - - [03/Aug/2021:11:59:39 +0000] "GET /booking.php?tourname=Nainital%20Weekend%20Tour HTTP/1.1" 200 18339 "https://naraintoursindia.com/weekend-package.php" "Mozilla/5.0 (compatible; SEOkicks; +https://www.seokicks.de/robot.html)"
