43.239.206.31 - - [03/Aug/2021:03:22:27 +0000] "GET /secureadmin/admin/js/chart-plugins/jqplot.barRenderer.min.js HTTP/1.1" 200 14858 "https://www.naraintoursindia.com/secureadmin/admin/" "Mozilla/5.0 (Linux; U; Android 11; en-us; CPH1938 Build/RP1A.200720.011) AppleWebKit/537.36 (KHTML, like Gecko) Chrome/77.0.3865.116 Mobile Safari/537.36 HeyTapBrowser/45.7.8.1"
43.239.206.31 - - [03/Aug/2021:03:22:27 +0000] "GET /secureadmin/admin/js/chart-plugins/jqplot.categoryAxisRenderer.min.js HTTP/1.1" 200 11421 "https://www.naraintoursindia.com/secureadmin/admin/" "Mozilla/5.0 (Linux; U; Android 11; en-us; CPH1938 Build/RP1A.200720.011) AppleWebKit/537.36 (KHTML, like Gecko) Chrome/77.0.3865.116 Mobile Safari/537.36 HeyTapBrowser/45.7.8.1"
43.239.206.31 - - [03/Aug/2021:03:22:27 +0000] "GET /secureadmin/admin/js/chart-plugins/jqplot.pointLabels.min.js HTTP/1.1" 200 6430 "https://www.naraintoursindia.com/secureadmin/admin/" "Mozilla/5.0 (Linux; U; Android 11; en-us; CPH1938 Build/RP1A.200720.011) AppleWebKit/537.36 (KHTML, like Gecko) Chrome/77.0.3865.116 Mobile Safari/537.36 HeyTapBrowser/45.7.8.1"
43.239.206.31 - - [03/Aug/2021:03:22:27 +0000] "GET /secureadmin/admin/js/chart-plugins/jqplot.meterGaugeRenderer.min.js HTTP/1.1" 200 20122 "https://www.naraintoursindia.com/secureadmin/admin/" "Mozilla/5.0 (Linux; U; Android 11; en-us; CPH1938 Build/RP1A.200720.011) AppleWebKit/537.36 (KHTML, like Gecko) Chrome/77.0.3865.116 Mobile Safari/537.36 HeyTapBrowser/45.7.8.1"
43.239.206.31 - - [03/Aug/2021:03:22:27 +0000] "GET /secureadmin/admin/js/custom-scripts.js HTTP/1.1" 200 52120 "https://www.naraintoursindia.com/secureadmin/admin/" "Mozilla/5.0 (Linux; U; Android 11; en-us; CPH1938 Build/RP1A.200720.011) AppleWebKit/537.36 (KHTML, like Gecko) Chrome/77.0.3865.116 Mobile Safari/537.36 HeyTapBrowser/45.7.8.1"
43.239.206.31 - - [03/Aug/2021:03:22:27 +0000] "GET /secureadmin/admin/images/logo-bingo.png HTTP/1.1" 200 16779 "https://www.naraintoursindia.com/secureadmin/admin/" "Mozilla/5.0 (Linux; U; Android 11; en-us; CPH1938 Build/RP1A.200720.011) AppleWebKit/537.36 (KHTML, like Gecko) Chrome/77.0.3865.116 Mobile Safari/537.36 HeyTapBrowser/45.7.8.1"
43.239.206.31 - - [03/Aug/2021:03:22:27 +0000] "GET /secureadmin/admin/js/jquery.jqplot.min.js HTTP/1.1" 200 165613 "https://www.naraintoursindia.com/secureadmin/admin/" "Mozilla/5.0 (Linux; U; Android 11; en-us; CPH1938 Build/RP1A.200720.011) AppleWebKit/537.36 (KHTML, like Gecko) Chrome/77.0.3865.116 Mobile Safari/537.36 HeyTapBrowser/45.7.8.1"
43.239.206.31 - - [03/Aug/2021:03:22:26 +0000] "GET /secureadmin/admin/js/data-table.jquery.js HTTP/1.1" 200 372889 "https://www.naraintoursindia.com/secureadmin/admin/" "Mozilla/5.0 (Linux; U; Android 11; en-us; CPH1938 Build/RP1A.200720.011) AppleWebKit/537.36 (KHTML, like Gecko) Chrome/77.0.3865.116 Mobile Safari/537.36 HeyTapBrowser/45.7.8.1"
43.239.206.31 - - [03/Aug/2021:03:22:27 +0000] "GET /secureadmin/admin/images/sprite-icons/layout-icons.png HTTP/1.1" 200 25561 "https://www.naraintoursindia.com/secureadmin/admin/css/styles.css" "Mozilla/5.0 (Linux; U; Android 11; en-us; CPH1938 Build/RP1A.200720.011) AppleWebKit/537.36 (KHTML, like Gecko) Chrome/77.0.3865.116 Mobile Safari/537.36 HeyTapBrowser/45.7.8.1"
43.239.206.31 - - [03/Aug/2021:03:22:27 +0000] "GET /secureadmin/admin/images/sprite-icons/icon-black.png HTTP/1.1" 200 145045 "https://www.naraintoursindia.com/secureadmin/admin/css/styles.css" "Mozilla/5.0 (Linux; U; Android 11; en-us; CPH1938 Build/RP1A.200720.011) AppleWebKit/537.36 (KHTML, like Gecko) Chrome/77.0.3865.116 Mobile Safari/537.36 HeyTapBrowser/45.7.8.1"
43.239.206.31 - - [03/Aug/2021:03:22:28 +0000] "GET /secureadmin/admin/images/colorbox-img/overlay.png HTTP/1.1" 200 182 "https://www.naraintoursindia.com/secureadmin/admin/css/ui-elements.css" "Mozilla/5.0 (Linux; U; Android 11; en-us; CPH1938 Build/RP1A.200720.011) AppleWebKit/537.36 (KHTML, like Gecko) Chrome/77.0.3865.116 Mobile Safari/537.36 HeyTapBrowser/45.7.8.1"
43.239.206.31 - - [03/Aug/2021:03:22:28 +0000] "GET /secureadmin/admin/images/sprite.png HTTP/1.1" 200 13026 "https://www.naraintoursindia.com/secureadmin/admin/css/form.css" "Mozilla/5.0 (Linux; U; Android 11; en-us; CPH1938 Build/RP1A.200720.011) AppleWebKit/537.36 (KHTML, like Gecko) Chrome/77.0.3865.116 Mobile Safari/537.36 HeyTapBrowser/45.7.8.1"
43.239.206.31 - - [03/Aug/2021:03:22:28 +0000] "GET /secureadmin/admin/menuContent.html HTTP/1.1" 404 232 "https://www.naraintoursindia.com/secureadmin/admin/" "Mozilla/5.0 (Linux; U; Android 11; en-us; CPH1938 Build/RP1A.200720.011) AppleWebKit/537.36 (KHTML, like Gecko) Chrome/77.0.3865.116 Mobile Safari/537.36 HeyTapBrowser/45.7.8.1"
43.239.206.31 - - [03/Aug/2021:03:22:28 +0000] "GET /secureadmin/admin/images/colorbox-img/border.png HTTP/1.1" 200 112 "https://www.naraintoursindia.com/secureadmin/admin/css/ui-elements.css" "Mozilla/5.0 (Linux; U; Android 11; en-us; CPH1938 Build/RP1A.200720.011) AppleWebKit/537.36 (KHTML, like Gecko) Chrome/77.0.3865.116 Mobile Safari/537.36 HeyTapBrowser/45.7.8.1"
43.239.206.31 - - [03/Aug/2021:03:22:28 +0000] "GET /secureadmin/admin/images/colorbox-img/controls.png HTTP/1.1" 200 2893 "https://www.naraintoursindia.com/secureadmin/admin/css/ui-elements.css" "Mozilla/5.0 (Linux; U; Android 11; en-us; CPH1938 Build/RP1A.200720.011) AppleWebKit/537.36 (KHTML, like Gecko) Chrome/77.0.3865.116 Mobile Safari/537.36 HeyTapBrowser/45.7.8.1"
43.239.206.31 - - [03/Aug/2021:03:22:28 +0000] "GET /secureadmin/admin/images/details_open.png HTTP/1.1" 200 881 "https://www.naraintoursindia.com/secureadmin/admin/" "Mozilla/5.0 (Linux; U; Android 11; en-us; CPH1938 Build/RP1A.200720.011) AppleWebKit/537.36 (KHTML, like Gecko) Chrome/77.0.3865.116 Mobile Safari/537.36 HeyTapBrowser/45.7.8.1"
43.239.206.31 - - [03/Aug/2021:03:22:28 +0000] "GET /favicon.ico HTTP/1.1" 404 209 "https://www.naraintoursindia.com/secureadmin/admin/" "Mozilla/5.0 (Linux; U; Android 11; en-us; CPH1938 Build/RP1A.200720.011) AppleWebKit/537.36 (KHTML, like Gecko) Chrome/77.0.3865.116 Mobile Safari/537.36 HeyTapBrowser/45.7.8.1"
43.239.206.31 - - [03/Aug/2021:03:22:39 +0000] "POST /secureadmin/admin/loginsuccess.php HTTP/1.1" 302 - "https://www.naraintoursindia.com/secureadmin/admin/" "Mozilla/5.0 (Linux; U; Android 11; en-us; CPH1938 Build/RP1A.200720.011) AppleWebKit/537.36 (KHTML, like Gecko) Chrome/77.0.3865.116 Mobile Safari/537.36 HeyTapBrowser/45.7.8.1"
43.239.206.31 - - [03/Aug/2021:03:22:40 +0000] "GET /secureadmin/admin/dashboard.php?message=success HTTP/1.1" 200 7800 "https://www.naraintoursindia.com/secureadmin/admin/" "Mozilla/5.0 (Linux; U; Android 11; en-us; CPH1938 Build/RP1A.200720.011) AppleWebKit/537.36 (KHTML, like Gecko) Chrome/77.0.3865.116 Mobile Safari/537.36 HeyTapBrowser/45.7.8.1"
43.239.206.31 - - [03/Aug/2021:03:22:40 +0000] "GET /secureadmin/admin/gen_validatorv4.js HTTP/1.1" 200 32085 "https://www.naraintoursindia.com/secureadmin/admin/dashboard.php?message=success" "Mozilla/5.0 (Linux; U; Android 11; en-us; CPH1938 Build/RP1A.200720.011) AppleWebKit/537.36 (KHTML, like Gecko) Chrome/77.0.3865.116 Mobile Safari/537.36 HeyTapBrowser/45.7.8.1"
43.239.206.31 - - [03/Aug/2021:03:22:40 +0000] "GET /secureadmin/admin/images/logo.png HTTP/1.1" 200 16779 "https://www.naraintoursindia.com/secureadmin/admin/dashboard.php?message=success" "Mozilla/5.0 (Linux; U; Android 11; en-us; CPH1938 Build/RP1A.200720.011) AppleWebKit/537.36 (KHTML, like Gecko) Chrome/77.0.3865.116 Mobile Safari/537.36 HeyTapBrowser/45.7.8.1"
43.239.206.31 - - [03/Aug/2021:03:22:40 +0000] "GET /secureadmin/admin/images/user_thumb.png HTTP/1.1" 200 1549 "https://www.naraintoursindia.com/secureadmin/admin/dashboard.php?message=success" "Mozilla/5.0 (Linux; U; Android 11; en-us; CPH1938 Build/RP1A.200720.011) AppleWebKit/537.36 (KHTML, like Gecko) Chrome/77.0.3865.116 Mobile Safari/537.36 HeyTapBrowser/45.7.8.1"
43.239.206.31 - - [03/Aug/2021:03:22:40 +0000] "GET /secureadmin/admin/images/layout-sprite.png HTTP/1.1" 200 6176 "https://www.naraintoursindia.com/secureadmin/admin/css/themes.css" "Mozilla/5.0 (Linux; U; Android 11; en-us; CPH1938 Build/RP1A.200720.011) AppleWebKit/537.36 (KHTML, like Gecko) Chrome/77.0.3865.116 Mobile Safari/537.36 HeyTapBrowser/45.7.8.1"
43.239.206.31 - - [03/Aug/2021:03:22:40 +0000] "GET /secureadmin/admin/menuContent.html HTTP/1.1" 404 232 "https://www.naraintoursindia.com/secureadmin/admin/dashboard.php?message=success" "Mozilla/5.0 (Linux; U; Android 11; en-us; CPH1938 Build/RP1A.200720.011) AppleWebKit/537.36 (KHTML, like Gecko) Chrome/77.0.3865.116 Mobile Safari/537.36 HeyTapBrowser/45.7.8.1"
43.239.206.31 - - [03/Aug/2021:03:22:50 +0000] "GET /secureadmin/admin/dashboard.php?message=success HTTP/1.1" 200 7800 "https://www.naraintoursindia.com/secureadmin/admin/" "Mozilla/5.0 (Linux; U; Android 11; en-us; CPH1938 Build/RP1A.200720.011) AppleWebKit/537.36 (KHTML, like Gecko) Chrome/77.0.3865.116 Mobile Safari/537.36 HeyTapBrowser/45.7.8.1"
43.239.206.31 - - [03/Aug/2021:03:22:50 +0000] "GET /secureadmin/admin/menuContent.html HTTP/1.1" 404 232 "https://www.naraintoursindia.com/secureadmin/admin/dashboard.php?message=success" "Mozilla/5.0 (Linux; U; Android 11; en-us; CPH1938 Build/RP1A.200720.011) AppleWebKit/537.36 (KHTML, like Gecko) Chrome/77.0.3865.116 Mobile Safari/537.36 HeyTapBrowser/45.7.8.1"
43.239.206.31 - - [03/Aug/2021:03:22:54 +0000] "GET /secureadmin/admin/dashboard.php HTTP/1.1" 200 7800 "https://www.naraintoursindia.com/secureadmin/admin/dashboard.php?message=success" "Mozilla/5.0 (Linux; U; Android 11; en-us; CPH1938 Build/RP1A.200720.011) AppleWebKit/537.36 (KHTML, like Gecko) Chrome/77.0.3865.116 Mobile Safari/537.36 HeyTapBrowser/45.7.8.1"
43.239.206.31 - - [03/Aug/2021:03:22:54 +0000] "GET /secureadmin/admin/menuContent.html HTTP/1.1" 404 232 "https://www.naraintoursindia.com/secureadmin/admin/dashboard.php" "Mozilla/5.0 (Linux; U; Android 11; en-us; CPH1938 Build/RP1A.200720.011) AppleWebKit/537.36 (KHTML, like Gecko) Chrome/77.0.3865.116 Mobile Safari/537.36 HeyTapBrowser/45.7.8.1"
43.239.206.31 - - [03/Aug/2021:03:22:54 +0000] "GET /favicon.ico HTTP/1.1" 404 209 "https://www.naraintoursindia.com/secureadmin/admin/dashboard.php" "Mozilla/5.0 (Linux; U; Android 11; en-us; CPH1938 Build/RP1A.200720.011) AppleWebKit/537.36 (KHTML, like Gecko) Chrome/77.0.3865.116 Mobile Safari/537.36 HeyTapBrowser/45.7.8.1"
43.239.206.31 - - [03/Aug/2021:03:23:14 +0000] "GET /secureadmin/admin/logout.php HTTP/1.1" 200 154 "https://www.naraintoursindia.com/secureadmin/admin/dashboard.php" "Mozilla/5.0 (Linux; U; Android 11; en-us; CPH1938 Build/RP1A.200720.011) AppleWebKit/537.36 (KHTML, like Gecko) Chrome/77.0.3865.116 Mobile Safari/537.36 HeyTapBrowser/45.7.8.1"
43.239.206.31 - - [03/Aug/2021:03:23:14 +0000] "GET /favicon.ico HTTP/1.1" 404 209 "https://www.naraintoursindia.com/secureadmin/admin/logout.php" "Mozilla/5.0 (Linux; U; Android 11; en-us; CPH1938 Build/RP1A.200720.011) AppleWebKit/537.36 (KHTML, like Gecko) Chrome/77.0.3865.116 Mobile Safari/537.36 HeyTapBrowser/45.7.8.1"
43.239.206.31 - - [03/Aug/2021:03:23:15 +0000] "GET /secureadmin/admin/index.php HTTP/1.1" 200 6782 "https://www.naraintoursindia.com/secureadmin/admin/logout.php" "Mozilla/5.0 (Linux; U; Android 11; en-us; CPH1938 Build/RP1A.200720.011) AppleWebKit/537.36 (KHTML, like Gecko) Chrome/77.0.3865.116 Mobile Safari/537.36 HeyTapBrowser/45.7.8.1"
43.239.206.31 - - [03/Aug/2021:03:23:15 +0000] "GET /secureadmin/admin/menuContent.html HTTP/1.1" 404 232 "https://www.naraintoursindia.com/secureadmin/admin/index.php" "Mozilla/5.0 (Linux; U; Android 11; en-us; CPH1938 Build/RP1A.200720.011) AppleWebKit/537.36 (KHTML, like Gecko) Chrome/77.0.3865.116 Mobile Safari/537.36 HeyTapBrowser/45.7.8.1"
43.239.206.31 - - [03/Aug/2021:03:23:26 +0000] "GET /booking-sight-seeing.php HTTP/1.1" 200 19374 "-" "Mozilla/5.0 (Linux; U; Android 11; en-us; CPH1938 Build/RP1A.200720.011) AppleWebKit/537.36 (KHTML, like Gecko) Chrome/77.0.3865.116 Mobile Safari/537.36 HeyTapBrowser/45.7.8.1"
43.239.206.31 - - [03/Aug/2021:03:23:26 +0000] "GET /css/style.css HTTP/1.1" 200 178421 "http://naraintoursindia.com/booking-sight-seeing.php" "Mozilla/5.0 (Linux; U; Android 11; en-us; CPH1938 Build/RP1A.200720.011) AppleWebKit/537.36 (KHTML, like Gecko) Chrome/77.0.3865.116 Mobile Safari/537.36 HeyTapBrowser/45.7.8.1"
43.239.206.31 - - [03/Aug/2021:03:23:26 +0000] "GET /css/materialize.css HTTP/1.1" 200 169755 "http://naraintoursindia.com/booking-sight-seeing.php" "Mozilla/5.0 (Linux; U; Android 11; en-us; CPH1938 Build/RP1A.200720.011) AppleWebKit/537.36 (KHTML, like Gecko) Chrome/77.0.3865.116 Mobile Safari/537.36 HeyTapBrowser/45.7.8.1"
43.239.206.31 - - [03/Aug/2021:03:23:27 +0000] "GET /css/animate.css HTTP/1.1" 200 77818 "http://naraintoursindia.com/booking-sight-seeing.php" "Mozilla/5.0 (Linux; U; Android 11; en-us; CPH1938 Build/RP1A.200720.011) AppleWebKit/537.36 (KHTML, like Gecko) Chrome/77.0.3865.116 Mobile Safari/537.36 HeyTapBrowser/45.7.8.1"
43.239.206.31 - - [03/Aug/2021:03:23:27 +0000] "GET /css/bootstrap.css HTTP/1.1" 200 152814 "http://naraintoursindia.com/booking-sight-seeing.php" "Mozilla/5.0 (Linux; U; Android 11; en-us; CPH1938 Build/RP1A.200720.011) AppleWebKit/537.36 (KHTML, like Gecko) Chrome/77.0.3865.116 Mobile Safari/537.36 HeyTapBrowser/45.7.8.1"
43.239.206.31 - - [03/Aug/2021:03:23:27 +0000] "GET /js/jquery-latest.min.js HTTP/1.1" 200 86351 "http://naraintoursindia.com/booking-sight-seeing.php" "Mozilla/5.0 (Linux; U; Android 11; en-us; CPH1938 Build/RP1A.200720.011) AppleWebKit/537.36 (KHTML, like Gecko) Chrome/77.0.3865.116 Mobile Safari/537.36 HeyTapBrowser/45.7.8.1"
43.239.206.31 - - [03/Aug/2021:03:23:28 +0000] "GET /galleryimg/5c15fedbd57b3574c5ad47e94534e678.jpg HTTP/1.1" 200 53937 "http://naraintoursindia.com/booking-sight-seeing.php" "Mozilla/5.0 (Linux; U; Android 11; en-us; CPH1938 Build/RP1A.200720.011) AppleWebKit/537.36 (KHTML, like Gecko) Chrome/77.0.3865.116 Mobile Safari/537.36 HeyTapBrowser/45.7.8.1"
43.239.206.31 - - [03/Aug/2021:03:23:27 +0000] "GET /js/materialize.min.js HTTP/1.1" 200 148768 "http://naraintoursindia.com/booking-sight-seeing.php" "Mozilla/5.0 (Linux; U; Android 11; en-us; CPH1938 Build/RP1A.200720.011) AppleWebKit/537.36 (KHTML, like Gecko) Chrome/77.0.3865.116 Mobile Safari/537.36 HeyTapBrowser/45.7.8.1"
43.239.206.31 - - [03/Aug/2021:03:23:27 +0000] "GET /js/jquery-ui.js HTTP/1.1" 200 702043 "http://naraintoursindia.com/booking-sight-seeing.php" "Mozilla/5.0 (Linux; U; Android 11; en-us; CPH1938 Build/RP1A.200720.011) AppleWebKit/537.36 (KHTML, like Gecko) Chrome/77.0.3865.116 Mobile Safari/537.36 HeyTapBrowser/45.7.8.1"
43.239.206.31 - - [03/Aug/2021:03:23:28 +0000] "GET /fonts/fontawesome-webfont3e6e.woff2?v=4.7.0 HTTP/1.1" 200 77160 "http://naraintoursindia.com/css/font-awesome.min.css" "Mozilla/5.0 (Linux; U; Android 11; en-us; CPH1938 Build/RP1A.200720.011) AppleWebKit/537.36 (KHTML, like Gecko) Chrome/77.0.3865.116 Mobile Safari/537.36 HeyTapBrowser/45.7.8.1"
43.239.206.31 - - [03/Aug/2021:03:23:28 +0000] "GET /images/slider/1.jpg HTTP/1.1" 200 168671 "http://naraintoursindia.com/css/style.css" "Mozilla/5.0 (Linux; U; Android 11; en-us; CPH1938 Build/RP1A.200720.011) AppleWebKit/537.36 (KHTML, like Gecko) Chrome/77.0.3865.116 Mobile Safari/537.36 HeyTapBrowser/45.7.8.1"
54.36.148.251 - - [03/Aug/2021:03:31:28 +0000] "GET / HTTP/1.1" 200 53222 "-" "Mozilla/5.0 (compatible; AhrefsBot/7.0; +http://ahrefs.com/robot/)"
157.55.39.75 - - [03/Aug/2021:03:31:49 +0000] "GET /booking-tour-package.php/js/bootstrap.js HTTP/1.1" 200 24146 "-" "Mozilla/5.0 (compatible; MSIE 9.0; Windows NT 6.1; Trident/5.0)"
37.229.198.180 - - [03/Aug/2021:03:31:59 +0000] "GET / HTTP/1.1" 200 53222 "https://business-cooper.ru/" "Mozilla/4.0 (compatible; MSIE 6.0; Windows NT 5.1; .NET CLR 1.1.4322; FDM)"
37.229.198.180 - - [03/Aug/2021:03:32:00 +0000] "GET / HTTP/1.1" 200 53222 "https://business-cooper.ru/" "Mozilla/4.0 (compatible; MSIE 6.0; Windows NT 5.1; .NET CLR 1.1.4322; FDM)"
37.229.198.180 - - [03/Aug/2021:03:32:01 +0000] "GET / HTTP/1.1" 200 53222 "https://business-cooper.ru/" "Mozilla/4.0 (compatible; MSIE 6.0; Windows NT 5.1; .NET CLR 1.1.4322; FDM)"
216.244.66.231 - - [03/Aug/2021:03:32:29 +0000] "GET /robots.txt HTTP/1.1" 404 208 "-" "Mozilla/5.0 (compatible; DotBot/1.2; +https://opensiteexplorer.org/dotbot; help@moz.com)"
207.46.13.139 - - [03/Aug/2021:03:35:45 +0000] "GET /about-us.php/js/jquery-latest.min.js HTTP/1.1" 200 19306 "-" "Mozilla/5.0 (compatible; MSIE 9.0; Windows NT 6.1; Trident/5.0)"
216.244.66.231 - - [03/Aug/2021:03:39:18 +0000] "GET /packages/india-tours/tour-details.php?id=21 HTTP/1.1" 404 235 "-" "Mozilla/5.0 (compatible; DotBot/1.2; +https://opensiteexplorer.org/dotbot; help@moz.com)"
216.244.66.231 - - [03/Aug/2021:03:39:58 +0000] "GET /.html HTTP/1.1" 403 214 "-" "Mozilla/5.0 (compatible; DotBot/1.2; +https://opensiteexplorer.org/dotbot; help@moz.com)"
216.244.66.231 - - [03/Aug/2021:03:40:07 +0000] "GET /HimachalwithGoldenTempleTour.html HTTP/1.1" 404 231 "-" "Mozilla/5.0 (compatible; DotBot/1.2; +https://opensiteexplorer.org/dotbot; help@moz.com)"
216.244.66.231 - - [03/Aug/2021:03:40:15 +0000] "GET /KailashMansaroverYatra HTTP/1.1" 404 220 "-" "Mozilla/5.0 (compatible; DotBot/1.2; +https://opensiteexplorer.org/dotbot; help@moz.com)"
216.244.66.231 - - [03/Aug/2021:03:40:22 +0000] "GET /complete-himachal-tour.html HTTP/1.1" 404 225 "-" "Mozilla/5.0 (compatible; DotBot/1.2; +https://opensiteexplorer.org/dotbot; help@moz.com)"
216.244.66.231 - - [03/Aug/2021:03:40:28 +0000] "GET /kerala-with-exotic-goa.htm HTTP/1.1" 404 224 "-" "Mozilla/5.0 (compatible; DotBot/1.2; +https://opensiteexplorer.org/dotbot; help@moz.com)"
216.244.66.231 - - [03/Aug/2021:03:40:33 +0000] "GET /majestic-ladakh-tour.htm HTTP/1.1" 404 222 "-" "Mozilla/5.0 (compatible; DotBot/1.2; +https://opensiteexplorer.org/dotbot; help@moz.com)"
43.239.206.31 - - [03/Aug/2021:03:42:38 +0000] "GET /secureadmin/admin/ HTTP/1.1" 200 6782 "-" "Mozilla/5.0 (Linux; U; Android 11; en-us; CPH1938 Build/RP1A.200720.011) AppleWebKit/537.36 (KHTML, like Gecko) Chrome/77.0.3865.116 Mobile Safari/537.36 HeyTapBrowser/45.7.8.1"
43.239.206.31 - - [03/Aug/2021:03:42:40 +0000] "GET /secureadmin/admin/menuContent.html HTTP/1.1" 404 232 "https://www.naraintoursindia.com/secureadmin/admin/" "Mozilla/5.0 (Linux; U; Android 11; en-us; CPH1938 Build/RP1A.200720.011) AppleWebKit/537.36 (KHTML, like Gecko) Chrome/77.0.3865.116 Mobile Safari/537.36 HeyTapBrowser/45.7.8.1"
43.239.206.31 - - [03/Aug/2021:03:42:40 +0000] "GET /favicon.ico HTTP/1.1" 404 209 "https://www.naraintoursindia.com/secureadmin/admin/" "Mozilla/5.0 (Linux; U; Android 11; en-us; CPH1938 Build/RP1A.200720.011) AppleWebKit/537.36 (KHTML, like Gecko) Chrome/77.0.3865.116 Mobile Safari/537.36 HeyTapBrowser/45.7.8.1"
43.239.206.31 - - [03/Aug/2021:03:42:51 +0000] "GET /booking-sight-seeing.php HTTP/1.1" 200 19374 "-" "Mozilla/5.0 (Linux; U; Android 11; en-us; CPH1938 Build/RP1A.200720.011) AppleWebKit/537.36 (KHTML, like Gecko) Chrome/77.0.3865.116 Mobile Safari/537.36 HeyTapBrowser/45.7.8.1"
162.247.72.199 - - [03/Aug/2021:03:47:49 +0000] "GET /india-tours/rajasthan-tour-packages.html HTTP/1.1" 404 238 "http://www.naraintoursindia.com/india-tours/rajasthan-tour-packages.html" "Mozilla/5.0 (Windows NT 6.1; rv:31.0) Gecko/20100101 Firefox/31.0"
77.75.78.168 - - [03/Aug/2021:03:52:28 +0000] "GET /robots.txt HTTP/1.1" 404 208 "-" "Mozilla/5.0 (compatible; SeznamBot/3.2; +http://napoveda.seznam.cz/en/seznambot-intro/)"
77.75.78.168 - - [03/Aug/2021:03:52:30 +0000] "GET /6-days-shimla-manali-tour-packages.html HTTP/1.1" 404 237 "-" "Mozilla/5.0 (compatible; SeznamBot/3.2; +http://napoveda.seznam.cz/en/seznambot-intro/)"
216.244.66.231 - - [03/Aug/2021:03:55:41 +0000] "GET /places.php?keywords=shimla&submit=search HTTP/1.1" 200 15720 "-" "Mozilla/5.0 (compatible; DotBot/1.2; +https://opensiteexplorer.org/dotbot; help@moz.com)"
185.191.171.13 - - [03/Aug/2021:04:03:13 +0000] "GET /robots.txt HTTP/1.1" 404 208 "-" "Mozilla/5.0 (compatible; SemrushBot/7~bl; +http://www.semrush.com/bot.html)"
185.191.171.10 - - [03/Aug/2021:04:03:14 +0000] "GET /booking.php?tourname=Kerala%20with%20Golden%20Triangle%20GroupTour HTTP/1.1" 200 18339 "-" "Mozilla/5.0 (compatible; SemrushBot/7~bl; +http://www.semrush.com/bot.html)"
54.36.148.108 - - [03/Aug/2021:04:13:47 +0000] "GET / HTTP/1.1" 200 53222 "-" "Mozilla/5.0 (compatible; AhrefsBot/7.0; +http://ahrefs.com/robot/)"
216.244.66.231 - - [03/Aug/2021:04:22:06 +0000] "GET /robots.txt HTTP/1.1" 404 208 "-" "Mozilla/5.0 (compatible; DotBot/1.2; +https://opensiteexplorer.org/dotbot; help@moz.com)"
66.249.66.192 - - [03/Aug/2021:04:26:02 +0000] "GET /14days-wildlife-safari-tour.html?page=2 HTTP/1.1" 404 230 "-" "Mozilla/5.0 (Linux; Android 6.0.1; Nexus 5X Build/MMB29P) AppleWebKit/537.36 (KHTML, like Gecko) Chrome/92.0.4515.119 Mobile Safari/537.36 (compatible; Googlebot/2.1; +http://www.google.com/bot.html)"
95.160.35.99 - - [03/Aug/2021:04:29:02 +0000] "GET /images/logo.png HTTP/1.1" 200 16779 "Referer: https://naraintoursindia.com/4-days-nainital-tour-package.html" "Mozilla/5.0 (X11; Ubuntu; Linux x86_64; rv:71.0) Gecko/20100101 Firefox/71.0"
95.160.35.99 - - [03/Aug/2021:04:29:02 +0000] "GET /galleryimg/5853958GOLDEN-TRIANGLE-WITH-RANTHA.jpg HTTP/1.1" 404 247 "Referer: https://naraintoursindia.com/4-days-nainital-tour-package.html" "Mozilla/5.0 (X11; Ubuntu; Linux x86_64; rv:71.0) Gecko/20100101 Firefox/71.0"
216.244.66.231 - - [03/Aug/2021:04:30:24 +0000] "GET /honeymoonpackages.php HTTP/1.1" 404 219 "-" "Mozilla/5.0 (compatible; DotBot/1.2; +https://opensiteexplorer.org/dotbot; help@moz.com)"
131.220.6.152 - - [03/Aug/2021:04:47:00 +0000] "GET / HTTP/1.1" 200 53222 "-" "Mozilla/5.0 (X11; Linux x86_64) AppleWebKit/537.36 (KHTML, like Gecko) Chrome/79.0.3945.79 Safari/537.36"
54.36.148.234 - - [03/Aug/2021:04:52:52 +0000] "GET /jaipur-Weekend-Tour.html HTTP/1.1" 404 222 "-" "Mozilla/5.0 (compatible; AhrefsBot/7.0; +http://ahrefs.com/robot/)"
77.75.78.167 - - [03/Aug/2021:04:54:37 +0000] "GET /robots.txt HTTP/1.1" 404 208 "-" "Mozilla/5.0 (compatible; SeznamBot/3.2; +http://napoveda.seznam.cz/en/seznambot-intro/)"
77.75.78.167 - - [03/Aug/2021:04:54:38 +0000] "GET /kerala-tour.html HTTP/1.1" 404 214 "-" "Mozilla/5.0 (compatible; SeznamBot/3.2; +http://napoveda.seznam.cz/en/seznambot-intro/)"
157.55.39.132 - - [03/Aug/2021:04:55:13 +0000] "GET / HTTP/1.1" 200 53222 "-" "Mozilla/5.0 (compatible; bingbot/2.0; +http://www.bing.com/bingbot.htm)"
66.249.66.10 - - [03/Aug/2021:04:57:05 +0000] "GET /shimla-weekend-tour-package.html HTTP/1.1" 404 230 "-" "Mozilla/5.0 (Linux; Android 6.0.1; Nexus 5X Build/MMB29P) AppleWebKit/537.36 (KHTML, like Gecko) Chrome/92.0.4515.119 Mobile Safari/537.36 (compatible; Googlebot/2.1; +http://www.google.com/bot.html)"
45.133.172.23 - - [03/Aug/2021:05:00:03 +0000] "GET / HTTP/1.0" 200 53222 "http://naraintoursindia.com/" "Mozilla/5.0 (Windows NT 6.3; Win64; x64) AppleWebKit/537.36 (KHTML, like Gecko) Chrome/90.0.4430.72 Safari/537.36 Edg/90.0.818.42"
45.133.172.23 - - [03/Aug/2021:05:00:04 +0000] "POST /mail/send.php HTTP/1.0" 404 211 "http://naraintoursindia.com/" "Mozilla/5.0 (Windows NT 6.3; Win64; x64) AppleWebKit/537.36 (KHTML, like Gecko) Chrome/90.0.4430.72 Safari/537.36 Edg/90.0.818.42"
216.244.66.231 - - [03/Aug/2021:05:12:03 +0000] "GET /robots.txt HTTP/1.1" 404 208 "-" "Mozilla/5.0 (compatible; DotBot/1.2; +https://opensiteexplorer.org/dotbot; help@moz.com)"
165.231.168.29 - - [03/Aug/2021:05:17:30 +0000] "GET / HTTP/1.0" 200 53222 "-" "Mozilla/5.0 (Windows NT 10.0; WOW64) AppleWebKit/537.36 (KHTML, like Gecko) Chrome/64.0.3282.39 Safari/537.36"
165.231.168.29 - - [03/Aug/2021:05:17:58 +0000] "GET /contact-us.php HTTP/1.0" 200 16607 "http://naraintoursindia.com" "Mozilla/5.0 (Windows NT 10.0; WOW64) AppleWebKit/537.36 (KHTML, like Gecko) Chrome/64.0.3282.39 Safari/537.36"
199.187.209.30 - - [03/Aug/2021:05:18:25 +0000] "GET / HTTP/1.1" 200 53222 "-" "Mozilla/5.0 (Windows NT 10.0; WOW64) AppleWebKit/537.36 (KHTML, like Gecko) Chrome/64.0.3282.39 Safari/537.36"
199.187.209.30 - - [03/Aug/2021:05:19:17 +0000] "GET / HTTP/1.1" 200 53222 "-" "Mozilla/5.0 (Windows NT 10.0; WOW64) AppleWebKit/537.36 (KHTML, like Gecko) Chrome/64.0.3282.39 Safari/537.36"
199.187.209.30 - - [03/Aug/2021:05:19:22 +0000] "GET /mail/send.php?ename=Effie&emobile=901-942-1018&eemail=shepard.effie%40gmail.com&esubject=India+Tour+Packages%2C+Tour+to+India&ecity=Memphis&ecount=United+States&emess=Hey+there+%0D%0A+%0D%0ACAREDOGBEST%E2%84%A2+-+Personalized+Dog+Harness.+All+sizes+from+XS+to+XXL.++Easy+ON/OFF+in+just+2+seconds.++LIFETIME+WARRANTY.%0D%0A%0D%0AClick+here:+caredogbest.com%0D%0A+%0D%0ASincerely%2C+%0D%0A+%0D%0AEffie%0D%0AIndia+Tour+Packages%2C+Tour+to+India HTTP/1.1" 404 211 "http://naraintoursindia.com" "Mozilla/5.0 (Windows NT 10.0; WOW64) AppleWebKit/537.36 (KHTML, like Gecko) Chrome/64.0.3282.39 Safari/537.36"
216.244.66.231 - - [03/Aug/2021:05:19:46 +0000] "GET /packages/india-tours/tour-details.php?id=12 HTTP/1.1" 404 235 "-" "Mozilla/5.0 (compatible; DotBot/1.2; +https://opensiteexplorer.org/dotbot; help@moz.com)"
45.140.17.44 - - [03/Aug/2021:05:19:50 +0000] "GET / HTTP/1.1" 200 53222 "-" "curl/7.54.0"
216.244.66.231 - - [03/Aug/2021:05:19:51 +0000] "GET /packages/india-tours/tour-details.php?id=44 HTTP/1.1" 404 235 "-" "Mozilla/5.0 (compatible; DotBot/1.2; +https://opensiteexplorer.org/dotbot; help@moz.com)"
45.140.17.44 - - [03/Aug/2021:05:19:51 +0000] "GET /mail/send.php HTTP/1.1" 404 211 "-" "curl/7.54.0"
216.244.66.231 - - [03/Aug/2021:05:20:14 +0000] "GET /Blog HTTP/1.1" 404 202 "-" "Mozilla/5.0 (compatible; DotBot/1.2; +https://opensiteexplorer.org/dotbot; help@moz.com)"
216.244.66.231 - - [03/Aug/2021:05:28:56 +0000] "GET /booking.php?tourname=Shimla%20Volvo%20Tour%20Package HTTP/1.1" 200 18339 "-" "Mozilla/5.0 (compatible; DotBot/1.2; +https://opensiteexplorer.org/dotbot; help@moz.com)"
34.221.1.111 - - [03/Aug/2021:05:30:45 +0000] "GET / HTTP/1.1" 200 53222 "-" "Mozilla/5.0 (X11; Linux x86_64) AppleWebKit/537.36 (KHTML, like Gecko) Chrome/83.0.4103.97 Safari/537.36"
52.33.154.112 - - [03/Aug/2021:05:31:12 +0000] "GET /favicon.ico HTTP/1.1" 404 209 "-" "Mozilla/5.0 (X11; Linux x86_64) AppleWebKit/537.36 (KHTML, like Gecko) Chrome/83.0.4103.97 Safari/537.36"
52.33.154.112 - - [03/Aug/2021:05:31:15 +0000] "GET / HTTP/1.1" 200 53222 "-" "Mozilla/5.0 (X11; Linux x86_64) AppleWebKit/537.36 (KHTML, like Gecko) Chrome/83.0.4103.97 Safari/537.36"
34.220.96.167 - - [03/Aug/2021:05:33:15 +0000] "GET / HTTP/1.1" 200 53222 "-" "Mozilla/5.0 (X11; Linux x86_64) AppleWebKit/537.36 (KHTML, like Gecko) Chrome/83.0.4103.97 Safari/537.36"
185.191.171.19 - - [03/Aug/2021:05:59:51 +0000] "GET /robots.txt HTTP/1.1" 404 208 "-" "Mozilla/5.0 (compatible; SemrushBot/7~bl; +http://www.semrush.com/bot.html)"
185.191.171.23 - - [03/Aug/2021:05:59:52 +0000] "GET /magnificent-shimla-manali-tour.html HTTP/1.1" 404 233 "-" "Mozilla/5.0 (compatible; SemrushBot/7~bl; +http://www.semrush.com/bot.html)"
207.46.13.44 - - [03/Aug/2021:06:00:26 +0000] "GET /robots.txt HTTP/1.1" 404 208 "-" "Mozilla/5.0 (compatible; bingbot/2.0; +http://www.bing.com/bingbot.htm)"
216.244.66.231 - - [03/Aug/2021:06:03:28 +0000] "GET /robots.txt HTTP/1.1" 404 208 "-" "Mozilla/5.0 (compatible; DotBot/1.2; +https://opensiteexplorer.org/dotbot; help@moz.com)"
203.82.75.134 - - [03/Aug/2021:06:09:31 +0000] "GET /packages/india-tours/index.php HTTP/1.1" 404 228 "https://www.google.com/url?sa=t&rct=j&q=&esrc=s&source=web&cd=1&ved=0CFAQFjAF&url=https%3A%2F%2Fwww.naraintoursindia.com%2Fpackages%2Findia-tours%2Findex.php&ei=lt0IYcyDL5SJ1AbtqwE&usg=AFQjCNEqGfKqCDknFZ9N8IWf6frPufrdag" "Mozilla/5.0 (Windows NT 6.1; Trident/7.0; rv:11.0) like Gecko"
185.191.171.25 - - [03/Aug/2021:06:09:58 +0000] "GET /booking.php?tourname=Delhi%20Manali%20Volvo%20Tour HTTP/1.1" 200 18339 "-" "Mozilla/5.0 (compatible; SemrushBot/7~bl; +http://www.semrush.com/bot.html)"
216.244.66.231 - - [03/Aug/2021:06:10:42 +0000] "GET /packages/india-tours/tour-details.php?id=9 HTTP/1.1" 404 235 "-" "Mozilla/5.0 (compatible; DotBot/1.2; +https://opensiteexplorer.org/dotbot; help@moz.com)"
216.244.66.231 - - [03/Aug/2021:06:11:13 +0000] "GET /kerala-backwater-tour.htm HTTP/1.1" 404 223 "-" "Mozilla/5.0 (compatible; DotBot/1.2; +https://opensiteexplorer.org/dotbot; help@moz.com)"
216.244.66.231 - - [03/Aug/2021:06:11:18 +0000] "GET /nainital-tour-package.html HTTP/1.1" 404 224 "-" "Mozilla/5.0 (compatible; DotBot/1.2; +https://opensiteexplorer.org/dotbot; help@moz.com)"
66.249.66.192 - - [03/Aug/2021:06:12:38 +0000] "GET /mailunsi-VIII-competitive/cabo/holland-1382dd40454725-260e3528b175839-mccullough.shtml HTTP/1.1" 404 284 "-" "Mozilla/5.0 (Linux; Android 6.0.1; Nexus 5X Build/MMB29P) AppleWebKit/537.36 (KHTML, like Gecko) Chrome/92.0.4515.119 Mobile Safari/537.36 (compatible; Googlebot/2.1; +http://www.google.com/bot.html)"
216.244.66.231 - - [03/Aug/2021:06:14:19 +0000] "GET /booknow.php?package_name=Do%20Dham%20Yatra HTTP/1.1" 404 209 "-" "Mozilla/5.0 (compatible; DotBot/1.2; +https://opensiteexplorer.org/dotbot; help@moz.com)"
77.75.77.11 - - [03/Aug/2021:06:25:40 +0000] "GET /robots.txt HTTP/1.1" 404 208 "-" "Mozilla/5.0 (compatible; SeznamBot/3.2; +http://napoveda.seznam.cz/en/seznambot-intro/)"
77.75.77.11 - - [03/Aug/2021:06:25:42 +0000] "GET /galleryimg/7098555Kerala-backwaters.jpg HTTP/1.1" 304 - "-" "Mozilla/5.0 (compatible; SeznamBot/3.2; +http://napoveda.seznam.cz/en/seznambot-intro/)"
77.75.77.11 - - [03/Aug/2021:06:25:44 +0000] "GET /auli-tour-package-from-delhi.html HTTP/1.1" 404 231 "-" "Mozilla/5.0 (compatible; SeznamBot/3.2; +http://napoveda.seznam.cz/en/seznambot-intro/)"
157.55.39.132 - - [03/Aug/2021:06:28:03 +0000] "GET /himachal-pradesh-tour.html HTTP/1.1" 404 224 "-" "Mozilla/5.0 (compatible; bingbot/2.0; +http://www.bing.com/bingbot.htm)"
207.46.13.94 - - [03/Aug/2021:06:28:45 +0000] "GET /galleryimg/1406a21681cd41319fc86c92d2f98573.jpg HTTP/1.1" 404 245 "-" "Mozilla/5.0 (compatible; bingbot/2.0; +http://www.bing.com/bingbot.htm)"
66.249.66.223 - - [03/Aug/2021:06:42:35 +0000] "GET /14days-wildlife-safari-tour.html?page=2 HTTP/1.1" 404 230 "-" "Mozilla/5.0 (Linux; Android 6.0.1; Nexus 5X Build/MMB29P) AppleWebKit/537.36 (KHTML, like Gecko) Chrome/92.0.4515.119 Mobile Safari/537.36 (compatible; Googlebot/2.1; +http://www.google.com/bot.html)"
35.222.152.162 - - [03/Aug/2021:06:47:33 +0000] "GET / HTTP/1.1" 200 53222 "-" "Mozilla/5.0 (Windows NT 10.0; Win64; x64) AppleWebKit/537.36 (KHTML, like Gecko) Chrome/80.0.3987.149 Safari/537.36"
35.222.152.162 - - [03/Aug/2021:06:47:34 +0000] "GET / HTTP/1.1" 200 53222 "-" "Mozilla/5.0 (Windows NT 10.0; Win64; x64) AppleWebKit/537.36 (KHTML, like Gecko) Chrome/80.0.3987.149 Safari/537.36"
35.222.152.162 - - [03/Aug/2021:06:47:34 +0000] "GET /wp-includes/wlwmanifest.xml HTTP/1.1" 404 225 "-" "Mozilla/5.0 (Windows NT 10.0; Win64; x64) AppleWebKit/537.36 (KHTML, like Gecko) Chrome/80.0.3987.149 Safari/537.36"
35.222.152.162 - - [03/Aug/2021:06:47:34 +0000] "GET /xmlrpc.php?rsd HTTP/1.1" 404 208 "-" "Mozilla/5.0 (Windows NT 10.0; Win64; x64) AppleWebKit/537.36 (KHTML, like Gecko) Chrome/80.0.3987.149 Safari/537.36"
35.222.152.162 - - [03/Aug/2021:06:47:34 +0000] "GET / HTTP/1.1" 200 53222 "-" "Mozilla/5.0 (Windows NT 10.0; Win64; x64) AppleWebKit/537.36 (KHTML, like Gecko) Chrome/80.0.3987.149 Safari/537.36"
35.222.152.162 - - [03/Aug/2021:06:47:35 +0000] "GET /blog/wp-includes/wlwmanifest.xml HTTP/1.1" 404 230 "-" "Mozilla/5.0 (Windows NT 10.0; Win64; x64) AppleWebKit/537.36 (KHTML, like Gecko) Chrome/80.0.3987.149 Safari/537.36"
35.222.152.162 - - [03/Aug/2021:06:47:35 +0000] "GET /web/wp-includes/wlwmanifest.xml HTTP/1.1" 404 229 "-" "Mozilla/5.0 (Windows NT 10.0; Win64; x64) AppleWebKit/537.36 (KHTML, like Gecko) Chrome/80.0.3987.149 Safari/537.36"
35.222.152.162 - - [03/Aug/2021:06:47:35 +0000] "GET /wordpress/wp-includes/wlwmanifest.xml HTTP/1.1" 404 235 "-" "Mozilla/5.0 (Windows NT 10.0; Win64; x64) AppleWebKit/537.36 (KHTML, like Gecko) Chrome/80.0.3987.149 Safari/537.36"
35.222.152.162 - - [03/Aug/2021:06:47:35 +0000] "GET /website/wp-includes/wlwmanifest.xml HTTP/1.1" 404 233 "-" "Mozilla/5.0 (Windows NT 10.0; Win64; x64) AppleWebKit/537.36 (KHTML, like Gecko) Chrome/80.0.3987.149 Safari/537.36"
35.222.152.162 - - [03/Aug/2021:06:47:36 +0000] "GET /wp/wp-includes/wlwmanifest.xml HTTP/1.1" 404 228 "-" "Mozilla/5.0 (Windows NT 10.0; Win64; x64) AppleWebKit/537.36 (KHTML, like Gecko) Chrome/80.0.3987.149 Safari/537.36"
35.222.152.162 - - [03/Aug/2021:06:47:36 +0000] "GET /news/wp-includes/wlwmanifest.xml HTTP/1.1" 404 230 "-" "Mozilla/5.0 (Windows NT 10.0; Win64; x64) AppleWebKit/537.36 (KHTML, like Gecko) Chrome/80.0.3987.149 Safari/537.36"
35.222.152.162 - - [03/Aug/2021:06:47:36 +0000] "GET /2018/wp-includes/wlwmanifest.xml HTTP/1.1" 404 230 "-" "Mozilla/5.0 (Windows NT 10.0; Win64; x64) AppleWebKit/537.36 (KHTML, like Gecko) Chrome/80.0.3987.149 Safari/537.36"
35.222.152.162 - - [03/Aug/2021:06:47:36 +0000] "GET /2019/wp-includes/wlwmanifest.xml HTTP/1.1" 404 230 "-" "Mozilla/5.0 (Windows NT 10.0; Win64; x64) AppleWebKit/537.36 (KHTML, like Gecko) Chrome/80.0.3987.149 Safari/537.36"
35.222.152.162 - - [03/Aug/2021:06:47:37 +0000] "GET /shop/wp-includes/wlwmanifest.xml HTTP/1.1" 404 230 "-" "Mozilla/5.0 (Windows NT 10.0; Win64; x64) AppleWebKit/537.36 (KHTML, like Gecko) Chrome/80.0.3987.149 Safari/537.36"
35.222.152.162 - - [03/Aug/2021:06:47:37 +0000] "GET /wp1/wp-includes/wlwmanifest.xml HTTP/1.1" 404 229 "-" "Mozilla/5.0 (Windows NT 10.0; Win64; x64) AppleWebKit/537.36 (KHTML, like Gecko) Chrome/80.0.3987.149 Safari/537.36"
35.222.152.162 - - [03/Aug/2021:06:47:37 +0000] "GET /test/wp-includes/wlwmanifest.xml HTTP/1.1" 404 230 "-" "Mozilla/5.0 (Windows NT 10.0; Win64; x64) AppleWebKit/537.36 (KHTML, like Gecko) Chrome/80.0.3987.149 Safari/537.36"
35.222.152.162 - - [03/Aug/2021:06:47:37 +0000] "GET /media/wp-includes/wlwmanifest.xml HTTP/1.1" 404 231 "-" "Mozilla/5.0 (Windows NT 10.0; Win64; x64) AppleWebKit/537.36 (KHTML, like Gecko) Chrome/80.0.3987.149 Safari/537.36"
35.222.152.162 - - [03/Aug/2021:06:47:38 +0000] "GET /wp2/wp-includes/wlwmanifest.xml HTTP/1.1" 404 229 "-" "Mozilla/5.0 (Windows NT 10.0; Win64; x64) AppleWebKit/537.36 (KHTML, like Gecko) Chrome/80.0.3987.149 Safari/537.36"
35.222.152.162 - - [03/Aug/2021:06:47:38 +0000] "GET /site/wp-includes/wlwmanifest.xml HTTP/1.1" 404 230 "-" "Mozilla/5.0 (Windows NT 10.0; Win64; x64) AppleWebKit/537.36 (KHTML, like Gecko) Chrome/80.0.3987.149 Safari/537.36"
35.222.152.162 - - [03/Aug/2021:06:47:38 +0000] "GET /cms/wp-includes/wlwmanifest.xml HTTP/1.1" 404 229 "-" "Mozilla/5.0 (Windows NT 10.0; Win64; x64) AppleWebKit/537.36 (KHTML, like Gecko) Chrome/80.0.3987.149 Safari/537.36"
35.222.152.162 - - [03/Aug/2021:06:47:38 +0000] "GET /sito/wp-includes/wlwmanifest.xml HTTP/1.1" 404 230 "-" "Mozilla/5.0 (Windows NT 10.0; Win64; x64) AppleWebKit/537.36 (KHTML, like Gecko) Chrome/80.0.3987.149 Safari/537.36"
51.159.91.45 - - [03/Aug/2021:06:49:38 +0000] "GET /booking-sight-seeing.php HTTP/1.1" 200 19374 "https://naraintoursindia.com/booking-sight-seeing.php" "Mozilla/5.0 (Windows NT 6.1; rv:31.0) Gecko/20100101 Firefox/31.0"
77.75.77.62 - - [03/Aug/2021:06:54:16 +0000] "GET /robots.txt HTTP/1.1" 404 208 "-" "Mozilla/5.0 (compatible; SeznamBot/3.2; +http://napoveda.seznam.cz/en/seznambot-intro/)"
77.75.77.62 - - [03/Aug/2021:06:54:18 +0000] "GET /shimla-weekend-tour-package.html HTTP/1.1" 404 230 "-" "Mozilla/5.0 (compatible; SeznamBot/3.2; +http://napoveda.seznam.cz/en/seznambot-intro/)"
216.244.66.231 - - [03/Aug/2021:06:55:04 +0000] "GET /robots.txt HTTP/1.1" 404 208 "-" "Mozilla/5.0 (compatible; DotBot/1.2; +https://opensiteexplorer.org/dotbot; help@moz.com)"
117.223.32.204 - - [03/Aug/2021:06:55:12 +0000] "GET /galleryimg/1760209tiger_20120903.jpg HTTP/1.1" 200 92948 "https://in.images.search.yahoo.com/yhs/search;_ylt=AwrwJRjb5whhMDAAPoYO9olQ;_ylu=c2VjA3NlYXJjaARzbGsDYnV0dG9u;_ylc=X1MDMTM1MTIxODcwMgRfcgMyBGFjdG4DY2xrBGNzcmNwdmlkA3ZRNEsuakV3TGpJTkFUSWxYX0FvSWdNY01URTNMZ0FBQUFBajVKMHUEZnIDeWhzLUxrcnktbnQEZnIyA3NhLWdwBGdwcmlkA3d3Ym5aOFZOUm02djVVcnRHN2ZadEEEbl9zdWdnAzEEb3JpZ2luA2luLmltYWdlcy5zZWFyY2gueWFob28uY29tBHBvcwMxBHBxc3RyA3B1cmFuYWdhciUyMHRyYWluBHBxc3RybAMxNQRxc3RybAMyMARxdWVyeQNwdXJhJTIwbmFnYXIlMjB0cmFpbgR0X3N0bXADMTYyNzk3MzY4Mg--?p=pura+nagar+train&fr=yhs-Lkry-nt&fr2=sa-gp-in.images.search&ei=UTF-8&x=wrt&type=YHS_MUS_57895_%2457895_001134%24&hsimp=yhs-nt&hspart=Lkry&param1=mT_1lMJyIhMEw_XoS2KImGxnl0dVYn6XLX3ocX2y8fkD0IYU-R-ZKk9MfrH4rWw0qNaF1eus3S841QLBCrfRWDfVdL3_Apw5k88rPQakddotaoK0EW6DNAwPq56znt1f8yn78AF1ry7X-4RgAcnxDWhmYHgdP3Op7RGtju0vfZ2jpqJ9AXVqFzrD_B1PSOpdinklUMKF_3m8B9W_mf24U1XfYaeEyfGjy4oihBApB6UleaueMw_SfJsRi00n5ZUxLVXJSjG2VLAGl7KwIbe4NLCwJtpIoEaZ0SEYLTltWI7ADTqRVqWJTJ-X18oBNXwbAHHaYoCmS4X_3zgfjtCT5QGlV2e_sWVXwTeXsc-IYXkRMv5yXuoPDI643-DCa7ZtY_isb4nXr96zF6hplhsUdP1ffU_-HuKgFlIougI6cBC9xqAPMWWmNOznUnFmbKZ3060ZJNRSMs9mzLo_aG3K4bKqmMJnRZ973A%2C%2C" "Mozilla/5.0 (Windows NT 10.0; Win64; x64) AppleWebKit/537.36 (KHTML, like Gecko) Chrome/92.0.4515.107 Safari/537.36"
216.244.66.231 - - [03/Aug/2021:07:02:31 +0000] "GET /packages/india-tours/tour-details.php?id=52 HTTP/1.1" 404 235 "-" "Mozilla/5.0 (compatible; DotBot/1.2; +https://opensiteexplorer.org/dotbot; help@moz.com)"
216.244.66.231 - - [03/Aug/2021:07:02:36 +0000] "GET /packages/india-tours/tour-details.php?id=90 HTTP/1.1" 404 235 "-" "Mozilla/5.0 (compatible; DotBot/1.2; +https://opensiteexplorer.org/dotbot; help@moz.com)"
216.244.66.231 - - [03/Aug/2021:07:02:57 +0000] "GET /do-dham-yatra.htm HTTP/1.1" 404 215 "-" "Mozilla/5.0 (compatible; DotBot/1.2; +https://opensiteexplorer.org/dotbot; help@moz.com)"
216.244.66.231 - - [03/Aug/2021:07:03:01 +0000] "GET /ek-dham-yatra-package.htm HTTP/1.1" 404 223 "-" "Mozilla/5.0 (compatible; DotBot/1.2; +https://opensiteexplorer.org/dotbot; help@moz.com)"
216.244.66.231 - - [03/Aug/2021:07:03:04 +0000] "GET /rajasthan-tour-package.html HTTP/1.1" 404 225 "-" "Mozilla/5.0 (compatible; DotBot/1.2; +https://opensiteexplorer.org/dotbot; help@moz.com)"
216.244.66.231 - - [03/Aug/2021:07:03:07 +0000] "GET /southindiatours.php HTTP/1.1" 404 217 "-" "Mozilla/5.0 (compatible; DotBot/1.2; +https://opensiteexplorer.org/dotbot; help@moz.com)"
216.244.66.231 - - [03/Aug/2021:07:04:01 +0000] "GET /galleryimg/16c99c265e1475d3a2ede384ac1852a0.jpg HTTP/1.1" 200 45619 "-" "Mozilla/5.0 (compatible; DotBot/1.2; +https://opensiteexplorer.org/dotbot; help@moz.com)"
66.249.66.8 - - [03/Aug/2021:07:07:25 +0000] "GET /shimla-weekend-tour-package.html HTTP/1.1" 404 230 "-" "Mozilla/5.0 (Linux; Android 6.0.1; Nexus 5X Build/MMB29P) AppleWebKit/537.36 (KHTML, like Gecko) Chrome/92.0.4515.119 Mobile Safari/537.36 (compatible; Googlebot/2.1; +http://www.google.com/bot.html)"
46.33.33.1 - - [03/Aug/2021:07:12:08 +0000] "GET /thank-you.php HTTP/1.0" 404 211 "http://naraintoursindia.com/thank-you.php" "Mozilla/5.0 (Windows NT 6.1; Win64; x64) AppleWebKit/537.36 (KHTML, like Gecko) Chrome/90.0.4427.0 Safari/537.36"
46.33.33.1 - - [03/Aug/2021:07:12:08 +0000] "GET / HTTP/1.0" 200 53222 "http://naraintoursindia.com/" "Mozilla/5.0 (Windows NT 6.1; Win64; x64) AppleWebKit/537.36 (KHTML, like Gecko) Chrome/90.0.4427.0 Safari/537.36"
46.33.33.1 - - [03/Aug/2021:07:12:14 +0000] "GET / HTTP/1.0" 200 53222 "http://naraintoursindia.com/" "Mozilla/5.0 (Windows NT 6.1; Win64; x64) AppleWebKit/537.36 (KHTML, like Gecko) Chrome/90.0.4427.0 Safari/537.36"
54.36.148.1 - - [03/Aug/2021:07:13:05 +0000] "GET /booking.php?tourname=Leh%20Ladakh%20Tour%20Package HTTP/1.1" 200 18339 "-" "Mozilla/5.0 (compatible; AhrefsBot/7.0; +http://ahrefs.com/robot/)"
66.249.66.223 - - [03/Aug/2021:07:19:50 +0000] "GET /10-days-delhi-agra-jaipur-khajuraho-varanasi.html HTTP/1.1" 404 247 "-" "Mozilla/5.0 (Linux; Android 6.0.1; Nexus 5X Build/MMB29P) AppleWebKit/537.36 (KHTML, like Gecko) Chrome/92.0.4515.119 Mobile Safari/537.36 (compatible; Googlebot/2.1; +http://www.google.com/bot.html)"
66.249.66.10 - - [03/Aug/2021:07:40:21 +0000] "GET /14days-wildlife-safari-tour.html HTTP/1.1" 404 230 "-" "Mozilla/5.0 (Linux; Android 6.0.1; Nexus 5X Build/MMB29P) AppleWebKit/537.36 (KHTML, like Gecko) Chrome/92.0.4515.119 Mobile Safari/537.36 (compatible; Googlebot/2.1; +http://www.google.com/bot.html)"
17.121.112.34 - - [03/Aug/2021:07:40:45 +0000] "GET /booking.php?tourname=Kerala%20with%20Golden%20Triangle%20Group%20Tour HTTP/1.1" 200 18339 "-" "Mozilla/5.0 (Macintosh; Intel Mac OS X 10_15_5) AppleWebKit/605.1.15 (KHTML, like Gecko) Version/13.1.1 Safari/605.1.15 (Applebot/0.1; +http://www.apple.com/go/applebot)"
84.255.185.161 - - [03/Aug/2021:07:43:38 +0000] "GET /galleryimg/312840Agra%20Mathua%20Varidavan%20Tour.jpeg HTTP/1.1" 404 246 "https://www.google.com/" "Mozilla/5.0 (Windows NT 6.1; Win64; x64) AppleWebKit/537.36 (KHTML, like Gecko) Chrome/92.0.4515.107 Safari/537.36"
138.197.170.20 - - [03/Aug/2021:07:43:39 +0000] "GET / HTTP/1.1" 200 53222 "165.232.190.148" "Mozilla/5.0 (Windows NT 6.1; WOW64; rv:33.0) Gecko/20100101 Firefox/33.0"
54.36.149.54 - - [03/Aug/2021:07:45:01 +0000] "GET /robots.txt HTTP/1.1" 404 208 "-" "Mozilla/5.0 (compatible; AhrefsBot/7.0; +http://ahrefs.com/robot/)"
216.244.66.231 - - [03/Aug/2021:07:45:51 +0000] "GET /robots.txt HTTP/1.1" 404 208 "-" "Mozilla/5.0 (compatible; DotBot/1.2; +https://opensiteexplorer.org/dotbot; help@moz.com)"
185.191.171.20 - - [03/Aug/2021:07:46:59 +0000] "GET /robots.txt HTTP/1.1" 404 208 "-" "Mozilla/5.0 (compatible; SemrushBot/7~bl; +http://www.semrush.com/bot.html)"
185.191.171.45 - - [03/Aug/2021:07:47:00 +0000] "GET /kerala-cultural-tour.html HTTP/1.1" 404 223 "-" "Mozilla/5.0 (compatible; SemrushBot/7~bl; +http://www.semrush.com/bot.html)"
54.36.148.77 - - [03/Aug/2021:07:51:04 +0000] "GET /group-tours.php HTTP/1.1" 200 22985 "-" "Mozilla/5.0 (compatible; AhrefsBot/7.0; +http://ahrefs.com/robot/)"
77.75.78.166 - - [03/Aug/2021:07:51:54 +0000] "GET /robots.txt HTTP/1.1" 404 208 "-" "Mozilla/5.0 (compatible; SeznamBot/3.2; +http://napoveda.seznam.cz/en/seznambot-intro/)"
77.75.78.166 - - [03/Aug/2021:07:51:56 +0000] "GET /india-tours/honeymoon-tour-packages.html HTTP/1.1" 404 238 "-" "Mozilla/5.0 (compatible; SeznamBot/3.2; +http://napoveda.seznam.cz/en/seznambot-intro/)"
216.244.66.231 - - [03/Aug/2021:07:54:18 +0000] "GET /manali-weekend-tour-packages.html HTTP/1.1" 404 231 "-" "Mozilla/5.0 (compatible; DotBot/1.2; +https://opensiteexplorer.org/dotbot; help@moz.com)"
188.35.131.246 - - [03/Aug/2021:07:55:29 +0000] "GET /thank-you.php HTTP/1.0" 404 211 "http://naraintoursindia.com/thank-you.php" "Mozilla/5.0 (Windows NT 6.1; Win64; x64) AppleWebKit/537.36 (KHTML, like Gecko) Chrome/90.0.4430.93 Safari/537.36"
188.35.131.246 - - [03/Aug/2021:07:55:29 +0000] "GET / HTTP/1.0" 200 53222 "http://naraintoursindia.com/" "Mozilla/5.0 (Windows NT 6.1; Win64; x64) AppleWebKit/537.36 (KHTML, like Gecko) Chrome/90.0.4430.93 Safari/537.36"
188.35.131.246 - - [03/Aug/2021:07:55:30 +0000] "POST /mail/send.php HTTP/1.0" 404 211 "http://naraintoursindia.com/" "Mozilla/5.0 (Windows NT 6.1; Win64; x64) AppleWebKit/537.36 (KHTML, like Gecko) Chrome/90.0.4430.93 Safari/537.36"
188.35.131.246 - - [03/Aug/2021:07:55:30 +0000] "GET / HTTP/1.0" 200 53222 "http://naraintoursindia.com/" "Mozilla/5.0 (Windows NT 6.1; Win64; x64) AppleWebKit/537.36 (KHTML, like Gecko) Chrome/90.0.4430.93 Safari/537.36"
207.46.13.45 - - [03/Aug/2021:07:57:24 +0000] "GET /robots.txt HTTP/1.1" 404 208 "-" "Mozilla/5.0 (compatible; bingbot/2.0; +http://www.bing.com/bingbot.htm)"
207.46.13.45 - - [03/Aug/2021:07:57:25 +0000] "GET /robots.txt HTTP/1.1" 404 208 "-" "Mozilla/5.0 (compatible; bingbot/2.0; +http://www.bing.com/bingbot.htm)"
157.55.39.132 - - [03/Aug/2021:07:57:42 +0000] "GET /packages/india-tours/tour-details.php?id=7 HTTP/1.1" 404 235 "-" "Mozilla/5.0 (compatible; bingbot/2.0; +http://www.bing.com/bingbot.htm)"
216.244.66.231 - - [03/Aug/2021:07:59:44 +0000] "GET /booking.php?tourname=Complete%20Himachal%20Tour HTTP/1.1" 200 18339 "-" "Mozilla/5.0 (compatible; DotBot/1.2; +https://opensiteexplorer.org/dotbot; help@moz.com)"
216.244.66.231 - - [03/Aug/2021:07:59:50 +0000] "GET /booknow.php?package_name=Haridwar%20Weekend%20Tour HTTP/1.1" 404 209 "-" "Mozilla/5.0 (compatible; DotBot/1.2; +https://opensiteexplorer.org/dotbot; help@moz.com)"
157.55.39.75 - - [03/Aug/2021:08:01:57 +0000] "GET /about-us.php/js/html5shiv.js HTTP/1.1" 200 19306 "-" "Mozilla/5.0 (compatible; MSIE 9.0; Windows NT 6.1; Trident/5.0)"
69.135.101.50 - - [03/Aug/2021:08:14:17 +0000] "HEAD / HTTP/1.1" 200 - "-" "Mozilla/5.0 (textmode; U; Linux i386; en-US; rv:3.0.110.0) Gecko/20101006 EzineArticlesLinkScanner/3.0.0g"
207.46.13.161 - - [03/Aug/2021:08:14:56 +0000] "GET /images/icon/a15.png HTTP/1.1" 200 1145 "-" "Mozilla/5.0 (compatible; bingbot/2.0; +http://www.bing.com/bingbot.htm)"
185.191.171.9 - - [03/Aug/2021:08:17:21 +0000] "GET /booking.php?tourname=Golden%20Triangle%20Tour%20with%20Amritsar HTTP/1.1" 200 18339 "-" "Mozilla/5.0 (compatible; SemrushBot/7~bl; +http://www.semrush.com/bot.html)"
45.153.160.139 - - [03/Aug/2021:08:37:12 +0000] "GET /thank-you.php HTTP/1.0" 404 211 "http://naraintoursindia.com/thank-you.php" "Mozilla/5.0 (Windows NT 6.3) AppleWebKit/537.36 (KHTML, like Gecko) Chrome/90.0.4430.72 Safari/537.36"
45.153.160.139 - - [03/Aug/2021:08:37:13 +0000] "GET / HTTP/1.0" 200 53222 "http://naraintoursindia.com/" "Mozilla/5.0 (Windows NT 6.3) AppleWebKit/537.36 (KHTML, like Gecko) Chrome/90.0.4430.72 Safari/537.36"
45.153.160.139 - - [03/Aug/2021:08:37:15 +0000] "POST /mail/send.php HTTP/1.0" 404 211 "http://naraintoursindia.com/" "Mozilla/5.0 (Windows NT 6.3) AppleWebKit/537.36 (KHTML, like Gecko) Chrome/90.0.4430.72 Safari/537.36"
45.153.160.139 - - [03/Aug/2021:08:37:16 +0000] "GET / HTTP/1.0" 200 53222 "http://naraintoursindia.com/" "Mozilla/5.0 (Windows NT 6.3) AppleWebKit/537.36 (KHTML, like Gecko) Chrome/90.0.4430.72 Safari/537.36"
216.244.66.231 - - [03/Aug/2021:08:37:33 +0000] "GET /robots.txt HTTP/1.1" 404 208 "-" "Mozilla/5.0 (compatible; DotBot/1.2; +https://opensiteexplorer.org/dotbot; help@moz.com)"
173.252.83.111 - - [03/Aug/2021:08:42:44 +0000] "GET /group-tours.php HTTP/1.1" 200 22985 "-" "facebookexternalhit/1.1 (+http://www.facebook.com/externalhit_uatext.php)"
216.244.66.231 - - [03/Aug/2021:08:45:28 +0000] "GET /packages/india-tours/tour-details.php?id=65 HTTP/1.1" 404 235 "-" "Mozilla/5.0 (compatible; DotBot/1.2; +https://opensiteexplorer.org/dotbot; help@moz.com)"
216.244.66.231 - - [03/Aug/2021:08:45:54 +0000] "GET /golden-triangle-tour-with-pushkar.htm HTTP/1.1" 404 235 "-" "Mozilla/5.0 (compatible; DotBot/1.2; +https://opensiteexplorer.org/dotbot; help@moz.com)"
77.75.77.62 - - [03/Aug/2021:08:49:17 +0000] "GET /robots.txt HTTP/1.1" 404 208 "-" "Mozilla/5.0 (compatible; SeznamBot/3.2; +http://napoveda.seznam.cz/en/seznambot-intro/)"
77.75.77.62 - - [03/Aug/2021:08:49:19 +0000] "GET /galleryimg/2162242Ladakh-bike-trip.jpg HTTP/1.1" 404 236 "-" "Mozilla/5.0 (compatible; SeznamBot/3.2; +http://napoveda.seznam.cz/en/seznambot-intro/)"
66.249.66.10 - - [03/Aug/2021:08:50:55 +0000] "GET /10-days-delhi-agra-jaipur-khajuraho-varanasi.html HTTP/1.1" 404 247 "-" "Mozilla/5.0 (Linux; Android 6.0.1; Nexus 5X Build/MMB29P) AppleWebKit/537.36 (KHTML, like Gecko) Chrome/92.0.4515.119 Mobile Safari/537.36 (compatible; Googlebot/2.1; +http://www.google.com/bot.html)"
216.244.66.231 - - [03/Aug/2021:08:51:07 +0000] "GET /booking.php?tourname=Ladakh%20Adventure%20%20Tour HTTP/1.1" 200 18339 "-" "Mozilla/5.0 (compatible; DotBot/1.2; +https://opensiteexplorer.org/dotbot; help@moz.com)"
216.244.66.231 - - [03/Aug/2021:08:51:11 +0000] "GET /carcategorydetails.php?category_name=Premium%20Rental%20Car HTTP/1.1" 404 220 "-" "Mozilla/5.0 (compatible; DotBot/1.2; +https://opensiteexplorer.org/dotbot; help@moz.com)"
66.249.66.192 - - [03/Aug/2021:08:52:56 +0000] "GET /14days-wildlife-safari-tour.html?page=2 HTTP/1.1" 404 230 "-" "Mozilla/5.0 (Linux; Android 6.0.1; Nexus 5X Build/MMB29P) AppleWebKit/537.36 (KHTML, like Gecko) Chrome/92.0.4515.119 Mobile Safari/537.36 (compatible; Googlebot/2.1; +http://www.google.com/bot.html)"
5.34.180.192 - - [03/Aug/2021:08:54:19 +0000] "GET / HTTP/1.1" 200 53222 "https://nomitfinans.ru/" "Mozilla/5.0 (Windows NT 5.1; U; en) Opera 8.00"
5.34.180.192 - - [03/Aug/2021:08:54:20 +0000] "GET / HTTP/1.1" 200 53222 "https://nomitfinans.ru/" "Mozilla/5.0 (Windows NT 5.1; U; en) Opera 8.00"
5.34.180.192 - - [03/Aug/2021:08:54:20 +0000] "GET / HTTP/1.1" 200 53222 "https://nomitfinans.ru/" "Mozilla/5.0 (Windows NT 5.1; U; en) Opera 8.00"
35.185.88.137 - - [03/Aug/2021:08:54:30 +0000] "GET /robots.txt HTTP/1.0" 404 208 "-" "ZoominfoBot (zoominfobot at zoominfo dot com)"
35.185.88.137 - - [03/Aug/2021:08:54:30 +0000] "GET /booking-tour-package.php HTTP/1.0" 200 24146 "-" "ZoominfoBot (zoominfobot at zoominfo dot com)"
35.185.88.137 - - [03/Aug/2021:09:01:29 +0000] "GET /robots.txt HTTP/1.0" 404 208 "-" "ZoominfoBot (zoominfobot at zoominfo dot com)"
35.185.88.137 - - [03/Aug/2021:09:01:30 +0000] "GET /contact-us.php HTTP/1.0" 200 16607 "-" "ZoominfoBot (zoominfobot at zoominfo dot com)"
35.185.88.137 - - [03/Aug/2021:09:01:37 +0000] "GET /india-tours/kerala-tour-package.html HTTP/1.0" 404 234 "-" "ZoominfoBot (zoominfobot at zoominfo dot com)"
54.36.149.4 - - [03/Aug/2021:09:01:40 +0000] "GET / HTTP/1.1" 200 53222 "-" "Mozilla/5.0 (compatible; AhrefsBot/7.0; +http://ahrefs.com/robot/)"
35.185.88.137 - - [03/Aug/2021:09:01:40 +0000] "GET /india-tours/north-india-tour-packages.html HTTP/1.0" 404 240 "-" "ZoominfoBot (zoominfobot at zoominfo dot com)"
