66.220.149.23 - - [06/Aug/2021:14:08:30 +0000] "GET /ladakh-bike-tour.html HTTP/1.1" 404 219 "-" "facebookexternalhit/1.1 (+http://www.facebook.com/externalhit_uatext.php)"
66.220.149.23 - - [06/Aug/2021:14:08:32 +0000] "GET /india-tours/ladakh-tour-packages.html HTTP/1.1" 404 235 "-" "facebookexternalhit/1.1 (+http://www.facebook.com/externalhit_uatext.php)"
66.220.149.18 - - [06/Aug/2021:14:08:32 +0000] "GET /ladakh-bike-tour.html HTTP/1.1" 404 219 "-" "facebookexternalhit/1.1 (+http://www.facebook.com/externalhit_uatext.php)"
66.220.149.16 - - [06/Aug/2021:14:08:32 +0000] "GET /ladakh-bike-tour.html HTTP/1.1" 404 219 "-" "facebookexternalhit/1.1 (+http://www.facebook.com/externalhit_uatext.php)"
66.220.149.23 - - [06/Aug/2021:14:08:32 +0000] "GET /ladakh-bike-tour.html HTTP/1.1" 404 219 "-" "facebookexternalhit/1.1 (+http://www.facebook.com/externalhit_uatext.php)"
66.220.149.18 - - [06/Aug/2021:14:08:34 +0000] "GET /india-tours/ladakh-tour-packages.html HTTP/1.1" 404 235 "-" "facebookexternalhit/1.1 (+http://www.facebook.com/externalhit_uatext.php)"
66.220.149.111 - - [06/Aug/2021:14:08:34 +0000] "GET /ladakh-bike-tour.html HTTP/1.1" 404 219 "-" "facebookexternalhit/1.1 (+http://www.facebook.com/externalhit_uatext.php)"
216.244.66.231 - - [06/Aug/2021:14:11:54 +0000] "GET /golden-triangle-tour-with-amritsar.htm HTTP/1.1" 404 236 "-" "Mozilla/5.0 (compatible; DotBot/1.2; +https://opensiteexplorer.org/dotbot; help@moz.com)"
216.244.66.231 - - [06/Aug/2021:14:13:55 +0000] "GET /images/info.png HTTP/1.1" 200 485 "-" "Mozilla/5.0 (compatible; DotBot/1.2; +https://opensiteexplorer.org/dotbot; help@moz.com)"
195.3.146.170 - - [06/Aug/2021:14:16:00 +0000] "GET / HTTP/1.1" 200 53222 "-" "curl/7.54.0"
195.3.146.170 - - [06/Aug/2021:14:16:01 +0000] "GET /mail/send.php HTTP/1.1" 404 211 "-" "curl/7.54.0"
216.244.66.231 - - [06/Aug/2021:14:16:05 +0000] "GET /booking.php?tourname=Kerala%20India%20Tour HTTP/1.1" 200 18339 "-" "Mozilla/5.0 (compatible; DotBot/1.2; +https://opensiteexplorer.org/dotbot; help@moz.com)"
207.46.13.41 - - [06/Aug/2021:14:17:12 +0000] "GET /golden-triangle-group-tour-package.html/js/wow.min.js HTTP/1.1" 404 251 "-" "Mozilla/5.0 (compatible; MSIE 9.0; Windows NT 6.1; Trident/5.0)"
114.119.148.102 - - [06/Aug/2021:14:20:16 +0000] "GET /places/galleryimg/ HTTP/1.1" 404 216 "-" "Mozilla/5.0 (Linux; Android 7.0;) AppleWebKit/537.36 (KHTML, like Gecko) Mobile Safari/537.36 (compatible; PetalBot;+https://webmaster.petalsearch.com/site/petalbot)"
185.191.171.5 - - [06/Aug/2021:14:24:33 +0000] "GET /tour-details.php?id=5 HTTP/1.1" 200 24087 "-" "Mozilla/5.0 (compatible; SemrushBot/7~bl; +http://www.semrush.com/bot.html)"
195.3.146.170 - - [06/Aug/2021:14:24:52 +0000] "GET / HTTP/1.1" 200 53222 "-" "curl/7.54.0"
195.3.146.170 - - [06/Aug/2021:14:24:52 +0000] "GET /mail/send.php HTTP/1.1" 404 211 "-" "curl/7.54.0"
114.119.146.223 - - [06/Aug/2021:14:30:42 +0000] "GET /testimonials.php HTTP/1.1" 200 16209 "-" "Mozilla/5.0 (Linux; Android 7.0;) AppleWebKit/537.36 (KHTML, like Gecko) Mobile Safari/537.36 (compatible; PetalBot;+https://webmaster.petalsearch.com/site/petalbot)"
114.119.139.104 - - [06/Aug/2021:14:33:08 +0000] "GET /india-tours/galleryimg/4758516ladakh%20travel.jpeg HTTP/1.1" 404 246 "-" "Mozilla/5.0 (Linux; Android 7.0;) AppleWebKit/537.36 (KHTML, like Gecko) Mobile Safari/537.36 (compatible; PetalBot;+https://webmaster.petalsearch.com/site/petalbot)"
54.36.149.47 - - [06/Aug/2021:14:39:33 +0000] "GET /booking.php?tourname=Corbett%20Tour%20with%201%20Jeep%20Safari HTTP/1.1" 200 18339 "-" "Mozilla/5.0 (compatible; AhrefsBot/7.0; +http://ahrefs.com/robot/)"
114.119.146.223 - - [06/Aug/2021:14:41:43 +0000] "GET /booking.php?tourname=Jaipur%20Weekend%20Tour HTTP/1.1" 200 18339 "-" "Mozilla/5.0 (Linux; Android 7.0;) AppleWebKit/537.36 (KHTML, like Gecko) Mobile Safari/537.36 (compatible; PetalBot;+https://webmaster.petalsearch.com/site/petalbot)"
185.191.171.5 - - [06/Aug/2021:14:41:45 +0000] "GET /booking.php?tourname=Jim%20Corbett%20with%20Nainital%20Tour HTTP/1.1" 200 18339 "-" "Mozilla/5.0 (compatible; SemrushBot/7~bl; +http://www.semrush.com/bot.html)"
114.119.148.102 - - [06/Aug/2021:14:44:35 +0000] "GET /tiger-with-golden-triangle-group-tour.html HTTP/1.1" 404 240 "-" "Mozilla/5.0 (Linux; Android 7.0;) AppleWebKit/537.36 (KHTML, like Gecko) Mobile Safari/537.36 (compatible; PetalBot;+https://webmaster.petalsearch.com/site/petalbot)"
66.249.66.16 - - [06/Aug/2021:14:45:53 +0000] "GET /mailunsi-VIII-competitive/cabo/headstock-130351a79b3e22-250003b7a724f97-mccullough.shtml HTTP/1.1" 404 286 "-" "Mozilla/5.0 (Linux; Android 6.0.1; Nexus 5X Build/MMB29P) AppleWebKit/537.36 (KHTML, like Gecko) Chrome/92.0.4515.119 Mobile Safari/537.36 (compatible; Googlebot/2.1; +http://www.google.com/bot.html)"
185.191.171.41 - - [06/Aug/2021:14:46:44 +0000] "GET /place-details.php?id=52 HTTP/1.1" 200 17022 "-" "Mozilla/5.0 (compatible; SemrushBot/7~bl; +http://www.semrush.com/bot.html)"
114.119.148.102 - - [06/Aug/2021:14:50:14 +0000] "GET /booking.php?tourname=Shimla%20Tour HTTP/1.1" 200 18339 "-" "Mozilla/5.0 (Linux; Android 7.0;) AppleWebKit/537.36 (KHTML, like Gecko) Mobile Safari/537.36 (compatible; PetalBot;+https://webmaster.petalsearch.com/site/petalbot)"
114.119.133.182 - - [06/Aug/2021:14:53:44 +0000] "GET /packages/india-tours/tour-details.php?id=24 HTTP/1.1" 404 235 "-" "Mozilla/5.0 (Linux; Android 7.0;) AppleWebKit/537.36 (KHTML, like Gecko) Mobile Safari/537.36 (compatible; PetalBot;+https://webmaster.petalsearch.com/site/petalbot)"
114.119.139.104 - - [06/Aug/2021:14:54:49 +0000] "GET /7-days-kerala-houseboat-tour.html HTTP/1.1" 404 231 "-" "Mozilla/5.0 (Linux; Android 7.0;) AppleWebKit/537.36 (KHTML, like Gecko) Mobile Safari/537.36 (compatible; PetalBot;+https://webmaster.petalsearch.com/site/petalbot)"
216.244.66.231 - - [06/Aug/2021:14:55:53 +0000] "GET /robots.txt HTTP/1.1" 404 208 "-" "Mozilla/5.0 (compatible; DotBot/1.2; +https://opensiteexplorer.org/dotbot; help@moz.com)"
216.244.66.231 - - [06/Aug/2021:14:55:53 +0000] "GET /robots.txt HTTP/1.1" 404 208 "-" "Mozilla/5.0 (compatible; DotBot/1.2; +https://opensiteexplorer.org/dotbot; help@moz.com)"
144.86.173.135 - - [06/Aug/2021:14:56:35 +0000] "GET / HTTP/1.1" 200 53222 "-" "Expanse, a Palo Alto Networks company, searches across the global IPv4 space multiple times per day to identify customers' presences on the Internet. If you would like to be excluded from our scans, please send IP addresses/domains to: scaninfo@paloaltonetworks.com"
43.239.206.149 - - [06/Aug/2021:15:00:09 +0000] "GET /galleryimg/ HTTP/1.1" 403 220 "https://www.naraintoursindia.com/search-packages.php?keywords=Haridwar&submit=search" "Mozilla/5.0 (Linux; Android 11; CPH1938) AppleWebKit/537.36 (KHTML, like Gecko) Chrome/92.0.4515.131 Mobile Safari/537.36"
43.239.206.149 - - [06/Aug/2021:15:00:33 +0000] "GET / HTTP/1.1" 200 53222 "https://www.google.com/" "Mozilla/5.0 (Linux; Android 11; CPH1938) AppleWebKit/537.36 (KHTML, like Gecko) Chrome/92.0.4515.131 Mobile Safari/537.36"
114.119.135.65 - - [06/Aug/2021:15:00:33 +0000] "GET /packages/india-tours/tour-details.php?id=65 HTTP/1.1" 404 235 "-" "Mozilla/5.0 (Linux; Android 7.0;) AppleWebKit/537.36 (KHTML, like Gecko) Mobile Safari/537.36 (compatible; PetalBot;+https://webmaster.petalsearch.com/site/petalbot)"
114.119.146.223 - - [06/Aug/2021:15:02:41 +0000] "GET /kerala-honeymoon-tour.html HTTP/1.1" 404 224 "-" "Mozilla/5.0 (Linux; Android 7.0;) AppleWebKit/537.36 (KHTML, like Gecko) Mobile Safari/537.36 (compatible; PetalBot;+https://webmaster.petalsearch.com/site/petalbot)"
216.244.66.231 - - [06/Aug/2021:15:03:58 +0000] "GET /booking.php?tourname=Rajasthan%20Group%20Tour HTTP/1.1" 200 18339 "-" "Mozilla/5.0 (compatible; DotBot/1.2; +https://opensiteexplorer.org/dotbot; help@moz.com)"
77.75.78.162 - - [06/Aug/2021:15:04:33 +0000] "GET /robots.txt HTTP/1.1" 404 208 "-" "Mozilla/5.0 (compatible; SeznamBot/3.2; +http://napoveda.seznam.cz/en/seznambot-intro/)"
77.75.78.162 - - [06/Aug/2021:15:04:35 +0000] "GET /booking.php HTTP/1.1" 200 18339 "-" "Mozilla/5.0 (compatible; SeznamBot/3.2; +http://napoveda.seznam.cz/en/seznambot-intro/)"
216.244.66.231 - - [06/Aug/2021:15:05:35 +0000] "GET /7-days-kerala-houseboat-tour.html HTTP/1.1" 404 231 "-" "Mozilla/5.0 (compatible; DotBot/1.2; +https://opensiteexplorer.org/dotbot; help@moz.com)"
114.119.135.104 - - [06/Aug/2021:15:09:08 +0000] "GET /places/galleryimg/5853958GOLDEN-TRIANGLE-WITH-RANTHA.jpg HTTP/1.1" 404 254 "-" "Mozilla/5.0 (Linux; Android 7.0;) AppleWebKit/537.36 (KHTML, like Gecko) Mobile Safari/537.36 (compatible; PetalBot;+https://webmaster.petalsearch.com/site/petalbot)"
114.119.139.104 - - [06/Aug/2021:15:11:44 +0000] "GET /colorful-rajasthan-north-india-tour.html HTTP/1.1" 404 238 "-" "Mozilla/5.0 (Linux; Android 7.0;) AppleWebKit/537.36 (KHTML, like Gecko) Mobile Safari/537.36 (compatible; PetalBot;+https://webmaster.petalsearch.com/site/petalbot)"
216.244.66.231 - - [06/Aug/2021:15:12:31 +0000] "GET /booking.php?tourname=Kerala%20Ayurveda%20Tour HTTP/1.1" 200 18339 "-" "Mozilla/5.0 (compatible; DotBot/1.2; +https://opensiteexplorer.org/dotbot; help@moz.com)"
66.249.66.199 - - [06/Aug/2021:15:13:08 +0000] "GET /robots.txt HTTP/1.1" 404 208 "-" "Mozilla/5.0 (compatible; Googlebot/2.1; +http://www.google.com/bot.html)"
66.249.66.193 - - [06/Aug/2021:15:13:08 +0000] "GET /ads.txt HTTP/1.1" 404 205 "-" "Mozilla/5.0 (compatible; Googlebot/2.1; +http://www.google.com/bot.html)"
185.191.171.39 - - [06/Aug/2021:15:14:09 +0000] "GET /robots.txt HTTP/1.1" 404 208 "-" "Mozilla/5.0 (compatible; SemrushBot/7~bl; +http://www.semrush.com/bot.html)"
185.191.171.37 - - [06/Aug/2021:15:14:10 +0000] "GET /tour-details.php?id=7 HTTP/1.1" 200 27891 "-" "Mozilla/5.0 (compatible; SemrushBot/7~bl; +http://www.semrush.com/bot.html)"
114.119.135.65 - - [06/Aug/2021:15:14:14 +0000] "GET /robots.txt HTTP/1.1" 404 208 "-" "Mozilla/5.0 (Linux; Android 7.0;) AppleWebKit/537.36 (KHTML, like Gecko) Mobile Safari/537.36 (compatible; PetalBot;+https://webmaster.petalsearch.com/site/petalbot)"
93.158.66.18 - - [06/Aug/2021:15:14:37 +0000] "HEAD /.env HTTP/1.1" 404 - "-" "python-requests/2.26.0"
93.158.66.18 - - [06/Aug/2021:15:14:37 +0000] "HEAD /.env HTTP/1.1" 404 - "-" "python-requests/2.26.0"
66.249.66.221 - - [06/Aug/2021:15:16:59 +0000] "GET /Manali-weekend-tour-packages.html HTTP/1.1" 404 231 "-" "Mozilla/5.0 (Linux; Android 6.0.1; Nexus 5X Build/MMB29P) AppleWebKit/537.36 (KHTML, like Gecko) Chrome/92.0.4515.119 Mobile Safari/537.36 (compatible; Googlebot/2.1; +http://www.google.com/bot.html)"
154.6.18.107 - - [06/Aug/2021:15:18:36 +0000] "GET / HTTP/1.1" 200 53222 "-" "Mozilla/5.0 (Windows NT 10.0; WOW64) AppleWebKit/537.36 (KHTML, like Gecko) Chrome/64.0.3282.39 Safari/537.36"
154.6.18.107 - - [06/Aug/2021:15:18:37 +0000] "GET /contact-us.php HTTP/1.1" 200 16607 "http://www.naraintoursindia.com/" "Mozilla/5.0 (Windows NT 10.0; WOW64) AppleWebKit/537.36 (KHTML, like Gecko) Chrome/64.0.3282.39 Safari/537.36"
114.119.148.106 - - [06/Aug/2021:15:21:32 +0000] "GET /packages/india-tours/booking-sight-seeing.php HTTP/1.1" 404 243 "-" "Mozilla/5.0 (Linux; Android 7.0;) AppleWebKit/537.36 (KHTML, like Gecko) Mobile Safari/537.36 (compatible; PetalBot;+https://webmaster.petalsearch.com/site/petalbot)"
185.191.171.3 - - [06/Aug/2021:15:23:53 +0000] "GET /robots.txt HTTP/1.1" 404 208 "-" "Mozilla/5.0 (compatible; SemrushBot/7~bl; +http://www.semrush.com/bot.html)"
185.191.171.4 - - [06/Aug/2021:15:23:54 +0000] "GET /2nights-3days-jim-corbett-tour-package.html HTTP/1.1" 404 241 "-" "Mozilla/5.0 (compatible; SemrushBot/7~bl; +http://www.semrush.com/bot.html)"
114.119.146.223 - - [06/Aug/2021:15:24:22 +0000] "GET /tel:/images/Arrangements.png HTTP/1.1" 404 226 "-" "Mozilla/5.0 (Linux; Android 7.0;) AppleWebKit/537.36 (KHTML, like Gecko) Mobile Safari/537.36 (compatible; PetalBot;+https://webmaster.petalsearch.com/site/petalbot)"
157.55.39.78 - - [06/Aug/2021:15:25:32 +0000] "GET /galleryimg/2904228North-India-Wildlife-Tour.jpg HTTP/1.1" 404 245 "-" "Mozilla/5.0 (compatible; bingbot/2.0; +http://www.bing.com/bingbot.htm)"
114.119.139.104 - - [06/Aug/2021:15:31:21 +0000] "GET /booking.php?tourname=Golden%20Triangle%20India%20Tour HTTP/1.1" 200 18339 "-" "Mozilla/5.0 (Linux; Android 7.0;) AppleWebKit/537.36 (KHTML, like Gecko) Mobile Safari/537.36 (compatible; PetalBot;+https://webmaster.petalsearch.com/site/petalbot)"
64.71.131.244 - - [06/Aug/2021:15:31:52 +0000] "GET / HTTP/1.1" 200 53222 "-" "Mozilla/5.0 (compatible; evc-batch/2.0)"
114.119.148.102 - - [06/Aug/2021:15:32:04 +0000] "GET /india-tours/booking-hotel.php HTTP/1.1" 404 227 "-" "Mozilla/5.0 (Linux; Android 7.0;) AppleWebKit/537.36 (KHTML, like Gecko) Mobile Safari/537.36 (compatible; PetalBot;+https://webmaster.petalsearch.com/site/petalbot)"
114.119.146.223 - - [06/Aug/2021:15:46:03 +0000] "GET /india-tours/.html HTTP/1.1" 404 215 "-" "Mozilla/5.0 (Linux; Android 7.0;) AppleWebKit/537.36 (KHTML, like Gecko) Mobile Safari/537.36 (compatible; PetalBot;+https://webmaster.petalsearch.com/site/petalbot)"
51.75.95.101 - - [06/Aug/2021:15:46:41 +0000] "GET / HTTP/1.1" 200 53222 "-" "Mozilla/5.0 (Windows NT 10.0; Win64; x64; rv:89.0) Gecko/20100101 Firefox/89.0"
51.75.95.101 - - [06/Aug/2021:15:46:41 +0000] "GET /ads.txt HTTP/1.1" 404 205 "-" "Mozilla/5.0 (Windows NT 10.0; Win64; x64; rv:89.0) Gecko/20100101 Firefox/89.0"
185.191.171.9 - - [06/Aug/2021:15:48:01 +0000] "GET /place-details.php?id=59 HTTP/1.1" 200 17010 "-" "Mozilla/5.0 (compatible; SemrushBot/7~bl; +http://www.semrush.com/bot.html)"
216.244.66.231 - - [06/Aug/2021:15:48:48 +0000] "GET /robots.txt HTTP/1.1" 404 208 "-" "Mozilla/5.0 (compatible; DotBot/1.2; +https://opensiteexplorer.org/dotbot; help@moz.com)"
216.244.66.231 - - [06/Aug/2021:15:48:48 +0000] "GET /robots.txt HTTP/1.1" 404 208 "-" "Mozilla/5.0 (compatible; DotBot/1.2; +https://opensiteexplorer.org/dotbot; help@moz.com)"
66.249.66.192 - - [06/Aug/2021:15:53:43 +0000] "GET /5days-trip-to-ladakh.html HTTP/1.1" 404 223 "-" "Mozilla/5.0 (Linux; Android 6.0.1; Nexus 5X Build/MMB29P) AppleWebKit/537.36 (KHTML, like Gecko) Chrome/92.0.4515.119 Mobile Safari/537.36 (compatible; Googlebot/2.1; +http://www.google.com/bot.html)"
185.191.171.41 - - [06/Aug/2021:15:54:37 +0000] "GET /tour-details.php?id=3 HTTP/1.1" 200 29772 "-" "Mozilla/5.0 (compatible; SemrushBot/7~bl; +http://www.semrush.com/bot.html)"
107.150.37.187 - - [06/Aug/2021:15:54:58 +0000] "GET / HTTP/1.1" 200 53222 "-" "Mozilla/5.0 (compatible; MSIE 9.0; Windows NT 6.1; Trident/5.0"
107.150.37.187 - - [06/Aug/2021:15:55:02 +0000] "GET /index.php HTTP/1.1" 200 53222 "-" "Mozilla/5.0 (compatible; MSIE 9.0; Windows NT 6.1; Trident/5.0"
107.150.37.187 - - [06/Aug/2021:15:55:07 +0000] "GET /booking-tour-package.php HTTP/1.1" 200 24146 "-" "Mozilla/5.0 (compatible; MSIE 9.0; Windows NT 6.1; Trident/5.0"
107.150.37.187 - - [06/Aug/2021:15:55:10 +0000] "GET /booking-sight-seeing.php HTTP/1.1" 200 19374 "-" "Mozilla/5.0 (compatible; MSIE 9.0; Windows NT 6.1; Trident/5.0"
107.150.37.187 - - [06/Aug/2021:15:55:20 +0000] "GET /weekend-package.php HTTP/1.1" 200 27140 "-" "Mozilla/5.0 (compatible; MSIE 9.0; Windows NT 6.1; Trident/5.0"
107.150.37.187 - - [06/Aug/2021:15:55:23 +0000] "GET /group-tours.php HTTP/1.1" 200 22985 "-" "Mozilla/5.0 (compatible; MSIE 9.0; Windows NT 6.1; Trident/5.0"
107.150.37.187 - - [06/Aug/2021:15:55:24 +0000] "GET /booking-car-rentals.php HTTP/1.1" 200 25499 "-" "Mozilla/5.0 (compatible; MSIE 9.0; Windows NT 6.1; Trident/5.0"
107.150.37.187 - - [06/Aug/2021:15:55:29 +0000] "GET /booking-hotel.php HTTP/1.1" 200 19437 "-" "Mozilla/5.0 (compatible; MSIE 9.0; Windows NT 6.1; Trident/5.0"
107.150.37.187 - - [06/Aug/2021:15:55:31 +0000] "GET /about-us.php HTTP/1.1" 200 19306 "-" "Mozilla/5.0 (compatible; MSIE 9.0; Windows NT 6.1; Trident/5.0"
107.150.37.187 - - [06/Aug/2021:15:55:33 +0000] "GET /contact-us.php HTTP/1.1" 200 16607 "-" "Mozilla/5.0 (compatible; MSIE 9.0; Windows NT 6.1; Trident/5.0"
107.150.37.187 - - [06/Aug/2021:15:55:41 +0000] "GET /booking.php HTTP/1.1" 200 18339 "-" "Mozilla/5.0 (compatible; MSIE 9.0; Windows NT 6.1; Trident/5.0"
107.150.37.187 - - [06/Aug/2021:15:55:43 +0000] "GET /booking-flight.html HTTP/1.1" 404 217 "-" "Mozilla/5.0 (compatible; MSIE 9.0; Windows NT 6.1; Trident/5.0"
107.150.37.187 - - [06/Aug/2021:15:55:44 +0000] "GET /packages.php?id=7 HTTP/1.1" 200 35927 "-" "Mozilla/5.0 (compatible; MSIE 9.0; Windows NT 6.1; Trident/5.0"
107.150.37.187 - - [06/Aug/2021:15:55:53 +0000] "GET /packages.php?id=4 HTTP/1.1" 200 38768 "-" "Mozilla/5.0 (compatible; MSIE 9.0; Windows NT 6.1; Trident/5.0"
107.150.37.187 - - [06/Aug/2021:15:55:56 +0000] "GET /packages.php?id=10 HTTP/1.1" 200 24406 "-" "Mozilla/5.0 (compatible; MSIE 9.0; Windows NT 6.1; Trident/5.0"
107.150.37.187 - - [06/Aug/2021:15:56:00 +0000] "GET /packages.php?id=1 HTTP/1.1" 200 30549 "-" "Mozilla/5.0 (compatible; MSIE 9.0; Windows NT 6.1; Trident/5.0"
107.150.37.187 - - [06/Aug/2021:15:56:02 +0000] "GET /packages.php?id=9 HTTP/1.1" 200 24595 "-" "Mozilla/5.0 (compatible; MSIE 9.0; Windows NT 6.1; Trident/5.0"
107.150.37.187 - - [06/Aug/2021:15:56:03 +0000] "GET /packages.php?id=12 HTTP/1.1" 200 37265 "-" "Mozilla/5.0 (compatible; MSIE 9.0; Windows NT 6.1; Trident/5.0"
107.150.37.187 - - [06/Aug/2021:15:56:08 +0000] "GET /packages.php?id=13 HTTP/1.1" 200 31744 "-" "Mozilla/5.0 (compatible; MSIE 9.0; Windows NT 6.1; Trident/5.0"
107.150.37.187 - - [06/Aug/2021:15:56:13 +0000] "GET /packages.php?id=8 HTTP/1.1" 200 24658 "-" "Mozilla/5.0 (compatible; MSIE 9.0; Windows NT 6.1; Trident/5.0"
107.150.37.187 - - [06/Aug/2021:15:56:20 +0000] "GET /packages.php?id=6 HTTP/1.1" 200 30268 "-" "Mozilla/5.0 (compatible; MSIE 9.0; Windows NT 6.1; Trident/5.0"
107.150.37.187 - - [06/Aug/2021:15:56:23 +0000] "GET /tour-details.php?id=5 HTTP/1.1" 200 24087 "-" "Mozilla/5.0 (compatible; MSIE 9.0; Windows NT 6.1; Trident/5.0"
107.150.37.187 - - [06/Aug/2021:15:56:27 +0000] "GET /tour-details.php?id=2 HTTP/1.1" 200 22851 "-" "Mozilla/5.0 (compatible; MSIE 9.0; Windows NT 6.1; Trident/5.0"
107.150.37.187 - - [06/Aug/2021:15:56:31 +0000] "GET /tour-details.php?id=1 HTTP/1.1" 200 29963 "-" "Mozilla/5.0 (compatible; MSIE 9.0; Windows NT 6.1; Trident/5.0"
107.150.37.187 - - [06/Aug/2021:15:56:33 +0000] "GET /tour-details.php?id=3 HTTP/1.1" 200 29772 "-" "Mozilla/5.0 (compatible; MSIE 9.0; Windows NT 6.1; Trident/5.0"
107.150.37.187 - - [06/Aug/2021:15:56:41 +0000] "GET /tour-details.php?id=4 HTTP/1.1" 200 29574 "-" "Mozilla/5.0 (compatible; MSIE 9.0; Windows NT 6.1; Trident/5.0"
107.150.37.187 - - [06/Aug/2021:15:56:44 +0000] "GET /tour-details.php?id=18 HTTP/1.1" 200 22846 "-" "Mozilla/5.0 (compatible; MSIE 9.0; Windows NT 6.1; Trident/5.0"
107.150.37.187 - - [06/Aug/2021:15:56:47 +0000] "GET /tour-details.php?id=16 HTTP/1.1" 200 36716 "-" "Mozilla/5.0 (compatible; MSIE 9.0; Windows NT 6.1; Trident/5.0"
107.150.37.187 - - [06/Aug/2021:15:56:53 +0000] "GET /tour-details.php?id=13 HTTP/1.1" 200 23257 "-" "Mozilla/5.0 (compatible; MSIE 9.0; Windows NT 6.1; Trident/5.0"
107.150.37.187 - - [06/Aug/2021:15:56:55 +0000] "GET /tour-details.php?id=17 HTTP/1.1" 200 25505 "-" "Mozilla/5.0 (compatible; MSIE 9.0; Windows NT 6.1; Trident/5.0"
107.150.37.187 - - [06/Aug/2021:15:56:58 +0000] "GET /tour-details.php?id=19 HTTP/1.1" 200 25013 "-" "Mozilla/5.0 (compatible; MSIE 9.0; Windows NT 6.1; Trident/5.0"
107.150.37.187 - - [06/Aug/2021:15:57:03 +0000] "GET /tour-details.php?id=46 HTTP/1.1" 200 25675 "-" "Mozilla/5.0 (compatible; MSIE 9.0; Windows NT 6.1; Trident/5.0"
107.150.37.187 - - [06/Aug/2021:15:57:05 +0000] "GET /tour-details.php?id=48 HTTP/1.1" 200 26198 "-" "Mozilla/5.0 (compatible; MSIE 9.0; Windows NT 6.1; Trident/5.0"
107.150.37.187 - - [06/Aug/2021:15:57:07 +0000] "GET /tour-details.php?id=49 HTTP/1.1" 200 23928 "-" "Mozilla/5.0 (compatible; MSIE 9.0; Windows NT 6.1; Trident/5.0"
107.150.37.187 - - [06/Aug/2021:15:57:15 +0000] "GET /tour-details.php?id=50 HTTP/1.1" 200 24477 "-" "Mozilla/5.0 (compatible; MSIE 9.0; Windows NT 6.1; Trident/5.0"
107.150.37.187 - - [06/Aug/2021:15:57:16 +0000] "GET /tour-details.php?id=42 HTTP/1.1" 200 22811 "-" "Mozilla/5.0 (compatible; MSIE 9.0; Windows NT 6.1; Trident/5.0"
107.150.37.187 - - [06/Aug/2021:15:57:20 +0000] "GET /testimonials.php HTTP/1.1" 200 16209 "-" "Mozilla/5.0 (compatible; MSIE 9.0; Windows NT 6.1; Trident/5.0"
216.244.66.231 - - [06/Aug/2021:15:57:22 +0000] "GET /packages/india-tours/tour-details.php?id=32 HTTP/1.1" 404 235 "-" "Mozilla/5.0 (compatible; DotBot/1.2; +https://opensiteexplorer.org/dotbot; help@moz.com)"
107.150.37.187 - - [06/Aug/2021:15:57:26 +0000] "GET /packages.php?id=11 HTTP/1.1" 200 38789 "-" "Mozilla/5.0 (compatible; MSIE 9.0; Windows NT 6.1; Trident/5.0"
216.244.66.231 - - [06/Aug/2021:15:57:27 +0000] "GET /packages/india-tours/tour-details.php?id=49 HTTP/1.1" 404 235 "-" "Mozilla/5.0 (compatible; DotBot/1.2; +https://opensiteexplorer.org/dotbot; help@moz.com)"
107.150.37.187 - - [06/Aug/2021:15:57:31 +0000] "GET /packages.php?id=5 HTTP/1.1" 200 22688 "-" "Mozilla/5.0 (compatible; MSIE 9.0; Windows NT 6.1; Trident/5.0"
216.244.66.231 - - [06/Aug/2021:15:57:31 +0000] "GET /packages/india-tours/tour-details.php?id=51 HTTP/1.1" 404 235 "-" "Mozilla/5.0 (compatible; DotBot/1.2; +https://opensiteexplorer.org/dotbot; help@moz.com)"
107.150.37.187 - - [06/Aug/2021:15:57:36 +0000] "GET /booking.php?tourname=Golden%20Triangle%20Tour%20with%20Ranthambore%20National%20Park HTTP/1.1" 200 18339 "-" "Mozilla/5.0 (compatible; MSIE 9.0; Windows NT 6.1; Trident/5.0"
107.150.37.187 - - [06/Aug/2021:15:57:41 +0000] "GET /booking.php?tourname=Golden%20Triangle%20Group%20Tour%20Package HTTP/1.1" 200 18339 "-" "Mozilla/5.0 (compatible; MSIE 9.0; Windows NT 6.1; Trident/5.0"
107.150.37.187 - - [06/Aug/2021:15:57:46 +0000] "GET /booking.php?tourname=Rajasthan%20Group%20Tour HTTP/1.1" 200 18339 "-" "Mozilla/5.0 (compatible; MSIE 9.0; Windows NT 6.1; Trident/5.0"
107.150.37.187 - - [06/Aug/2021:15:57:51 +0000] "GET /booking.php?tourname=Ladakh%20Tour%20with%20Delhi%20Agra%20Jaipur HTTP/1.1" 200 18339 "-" "Mozilla/5.0 (compatible; MSIE 9.0; Windows NT 6.1; Trident/5.0"
107.150.37.187 - - [06/Aug/2021:15:57:57 +0000] "GET /tour-details.php?id=7 HTTP/1.1" 200 27891 "-" "Mozilla/5.0 (compatible; MSIE 9.0; Windows NT 6.1; Trident/5.0"
107.150.37.187 - - [06/Aug/2021:15:58:05 +0000] "GET /booking.php?tourname=Haridwar%20Weekend%20Tour HTTP/1.1" 200 18339 "-" "Mozilla/5.0 (compatible; MSIE 9.0; Windows NT 6.1; Trident/5.0"
107.150.37.187 - - [06/Aug/2021:15:58:09 +0000] "GET /booking.php?tourname=Kaziranga%20Wildlife%20Tour HTTP/1.1" 200 18339 "-" "Mozilla/5.0 (compatible; MSIE 9.0; Windows NT 6.1; Trident/5.0"
107.150.37.187 - - [06/Aug/2021:15:58:15 +0000] "GET /booking.php?tourname=Shimla%20weekend%20Tour%20Package HTTP/1.1" 200 18339 "-" "Mozilla/5.0 (compatible; MSIE 9.0; Windows NT 6.1; Trident/5.0"
107.150.37.187 - - [06/Aug/2021:15:58:18 +0000] "GET /booking.php?tourname=Jaipur%20Weekend%20Tour HTTP/1.1" 200 18339 "-" "Mozilla/5.0 (compatible; MSIE 9.0; Windows NT 6.1; Trident/5.0"
107.150.37.187 - - [06/Aug/2021:15:58:25 +0000] "GET /booking.php?tourname=Delhi%20Ranthambore%20weekend%20Tour HTTP/1.1" 200 18339 "-" "Mozilla/5.0 (compatible; MSIE 9.0; Windows NT 6.1; Trident/5.0"
107.150.37.187 - - [06/Aug/2021:15:58:28 +0000] "GET /booking.php?tourname=Golden%20Triangle%20with%20Pushkar%20Group%20Tour HTTP/1.1" 200 18339 "-" "Mozilla/5.0 (compatible; MSIE 9.0; Windows NT 6.1; Trident/5.0"
107.150.37.187 - - [06/Aug/2021:15:58:31 +0000] "GET /booking.php?tourname=Agra%20Tour HTTP/1.1" 200 18339 "-" "Mozilla/5.0 (compatible; MSIE 9.0; Windows NT 6.1; Trident/5.0"
107.150.37.187 - - [06/Aug/2021:15:58:36 +0000] "GET /booking.php?tourname=Manali%20Weekend%20Tour HTTP/1.1" 200 18339 "-" "Mozilla/5.0 (compatible; MSIE 9.0; Windows NT 6.1; Trident/5.0"
107.150.37.187 - - [06/Aug/2021:15:58:38 +0000] "GET /booking.php?tourname=Delhi%20Corbett%20Weekend%20Tour%20Package HTTP/1.1" 200 18339 "-" "Mozilla/5.0 (compatible; MSIE 9.0; Windows NT 6.1; Trident/5.0"
107.150.37.187 - - [06/Aug/2021:15:58:42 +0000] "GET /booking.php?tourname=Nainital%20Weekend%20Tour HTTP/1.1" 200 18339 "-" "Mozilla/5.0 (compatible; MSIE 9.0; Windows NT 6.1; Trident/5.0"
107.150.37.187 - - [06/Aug/2021:15:58:45 +0000] "GET /tour-details.php?id=44 HTTP/1.1" 200 29100 "-" "Mozilla/5.0 (compatible; MSIE 9.0; Windows NT 6.1; Trident/5.0"
107.150.37.187 - - [06/Aug/2021:15:58:50 +0000] "GET /booking.php?tourname=Golden%20Triangle%20India%20Tour HTTP/1.1" 200 18339 "-" "Mozilla/5.0 (compatible; MSIE 9.0; Windows NT 6.1; Trident/5.0"
107.150.37.187 - - [06/Aug/2021:15:58:53 +0000] "GET /booking.php?tourname=Kerala%20with%20Golden%20Triangle%20GroupTour HTTP/1.1" 200 18339 "-" "Mozilla/5.0 (compatible; MSIE 9.0; Windows NT 6.1; Trident/5.0"
107.150.37.187 - - [06/Aug/2021:15:58:59 +0000] "GET /booking.php?tourname=Wildlife%20Safari%20Tour HTTP/1.1" 200 18339 "-" "Mozilla/5.0 (compatible; MSIE 9.0; Windows NT 6.1; Trident/5.0"
107.150.37.187 - - [06/Aug/2021:15:59:02 +0000] "GET /booking.php?tourname=Rajasthan%20Tour%20Packages HTTP/1.1" 200 18339 "-" "Mozilla/5.0 (compatible; MSIE 9.0; Windows NT 6.1; Trident/5.0"
107.150.37.187 - - [06/Aug/2021:15:59:07 +0000] "GET /tour-details.php?id=15 HTTP/1.1" 200 28042 "-" "Mozilla/5.0 (compatible; MSIE 9.0; Windows NT 6.1; Trident/5.0"
107.150.37.187 - - [06/Aug/2021:15:59:08 +0000] "GET /tour-details.php?id=12 HTTP/1.1" 200 23028 "-" "Mozilla/5.0 (compatible; MSIE 9.0; Windows NT 6.1; Trident/5.0"
107.150.37.187 - - [06/Aug/2021:15:59:13 +0000] "GET /tour-details.php?id=10 HTTP/1.1" 200 28329 "-" "Mozilla/5.0 (compatible; MSIE 9.0; Windows NT 6.1; Trident/5.0"
107.150.37.187 - - [06/Aug/2021:15:59:17 +0000] "GET /tour-details.php?id=11 HTTP/1.1" 200 25836 "-" "Mozilla/5.0 (compatible; MSIE 9.0; Windows NT 6.1; Trident/5.0"
216.244.66.231 - - [06/Aug/2021:15:59:17 +0000] "GET /india-tours/index.php HTTP/1.1" 404 219 "-" "Mozilla/5.0 (compatible; DotBot/1.2; +https://opensiteexplorer.org/dotbot; help@moz.com)"
107.150.37.187 - - [06/Aug/2021:15:59:19 +0000] "GET /booking.php?tourname=Rajasthan%20Tour HTTP/1.1" 200 18339 "-" "Mozilla/5.0 (compatible; MSIE 9.0; Windows NT 6.1; Trident/5.0"
107.150.37.187 - - [06/Aug/2021:15:59:28 +0000] "GET /tour-details.php?id=20 HTTP/1.1" 200 25525 "-" "Mozilla/5.0 (compatible; MSIE 9.0; Windows NT 6.1; Trident/5.0"
107.150.37.187 - - [06/Aug/2021:15:59:30 +0000] "GET /booking.php?tourname=North%20India%20Wildlife%20Cultural%20Tour HTTP/1.1" 200 18339 "-" "Mozilla/5.0 (compatible; MSIE 9.0; Windows NT 6.1; Trident/5.0"
107.150.37.187 - - [06/Aug/2021:15:59:33 +0000] "GET /booking.php?tourname=Himachal%20with%20Golden%20Temple%20Tour HTTP/1.1" 200 18339 "-" "Mozilla/5.0 (compatible; MSIE 9.0; Windows NT 6.1; Trident/5.0"
107.150.37.187 - - [06/Aug/2021:15:59:39 +0000] "GET /tour-details.php?id=8 HTTP/1.1" 200 29944 "-" "Mozilla/5.0 (compatible; MSIE 9.0; Windows NT 6.1; Trident/5.0"
107.150.37.187 - - [06/Aug/2021:15:59:42 +0000] "GET /tour-details.php?id=6 HTTP/1.1" 200 30447 "-" "Mozilla/5.0 (compatible; MSIE 9.0; Windows NT 6.1; Trident/5.0"
107.150.37.187 - - [06/Aug/2021:15:59:48 +0000] "GET /booking.php?tourname=Golden%20Triangle%20Tour%20with%20varanasi HTTP/1.1" 200 18339 "-" "Mozilla/5.0 (compatible; MSIE 9.0; Windows NT 6.1; Trident/5.0"
107.150.37.187 - - [06/Aug/2021:15:59:51 +0000] "GET /booking.php?tourname=Central%20Wildlife%20India%20Tour HTTP/1.1" 200 18339 "-" "Mozilla/5.0 (compatible; MSIE 9.0; Windows NT 6.1; Trident/5.0"
107.150.37.187 - - [06/Aug/2021:15:59:58 +0000] "GET /booking.php?tourname=Leh%20Ladakh%20Tour%20Package HTTP/1.1" 200 18339 "-" "Mozilla/5.0 (compatible; MSIE 9.0; Windows NT 6.1; Trident/5.0"
107.150.37.187 - - [06/Aug/2021:16:00:01 +0000] "GET /booking.php?tourname=Shimla%20Manali%20Tour HTTP/1.1" 200 18339 "-" "Mozilla/5.0 (compatible; MSIE 9.0; Windows NT 6.1; Trident/5.0"
107.150.37.187 - - [06/Aug/2021:16:00:05 +0000] "GET /booking.php?tourname=Golden%20Triangle%20Tour%20with%20Amritsar HTTP/1.1" 200 18339 "-" "Mozilla/5.0 (compatible; MSIE 9.0; Windows NT 6.1; Trident/5.0"
107.150.37.187 - - [06/Aug/2021:16:00:08 +0000] "GET /booking.php?tourname=Kerala%20Houseboat%20Tour HTTP/1.1" 200 18339 "-" "Mozilla/5.0 (compatible; MSIE 9.0; Windows NT 6.1; Trident/5.0"
107.150.37.187 - - [06/Aug/2021:16:00:11 +0000] "GET /tour-details.php?id=9 HTTP/1.1" 200 29987 "-" "Mozilla/5.0 (compatible; MSIE 9.0; Windows NT 6.1; Trident/5.0"
107.150.37.187 - - [06/Aug/2021:16:00:17 +0000] "GET /booking.php?tourname=Himachal%20Tour%20Package HTTP/1.1" 200 18339 "-" "Mozilla/5.0 (compatible; MSIE 9.0; Windows NT 6.1; Trident/5.0"
107.150.37.187 - - [06/Aug/2021:16:00:19 +0000] "GET /booking.php?tourname=Tiger%20with%20Golden%20Triangle%20Group%20Tour HTTP/1.1" 200 18339 "-" "Mozilla/5.0 (compatible; MSIE 9.0; Windows NT 6.1; Trident/5.0"
107.150.37.187 - - [06/Aug/2021:16:00:20 +0000] "GET /booking.php?tourname=Majestic%20Ladakh%20Tour HTTP/1.1" 200 18339 "-" "Mozilla/5.0 (compatible; MSIE 9.0; Windows NT 6.1; Trident/5.0"
107.150.37.187 - - [06/Aug/2021:16:00:27 +0000] "GET /booking.php?tourname=Shimla%20Volvo%20Tour%20Package HTTP/1.1" 200 18339 "-" "Mozilla/5.0 (compatible; MSIE 9.0; Windows NT 6.1; Trident/5.0"
107.150.37.187 - - [06/Aug/2021:16:00:29 +0000] "GET /booking.php?tourname=Golden%20Triangle%20Tour%20with%20Khajuraho HTTP/1.1" 200 18339 "-" "Mozilla/5.0 (compatible; MSIE 9.0; Windows NT 6.1; Trident/5.0"
107.150.37.187 - - [06/Aug/2021:16:00:31 +0000] "GET /booking.php?tourname=Chardham%20Yatra HTTP/1.1" 200 18339 "-" "Mozilla/5.0 (compatible; MSIE 9.0; Windows NT 6.1; Trident/5.0"
107.150.37.187 - - [06/Aug/2021:16:00:39 +0000] "GET /tour-details.php?id=38 HTTP/1.1" 200 22755 "-" "Mozilla/5.0 (compatible; MSIE 9.0; Windows NT 6.1; Trident/5.0"
107.150.37.187 - - [06/Aug/2021:16:00:41 +0000] "GET /tour-details.php?id=39 HTTP/1.1" 200 25127 "-" "Mozilla/5.0 (compatible; MSIE 9.0; Windows NT 6.1; Trident/5.0"
107.150.37.187 - - [06/Aug/2021:16:00:49 +0000] "GET /tour-details.php?id=36 HTTP/1.1" 200 22853 "-" "Mozilla/5.0 (compatible; MSIE 9.0; Windows NT 6.1; Trident/5.0"
107.150.37.187 - - [06/Aug/2021:16:00:50 +0000] "GET /tour-details.php?id=37 HTTP/1.1" 200 22791 "-" "Mozilla/5.0 (compatible; MSIE 9.0; Windows NT 6.1; Trident/5.0"
107.150.37.187 - - [06/Aug/2021:16:00:55 +0000] "GET /tour-details.php?id=34 HTTP/1.1" 200 27940 "-" "Mozilla/5.0 (compatible; MSIE 9.0; Windows NT 6.1; Trident/5.0"
107.150.37.187 - - [06/Aug/2021:16:01:01 +0000] "GET /tour-details.php?id=35 HTTP/1.1" 200 22923 "-" "Mozilla/5.0 (compatible; MSIE 9.0; Windows NT 6.1; Trident/5.0"
107.150.37.187 - - [06/Aug/2021:16:01:04 +0000] "GET /tour-details.php?id=32 HTTP/1.1" 200 23476 "-" "Mozilla/5.0 (compatible; MSIE 9.0; Windows NT 6.1; Trident/5.0"
107.150.37.187 - - [06/Aug/2021:16:01:11 +0000] "GET /tour-details.php?id=33 HTTP/1.1" 200 27495 "-" "Mozilla/5.0 (compatible; MSIE 9.0; Windows NT 6.1; Trident/5.0"
107.150.37.187 - - [06/Aug/2021:16:01:15 +0000] "GET /tour-details.php?id=41 HTTP/1.1" 200 26154 "-" "Mozilla/5.0 (compatible; MSIE 9.0; Windows NT 6.1; Trident/5.0"
107.150.37.187 - - [06/Aug/2021:16:01:20 +0000] "GET /booking.php?tourname=Best%20of%20Kerala%20Tour HTTP/1.1" 200 18339 "-" "Mozilla/5.0 (compatible; MSIE 9.0; Windows NT 6.1; Trident/5.0"
107.150.37.187 - - [06/Aug/2021:16:01:24 +0000] "GET /booking.php?tourname=Goa%20Homeymoon%20Tour HTTP/1.1" 200 18339 "-" "Mozilla/5.0 (compatible; MSIE 9.0; Windows NT 6.1; Trident/5.0"
107.150.37.187 - - [06/Aug/2021:16:01:27 +0000] "GET /booking.php?tourname=Panoramic%20Ladakh%20Tour HTTP/1.1" 200 18339 "-" "Mozilla/5.0 (compatible; MSIE 9.0; Windows NT 6.1; Trident/5.0"
114.119.135.104 - - [06/Aug/2021:16:01:32 +0000] "GET /packages/india-tours/tour-details.php?id=22 HTTP/1.1" 404 235 "-" "Mozilla/5.0 (Linux; Android 7.0;) AppleWebKit/537.36 (KHTML, like Gecko) Mobile Safari/537.36 (compatible; PetalBot;+https://webmaster.petalsearch.com/site/petalbot)"
107.150.37.187 - - [06/Aug/2021:16:01:33 +0000] "GET /booking.php?tourname=Kerala%20Tour HTTP/1.1" 200 18339 "-" "Mozilla/5.0 (compatible; MSIE 9.0; Windows NT 6.1; Trident/5.0"
107.150.37.187 - - [06/Aug/2021:16:01:37 +0000] "GET /booking.php?tourname=Kerala%20Ayurveda%20Tour HTTP/1.1" 200 18339 "-" "Mozilla/5.0 (compatible; MSIE 9.0; Windows NT 6.1; Trident/5.0"
107.150.37.187 - - [06/Aug/2021:16:01:43 +0000] "GET /booking.php?tourname=Kasauli%20Tour HTTP/1.1" 200 18339 "-" "Mozilla/5.0 (compatible; MSIE 9.0; Windows NT 6.1; Trident/5.0"
107.150.37.187 - - [06/Aug/2021:16:01:46 +0000] "GET /booking.php?tourname=Kerala%20Backwater%20Tour%20Package HTTP/1.1" 200 18339 "-" "Mozilla/5.0 (compatible; MSIE 9.0; Windows NT 6.1; Trident/5.0"
107.150.37.187 - - [06/Aug/2021:16:01:54 +0000] "GET /tour-details.php?id=40 HTTP/1.1" 200 25461 "-" "Mozilla/5.0 (compatible; MSIE 9.0; Windows NT 6.1; Trident/5.0"
107.150.37.187 - - [06/Aug/2021:16:01:58 +0000] "GET /tour-details.php?id=29 HTTP/1.1" 200 25356 "-" "Mozilla/5.0 (compatible; MSIE 9.0; Windows NT 6.1; Trident/5.0"
43.239.206.149 - - [06/Aug/2021:16:02:22 +0000] "GET / HTTP/1.1" 200 53222 "https://www.google.com/" "Mozilla/5.0 (Windows NT 10.0; Win64; x64) AppleWebKit/537.36 (KHTML, like Gecko) Chrome/92.0.4515.131 Safari/537.36"
43.239.206.149 - - [06/Aug/2021:16:02:23 +0000] "GET /gen_validatorv4.js HTTP/1.1" 404 216 "https://www.naraintoursindia.com/" "Mozilla/5.0 (Windows NT 10.0; Win64; x64) AppleWebKit/537.36 (KHTML, like Gecko) Chrome/92.0.4515.131 Safari/537.36"
185.191.171.3 - - [06/Aug/2021:16:03:20 +0000] "GET /place-details.php?id=88 HTTP/1.1" 200 17037 "-" "Mozilla/5.0 (compatible; SemrushBot/7~bl; +http://www.semrush.com/bot.html)"
114.119.133.182 - - [06/Aug/2021:16:03:53 +0000] "GET /galleryimg/6905126Kasauli.jpg HTTP/1.1" 200 12397 "-" "Mozilla/5.0 (Linux; Android 7.0;) AppleWebKit/537.36 (KHTML, like Gecko) Mobile Safari/537.36 (compatible; PetalBot;+https://webmaster.petalsearch.com/site/petalbot)"
54.36.148.101 - - [06/Aug/2021:16:05:00 +0000] "GET /booking.php?tourname=Auli%20Tour%20Package%20from%20Delhi HTTP/1.1" 200 18339 "-" "Mozilla/5.0 (compatible; AhrefsBot/7.0; +http://ahrefs.com/robot/)"
101.100.179.4 - - [06/Aug/2021:16:06:49 +0000] "GET /packages/india-tours/index.php HTTP/1.1" 404 228 "https://www.google.com/url?sa=t&rct=j&q=&esrc=s&source=web&cd=4&ved=0CFEQFjAD&url=https%3A%2F%2Fwww.naraintoursindia.com%2Fpackages%2Findia-tours%2Findex.php&ei=GF4NYbHpCPLkggalWw&usg=AFQjCNEqGfKqCDknFZ9N8IWf6frPufrdag" "Mozilla/5.0 (iPhone; CPU iPhone OS 14_6 like Mac OS X) AppleWebKit/605.1.15 (KHTML, like Gecko) Version/14.1.1 Mobile/15E148 Safari/604.1"
114.119.137.45 - - [06/Aug/2021:16:06:57 +0000] "GET /tour-details.php?id=48 HTTP/1.1" 200 26198 "-" "Mozilla/5.0 (Linux; Android 7.0;) AppleWebKit/537.36 (KHTML, like Gecko) Mobile Safari/537.36 (compatible; PetalBot;+https://webmaster.petalsearch.com/site/petalbot)"
185.191.171.39 - - [06/Aug/2021:16:07:20 +0000] "GET /booking-sight-seeing.php HTTP/1.1" 200 19374 "-" "Mozilla/5.0 (compatible; SemrushBot/7~bl; +http://www.semrush.com/bot.html)"
114.119.146.223 - - [06/Aug/2021:16:11:02 +0000] "GET /booking.php?tourname=Tamilnadu%20and%20Kerala%20Tour HTTP/1.1" 200 18339 "-" "Mozilla/5.0 (Linux; Android 7.0;) AppleWebKit/537.36 (KHTML, like Gecko) Mobile Safari/537.36 (compatible; PetalBot;+https://webmaster.petalsearch.com/site/petalbot)"
216.244.66.231 - - [06/Aug/2021:16:11:37 +0000] "GET /places/how-to-plan-corbett-national-park-tour.html HTTP/1.1" 404 248 "-" "Mozilla/5.0 (compatible; DotBot/1.2; +https://opensiteexplorer.org/dotbot; help@moz.com)"
114.119.148.102 - - [06/Aug/2021:16:14:55 +0000] "GET /packages/india-tours/tour-details.php?id=16 HTTP/1.1" 404 235 "-" "Mozilla/5.0 (Linux; Android 7.0;) AppleWebKit/537.36 (KHTML, like Gecko) Mobile Safari/537.36 (compatible; PetalBot;+https://webmaster.petalsearch.com/site/petalbot)"
114.119.146.223 - - [06/Aug/2021:16:15:58 +0000] "GET /packages/india-tours/tour-details.php?id=50 HTTP/1.1" 404 235 "-" "Mozilla/5.0 (Linux; Android 7.0;) AppleWebKit/537.36 (KHTML, like Gecko) Mobile Safari/537.36 (compatible; PetalBot;+https://webmaster.petalsearch.com/site/petalbot)"
114.119.137.45 - - [06/Aug/2021:16:23:03 +0000] "GET /packages/india-tours/tour-details.php?id=32 HTTP/1.1" 404 235 "-" "Mozilla/5.0 (Linux; Android 7.0;) AppleWebKit/537.36 (KHTML, like Gecko) Mobile Safari/537.36 (compatible; PetalBot;+https://webmaster.petalsearch.com/site/petalbot)"
74.125.212.138 - - [06/Aug/2021:16:24:19 +0000] "GET / HTTP/1.1" 200 53222 "-" "Mozilla/5.0 (X11; Linux x86_64) AppleWebKit/537.36 (KHTML, like Gecko) Chrome/49.0.2623.75 Safari/537.36 Google Favicon"
74.125.212.140 - - [06/Aug/2021:16:24:20 +0000] "GET /images/fav.ico HTTP/1.1" 200 4286 "-" "Mozilla/5.0 (X11; Linux x86_64) AppleWebKit/537.36 (KHTML, like Gecko) Chrome/49.0.2623.75 Safari/537.36 Google Favicon"
66.249.66.223 - - [06/Aug/2021:16:28:03 +0000] "GET /manali-weekend-tour-packages.html?page=2 HTTP/1.1" 404 231 "-" "Mozilla/5.0 (Linux; Android 6.0.1; Nexus 5X Build/MMB29P) AppleWebKit/537.36 (KHTML, like Gecko) Chrome/92.0.4515.119 Mobile Safari/537.36 (compatible; Googlebot/2.1; +http://www.google.com/bot.html)"
43.239.206.149 - - [06/Aug/2021:16:28:23 +0000] "GET / HTTP/1.1" 200 53222 "-" "Mozilla/5.0 (Windows NT 10.0; Win64; x64) AppleWebKit/537.36 (KHTML, like Gecko) Chrome/92.0.4515.131 Safari/537.36"
43.239.206.149 - - [06/Aug/2021:16:28:24 +0000] "GET /gen_validatorv4.js HTTP/1.1" 404 216 "https://www.naraintoursindia.com/" "Mozilla/5.0 (Windows NT 10.0; Win64; x64) AppleWebKit/537.36 (KHTML, like Gecko) Chrome/92.0.4515.131 Safari/537.36"
43.239.206.149 - - [06/Aug/2021:16:28:24 +0000] "GET /gen_validatorv4.js HTTP/1.1" 404 216 "https://www.naraintoursindia.com/" "Mozilla/5.0 (Windows NT 10.0; Win64; x64) AppleWebKit/537.36 (KHTML, like Gecko) Chrome/92.0.4515.131 Safari/537.36"
43.239.206.149 - - [06/Aug/2021:16:28:24 +0000] "GET /images/family.png HTTP/1.1" 200 272263 "https://www.naraintoursindia.com/" "Mozilla/5.0 (Windows NT 10.0; Win64; x64) AppleWebKit/537.36 (KHTML, like Gecko) Chrome/92.0.4515.131 Safari/537.36"
43.239.206.149 - - [06/Aug/2021:16:28:38 +0000] "GET /tour-details.php?id=18 HTTP/1.1" 200 22846 "https://www.naraintoursindia.com/" "Mozilla/5.0 (Windows NT 10.0; Win64; x64) AppleWebKit/537.36 (KHTML, like Gecko) Chrome/92.0.4515.131 Safari/537.36"
43.239.206.149 - - [06/Aug/2021:16:28:39 +0000] "GET /gen_validatorv4.js HTTP/1.1" 404 216 "https://www.naraintoursindia.com/tour-details.php?id=18" "Mozilla/5.0 (Windows NT 10.0; Win64; x64) AppleWebKit/537.36 (KHTML, like Gecko) Chrome/92.0.4515.131 Safari/537.36"
43.239.206.149 - - [06/Aug/2021:16:28:39 +0000] "GET /galleryimg/4173955ladakh.jpg HTTP/1.1" 200 162165 "https://www.naraintoursindia.com/tour-details.php?id=18" "Mozilla/5.0 (Windows NT 10.0; Win64; x64) AppleWebKit/537.36 (KHTML, like Gecko) Chrome/92.0.4515.131 Safari/537.36"
43.239.206.149 - - [06/Aug/2021:16:28:39 +0000] "GET /images/umbrella.png HTTP/1.1" 200 419 "https://www.naraintoursindia.com/css/style.css" "Mozilla/5.0 (Windows NT 10.0; Win64; x64) AppleWebKit/537.36 (KHTML, like Gecko) Chrome/92.0.4515.131 Safari/537.36"
43.239.206.149 - - [06/Aug/2021:16:28:39 +0000] "GET /images/book-bg.png HTTP/1.1" 200 24578 "https://www.naraintoursindia.com/css/style.css" "Mozilla/5.0 (Windows NT 10.0; Win64; x64) AppleWebKit/537.36 (KHTML, like Gecko) Chrome/92.0.4515.131 Safari/537.36"
43.239.206.149 - - [06/Aug/2021:16:28:50 +0000] "GET /tour-details.php?id=4 HTTP/1.1" 200 29574 "https://www.naraintoursindia.com/" "Mozilla/5.0 (Windows NT 10.0; Win64; x64) AppleWebKit/537.36 (KHTML, like Gecko) Chrome/92.0.4515.131 Safari/537.36"
43.239.206.149 - - [06/Aug/2021:16:28:51 +0000] "GET /gen_validatorv4.js HTTP/1.1" 404 216 "https://www.naraintoursindia.com/tour-details.php?id=4" "Mozilla/5.0 (Windows NT 10.0; Win64; x64) AppleWebKit/537.36 (KHTML, like Gecko) Chrome/92.0.4515.131 Safari/537.36"
43.239.206.149 - - [06/Aug/2021:16:28:51 +0000] "GET /galleryimg/521921497255.jpg HTTP/1.1" 200 83151 "https://www.naraintoursindia.com/tour-details.php?id=4" "Mozilla/5.0 (Windows NT 10.0; Win64; x64) AppleWebKit/537.36 (KHTML, like Gecko) Chrome/92.0.4515.131 Safari/537.36"
43.239.206.149 - - [06/Aug/2021:16:28:51 +0000] "GET /galleryimg/7802860maxresdefault%20(1).jpg HTTP/1.1" 200 267201 "https://www.naraintoursindia.com/tour-details.php?id=4" "Mozilla/5.0 (Windows NT 10.0; Win64; x64) AppleWebKit/537.36 (KHTML, like Gecko) Chrome/92.0.4515.131 Safari/537.36"
43.239.206.149 - - [06/Aug/2021:16:28:51 +0000] "GET /galleryimg/53405336-ranthambore-tiger.jpg HTTP/1.1" 200 1130805 "https://www.naraintoursindia.com/tour-details.php?id=4" "Mozilla/5.0 (Windows NT 10.0; Win64; x64) AppleWebKit/537.36 (KHTML, like Gecko) Chrome/92.0.4515.131 Safari/537.36"
43.239.206.149 - - [06/Aug/2021:16:29:21 +0000] "GET /secureadmin/admin HTTP/1.1" 301 259 "-" "Mozilla/5.0 (Windows NT 10.0; Win64; x64) AppleWebKit/537.36 (KHTML, like Gecko) Chrome/92.0.4515.131 Safari/537.36"
43.239.206.149 - - [06/Aug/2021:16:29:22 +0000] "GET /secureadmin/admin/ HTTP/1.1" 200 6782 "-" "Mozilla/5.0 (Windows NT 10.0; Win64; x64) AppleWebKit/537.36 (KHTML, like Gecko) Chrome/92.0.4515.131 Safari/537.36"
43.239.206.149 - - [06/Aug/2021:16:29:22 +0000] "GET /secureadmin/admin/css/layout.css HTTP/1.1" 200 13733 "https://www.naraintoursindia.com/secureadmin/admin/" "Mozilla/5.0 (Windows NT 10.0; Win64; x64) AppleWebKit/537.36 (KHTML, like Gecko) Chrome/92.0.4515.131 Safari/537.36"
43.239.206.149 - - [06/Aug/2021:16:29:22 +0000] "GET /secureadmin/admin/css/reset.css HTTP/1.1" 200 1153 "https://www.naraintoursindia.com/secureadmin/admin/" "Mozilla/5.0 (Windows NT 10.0; Win64; x64) AppleWebKit/537.36 (KHTML, like Gecko) Chrome/92.0.4515.131 Safari/537.36"
43.239.206.149 - - [06/Aug/2021:16:29:22 +0000] "GET /secureadmin/admin/css/themes.css HTTP/1.1" 200 5578 "https://www.naraintoursindia.com/secureadmin/admin/" "Mozilla/5.0 (Windows NT 10.0; Win64; x64) AppleWebKit/537.36 (KHTML, like Gecko) Chrome/92.0.4515.131 Safari/537.36"
43.239.206.149 - - [06/Aug/2021:16:29:22 +0000] "GET /secureadmin/admin/css/typography.css HTTP/1.1" 200 7960 "https://www.naraintoursindia.com/secureadmin/admin/" "Mozilla/5.0 (Windows NT 10.0; Win64; x64) AppleWebKit/537.36 (KHTML, like Gecko) Chrome/92.0.4515.131 Safari/537.36"
43.239.206.149 - - [06/Aug/2021:16:29:22 +0000] "GET /secureadmin/admin/css/shCore.css HTTP/1.1" 200 9456 "https://www.naraintoursindia.com/secureadmin/admin/" "Mozilla/5.0 (Windows NT 10.0; Win64; x64) AppleWebKit/537.36 (KHTML, like Gecko) Chrome/92.0.4515.131 Safari/537.36"
43.239.206.149 - - [06/Aug/2021:16:29:22 +0000] "GET /secureadmin/admin/css/bootstrap.css HTTP/1.1" 200 2681 "https://www.naraintoursindia.com/secureadmin/admin/" "Mozilla/5.0 (Windows NT 10.0; Win64; x64) AppleWebKit/537.36 (KHTML, like Gecko) Chrome/92.0.4515.131 Safari/537.36"
43.239.206.149 - - [06/Aug/2021:16:29:22 +0000] "GET /secureadmin/admin/css/jquery.jqplot.css HTTP/1.1" 200 6821 "https://www.naraintoursindia.com/secureadmin/admin/" "Mozilla/5.0 (Windows NT 10.0; Win64; x64) AppleWebKit/537.36 (KHTML, like Gecko) Chrome/92.0.4515.131 Safari/537.36"
43.239.206.149 - - [06/Aug/2021:16:29:22 +0000] "GET /secureadmin/admin/css/data-table.css HTTP/1.1" 200 20839 "https://www.naraintoursindia.com/secureadmin/admin/" "Mozilla/5.0 (Windows NT 10.0; Win64; x64) AppleWebKit/537.36 (KHTML, like Gecko) Chrome/92.0.4515.131 Safari/537.36"
43.239.206.149 - - [06/Aug/2021:16:29:22 +0000] "GET /secureadmin/admin/css/jquery-ui-1.8.18.custom.css HTTP/1.1" 200 45653 "https://www.naraintoursindia.com/secureadmin/admin/" "Mozilla/5.0 (Windows NT 10.0; Win64; x64) AppleWebKit/537.36 (KHTML, like Gecko) Chrome/92.0.4515.131 Safari/537.36"
43.239.206.149 - - [06/Aug/2021:16:29:22 +0000] "GET /secureadmin/admin/css/form.css HTTP/1.1" 200 27337 "https://www.naraintoursindia.com/secureadmin/admin/" "Mozilla/5.0 (Windows NT 10.0; Win64; x64) AppleWebKit/537.36 (KHTML, like Gecko) Chrome/92.0.4515.131 Safari/537.36"
43.239.206.149 - - [06/Aug/2021:16:29:22 +0000] "GET /secureadmin/admin/css/ui-elements.css HTTP/1.1" 200 66064 "https://www.naraintoursindia.com/secureadmin/admin/" "Mozilla/5.0 (Windows NT 10.0; Win64; x64) AppleWebKit/537.36 (KHTML, like Gecko) Chrome/92.0.4515.131 Safari/537.36"
43.239.206.149 - - [06/Aug/2021:16:29:22 +0000] "GET /secureadmin/admin/css/wizard.css HTTP/1.1" 200 10412 "https://www.naraintoursindia.com/secureadmin/admin/" "Mozilla/5.0 (Windows NT 10.0; Win64; x64) AppleWebKit/537.36 (KHTML, like Gecko) Chrome/92.0.4515.131 Safari/537.36"
43.239.206.149 - - [06/Aug/2021:16:29:22 +0000] "GET /secureadmin/admin/css/sprite.css HTTP/1.1" 200 76938 "https://www.naraintoursindia.com/secureadmin/admin/" "Mozilla/5.0 (Windows NT 10.0; Win64; x64) AppleWebKit/537.36 (KHTML, like Gecko) Chrome/92.0.4515.131 Safari/537.36"
43.239.206.149 - - [06/Aug/2021:16:29:22 +0000] "GET /secureadmin/admin/css/gradient.css HTTP/1.1" 200 58469 "https://www.naraintoursindia.com/secureadmin/admin/" "Mozilla/5.0 (Windows NT 10.0; Win64; x64) AppleWebKit/537.36 (KHTML, like Gecko) Chrome/92.0.4515.131 Safari/537.36"
43.239.206.149 - - [06/Aug/2021:16:29:22 +0000] "GET /secureadmin/admin/js/jquery.ui.touch-punch.js HTTP/1.1" 200 4593 "https://www.naraintoursindia.com/secureadmin/admin/" "Mozilla/5.0 (Windows NT 10.0; Win64; x64) AppleWebKit/537.36 (KHTML, like Gecko) Chrome/92.0.4515.131 Safari/537.36"
43.239.206.149 - - [06/Aug/2021:16:29:22 +0000] "GET /secureadmin/admin/js/chosen.jquery.js HTTP/1.1" 200 35454 "https://www.naraintoursindia.com/secureadmin/admin/" "Mozilla/5.0 (Windows NT 10.0; Win64; x64) AppleWebKit/537.36 (KHTML, like Gecko) Chrome/92.0.4515.131 Safari/537.36"
43.239.206.149 - - [06/Aug/2021:16:29:22 +0000] "GET /secureadmin/admin/js/jquery-1.7.1.min.js HTTP/1.1" 200 93871 "https://www.naraintoursindia.com/secureadmin/admin/" "Mozilla/5.0 (Windows NT 10.0; Win64; x64) AppleWebKit/537.36 (KHTML, like Gecko) Chrome/92.0.4515.131 Safari/537.36"
43.239.206.149 - - [06/Aug/2021:16:29:22 +0000] "GET /secureadmin/admin/css/styles.css HTTP/1.1" 200 198360 "https://www.naraintoursindia.com/secureadmin/admin/" "Mozilla/5.0 (Windows NT 10.0; Win64; x64) AppleWebKit/537.36 (KHTML, like Gecko) Chrome/92.0.4515.131 Safari/537.36"
43.239.206.149 - - [06/Aug/2021:16:29:22 +0000] "GET /secureadmin/admin/js/uniform.jquery.js HTTP/1.1" 200 20277 "https://www.naraintoursindia.com/secureadmin/admin/" "Mozilla/5.0 (Windows NT 10.0; Win64; x64) AppleWebKit/537.36 (KHTML, like Gecko) Chrome/92.0.4515.131 Safari/537.36"
43.239.206.149 - - [06/Aug/2021:16:29:22 +0000] "GET /secureadmin/admin/js/bootstrap-dropdown.js HTTP/1.1" 200 2649 "https://www.naraintoursindia.com/secureadmin/admin/" "Mozilla/5.0 (Windows NT 10.0; Win64; x64) AppleWebKit/537.36 (KHTML, like Gecko) Chrome/92.0.4515.131 Safari/537.36"
43.239.206.149 - - [06/Aug/2021:16:29:22 +0000] "GET /secureadmin/admin/js/bootstrap-colorpicker.js HTTP/1.1" 200 12816 "https://www.naraintoursindia.com/secureadmin/admin/" "Mozilla/5.0 (Windows NT 10.0; Win64; x64) AppleWebKit/537.36 (KHTML, like Gecko) Chrome/92.0.4515.131 Safari/537.36"
43.239.206.149 - - [06/Aug/2021:16:29:22 +0000] "GET /secureadmin/admin/js/sticky.full.js HTTP/1.1" 200 2722 "https://www.naraintoursindia.com/secureadmin/admin/" "Mozilla/5.0 (Windows NT 10.0; Win64; x64) AppleWebKit/537.36 (KHTML, like Gecko) Chrome/92.0.4515.131 Safari/537.36"
43.239.206.149 - - [06/Aug/2021:16:29:22 +0000] "GET /secureadmin/admin/js/selectToUISlider.jQuery.js HTTP/1.1" 200 8560 "https://www.naraintoursindia.com/secureadmin/admin/" "Mozilla/5.0 (Windows NT 10.0; Win64; x64) AppleWebKit/537.36 (KHTML, like Gecko) Chrome/92.0.4515.131 Safari/537.36"
43.239.206.149 - - [06/Aug/2021:16:29:22 +0000] "GET /secureadmin/admin/js/jquery.noty.js HTTP/1.1" 200 7131 "https://www.naraintoursindia.com/secureadmin/admin/" "Mozilla/5.0 (Windows NT 10.0; Win64; x64) AppleWebKit/537.36 (KHTML, like Gecko) Chrome/92.0.4515.131 Safari/537.36"
43.239.206.149 - - [06/Aug/2021:16:29:22 +0000] "GET /secureadmin/admin/js/fg.menu.js HTTP/1.1" 200 23731 "https://www.naraintoursindia.com/secureadmin/admin/" "Mozilla/5.0 (Windows NT 10.0; Win64; x64) AppleWebKit/537.36 (KHTML, like Gecko) Chrome/92.0.4515.131 Safari/537.36"
43.239.206.149 - - [06/Aug/2021:16:29:22 +0000] "GET /secureadmin/admin/js/jquery.tagsinput.js HTTP/1.1" 200 11891 "https://www.naraintoursindia.com/secureadmin/admin/" "Mozilla/5.0 (Windows NT 10.0; Win64; x64) AppleWebKit/537.36 (KHTML, like Gecko) Chrome/92.0.4515.131 Safari/537.36"
43.239.206.149 - - [06/Aug/2021:16:29:22 +0000] "GET /secureadmin/admin/js/jquery.cleditor.js HTTP/1.1" 200 35664 "https://www.naraintoursindia.com/secureadmin/admin/" "Mozilla/5.0 (Windows NT 10.0; Win64; x64) AppleWebKit/537.36 (KHTML, like Gecko) Chrome/92.0.4515.131 Safari/537.36"
43.239.206.149 - - [06/Aug/2021:16:29:22 +0000] "GET /secureadmin/admin/js/jquery.peity.js HTTP/1.1" 200 5095 "https://www.naraintoursindia.com/secureadmin/admin/" "Mozilla/5.0 (Windows NT 10.0; Win64; x64) AppleWebKit/537.36 (KHTML, like Gecko) Chrome/92.0.4515.131 Safari/537.36"
43.239.206.149 - - [06/Aug/2021:16:29:22 +0000] "GET /secureadmin/admin/js/jquery.simplemodal.js HTTP/1.1" 200 9469 "https://www.naraintoursindia.com/secureadmin/admin/" "Mozilla/5.0 (Windows NT 10.0; Win64; x64) AppleWebKit/537.36 (KHTML, like Gecko) Chrome/92.0.4515.131 Safari/537.36"
43.239.206.149 - - [06/Aug/2021:16:29:22 +0000] "GET /secureadmin/admin/js/jquery.jBreadCrumb.1.1.js HTTP/1.1" 200 7663 "https://www.naraintoursindia.com/secureadmin/admin/" "Mozilla/5.0 (Windows NT 10.0; Win64; x64) AppleWebKit/537.36 (KHTML, like Gecko) Chrome/92.0.4515.131 Safari/537.36"
