18.215.241.53 - - [04/Aug/2021:23:16:48 +0000] "GET /booking-flight.html HTTP/1.1" 404 217 "-" "Buck/2.2; (+https://app.hypefactors.com/media-monitoring/about.html)"
18.215.241.53 - - [04/Aug/2021:23:17:23 +0000] "GET /tour-details.php?id=4 HTTP/1.1" 200 29574 "-" "Buck/2.2; (+https://app.hypefactors.com/media-monitoring/about.html)"
18.215.241.53 - - [04/Aug/2021:23:17:51 +0000] "GET /index.php HTTP/1.1" 200 53222 "-" "Buck/2.2; (+https://app.hypefactors.com/media-monitoring/about.html)"
18.215.241.53 - - [04/Aug/2021:23:18:21 +0000] "GET /booking-tour-package.php HTTP/1.1" 200 24146 "-" "Buck/2.2; (+https://app.hypefactors.com/media-monitoring/about.html)"
18.215.241.53 - - [04/Aug/2021:23:18:49 +0000] "GET /booking-sight-seeing.php HTTP/1.1" 200 19374 "-" "Buck/2.2; (+https://app.hypefactors.com/media-monitoring/about.html)"
18.215.241.53 - - [04/Aug/2021:23:19:25 +0000] "GET /weekend-package.php HTTP/1.1" 200 27140 "-" "Buck/2.2; (+https://app.hypefactors.com/media-monitoring/about.html)"
18.215.241.53 - - [04/Aug/2021:23:19:52 +0000] "GET /group-tours.php HTTP/1.1" 200 22985 "-" "Buck/2.2; (+https://app.hypefactors.com/media-monitoring/about.html)"
18.215.241.53 - - [04/Aug/2021:23:20:22 +0000] "GET /booking-hotel.php HTTP/1.1" 200 19437 "-" "Buck/2.2; (+https://app.hypefactors.com/media-monitoring/about.html)"
18.215.241.53 - - [04/Aug/2021:23:20:46 +0000] "GET /contact-us.php HTTP/1.1" 200 16607 "-" "Buck/2.2; (+https://app.hypefactors.com/media-monitoring/about.html)"
18.215.241.53 - - [04/Aug/2021:23:21:11 +0000] "GET /booking.php HTTP/1.1" 200 18339 "-" "Buck/2.2; (+https://app.hypefactors.com/media-monitoring/about.html)"
54.36.148.222 - - [04/Aug/2021:23:21:35 +0000] "GET /packages.php?id=7 HTTP/1.1" 200 35927 "-" "Mozilla/5.0 (compatible; AhrefsBot/7.0; +http://ahrefs.com/robot/)"
18.215.241.53 - - [04/Aug/2021:23:21:46 +0000] "GET /booking-flight.html HTTP/1.1" 404 217 "-" "Buck/2.2; (+https://app.hypefactors.com/media-monitoring/about.html)"
18.215.241.53 - - [04/Aug/2021:23:22:32 +0000] "GET /packages.php?id=7 HTTP/1.1" 200 35927 "-" "Buck/2.2; (+https://app.hypefactors.com/media-monitoring/about.html)"
18.215.241.53 - - [04/Aug/2021:23:22:58 +0000] "GET /packages.php?id=4 HTTP/1.1" 200 38768 "-" "Buck/2.2; (+https://app.hypefactors.com/media-monitoring/about.html)"
18.215.241.53 - - [04/Aug/2021:23:23:23 +0000] "GET /packages.php?id=10 HTTP/1.1" 200 24406 "-" "Buck/2.2; (+https://app.hypefactors.com/media-monitoring/about.html)"
18.215.241.53 - - [04/Aug/2021:23:23:49 +0000] "GET /packages.php?id=1 HTTP/1.1" 200 30549 "-" "Buck/2.2; (+https://app.hypefactors.com/media-monitoring/about.html)"
77.75.78.168 - - [04/Aug/2021:23:24:07 +0000] "GET /robots.txt HTTP/1.1" 404 208 "-" "Mozilla/5.0 (compatible; SeznamBot/3.2; +http://napoveda.seznam.cz/en/seznambot-intro/)"
77.75.78.168 - - [04/Aug/2021:23:24:09 +0000] "GET /shimla-volvo-tour-package.html HTTP/1.1" 404 228 "-" "Mozilla/5.0 (compatible; SeznamBot/3.2; +http://napoveda.seznam.cz/en/seznambot-intro/)"
216.244.66.231 - - [04/Aug/2021:23:24:09 +0000] "GET /robots.txt HTTP/1.1" 404 208 "-" "Mozilla/5.0 (compatible; DotBot/1.2; +https://opensiteexplorer.org/dotbot; help@moz.com)"
216.244.66.231 - - [04/Aug/2021:23:24:10 +0000] "GET /robots.txt HTTP/1.1" 404 208 "-" "Mozilla/5.0 (compatible; DotBot/1.2; +https://opensiteexplorer.org/dotbot; help@moz.com)"
77.75.78.168 - - [04/Aug/2021:23:24:11 +0000] "GET /robots.txt HTTP/1.1" 404 208 "-" "Mozilla/5.0 (compatible; SeznamBot/3.2; +http://napoveda.seznam.cz/en/seznambot-intro/)"
77.75.78.168 - - [04/Aug/2021:23:24:12 +0000] "GET /galleryimg/608162wildlife-safari-tour-packag.jpg HTTP/1.1" 404 246 "-" "Mozilla/5.0 (compatible; SeznamBot/3.2; +http://napoveda.seznam.cz/en/seznambot-intro/)"
77.75.78.168 - - [04/Aug/2021:23:24:13 +0000] "GET /booking-sight-seeing.php HTTP/1.1" 200 19374 "-" "Mozilla/5.0 (compatible; SeznamBot/3.2; +http://napoveda.seznam.cz/en/seznambot-intro/)"
18.215.241.53 - - [04/Aug/2021:23:24:30 +0000] "GET /packages.php?id=9 HTTP/1.1" 200 24595 "-" "Buck/2.2; (+https://app.hypefactors.com/media-monitoring/about.html)"
18.215.241.53 - - [04/Aug/2021:23:24:57 +0000] "GET /packages.php?id=12 HTTP/1.1" 200 37265 "-" "Buck/2.2; (+https://app.hypefactors.com/media-monitoring/about.html)"
18.215.241.53 - - [04/Aug/2021:23:25:30 +0000] "GET /packages.php?id=13 HTTP/1.1" 200 31744 "-" "Buck/2.2; (+https://app.hypefactors.com/media-monitoring/about.html)"
18.215.241.53 - - [04/Aug/2021:23:25:57 +0000] "GET /packages.php?id=8 HTTP/1.1" 200 24658 "-" "Buck/2.2; (+https://app.hypefactors.com/media-monitoring/about.html)"
54.36.149.93 - - [04/Aug/2021:23:26:24 +0000] "GET /packages.php?id=1 HTTP/1.1" 200 30549 "-" "Mozilla/5.0 (compatible; AhrefsBot/7.0; +http://ahrefs.com/robot/)"
18.215.241.53 - - [04/Aug/2021:23:26:25 +0000] "GET /packages.php?id=6 HTTP/1.1" 200 30268 "-" "Buck/2.2; (+https://app.hypefactors.com/media-monitoring/about.html)"
18.215.241.53 - - [04/Aug/2021:23:26:50 +0000] "GET /tour-details.php?id=5 HTTP/1.1" 200 24087 "-" "Buck/2.2; (+https://app.hypefactors.com/media-monitoring/about.html)"
18.215.241.53 - - [04/Aug/2021:23:27:30 +0000] "GET /tour-details.php?id=2 HTTP/1.1" 200 22851 "-" "Buck/2.2; (+https://app.hypefactors.com/media-monitoring/about.html)"
18.215.241.53 - - [04/Aug/2021:23:28:16 +0000] "GET /tour-details.php?id=1 HTTP/1.1" 200 29963 "-" "Buck/2.2; (+https://app.hypefactors.com/media-monitoring/about.html)"
18.215.241.53 - - [04/Aug/2021:23:28:50 +0000] "GET /tour-details.php?id=3 HTTP/1.1" 200 29772 "-" "Buck/2.2; (+https://app.hypefactors.com/media-monitoring/about.html)"
66.249.66.221 - - [04/Aug/2021:23:29:02 +0000] "GET /agra-tour.html HTTP/1.1" 404 212 "-" "Mozilla/5.0 (Linux; Android 6.0.1; Nexus 5X Build/MMB29P) AppleWebKit/537.36 (KHTML, like Gecko) Chrome/92.0.4515.119 Mobile Safari/537.36 (compatible; Googlebot/2.1; +http://www.google.com/bot.html)"
18.215.241.53 - - [04/Aug/2021:23:29:15 +0000] "GET /tour-details.php?id=4 HTTP/1.1" 200 29574 "-" "Buck/2.2; (+https://app.hypefactors.com/media-monitoring/about.html)"
18.215.241.53 - - [04/Aug/2021:23:29:46 +0000] "GET /tour-details.php?id=18 HTTP/1.1" 200 22846 "-" "Buck/2.2; (+https://app.hypefactors.com/media-monitoring/about.html)"
18.215.241.53 - - [04/Aug/2021:23:30:29 +0000] "GET /tour-details.php?id=16 HTTP/1.1" 200 36716 "-" "Buck/2.2; (+https://app.hypefactors.com/media-monitoring/about.html)"
216.244.66.231 - - [04/Aug/2021:23:30:30 +0000] "GET /kerala-cultural-tour.html HTTP/1.1" 404 223 "-" "Mozilla/5.0 (compatible; DotBot/1.2; +https://opensiteexplorer.org/dotbot; help@moz.com)"
157.55.39.160 - - [04/Aug/2021:23:30:42 +0000] "GET /india-tours/ladakh-tour-packages.html/js/bootstrap.js HTTP/1.1" 404 251 "-" "Mozilla/5.0 (compatible; MSIE 9.0; Windows NT 6.1; Trident/5.0)"
54.36.148.139 - - [04/Aug/2021:23:30:53 +0000] "GET /packages.php?id=13 HTTP/1.1" 200 31744 "-" "Mozilla/5.0 (compatible; AhrefsBot/7.0; +http://ahrefs.com/robot/)"
216.244.66.231 - - [04/Aug/2021:23:31:01 +0000] "GET /robots.txt HTTP/1.1" 404 208 "-" "Mozilla/5.0 (compatible; DotBot/1.2; +https://opensiteexplorer.org/dotbot; help@moz.com)"
18.215.241.53 - - [04/Aug/2021:23:31:10 +0000] "GET /tour-details.php?id=13 HTTP/1.1" 200 23257 "-" "Buck/2.2; (+https://app.hypefactors.com/media-monitoring/about.html)"
18.215.241.53 - - [04/Aug/2021:23:31:48 +0000] "GET /tour-details.php?id=17 HTTP/1.1" 200 25505 "-" "Buck/2.2; (+https://app.hypefactors.com/media-monitoring/about.html)"
207.46.13.190 - - [04/Aug/2021:23:32:07 +0000] "GET /india-tours/ladakh-tour-packages.html/js/jquery-latest.min.js HTTP/1.1" 404 259 "-" "Mozilla/5.0 (compatible; MSIE 9.0; Windows NT 6.1; Trident/5.0)"
207.46.13.190 - - [04/Aug/2021:23:32:07 +0000] "GET /india-tours/ladakh-tour-packages.html/js/jquery-ui.js HTTP/1.1" 404 251 "-" "Mozilla/5.0 (compatible; MSIE 9.0; Windows NT 6.1; Trident/5.0)"
18.215.241.53 - - [04/Aug/2021:23:32:27 +0000] "GET /tour-details.php?id=19 HTTP/1.1" 200 25013 "-" "Buck/2.2; (+https://app.hypefactors.com/media-monitoring/about.html)"
18.215.241.53 - - [04/Aug/2021:23:33:00 +0000] "GET /tour-details.php?id=46 HTTP/1.1" 200 25675 "-" "Buck/2.2; (+https://app.hypefactors.com/media-monitoring/about.html)"
18.215.241.53 - - [04/Aug/2021:23:33:44 +0000] "GET /tour-details.php?id=48 HTTP/1.1" 200 26198 "-" "Buck/2.2; (+https://app.hypefactors.com/media-monitoring/about.html)"
207.46.13.190 - - [04/Aug/2021:23:34:05 +0000] "GET /kaziranga-wildlife-tour.html HTTP/1.1" 404 226 "-" "Mozilla/5.0 (compatible; bingbot/2.0; +http://www.bing.com/bingbot.htm)"
18.215.241.53 - - [04/Aug/2021:23:34:22 +0000] "GET /tour-details.php?id=49 HTTP/1.1" 200 23928 "-" "Buck/2.2; (+https://app.hypefactors.com/media-monitoring/about.html)"
18.215.241.53 - - [04/Aug/2021:23:34:47 +0000] "GET /tour-details.php?id=50 HTTP/1.1" 200 24477 "-" "Buck/2.2; (+https://app.hypefactors.com/media-monitoring/about.html)"
18.215.241.53 - - [04/Aug/2021:23:35:14 +0000] "GET /tour-details.php?id=42 HTTP/1.1" 200 22811 "-" "Buck/2.2; (+https://app.hypefactors.com/media-monitoring/about.html)"
216.244.66.231 - - [04/Aug/2021:23:35:35 +0000] "GET /booking.php?tourname=South%20India%20Temple%20Tour HTTP/1.1" 200 18339 "-" "Mozilla/5.0 (compatible; DotBot/1.2; +https://opensiteexplorer.org/dotbot; help@moz.com)"
54.36.149.64 - - [04/Aug/2021:23:35:47 +0000] "GET /place-details.php?id=14 HTTP/1.1" 200 17138 "-" "Mozilla/5.0 (compatible; AhrefsBot/7.0; +http://ahrefs.com/robot/)"
18.215.241.53 - - [04/Aug/2021:23:35:59 +0000] "GET /testimonials.php HTTP/1.1" 200 16209 "-" "Buck/2.2; (+https://app.hypefactors.com/media-monitoring/about.html)"
185.191.171.7 - - [04/Aug/2021:23:36:14 +0000] "GET /robots.txt HTTP/1.1" 404 208 "-" "Mozilla/5.0 (compatible; SemrushBot/7~bl; +http://www.semrush.com/bot.html)"
185.191.171.23 - - [04/Aug/2021:23:36:15 +0000] "GET /places/kasauli-sightseeing.html HTTP/1.1" 404 229 "-" "Mozilla/5.0 (compatible; SemrushBot/7~bl; +http://www.semrush.com/bot.html)"
17.121.114.111 - - [04/Aug/2021:23:36:23 +0000] "GET /index.php HTTP/1.1" 200 53222 "-" "Mozilla/5.0 (Macintosh; Intel Mac OS X 10_15_5) AppleWebKit/605.1.15 (KHTML, like Gecko) Version/13.1.1 Safari/605.1.15 (Applebot/0.1; +http://www.apple.com/go/applebot)"
18.215.241.53 - - [04/Aug/2021:23:36:28 +0000] "GET /tour-details.php?id=7 HTTP/1.1" 200 27891 "-" "Buck/2.2; (+https://app.hypefactors.com/media-monitoring/about.html)"
18.215.241.53 - - [04/Aug/2021:23:36:56 +0000] "GET /tour-details.php?id=44 HTTP/1.1" 200 29100 "-" "Buck/2.2; (+https://app.hypefactors.com/media-monitoring/about.html)"
66.249.66.223 - - [04/Aug/2021:23:37:08 +0000] "GET /mailunsi-VIII-competitive/cabo/rules-13632812a16830-1220f4b0d28b559-mccullough.shtml HTTP/1.1" 404 282 "-" "Mozilla/5.0 (Linux; Android 6.0.1; Nexus 5X Build/MMB29P) AppleWebKit/537.36 (KHTML, like Gecko) Chrome/92.0.4515.119 Mobile Safari/537.36 (compatible; Googlebot/2.1; +http://www.google.com/bot.html)"
18.215.241.53 - - [04/Aug/2021:23:37:22 +0000] "GET /packages.php?id=5 HTTP/1.1" 200 22688 "-" "Buck/2.2; (+https://app.hypefactors.com/media-monitoring/about.html)"
18.215.241.53 - - [04/Aug/2021:23:37:59 +0000] "GET /packages.php?id=11 HTTP/1.1" 200 38789 "-" "Buck/2.2; (+https://app.hypefactors.com/media-monitoring/about.html)"
157.55.39.160 - - [04/Aug/2021:23:38:02 +0000] "GET /galleryimg/4685943Varanasi-Tour.jpg HTTP/1.1" 200 1632020 "-" "Mozilla/5.0 (compatible; bingbot/2.0; +http://www.bing.com/bingbot.htm)"
18.215.241.53 - - [04/Aug/2021:23:38:43 +0000] "GET /tour-details.php?id=6 HTTP/1.1" 200 30447 "-" "Buck/2.2; (+https://app.hypefactors.com/media-monitoring/about.html)"
18.215.241.53 - - [04/Aug/2021:23:39:08 +0000] "GET /tour-details.php?id=8 HTTP/1.1" 200 29944 "-" "Buck/2.2; (+https://app.hypefactors.com/media-monitoring/about.html)"
18.215.241.53 - - [04/Aug/2021:23:39:32 +0000] "GET /tour-details.php?id=9 HTTP/1.1" 200 29987 "-" "Buck/2.2; (+https://app.hypefactors.com/media-monitoring/about.html)"
18.215.241.53 - - [04/Aug/2021:23:40:13 +0000] "GET /tour-details.php?id=29 HTTP/1.1" 200 25356 "-" "Buck/2.2; (+https://app.hypefactors.com/media-monitoring/about.html)"
54.36.149.29 - - [04/Aug/2021:23:40:20 +0000] "GET /packages.php?id=6 HTTP/1.1" 200 30268 "-" "Mozilla/5.0 (compatible; AhrefsBot/7.0; +http://ahrefs.com/robot/)"
18.215.241.53 - - [04/Aug/2021:23:40:56 +0000] "GET /tour-details.php?id=32 HTTP/1.1" 200 23476 "-" "Buck/2.2; (+https://app.hypefactors.com/media-monitoring/about.html)"
66.249.66.8 - - [04/Aug/2021:23:41:04 +0000] "GET /5days-trip-to-ladakh.html HTTP/1.1" 404 223 "-" "Mozilla/5.0 (compatible; Googlebot/2.1; +http://www.google.com/bot.html)"
18.215.241.53 - - [04/Aug/2021:23:41:25 +0000] "GET /tour-details.php?id=27 HTTP/1.1" 200 27471 "-" "Buck/2.2; (+https://app.hypefactors.com/media-monitoring/about.html)"
18.215.241.53 - - [04/Aug/2021:23:42:09 +0000] "GET /tour-details.php?id=52 HTTP/1.1" 200 25217 "-" "Buck/2.2; (+https://app.hypefactors.com/media-monitoring/about.html)"
18.215.241.53 - - [04/Aug/2021:23:42:42 +0000] "GET /tour-details.php?id=15 HTTP/1.1" 200 28042 "-" "Buck/2.2; (+https://app.hypefactors.com/media-monitoring/about.html)"
18.215.241.53 - - [04/Aug/2021:23:43:23 +0000] "GET /tour-details.php?id=21 HTTP/1.1" 200 28166 "-" "Buck/2.2; (+https://app.hypefactors.com/media-monitoring/about.html)"
157.55.39.28 - - [04/Aug/2021:23:43:24 +0000] "GET /galleryimg/8389994South%20India%20Tour.jpg HTTP/1.1" 404 236 "-" "Mozilla/5.0 (compatible; bingbot/2.0; +http://www.bing.com/bingbot.htm)"
18.215.241.53 - - [04/Aug/2021:23:43:50 +0000] "GET /tour-details.php?id=30 HTTP/1.1" 200 29562 "-" "Buck/2.2; (+https://app.hypefactors.com/media-monitoring/about.html)"
18.215.241.53 - - [04/Aug/2021:23:44:14 +0000] "GET /tour-details.php?id=28 HTTP/1.1" 200 22857 "-" "Buck/2.2; (+https://app.hypefactors.com/media-monitoring/about.html)"
216.244.66.231 - - [04/Aug/2021:23:44:33 +0000] "GET /place-details.php?id=15 HTTP/1.1" 200 17350 "-" "Mozilla/5.0 (compatible; DotBot/1.2; +https://opensiteexplorer.org/dotbot; help@moz.com)"
18.215.241.53 - - [04/Aug/2021:23:44:40 +0000] "GET /tour-details.php?id=31 HTTP/1.1" 200 22917 "-" "Buck/2.2; (+https://app.hypefactors.com/media-monitoring/about.html)"
18.215.241.53 - - [04/Aug/2021:23:45:04 +0000] "GET /tour-details.php?id=11 HTTP/1.1" 200 25836 "-" "Buck/2.2; (+https://app.hypefactors.com/media-monitoring/about.html)"
54.36.148.189 - - [04/Aug/2021:23:45:19 +0000] "GET /tour-details.php?id=3 HTTP/1.1" 200 29772 "-" "Mozilla/5.0 (compatible; AhrefsBot/7.0; +http://ahrefs.com/robot/)"
18.215.241.53 - - [04/Aug/2021:23:45:50 +0000] "GET /tour-details.php?id=43 HTTP/1.1" 200 22990 "-" "Buck/2.2; (+https://app.hypefactors.com/media-monitoring/about.html)"
94.230.208.148 - - [04/Aug/2021:23:46:04 +0000] "GET /booking-sight-seeing.php HTTP/1.1" 200 19374 "https://naraintoursindia.com/booking-sight-seeing.php" "Mozilla/5.0 (Windows NT 6.3; WOW64) AppleWebKit/537.36 (KHTML, like Gecko) Chrome/35.0.1916.153 Safari/537.36"
18.215.241.53 - - [04/Aug/2021:23:46:25 +0000] "GET /tour-details.php?id=12 HTTP/1.1" 200 23028 "-" "Buck/2.2; (+https://app.hypefactors.com/media-monitoring/about.html)"
18.215.241.53 - - [04/Aug/2021:23:46:59 +0000] "GET /tour-details.php?id=25 HTTP/1.1" 200 30040 "-" "Buck/2.2; (+https://app.hypefactors.com/media-monitoring/about.html)"
54.36.148.235 - - [04/Aug/2021:23:50:23 +0000] "GET /tour-details.php?id=4 HTTP/1.1" 200 29574 "-" "Mozilla/5.0 (compatible; AhrefsBot/7.0; +http://ahrefs.com/robot/)"
199.249.230.74 - - [04/Aug/2021:23:51:05 +0000] "GET /booking-sight-seeing.php HTTP/1.1" 200 19374 "https://naraintoursindia.com/booking-sight-seeing.php" "Mozilla/5.0 (Windows NT 6.1; WOW64; rv:31.0) Gecko/20100101 Firefox/31.0"
185.217.0.145 - - [04/Aug/2021:23:51:54 +0000] "GET / HTTP/1.1" 200 53222 "-" "curl/7.54.0"
185.217.0.145 - - [04/Aug/2021:23:51:55 +0000] "GET /mail/send.php HTTP/1.1" 404 211 "-" "curl/7.54.0"
54.36.148.174 - - [04/Aug/2021:23:55:13 +0000] "GET /tour-details.php?id=16 HTTP/1.1" 200 36716 "-" "Mozilla/5.0 (compatible; AhrefsBot/7.0; +http://ahrefs.com/robot/)"
54.36.149.87 - - [04/Aug/2021:23:59:56 +0000] "GET /packages.php?id=10 HTTP/1.1" 200 24406 "-" "Mozilla/5.0 (compatible; AhrefsBot/7.0; +http://ahrefs.com/robot/)"
66.249.66.18 - - [05/Aug/2021:00:00:47 +0000] "GET /india-tours/kerala-tour-package.html?_escaped_fragment_= HTTP/1.1" 404 234 "-" "Mozilla/5.0 (compatible; Googlebot/2.1; +http://www.google.com/bot.html)"
54.36.149.88 - - [05/Aug/2021:00:04:44 +0000] "GET /packages.php?id=8 HTTP/1.1" 200 24658 "-" "Mozilla/5.0 (compatible; AhrefsBot/7.0; +http://ahrefs.com/robot/)"
66.249.66.221 - - [05/Aug/2021:00:08:40 +0000] "GET /mailunsi-VIII-competitive/cabo/rules-13bee1f91a8430-23c7cf0670de89-mccullough.shtml HTTP/1.1" 404 281 "-" "Mozilla/5.0 (Linux; Android 6.0.1; Nexus 5X Build/MMB29P) AppleWebKit/537.36 (KHTML, like Gecko) Chrome/92.0.4515.119 Mobile Safari/537.36 (compatible; Googlebot/2.1; +http://www.google.com/bot.html)"
54.36.149.30 - - [05/Aug/2021:00:09:26 +0000] "GET /packages.php?id=9 HTTP/1.1" 200 24595 "-" "Mozilla/5.0 (compatible; AhrefsBot/7.0; +http://ahrefs.com/robot/)"
66.249.66.8 - - [05/Aug/2021:00:12:37 +0000] "GET /5days-trip-to-ladakh.html HTTP/1.1" 404 223 "-" "Mozilla/5.0 (Linux; Android 6.0.1; Nexus 5X Build/MMB29P) AppleWebKit/537.36 (KHTML, like Gecko) Chrome/92.0.4515.119 Mobile Safari/537.36 (compatible; Googlebot/2.1; +http://www.google.com/bot.html)"
216.244.66.231 - - [05/Aug/2021:00:17:24 +0000] "GET /robots.txt HTTP/1.1" 404 208 "-" "Mozilla/5.0 (compatible; DotBot/1.2; +https://opensiteexplorer.org/dotbot; help@moz.com)"
216.244.66.231 - - [05/Aug/2021:00:17:24 +0000] "GET /robots.txt HTTP/1.1" 404 208 "-" "Mozilla/5.0 (compatible; DotBot/1.2; +https://opensiteexplorer.org/dotbot; help@moz.com)"
77.75.78.163 - - [05/Aug/2021:00:18:01 +0000] "GET /robots.txt HTTP/1.1" 404 208 "-" "Mozilla/5.0 (compatible; SeznamBot/3.2; +http://napoveda.seznam.cz/en/seznambot-intro/)"
77.75.78.163 - - [05/Aug/2021:00:18:03 +0000] "GET /galleryimg/8043229Manali%201.jpg HTTP/1.1" 200 294443 "-" "Mozilla/5.0 (compatible; SeznamBot/3.2; +http://napoveda.seznam.cz/en/seznambot-intro/)"
51.15.235.211 - - [05/Aug/2021:00:18:41 +0000] "GET /booking-sight-seeing.php HTTP/1.1" 200 19374 "https://naraintoursindia.com/booking-sight-seeing.php" "Mozilla/5.0 (compatible; MSIE 9.0; Windows NT 6.1; WOW64; Trident/5.0)"
185.191.171.26 - - [05/Aug/2021:00:22:57 +0000] "GET /robots.txt HTTP/1.1" 404 208 "-" "Mozilla/5.0 (compatible; SemrushBot/7~bl; +http://www.semrush.com/bot.html)"
185.191.171.39 - - [05/Aug/2021:00:22:58 +0000] "GET /booking.php?tourname=Manali%20Weekend%20Tour HTTP/1.1" 200 18339 "-" "Mozilla/5.0 (compatible; SemrushBot/7~bl; +http://www.semrush.com/bot.html)"
66.249.66.16 - - [05/Aug/2021:00:24:26 +0000] "GET /kerala-ayurveda-tour.html?_escaped_fragment_= HTTP/1.1" 404 223 "-" "Mozilla/5.0 (compatible; Googlebot/2.1; +http://www.google.com/bot.html)"
216.244.66.231 - - [05/Aug/2021:00:24:46 +0000] "GET /india-tours/booking-tour-package.php HTTP/1.1" 404 234 "-" "Mozilla/5.0 (compatible; DotBot/1.2; +https://opensiteexplorer.org/dotbot; help@moz.com)"
185.191.171.8 - - [05/Aug/2021:00:24:57 +0000] "GET /booking.php?tourname=Chardham%20Yatra HTTP/1.1" 200 18339 "-" "Mozilla/5.0 (compatible; SemrushBot/7~bl; +http://www.semrush.com/bot.html)"
216.244.66.231 - - [05/Aug/2021:00:25:00 +0000] "GET /packages/india-tours/tour-details.php?id=29 HTTP/1.1" 404 235 "-" "Mozilla/5.0 (compatible; DotBot/1.2; +https://opensiteexplorer.org/dotbot; help@moz.com)"
216.244.66.231 - - [05/Aug/2021:00:25:27 +0000] "GET /booking.php?tourname=Kerala%20Backwater%20Tour%20Package HTTP/1.1" 200 18339 "-" "Mozilla/5.0 (compatible; DotBot/1.2; +https://opensiteexplorer.org/dotbot; help@moz.com)"
216.244.66.231 - - [05/Aug/2021:00:25:31 +0000] "GET /images/tips1.png HTTP/1.1" 200 638 "-" "Mozilla/5.0 (compatible; DotBot/1.2; +https://opensiteexplorer.org/dotbot; help@moz.com)"
207.46.13.139 - - [05/Aug/2021:00:26:43 +0000] "GET /galleryimg/9800423tiger_20120903.jpg HTTP/1.1" 200 92948 "-" "Mozilla/5.0 (compatible; bingbot/2.0; +http://www.bing.com/bingbot.htm)"
216.244.66.231 - - [05/Aug/2021:00:29:06 +0000] "GET /booking.php?tourname=Delhi%20Manali%20Volvo%20Tour HTTP/1.1" 200 18339 "-" "Mozilla/5.0 (compatible; DotBot/1.2; +https://opensiteexplorer.org/dotbot; help@moz.com)"
157.55.39.160 - - [05/Aug/2021:00:30:07 +0000] "GET /galleryimg/8519235Trip%20to%20Ladakh.jpg HTTP/1.1" 404 234 "-" "Mozilla/5.0 (compatible; bingbot/2.0; +http://www.bing.com/bingbot.htm)"
54.36.149.99 - - [05/Aug/2021:00:34:12 +0000] "GET /india-tours/golden-triangle-tour-packages.html HTTP/1.1" 404 244 "-" "Mozilla/5.0 (compatible; AhrefsBot/7.0; +http://ahrefs.com/robot/)"
66.249.66.18 - - [05/Aug/2021:00:36:15 +0000] "GET /tour-details.php?id=3&_escaped_fragment_= HTTP/1.1" 200 29772 "-" "Mozilla/5.0 (compatible; Googlebot/2.1; +http://www.google.com/bot.html)"
92.255.198.132 - - [05/Aug/2021:00:36:20 +0000] "GET /thank-you.php HTTP/1.0" 404 211 "http://naraintoursindia.com/thank-you.php" "Mozilla/5.0 (Windows NT 6.1) AppleWebKit/537.36 (KHTML, like Gecko) Chrome/90.0.4430.85 Safari/537.36"
92.255.198.132 - - [05/Aug/2021:00:36:20 +0000] "GET / HTTP/1.0" 200 53222 "http://naraintoursindia.com/" "Mozilla/5.0 (Windows NT 6.1) AppleWebKit/537.36 (KHTML, like Gecko) Chrome/90.0.4430.85 Safari/537.36"
92.255.198.132 - - [05/Aug/2021:00:36:21 +0000] "POST /mail/send.php HTTP/1.0" 404 211 "http://naraintoursindia.com/" "Mozilla/5.0 (Windows NT 6.1) AppleWebKit/537.36 (KHTML, like Gecko) Chrome/90.0.4430.85 Safari/537.36"
92.255.198.132 - - [05/Aug/2021:00:36:22 +0000] "GET / HTTP/1.0" 200 53222 "http://naraintoursindia.com/" "Mozilla/5.0 (Windows NT 6.1) AppleWebKit/537.36 (KHTML, like Gecko) Chrome/90.0.4430.85 Safari/537.36"
54.36.148.1 - - [05/Aug/2021:00:38:52 +0000] "GET /tour-details.php?id=13 HTTP/1.1" 200 23257 "-" "Mozilla/5.0 (compatible; AhrefsBot/7.0; +http://ahrefs.com/robot/)"
185.191.171.41 - - [05/Aug/2021:00:42:03 +0000] "GET /tour-details.php?id=1 HTTP/1.1" 200 29963 "-" "Mozilla/5.0 (compatible; SemrushBot/7~bl; +http://www.semrush.com/bot.html)"
157.55.39.75 - - [05/Aug/2021:00:43:05 +0000] "GET / HTTP/1.1" 200 53222 "-" "Mozilla/5.0 (compatible; bingbot/2.0; +http://www.bing.com/bingbot.htm)"
54.36.148.153 - - [05/Aug/2021:00:43:57 +0000] "GET /tour-details.php?id=17 HTTP/1.1" 200 25505 "-" "Mozilla/5.0 (compatible; AhrefsBot/7.0; +http://ahrefs.com/robot/)"
185.220.101.141 - - [05/Aug/2021:00:44:57 +0000] "GET /india-tours/rajasthan-tour-packages.html HTTP/1.1" 404 238 "http://www.naraintoursindia.com/india-tours/rajasthan-tour-packages.html" "Mozilla/5.0 (Windows NT 6.1) AppleWebKit/537.36 (KHTML, like Gecko) Chrome/36.0.1985.143 Safari/537.36"
185.217.0.145 - - [05/Aug/2021:00:48:53 +0000] "GET / HTTP/1.1" 200 53222 "-" "curl/7.54.0"
185.217.0.145 - - [05/Aug/2021:00:48:53 +0000] "GET /mail/send.php HTTP/1.1" 404 211 "-" "curl/7.54.0"
54.36.148.148 - - [05/Aug/2021:00:49:05 +0000] "GET /tour-details.php?id=18 HTTP/1.1" 200 22846 "-" "Mozilla/5.0 (compatible; AhrefsBot/7.0; +http://ahrefs.com/robot/)"
66.249.66.16 - - [05/Aug/2021:00:51:10 +0000] "GET /mailunsi-VIII-competitive/cabo/headstock-130c406a7b6e22-754d882ccf3954-mccullough.shtml HTTP/1.1" 404 285 "-" "Mozilla/5.0 (Linux; Android 6.0.1; Nexus 5X Build/MMB29P) AppleWebKit/537.36 (KHTML, like Gecko) Chrome/92.0.4515.119 Mobile Safari/537.36 (compatible; Googlebot/2.1; +http://www.google.com/bot.html)"
44.192.18.47 - - [05/Aug/2021:00:51:39 +0000] "GET /packages.php?id=12'A=0&_escaped_fragment_= HTTP/1.1" 200 25 "https://naraintoursindia.com/packages.php?id=12'A=0&_escaped_fragment_=" "Mozilla/5.0 (Windows; U; Windows NT 5.1; pt-PT; rv:1.9.1.2) Gecko/20090729 Firefox/3.5.2 (.NET CLR 3.5.30729)"
44.192.18.47 - - [05/Aug/2021:00:51:45 +0000] "GET /packages.php?id=12&_escaped_fragment_='A=0 HTTP/1.1" 200 37265 "https://naraintoursindia.com/packages.php?id=12&_escaped_fragment_='A=0" "Mozilla/5.0 (Windows; U; Windows NT 5.1; pt-PT; rv:1.9.1.2) Gecko/20090729 Firefox/3.5.2 (.NET CLR 3.5.30729)"
66.249.66.192 - - [05/Aug/2021:00:52:02 +0000] "GET /mailunsi-VIII-competitive/cabo/rules-13a993092a1730-21205e632230a45-mccullough.shtml HTTP/1.1" 404 282 "-" "Mozilla/5.0 (Linux; Android 6.0.1; Nexus 5X Build/MMB29P) AppleWebKit/537.36 (KHTML, like Gecko) Chrome/92.0.4515.119 Mobile Safari/537.36 (compatible; Googlebot/2.1; +http://www.google.com/bot.html)"
185.217.0.145 - - [05/Aug/2021:00:53:00 +0000] "GET / HTTP/1.1" 200 53222 "-" "curl/7.54.0"
185.217.0.145 - - [05/Aug/2021:00:53:00 +0000] "GET /mail/send.php HTTP/1.1" 404 211 "-" "curl/7.54.0"
54.36.148.180 - - [05/Aug/2021:00:54:23 +0000] "GET /tour-details.php?id=19 HTTP/1.1" 200 25013 "-" "Mozilla/5.0 (compatible; AhrefsBot/7.0; +http://ahrefs.com/robot/)"
66.249.66.20 - - [05/Aug/2021:00:55:58 +0000] "GET /group-tours.php?_escaped_fragment_= HTTP/1.1" 200 22985 "-" "Mozilla/5.0 (compatible; Googlebot/2.1; +http://www.google.com/bot.html)"
66.249.66.20 - - [05/Aug/2021:00:56:00 +0000] "GET /group-tours.php HTTP/1.1" 200 22985 "-" "Mozilla/5.0 AppleWebKit/537.36 (KHTML, like Gecko; compatible; Googlebot/2.1; +http://www.google.com/bot.html) Chrome/91.0.4472.90 Safari/537.36"
66.249.66.16 - - [05/Aug/2021:00:56:01 +0000] "GET /css/style.css HTTP/1.1" 200 178421 "http://www.naraintoursindia.com/group-tours.php" "Mozilla/5.0 AppleWebKit/537.36 (KHTML, like Gecko; compatible; Googlebot/2.1; +http://www.google.com/bot.html) Chrome/91.0.4472.90 Safari/537.36"
66.249.66.18 - - [05/Aug/2021:00:56:03 +0000] "GET /gen_validatorv4.js HTTP/1.1" 404 216 "http://www.naraintoursindia.com/group-tours.php" "Mozilla/5.0 AppleWebKit/537.36 (KHTML, like Gecko; compatible; Googlebot/2.1; +http://www.google.com/bot.html) Chrome/91.0.4472.90 Safari/537.36"
66.249.66.16 - - [05/Aug/2021:00:56:03 +0000] "GET /js/wow.min.js HTTP/1.1" 200 4232 "http://www.naraintoursindia.com/group-tours.php" "Mozilla/5.0 AppleWebKit/537.36 (KHTML, like Gecko; compatible; Googlebot/2.1; +http://www.google.com/bot.html) Chrome/91.0.4472.90 Safari/537.36"
66.249.66.18 - - [05/Aug/2021:00:56:05 +0000] "GET /js/bootstrap.js HTTP/1.1" 200 47030 "http://www.naraintoursindia.com/group-tours.php" "Mozilla/5.0 AppleWebKit/537.36 (KHTML, like Gecko; compatible; Googlebot/2.1; +http://www.google.com/bot.html) Chrome/91.0.4472.90 Safari/537.36"
185.191.171.36 - - [05/Aug/2021:00:56:44 +0000] "GET /robots.txt HTTP/1.1" 404 208 "-" "Mozilla/5.0 (compatible; SemrushBot/7~bl; +http://www.semrush.com/bot.html)"
185.191.171.10 - - [05/Aug/2021:00:56:45 +0000] "GET /place-details.php?id=101 HTTP/1.1" 200 17010 "-" "Mozilla/5.0 (compatible; SemrushBot/7~bl; +http://www.semrush.com/bot.html)"
66.249.66.221 - - [05/Aug/2021:00:59:11 +0000] "GET /delhi-corbett-weekend-tour-package.html?_escaped_fragment_= HTTP/1.1" 404 237 "-" "Mozilla/5.0 (Linux; Android 6.0.1; Nexus 5X Build/MMB29P) AppleWebKit/537.36 (KHTML, like Gecko) Chrome/92.0.4515.119 Mobile Safari/537.36 (compatible; Googlebot/2.1; +http://www.google.com/bot.html)"
54.36.148.75 - - [05/Aug/2021:00:59:30 +0000] "GET /tour-details.php?id=2 HTTP/1.1" 200 22851 "-" "Mozilla/5.0 (compatible; AhrefsBot/7.0; +http://ahrefs.com/robot/)"
66.249.66.16 - - [05/Aug/2021:01:01:54 +0000] "GET /booking.php?tourname=Kerala%20with%20Golden%20Triangle%20GroupTour HTTP/1.1" 200 18339 "-" "Mozilla/5.0 (compatible; Googlebot/2.1; +http://www.google.com/bot.html)"
66.249.66.16 - - [05/Aug/2021:01:02:26 +0000] "GET /booking.php?tourname=Golden%20Triangle%20with%20Pushkar%20Group%20Tour HTTP/1.1" 200 18339 "-" "Mozilla/5.0 (compatible; Googlebot/2.1; +http://www.google.com/bot.html)"
66.249.66.18 - - [05/Aug/2021:01:02:28 +0000] "GET /css/animate.css HTTP/1.1" 200 77818 "http://www.naraintoursindia.com/booking.php?tourname=Golden%20Triangle%20with%20Pushkar%20Group%20Tour" "Mozilla/5.0 AppleWebKit/537.36 (KHTML, like Gecko; compatible; Googlebot/2.1; +http://www.google.com/bot.html) Chrome/91.0.4472.90 Safari/537.36"
66.249.66.16 - - [05/Aug/2021:01:03:09 +0000] "GET /booking.php?tourname=Golden%20Triangle%20Tour%20with%20Ranthambore%20National%20Park HTTP/1.1" 200 18339 "-" "Mozilla/5.0 (compatible; Googlebot/2.1; +http://www.google.com/bot.html)"
54.36.149.45 - - [05/Aug/2021:01:04:22 +0000] "GET /tour-details.php?id=42 HTTP/1.1" 200 22811 "-" "Mozilla/5.0 (compatible; AhrefsBot/7.0; +http://ahrefs.com/robot/)"
66.249.66.8 - - [05/Aug/2021:01:07:11 +0000] "GET /ladakh-bike-tour.html HTTP/1.1" 404 219 "-" "Mozilla/5.0 (Linux; Android 6.0.1; Nexus 5X Build/MMB29P) AppleWebKit/537.36 (KHTML, like Gecko) Chrome/92.0.4515.119 Mobile Safari/537.36 (compatible; Googlebot/2.1; +http://www.google.com/bot.html)"
207.46.13.190 - - [05/Aug/2021:01:07:12 +0000] "GET /galleryimg/2097694JIM-CORBETT-TOUR.jpg HTTP/1.1" 404 236 "-" "Mozilla/5.0 (compatible; bingbot/2.0; +http://www.bing.com/bingbot.htm)"
77.75.77.32 - - [05/Aug/2021:01:08:15 +0000] "GET /robots.txt HTTP/1.1" 404 208 "-" "Mozilla/5.0 (compatible; SeznamBot/3.2; +http://napoveda.seznam.cz/en/seznambot-intro/)"
77.75.77.32 - - [05/Aug/2021:01:08:17 +0000] "GET /kerala-india-tour.html HTTP/1.1" 404 220 "-" "Mozilla/5.0 (compatible; SeznamBot/3.2; +http://napoveda.seznam.cz/en/seznambot-intro/)"
54.36.148.233 - - [05/Aug/2021:01:09:06 +0000] "GET /tour-details.php?id=46 HTTP/1.1" 200 25675 "-" "Mozilla/5.0 (compatible; AhrefsBot/7.0; +http://ahrefs.com/robot/)"
216.244.66.231 - - [05/Aug/2021:01:09:46 +0000] "GET /robots.txt HTTP/1.1" 404 208 "-" "Mozilla/5.0 (compatible; DotBot/1.2; +https://opensiteexplorer.org/dotbot; help@moz.com)"
216.244.66.231 - - [05/Aug/2021:01:09:46 +0000] "GET /robots.txt HTTP/1.1" 404 208 "-" "Mozilla/5.0 (compatible; DotBot/1.2; +https://opensiteexplorer.org/dotbot; help@moz.com)"
54.36.148.199 - - [05/Aug/2021:01:13:51 +0000] "GET /tour-details.php?id=48 HTTP/1.1" 200 26198 "-" "Mozilla/5.0 (compatible; AhrefsBot/7.0; +http://ahrefs.com/robot/)"
66.249.66.192 - - [05/Aug/2021:01:15:41 +0000] "GET /mailunsi-VIII-competitive/cabo/rules-13d667d9c26830-12e6bc9a8a5609-mccullough.shtml HTTP/1.1" 404 281 "-" "Mozilla/5.0 (Linux; Android 6.0.1; Nexus 5X Build/MMB29P) AppleWebKit/537.36 (KHTML, like Gecko) Chrome/92.0.4515.119 Mobile Safari/537.36 (compatible; Googlebot/2.1; +http://www.google.com/bot.html)"
216.244.66.231 - - [05/Aug/2021:01:17:20 +0000] "GET /packages/india-tours/tour-details.php?id=45 HTTP/1.1" 404 235 "-" "Mozilla/5.0 (compatible; DotBot/1.2; +https://opensiteexplorer.org/dotbot; help@moz.com)"
216.244.66.231 - - [05/Aug/2021:01:17:50 +0000] "GET /tour-details.php?id=18 HTTP/1.1" 200 22846 "-" "Mozilla/5.0 (compatible; DotBot/1.2; +https://opensiteexplorer.org/dotbot; help@moz.com)"
54.36.148.184 - - [05/Aug/2021:01:18:34 +0000] "GET /tour-details.php?id=49 HTTP/1.1" 200 23928 "-" "Mozilla/5.0 (compatible; AhrefsBot/7.0; +http://ahrefs.com/robot/)"
157.55.39.75 - - [05/Aug/2021:01:21:49 +0000] "GET /galleryimg/4081676ladakh3.jpg HTTP/1.1" 404 227 "-" "Mozilla/5.0 (compatible; bingbot/2.0; +http://www.bing.com/bingbot.htm)"
108.161.133.219 - - [05/Aug/2021:01:21:51 +0000] "GET / HTTP/1.0" 200 53222 "-" "Mozilla/5.0 (Windows NT 10.0; Win64; x64) AppleWebKit/537.36 (KHTML, like Gecko) Chrome/71.0.3578.98 Safari/537.36"
66.249.66.10 - - [05/Aug/2021:01:23:11 +0000] "GET /agra-tour.html HTTP/1.1" 404 212 "-" "Mozilla/5.0 (Linux; Android 6.0.1; Nexus 5X Build/MMB29P) AppleWebKit/537.36 (KHTML, like Gecko) Chrome/92.0.4515.119 Mobile Safari/537.36 (compatible; Googlebot/2.1; +http://www.google.com/bot.html)"
54.36.148.116 - - [05/Aug/2021:01:23:41 +0000] "GET /tour-details.php?id=5 HTTP/1.1" 200 24087 "-" "Mozilla/5.0 (compatible; AhrefsBot/7.0; +http://ahrefs.com/robot/)"
35.84.20.178 - - [05/Aug/2021:01:27:30 +0000] "GET / HTTP/1.1" 200 53222 "-" "Mozilla/5.0 (Macintosh; Intel Mac OS X 10_13_6) AppleWebKit/537.36 (KHTML, like Gecko) Chrome/74.0.3694.0 Safari/537.36 Chrome-Lighthouse"
35.84.20.178 - - [05/Aug/2021:01:27:30 +0000] "GET /css/font-awesome.min.css HTTP/1.1" 200 31024 "http://naraintoursindia.com/" "Mozilla/5.0 (Macintosh; Intel Mac OS X 10_13_6) AppleWebKit/537.36 (KHTML, like Gecko) Chrome/74.0.3694.0 Safari/537.36 Chrome-Lighthouse"
35.84.20.178 - - [05/Aug/2021:01:27:30 +0000] "GET /css/mob.css HTTP/1.1" 200 18323 "http://naraintoursindia.com/" "Mozilla/5.0 (Macintosh; Intel Mac OS X 10_13_6) AppleWebKit/537.36 (KHTML, like Gecko) Chrome/74.0.3694.0 Safari/537.36 Chrome-Lighthouse"
35.84.20.178 - - [05/Aug/2021:01:27:30 +0000] "GET /css/animate.css HTTP/1.1" 200 77818 "http://naraintoursindia.com/" "Mozilla/5.0 (Macintosh; Intel Mac OS X 10_13_6) AppleWebKit/537.36 (KHTML, like Gecko) Chrome/74.0.3694.0 Safari/537.36 Chrome-Lighthouse"
35.84.20.178 - - [05/Aug/2021:01:27:30 +0000] "GET /gen_validatorv31.js HTTP/1.1" 200 18847 "http://naraintoursindia.com/" "Mozilla/5.0 (Macintosh; Intel Mac OS X 10_13_6) AppleWebKit/537.36 (KHTML, like Gecko) Chrome/74.0.3694.0 Safari/537.36 Chrome-Lighthouse"
35.84.20.178 - - [05/Aug/2021:01:27:30 +0000] "GET /css/style.css HTTP/1.1" 200 178421 "http://naraintoursindia.com/" "Mozilla/5.0 (Macintosh; Intel Mac OS X 10_13_6) AppleWebKit/537.36 (KHTML, like Gecko) Chrome/74.0.3694.0 Safari/537.36 Chrome-Lighthouse"
35.84.20.178 - - [05/Aug/2021:01:27:30 +0000] "GET /css/bootstrap.css HTTP/1.1" 200 152814 "http://naraintoursindia.com/" "Mozilla/5.0 (Macintosh; Intel Mac OS X 10_13_6) AppleWebKit/537.36 (KHTML, like Gecko) Chrome/74.0.3694.0 Safari/537.36 Chrome-Lighthouse"
35.84.20.178 - - [05/Aug/2021:01:27:30 +0000] "GET /css/materialize.css HTTP/1.1" 200 169755 "http://naraintoursindia.com/" "Mozilla/5.0 (Macintosh; Intel Mac OS X 10_13_6) AppleWebKit/537.36 (KHTML, like Gecko) Chrome/74.0.3694.0 Safari/537.36 Chrome-Lighthouse"
35.84.20.178 - - [05/Aug/2021:01:27:31 +0000] "GET /gen_validatorv4.js HTTP/1.1" 404 216 "http://naraintoursindia.com/" "Mozilla/5.0 (Macintosh; Intel Mac OS X 10_13_6) AppleWebKit/537.36 (KHTML, like Gecko) Chrome/74.0.3694.0 Safari/537.36 Chrome-Lighthouse"
35.84.20.178 - - [05/Aug/2021:01:27:31 +0000] "GET /images/logo.png HTTP/1.1" 200 16779 "http://naraintoursindia.com/" "Mozilla/5.0 (Macintosh; Intel Mac OS X 10_13_6) AppleWebKit/537.36 (KHTML, like Gecko) Chrome/74.0.3694.0 Safari/537.36 Chrome-Lighthouse"
35.84.20.178 - - [05/Aug/2021:01:27:31 +0000] "GET /images/icon/2.png HTTP/1.1" 200 2480 "http://naraintoursindia.com/" "Mozilla/5.0 (Macintosh; Intel Mac OS X 10_13_6) AppleWebKit/537.36 (KHTML, like Gecko) Chrome/74.0.3694.0 Safari/537.36 Chrome-Lighthouse"
35.84.20.178 - - [05/Aug/2021:01:27:31 +0000] "GET /js/jquery-latest.min.js HTTP/1.1" 200 86351 "http://naraintoursindia.com/" "Mozilla/5.0 (Macintosh; Intel Mac OS X 10_13_6) AppleWebKit/537.36 (KHTML, like Gecko) Chrome/74.0.3694.0 Safari/537.36 Chrome-Lighthouse"
35.84.20.178 - - [05/Aug/2021:01:27:31 +0000] "GET /js/bootstrap.js HTTP/1.1" 200 47030 "http://naraintoursindia.com/" "Mozilla/5.0 (Macintosh; Intel Mac OS X 10_13_6) AppleWebKit/537.36 (KHTML, like Gecko) Chrome/74.0.3694.0 Safari/537.36 Chrome-Lighthouse"
35.84.20.178 - - [05/Aug/2021:01:27:31 +0000] "GET /js/wow.min.js HTTP/1.1" 200 4232 "http://naraintoursindia.com/" "Mozilla/5.0 (Macintosh; Intel Mac OS X 10_13_6) AppleWebKit/537.36 (KHTML, like Gecko) Chrome/74.0.3694.0 Safari/537.36 Chrome-Lighthouse"
35.84.20.178 - - [05/Aug/2021:01:27:31 +0000] "GET /js/materialize.min.js HTTP/1.1" 200 148768 "http://naraintoursindia.com/" "Mozilla/5.0 (Macintosh; Intel Mac OS X 10_13_6) AppleWebKit/537.36 (KHTML, like Gecko) Chrome/74.0.3694.0 Safari/537.36 Chrome-Lighthouse"
35.84.20.178 - - [05/Aug/2021:01:27:31 +0000] "GET /js/custom.js HTTP/1.1" 200 7402 "http://naraintoursindia.com/" "Mozilla/5.0 (Macintosh; Intel Mac OS X 10_13_6) AppleWebKit/537.36 (KHTML, like Gecko) Chrome/74.0.3694.0 Safari/537.36 Chrome-Lighthouse"
35.84.20.178 - - [05/Aug/2021:01:27:31 +0000] "GET /images/icon/a14.png HTTP/1.1" 200 6256 "http://naraintoursindia.com/" "Mozilla/5.0 (Macintosh; Intel Mac OS X 10_13_6) AppleWebKit/537.36 (KHTML, like Gecko) Chrome/74.0.3694.0 Safari/537.36 Chrome-Lighthouse"
35.84.20.178 - - [05/Aug/2021:01:27:31 +0000] "GET /gen_validatorv4.js HTTP/1.1" 404 216 "http://naraintoursindia.com/" "Mozilla/5.0 (Macintosh; Intel Mac OS X 10_13_6) AppleWebKit/537.36 (KHTML, like Gecko) Chrome/74.0.3694.0 Safari/537.36 Chrome-Lighthouse"
35.84.20.178 - - [05/Aug/2021:01:27:31 +0000] "GET /images/icon/30.png HTTP/1.1" 200 1543 "http://naraintoursindia.com/" "Mozilla/5.0 (Macintosh; Intel Mac OS X 10_13_6) AppleWebKit/537.36 (KHTML, like Gecko) Chrome/74.0.3694.0 Safari/537.36 Chrome-Lighthouse"
35.84.20.178 - - [05/Aug/2021:01:27:31 +0000] "GET /images/icon/1.png HTTP/1.1" 200 1081 "http://naraintoursindia.com/" "Mozilla/5.0 (Macintosh; Intel Mac OS X 10_13_6) AppleWebKit/537.36 (KHTML, like Gecko) Chrome/74.0.3694.0 Safari/537.36 Chrome-Lighthouse"
35.84.20.178 - - [05/Aug/2021:01:27:31 +0000] "GET /galleryimg/a89618eeb681873ece612eeb1552b65c.jpg HTTP/1.1" 200 38983 "http://naraintoursindia.com/" "Mozilla/5.0 (Macintosh; Intel Mac OS X 10_13_6) AppleWebKit/537.36 (KHTML, like Gecko) Chrome/74.0.3694.0 Safari/537.36 Chrome-Lighthouse"
35.84.20.178 - - [05/Aug/2021:01:27:31 +0000] "GET /images/clock.png HTTP/1.1" 200 439 "http://naraintoursindia.com/" "Mozilla/5.0 (Macintosh; Intel Mac OS X 10_13_6) AppleWebKit/537.36 (KHTML, like Gecko) Chrome/74.0.3694.0 Safari/537.36 Chrome-Lighthouse"
35.84.20.178 - - [05/Aug/2021:01:27:31 +0000] "GET /images/info.png HTTP/1.1" 200 485 "http://naraintoursindia.com/" "Mozilla/5.0 (Macintosh; Intel Mac OS X 10_13_6) AppleWebKit/537.36 (KHTML, like Gecko) Chrome/74.0.3694.0 Safari/537.36 Chrome-Lighthouse"
35.84.20.178 - - [05/Aug/2021:01:27:31 +0000] "GET /images/preloader.gif HTTP/1.1" 200 732649 "http://naraintoursindia.com/css/style.css" "Mozilla/5.0 (Macintosh; Intel Mac OS X 10_13_6) AppleWebKit/537.36 (KHTML, like Gecko) Chrome/74.0.3694.0 Safari/537.36 Chrome-Lighthouse"
35.84.20.178 - - [05/Aug/2021:01:27:32 +0000] "GET /fonts/fontawesome-webfont3e6e.woff2?v=4.7.0 HTTP/1.1" 200 77160 "http://naraintoursindia.com/css/font-awesome.min.css" "Mozilla/5.0 (Macintosh; Intel Mac OS X 10_13_6) AppleWebKit/537.36 (KHTML, like Gecko) Chrome/74.0.3694.0 Safari/537.36 Chrome-Lighthouse"
35.84.20.178 - - [05/Aug/2021:01:27:32 +0000] "GET /images/consul-bg-3.jpg HTTP/1.1" 200 447529 "http://naraintoursindia.com/css/style.css" "Mozilla/5.0 (Macintosh; Intel Mac OS X 10_13_6) AppleWebKit/537.36 (KHTML, like Gecko) Chrome/74.0.3694.0 Safari/537.36 Chrome-Lighthouse"
35.84.20.178 - - [05/Aug/2021:01:27:32 +0000] "GET /images/price.png HTTP/1.1" 200 467 "http://naraintoursindia.com/" "Mozilla/5.0 (Macintosh; Intel Mac OS X 10_13_6) AppleWebKit/537.36 (KHTML, like Gecko) Chrome/74.0.3694.0 Safari/537.36 Chrome-Lighthouse"
35.84.20.178 - - [05/Aug/2021:01:27:32 +0000] "GET /images/icon/search.png HTTP/1.1" 200 308 "http://naraintoursindia.com/css/style.css" "Mozilla/5.0 (Macintosh; Intel Mac OS X 10_13_6) AppleWebKit/537.36 (KHTML, like Gecko) Chrome/74.0.3694.0 Safari/537.36 Chrome-Lighthouse"
35.84.20.178 - - [05/Aug/2021:01:27:32 +0000] "GET /galleryimg/cceed2be3f32813918d0e484db5cd009.jpg HTTP/1.1" 200 36405 "http://naraintoursindia.com/" "Mozilla/5.0 (Macintosh; Intel Mac OS X 10_13_6) AppleWebKit/537.36 (KHTML, like Gecko) Chrome/74.0.3694.0 Safari/537.36 Chrome-Lighthouse"
35.84.20.178 - - [05/Aug/2021:01:27:32 +0000] "GET /galleryimg/d1879ecbc75cdd2a7ee14757255d15d6.jpg HTTP/1.1" 200 122063 "http://naraintoursindia.com/" "Mozilla/5.0 (Macintosh; Intel Mac OS X 10_13_6) AppleWebKit/537.36 (KHTML, like Gecko) Chrome/74.0.3694.0 Safari/537.36 Chrome-Lighthouse"
35.84.20.178 - - [05/Aug/2021:01:27:32 +0000] "GET /galleryimg/c2cfcc52c6747cf186e269988e68802f.jpg HTTP/1.1" 200 87077 "http://naraintoursindia.com/" "Mozilla/5.0 (Macintosh; Intel Mac OS X 10_13_6) AppleWebKit/537.36 (KHTML, like Gecko) Chrome/74.0.3694.0 Safari/537.36 Chrome-Lighthouse"
35.84.20.178 - - [05/Aug/2021:01:27:32 +0000] "GET /galleryimg/7ba593a01175ba4c4bbcb9dbb5347966.jpg HTTP/1.1" 200 85034 "http://naraintoursindia.com/" "Mozilla/5.0 (Macintosh; Intel Mac OS X 10_13_6) AppleWebKit/537.36 (KHTML, like Gecko) Chrome/74.0.3694.0 Safari/537.36 Chrome-Lighthouse"
35.84.20.178 - - [05/Aug/2021:01:27:32 +0000] "GET /galleryimg/17e6dc7a2fb6a42fe8d2f89a87afb4ee.jpg HTTP/1.1" 200 44658 "http://naraintoursindia.com/" "Mozilla/5.0 (Macintosh; Intel Mac OS X 10_13_6) AppleWebKit/537.36 (KHTML, like Gecko) Chrome/74.0.3694.0 Safari/537.36 Chrome-Lighthouse"
35.84.20.178 - - [05/Aug/2021:01:27:32 +0000] "GET /galleryimg/16c99c265e1475d3a2ede384ac1852a0.jpg HTTP/1.1" 200 45619 "http://naraintoursindia.com/" "Mozilla/5.0 (Macintosh; Intel Mac OS X 10_13_6) AppleWebKit/537.36 (KHTML, like Gecko) Chrome/74.0.3694.0 Safari/537.36 Chrome-Lighthouse"
35.84.20.178 - - [05/Aug/2021:01:27:32 +0000] "GET /galleryimg/ae0d19f1e06b079f2275e70fae6edc13.jpg HTTP/1.1" 200 26689 "http://naraintoursindia.com/" "Mozilla/5.0 (Macintosh; Intel Mac OS X 10_13_6) AppleWebKit/537.36 (KHTML, like Gecko) Chrome/74.0.3694.0 Safari/537.36 Chrome-Lighthouse"
35.84.20.178 - - [05/Aug/2021:01:27:32 +0000] "GET /galleryimg/39b117b2799f9e7cb9bb5099ede76d9c.jpg HTTP/1.1" 200 145270 "http://naraintoursindia.com/" "Mozilla/5.0 (Macintosh; Intel Mac OS X 10_13_6) AppleWebKit/537.36 (KHTML, like Gecko) Chrome/74.0.3694.0 Safari/537.36 Chrome-Lighthouse"
35.84.20.178 - - [05/Aug/2021:01:27:32 +0000] "GET /galleryimg/6907519rohtang-pass-manali-india-photo.jpg HTTP/1.1" 200 325480 "http://naraintoursindia.com/" "Mozilla/5.0 (Macintosh; Intel Mac OS X 10_13_6) AppleWebKit/537.36 (KHTML, like Gecko) Chrome/74.0.3694.0 Safari/537.36 Chrome-Lighthouse"
35.84.20.178 - - [05/Aug/2021:01:27:32 +0000] "GET /galleryimg/5672201manali.jpg HTTP/1.1" 200 47720 "http://naraintoursindia.com/" "Mozilla/5.0 (Macintosh; Intel Mac OS X 10_13_6) AppleWebKit/537.36 (KHTML, like Gecko) Chrome/74.0.3694.0 Safari/537.36 Chrome-Lighthouse"
35.84.20.178 - - [05/Aug/2021:01:27:32 +0000] "GET /galleryimg/3194311agra-fort-.jpg HTTP/1.1" 200 51687 "http://naraintoursindia.com/" "Mozilla/5.0 (Macintosh; Intel Mac OS X 10_13_6) AppleWebKit/537.36 (KHTML, like Gecko) Chrome/74.0.3694.0 Safari/537.36 Chrome-Lighthouse"
35.84.20.178 - - [05/Aug/2021:01:27:32 +0000] "GET /galleryimg/7507776Tajmahal.jpg HTTP/1.1" 200 213776 "http://naraintoursindia.com/" "Mozilla/5.0 (Macintosh; Intel Mac OS X 10_13_6) AppleWebKit/537.36 (KHTML, like Gecko) Chrome/74.0.3694.0 Safari/537.36 Chrome-Lighthouse"
35.84.20.178 - - [05/Aug/2021:01:27:33 +0000] "GET /galleryimg/3410363ladakh.jpg HTTP/1.1" 200 162165 "http://naraintoursindia.com/" "Mozilla/5.0 (Macintosh; Intel Mac OS X 10_13_6) AppleWebKit/537.36 (KHTML, like Gecko) Chrome/74.0.3694.0 Safari/537.36 Chrome-Lighthouse"
35.84.20.178 - - [05/Aug/2021:01:27:33 +0000] "GET /galleryimg/53852451929436_1113202585166_5797426_n.jpg HTTP/1.1" 200 54009 "http://naraintoursindia.com/" "Mozilla/5.0 (Macintosh; Intel Mac OS X 10_13_6) AppleWebKit/537.36 (KHTML, like Gecko) Chrome/74.0.3694.0 Safari/537.36 Chrome-Lighthouse"
35.84.20.178 - - [05/Aug/2021:01:27:32 +0000] "GET /galleryimg/27047306-ranthambore-tiger.jpg HTTP/1.1" 200 1130805 "http://naraintoursindia.com/" "Mozilla/5.0 (Macintosh; Intel Mac OS X 10_13_6) AppleWebKit/537.36 (KHTML, like Gecko) Chrome/74.0.3694.0 Safari/537.36 Chrome-Lighthouse"
35.84.20.178 - - [05/Aug/2021:01:27:33 +0000] "GET /galleryimg/962823Safari.jpg HTTP/1.1" 200 248589 "http://naraintoursindia.com/" "Mozilla/5.0 (Macintosh; Intel Mac OS X 10_13_6) AppleWebKit/537.36 (KHTML, like Gecko) Chrome/74.0.3694.0 Safari/537.36 Chrome-Lighthouse"
35.84.20.178 - - [05/Aug/2021:01:27:33 +0000] "GET /images/icon/dis1.png HTTP/1.1" 200 960 "http://naraintoursindia.com/" "Mozilla/5.0 (Macintosh; Intel Mac OS X 10_13_6) AppleWebKit/537.36 (KHTML, like Gecko) Chrome/74.0.3694.0 Safari/537.36 Chrome-Lighthouse"
35.84.20.178 - - [05/Aug/2021:01:27:33 +0000] "GET /images/icon/dis2.png HTTP/1.1" 200 1016 "http://naraintoursindia.com/" "Mozilla/5.0 (Macintosh; Intel Mac OS X 10_13_6) AppleWebKit/537.36 (KHTML, like Gecko) Chrome/74.0.3694.0 Safari/537.36 Chrome-Lighthouse"
35.84.20.178 - - [05/Aug/2021:01:27:33 +0000] "GET /images/icon/dis3.png HTTP/1.1" 200 1360 "http://naraintoursindia.com/" "Mozilla/5.0 (Macintosh; Intel Mac OS X 10_13_6) AppleWebKit/537.36 (KHTML, like Gecko) Chrome/74.0.3694.0 Safari/537.36 Chrome-Lighthouse"
35.84.20.178 - - [05/Aug/2021:01:27:33 +0000] "GET /images/icon/dis4.png HTTP/1.1" 200 422 "http://naraintoursindia.com/" "Mozilla/5.0 (Macintosh; Intel Mac OS X 10_13_6) AppleWebKit/537.36 (KHTML, like Gecko) Chrome/74.0.3694.0 Safari/537.36 Chrome-Lighthouse"
35.84.20.178 - - [05/Aug/2021:01:27:33 +0000] "GET /images/icon/dis5.png HTTP/1.1" 200 490 "http://naraintoursindia.com/" "Mozilla/5.0 (Macintosh; Intel Mac OS X 10_13_6) AppleWebKit/537.36 (KHTML, like Gecko) Chrome/74.0.3694.0 Safari/537.36 Chrome-Lighthouse"
35.84.20.178 - - [05/Aug/2021:01:27:33 +0000] "GET /galleryimg/6176302Tajmahal.jpg HTTP/1.1" 200 213776 "http://naraintoursindia.com/" "Mozilla/5.0 (Macintosh; Intel Mac OS X 10_13_6) AppleWebKit/537.36 (KHTML, like Gecko) Chrome/74.0.3694.0 Safari/537.36 Chrome-Lighthouse"
35.84.20.178 - - [05/Aug/2021:01:27:33 +0000] "GET /galleryimg/7843766Jim-Corbett-National-Park%202.jpg HTTP/1.1" 200 97470 "http://naraintoursindia.com/" "Mozilla/5.0 (Macintosh; Intel Mac OS X 10_13_6) AppleWebKit/537.36 (KHTML, like Gecko) Chrome/74.0.3694.0 Safari/537.36 Chrome-Lighthouse"
35.84.20.178 - - [05/Aug/2021:01:27:33 +0000] "GET /galleryimg/9800423tiger_20120903.jpg HTTP/1.1" 200 92948 "http://naraintoursindia.com/" "Mozilla/5.0 (Macintosh; Intel Mac OS X 10_13_6) AppleWebKit/537.36 (KHTML, like Gecko) Chrome/74.0.3694.0 Safari/537.36 Chrome-Lighthouse"
35.84.20.178 - - [05/Aug/2021:01:27:33 +0000] "GET /galleryimg/1293877Jaipur_irctc_cover.jpg HTTP/1.1" 200 222311 "http://naraintoursindia.com/" "Mozilla/5.0 (Macintosh; Intel Mac OS X 10_13_6) AppleWebKit/537.36 (KHTML, like Gecko) Chrome/74.0.3694.0 Safari/537.36 Chrome-Lighthouse"
35.84.20.178 - - [05/Aug/2021:01:27:33 +0000] "GET /galleryimg/5683289haridwar_banner.jpg HTTP/1.1" 200 198506 "http://naraintoursindia.com/" "Mozilla/5.0 (Macintosh; Intel Mac OS X 10_13_6) AppleWebKit/537.36 (KHTML, like Gecko) Chrome/74.0.3694.0 Safari/537.36 Chrome-Lighthouse"
35.84.20.178 - - [05/Aug/2021:01:27:33 +0000] "GET /galleryimg/3769304nainital-lake_1469559269.jpeg HTTP/1.1" 200 367438 "http://naraintoursindia.com/" "Mozilla/5.0 (Macintosh; Intel Mac OS X 10_13_6) AppleWebKit/537.36 (KHTML, like Gecko) Chrome/74.0.3694.0 Safari/537.36 Chrome-Lighthouse"
35.84.20.178 - - [05/Aug/2021:01:27:33 +0000] "GET /galleryimg/7320981Kaziranaga%20National%20Park(1).jpg HTTP/1.1" 200 96719 "http://naraintoursindia.com/" "Mozilla/5.0 (Macintosh; Intel Mac OS X 10_13_6) AppleWebKit/537.36 (KHTML, like Gecko) Chrome/74.0.3694.0 Safari/537.36 Chrome-Lighthouse"
35.84.20.178 - - [05/Aug/2021:01:27:33 +0000] "GET /images/family.png HTTP/1.1" 200 272263 "http://naraintoursindia.com/" "Mozilla/5.0 (Macintosh; Intel Mac OS X 10_13_6) AppleWebKit/537.36 (KHTML, like Gecko) Chrome/74.0.3694.0 Safari/537.36 Chrome-Lighthouse"
35.84.20.178 - - [05/Aug/2021:01:27:33 +0000] "GET /images/Location-Manager.png HTTP/1.1" 200 1955 "http://naraintoursindia.com/" "Mozilla/5.0 (Macintosh; Intel Mac OS X 10_13_6) AppleWebKit/537.36 (KHTML, like Gecko) Chrome/74.0.3694.0 Safari/537.36 Chrome-Lighthouse"
35.84.20.178 - - [05/Aug/2021:01:27:33 +0000] "GET /galleryimg/5c15fedbd57b3574c5ad47e94534e678.jpg HTTP/1.1" 200 53937 "http://naraintoursindia.com/" "Mozilla/5.0 (Macintosh; Intel Mac OS X 10_13_6) AppleWebKit/537.36 (KHTML, like Gecko) Chrome/74.0.3694.0 Safari/537.36 Chrome-Lighthouse"
35.84.20.178 - - [05/Aug/2021:01:27:33 +0000] "GET /images/Private-Guide.png HTTP/1.1" 200 1034 "http://naraintoursindia.com/" "Mozilla/5.0 (Macintosh; Intel Mac OS X 10_13_6) AppleWebKit/537.36 (KHTML, like Gecko) Chrome/74.0.3694.0 Safari/537.36 Chrome-Lighthouse"
35.84.20.178 - - [05/Aug/2021:01:27:34 +0000] "GET /images/Arrangements.png HTTP/1.1" 200 1330 "http://naraintoursindia.com/" "Mozilla/5.0 (Macintosh; Intel Mac OS X 10_13_6) AppleWebKit/537.36 (KHTML, like Gecko) Chrome/74.0.3694.0 Safari/537.36 Chrome-Lighthouse"
35.84.20.178 - - [05/Aug/2021:01:27:34 +0000] "GET /images/Events-Activities.png HTTP/1.1" 200 1538 "http://naraintoursindia.com/" "Mozilla/5.0 (Macintosh; Intel Mac OS X 10_13_6) AppleWebKit/537.36 (KHTML, like Gecko) Chrome/74.0.3694.0 Safari/537.36 Chrome-Lighthouse"
35.84.20.178 - - [05/Aug/2021:01:27:34 +0000] "GET /images/placebg.jpg HTTP/1.1" 200 300074 "http://naraintoursindia.com/css/style.css" "Mozilla/5.0 (Macintosh; Intel Mac OS X 10_13_6) AppleWebKit/537.36 (KHTML, like Gecko) Chrome/74.0.3694.0 Safari/537.36 Chrome-Lighthouse"
35.84.20.178 - - [05/Aug/2021:01:27:34 +0000] "GET /images/searchicon.png HTTP/1.1" 200 308 "http://naraintoursindia.com/css/style.css" "Mozilla/5.0 (Macintosh; Intel Mac OS X 10_13_6) AppleWebKit/537.36 (KHTML, like Gecko) Chrome/74.0.3694.0 Safari/537.36 Chrome-Lighthouse"
35.84.20.178 - - [05/Aug/2021:01:27:34 +0000] "GET /images/cloud.png HTTP/1.1" 200 22709 "http://naraintoursindia.com/css/style.css" "Mozilla/5.0 (Macintosh; Intel Mac OS X 10_13_6) AppleWebKit/537.36 (KHTML, like Gecko) Chrome/74.0.3694.0 Safari/537.36 Chrome-Lighthouse"
35.84.20.178 - - [05/Aug/2021:01:27:34 +0000] "GET /images/tipsbg.jpg HTTP/1.1" 200 28089 "http://naraintoursindia.com/css/style.css" "Mozilla/5.0 (Macintosh; Intel Mac OS X 10_13_6) AppleWebKit/537.36 (KHTML, like Gecko) Chrome/74.0.3694.0 Safari/537.36 Chrome-Lighthouse"
