103.50.162.107 - - [09/Sep/2021:04:43:02 +0000] "GET /.well-known/acme-challenge/V0KJBEPVPRD0TO87SN61X2Y1Z5_TRYJ8 HTTP/1.1" 404 257 "-" "Cpanel-HTTP-Client/1.0"
103.50.162.107 - - [09/Sep/2021:04:43:05 +0000] "GET /.well-known/acme-challenge/SNI4U3GDU0VD__55442Q0H5IZSPA9HBY HTTP/1.1" 404 257 "-" "Cpanel-HTTP-Client/1.0"
3.109.138.55 - - [09/Sep/2021:08:55:49 +0000] "HEAD / HTTP/1.1" 403 - "-" "webprosbot/2.0 (abuse-6337@webpros.com)"
104.144.91.102 - - [09/Sep/2021:18:17:40 +0000] "GET / HTTP/1.1" 403 271 "-" "Mozilla/5.0 (Windows NT 10.0; Win64; x64) AppleWebKit/537.36 (KHTML, like Gecko) Chrome/76.0.3809.100 Safari/537.36"
157.90.181.221 - - [09/Sep/2021:20:28:03 +0000] "GET /robots.txt HTTP/1.1" 403 281 "-" "Mozilla/5.0 (compatible; BLEXBot/1.0; +http://webmeup-crawler.com/)"
34.223.226.150 - - [10/Sep/2021:02:24:19 +0000] "GET / HTTP/1.1" 403 271 "-" "Mozilla/5.0 (X11; Linux x86_64) AppleWebKit/537.36 (KHTML, like Gecko) Chrome/83.0.4103.97 Safari/537.36"
61.19.35.42 - - [10/Sep/2021:02:39:17 +0000] "GET / HTTP/1.1" 403 271 "-" "Mozilla/5.0 (Windows NT 10.0; Win64; x64) AppleWebKit/537.36 (KHTML, like Gecko) Chrome/76.0.3809.132 Safari/537.36"
61.19.35.42 - - [10/Sep/2021:02:39:20 +0000] "GET /wp-includes/wlwmanifest.xml HTTP/1.1" 403 298 "-" "Mozilla/5.0 (Windows NT 10.0; Win64; x64) AppleWebKit/537.36 (KHTML, like Gecko) Chrome/76.0.3809.132 Safari/537.36"
61.19.35.42 - - [10/Sep/2021:02:39:20 +0000] "GET /xmlrpc.php?rsd HTTP/1.1" 403 281 "-" "Mozilla/5.0 (Windows NT 10.0; Win64; x64) AppleWebKit/537.36 (KHTML, like Gecko) Chrome/76.0.3809.132 Safari/537.36"
61.19.35.42 - - [10/Sep/2021:02:39:21 +0000] "GET / HTTP/1.1" 403 271 "-" "Mozilla/5.0 (Windows NT 10.0; Win64; x64) AppleWebKit/537.36 (KHTML, like Gecko) Chrome/76.0.3809.132 Safari/537.36"
61.19.35.42 - - [10/Sep/2021:02:39:21 +0000] "GET /blog/wp-includes/wlwmanifest.xml HTTP/1.1" 403 303 "-" "Mozilla/5.0 (Windows NT 10.0; Win64; x64) AppleWebKit/537.36 (KHTML, like Gecko) Chrome/76.0.3809.132 Safari/537.36"
61.19.35.42 - - [10/Sep/2021:02:39:21 +0000] "GET /web/wp-includes/wlwmanifest.xml HTTP/1.1" 403 302 "-" "Mozilla/5.0 (Windows NT 10.0; Win64; x64) AppleWebKit/537.36 (KHTML, like Gecko) Chrome/76.0.3809.132 Safari/537.36"
61.19.35.42 - - [10/Sep/2021:02:39:22 +0000] "GET /wordpress/wp-includes/wlwmanifest.xml HTTP/1.1" 403 308 "-" "Mozilla/5.0 (Windows NT 10.0; Win64; x64) AppleWebKit/537.36 (KHTML, like Gecko) Chrome/76.0.3809.132 Safari/537.36"
61.19.35.42 - - [10/Sep/2021:02:39:22 +0000] "GET /website/wp-includes/wlwmanifest.xml HTTP/1.1" 403 306 "-" "Mozilla/5.0 (Windows NT 10.0; Win64; x64) AppleWebKit/537.36 (KHTML, like Gecko) Chrome/76.0.3809.132 Safari/537.36"
61.19.35.42 - - [10/Sep/2021:02:39:23 +0000] "GET /wp/wp-includes/wlwmanifest.xml HTTP/1.1" 403 301 "-" "Mozilla/5.0 (Windows NT 10.0; Win64; x64) AppleWebKit/537.36 (KHTML, like Gecko) Chrome/76.0.3809.132 Safari/537.36"
61.19.35.42 - - [10/Sep/2021:02:39:23 +0000] "GET /news/wp-includes/wlwmanifest.xml HTTP/1.1" 403 303 "-" "Mozilla/5.0 (Windows NT 10.0; Win64; x64) AppleWebKit/537.36 (KHTML, like Gecko) Chrome/76.0.3809.132 Safari/537.36"
61.19.35.42 - - [10/Sep/2021:02:39:23 +0000] "GET /2018/wp-includes/wlwmanifest.xml HTTP/1.1" 403 303 "-" "Mozilla/5.0 (Windows NT 10.0; Win64; x64) AppleWebKit/537.36 (KHTML, like Gecko) Chrome/76.0.3809.132 Safari/537.36"
61.19.35.42 - - [10/Sep/2021:02:39:23 +0000] "GET /2019/wp-includes/wlwmanifest.xml HTTP/1.1" 403 303 "-" "Mozilla/5.0 (Windows NT 10.0; Win64; x64) AppleWebKit/537.36 (KHTML, like Gecko) Chrome/76.0.3809.132 Safari/537.36"
61.19.35.42 - - [10/Sep/2021:02:39:23 +0000] "GET /shop/wp-includes/wlwmanifest.xml HTTP/1.1" 403 303 "-" "Mozilla/5.0 (Windows NT 10.0; Win64; x64) AppleWebKit/537.36 (KHTML, like Gecko) Chrome/76.0.3809.132 Safari/537.36"
61.19.35.42 - - [10/Sep/2021:02:39:23 +0000] "GET /wp1/wp-includes/wlwmanifest.xml HTTP/1.1" 403 302 "-" "Mozilla/5.0 (Windows NT 10.0; Win64; x64) AppleWebKit/537.36 (KHTML, like Gecko) Chrome/76.0.3809.132 Safari/537.36"
61.19.35.42 - - [10/Sep/2021:02:39:24 +0000] "GET /test/wp-includes/wlwmanifest.xml HTTP/1.1" 403 303 "-" "Mozilla/5.0 (Windows NT 10.0; Win64; x64) AppleWebKit/537.36 (KHTML, like Gecko) Chrome/76.0.3809.132 Safari/537.36"
61.19.35.42 - - [10/Sep/2021:02:39:24 +0000] "GET /media/wp-includes/wlwmanifest.xml HTTP/1.1" 403 304 "-" "Mozilla/5.0 (Windows NT 10.0; Win64; x64) AppleWebKit/537.36 (KHTML, like Gecko) Chrome/76.0.3809.132 Safari/537.36"
61.19.35.42 - - [10/Sep/2021:02:39:25 +0000] "GET /wp2/wp-includes/wlwmanifest.xml HTTP/1.1" 403 302 "-" "Mozilla/5.0 (Windows NT 10.0; Win64; x64) AppleWebKit/537.36 (KHTML, like Gecko) Chrome/76.0.3809.132 Safari/537.36"
61.19.35.42 - - [10/Sep/2021:02:39:25 +0000] "GET /site/wp-includes/wlwmanifest.xml HTTP/1.1" 403 303 "-" "Mozilla/5.0 (Windows NT 10.0; Win64; x64) AppleWebKit/537.36 (KHTML, like Gecko) Chrome/76.0.3809.132 Safari/537.36"
61.19.35.42 - - [10/Sep/2021:02:39:25 +0000] "GET /cms/wp-includes/wlwmanifest.xml HTTP/1.1" 403 302 "-" "Mozilla/5.0 (Windows NT 10.0; Win64; x64) AppleWebKit/537.36 (KHTML, like Gecko) Chrome/76.0.3809.132 Safari/537.36"
61.19.35.42 - - [10/Sep/2021:02:39:25 +0000] "GET /sito/wp-includes/wlwmanifest.xml HTTP/1.1" 403 303 "-" "Mozilla/5.0 (Windows NT 10.0; Win64; x64) AppleWebKit/537.36 (KHTML, like Gecko) Chrome/76.0.3809.132 Safari/537.36"
66.249.69.2 - - [10/Sep/2021:04:41:47 +0000] "GET /robots.txt HTTP/1.1" 403 281 "-" "Mozilla/5.0 (compatible; Googlebot/2.1; +http://www.google.com/bot.html)"
66.249.69.31 - - [10/Sep/2021:04:41:48 +0000] "GET / HTTP/1.1" 403 271 "-" "Mozilla/5.0 (Linux; Android 6.0.1; Nexus 5X Build/MMB29P) AppleWebKit/537.36 (KHTML, like Gecko) Chrome/92.0.4515.119 Mobile Safari/537.36 (compatible; Googlebot/2.1; +http://www.google.com/bot.html)"
103.50.162.107 - - [10/Sep/2021:04:51:38 +0000] "GET /.well-known/acme-challenge/52P713P_K05TM68322G8KRTFMI7H9CQE HTTP/1.1" 404 257 "-" "Cpanel-HTTP-Client/1.0"
103.50.162.107 - - [10/Sep/2021:04:51:41 +0000] "GET /.well-known/acme-challenge/FBXVC5HS7H55URNEL9A3MXEU0II7BCI9 HTTP/1.1" 404 257 "-" "Cpanel-HTTP-Client/1.0"
157.90.181.221 - - [10/Sep/2021:06:26:31 +0000] "GET /robots.txt HTTP/1.1" 403 281 "-" "Mozilla/5.0 (compatible; BLEXBot/1.0; +http://webmeup-crawler.com/)"
103.114.107.98 - - [10/Sep/2021:06:43:27 +0000] "GET / HTTP/1.1" 403 271 "-" "-"
69.163.251.1 - - [10/Sep/2021:06:58:31 +0000] "GET /wp-login.php HTTP/1.1" 403 283 "-" "Mozilla/5.0 (X11; Ubuntu; Linux x86_64; rv:62.0) Gecko/20100101 Firefox/62.0"
69.163.251.1 - - [10/Sep/2021:06:58:31 +0000] "GET /wp-login.php HTTP/1.1" 403 283 "-" "Mozilla/5.0 (X11; Ubuntu; Linux x86_64; rv:62.0) Gecko/20100101 Firefox/62.0"
69.163.251.1 - - [10/Sep/2021:06:58:31 +0000] "GET /wp-login.php HTTP/1.1" 403 283 "-" "Mozilla/5.0 (X11; Ubuntu; Linux x86_64; rv:62.0) Gecko/20100101 Firefox/62.0"
206.189.32.18 - - [10/Sep/2021:07:00:44 +0000] "GET / HTTP/1.1" 403 271 "-" "Mozilla/5.0 (Windows NT 10.0; Win64; x64) AppleWebKit/537.36 (KHTML, like Gecko) Chrome/88.0.4240.193 Safari/537.36"
206.189.32.18 - - [10/Sep/2021:07:00:44 +0000] "GET / HTTP/1.1" 403 271 "-" "Mozilla/5.0 (Windows NT 10.0; Win64; x64) AppleWebKit/537.36 (KHTML, like Gecko) Chrome/88.0.4240.193 Safari/537.36"
206.189.32.18 - - [10/Sep/2021:07:00:44 +0000] "GET /wp-includes/wlwmanifest.xml HTTP/1.1" 403 298 "-" "Mozilla/5.0 (Windows NT 10.0; Win64; x64) AppleWebKit/537.36 (KHTML, like Gecko) Chrome/88.0.4240.193 Safari/537.36"
206.189.32.18 - - [10/Sep/2021:07:00:44 +0000] "GET /xmlrpc.php?rsd HTTP/1.1" 403 281 "-" "Mozilla/5.0 (Windows NT 10.0; Win64; x64) AppleWebKit/537.36 (KHTML, like Gecko) Chrome/88.0.4240.193 Safari/537.36"
206.189.32.18 - - [10/Sep/2021:07:00:44 +0000] "GET / HTTP/1.1" 403 271 "-" "Mozilla/5.0 (Windows NT 10.0; Win64; x64) AppleWebKit/537.36 (KHTML, like Gecko) Chrome/88.0.4240.193 Safari/537.36"
206.189.32.18 - - [10/Sep/2021:07:00:44 +0000] "GET /blog/wp-includes/wlwmanifest.xml HTTP/1.1" 403 303 "-" "Mozilla/5.0 (Windows NT 10.0; Win64; x64) AppleWebKit/537.36 (KHTML, like Gecko) Chrome/88.0.4240.193 Safari/537.36"
206.189.32.18 - - [10/Sep/2021:07:00:44 +0000] "GET /web/wp-includes/wlwmanifest.xml HTTP/1.1" 403 302 "-" "Mozilla/5.0 (Windows NT 10.0; Win64; x64) AppleWebKit/537.36 (KHTML, like Gecko) Chrome/88.0.4240.193 Safari/537.36"
206.189.32.18 - - [10/Sep/2021:07:00:44 +0000] "GET /wordpress/wp-includes/wlwmanifest.xml HTTP/1.1" 403 308 "-" "Mozilla/5.0 (Windows NT 10.0; Win64; x64) AppleWebKit/537.36 (KHTML, like Gecko) Chrome/88.0.4240.193 Safari/537.36"
206.189.32.18 - - [10/Sep/2021:07:00:44 +0000] "GET /website/wp-includes/wlwmanifest.xml HTTP/1.1" 403 306 "-" "Mozilla/5.0 (Windows NT 10.0; Win64; x64) AppleWebKit/537.36 (KHTML, like Gecko) Chrome/88.0.4240.193 Safari/537.36"
206.189.32.18 - - [10/Sep/2021:07:00:44 +0000] "GET /wp/wp-includes/wlwmanifest.xml HTTP/1.1" 403 301 "-" "Mozilla/5.0 (Windows NT 10.0; Win64; x64) AppleWebKit/537.36 (KHTML, like Gecko) Chrome/88.0.4240.193 Safari/537.36"
206.189.32.18 - - [10/Sep/2021:07:00:44 +0000] "GET /news/wp-includes/wlwmanifest.xml HTTP/1.1" 403 303 "-" "Mozilla/5.0 (Windows NT 10.0; Win64; x64) AppleWebKit/537.36 (KHTML, like Gecko) Chrome/88.0.4240.193 Safari/537.36"
206.189.32.18 - - [10/Sep/2021:07:00:44 +0000] "GET /2020/wp-includes/wlwmanifest.xml HTTP/1.1" 403 303 "-" "Mozilla/5.0 (Windows NT 10.0; Win64; x64) AppleWebKit/537.36 (KHTML, like Gecko) Chrome/88.0.4240.193 Safari/537.36"
206.189.32.18 - - [10/Sep/2021:07:00:44 +0000] "GET /2019/wp-includes/wlwmanifest.xml HTTP/1.1" 403 303 "-" "Mozilla/5.0 (Windows NT 10.0; Win64; x64) AppleWebKit/537.36 (KHTML, like Gecko) Chrome/88.0.4240.193 Safari/537.36"
206.189.32.18 - - [10/Sep/2021:07:00:44 +0000] "GET /shop/wp-includes/wlwmanifest.xml HTTP/1.1" 403 303 "-" "Mozilla/5.0 (Windows NT 10.0; Win64; x64) AppleWebKit/537.36 (KHTML, like Gecko) Chrome/88.0.4240.193 Safari/537.36"
206.189.32.18 - - [10/Sep/2021:07:00:45 +0000] "GET /wp1/wp-includes/wlwmanifest.xml HTTP/1.1" 403 302 "-" "Mozilla/5.0 (Windows NT 10.0; Win64; x64) AppleWebKit/537.36 (KHTML, like Gecko) Chrome/88.0.4240.193 Safari/537.36"
206.189.32.18 - - [10/Sep/2021:07:00:45 +0000] "GET /test/wp-includes/wlwmanifest.xml HTTP/1.1" 403 303 "-" "Mozilla/5.0 (Windows NT 10.0; Win64; x64) AppleWebKit/537.36 (KHTML, like Gecko) Chrome/88.0.4240.193 Safari/537.36"
206.189.32.18 - - [10/Sep/2021:07:00:45 +0000] "GET /wp2/wp-includes/wlwmanifest.xml HTTP/1.1" 403 302 "-" "Mozilla/5.0 (Windows NT 10.0; Win64; x64) AppleWebKit/537.36 (KHTML, like Gecko) Chrome/88.0.4240.193 Safari/537.36"
206.189.32.18 - - [10/Sep/2021:07:00:45 +0000] "GET /site/wp-includes/wlwmanifest.xml HTTP/1.1" 403 303 "-" "Mozilla/5.0 (Windows NT 10.0; Win64; x64) AppleWebKit/537.36 (KHTML, like Gecko) Chrome/88.0.4240.193 Safari/537.36"
206.189.32.18 - - [10/Sep/2021:07:00:45 +0000] "GET /cms/wp-includes/wlwmanifest.xml HTTP/1.1" 403 302 "-" "Mozilla/5.0 (Windows NT 10.0; Win64; x64) AppleWebKit/537.36 (KHTML, like Gecko) Chrome/88.0.4240.193 Safari/537.36"
206.189.32.18 - - [10/Sep/2021:07:00:45 +0000] "GET /sito/wp-includes/wlwmanifest.xml HTTP/1.1" 403 303 "-" "Mozilla/5.0 (Windows NT 10.0; Win64; x64) AppleWebKit/537.36 (KHTML, like Gecko) Chrome/88.0.4240.193 Safari/537.36"
66.249.73.71 - - [10/Sep/2021:13:06:38 +0000] "GET / HTTP/1.1" 403 271 "-" "Mozilla/5.0 (compatible; Googlebot/2.1; +http://www.google.com/bot.html)"
54.36.148.241 - - [10/Sep/2021:13:58:22 +0000] "GET /robots.txt HTTP/1.1" 403 281 "-" "Mozilla/5.0 (compatible; AhrefsBot/7.0; +http://ahrefs.com/robot/)"
66.249.73.74 - - [10/Sep/2021:15:18:22 +0000] "GET / HTTP/1.1" 403 271 "-" "Mozilla/5.0 (Linux; Android 6.0.1; Nexus 5X Build/MMB29P) AppleWebKit/537.36 (KHTML, like Gecko) Chrome/92.0.4515.119 Mobile Safari/537.36 (compatible; Googlebot/2.1; +http://www.google.com/bot.html)"
157.90.181.221 - - [10/Sep/2021:16:11:45 +0000] "GET /robots.txt HTTP/1.1" 403 281 "-" "Mozilla/5.0 (compatible; BLEXBot/1.0; +http://webmeup-crawler.com/)"
13.51.85.170 - - [10/Sep/2021:16:25:55 +0000] "GET / HTTP/1.1" 403 271 "-" "webprosbot/2.0 (abuse-6337@webpros.com)"
77.111.247.5 - - [10/Sep/2021:21:20:23 +0000] "GET /sites/all/modules/fckeditor/fckeditor/editor/filemanager/connectors/test.html HTTP/1.1" 403 348 "-" "Mozilla/5.0 (Windows NT 10.0; Win64; x64) AppleWebKit/537.36 (KHTML, like Gecko) Chrome/89.0.3945.117 Safari/537.36"
77.111.247.5 - - [10/Sep/2021:21:20:23 +0000] "GET /admin/fckeditor/editor/filemanager/connectors/test.html HTTP/1.1" 403 326 "-" "Mozilla/5.0 (Windows NT 10.0; Win64; x64) AppleWebKit/537.36 (KHTML, like Gecko) Chrome/89.0.3945.117 Safari/537.36"
77.111.247.73 - - [10/Sep/2021:21:20:23 +0000] "GET /include/fckeditor/editor/filemanager/connectors/test.html HTTP/1.1" 403 328 "-" "Mozilla/5.0 (Windows NT 10.0; Win64; x64) AppleWebKit/537.36 (KHTML, like Gecko) Chrome/89.0.3945.117 Safari/537.36"
77.111.247.242 - - [10/Sep/2021:21:20:23 +0000] "GET /js/fckeditor/editor/filemanager/connectors/test.html HTTP/1.1" 403 323 "-" "Mozilla/5.0 (Windows NT 10.0; Win64; x64) AppleWebKit/537.36 (KHTML, like Gecko) Chrome/89.0.3945.117 Safari/537.36"
77.111.247.10 - - [10/Sep/2021:21:20:23 +0000] "GET /fckeditor/editor/filemanager/connectors/test.html HTTP/1.1" 403 320 "-" "Mozilla/5.0 (Windows NT 10.0; Win64; x64) AppleWebKit/537.36 (KHTML, like Gecko) Chrome/89.0.3945.117 Safari/537.36"
77.111.247.43 - - [10/Sep/2021:21:20:23 +0000] "GET /sites/all/libraries/fckeditor/editor/filemanager/connectors/test.html HTTP/1.1" 403 340 "-" "Mozilla/5.0 (Windows NT 10.0; Win64; x64) AppleWebKit/537.36 (KHTML, like Gecko) Chrome/89.0.3945.117 Safari/537.36"
77.111.247.59 - - [10/Sep/2021:21:20:23 +0000] "GET /FCKeditor/editor/filemanager/connectors/test.html HTTP/1.1" 403 320 "-" "Mozilla/5.0 (Windows NT 10.0; Win64; x64) AppleWebKit/537.36 (KHTML, like Gecko) Chrome/89.0.3945.117 Safari/537.36"
66.249.73.71 - - [10/Sep/2021:22:42:58 +0000] "GET /robots.txt HTTP/1.1" 403 281 "-" "Mozilla/5.0 (compatible; Googlebot/2.1; +http://www.google.com/bot.html)"
66.249.73.68 - - [10/Sep/2021:22:42:58 +0000] "GET / HTTP/1.1" 403 271 "-" "Mozilla/5.0 (compatible; Googlebot/2.1; +http://www.google.com/bot.html)"
104.144.91.102 - - [10/Sep/2021:23:57:42 +0000] "GET / HTTP/1.1" 403 271 "-" "Mozilla/5.0 (Windows NT 10.0; Win64; x64) AppleWebKit/537.36 (KHTML, like Gecko) Chrome/76.0.3809.100 Safari/537.36"
66.249.73.68 - - [11/Sep/2021:00:36:22 +0000] "GET / HTTP/1.1" 403 271 "-" "Mozilla/5.0 (Linux; Android 6.0.1; Nexus 5X Build/MMB29P) AppleWebKit/537.36 (KHTML, like Gecko) Chrome/92.0.4515.119 Mobile Safari/537.36 (compatible; Googlebot/2.1; +http://www.google.com/bot.html)"
54.190.94.42 - - [11/Sep/2021:02:16:20 +0000] "GET / HTTP/1.1" 403 271 "-" "Mozilla/5.0 (X11; Linux x86_64) AppleWebKit/537.36 (KHTML, like Gecko) Chrome/83.0.4103.97 Safari/537.36"
157.90.181.221 - - [11/Sep/2021:02:49:11 +0000] "GET /robots.txt HTTP/1.1" 403 281 "-" "Mozilla/5.0 (compatible; BLEXBot/1.0; +http://webmeup-crawler.com/)"
104.248.153.4 - - [11/Sep/2021:04:15:27 +0000] "GET / HTTP/1.1" 403 271 "-" "Mozilla/5.0 (Windows NT 10.0; Win64; x64) AppleWebKit/537.36 (KHTML, like Gecko) Chrome/76.0.3809.132 Safari/537.36"
104.248.153.4 - - [11/Sep/2021:04:15:27 +0000] "GET /wp-includes/wlwmanifest.xml HTTP/1.1" 403 298 "-" "Mozilla/5.0 (Windows NT 10.0; Win64; x64) AppleWebKit/537.36 (KHTML, like Gecko) Chrome/76.0.3809.132 Safari/537.36"
104.248.153.4 - - [11/Sep/2021:04:15:27 +0000] "GET /xmlrpc.php?rsd HTTP/1.1" 403 281 "-" "Mozilla/5.0 (Windows NT 10.0; Win64; x64) AppleWebKit/537.36 (KHTML, like Gecko) Chrome/76.0.3809.132 Safari/537.36"
104.248.153.4 - - [11/Sep/2021:04:15:27 +0000] "GET / HTTP/1.1" 403 271 "-" "Mozilla/5.0 (Windows NT 10.0; Win64; x64) AppleWebKit/537.36 (KHTML, like Gecko) Chrome/76.0.3809.132 Safari/537.36"
104.248.153.4 - - [11/Sep/2021:04:15:27 +0000] "GET /blog/wp-includes/wlwmanifest.xml HTTP/1.1" 403 303 "-" "Mozilla/5.0 (Windows NT 10.0; Win64; x64) AppleWebKit/537.36 (KHTML, like Gecko) Chrome/76.0.3809.132 Safari/537.36"
104.248.153.4 - - [11/Sep/2021:04:15:27 +0000] "GET /web/wp-includes/wlwmanifest.xml HTTP/1.1" 403 302 "-" "Mozilla/5.0 (Windows NT 10.0; Win64; x64) AppleWebKit/537.36 (KHTML, like Gecko) Chrome/76.0.3809.132 Safari/537.36"
104.248.153.4 - - [11/Sep/2021:04:15:27 +0000] "GET /wordpress/wp-includes/wlwmanifest.xml HTTP/1.1" 403 308 "-" "Mozilla/5.0 (Windows NT 10.0; Win64; x64) AppleWebKit/537.36 (KHTML, like Gecko) Chrome/76.0.3809.132 Safari/537.36"
104.248.153.4 - - [11/Sep/2021:04:15:27 +0000] "GET /website/wp-includes/wlwmanifest.xml HTTP/1.1" 403 306 "-" "Mozilla/5.0 (Windows NT 10.0; Win64; x64) AppleWebKit/537.36 (KHTML, like Gecko) Chrome/76.0.3809.132 Safari/537.36"
104.248.153.4 - - [11/Sep/2021:04:15:27 +0000] "GET /wp/wp-includes/wlwmanifest.xml HTTP/1.1" 403 301 "-" "Mozilla/5.0 (Windows NT 10.0; Win64; x64) AppleWebKit/537.36 (KHTML, like Gecko) Chrome/76.0.3809.132 Safari/537.36"
104.248.153.4 - - [11/Sep/2021:04:15:27 +0000] "GET /news/wp-includes/wlwmanifest.xml HTTP/1.1" 403 303 "-" "Mozilla/5.0 (Windows NT 10.0; Win64; x64) AppleWebKit/537.36 (KHTML, like Gecko) Chrome/76.0.3809.132 Safari/537.36"
104.248.153.4 - - [11/Sep/2021:04:15:27 +0000] "GET /2018/wp-includes/wlwmanifest.xml HTTP/1.1" 403 303 "-" "Mozilla/5.0 (Windows NT 10.0; Win64; x64) AppleWebKit/537.36 (KHTML, like Gecko) Chrome/76.0.3809.132 Safari/537.36"
104.248.153.4 - - [11/Sep/2021:04:15:27 +0000] "GET /2019/wp-includes/wlwmanifest.xml HTTP/1.1" 403 303 "-" "Mozilla/5.0 (Windows NT 10.0; Win64; x64) AppleWebKit/537.36 (KHTML, like Gecko) Chrome/76.0.3809.132 Safari/537.36"
104.248.153.4 - - [11/Sep/2021:04:15:27 +0000] "GET /shop/wp-includes/wlwmanifest.xml HTTP/1.1" 403 303 "-" "Mozilla/5.0 (Windows NT 10.0; Win64; x64) AppleWebKit/537.36 (KHTML, like Gecko) Chrome/76.0.3809.132 Safari/537.36"
104.248.153.4 - - [11/Sep/2021:04:15:27 +0000] "GET /wp1/wp-includes/wlwmanifest.xml HTTP/1.1" 403 302 "-" "Mozilla/5.0 (Windows NT 10.0; Win64; x64) AppleWebKit/537.36 (KHTML, like Gecko) Chrome/76.0.3809.132 Safari/537.36"
104.248.153.4 - - [11/Sep/2021:04:15:27 +0000] "GET /test/wp-includes/wlwmanifest.xml HTTP/1.1" 403 303 "-" "Mozilla/5.0 (Windows NT 10.0; Win64; x64) AppleWebKit/537.36 (KHTML, like Gecko) Chrome/76.0.3809.132 Safari/537.36"
104.248.153.4 - - [11/Sep/2021:04:15:27 +0000] "GET /media/wp-includes/wlwmanifest.xml HTTP/1.1" 403 304 "-" "Mozilla/5.0 (Windows NT 10.0; Win64; x64) AppleWebKit/537.36 (KHTML, like Gecko) Chrome/76.0.3809.132 Safari/537.36"
104.248.153.4 - - [11/Sep/2021:04:15:27 +0000] "GET /wp2/wp-includes/wlwmanifest.xml HTTP/1.1" 403 302 "-" "Mozilla/5.0 (Windows NT 10.0; Win64; x64) AppleWebKit/537.36 (KHTML, like Gecko) Chrome/76.0.3809.132 Safari/537.36"
104.248.153.4 - - [11/Sep/2021:04:15:27 +0000] "GET /site/wp-includes/wlwmanifest.xml HTTP/1.1" 403 303 "-" "Mozilla/5.0 (Windows NT 10.0; Win64; x64) AppleWebKit/537.36 (KHTML, like Gecko) Chrome/76.0.3809.132 Safari/537.36"
104.248.153.4 - - [11/Sep/2021:04:15:27 +0000] "GET /cms/wp-includes/wlwmanifest.xml HTTP/1.1" 403 302 "-" "Mozilla/5.0 (Windows NT 10.0; Win64; x64) AppleWebKit/537.36 (KHTML, like Gecko) Chrome/76.0.3809.132 Safari/537.36"
104.248.153.4 - - [11/Sep/2021:04:15:27 +0000] "GET /sito/wp-includes/wlwmanifest.xml HTTP/1.1" 403 303 "-" "Mozilla/5.0 (Windows NT 10.0; Win64; x64) AppleWebKit/537.36 (KHTML, like Gecko) Chrome/76.0.3809.132 Safari/537.36"
103.50.162.107 - - [11/Sep/2021:04:43:44 +0000] "GET /.well-known/acme-challenge/R963-0-K2L7B3VB15C2B38W978JOOPK2 HTTP/1.1" 404 257 "-" "Cpanel-HTTP-Client/1.0"
103.50.162.107 - - [11/Sep/2021:04:43:47 +0000] "GET /.well-known/acme-challenge/5X8ZL7QO_ZRT3DQM7WQPBJJAY0HEPIYB HTTP/1.1" 404 257 "-" "Cpanel-HTTP-Client/1.0"
66.249.73.68 - - [11/Sep/2021:08:49:08 +0000] "GET / HTTP/1.1" 403 271 "-" "Mozilla/5.0 (compatible; Googlebot/2.1; +http://www.google.com/bot.html)"
66.249.73.74 - - [11/Sep/2021:10:19:44 +0000] "GET / HTTP/1.1" 403 271 "-" "Mozilla/5.0 (Linux; Android 6.0.1; Nexus 5X Build/MMB29P) AppleWebKit/537.36 (KHTML, like Gecko) Chrome/92.0.4515.119 Mobile Safari/537.36 (compatible; Googlebot/2.1; +http://www.google.com/bot.html)"
157.90.181.221 - - [11/Sep/2021:12:47:10 +0000] "GET /robots.txt HTTP/1.1" 403 281 "-" "Mozilla/5.0 (compatible; BLEXBot/1.0; +http://webmeup-crawler.com/)"
66.249.79.103 - - [11/Sep/2021:19:42:36 +0000] "GET /robots.txt HTTP/1.1" 403 281 "-" "Mozilla/5.0 (compatible; Googlebot/2.1; +http://www.google.com/bot.html)"
66.249.79.103 - - [11/Sep/2021:19:42:37 +0000] "GET / HTTP/1.1" 403 271 "-" "Mozilla/5.0 (compatible; Googlebot/2.1; +http://www.google.com/bot.html)"
110.173.132.17 - - [11/Sep/2021:19:52:00 +0000] "GET /wp-login.php HTTP/1.1" 403 283 "-" "Mozilla/5.0 (X11; Ubuntu; Linux x86_64; rv:62.0) Gecko/20100101 Firefox/62.0"
15.223.112.157 - - [11/Sep/2021:21:22:34 +0000] "GET /.git/HEAD HTTP/1.1" 403 280 "-" "curl/7.61.1"
66.249.79.103 - - [11/Sep/2021:21:40:32 +0000] "GET / HTTP/1.1" 403 271 "-" "Mozilla/5.0 (Linux; Android 6.0.1; Nexus 5X Build/MMB29P) AppleWebKit/537.36 (KHTML, like Gecko) Chrome/92.0.4515.119 Mobile Safari/537.36 (compatible; Googlebot/2.1; +http://www.google.com/bot.html)"
157.90.181.221 - - [11/Sep/2021:22:37:43 +0000] "GET /robots.txt HTTP/1.1" 403 281 "-" "Mozilla/5.0 (compatible; BLEXBot/1.0; +http://webmeup-crawler.com/)"
221.2.163.231 - - [12/Sep/2021:00:02:54 +0000] "GET / HTTP/1.1" 403 271 "-" "Mozilla/5.0"
18.169.162.231 - - [12/Sep/2021:01:41:30 +0000] "GET /.git/HEAD HTTP/1.1" 403 280 "-" "curl/7.61.1"
2.57.122.220 - - [12/Sep/2021:02:04:19 +0000] "GET /.env HTTP/1.1" 403 275 "-" "Mozilla/5.0 (X11; Linux x86_64) AppleWebKit/537.36 (KHTML, like Gecko) Chrome/81.0.4044.129 Safari/537.36"
2.57.122.220 - - [12/Sep/2021:02:04:19 +0000] "POST / HTTP/1.1" 403 271 "-" "Mozilla/5.0 (X11; Linux x86_64) AppleWebKit/537.36 (KHTML, like Gecko) Chrome/81.0.4044.129 Safari/537.36"
34.221.197.37 - - [12/Sep/2021:02:27:27 +0000] "GET / HTTP/1.1" 403 271 "-" "Mozilla/5.0 (X11; Linux x86_64) AppleWebKit/537.36 (KHTML, like Gecko) Chrome/83.0.4103.97 Safari/537.36"
103.50.162.107 - - [12/Sep/2021:04:53:16 +0000] "GET /.well-known/acme-challenge/GUZZE3J101GFVE-AO5UEUXEFAO5EOT11 HTTP/1.1" 404 257 "-" "Cpanel-HTTP-Client/1.0"
103.50.162.107 - - [12/Sep/2021:04:53:18 +0000] "GET /.well-known/acme-challenge/11_LI-S_0_2YH92EER8O5EXB-C7IM666 HTTP/1.1" 404 257 "-" "Cpanel-HTTP-Client/1.0"
66.249.79.100 - - [12/Sep/2021:05:54:55 +0000] "GET / HTTP/1.1" 403 271 "-" "Mozilla/5.0 (compatible; Googlebot/2.1; +http://www.google.com/bot.html)"
104.227.50.234 - - [12/Sep/2021:06:03:32 +0000] "GET / HTTP/1.1" 403 271 "-" "Mozilla/5.0 (Windows NT 10.0; Win64; x64) AppleWebKit/537.36 (KHTML, like Gecko) Chrome/76.0.3809.100 Safari/537.36"
66.249.79.100 - - [12/Sep/2021:07:05:48 +0000] "GET / HTTP/1.1" 403 271 "-" "Mozilla/5.0 (Linux; Android 6.0.1; Nexus 5X Build/MMB29P) AppleWebKit/537.36 (KHTML, like Gecko) Chrome/92.0.4515.119 Mobile Safari/537.36 (compatible; Googlebot/2.1; +http://www.google.com/bot.html)"
157.90.181.221 - - [12/Sep/2021:09:22:48 +0000] "GET /robots.txt HTTP/1.1" 403 281 "-" "Mozilla/5.0 (compatible; BLEXBot/1.0; +http://webmeup-crawler.com/)"
66.249.79.100 - - [12/Sep/2021:14:26:42 +0000] "GET /robots.txt HTTP/1.1" 403 281 "-" "Mozilla/5.0 (compatible; Googlebot/2.1; +http://www.google.com/bot.html)"
66.249.79.100 - - [12/Sep/2021:14:26:43 +0000] "GET / HTTP/1.1" 403 271 "-" "Mozilla/5.0 (compatible; Googlebot/2.1; +http://www.google.com/bot.html)"
66.249.79.106 - - [12/Sep/2021:15:33:30 +0000] "GET / HTTP/1.1" 403 271 "-" "Mozilla/5.0 (Linux; Android 6.0.1; Nexus 5X Build/MMB29P) AppleWebKit/537.36 (KHTML, like Gecko) Chrome/92.0.4515.119 Mobile Safari/537.36 (compatible; Googlebot/2.1; +http://www.google.com/bot.html)"
64.235.231.20 - - [12/Sep/2021:17:50:24 +0000] "GET /wp-login.php HTTP/1.1" 403 283 "-" "Mozilla/5.0 (X11; Ubuntu; Linux x86_64; rv:62.0) Gecko/20100101 Firefox/62.0"
36.99.136.129 - - [12/Sep/2021:20:01:36 +0000] "HEAD / HTTP/1.1" 403 - "-" "Chrome/54.0 (Windows NT 10.0)"
36.99.136.129 - - [12/Sep/2021:20:01:37 +0000] "GET / HTTP/1.1" 403 271 "-" "Chrome/54.0 (Windows NT 10.0)"
205.185.122.184 - - [12/Sep/2021:20:01:38 +0000] "GET / HTTP/1.1" 403 271 "-" "Mozilla/5.0 (Macintosh; Intel Mac OS X 11_0_0) AppleWebKit/537.36 (KHTML, like Gecko) Chrome/87.0.4280.88 Safari/537.36"
36.99.136.128 - - [12/Sep/2021:20:01:43 +0000] "GET /favicon.ico HTTP/1.1" 403 282 "-" "Chrome/54.0 (Windows NT 10.0)"
36.99.136.128 - - [12/Sep/2021:20:11:17 +0000] "HEAD / HTTP/1.1" 403 - "-" "Chrome/54.0 (Windows NT 10.0)"
36.99.136.128 - - [12/Sep/2021:20:11:17 +0000] "GET / HTTP/1.1" 403 271 "-" "Chrome/54.0 (Windows NT 10.0)"
205.185.116.25 - - [12/Sep/2021:20:11:19 +0000] "GET / HTTP/1.1" 403 271 "-" "Mozilla/5.0 (Macintosh; Intel Mac OS X 11_0_0) AppleWebKit/537.36 (KHTML, like Gecko) Chrome/87.0.4280.88 Safari/537.36"
36.99.136.129 - - [12/Sep/2021:20:11:22 +0000] "GET /favicon.ico HTTP/1.1" 403 282 "-" "Chrome/54.0 (Windows NT 10.0)"
62.210.113.228 - - [12/Sep/2021:22:49:58 +0000] "GET /wp-login.php HTTP/1.1" 403 283 "-" "Mozilla/5.0 (X11; Ubuntu; Linux x86_64; rv:62.0) Gecko/20100101 Firefox/62.0"
66.249.79.106 - - [13/Sep/2021:00:03:58 +0000] "GET / HTTP/1.1" 403 271 "-" "Mozilla/5.0 (compatible; Googlebot/2.1; +http://www.google.com/bot.html)"
35.202.50.115 - - [13/Sep/2021:00:17:29 +0000] "GET / HTTP/1.1" 403 271 "-" "Mozilla/5.0 (Macintosh; U; Intel Mac OS X 10_6_8; en-us) AppleWebKit/534.50 (KHTML, like Gecko) Version/5.1 Safari/534.50"
66.249.79.103 - - [13/Sep/2021:00:44:18 +0000] "GET / HTTP/1.1" 403 271 "-" "Mozilla/5.0 (Linux; Android 6.0.1; Nexus 5X Build/MMB29P) AppleWebKit/537.36 (KHTML, like Gecko) Chrome/92.0.4515.119 Mobile Safari/537.36 (compatible; Googlebot/2.1; +http://www.google.com/bot.html)"
34.220.190.127 - - [13/Sep/2021:02:15:02 +0000] "GET / HTTP/1.1" 403 271 "-" "Mozilla/5.0 (X11; Linux x86_64) AppleWebKit/537.36 (KHTML, like Gecko) Chrome/83.0.4103.97 Safari/537.36"
103.50.162.107 - - [13/Sep/2021:04:45:56 +0000] "GET /.well-known/acme-challenge/O7QCS8-LM7U8GT3VU8W1O059ZKDNRI1I HTTP/1.1" 404 257 "-" "Cpanel-HTTP-Client/1.0"
103.50.162.107 - - [13/Sep/2021:04:45:59 +0000] "GET /.well-known/acme-challenge/K41LBT0PLQ89P3-5-G15TQRAUXDKXR03 HTTP/1.1" 404 257 "-" "Cpanel-HTTP-Client/1.0"
212.156.62.158 - - [13/Sep/2021:08:12:29 +0000] "GET / HTTP/1.1" 403 271 "-" "Mozilla/5.0 (Windows NT 10.0; Win64; x64) AppleWebKit/537.36 (KHTML, like Gecko) Chrome/81.0.4044.138 Safari/537.36"
66.249.79.106 - - [13/Sep/2021:08:56:30 +0000] "GET /robots.txt HTTP/1.1" 403 281 "-" "Mozilla/5.0 (compatible; Googlebot/2.1; +http://www.google.com/bot.html)"
66.249.79.103 - - [13/Sep/2021:08:56:30 +0000] "GET / HTTP/1.1" 403 271 "-" "Mozilla/5.0 (compatible; Googlebot/2.1; +http://www.google.com/bot.html)"
66.249.79.103 - - [13/Sep/2021:09:57:08 +0000] "GET / HTTP/1.1" 403 271 "-" "Mozilla/5.0 (Linux; Android 6.0.1; Nexus 5X Build/MMB29P) AppleWebKit/537.36 (KHTML, like Gecko) Chrome/92.0.4515.119 Mobile Safari/537.36 (compatible; Googlebot/2.1; +http://www.google.com/bot.html)"
23.19.75.76 - - [13/Sep/2021:11:25:42 +0000] "GET / HTTP/1.1" 403 271 "-" "Mozilla/5.0 (Windows NT 10.0; Win64; x64) AppleWebKit/537.36 (KHTML, like Gecko) Chrome/91.0.4472.77 Safari/537.36"
23.94.68.252 - - [13/Sep/2021:12:51:34 +0000] "GET / HTTP/1.1" 403 271 "-" "Mozilla/5.0 (Windows NT 10.0; Win64; x64) AppleWebKit/537.36 (KHTML, like Gecko) Chrome/76.0.3809.100 Safari/537.36"
167.172.73.32 - - [13/Sep/2021:16:36:45 +0000] "GET / HTTP/1.1" 403 271 "-" "Mozilla/5.0 (Windows NT 10.0; Win64; x64) AppleWebKit/537.36 (KHTML, like Gecko) Chrome/88.0.4240.193 Safari/537.36"
167.172.73.32 - - [13/Sep/2021:16:36:45 +0000] "GET / HTTP/1.1" 403 271 "-" "Mozilla/5.0 (Windows NT 10.0; Win64; x64) AppleWebKit/537.36 (KHTML, like Gecko) Chrome/88.0.4240.193 Safari/537.36"
167.172.73.32 - - [13/Sep/2021:16:36:45 +0000] "GET /wp-includes/wlwmanifest.xml HTTP/1.1" 403 298 "-" "Mozilla/5.0 (Windows NT 10.0; Win64; x64) AppleWebKit/537.36 (KHTML, like Gecko) Chrome/88.0.4240.193 Safari/537.36"
167.172.73.32 - - [13/Sep/2021:16:36:45 +0000] "GET /xmlrpc.php?rsd HTTP/1.1" 403 281 "-" "Mozilla/5.0 (Windows NT 10.0; Win64; x64) AppleWebKit/537.36 (KHTML, like Gecko) Chrome/88.0.4240.193 Safari/537.36"
167.172.73.32 - - [13/Sep/2021:16:36:45 +0000] "GET / HTTP/1.1" 403 271 "-" "Mozilla/5.0 (Windows NT 10.0; Win64; x64) AppleWebKit/537.36 (KHTML, like Gecko) Chrome/88.0.4240.193 Safari/537.36"
167.172.73.32 - - [13/Sep/2021:16:36:45 +0000] "GET /blog/wp-includes/wlwmanifest.xml HTTP/1.1" 403 303 "-" "Mozilla/5.0 (Windows NT 10.0; Win64; x64) AppleWebKit/537.36 (KHTML, like Gecko) Chrome/88.0.4240.193 Safari/537.36"
167.172.73.32 - - [13/Sep/2021:16:36:45 +0000] "GET /web/wp-includes/wlwmanifest.xml HTTP/1.1" 403 302 "-" "Mozilla/5.0 (Windows NT 10.0; Win64; x64) AppleWebKit/537.36 (KHTML, like Gecko) Chrome/88.0.4240.193 Safari/537.36"
167.172.73.32 - - [13/Sep/2021:16:36:45 +0000] "GET /wordpress/wp-includes/wlwmanifest.xml HTTP/1.1" 403 308 "-" "Mozilla/5.0 (Windows NT 10.0; Win64; x64) AppleWebKit/537.36 (KHTML, like Gecko) Chrome/88.0.4240.193 Safari/537.36"
167.172.73.32 - - [13/Sep/2021:16:36:45 +0000] "GET /website/wp-includes/wlwmanifest.xml HTTP/1.1" 403 306 "-" "Mozilla/5.0 (Windows NT 10.0; Win64; x64) AppleWebKit/537.36 (KHTML, like Gecko) Chrome/88.0.4240.193 Safari/537.36"
167.172.73.32 - - [13/Sep/2021:16:36:45 +0000] "GET /wp/wp-includes/wlwmanifest.xml HTTP/1.1" 403 301 "-" "Mozilla/5.0 (Windows NT 10.0; Win64; x64) AppleWebKit/537.36 (KHTML, like Gecko) Chrome/88.0.4240.193 Safari/537.36"
167.172.73.32 - - [13/Sep/2021:16:36:46 +0000] "GET /news/wp-includes/wlwmanifest.xml HTTP/1.1" 403 303 "-" "Mozilla/5.0 (Windows NT 10.0; Win64; x64) AppleWebKit/537.36 (KHTML, like Gecko) Chrome/88.0.4240.193 Safari/537.36"
167.172.73.32 - - [13/Sep/2021:16:36:46 +0000] "GET /2020/wp-includes/wlwmanifest.xml HTTP/1.1" 403 303 "-" "Mozilla/5.0 (Windows NT 10.0; Win64; x64) AppleWebKit/537.36 (KHTML, like Gecko) Chrome/88.0.4240.193 Safari/537.36"
167.172.73.32 - - [13/Sep/2021:16:36:46 +0000] "GET /2019/wp-includes/wlwmanifest.xml HTTP/1.1" 403 303 "-" "Mozilla/5.0 (Windows NT 10.0; Win64; x64) AppleWebKit/537.36 (KHTML, like Gecko) Chrome/88.0.4240.193 Safari/537.36"
167.172.73.32 - - [13/Sep/2021:16:36:46 +0000] "GET /shop/wp-includes/wlwmanifest.xml HTTP/1.1" 403 303 "-" "Mozilla/5.0 (Windows NT 10.0; Win64; x64) AppleWebKit/537.36 (KHTML, like Gecko) Chrome/88.0.4240.193 Safari/537.36"
167.172.73.32 - - [13/Sep/2021:16:36:46 +0000] "GET /wp1/wp-includes/wlwmanifest.xml HTTP/1.1" 403 302 "-" "Mozilla/5.0 (Windows NT 10.0; Win64; x64) AppleWebKit/537.36 (KHTML, like Gecko) Chrome/88.0.4240.193 Safari/537.36"
167.172.73.32 - - [13/Sep/2021:16:36:46 +0000] "GET /test/wp-includes/wlwmanifest.xml HTTP/1.1" 403 303 "-" "Mozilla/5.0 (Windows NT 10.0; Win64; x64) AppleWebKit/537.36 (KHTML, like Gecko) Chrome/88.0.4240.193 Safari/537.36"
167.172.73.32 - - [13/Sep/2021:16:36:46 +0000] "GET /wp2/wp-includes/wlwmanifest.xml HTTP/1.1" 403 302 "-" "Mozilla/5.0 (Windows NT 10.0; Win64; x64) AppleWebKit/537.36 (KHTML, like Gecko) Chrome/88.0.4240.193 Safari/537.36"
167.172.73.32 - - [13/Sep/2021:16:36:46 +0000] "GET /site/wp-includes/wlwmanifest.xml HTTP/1.1" 403 303 "-" "Mozilla/5.0 (Windows NT 10.0; Win64; x64) AppleWebKit/537.36 (KHTML, like Gecko) Chrome/88.0.4240.193 Safari/537.36"
167.172.73.32 - - [13/Sep/2021:16:36:46 +0000] "GET /cms/wp-includes/wlwmanifest.xml HTTP/1.1" 403 302 "-" "Mozilla/5.0 (Windows NT 10.0; Win64; x64) AppleWebKit/537.36 (KHTML, like Gecko) Chrome/88.0.4240.193 Safari/537.36"
167.172.73.32 - - [13/Sep/2021:16:36:46 +0000] "GET /sito/wp-includes/wlwmanifest.xml HTTP/1.1" 403 303 "-" "Mozilla/5.0 (Windows NT 10.0; Win64; x64) AppleWebKit/537.36 (KHTML, like Gecko) Chrome/88.0.4240.193 Safari/537.36"
103.50.162.107 - - [13/Sep/2021:16:54:56 +0000] "GET /.well-known/acme-challenge/6TI_SE1K8AIK_8RKORW_LLABXRQSW0SS HTTP/1.1" 404 257 "-" "Cpanel-HTTP-Client/1.0"
103.50.162.107 - - [13/Sep/2021:16:55:00 +0000] "GET /.well-known/acme-challenge/-YF8SXDW8-7O9D615_S7R7J3DE2HMSJM HTTP/1.1" 404 257 "-" "Cpanel-HTTP-Client/1.0"
103.50.162.107 - - [13/Sep/2021:18:44:28 +0000] "GET /.well-known/acme-challenge/9NH8SFR1NHM-KA-4B9J2LKPWML5ZGCNJ HTTP/1.1" 404 257 "-" "Cpanel-HTTP-Client/1.0"
103.50.162.107 - - [13/Sep/2021:18:44:31 +0000] "GET /.well-known/acme-challenge/4KXSHUI00K37QZCPJIYR-CGZ0DA6A41O HTTP/1.1" 404 257 "-" "Cpanel-HTTP-Client/1.0"
66.249.79.100 - - [13/Sep/2021:18:56:29 +0000] "GET / HTTP/1.1" 403 271 "-" "Mozilla/5.0 (Linux; Android 6.0.1; Nexus 5X Build/MMB29P) AppleWebKit/537.36 (KHTML, like Gecko) Chrome/93.0.4577.83 Mobile Safari/537.36 (compatible; Googlebot/2.1; +http://www.google.com/bot.html)"
66.249.79.100 - - [13/Sep/2021:19:19:09 +0000] "GET / HTTP/1.1" 403 271 "-" "Mozilla/5.0 (compatible; Googlebot/2.1; +http://www.google.com/bot.html)"
209.97.184.186 - - [14/Sep/2021:02:19:13 +0000] "HEAD / HTTP/1.1" 403 - "-" "Mozilla/5.0 (Windows NT 10.0; Win64; x64) AppleWebKit/537.36 (KHTML, like Gecko) Chrome/70.0.3538.102 Safari/537.36 Edge/18.18363"
34.209.86.225 - - [14/Sep/2021:02:46:05 +0000] "GET / HTTP/1.1" 403 271 "-" "Mozilla/5.0 (X11; Linux x86_64) AppleWebKit/537.36 (KHTML, like Gecko) Chrome/83.0.4103.97 Safari/537.36"
157.90.181.221 - - [14/Sep/2021:04:02:37 +0000] "GET /robots.txt HTTP/1.1" 403 281 "-" "Mozilla/5.0 (compatible; BLEXBot/1.0; +http://webmeup-crawler.com/)"
103.50.162.107 - - [14/Sep/2021:04:48:01 +0000] "GET /.well-known/acme-challenge/T1Q2BOI9-DLH2-93SG1V2NLM_6XH7-5I HTTP/1.1" 404 257 "-" "Cpanel-HTTP-Client/1.0"
103.50.162.107 - - [14/Sep/2021:04:48:04 +0000] "GET /.well-known/acme-challenge/T1CCTD5NA1D7DUSG7VF5MPV55WCLF4Q- HTTP/1.1" 404 257 "-" "Cpanel-HTTP-Client/1.0"
3.142.194.210 - - [14/Sep/2021:05:15:12 +0000] "HEAD / HTTP/1.1" 403 - "-" "CheckMarkNetwork/1.0 (+http://www.checkmarknetwork.com/spider.html)"
178.128.122.163 - - [14/Sep/2021:11:11:49 +0000] "GET / HTTP/1.1" 403 271 "-" "Mozilla/5.0 (Windows NT 10.0; Win64; x64) AppleWebKit/537.36 (KHTML, like Gecko) Chrome/88.0.4240.193 Safari/537.36"
178.128.122.163 - - [14/Sep/2021:11:11:49 +0000] "GET / HTTP/1.1" 403 271 "-" "Mozilla/5.0 (Windows NT 10.0; Win64; x64) AppleWebKit/537.36 (KHTML, like Gecko) Chrome/88.0.4240.193 Safari/537.36"
178.128.122.163 - - [14/Sep/2021:11:11:49 +0000] "GET /wp-includes/wlwmanifest.xml HTTP/1.1" 403 298 "-" "Mozilla/5.0 (Windows NT 10.0; Win64; x64) AppleWebKit/537.36 (KHTML, like Gecko) Chrome/88.0.4240.193 Safari/537.36"
178.128.122.163 - - [14/Sep/2021:11:11:49 +0000] "GET /xmlrpc.php?rsd HTTP/1.1" 403 281 "-" "Mozilla/5.0 (Windows NT 10.0; Win64; x64) AppleWebKit/537.36 (KHTML, like Gecko) Chrome/88.0.4240.193 Safari/537.36"
178.128.122.163 - - [14/Sep/2021:11:11:49 +0000] "GET / HTTP/1.1" 403 271 "-" "Mozilla/5.0 (Windows NT 10.0; Win64; x64) AppleWebKit/537.36 (KHTML, like Gecko) Chrome/88.0.4240.193 Safari/537.36"
178.128.122.163 - - [14/Sep/2021:11:11:49 +0000] "GET /blog/wp-includes/wlwmanifest.xml HTTP/1.1" 403 303 "-" "Mozilla/5.0 (Windows NT 10.0; Win64; x64) AppleWebKit/537.36 (KHTML, like Gecko) Chrome/88.0.4240.193 Safari/537.36"
178.128.122.163 - - [14/Sep/2021:11:11:49 +0000] "GET /web/wp-includes/wlwmanifest.xml HTTP/1.1" 403 302 "-" "Mozilla/5.0 (Windows NT 10.0; Win64; x64) AppleWebKit/537.36 (KHTML, like Gecko) Chrome/88.0.4240.193 Safari/537.36"
178.128.122.163 - - [14/Sep/2021:11:11:49 +0000] "GET /wordpress/wp-includes/wlwmanifest.xml HTTP/1.1" 403 308 "-" "Mozilla/5.0 (Windows NT 10.0; Win64; x64) AppleWebKit/537.36 (KHTML, like Gecko) Chrome/88.0.4240.193 Safari/537.36"
178.128.122.163 - - [14/Sep/2021:11:11:49 +0000] "GET /website/wp-includes/wlwmanifest.xml HTTP/1.1" 403 306 "-" "Mozilla/5.0 (Windows NT 10.0; Win64; x64) AppleWebKit/537.36 (KHTML, like Gecko) Chrome/88.0.4240.193 Safari/537.36"
178.128.122.163 - - [14/Sep/2021:11:11:49 +0000] "GET /wp/wp-includes/wlwmanifest.xml HTTP/1.1" 403 301 "-" "Mozilla/5.0 (Windows NT 10.0; Win64; x64) AppleWebKit/537.36 (KHTML, like Gecko) Chrome/88.0.4240.193 Safari/537.36"
178.128.122.163 - - [14/Sep/2021:11:11:50 +0000] "GET /news/wp-includes/wlwmanifest.xml HTTP/1.1" 403 303 "-" "Mozilla/5.0 (Windows NT 10.0; Win64; x64) AppleWebKit/537.36 (KHTML, like Gecko) Chrome/88.0.4240.193 Safari/537.36"
178.128.122.163 - - [14/Sep/2021:11:11:50 +0000] "GET /2020/wp-includes/wlwmanifest.xml HTTP/1.1" 403 303 "-" "Mozilla/5.0 (Windows NT 10.0; Win64; x64) AppleWebKit/537.36 (KHTML, like Gecko) Chrome/88.0.4240.193 Safari/537.36"
178.128.122.163 - - [14/Sep/2021:11:11:50 +0000] "GET /2019/wp-includes/wlwmanifest.xml HTTP/1.1" 403 303 "-" "Mozilla/5.0 (Windows NT 10.0; Win64; x64) AppleWebKit/537.36 (KHTML, like Gecko) Chrome/88.0.4240.193 Safari/537.36"
178.128.122.163 - - [14/Sep/2021:11:11:50 +0000] "GET /shop/wp-includes/wlwmanifest.xml HTTP/1.1" 403 303 "-" "Mozilla/5.0 (Windows NT 10.0; Win64; x64) AppleWebKit/537.36 (KHTML, like Gecko) Chrome/88.0.4240.193 Safari/537.36"
178.128.122.163 - - [14/Sep/2021:11:11:50 +0000] "GET /wp1/wp-includes/wlwmanifest.xml HTTP/1.1" 403 302 "-" "Mozilla/5.0 (Windows NT 10.0; Win64; x64) AppleWebKit/537.36 (KHTML, like Gecko) Chrome/88.0.4240.193 Safari/537.36"
178.128.122.163 - - [14/Sep/2021:11:11:50 +0000] "GET /test/wp-includes/wlwmanifest.xml HTTP/1.1" 403 303 "-" "Mozilla/5.0 (Windows NT 10.0; Win64; x64) AppleWebKit/537.36 (KHTML, like Gecko) Chrome/88.0.4240.193 Safari/537.36"
178.128.122.163 - - [14/Sep/2021:11:11:50 +0000] "GET /wp2/wp-includes/wlwmanifest.xml HTTP/1.1" 403 302 "-" "Mozilla/5.0 (Windows NT 10.0; Win64; x64) AppleWebKit/537.36 (KHTML, like Gecko) Chrome/88.0.4240.193 Safari/537.36"
178.128.122.163 - - [14/Sep/2021:11:11:50 +0000] "GET /site/wp-includes/wlwmanifest.xml HTTP/1.1" 403 303 "-" "Mozilla/5.0 (Windows NT 10.0; Win64; x64) AppleWebKit/537.36 (KHTML, like Gecko) Chrome/88.0.4240.193 Safari/537.36"
178.128.122.163 - - [14/Sep/2021:11:11:50 +0000] "GET /cms/wp-includes/wlwmanifest.xml HTTP/1.1" 403 302 "-" "Mozilla/5.0 (Windows NT 10.0; Win64; x64) AppleWebKit/537.36 (KHTML, like Gecko) Chrome/88.0.4240.193 Safari/537.36"
178.128.122.163 - - [14/Sep/2021:11:11:50 +0000] "GET /sito/wp-includes/wlwmanifest.xml HTTP/1.1" 403 303 "-" "Mozilla/5.0 (Windows NT 10.0; Win64; x64) AppleWebKit/537.36 (KHTML, like Gecko) Chrome/88.0.4240.193 Safari/537.36"
5.188.62.76 - - [14/Sep/2021:12:43:25 +0000] "GET / HTTP/1.1" 403 271 "-" "Mozilla/5.0 (Windows NT 5.1; WOW64) AppleWebKit/537.36 (KHTML, like Gecko) Chrome/41.0.2226.0 Safari/537.36"
2.57.122.24 - - [14/Sep/2021:14:11:10 +0000] "GET /.env HTTP/1.1" 403 275 "-" "Mozilla/5.0 (X11; Linux x86_64) AppleWebKit/537.36 (KHTML, like Gecko) Chrome/81.0.4044.129 Safari/537.36"
2.57.122.24 - - [14/Sep/2021:14:11:27 +0000] "POST / HTTP/1.1" 403 271 "-" "Mozilla/5.0 (X11; Linux x86_64) AppleWebKit/537.36 (KHTML, like Gecko) Chrome/81.0.4044.129 Safari/537.36"
23.99.97.154 - - [14/Sep/2021:16:19:22 +0000] "GET /wp-login.php HTTP/1.1" 403 283 "-" "Mozilla/5.0 (X11; Ubuntu; Linux x86_64; rv:62.0) Gecko/20100101 Firefox/62.0"
65.21.194.103 - - [14/Sep/2021:17:53:08 +0000] "GET / HTTP/1.1" 403 271 "-" "python-urllib3/1.26.6"
104.227.54.251 - - [14/Sep/2021:19:28:17 +0000] "GET / HTTP/1.1" 403 271 "-" "Mozilla/5.0 (Windows NT 10.0; Win64; x64) AppleWebKit/537.36 (KHTML, like Gecko) Chrome/76.0.3809.100 Safari/537.36"
5.188.62.76 - - [14/Sep/2021:20:49:52 +0000] "GET / HTTP/1.1" 403 271 "-" "Mozilla/5.0 (Windows NT 6.0) AppleWebKit/537.36 (KHTML, like Gecko) Chrome/41.0.2227.1 Safari/537.36"
173.252.87.21 - - [15/Sep/2021:02:33:04 +0000] "GET /robots.txt HTTP/1.1" 403 281 "-" "facebookexternalhit/1.1 (+http://www.facebook.com/externalhit_uatext.php)"
20.150.142.191 - - [15/Sep/2021:04:14:52 +0000] "GET /wp-admin/css/ HTTP/1.1" 403 284 "binance.com" "Mozilla/5.0 (Windows NT 10.0; Win64; x64) AppleWebKit/537.36 (KHTML, like Gecko) Chrome/90.0.4430.85 Safari/537.36"
103.50.162.107 - - [15/Sep/2021:04:58:24 +0000] "GET /.well-known/acme-challenge/CPYT9Q_O267YTE62DDS5212TMXOG0LRC HTTP/1.1" 404 257 "-" "Cpanel-HTTP-Client/1.0"
103.50.162.107 - - [15/Sep/2021:04:58:27 +0000] "GET /.well-known/acme-challenge/AJHVWLJBCTCJK8F42GXL15HUD2OPNYOK HTTP/1.1" 404 257 "-" "Cpanel-HTTP-Client/1.0"
167.172.78.186 - - [15/Sep/2021:07:50:00 +0000] "GET / HTTP/1.1" 403 271 "-" "Mozilla/5.0 (Windows NT 10.0; Win64; x64) AppleWebKit/537.36 (KHTML, like Gecko) Chrome/76.0.3809.132 Safari/537.36"
167.172.78.186 - - [15/Sep/2021:07:50:00 +0000] "GET /wp-includes/wlwmanifest.xml HTTP/1.1" 403 298 "-" "Mozilla/5.0 (Windows NT 10.0; Win64; x64) AppleWebKit/537.36 (KHTML, like Gecko) Chrome/76.0.3809.132 Safari/537.36"
167.172.78.186 - - [15/Sep/2021:07:50:00 +0000] "GET /xmlrpc.php?rsd HTTP/1.1" 403 281 "-" "Mozilla/5.0 (Windows NT 10.0; Win64; x64) AppleWebKit/537.36 (KHTML, like Gecko) Chrome/76.0.3809.132 Safari/537.36"
167.172.78.186 - - [15/Sep/2021:07:50:00 +0000] "GET / HTTP/1.1" 403 271 "-" "Mozilla/5.0 (Windows NT 10.0; Win64; x64) AppleWebKit/537.36 (KHTML, like Gecko) Chrome/76.0.3809.132 Safari/537.36"
167.172.78.186 - - [15/Sep/2021:07:50:00 +0000] "GET /blog/wp-includes/wlwmanifest.xml HTTP/1.1" 403 303 "-" "Mozilla/5.0 (Windows NT 10.0; Win64; x64) AppleWebKit/537.36 (KHTML, like Gecko) Chrome/76.0.3809.132 Safari/537.36"
167.172.78.186 - - [15/Sep/2021:07:50:00 +0000] "GET /web/wp-includes/wlwmanifest.xml HTTP/1.1" 403 302 "-" "Mozilla/5.0 (Windows NT 10.0; Win64; x64) AppleWebKit/537.36 (KHTML, like Gecko) Chrome/76.0.3809.132 Safari/537.36"
167.172.78.186 - - [15/Sep/2021:07:50:00 +0000] "GET /wordpress/wp-includes/wlwmanifest.xml HTTP/1.1" 403 308 "-" "Mozilla/5.0 (Windows NT 10.0; Win64; x64) AppleWebKit/537.36 (KHTML, like Gecko) Chrome/76.0.3809.132 Safari/537.36"
167.172.78.186 - - [15/Sep/2021:07:50:00 +0000] "GET /website/wp-includes/wlwmanifest.xml HTTP/1.1" 403 306 "-" "Mozilla/5.0 (Windows NT 10.0; Win64; x64) AppleWebKit/537.36 (KHTML, like Gecko) Chrome/76.0.3809.132 Safari/537.36"
167.172.78.186 - - [15/Sep/2021:07:50:00 +0000] "GET /wp/wp-includes/wlwmanifest.xml HTTP/1.1" 403 301 "-" "Mozilla/5.0 (Windows NT 10.0; Win64; x64) AppleWebKit/537.36 (KHTML, like Gecko) Chrome/76.0.3809.132 Safari/537.36"
167.172.78.186 - - [15/Sep/2021:07:50:00 +0000] "GET /news/wp-includes/wlwmanifest.xml HTTP/1.1" 403 303 "-" "Mozilla/5.0 (Windows NT 10.0; Win64; x64) AppleWebKit/537.36 (KHTML, like Gecko) Chrome/76.0.3809.132 Safari/537.36"
167.172.78.186 - - [15/Sep/2021:07:50:00 +0000] "GET /2018/wp-includes/wlwmanifest.xml HTTP/1.1" 403 303 "-" "Mozilla/5.0 (Windows NT 10.0; Win64; x64) AppleWebKit/537.36 (KHTML, like Gecko) Chrome/76.0.3809.132 Safari/537.36"
167.172.78.186 - - [15/Sep/2021:07:50:00 +0000] "GET /2019/wp-includes/wlwmanifest.xml HTTP/1.1" 403 303 "-" "Mozilla/5.0 (Windows NT 10.0; Win64; x64) AppleWebKit/537.36 (KHTML, like Gecko) Chrome/76.0.3809.132 Safari/537.36"
167.172.78.186 - - [15/Sep/2021:07:50:00 +0000] "GET /shop/wp-includes/wlwmanifest.xml HTTP/1.1" 403 303 "-" "Mozilla/5.0 (Windows NT 10.0; Win64; x64) AppleWebKit/537.36 (KHTML, like Gecko) Chrome/76.0.3809.132 Safari/537.36"
167.172.78.186 - - [15/Sep/2021:07:50:00 +0000] "GET /wp1/wp-includes/wlwmanifest.xml HTTP/1.1" 403 302 "-" "Mozilla/5.0 (Windows NT 10.0; Win64; x64) AppleWebKit/537.36 (KHTML, like Gecko) Chrome/76.0.3809.132 Safari/537.36"
167.172.78.186 - - [15/Sep/2021:07:50:00 +0000] "GET /test/wp-includes/wlwmanifest.xml HTTP/1.1" 403 303 "-" "Mozilla/5.0 (Windows NT 10.0; Win64; x64) AppleWebKit/537.36 (KHTML, like Gecko) Chrome/76.0.3809.132 Safari/537.36"
167.172.78.186 - - [15/Sep/2021:07:50:00 +0000] "GET /media/wp-includes/wlwmanifest.xml HTTP/1.1" 403 304 "-" "Mozilla/5.0 (Windows NT 10.0; Win64; x64) AppleWebKit/537.36 (KHTML, like Gecko) Chrome/76.0.3809.132 Safari/537.36"
167.172.78.186 - - [15/Sep/2021:07:50:00 +0000] "GET /wp2/wp-includes/wlwmanifest.xml HTTP/1.1" 403 302 "-" "Mozilla/5.0 (Windows NT 10.0; Win64; x64) AppleWebKit/537.36 (KHTML, like Gecko) Chrome/76.0.3809.132 Safari/537.36"
167.172.78.186 - - [15/Sep/2021:07:50:00 +0000] "GET /site/wp-includes/wlwmanifest.xml HTTP/1.1" 403 303 "-" "Mozilla/5.0 (Windows NT 10.0; Win64; x64) AppleWebKit/537.36 (KHTML, like Gecko) Chrome/76.0.3809.132 Safari/537.36"
167.172.78.186 - - [15/Sep/2021:07:50:00 +0000] "GET /cms/wp-includes/wlwmanifest.xml HTTP/1.1" 403 302 "-" "Mozilla/5.0 (Windows NT 10.0; Win64; x64) AppleWebKit/537.36 (KHTML, like Gecko) Chrome/76.0.3809.132 Safari/537.36"
167.172.78.186 - - [15/Sep/2021:07:50:01 +0000] "GET /sito/wp-includes/wlwmanifest.xml HTTP/1.1" 403 303 "-" "Mozilla/5.0 (Windows NT 10.0; Win64; x64) AppleWebKit/537.36 (KHTML, like Gecko) Chrome/76.0.3809.132 Safari/537.36"
195.22.153.171 - - [15/Sep/2021:08:17:56 +0000] "GET / HTTP/1.1" 403 271 "-" "Embarcadero URI Client/1.0"
195.22.153.171 - - [15/Sep/2021:08:17:56 +0000] "GET /contact HTTP/1.1" 403 278 "-" "Embarcadero URI Client/1.0"
172.245.64.86 - - [15/Sep/2021:12:13:42 +0000] "GET / HTTP/1.1" 403 271 "-" "Mozilla/5.0 (Macintosh; Intel Mac OS X 10_10_3) AppleWebKit/537.36 (KHTML, like Gecko) Chrome/56.0.2986.42 Safari/537.36"
194.36.97.173 - - [15/Sep/2021:12:13:43 +0000] "GET / HTTP/1.1" 403 271 "-" "Mozilla/5.0 (Macintosh; Intel Mac OS X 10_10_3) AppleWebKit/537.36 (KHTML, like Gecko) Chrome/56.0.2986.42 Safari/537.36"
196.240.237.59 - - [15/Sep/2021:12:13:44 +0000] "GET / HTTP/1.1" 403 271 "-" "Mozilla/5.0 (Macintosh; Intel Mac OS X 10_10_3) AppleWebKit/537.36 (KHTML, like Gecko) Chrome/56.0.2986.42 Safari/537.36"
23.95.204.21 - - [15/Sep/2021:12:13:45 +0000] "GET / HTTP/1.1" 403 271 "-" "Mozilla/5.0 (Macintosh; Intel Mac OS X 10_10_3) AppleWebKit/537.36 (KHTML, like Gecko) Chrome/56.0.2986.42 Safari/537.36"
192.99.18.122 - - [15/Sep/2021:14:28:17 +0000] "GET / HTTP/1.1" 403 271 "https://www.google.com" "Mozilla/5.0 (X11; Ubuntu; Linux x86_64; rv:72.0) Gecko/20100101 Firefox/72.0"
176.123.4.115 - - [15/Sep/2021:15:53:16 +0000] "GET / HTTP/1.1" 403 271 "-" "Mozilla/5.0 (compatible; Googlebot/2.1; +http://www.google.com/bot.html)"
45.129.18.214 - - [15/Sep/2021:17:43:58 +0000] "HEAD / HTTP/1.1" 403 - "-" "Mozilla/5.0 (Macintosh; Intel Mac OS X 10_9_3) AppleWebKit/537.36 (KHTML, like Gecko) Chrome/35.0.1916.47 Safari/537.36"
45.64.54.158 - - [15/Sep/2021:19:06:09 +0000] "GET /wp-login.php HTTP/1.1" 403 283 "-" "Mozilla/5.0 (X11; Ubuntu; Linux x86_64; rv:62.0) Gecko/20100101 Firefox/62.0"
157.90.181.221 - - [15/Sep/2021:21:20:41 +0000] "GET /robots.txt HTTP/1.1" 403 281 "-" "Mozilla/5.0 (compatible; BLEXBot/1.0; +http://webmeup-crawler.com/)"
20.37.245.16 - - [15/Sep/2021:22:29:09 +0000] "GET / HTTP/1.1" 403 271 "-" "Mozilla/5.0 (Windows NT 10.0; Win64; x64) AppleWebKit/537.36 (KHTML, like Gecko) Chrome/88.0.4240.193 Safari/537.36"
20.37.245.16 - - [15/Sep/2021:22:29:10 +0000] "GET / HTTP/1.1" 403 271 "-" "Mozilla/5.0 (Windows NT 10.0; Win64; x64) AppleWebKit/537.36 (KHTML, like Gecko) Chrome/88.0.4240.193 Safari/537.36"
20.37.245.16 - - [15/Sep/2021:22:29:10 +0000] "GET /wp-includes/wlwmanifest.xml HTTP/1.1" 403 298 "-" "Mozilla/5.0 (Windows NT 10.0; Win64; x64) AppleWebKit/537.36 (KHTML, like Gecko) Chrome/88.0.4240.193 Safari/537.36"
20.37.245.16 - - [15/Sep/2021:22:29:10 +0000] "GET /xmlrpc.php?rsd HTTP/1.1" 403 281 "-" "Mozilla/5.0 (Windows NT 10.0; Win64; x64) AppleWebKit/537.36 (KHTML, like Gecko) Chrome/88.0.4240.193 Safari/537.36"
20.37.245.16 - - [15/Sep/2021:22:29:10 +0000] "GET / HTTP/1.1" 403 271 "-" "Mozilla/5.0 (Windows NT 10.0; Win64; x64) AppleWebKit/537.36 (KHTML, like Gecko) Chrome/88.0.4240.193 Safari/537.36"
20.37.245.16 - - [15/Sep/2021:22:29:10 +0000] "GET /blog/wp-includes/wlwmanifest.xml HTTP/1.1" 403 303 "-" "Mozilla/5.0 (Windows NT 10.0; Win64; x64) AppleWebKit/537.36 (KHTML, like Gecko) Chrome/88.0.4240.193 Safari/537.36"
20.37.245.16 - - [15/Sep/2021:22:29:10 +0000] "GET /web/wp-includes/wlwmanifest.xml HTTP/1.1" 403 302 "-" "Mozilla/5.0 (Windows NT 10.0; Win64; x64) AppleWebKit/537.36 (KHTML, like Gecko) Chrome/88.0.4240.193 Safari/537.36"
20.37.245.16 - - [15/Sep/2021:22:29:10 +0000] "GET /wordpress/wp-includes/wlwmanifest.xml HTTP/1.1" 403 308 "-" "Mozilla/5.0 (Windows NT 10.0; Win64; x64) AppleWebKit/537.36 (KHTML, like Gecko) Chrome/88.0.4240.193 Safari/537.36"
20.37.245.16 - - [15/Sep/2021:22:29:10 +0000] "GET /website/wp-includes/wlwmanifest.xml HTTP/1.1" 403 306 "-" "Mozilla/5.0 (Windows NT 10.0; Win64; x64) AppleWebKit/537.36 (KHTML, like Gecko) Chrome/88.0.4240.193 Safari/537.36"
20.37.245.16 - - [15/Sep/2021:22:29:11 +0000] "GET /wp/wp-includes/wlwmanifest.xml HTTP/1.1" 403 301 "-" "Mozilla/5.0 (Windows NT 10.0; Win64; x64) AppleWebKit/537.36 (KHTML, like Gecko) Chrome/88.0.4240.193 Safari/537.36"
20.37.245.16 - - [15/Sep/2021:22:29:11 +0000] "GET /news/wp-includes/wlwmanifest.xml HTTP/1.1" 403 303 "-" "Mozilla/5.0 (Windows NT 10.0; Win64; x64) AppleWebKit/537.36 (KHTML, like Gecko) Chrome/88.0.4240.193 Safari/537.36"
20.37.245.16 - - [15/Sep/2021:22:29:11 +0000] "GET /2020/wp-includes/wlwmanifest.xml HTTP/1.1" 403 303 "-" "Mozilla/5.0 (Windows NT 10.0; Win64; x64) AppleWebKit/537.36 (KHTML, like Gecko) Chrome/88.0.4240.193 Safari/537.36"
20.37.245.16 - - [15/Sep/2021:22:29:11 +0000] "GET /2019/wp-includes/wlwmanifest.xml HTTP/1.1" 403 303 "-" "Mozilla/5.0 (Windows NT 10.0; Win64; x64) AppleWebKit/537.36 (KHTML, like Gecko) Chrome/88.0.4240.193 Safari/537.36"
20.37.245.16 - - [15/Sep/2021:22:29:11 +0000] "GET /shop/wp-includes/wlwmanifest.xml HTTP/1.1" 403 303 "-" "Mozilla/5.0 (Windows NT 10.0; Win64; x64) AppleWebKit/537.36 (KHTML, like Gecko) Chrome/88.0.4240.193 Safari/537.36"
20.37.245.16 - - [15/Sep/2021:22:29:11 +0000] "GET /wp1/wp-includes/wlwmanifest.xml HTTP/1.1" 403 302 "-" "Mozilla/5.0 (Windows NT 10.0; Win64; x64) AppleWebKit/537.36 (KHTML, like Gecko) Chrome/88.0.4240.193 Safari/537.36"
