51.195.90.229 - - [07/Oct/2021:19:13:26 +0000] "HEAD /sarees-collections/rangoli-saree/Beautiful-Rangoli-fabric-digital-print-women-saree HTTP/1.1" 301 - "https://pratibhafashionmart.com/sarees-collections/rangoli-saree" "Mozilla/5.0 (Windows NT 10.0; Win64; x64) AppleWebKit/537.36 (KHTML, like Gecko) Chrome/42.0.2311.135 Safari/537.36 Edge/12.246"
51.195.90.229 - - [07/Oct/2021:19:13:27 +0000] "HEAD /sarees-collections/rangoli-saree/Beautiful-Rangoli-fabric-digital-print-women-saree HTTP/1.1" 200 - "https://pratibhafashionmart.com/sarees-collections/rangoli-saree" "Mozilla/5.0 (Windows NT 10.0; Win64; x64) AppleWebKit/537.36 (KHTML, like Gecko) Chrome/42.0.2311.135 Safari/537.36 Edge/12.246"
51.195.90.229 - - [07/Oct/2021:19:13:28 +0000] "GET /sarees-collections/rangoli-saree/Beautiful-Rangoli-fabric-digital-print-women-saree HTTP/1.1" 200 99223 "https://pratibhafashionmart.com/sarees-collections/rangoli-saree" "Mozilla/5.0 (Windows NT 10.0; Win64; x64) AppleWebKit/537.36 (KHTML, like Gecko) Chrome/42.0.2311.135 Safari/537.36 Edge/12.246"
8.6.193.105 - - [07/Oct/2021:19:13:29 +0000] "GET / HTTP/1.1" 301 240 "-" "Mozilla/5.0 (Windows NT 10.0; Win64; x64) AppleWebKit/537.36 (KHTML, like Gecko) Chrome/88.0.4240.193 Safari/537.36"
51.195.90.229 - - [07/Oct/2021:19:13:29 +0000] "HEAD /sarees-collections/rangoli-saree/Fabric-Rangoli-with-Digital-Printed-Saree-with-Blouse HTTP/1.1" 301 - "https://pratibhafashionmart.com/sarees-collections/rangoli-saree" "Mozilla/5.0 (Windows NT 10.0; Win64; x64) AppleWebKit/537.36 (KHTML, like Gecko) Chrome/42.0.2311.135 Safari/537.36 Edge/12.246"
51.195.90.229 - - [07/Oct/2021:19:13:30 +0000] "HEAD /sarees-collections/rangoli-saree/Fabric-Rangoli-with-Digital-Printed-Saree-with-Blouse HTTP/1.1" 200 - "https://pratibhafashionmart.com/sarees-collections/rangoli-saree" "Mozilla/5.0 (Windows NT 10.0; Win64; x64) AppleWebKit/537.36 (KHTML, like Gecko) Chrome/42.0.2311.135 Safari/537.36 Edge/12.246"
51.195.90.229 - - [07/Oct/2021:19:13:30 +0000] "GET /sarees-collections/rangoli-saree/Fabric-Rangoli-with-Digital-Printed-Saree-with-Blouse HTTP/1.1" 200 98851 "https://pratibhafashionmart.com/sarees-collections/rangoli-saree" "Mozilla/5.0 (Windows NT 10.0; Win64; x64) AppleWebKit/537.36 (KHTML, like Gecko) Chrome/42.0.2311.135 Safari/537.36 Edge/12.246"
8.6.193.105 - - [07/Oct/2021:19:13:30 +0000] "GET / HTTP/1.1" 200 146378 "-" "Mozilla/5.0 (Windows NT 10.0; Win64; x64) AppleWebKit/537.36 (KHTML, like Gecko) Chrome/88.0.4240.193 Safari/537.36"
51.195.90.229 - - [07/Oct/2021:19:13:32 +0000] "HEAD /sarees-collections/rangoli-saree/Party-Wear-Rangoli-fabric-digital-printed-saree HTTP/1.1" 301 - "https://pratibhafashionmart.com/sarees-collections/rangoli-saree" "Mozilla/5.0 (Windows NT 10.0; Win64; x64) AppleWebKit/537.36 (KHTML, like Gecko) Chrome/42.0.2311.135 Safari/537.36 Edge/12.246"
8.6.193.105 - - [07/Oct/2021:19:13:32 +0000] "GET //wp-includes/wlwmanifest.xml HTTP/1.1" 404 39862 "-" "Mozilla/5.0 (Windows NT 10.0; Win64; x64) AppleWebKit/537.36 (KHTML, like Gecko) Chrome/88.0.4240.193 Safari/537.36"
8.6.193.105 - - [07/Oct/2021:19:13:32 +0000] "GET //xmlrpc.php?rsd HTTP/1.1" 404 39845 "-" "Mozilla/5.0 (Windows NT 10.0; Win64; x64) AppleWebKit/537.36 (KHTML, like Gecko) Chrome/88.0.4240.193 Safari/537.36"
51.195.90.229 - - [07/Oct/2021:19:13:33 +0000] "HEAD /sarees-collections/rangoli-saree/Party-Wear-Rangoli-fabric-digital-printed-saree HTTP/1.1" 200 - "https://pratibhafashionmart.com/sarees-collections/rangoli-saree" "Mozilla/5.0 (Windows NT 10.0; Win64; x64) AppleWebKit/537.36 (KHTML, like Gecko) Chrome/42.0.2311.135 Safari/537.36 Edge/12.246"
8.6.193.105 - - [07/Oct/2021:19:13:33 +0000] "GET / HTTP/1.1" 200 146373 "-" "Mozilla/5.0 (Windows NT 10.0; Win64; x64) AppleWebKit/537.36 (KHTML, like Gecko) Chrome/88.0.4240.193 Safari/537.36"
51.195.90.229 - - [07/Oct/2021:19:13:33 +0000] "GET /sarees-collections/rangoli-saree/Party-Wear-Rangoli-fabric-digital-printed-saree HTTP/1.1" 200 98615 "https://pratibhafashionmart.com/sarees-collections/rangoli-saree" "Mozilla/5.0 (Windows NT 10.0; Win64; x64) AppleWebKit/537.36 (KHTML, like Gecko) Chrome/42.0.2311.135 Safari/537.36 Edge/12.246"
8.6.193.105 - - [07/Oct/2021:19:13:34 +0000] "GET //blog/wp-includes/wlwmanifest.xml HTTP/1.1" 404 39872 "-" "Mozilla/5.0 (Windows NT 10.0; Win64; x64) AppleWebKit/537.36 (KHTML, like Gecko) Chrome/88.0.4240.193 Safari/537.36"
51.195.90.229 - - [07/Oct/2021:19:13:35 +0000] "HEAD /sarees-collections/rangoli-saree/Perfect-Rangoli-Fabric-saree-with-Blouse-piece HTTP/1.1" 301 - "https://pratibhafashionmart.com/sarees-collections/rangoli-saree" "Mozilla/5.0 (Windows NT 10.0; Win64; x64) AppleWebKit/537.36 (KHTML, like Gecko) Chrome/42.0.2311.135 Safari/537.36 Edge/12.246"
8.6.193.105 - - [07/Oct/2021:19:13:35 +0000] "GET //web/wp-includes/wlwmanifest.xml HTTP/1.1" 404 39870 "-" "Mozilla/5.0 (Windows NT 10.0; Win64; x64) AppleWebKit/537.36 (KHTML, like Gecko) Chrome/88.0.4240.193 Safari/537.36"
51.195.90.229 - - [07/Oct/2021:19:13:35 +0000] "HEAD /sarees-collections/rangoli-saree/Perfect-Rangoli-Fabric-saree-with-Blouse-piece HTTP/1.1" 200 - "https://pratibhafashionmart.com/sarees-collections/rangoli-saree" "Mozilla/5.0 (Windows NT 10.0; Win64; x64) AppleWebKit/537.36 (KHTML, like Gecko) Chrome/42.0.2311.135 Safari/537.36 Edge/12.246"
8.6.193.105 - - [07/Oct/2021:19:13:36 +0000] "GET //wordpress/wp-includes/wlwmanifest.xml HTTP/1.1" 404 39882 "-" "Mozilla/5.0 (Windows NT 10.0; Win64; x64) AppleWebKit/537.36 (KHTML, like Gecko) Chrome/88.0.4240.193 Safari/537.36"
8.6.193.105 - - [07/Oct/2021:19:13:36 +0000] "GET //website/wp-includes/wlwmanifest.xml HTTP/1.1" 404 39878 "-" "Mozilla/5.0 (Windows NT 10.0; Win64; x64) AppleWebKit/537.36 (KHTML, like Gecko) Chrome/88.0.4240.193 Safari/537.36"
51.195.90.229 - - [07/Oct/2021:19:13:36 +0000] "GET /sarees-collections/rangoli-saree/Perfect-Rangoli-Fabric-saree-with-Blouse-piece HTTP/1.1" 200 98403 "https://pratibhafashionmart.com/sarees-collections/rangoli-saree" "Mozilla/5.0 (Windows NT 10.0; Win64; x64) AppleWebKit/537.36 (KHTML, like Gecko) Chrome/42.0.2311.135 Safari/537.36 Edge/12.246"
8.6.193.105 - - [07/Oct/2021:19:13:37 +0000] "GET //wp/wp-includes/wlwmanifest.xml HTTP/1.1" 404 39868 "-" "Mozilla/5.0 (Windows NT 10.0; Win64; x64) AppleWebKit/537.36 (KHTML, like Gecko) Chrome/88.0.4240.193 Safari/537.36"
51.195.90.229 - - [07/Oct/2021:19:13:38 +0000] "HEAD /sarees-collections/rangoli-saree/PFM-Rangoli-Fabric-Saree-for-Beautiful-Lady HTTP/1.1" 301 - "https://pratibhafashionmart.com/sarees-collections/rangoli-saree" "Mozilla/5.0 (Windows NT 10.0; Win64; x64) AppleWebKit/537.36 (KHTML, like Gecko) Chrome/42.0.2311.135 Safari/537.36 Edge/12.246"
8.6.193.105 - - [07/Oct/2021:19:13:38 +0000] "GET //news/wp-includes/wlwmanifest.xml HTTP/1.1" 404 39872 "-" "Mozilla/5.0 (Windows NT 10.0; Win64; x64) AppleWebKit/537.36 (KHTML, like Gecko) Chrome/88.0.4240.193 Safari/537.36"
8.6.193.105 - - [07/Oct/2021:19:13:38 +0000] "GET //2020/wp-includes/wlwmanifest.xml HTTP/1.1" 404 39872 "-" "Mozilla/5.0 (Windows NT 10.0; Win64; x64) AppleWebKit/537.36 (KHTML, like Gecko) Chrome/88.0.4240.193 Safari/537.36"
51.195.90.229 - - [07/Oct/2021:19:13:38 +0000] "HEAD /sarees-collections/rangoli-saree/PFM-Rangoli-Fabric-Saree-for-Beautiful-Lady HTTP/1.1" 200 - "https://pratibhafashionmart.com/sarees-collections/rangoli-saree" "Mozilla/5.0 (Windows NT 10.0; Win64; x64) AppleWebKit/537.36 (KHTML, like Gecko) Chrome/42.0.2311.135 Safari/537.36 Edge/12.246"
8.6.193.105 - - [07/Oct/2021:19:13:39 +0000] "GET //2019/wp-includes/wlwmanifest.xml HTTP/1.1" 404 39872 "-" "Mozilla/5.0 (Windows NT 10.0; Win64; x64) AppleWebKit/537.36 (KHTML, like Gecko) Chrome/88.0.4240.193 Safari/537.36"
51.195.90.229 - - [07/Oct/2021:19:13:39 +0000] "GET /sarees-collections/rangoli-saree/PFM-Rangoli-Fabric-Saree-for-Beautiful-Lady HTTP/1.1" 200 99155 "https://pratibhafashionmart.com/sarees-collections/rangoli-saree" "Mozilla/5.0 (Windows NT 10.0; Win64; x64) AppleWebKit/537.36 (KHTML, like Gecko) Chrome/42.0.2311.135 Safari/537.36 Edge/12.246"
8.6.193.105 - - [07/Oct/2021:19:13:40 +0000] "GET //shop/wp-includes/wlwmanifest.xml HTTP/1.1" 404 39872 "-" "Mozilla/5.0 (Windows NT 10.0; Win64; x64) AppleWebKit/537.36 (KHTML, like Gecko) Chrome/88.0.4240.193 Safari/537.36"
51.195.90.229 - - [07/Oct/2021:19:13:41 +0000] "HEAD /sarees-collections/rangoli-saree?product_id=73 HTTP/1.1" 301 - "https://pratibhafashionmart.com/sarees-collections/rangoli-saree" "Mozilla/5.0 (Windows NT 10.0; Win64; x64) AppleWebKit/537.36 (KHTML, like Gecko) Chrome/42.0.2311.135 Safari/537.36 Edge/12.246"
8.6.193.105 - - [07/Oct/2021:19:13:40 +0000] "GET //wp1/wp-includes/wlwmanifest.xml HTTP/1.1" 404 39870 "-" "Mozilla/5.0 (Windows NT 10.0; Win64; x64) AppleWebKit/537.36 (KHTML, like Gecko) Chrome/88.0.4240.193 Safari/537.36"
8.6.193.105 - - [07/Oct/2021:19:13:41 +0000] "GET //test/wp-includes/wlwmanifest.xml HTTP/1.1" 404 39872 "-" "Mozilla/5.0 (Windows NT 10.0; Win64; x64) AppleWebKit/537.36 (KHTML, like Gecko) Chrome/88.0.4240.193 Safari/537.36"
51.195.90.229 - - [07/Oct/2021:19:13:41 +0000] "HEAD /sarees-collections/rangoli-saree?product_id=73 HTTP/1.1" 200 - "https://pratibhafashionmart.com/sarees-collections/rangoli-saree" "Mozilla/5.0 (Windows NT 10.0; Win64; x64) AppleWebKit/537.36 (KHTML, like Gecko) Chrome/42.0.2311.135 Safari/537.36 Edge/12.246"
8.6.193.105 - - [07/Oct/2021:19:13:42 +0000] "GET //wp2/wp-includes/wlwmanifest.xml HTTP/1.1" 404 39870 "-" "Mozilla/5.0 (Windows NT 10.0; Win64; x64) AppleWebKit/537.36 (KHTML, like Gecko) Chrome/88.0.4240.193 Safari/537.36"
51.195.90.229 - - [07/Oct/2021:19:13:42 +0000] "GET /sarees-collections/rangoli-saree?product_id=73 HTTP/1.1" 200 98149 "https://pratibhafashionmart.com/sarees-collections/rangoli-saree" "Mozilla/5.0 (Windows NT 10.0; Win64; x64) AppleWebKit/537.36 (KHTML, like Gecko) Chrome/42.0.2311.135 Safari/537.36 Edge/12.246"
8.6.193.105 - - [07/Oct/2021:19:13:42 +0000] "GET //site/wp-includes/wlwmanifest.xml HTTP/1.1" 404 39872 "-" "Mozilla/5.0 (Windows NT 10.0; Win64; x64) AppleWebKit/537.36 (KHTML, like Gecko) Chrome/88.0.4240.193 Safari/537.36"
51.195.90.229 - - [07/Oct/2021:19:13:43 +0000] "HEAD /sarees-collections/rangoli-saree?product_id=108 HTTP/1.1" 301 - "https://pratibhafashionmart.com/sarees-collections/rangoli-saree" "Mozilla/5.0 (Windows NT 10.0; Win64; x64) AppleWebKit/537.36 (KHTML, like Gecko) Chrome/42.0.2311.135 Safari/537.36 Edge/12.246"
8.6.193.105 - - [07/Oct/2021:19:13:43 +0000] "GET //cms/wp-includes/wlwmanifest.xml HTTP/1.1" 404 39870 "-" "Mozilla/5.0 (Windows NT 10.0; Win64; x64) AppleWebKit/537.36 (KHTML, like Gecko) Chrome/88.0.4240.193 Safari/537.36"
8.6.193.105 - - [07/Oct/2021:19:13:44 +0000] "GET //sito/wp-includes/wlwmanifest.xml HTTP/1.1" 404 39872 "-" "Mozilla/5.0 (Windows NT 10.0; Win64; x64) AppleWebKit/537.36 (KHTML, like Gecko) Chrome/88.0.4240.193 Safari/537.36"
51.195.90.229 - - [07/Oct/2021:19:13:44 +0000] "HEAD /sarees-collections/rangoli-saree?product_id=108 HTTP/1.1" 200 - "https://pratibhafashionmart.com/sarees-collections/rangoli-saree" "Mozilla/5.0 (Windows NT 10.0; Win64; x64) AppleWebKit/537.36 (KHTML, like Gecko) Chrome/42.0.2311.135 Safari/537.36 Edge/12.246"
51.195.90.229 - - [07/Oct/2021:19:13:45 +0000] "GET /sarees-collections/rangoli-saree?product_id=108 HTTP/1.1" 200 99151 "https://pratibhafashionmart.com/sarees-collections/rangoli-saree" "Mozilla/5.0 (Windows NT 10.0; Win64; x64) AppleWebKit/537.36 (KHTML, like Gecko) Chrome/42.0.2311.135 Safari/537.36 Edge/12.246"
51.195.90.229 - - [07/Oct/2021:19:13:46 +0000] "HEAD /sarees-collections/rangoli-saree?product_id=109 HTTP/1.1" 301 - "https://pratibhafashionmart.com/sarees-collections/rangoli-saree" "Mozilla/5.0 (Windows NT 10.0; Win64; x64) AppleWebKit/537.36 (KHTML, like Gecko) Chrome/42.0.2311.135 Safari/537.36 Edge/12.246"
51.195.90.229 - - [07/Oct/2021:19:13:47 +0000] "HEAD /sarees-collections/rangoli-saree?product_id=109 HTTP/1.1" 200 - "https://pratibhafashionmart.com/sarees-collections/rangoli-saree" "Mozilla/5.0 (Windows NT 10.0; Win64; x64) AppleWebKit/537.36 (KHTML, like Gecko) Chrome/42.0.2311.135 Safari/537.36 Edge/12.246"
51.195.90.229 - - [07/Oct/2021:19:13:48 +0000] "GET /sarees-collections/rangoli-saree?product_id=109 HTTP/1.1" 200 100223 "https://pratibhafashionmart.com/sarees-collections/rangoli-saree" "Mozilla/5.0 (Windows NT 10.0; Win64; x64) AppleWebKit/537.36 (KHTML, like Gecko) Chrome/42.0.2311.135 Safari/537.36 Edge/12.246"
51.195.90.229 - - [07/Oct/2021:19:13:49 +0000] "HEAD /sarees-collections/rangoli-saree?product_id=70 HTTP/1.1" 301 - "https://pratibhafashionmart.com/sarees-collections/rangoli-saree" "Mozilla/5.0 (Windows NT 10.0; Win64; x64) AppleWebKit/537.36 (KHTML, like Gecko) Chrome/42.0.2311.135 Safari/537.36 Edge/12.246"
51.195.90.229 - - [07/Oct/2021:19:13:50 +0000] "HEAD /sarees-collections/rangoli-saree?product_id=70 HTTP/1.1" 200 - "https://pratibhafashionmart.com/sarees-collections/rangoli-saree" "Mozilla/5.0 (Windows NT 10.0; Win64; x64) AppleWebKit/537.36 (KHTML, like Gecko) Chrome/42.0.2311.135 Safari/537.36 Edge/12.246"
51.195.90.229 - - [07/Oct/2021:19:13:51 +0000] "GET /sarees-collections/rangoli-saree?product_id=70 HTTP/1.1" 200 99080 "https://pratibhafashionmart.com/sarees-collections/rangoli-saree" "Mozilla/5.0 (Windows NT 10.0; Win64; x64) AppleWebKit/537.36 (KHTML, like Gecko) Chrome/42.0.2311.135 Safari/537.36 Edge/12.246"
51.195.90.229 - - [07/Oct/2021:19:13:52 +0000] "HEAD /sarees-collections/rangoli-saree?product_id=74 HTTP/1.1" 301 - "https://pratibhafashionmart.com/sarees-collections/rangoli-saree" "Mozilla/5.0 (Windows NT 10.0; Win64; x64) AppleWebKit/537.36 (KHTML, like Gecko) Chrome/42.0.2311.135 Safari/537.36 Edge/12.246"
51.195.90.229 - - [07/Oct/2021:19:13:52 +0000] "HEAD /sarees-collections/rangoli-saree?product_id=74 HTTP/1.1" 200 - "https://pratibhafashionmart.com/sarees-collections/rangoli-saree" "Mozilla/5.0 (Windows NT 10.0; Win64; x64) AppleWebKit/537.36 (KHTML, like Gecko) Chrome/42.0.2311.135 Safari/537.36 Edge/12.246"
51.195.90.229 - - [07/Oct/2021:19:13:53 +0000] "GET /sarees-collections/rangoli-saree?product_id=74 HTTP/1.1" 200 98855 "https://pratibhafashionmart.com/sarees-collections/rangoli-saree" "Mozilla/5.0 (Windows NT 10.0; Win64; x64) AppleWebKit/537.36 (KHTML, like Gecko) Chrome/42.0.2311.135 Safari/537.36 Edge/12.246"
51.195.90.229 - - [07/Oct/2021:19:13:55 +0000] "HEAD /sarees-collections/rangoli-saree?product_id=77 HTTP/1.1" 301 - "https://pratibhafashionmart.com/sarees-collections/rangoli-saree" "Mozilla/5.0 (Windows NT 10.0; Win64; x64) AppleWebKit/537.36 (KHTML, like Gecko) Chrome/42.0.2311.135 Safari/537.36 Edge/12.246"
51.195.90.229 - - [07/Oct/2021:19:13:55 +0000] "HEAD /sarees-collections/rangoli-saree?product_id=77 HTTP/1.1" 200 - "https://pratibhafashionmart.com/sarees-collections/rangoli-saree" "Mozilla/5.0 (Windows NT 10.0; Win64; x64) AppleWebKit/537.36 (KHTML, like Gecko) Chrome/42.0.2311.135 Safari/537.36 Edge/12.246"
51.195.90.229 - - [07/Oct/2021:19:13:56 +0000] "GET /sarees-collections/rangoli-saree?product_id=77 HTTP/1.1" 200 99085 "https://pratibhafashionmart.com/sarees-collections/rangoli-saree" "Mozilla/5.0 (Windows NT 10.0; Win64; x64) AppleWebKit/537.36 (KHTML, like Gecko) Chrome/42.0.2311.135 Safari/537.36 Edge/12.246"
51.195.90.229 - - [07/Oct/2021:19:13:57 +0000] "HEAD /Chanderi-ladies-suit-with-inner-by-PFM-RED HTTP/1.1" 301 - "https://pratibhafashionmart.com/index.php?route=product/category&path=72" "Mozilla/5.0 (Windows NT 10.0; Win64; x64) AppleWebKit/537.36 (KHTML, like Gecko) Chrome/42.0.2311.135 Safari/537.36 Edge/12.246"
51.195.90.229 - - [07/Oct/2021:19:13:58 +0000] "HEAD /Chanderi-ladies-suit-with-inner-by-PFM-RED HTTP/1.1" 200 - "https://pratibhafashionmart.com/index.php?route=product/category&path=72" "Mozilla/5.0 (Windows NT 10.0; Win64; x64) AppleWebKit/537.36 (KHTML, like Gecko) Chrome/42.0.2311.135 Safari/537.36 Edge/12.246"
51.195.90.229 - - [07/Oct/2021:19:13:59 +0000] "GET /Chanderi-ladies-suit-with-inner-by-PFM-RED HTTP/1.1" 200 100962 "https://pratibhafashionmart.com/index.php?route=product/category&path=72" "Mozilla/5.0 (Windows NT 10.0; Win64; x64) AppleWebKit/537.36 (KHTML, like Gecko) Chrome/42.0.2311.135 Safari/537.36 Edge/12.246"
51.195.90.229 - - [07/Oct/2021:19:14:00 +0000] "HEAD /chanderi-suit-with-inner-by-PFM-Blue HTTP/1.1" 301 - "https://pratibhafashionmart.com/index.php?route=product/category&path=72" "Mozilla/5.0 (Windows NT 10.0; Win64; x64) AppleWebKit/537.36 (KHTML, like Gecko) Chrome/42.0.2311.135 Safari/537.36 Edge/12.246"
51.195.90.229 - - [07/Oct/2021:19:14:01 +0000] "HEAD /chanderi-suit-with-inner-by-PFM-Blue HTTP/1.1" 200 - "https://pratibhafashionmart.com/index.php?route=product/category&path=72" "Mozilla/5.0 (Windows NT 10.0; Win64; x64) AppleWebKit/537.36 (KHTML, like Gecko) Chrome/42.0.2311.135 Safari/537.36 Edge/12.246"
51.195.90.229 - - [07/Oct/2021:19:14:02 +0000] "GET /chanderi-suit-with-inner-by-PFM-Blue HTTP/1.1" 200 100763 "https://pratibhafashionmart.com/index.php?route=product/category&path=72" "Mozilla/5.0 (Windows NT 10.0; Win64; x64) AppleWebKit/537.36 (KHTML, like Gecko) Chrome/42.0.2311.135 Safari/537.36 Edge/12.246"
51.195.90.229 - - [07/Oct/2021:19:14:03 +0000] "HEAD /Fabric-chanderi-with-inner-ladies-suit-PFM-Green HTTP/1.1" 301 - "https://pratibhafashionmart.com/index.php?route=product/category&path=72" "Mozilla/5.0 (Windows NT 10.0; Win64; x64) AppleWebKit/537.36 (KHTML, like Gecko) Chrome/42.0.2311.135 Safari/537.36 Edge/12.246"
51.195.90.229 - - [07/Oct/2021:19:14:04 +0000] "HEAD /Fabric-chanderi-with-inner-ladies-suit-PFM-Green HTTP/1.1" 200 - "https://pratibhafashionmart.com/index.php?route=product/category&path=72" "Mozilla/5.0 (Windows NT 10.0; Win64; x64) AppleWebKit/537.36 (KHTML, like Gecko) Chrome/42.0.2311.135 Safari/537.36 Edge/12.246"
51.195.90.229 - - [07/Oct/2021:19:14:05 +0000] "GET /Fabric-chanderi-with-inner-ladies-suit-PFM-Green HTTP/1.1" 200 99874 "https://pratibhafashionmart.com/index.php?route=product/category&path=72" "Mozilla/5.0 (Windows NT 10.0; Win64; x64) AppleWebKit/537.36 (KHTML, like Gecko) Chrome/42.0.2311.135 Safari/537.36 Edge/12.246"
51.195.90.229 - - [07/Oct/2021:19:14:06 +0000] "HEAD /index.php?route=checkout/cart HTTP/1.1" 301 - "https://pratibhafashionmart.com/index.php?route=checkout/cart" "Mozilla/5.0 (Windows NT 10.0; Win64; x64) AppleWebKit/537.36 (KHTML, like Gecko) Chrome/42.0.2311.135 Safari/537.36 Edge/12.246"
51.195.90.229 - - [07/Oct/2021:19:14:07 +0000] "HEAD /index.php?route=checkout/cart HTTP/1.1" 200 - "https://pratibhafashionmart.com/index.php?route=checkout/cart" "Mozilla/5.0 (Windows NT 10.0; Win64; x64) AppleWebKit/537.36 (KHTML, like Gecko) Chrome/42.0.2311.135 Safari/537.36 Edge/12.246"
51.195.90.229 - - [07/Oct/2021:19:14:07 +0000] "GET /index.php?route=checkout/cart HTTP/1.1" 200 39770 "https://pratibhafashionmart.com/index.php?route=checkout/cart" "Mozilla/5.0 (Windows NT 10.0; Win64; x64) AppleWebKit/537.36 (KHTML, like Gecko) Chrome/42.0.2311.135 Safari/537.36 Edge/12.246"
51.195.90.229 - - [07/Oct/2021:19:14:08 +0000] "HEAD /image/catalog/404/404-img-text.png HTTP/1.1" 200 - "https://pratibhafashionmart.com/index.php?route=checkout/cart" "Mozilla/5.0 (Windows NT 10.0; Win64; x64) AppleWebKit/537.36 (KHTML, like Gecko) Chrome/42.0.2311.135 Safari/537.36 Edge/12.246"
51.195.90.229 - - [07/Oct/2021:19:14:08 +0000] "HEAD /image/catalog/404/404-image.png HTTP/1.1" 200 - "https://pratibhafashionmart.com/index.php?route=checkout/cart" "Mozilla/5.0 (Windows NT 10.0; Win64; x64) AppleWebKit/537.36 (KHTML, like Gecko) Chrome/42.0.2311.135 Safari/537.36 Edge/12.246"
51.195.90.229 - - [07/Oct/2021:19:14:08 +0000] "HEAD /catalog/view/javascript/soconfig/js/typo/element.js HTTP/1.1" 200 - "https://pratibhafashionmart.com/index.php?route=information/information&information_id=4" "Mozilla/5.0 (Windows NT 10.0; Win64; x64) AppleWebKit/537.36 (KHTML, like Gecko) Chrome/42.0.2311.135 Safari/537.36 Edge/12.246"
51.195.90.229 - - [07/Oct/2021:19:14:09 +0000] "HEAD /about_us HTTP/1.1" 301 - "https://pratibhafashionmart.com/index.php?route=information/information&information_id=4" "Mozilla/5.0 (Windows NT 10.0; Win64; x64) AppleWebKit/537.36 (KHTML, like Gecko) Chrome/42.0.2311.135 Safari/537.36 Edge/12.246"
51.195.90.229 - - [07/Oct/2021:19:14:09 +0000] "HEAD /about_us HTTP/1.1" 200 - "https://pratibhafashionmart.com/index.php?route=information/information&information_id=4" "Mozilla/5.0 (Windows NT 10.0; Win64; x64) AppleWebKit/537.36 (KHTML, like Gecko) Chrome/42.0.2311.135 Safari/537.36 Edge/12.246"
51.195.90.229 - - [07/Oct/2021:19:14:10 +0000] "GET /about_us HTTP/1.1" 200 42242 "https://pratibhafashionmart.com/index.php?route=information/information&information_id=4" "Mozilla/5.0 (Windows NT 10.0; Win64; x64) AppleWebKit/537.36 (KHTML, like Gecko) Chrome/42.0.2311.135 Safari/537.36 Edge/12.246"
51.195.90.229 - - [07/Oct/2021:19:14:11 +0000] "HEAD /How-To-Buy HTTP/1.1" 301 - "https://pratibhafashionmart.com/index.php?route=information/information&information_id=10" "Mozilla/5.0 (Windows NT 10.0; Win64; x64) AppleWebKit/537.36 (KHTML, like Gecko) Chrome/42.0.2311.135 Safari/537.36 Edge/12.246"
51.195.90.229 - - [07/Oct/2021:19:14:11 +0000] "HEAD /How-To-Buy HTTP/1.1" 200 - "https://pratibhafashionmart.com/index.php?route=information/information&information_id=10" "Mozilla/5.0 (Windows NT 10.0; Win64; x64) AppleWebKit/537.36 (KHTML, like Gecko) Chrome/42.0.2311.135 Safari/537.36 Edge/12.246"
51.195.90.229 - - [07/Oct/2021:19:14:12 +0000] "GET /How-To-Buy HTTP/1.1" 200 41832 "https://pratibhafashionmart.com/index.php?route=information/information&information_id=10" "Mozilla/5.0 (Windows NT 10.0; Win64; x64) AppleWebKit/537.36 (KHTML, like Gecko) Chrome/42.0.2311.135 Safari/537.36 Edge/12.246"
51.195.90.229 - - [07/Oct/2021:19:14:13 +0000] "HEAD /FAQ HTTP/1.1" 301 - "https://pratibhafashionmart.com/index.php?route=information/information&information_id=11" "Mozilla/5.0 (Windows NT 10.0; Win64; x64) AppleWebKit/537.36 (KHTML, like Gecko) Chrome/42.0.2311.135 Safari/537.36 Edge/12.246"
51.195.90.229 - - [07/Oct/2021:19:14:13 +0000] "HEAD /FAQ HTTP/1.1" 200 - "https://pratibhafashionmart.com/index.php?route=information/information&information_id=11" "Mozilla/5.0 (Windows NT 10.0; Win64; x64) AppleWebKit/537.36 (KHTML, like Gecko) Chrome/42.0.2311.135 Safari/537.36 Edge/12.246"
51.195.90.229 - - [07/Oct/2021:19:14:14 +0000] "GET /FAQ HTTP/1.1" 200 42886 "https://pratibhafashionmart.com/index.php?route=information/information&information_id=11" "Mozilla/5.0 (Windows NT 10.0; Win64; x64) AppleWebKit/537.36 (KHTML, like Gecko) Chrome/42.0.2311.135 Safari/537.36 Edge/12.246"
51.195.90.229 - - [07/Oct/2021:19:14:15 +0000] "HEAD /Wholesale-Orders HTTP/1.1" 301 - "https://pratibhafashionmart.com/index.php?route=information/information&information_id=12" "Mozilla/5.0 (Windows NT 10.0; Win64; x64) AppleWebKit/537.36 (KHTML, like Gecko) Chrome/42.0.2311.135 Safari/537.36 Edge/12.246"
51.195.90.229 - - [07/Oct/2021:19:14:15 +0000] "HEAD /Wholesale-Orders HTTP/1.1" 200 - "https://pratibhafashionmart.com/index.php?route=information/information&information_id=12" "Mozilla/5.0 (Windows NT 10.0; Win64; x64) AppleWebKit/537.36 (KHTML, like Gecko) Chrome/42.0.2311.135 Safari/537.36 Edge/12.246"
51.195.90.229 - - [07/Oct/2021:19:14:16 +0000] "GET /Wholesale-Orders HTTP/1.1" 200 39500 "https://pratibhafashionmart.com/index.php?route=information/information&information_id=12" "Mozilla/5.0 (Windows NT 10.0; Win64; x64) AppleWebKit/537.36 (KHTML, like Gecko) Chrome/42.0.2311.135 Safari/537.36 Edge/12.246"
51.195.90.229 - - [07/Oct/2021:19:14:17 +0000] "HEAD /index.php?route=information/contact HTTP/1.1" 301 - "https://pratibhafashionmart.com/index.php?route=information/contact" "Mozilla/5.0 (Windows NT 10.0; Win64; x64) AppleWebKit/537.36 (KHTML, like Gecko) Chrome/42.0.2311.135 Safari/537.36 Edge/12.246"
51.195.90.229 - - [07/Oct/2021:19:14:17 +0000] "HEAD /index.php?route=information/contact HTTP/1.1" 200 - "https://pratibhafashionmart.com/index.php?route=information/contact" "Mozilla/5.0 (Windows NT 10.0; Win64; x64) AppleWebKit/537.36 (KHTML, like Gecko) Chrome/42.0.2311.135 Safari/537.36 Edge/12.246"
51.195.90.229 - - [07/Oct/2021:19:14:18 +0000] "GET /index.php?route=information/contact HTTP/1.1" 200 41272 "https://pratibhafashionmart.com/index.php?route=information/contact" "Mozilla/5.0 (Windows NT 10.0; Win64; x64) AppleWebKit/537.36 (KHTML, like Gecko) Chrome/42.0.2311.135 Safari/537.36 Edge/12.246"
51.195.90.229 - - [07/Oct/2021:19:14:19 +0000] "HEAD /image/cache/catalog/logo1-268x50.png HTTP/1.1" 200 - "https://pratibhafashionmart.com/index.php?route=information/contact" "Mozilla/5.0 (Windows NT 10.0; Win64; x64) AppleWebKit/537.36 (KHTML, like Gecko) Chrome/42.0.2311.135 Safari/537.36 Edge/12.246"
51.195.90.229 - - [07/Oct/2021:19:14:19 +0000] "HEAD /Payment-Options HTTP/1.1" 301 - "https://pratibhafashionmart.com/index.php?route=information/information&information_id=7" "Mozilla/5.0 (Windows NT 10.0; Win64; x64) AppleWebKit/537.36 (KHTML, like Gecko) Chrome/42.0.2311.135 Safari/537.36 Edge/12.246"
51.195.90.229 - - [07/Oct/2021:19:14:20 +0000] "HEAD /Payment-Options HTTP/1.1" 200 - "https://pratibhafashionmart.com/index.php?route=information/information&information_id=7" "Mozilla/5.0 (Windows NT 10.0; Win64; x64) AppleWebKit/537.36 (KHTML, like Gecko) Chrome/42.0.2311.135 Safari/537.36 Edge/12.246"
51.195.90.229 - - [07/Oct/2021:19:14:20 +0000] "GET /Payment-Options HTTP/1.1" 200 42818 "https://pratibhafashionmart.com/index.php?route=information/information&information_id=7" "Mozilla/5.0 (Windows NT 10.0; Win64; x64) AppleWebKit/537.36 (KHTML, like Gecko) Chrome/42.0.2311.135 Safari/537.36 Edge/12.246"
51.195.90.229 - - [07/Oct/2021:19:14:21 +0000] "HEAD /delivery HTTP/1.1" 301 - "https://pratibhafashionmart.com/index.php?route=information/information&information_id=6" "Mozilla/5.0 (Windows NT 10.0; Win64; x64) AppleWebKit/537.36 (KHTML, like Gecko) Chrome/42.0.2311.135 Safari/537.36 Edge/12.246"
51.195.90.229 - - [07/Oct/2021:19:14:22 +0000] "HEAD /delivery HTTP/1.1" 200 - "https://pratibhafashionmart.com/index.php?route=information/information&information_id=6" "Mozilla/5.0 (Windows NT 10.0; Win64; x64) AppleWebKit/537.36 (KHTML, like Gecko) Chrome/42.0.2311.135 Safari/537.36 Edge/12.246"
51.195.90.229 - - [07/Oct/2021:19:14:22 +0000] "GET /delivery HTTP/1.1" 200 41774 "https://pratibhafashionmart.com/index.php?route=information/information&information_id=6" "Mozilla/5.0 (Windows NT 10.0; Win64; x64) AppleWebKit/537.36 (KHTML, like Gecko) Chrome/42.0.2311.135 Safari/537.36 Edge/12.246"
51.195.90.229 - - [07/Oct/2021:19:14:23 +0000] "HEAD /Returns-Exchanges HTTP/1.1" 301 - "https://pratibhafashionmart.com/index.php?route=information/information&information_id=9" "Mozilla/5.0 (Windows NT 10.0; Win64; x64) AppleWebKit/537.36 (KHTML, like Gecko) Chrome/42.0.2311.135 Safari/537.36 Edge/12.246"
51.195.90.229 - - [07/Oct/2021:19:14:24 +0000] "HEAD /Returns-Exchanges HTTP/1.1" 200 - "https://pratibhafashionmart.com/index.php?route=information/information&information_id=9" "Mozilla/5.0 (Windows NT 10.0; Win64; x64) AppleWebKit/537.36 (KHTML, like Gecko) Chrome/42.0.2311.135 Safari/537.36 Edge/12.246"
51.195.90.229 - - [07/Oct/2021:19:14:24 +0000] "GET /Returns-Exchanges HTTP/1.1" 200 43690 "https://pratibhafashionmart.com/index.php?route=information/information&information_id=9" "Mozilla/5.0 (Windows NT 10.0; Win64; x64) AppleWebKit/537.36 (KHTML, like Gecko) Chrome/42.0.2311.135 Safari/537.36 Edge/12.246"
51.195.90.229 - - [07/Oct/2021:19:14:25 +0000] "HEAD / HTTP/1.1" 301 - "https://pratibhafashionmart.com/index.php?route=information/information&information_id=9" "Mozilla/5.0 (Windows NT 10.0; Win64; x64) AppleWebKit/537.36 (KHTML, like Gecko) Chrome/42.0.2311.135 Safari/537.36 Edge/12.246"
51.195.90.229 - - [07/Oct/2021:19:14:26 +0000] "HEAD / HTTP/1.1" 200 - "https://pratibhafashionmart.com/index.php?route=information/information&information_id=9" "Mozilla/5.0 (Windows NT 10.0; Win64; x64) AppleWebKit/537.36 (KHTML, like Gecko) Chrome/42.0.2311.135 Safari/537.36 Edge/12.246"
51.195.90.229 - - [07/Oct/2021:19:14:27 +0000] "GET / HTTP/1.1" 200 169088 "https://pratibhafashionmart.com/index.php?route=information/information&information_id=9" "Mozilla/5.0 (Windows NT 10.0; Win64; x64) AppleWebKit/537.36 (KHTML, like Gecko) Chrome/42.0.2311.135 Safari/537.36 Edge/12.246"
51.195.90.229 - - [07/Oct/2021:19:14:28 +0000] "HEAD /terms HTTP/1.1" 301 - "https://pratibhafashionmart.com/index.php?route=information/information&information_id=5" "Mozilla/5.0 (Windows NT 10.0; Win64; x64) AppleWebKit/537.36 (KHTML, like Gecko) Chrome/42.0.2311.135 Safari/537.36 Edge/12.246"
51.195.90.229 - - [07/Oct/2021:19:14:29 +0000] "HEAD /terms HTTP/1.1" 200 - "https://pratibhafashionmart.com/index.php?route=information/information&information_id=5" "Mozilla/5.0 (Windows NT 10.0; Win64; x64) AppleWebKit/537.36 (KHTML, like Gecko) Chrome/42.0.2311.135 Safari/537.36 Edge/12.246"
51.195.90.229 - - [07/Oct/2021:19:14:29 +0000] "GET /terms HTTP/1.1" 200 43719 "https://pratibhafashionmart.com/index.php?route=information/information&information_id=5" "Mozilla/5.0 (Windows NT 10.0; Win64; x64) AppleWebKit/537.36 (KHTML, like Gecko) Chrome/42.0.2311.135 Safari/537.36 Edge/12.246"
51.195.90.229 - - [07/Oct/2021:19:14:30 +0000] "HEAD /privacy HTTP/1.1" 301 - "https://pratibhafashionmart.com/index.php?route=information/information&information_id=3" "Mozilla/5.0 (Windows NT 10.0; Win64; x64) AppleWebKit/537.36 (KHTML, like Gecko) Chrome/42.0.2311.135 Safari/537.36 Edge/12.246"
51.195.90.229 - - [07/Oct/2021:19:14:31 +0000] "HEAD /privacy HTTP/1.1" 200 - "https://pratibhafashionmart.com/index.php?route=information/information&information_id=3" "Mozilla/5.0 (Windows NT 10.0; Win64; x64) AppleWebKit/537.36 (KHTML, like Gecko) Chrome/42.0.2311.135 Safari/537.36 Edge/12.246"
51.195.90.229 - - [07/Oct/2021:19:14:32 +0000] "GET /privacy HTTP/1.1" 200 43717 "https://pratibhafashionmart.com/index.php?route=information/information&information_id=3" "Mozilla/5.0 (Windows NT 10.0; Win64; x64) AppleWebKit/537.36 (KHTML, like Gecko) Chrome/42.0.2311.135 Safari/537.36 Edge/12.246"
51.195.90.229 - - [07/Oct/2021:19:14:32 +0000] "HEAD /catalog/view/javascript/soconfig/css/owl.video.play.png HTTP/1.1" 404 - "https://pratibhafashionmart.com/catalog/view/javascript/soconfig/css/owl.carousel.css" "Mozilla/5.0 (Windows NT 10.0; Win64; x64) AppleWebKit/537.36 (KHTML, like Gecko) Chrome/42.0.2311.135 Safari/537.36 Edge/12.246"
51.195.90.229 - - [07/Oct/2021:19:14:32 +0000] "HEAD /catalog/view/javascript/so_filter_shop_by/images/loadingIcon.gif HTTP/1.1" 200 - "https://pratibhafashionmart.com/catalog/view/javascript/so_filter_shop_by/css/style.css" "Mozilla/5.0 (Windows NT 10.0; Win64; x64) AppleWebKit/537.36 (KHTML, like Gecko) Chrome/42.0.2311.135 Safari/537.36 Edge/12.246"
51.195.90.229 - - [07/Oct/2021:19:14:33 +0000] "HEAD /GEORGETTE-PRINTED-SAREE-WITH-BALOUSE-BY-PFM-GREEN HTTP/1.1" 301 - "https://pratibhafashionmart.com/sarees-collections/GEORGETTE-PRINTED-SAREE-WITH-BALOUSE-BY-PFM-GREEN" "Mozilla/5.0 (Windows NT 10.0; Win64; x64) AppleWebKit/537.36 (KHTML, like Gecko) Chrome/42.0.2311.135 Safari/537.36 Edge/12.246"
51.195.90.229 - - [07/Oct/2021:19:14:33 +0000] "HEAD /GEORGETTE-PRINTED-SAREE-WITH-BALOUSE-BY-PFM-GREEN HTTP/1.1" 200 - "https://pratibhafashionmart.com/sarees-collections/GEORGETTE-PRINTED-SAREE-WITH-BALOUSE-BY-PFM-GREEN" "Mozilla/5.0 (Windows NT 10.0; Win64; x64) AppleWebKit/537.36 (KHTML, like Gecko) Chrome/42.0.2311.135 Safari/537.36 Edge/12.246"
51.195.90.229 - - [07/Oct/2021:19:14:34 +0000] "GET /GEORGETTE-PRINTED-SAREE-WITH-BALOUSE-BY-PFM-GREEN HTTP/1.1" 200 97618 "https://pratibhafashionmart.com/sarees-collections/GEORGETTE-PRINTED-SAREE-WITH-BALOUSE-BY-PFM-GREEN" "Mozilla/5.0 (Windows NT 10.0; Win64; x64) AppleWebKit/537.36 (KHTML, like Gecko) Chrome/42.0.2311.135 Safari/537.36 Edge/12.246"
51.195.90.229 - - [07/Oct/2021:19:14:36 +0000] "HEAD /ladies-suit?product_id=182 HTTP/1.1" 301 - "https://pratibhafashionmart.com/ladies-suit?page=2" "Mozilla/5.0 (Windows NT 10.0; Win64; x64) AppleWebKit/537.36 (KHTML, like Gecko) Chrome/42.0.2311.135 Safari/537.36 Edge/12.246"
51.195.90.229 - - [07/Oct/2021:19:14:36 +0000] "HEAD /ladies-suit?product_id=182 HTTP/1.1" 200 - "https://pratibhafashionmart.com/ladies-suit?page=2" "Mozilla/5.0 (Windows NT 10.0; Win64; x64) AppleWebKit/537.36 (KHTML, like Gecko) Chrome/42.0.2311.135 Safari/537.36 Edge/12.246"
51.195.90.229 - - [07/Oct/2021:19:14:37 +0000] "GET /ladies-suit?product_id=182 HTTP/1.1" 200 98168 "https://pratibhafashionmart.com/ladies-suit?page=2" "Mozilla/5.0 (Windows NT 10.0; Win64; x64) AppleWebKit/537.36 (KHTML, like Gecko) Chrome/42.0.2311.135 Safari/537.36 Edge/12.246"
51.195.90.229 - - [07/Oct/2021:19:14:39 +0000] "HEAD /index.php?route=extension/soconfig/quickview&product_id=182 HTTP/1.1" 301 - "https://pratibhafashionmart.com/ladies-suit?page=2" "Mozilla/5.0 (Windows NT 10.0; Win64; x64) AppleWebKit/537.36 (KHTML, like Gecko) Chrome/42.0.2311.135 Safari/537.36 Edge/12.246"
51.195.90.229 - - [07/Oct/2021:19:14:39 +0000] "HEAD /index.php?route=extension/soconfig/quickview&product_id=182 HTTP/1.1" 200 - "https://pratibhafashionmart.com/ladies-suit?page=2" "Mozilla/5.0 (Windows NT 10.0; Win64; x64) AppleWebKit/537.36 (KHTML, like Gecko) Chrome/42.0.2311.135 Safari/537.36 Edge/12.246"
51.195.90.229 - - [07/Oct/2021:19:14:39 +0000] "GET /index.php?route=extension/soconfig/quickview&product_id=182 HTTP/1.1" 200 18855 "https://pratibhafashionmart.com/ladies-suit?page=2" "Mozilla/5.0 (Windows NT 10.0; Win64; x64) AppleWebKit/537.36 (KHTML, like Gecko) Chrome/42.0.2311.135 Safari/537.36 Edge/12.246"
51.195.90.229 - - [07/Oct/2021:19:14:40 +0000] "HEAD /ladies-suit?product_id=183 HTTP/1.1" 301 - "https://pratibhafashionmart.com/ladies-suit?page=2" "Mozilla/5.0 (Windows NT 10.0; Win64; x64) AppleWebKit/537.36 (KHTML, like Gecko) Chrome/42.0.2311.135 Safari/537.36 Edge/12.246"
51.195.90.229 - - [07/Oct/2021:19:14:41 +0000] "HEAD /ladies-suit?product_id=183 HTTP/1.1" 200 - "https://pratibhafashionmart.com/ladies-suit?page=2" "Mozilla/5.0 (Windows NT 10.0; Win64; x64) AppleWebKit/537.36 (KHTML, like Gecko) Chrome/42.0.2311.135 Safari/537.36 Edge/12.246"
51.195.90.229 - - [07/Oct/2021:19:14:42 +0000] "GET /ladies-suit?product_id=183 HTTP/1.1" 200 98201 "https://pratibhafashionmart.com/ladies-suit?page=2" "Mozilla/5.0 (Windows NT 10.0; Win64; x64) AppleWebKit/537.36 (KHTML, like Gecko) Chrome/42.0.2311.135 Safari/537.36 Edge/12.246"
51.195.90.229 - - [07/Oct/2021:19:14:44 +0000] "HEAD /index.php?route=extension/soconfig/quickview&product_id=183 HTTP/1.1" 301 - "https://pratibhafashionmart.com/ladies-suit?page=2" "Mozilla/5.0 (Windows NT 10.0; Win64; x64) AppleWebKit/537.36 (KHTML, like Gecko) Chrome/42.0.2311.135 Safari/537.36 Edge/12.246"
51.195.90.229 - - [07/Oct/2021:19:14:44 +0000] "HEAD /index.php?route=extension/soconfig/quickview&product_id=183 HTTP/1.1" 200 - "https://pratibhafashionmart.com/ladies-suit?page=2" "Mozilla/5.0 (Windows NT 10.0; Win64; x64) AppleWebKit/537.36 (KHTML, like Gecko) Chrome/42.0.2311.135 Safari/537.36 Edge/12.246"
51.195.90.229 - - [07/Oct/2021:19:14:44 +0000] "GET /index.php?route=extension/soconfig/quickview&product_id=183 HTTP/1.1" 200 18855 "https://pratibhafashionmart.com/ladies-suit?page=2" "Mozilla/5.0 (Windows NT 10.0; Win64; x64) AppleWebKit/537.36 (KHTML, like Gecko) Chrome/42.0.2311.135 Safari/537.36 Edge/12.246"
51.195.90.229 - - [07/Oct/2021:19:14:45 +0000] "HEAD /ladies-suit?product_id=184 HTTP/1.1" 301 - "https://pratibhafashionmart.com/ladies-suit?page=2" "Mozilla/5.0 (Windows NT 10.0; Win64; x64) AppleWebKit/537.36 (KHTML, like Gecko) Chrome/42.0.2311.135 Safari/537.36 Edge/12.246"
51.195.90.229 - - [07/Oct/2021:19:14:46 +0000] "HEAD /ladies-suit?product_id=184 HTTP/1.1" 200 - "https://pratibhafashionmart.com/ladies-suit?page=2" "Mozilla/5.0 (Windows NT 10.0; Win64; x64) AppleWebKit/537.36 (KHTML, like Gecko) Chrome/42.0.2311.135 Safari/537.36 Edge/12.246"
51.195.90.229 - - [07/Oct/2021:19:14:47 +0000] "GET /ladies-suit?product_id=184 HTTP/1.1" 200 98180 "https://pratibhafashionmart.com/ladies-suit?page=2" "Mozilla/5.0 (Windows NT 10.0; Win64; x64) AppleWebKit/537.36 (KHTML, like Gecko) Chrome/42.0.2311.135 Safari/537.36 Edge/12.246"
51.195.90.229 - - [07/Oct/2021:19:14:48 +0000] "HEAD /index.php?route=extension/soconfig/quickview&product_id=184 HTTP/1.1" 301 - "https://pratibhafashionmart.com/ladies-suit?page=2" "Mozilla/5.0 (Windows NT 10.0; Win64; x64) AppleWebKit/537.36 (KHTML, like Gecko) Chrome/42.0.2311.135 Safari/537.36 Edge/12.246"
51.195.90.229 - - [07/Oct/2021:19:14:49 +0000] "HEAD /index.php?route=extension/soconfig/quickview&product_id=184 HTTP/1.1" 200 - "https://pratibhafashionmart.com/ladies-suit?page=2" "Mozilla/5.0 (Windows NT 10.0; Win64; x64) AppleWebKit/537.36 (KHTML, like Gecko) Chrome/42.0.2311.135 Safari/537.36 Edge/12.246"
51.195.90.229 - - [07/Oct/2021:19:14:49 +0000] "GET /index.php?route=extension/soconfig/quickview&product_id=184 HTTP/1.1" 200 18855 "https://pratibhafashionmart.com/ladies-suit?page=2" "Mozilla/5.0 (Windows NT 10.0; Win64; x64) AppleWebKit/537.36 (KHTML, like Gecko) Chrome/42.0.2311.135 Safari/537.36 Edge/12.246"
51.195.90.229 - - [07/Oct/2021:19:14:50 +0000] "HEAD /ladies-suit/ladies-suit-in-chanderi-fabric HTTP/1.1" 301 - "https://pratibhafashionmart.com/ladies-suit?page=2" "Mozilla/5.0 (Windows NT 10.0; Win64; x64) AppleWebKit/537.36 (KHTML, like Gecko) Chrome/42.0.2311.135 Safari/537.36 Edge/12.246"
51.195.90.229 - - [07/Oct/2021:19:14:50 +0000] "HEAD /ladies-suit/ladies-suit-in-chanderi-fabric HTTP/1.1" 200 - "https://pratibhafashionmart.com/ladies-suit?page=2" "Mozilla/5.0 (Windows NT 10.0; Win64; x64) AppleWebKit/537.36 (KHTML, like Gecko) Chrome/42.0.2311.135 Safari/537.36 Edge/12.246"
51.195.90.229 - - [07/Oct/2021:19:14:51 +0000] "GET /ladies-suit/ladies-suit-in-chanderi-fabric HTTP/1.1" 200 97940 "https://pratibhafashionmart.com/ladies-suit?page=2" "Mozilla/5.0 (Windows NT 10.0; Win64; x64) AppleWebKit/537.36 (KHTML, like Gecko) Chrome/42.0.2311.135 Safari/537.36 Edge/12.246"
51.195.90.229 - - [07/Oct/2021:19:14:52 +0000] "HEAD /index.php?route=extension/soconfig/quickview&product_id=174 HTTP/1.1" 301 - "https://pratibhafashionmart.com/ladies-suit?page=2" "Mozilla/5.0 (Windows NT 10.0; Win64; x64) AppleWebKit/537.36 (KHTML, like Gecko) Chrome/42.0.2311.135 Safari/537.36 Edge/12.246"
51.195.90.229 - - [07/Oct/2021:19:14:53 +0000] "HEAD /index.php?route=extension/soconfig/quickview&product_id=174 HTTP/1.1" 200 - "https://pratibhafashionmart.com/ladies-suit?page=2" "Mozilla/5.0 (Windows NT 10.0; Win64; x64) AppleWebKit/537.36 (KHTML, like Gecko) Chrome/42.0.2311.135 Safari/537.36 Edge/12.246"
51.195.90.229 - - [07/Oct/2021:19:14:53 +0000] "GET /index.php?route=extension/soconfig/quickview&product_id=174 HTTP/1.1" 200 18783 "https://pratibhafashionmart.com/ladies-suit?page=2" "Mozilla/5.0 (Windows NT 10.0; Win64; x64) AppleWebKit/537.36 (KHTML, like Gecko) Chrome/42.0.2311.135 Safari/537.36 Edge/12.246"
51.195.90.229 - - [07/Oct/2021:19:14:54 +0000] "HEAD /ladies-suit/ladies-suit-in-chanderi-fabric-blue HTTP/1.1" 301 - "https://pratibhafashionmart.com/ladies-suit?page=2" "Mozilla/5.0 (Windows NT 10.0; Win64; x64) AppleWebKit/537.36 (KHTML, like Gecko) Chrome/42.0.2311.135 Safari/537.36 Edge/12.246"
51.195.90.229 - - [07/Oct/2021:19:14:55 +0000] "HEAD /ladies-suit/ladies-suit-in-chanderi-fabric-blue HTTP/1.1" 200 - "https://pratibhafashionmart.com/ladies-suit?page=2" "Mozilla/5.0 (Windows NT 10.0; Win64; x64) AppleWebKit/537.36 (KHTML, like Gecko) Chrome/42.0.2311.135 Safari/537.36 Edge/12.246"
51.195.90.229 - - [07/Oct/2021:19:14:55 +0000] "GET /ladies-suit/ladies-suit-in-chanderi-fabric-blue HTTP/1.1" 200 97485 "https://pratibhafashionmart.com/ladies-suit?page=2" "Mozilla/5.0 (Windows NT 10.0; Win64; x64) AppleWebKit/537.36 (KHTML, like Gecko) Chrome/42.0.2311.135 Safari/537.36 Edge/12.246"
51.195.90.229 - - [07/Oct/2021:19:14:57 +0000] "HEAD /index.php?route=extension/soconfig/quickview&product_id=173 HTTP/1.1" 301 - "https://pratibhafashionmart.com/ladies-suit?page=2" "Mozilla/5.0 (Windows NT 10.0; Win64; x64) AppleWebKit/537.36 (KHTML, like Gecko) Chrome/42.0.2311.135 Safari/537.36 Edge/12.246"
51.195.90.229 - - [07/Oct/2021:19:14:58 +0000] "HEAD /index.php?route=extension/soconfig/quickview&product_id=173 HTTP/1.1" 200 - "https://pratibhafashionmart.com/ladies-suit?page=2" "Mozilla/5.0 (Windows NT 10.0; Win64; x64) AppleWebKit/537.36 (KHTML, like Gecko) Chrome/42.0.2311.135 Safari/537.36 Edge/12.246"
51.195.90.229 - - [07/Oct/2021:19:14:58 +0000] "GET /index.php?route=extension/soconfig/quickview&product_id=173 HTTP/1.1" 200 18736 "https://pratibhafashionmart.com/ladies-suit?page=2" "Mozilla/5.0 (Windows NT 10.0; Win64; x64) AppleWebKit/537.36 (KHTML, like Gecko) Chrome/42.0.2311.135 Safari/537.36 Edge/12.246"
51.195.90.229 - - [07/Oct/2021:19:14:59 +0000] "HEAD /ladies-suit?product_id=176 HTTP/1.1" 301 - "https://pratibhafashionmart.com/ladies-suit?page=2" "Mozilla/5.0 (Windows NT 10.0; Win64; x64) AppleWebKit/537.36 (KHTML, like Gecko) Chrome/42.0.2311.135 Safari/537.36 Edge/12.246"
51.195.90.229 - - [07/Oct/2021:19:14:59 +0000] "HEAD /ladies-suit?product_id=176 HTTP/1.1" 200 - "https://pratibhafashionmart.com/ladies-suit?page=2" "Mozilla/5.0 (Windows NT 10.0; Win64; x64) AppleWebKit/537.36 (KHTML, like Gecko) Chrome/42.0.2311.135 Safari/537.36 Edge/12.246"
51.195.90.229 - - [07/Oct/2021:19:15:00 +0000] "GET /ladies-suit?product_id=176 HTTP/1.1" 200 97862 "https://pratibhafashionmart.com/ladies-suit?page=2" "Mozilla/5.0 (Windows NT 10.0; Win64; x64) AppleWebKit/537.36 (KHTML, like Gecko) Chrome/42.0.2311.135 Safari/537.36 Edge/12.246"
51.195.90.229 - - [07/Oct/2021:19:15:01 +0000] "HEAD /index.php?route=extension/soconfig/quickview&product_id=176 HTTP/1.1" 301 - "https://pratibhafashionmart.com/ladies-suit?page=2" "Mozilla/5.0 (Windows NT 10.0; Win64; x64) AppleWebKit/537.36 (KHTML, like Gecko) Chrome/42.0.2311.135 Safari/537.36 Edge/12.246"
51.195.90.229 - - [07/Oct/2021:19:15:02 +0000] "HEAD /index.php?route=extension/soconfig/quickview&product_id=176 HTTP/1.1" 200 - "https://pratibhafashionmart.com/ladies-suit?page=2" "Mozilla/5.0 (Windows NT 10.0; Win64; x64) AppleWebKit/537.36 (KHTML, like Gecko) Chrome/42.0.2311.135 Safari/537.36 Edge/12.246"
51.195.90.229 - - [07/Oct/2021:19:15:02 +0000] "GET /index.php?route=extension/soconfig/quickview&product_id=176 HTTP/1.1" 200 18898 "https://pratibhafashionmart.com/ladies-suit?page=2" "Mozilla/5.0 (Windows NT 10.0; Win64; x64) AppleWebKit/537.36 (KHTML, like Gecko) Chrome/42.0.2311.135 Safari/537.36 Edge/12.246"
51.195.90.229 - - [07/Oct/2021:19:15:03 +0000] "HEAD /ladies-suit?product_id=175 HTTP/1.1" 301 - "https://pratibhafashionmart.com/ladies-suit?page=2" "Mozilla/5.0 (Windows NT 10.0; Win64; x64) AppleWebKit/537.36 (KHTML, like Gecko) Chrome/42.0.2311.135 Safari/537.36 Edge/12.246"
51.195.90.229 - - [07/Oct/2021:19:15:04 +0000] "HEAD /ladies-suit?product_id=175 HTTP/1.1" 200 - "https://pratibhafashionmart.com/ladies-suit?page=2" "Mozilla/5.0 (Windows NT 10.0; Win64; x64) AppleWebKit/537.36 (KHTML, like Gecko) Chrome/42.0.2311.135 Safari/537.36 Edge/12.246"
51.195.90.229 - - [07/Oct/2021:19:15:05 +0000] "GET /ladies-suit?product_id=175 HTTP/1.1" 200 97815 "https://pratibhafashionmart.com/ladies-suit?page=2" "Mozilla/5.0 (Windows NT 10.0; Win64; x64) AppleWebKit/537.36 (KHTML, like Gecko) Chrome/42.0.2311.135 Safari/537.36 Edge/12.246"
51.195.90.229 - - [07/Oct/2021:19:15:06 +0000] "HEAD /index.php?route=extension/soconfig/quickview&product_id=175 HTTP/1.1" 301 - "https://pratibhafashionmart.com/ladies-suit?page=2" "Mozilla/5.0 (Windows NT 10.0; Win64; x64) AppleWebKit/537.36 (KHTML, like Gecko) Chrome/42.0.2311.135 Safari/537.36 Edge/12.246"
51.195.90.229 - - [07/Oct/2021:19:15:06 +0000] "HEAD /index.php?route=extension/soconfig/quickview&product_id=175 HTTP/1.1" 200 - "https://pratibhafashionmart.com/ladies-suit?page=2" "Mozilla/5.0 (Windows NT 10.0; Win64; x64) AppleWebKit/537.36 (KHTML, like Gecko) Chrome/42.0.2311.135 Safari/537.36 Edge/12.246"
51.195.90.229 - - [07/Oct/2021:19:15:07 +0000] "GET /index.php?route=extension/soconfig/quickview&product_id=175 HTTP/1.1" 200 18850 "https://pratibhafashionmart.com/ladies-suit?page=2" "Mozilla/5.0 (Windows NT 10.0; Win64; x64) AppleWebKit/537.36 (KHTML, like Gecko) Chrome/42.0.2311.135 Safari/537.36 Edge/12.246"
51.195.90.229 - - [07/Oct/2021:19:15:07 +0000] "HEAD /ladies-suit/pure-cotton-suit-by-pratibha-fashion-mart HTTP/1.1" 301 - "https://pratibhafashionmart.com/ladies-suit?page=2" "Mozilla/5.0 (Windows NT 10.0; Win64; x64) AppleWebKit/537.36 (KHTML, like Gecko) Chrome/42.0.2311.135 Safari/537.36 Edge/12.246"
51.195.90.229 - - [07/Oct/2021:19:15:08 +0000] "HEAD /ladies-suit/pure-cotton-suit-by-pratibha-fashion-mart HTTP/1.1" 200 - "https://pratibhafashionmart.com/ladies-suit?page=2" "Mozilla/5.0 (Windows NT 10.0; Win64; x64) AppleWebKit/537.36 (KHTML, like Gecko) Chrome/42.0.2311.135 Safari/537.36 Edge/12.246"
51.195.90.229 - - [07/Oct/2021:19:15:09 +0000] "GET /ladies-suit/pure-cotton-suit-by-pratibha-fashion-mart HTTP/1.1" 200 101871 "https://pratibhafashionmart.com/ladies-suit?page=2" "Mozilla/5.0 (Windows NT 10.0; Win64; x64) AppleWebKit/537.36 (KHTML, like Gecko) Chrome/42.0.2311.135 Safari/537.36 Edge/12.246"
51.195.90.229 - - [07/Oct/2021:19:15:10 +0000] "HEAD /index.php?route=extension/soconfig/quickview&product_id=95 HTTP/1.1" 301 - "https://pratibhafashionmart.com/ladies-suit?page=2" "Mozilla/5.0 (Windows NT 10.0; Win64; x64) AppleWebKit/537.36 (KHTML, like Gecko) Chrome/42.0.2311.135 Safari/537.36 Edge/12.246"
51.195.90.229 - - [07/Oct/2021:19:15:11 +0000] "HEAD /index.php?route=extension/soconfig/quickview&product_id=95 HTTP/1.1" 200 - "https://pratibhafashionmart.com/ladies-suit?page=2" "Mozilla/5.0 (Windows NT 10.0; Win64; x64) AppleWebKit/537.36 (KHTML, like Gecko) Chrome/42.0.2311.135 Safari/537.36 Edge/12.246"
51.195.90.229 - - [07/Oct/2021:19:15:11 +0000] "GET /index.php?route=extension/soconfig/quickview&product_id=95 HTTP/1.1" 200 21817 "https://pratibhafashionmart.com/ladies-suit?page=2" "Mozilla/5.0 (Windows NT 10.0; Win64; x64) AppleWebKit/537.36 (KHTML, like Gecko) Chrome/42.0.2311.135 Safari/537.36 Edge/12.246"
51.195.90.229 - - [07/Oct/2021:19:15:12 +0000] "HEAD /ladies-suit?product_id=94 HTTP/1.1" 301 - "https://pratibhafashionmart.com/ladies-suit?page=2" "Mozilla/5.0 (Windows NT 10.0; Win64; x64) AppleWebKit/537.36 (KHTML, like Gecko) Chrome/42.0.2311.135 Safari/537.36 Edge/12.246"
51.195.90.229 - - [07/Oct/2021:19:15:13 +0000] "HEAD /ladies-suit?product_id=94 HTTP/1.1" 200 - "https://pratibhafashionmart.com/ladies-suit?page=2" "Mozilla/5.0 (Windows NT 10.0; Win64; x64) AppleWebKit/537.36 (KHTML, like Gecko) Chrome/42.0.2311.135 Safari/537.36 Edge/12.246"
51.195.90.229 - - [07/Oct/2021:19:15:13 +0000] "GET /ladies-suit?product_id=94 HTTP/1.1" 200 97425 "https://pratibhafashionmart.com/ladies-suit?page=2" "Mozilla/5.0 (Windows NT 10.0; Win64; x64) AppleWebKit/537.36 (KHTML, like Gecko) Chrome/42.0.2311.135 Safari/537.36 Edge/12.246"
51.195.90.229 - - [07/Oct/2021:19:15:15 +0000] "HEAD /index.php?route=extension/soconfig/quickview&product_id=94 HTTP/1.1" 301 - "https://pratibhafashionmart.com/ladies-suit?page=2" "Mozilla/5.0 (Windows NT 10.0; Win64; x64) AppleWebKit/537.36 (KHTML, like Gecko) Chrome/42.0.2311.135 Safari/537.36 Edge/12.246"
51.195.90.229 - - [07/Oct/2021:19:15:15 +0000] "HEAD /index.php?route=extension/soconfig/quickview&product_id=94 HTTP/1.1" 200 - "https://pratibhafashionmart.com/ladies-suit?page=2" "Mozilla/5.0 (Windows NT 10.0; Win64; x64) AppleWebKit/537.36 (KHTML, like Gecko) Chrome/42.0.2311.135 Safari/537.36 Edge/12.246"
51.195.90.229 - - [07/Oct/2021:19:15:16 +0000] "GET /index.php?route=extension/soconfig/quickview&product_id=94 HTTP/1.1" 200 18830 "https://pratibhafashionmart.com/ladies-suit?page=2" "Mozilla/5.0 (Windows NT 10.0; Win64; x64) AppleWebKit/537.36 (KHTML, like Gecko) Chrome/42.0.2311.135 Safari/537.36 Edge/12.246"
51.195.90.229 - - [07/Oct/2021:19:15:16 +0000] "HEAD /%20cotton-digital-printed-suit-by-pratibha-fashion-mart HTTP/1.1" 301 - "https://pratibhafashionmart.com/ladies-suit/%20cotton-digital-printed-suit-by-pratibha-fashion-mart" "Mozilla/5.0 (Windows NT 10.0; Win64; x64) AppleWebKit/537.36 (KHTML, like Gecko) Chrome/42.0.2311.135 Safari/537.36 Edge/12.246"
51.195.90.229 - - [07/Oct/2021:19:15:17 +0000] "HEAD /%20cotton-digital-printed-suit-by-pratibha-fashion-mart HTTP/1.1" 200 - "https://pratibhafashionmart.com/ladies-suit/%20cotton-digital-printed-suit-by-pratibha-fashion-mart" "Mozilla/5.0 (Windows NT 10.0; Win64; x64) AppleWebKit/537.36 (KHTML, like Gecko) Chrome/42.0.2311.135 Safari/537.36 Edge/12.246"
51.195.90.229 - - [07/Oct/2021:19:15:18 +0000] "GET /%20cotton-digital-printed-suit-by-pratibha-fashion-mart HTTP/1.1" 200 98511 "https://pratibhafashionmart.com/ladies-suit/%20cotton-digital-printed-suit-by-pratibha-fashion-mart" "Mozilla/5.0 (Windows NT 10.0; Win64; x64) AppleWebKit/537.36 (KHTML, like Gecko) Chrome/42.0.2311.135 Safari/537.36 Edge/12.246"
51.195.90.229 - - [07/Oct/2021:19:15:19 +0000] "HEAD /image/cache/catalog/ladies%20suit/IMG_20190320_123610-1000x1000.jpg HTTP/1.1" 200 - "https://pratibhafashionmart.com/index.php?route=extension/soconfig/quickview&product_id=67" "Mozilla/5.0 (Windows NT 10.0; Win64; x64) AppleWebKit/537.36 (KHTML, like Gecko) Chrome/42.0.2311.135 Safari/537.36 Edge/12.246"
