40.77.139.127 - - [04/Sep/2021:13:10:17 +0000] "GET /css/bootstrap.min.css HTTP/1.1" 200 99962 "-" "Mozilla/5.0 (Windows NT 6.1; WOW64) AppleWebKit/534+ (KHTML, like Gecko) BingPreview/1.0b"
40.77.139.21 - - [04/Sep/2021:13:10:17 +0000] "GET /js/jquery.flexslider.js HTTP/1.1" 200 52642 "-" "Mozilla/5.0 (Windows NT 6.1; WOW64) AppleWebKit/534+ (KHTML, like Gecko) BingPreview/1.0b"
40.77.139.117 - - [04/Sep/2021:13:10:17 +0000] "GET /gen_validatorv4.js HTTP/1.1" 200 30230 "-" "Mozilla/5.0 (Windows NT 6.1; WOW64) AppleWebKit/534+ (KHTML, like Gecko) BingPreview/1.0b"
40.77.139.0 - - [04/Sep/2021:13:10:17 +0000] "GET /js/form-validator/jquery.form-validator.min.js HTTP/1.1" 200 30917 "-" "Mozilla/5.0 (Windows NT 6.1; WOW64) AppleWebKit/534+ (KHTML, like Gecko) BingPreview/1.0b"
40.77.139.115 - - [04/Sep/2021:13:10:17 +0000] "GET /js/jquery-1.9.0.min.js HTTP/1.1" 200 93068 "-" "Mozilla/5.0 (Windows NT 6.1; WOW64) AppleWebKit/534+ (KHTML, like Gecko) BingPreview/1.0b"
40.77.139.117 - - [04/Sep/2021:13:10:18 +0000] "GET /js/jquery.auto-complete.js HTTP/1.1" 200 7631 "-" "Mozilla/5.0 (Windows NT 6.1; WOW64) AppleWebKit/534+ (KHTML, like Gecko) BingPreview/1.0b"
40.77.139.39 - - [04/Sep/2021:13:10:18 +0000] "GET /js/header-search.js HTTP/1.1" 200 11655 "-" "Mozilla/5.0 (Windows NT 6.1; WOW64) AppleWebKit/534+ (KHTML, like Gecko) BingPreview/1.0b"
40.77.191.237 - - [04/Sep/2021:13:10:18 +0000] "GET /css/jquery.auto-complete.css HTTP/1.1" 200 760 "-" "Mozilla/5.0 (Windows NT 6.1; WOW64) AppleWebKit/534+ (KHTML, like Gecko) BingPreview/1.0b"
40.77.139.44 - - [04/Sep/2021:13:10:18 +0000] "GET /css/search.css HTTP/1.1" 200 16406 "-" "Mozilla/5.0 (Windows NT 6.1; WOW64) AppleWebKit/534+ (KHTML, like Gecko) BingPreview/1.0b"
40.77.139.106 - - [04/Sep/2021:13:10:18 +0000] "GET /js/jquery.flexslider.js HTTP/1.1" 200 52642 "-" "Mozilla/5.0 (Windows NT 6.1; WOW64) AppleWebKit/534+ (KHTML, like Gecko) BingPreview/1.0b"
40.77.139.0 - - [04/Sep/2021:13:10:19 +0000] "GET /js/form-validator/jquery.form-validator.min.js HTTP/1.1" 200 30917 "-" "Mozilla/5.0 (Windows NT 6.1; WOW64) AppleWebKit/534+ (KHTML, like Gecko) BingPreview/1.0b"
40.77.139.47 - - [04/Sep/2021:13:10:19 +0000] "GET /gen_validatorv4.js HTTP/1.1" 200 30230 "-" "Mozilla/5.0 (Windows NT 6.1; WOW64) AppleWebKit/534+ (KHTML, like Gecko) BingPreview/1.0b"
40.77.139.21 - - [04/Sep/2021:13:10:20 +0000] "GET /js/jquery.auto-complete.js HTTP/1.1" 200 7631 "-" "Mozilla/5.0 (Windows NT 6.1; WOW64) AppleWebKit/534+ (KHTML, like Gecko) BingPreview/1.0b"
40.77.191.217 - - [04/Sep/2021:13:10:21 +0000] "GET /css/jquery.auto-complete.css HTTP/1.1" 200 760 "-" "Mozilla/5.0 (Windows NT 6.1; WOW64) AppleWebKit/534+ (KHTML, like Gecko) BingPreview/1.0b"
40.77.139.85 - - [04/Sep/2021:13:10:21 +0000] "GET /js/header-search.js HTTP/1.1" 200 11655 "-" "Mozilla/5.0 (Windows NT 6.1; WOW64) AppleWebKit/534+ (KHTML, like Gecko) BingPreview/1.0b"
40.77.139.3 - - [04/Sep/2021:13:10:22 +0000] "GET /css/search.css HTTP/1.1" 200 16406 "-" "Mozilla/5.0 (Windows NT 6.1; WOW64) AppleWebKit/534+ (KHTML, like Gecko) BingPreview/1.0b"
40.77.167.93 - - [04/Sep/2021:13:14:04 +0000] "GET /images/logo_v1.png HTTP/1.1" 200 13109 "-" "Mozilla/5.0 (compatible; bingbot/2.0; +http://www.bing.com/bingbot.htm)"
40.77.167.1 - - [04/Sep/2021:17:00:30 +0000] "GET / HTTP/1.1" 200 63187 "-" "Mozilla/5.0 (compatible; bingbot/2.0; +http://www.bing.com/bingbot.htm)"
40.77.167.9 - - [04/Sep/2021:19:21:37 +0000] "GET / HTTP/1.1" 200 63187 "-" "Mozilla/5.0 (compatible; bingbot/2.0; +http://www.bing.com/bingbot.htm)"
40.77.167.1 - - [05/Sep/2021:02:20:33 +0000] "GET / HTTP/1.1" 200 63187 "-" "Mozilla/5.0 (compatible; bingbot/2.0; +http://www.bing.com/bingbot.htm)"
40.77.167.9 - - [05/Sep/2021:04:41:49 +0000] "GET / HTTP/1.1" 200 63187 "-" "Mozilla/5.0 (compatible; bingbot/2.0; +http://www.bing.com/bingbot.htm)"
66.249.68.31 - - [05/Sep/2021:11:34:42 +0000] "GET /robots.txt HTTP/1.1" 404 208 "-" "Mozilla/5.0 (compatible; Googlebot/2.1; +http://www.google.com/bot.html)"
66.249.68.1 - - [05/Sep/2021:11:34:43 +0000] "GET /contact-us.php HTTP/1.1" 200 16164 "-" "Mozilla/5.0 (compatible; Googlebot/2.1; +http://www.google.com/bot.html)"
66.249.68.1 - - [05/Sep/2021:11:34:48 +0000] "GET /css/flexslider.css HTTP/1.1" 200 4981 "https://properties.brgroupdelhi.com/contact-us.php" "Mozilla/5.0 AppleWebKit/537.36 (KHTML, like Gecko; compatible; Googlebot/2.1; +http://www.google.com/bot.html) Chrome/92.0.4515.119 Safari/537.36"
207.46.13.44 - - [05/Sep/2021:12:05:32 +0000] "GET /robots.txt HTTP/1.1" 404 208 "-" "Mozilla/5.0 (compatible; bingbot/2.0; +http://www.bing.com/bingbot.htm)"
40.77.167.1 - - [05/Sep/2021:12:05:40 +0000] "GET / HTTP/1.1" 200 63187 "-" "Mozilla/5.0 (compatible; bingbot/2.0; +http://www.bing.com/bingbot.htm)"
40.77.167.9 - - [05/Sep/2021:14:27:25 +0000] "GET / HTTP/1.1" 200 63187 "-" "Mozilla/5.0 (compatible; bingbot/2.0; +http://www.bing.com/bingbot.htm)"
92.118.160.57 - - [05/Sep/2021:14:54:05 +0000] "GET / HTTP/1.1" 200 63187 "-" "NetSystemsResearch studies the availability of various services across the internet. Our website is netsystemsresearch.com"
92.118.160.41 - - [05/Sep/2021:15:38:16 +0000] "GET / HTTP/1.1" 200 63187 "-" "NetSystemsResearch studies the availability of various services across the internet. Our website is netsystemsresearch.com"
207.46.13.44 - - [05/Sep/2021:21:23:33 +0000] "GET /robots.txt HTTP/1.1" 404 208 "-" "Mozilla/5.0 (compatible; bingbot/2.0; +http://www.bing.com/bingbot.htm)"
40.77.167.1 - - [05/Sep/2021:21:23:42 +0000] "GET / HTTP/1.1" 200 63187 "-" "Mozilla/5.0 (compatible; bingbot/2.0; +http://www.bing.com/bingbot.htm)"
40.77.167.9 - - [05/Sep/2021:23:45:19 +0000] "GET / HTTP/1.1" 200 63187 "-" "Mozilla/5.0 (compatible; bingbot/2.0; +http://www.bing.com/bingbot.htm)"
157.55.39.21 - - [06/Sep/2021:03:01:34 +0000] "GET /contact-us.php HTTP/1.1" 200 16164 "-" "Mozilla/5.0 (compatible; bingbot/2.0; +http://www.bing.com/bingbot.htm)"
40.77.167.1 - - [06/Sep/2021:06:42:05 +0000] "GET / HTTP/1.1" 200 63187 "-" "Mozilla/5.0 (compatible; bingbot/2.0; +http://www.bing.com/bingbot.htm)"
207.46.13.7 - - [06/Sep/2021:07:33:18 +0000] "GET /AboutUs HTTP/1.1" 200 19746 "-" "Mozilla/5.0 (compatible; bingbot/2.0; +http://www.bing.com/bingbot.htm)"
40.77.191.217 - - [06/Sep/2021:07:33:20 +0000] "GET /css/style.css HTTP/1.1" 200 20094 "http://properties.brgroupdelhi.com/AboutUs" "Mozilla/5.0 (Windows NT 6.1; WOW64) AppleWebKit/534+ (KHTML, like Gecko) BingPreview/1.0b"
40.77.191.217 - - [06/Sep/2021:07:33:20 +0000] "GET /css/responsive.css HTTP/1.1" 200 3218 "http://properties.brgroupdelhi.com/AboutUs" "Mozilla/5.0 (Windows NT 6.1; WOW64) AppleWebKit/534+ (KHTML, like Gecko) BingPreview/1.0b"
40.77.191.217 - - [06/Sep/2021:07:33:20 +0000] "GET /css/flexslider.css HTTP/1.1" 200 4981 "http://properties.brgroupdelhi.com/AboutUs" "Mozilla/5.0 (Windows NT 6.1; WOW64) AppleWebKit/534+ (KHTML, like Gecko) BingPreview/1.0b"
40.77.191.217 - - [06/Sep/2021:07:33:20 +0000] "GET /css/search.css HTTP/1.1" 200 16406 "http://properties.brgroupdelhi.com/AboutUs" "Mozilla/5.0 (Windows NT 6.1; WOW64) AppleWebKit/534+ (KHTML, like Gecko) BingPreview/1.0b"
40.77.191.217 - - [06/Sep/2021:07:33:20 +0000] "GET /css/jquery.auto-complete.css HTTP/1.1" 200 760 "http://properties.brgroupdelhi.com/AboutUs" "Mozilla/5.0 (Windows NT 6.1; WOW64) AppleWebKit/534+ (KHTML, like Gecko) BingPreview/1.0b"
40.77.191.217 - - [06/Sep/2021:07:33:21 +0000] "GET /gen_validatorv4.js HTTP/1.1" 200 30230 "http://properties.brgroupdelhi.com/AboutUs" "Mozilla/5.0 (Windows NT 6.1; WOW64) AppleWebKit/534+ (KHTML, like Gecko) BingPreview/1.0b"
40.77.191.217 - - [06/Sep/2021:07:33:21 +0000] "GET /js/jquery.flexslider.js HTTP/1.1" 200 52642 "http://properties.brgroupdelhi.com/AboutUs" "Mozilla/5.0 (Windows NT 6.1; WOW64) AppleWebKit/534+ (KHTML, like Gecko) BingPreview/1.0b"
40.77.191.217 - - [06/Sep/2021:07:33:20 +0000] "GET /css/bootstrap.min.css HTTP/1.1" 200 99962 "http://properties.brgroupdelhi.com/AboutUs" "Mozilla/5.0 (Windows NT 6.1; WOW64) AppleWebKit/534+ (KHTML, like Gecko) BingPreview/1.0b"
40.77.191.217 - - [06/Sep/2021:07:33:21 +0000] "GET /js/jquery.auto-complete.js HTTP/1.1" 200 7631 "http://properties.brgroupdelhi.com/AboutUs" "Mozilla/5.0 (Windows NT 6.1; WOW64) AppleWebKit/534+ (KHTML, like Gecko) BingPreview/1.0b"
40.77.191.217 - - [06/Sep/2021:07:33:21 +0000] "GET /js/header-search.js HTTP/1.1" 200 11655 "http://properties.brgroupdelhi.com/AboutUs" "Mozilla/5.0 (Windows NT 6.1; WOW64) AppleWebKit/534+ (KHTML, like Gecko) BingPreview/1.0b"
40.77.191.217 - - [06/Sep/2021:07:33:21 +0000] "GET /js/jquery-1.9.0.min.js HTTP/1.1" 200 93068 "http://properties.brgroupdelhi.com/AboutUs" "Mozilla/5.0 (Windows NT 6.1; WOW64) AppleWebKit/534+ (KHTML, like Gecko) BingPreview/1.0b"
40.77.167.9 - - [06/Sep/2021:09:36:17 +0000] "GET / HTTP/1.1" 200 63187 "-" "Mozilla/5.0 (compatible; bingbot/2.0; +http://www.bing.com/bingbot.htm)"
66.249.68.1 - - [06/Sep/2021:11:47:30 +0000] "GET /robots.txt HTTP/1.1" 404 208 "-" "Mozilla/5.0 (compatible; Googlebot/2.1; +http://www.google.com/bot.html)"
66.249.68.31 - - [06/Sep/2021:11:47:31 +0000] "GET /toletservice.php HTTP/1.1" 200 18883 "-" "Mozilla/5.0 (compatible; Googlebot/2.1; +http://www.google.com/bot.html)"
66.249.68.31 - - [06/Sep/2021:11:49:35 +0000] "GET /js/header-search.js HTTP/1.1" 200 11655 "https://properties.brgroupdelhi.com/toletservice.php" "Mozilla/5.0 AppleWebKit/537.36 (KHTML, like Gecko; compatible; Googlebot/2.1; +http://www.google.com/bot.html) Chrome/92.0.4515.119 Safari/537.36"
66.249.68.31 - - [06/Sep/2021:11:49:35 +0000] "GET /css/jquery.auto-complete.css HTTP/1.1" 200 760 "https://properties.brgroupdelhi.com/toletservice.php" "Mozilla/5.0 AppleWebKit/537.36 (KHTML, like Gecko; compatible; Googlebot/2.1; +http://www.google.com/bot.html) Chrome/92.0.4515.119 Safari/537.36"
66.249.68.31 - - [06/Sep/2021:11:49:36 +0000] "GET /css/flexslider.css HTTP/1.1" 200 4981 "https://properties.brgroupdelhi.com/toletservice.php" "Mozilla/5.0 AppleWebKit/537.36 (KHTML, like Gecko; compatible; Googlebot/2.1; +http://www.google.com/bot.html) Chrome/92.0.4515.119 Safari/537.36"
66.249.68.31 - - [06/Sep/2021:11:49:36 +0000] "GET /js/jquery-1.9.0.min.js HTTP/1.1" 200 93068 "https://properties.brgroupdelhi.com/toletservice.php" "Mozilla/5.0 AppleWebKit/537.36 (KHTML, like Gecko; compatible; Googlebot/2.1; +http://www.google.com/bot.html) Chrome/92.0.4515.119 Safari/537.36"
66.249.68.31 - - [06/Sep/2021:11:49:37 +0000] "GET /js/jquery.auto-complete.js HTTP/1.1" 200 7631 "https://properties.brgroupdelhi.com/toletservice.php" "Mozilla/5.0 AppleWebKit/537.36 (KHTML, like Gecko; compatible; Googlebot/2.1; +http://www.google.com/bot.html) Chrome/92.0.4515.119 Safari/537.36"
66.249.68.1 - - [06/Sep/2021:11:49:39 +0000] "GET /css/bootstrap.min.css HTTP/1.1" 200 99962 "https://properties.brgroupdelhi.com/toletservice.php" "Mozilla/5.0 AppleWebKit/537.36 (KHTML, like Gecko; compatible; Googlebot/2.1; +http://www.google.com/bot.html) Chrome/92.0.4515.119 Safari/537.36"
66.249.68.4 - - [06/Sep/2021:12:15:51 +0000] "GET /login.php HTTP/1.1" 200 16386 "-" "Mozilla/5.0 (Linux; Android 6.0.1; Nexus 5X Build/MMB29P) AppleWebKit/537.36 (KHTML, like Gecko) Chrome/92.0.4515.119 Mobile Safari/537.36 (compatible; Googlebot/2.1; +http://www.google.com/bot.html)"
20.106.204.159 - - [06/Sep/2021:14:58:38 +0000] "GET / HTTP/1.1" 200 63187 "-" "-"
20.106.204.159 - - [06/Sep/2021:14:58:39 +0000] "GET /wp-admin HTTP/1.1" 200 17339 "-" "-"
20.106.204.159 - - [06/Sep/2021:14:58:39 +0000] "GET /wordpress HTTP/1.1" 200 17340 "-" "-"
20.106.204.159 - - [06/Sep/2021:14:58:39 +0000] "GET /wp HTTP/1.1" 200 17333 "-" "-"
20.106.204.159 - - [06/Sep/2021:14:58:40 +0000] "GET /blog HTTP/1.1" 200 18780 "-" "-"
20.106.204.159 - - [06/Sep/2021:14:58:40 +0000] "GET /new HTTP/1.1" 200 17334 "-" "-"
20.106.204.159 - - [06/Sep/2021:14:58:40 +0000] "GET /old HTTP/1.1" 200 17334 "-" "-"
20.106.204.159 - - [06/Sep/2021:14:58:41 +0000] "GET /newsite HTTP/1.1" 200 17338 "-" "-"
20.106.204.159 - - [06/Sep/2021:14:58:41 +0000] "GET /test HTTP/1.1" 200 17335 "-" "-"
20.106.204.159 - - [06/Sep/2021:14:58:41 +0000] "GET /main HTTP/1.1" 200 17335 "-" "-"
20.106.204.159 - - [06/Sep/2021:14:58:42 +0000] "GET /cms HTTP/1.1" 200 17334 "-" "-"
20.106.204.159 - - [06/Sep/2021:14:58:42 +0000] "GET /dev HTTP/1.1" 200 17334 "-" "-"
20.106.204.159 - - [06/Sep/2021:14:58:42 +0000] "GET /backup HTTP/1.1" 200 17337 "-" "-"
20.106.204.159 - - [06/Sep/2021:14:58:43 +0000] "GET /protal HTTP/1.1" 200 17337 "-" "-"
40.77.167.1 - - [06/Sep/2021:16:33:14 +0000] "GET / HTTP/1.1" 200 63187 "-" "Mozilla/5.0 (compatible; bingbot/2.0; +http://www.bing.com/bingbot.htm)"
66.249.68.23 - - [06/Sep/2021:17:28:18 +0000] "GET /sign-up.php HTTP/1.1" 200 20011 "-" "Mozilla/5.0 (Linux; Android 6.0.1; Nexus 5X Build/MMB29P) AppleWebKit/537.36 (KHTML, like Gecko) Chrome/92.0.4515.119 Mobile Safari/537.36 (compatible; Googlebot/2.1; +http://www.google.com/bot.html)"
66.249.68.19 - - [06/Sep/2021:17:28:44 +0000] "GET /js/form-validator/file.js HTTP/1.1" 200 2684 "https://properties.brgroupdelhi.com/sign-up.php" "Mozilla/5.0 (Linux; Android 6.0.1; Nexus 5X Build/MMB29P) AppleWebKit/537.36 (KHTML, like Gecko) Chrome/92.0.4515.119 Mobile Safari/537.36 (compatible; Googlebot/2.1; +http://www.google.com/bot.html)"
66.249.68.21 - - [06/Sep/2021:17:28:46 +0000] "GET /js/form-validator/date.js HTTP/1.1" 200 1032 "https://properties.brgroupdelhi.com/sign-up.php" "Mozilla/5.0 (Linux; Android 6.0.1; Nexus 5X Build/MMB29P) AppleWebKit/537.36 (KHTML, like Gecko) Chrome/92.0.4515.119 Mobile Safari/537.36 (compatible; Googlebot/2.1; +http://www.google.com/bot.html)"
66.249.68.21 - - [06/Sep/2021:17:28:47 +0000] "GET /js/form-validator/location.js HTTP/1.1" 200 5249 "https://properties.brgroupdelhi.com/sign-up.php" "Mozilla/5.0 (Linux; Android 6.0.1; Nexus 5X Build/MMB29P) AppleWebKit/537.36 (KHTML, like Gecko) Chrome/92.0.4515.119 Mobile Safari/537.36 (compatible; Googlebot/2.1; +http://www.google.com/bot.html)"
66.249.68.19 - - [06/Sep/2021:17:28:49 +0000] "GET /js/form-validator/security.js HTTP/1.1" 200 5479 "https://properties.brgroupdelhi.com/sign-up.php" "Mozilla/5.0 (Linux; Android 6.0.1; Nexus 5X Build/MMB29P) AppleWebKit/537.36 (KHTML, like Gecko) Chrome/92.0.4515.119 Mobile Safari/537.36 (compatible; Googlebot/2.1; +http://www.google.com/bot.html)"
66.249.68.23 - - [06/Sep/2021:17:37:23 +0000] "GET /blog.php HTTP/1.1" 200 18941 "-" "Mozilla/5.0 (Linux; Android 6.0.1; Nexus 5X Build/MMB29P) AppleWebKit/537.36 (KHTML, like Gecko) Chrome/92.0.4515.119 Mobile Safari/537.36 (compatible; Googlebot/2.1; +http://www.google.com/bot.html)"
66.249.68.1 - - [06/Sep/2021:18:22:25 +0000] "GET /robots.txt HTTP/1.1" 404 208 "-" "Mozilla/5.0 (compatible; Googlebot/2.1; +http://www.google.com/bot.html)"
66.249.68.7 - - [06/Sep/2021:18:22:26 +0000] "GET / HTTP/1.1" 200 63187 "-" "Mozilla/5.0 (compatible; Googlebot/2.1; +http://www.google.com/bot.html)"
66.249.68.21 - - [06/Sep/2021:18:43:39 +0000] "GET /agents.php HTTP/1.1" 200 13976 "-" "Mozilla/5.0 (Linux; Android 6.0.1; Nexus 5X Build/MMB29P) AppleWebKit/537.36 (KHTML, like Gecko) Chrome/92.0.4515.119 Mobile Safari/537.36 (compatible; Googlebot/2.1; +http://www.google.com/bot.html)"
40.77.167.59 - - [06/Sep/2021:18:54:23 +0000] "GET /robots.txt HTTP/1.1" 404 208 "-" "Mozilla/5.0 (compatible; bingbot/2.0; +http://www.bing.com/bingbot.htm)"
40.77.167.59 - - [06/Sep/2021:18:54:24 +0000] "GET /robots.txt HTTP/1.1" 404 208 "-" "Mozilla/5.0 (compatible; bingbot/2.0; +http://www.bing.com/bingbot.htm)"
40.77.167.9 - - [06/Sep/2021:18:54:29 +0000] "GET / HTTP/1.1" 200 63187 "-" "Mozilla/5.0 (compatible; bingbot/2.0; +http://www.bing.com/bingbot.htm)"
66.249.68.4 - - [06/Sep/2021:19:02:35 +0000] "GET /newsandmedia.php HTTP/1.1" 200 19240 "-" "Mozilla/5.0 (Linux; Android 6.0.1; Nexus 5X Build/MMB29P) AppleWebKit/537.36 (KHTML, like Gecko) Chrome/92.0.4515.119 Mobile Safari/537.36 (compatible; Googlebot/2.1; +http://www.google.com/bot.html)"
66.249.68.29 - - [06/Sep/2021:19:21:31 +0000] "GET / HTTP/1.1" 200 63187 "-" "Mozilla/5.0 (Linux; Android 6.0.1; Nexus 5X Build/MMB29P) AppleWebKit/537.36 (KHTML, like Gecko) Chrome/92.0.4515.119 Mobile Safari/537.36 (compatible; Googlebot/2.1; +http://www.google.com/bot.html)"
66.249.68.29 - - [06/Sep/2021:19:49:55 +0000] "GET /vastu.php HTTP/1.1" 200 22952 "-" "Mozilla/5.0 (Linux; Android 6.0.1; Nexus 5X Build/MMB29P) AppleWebKit/537.36 (KHTML, like Gecko) Chrome/92.0.4515.119 Mobile Safari/537.36 (compatible; Googlebot/2.1; +http://www.google.com/bot.html)"
66.249.68.1 - - [06/Sep/2021:20:08:51 +0000] "GET /DelhiOverview HTTP/1.1" 200 22486 "-" "Mozilla/5.0 (Linux; Android 6.0.1; Nexus 5X Build/MMB29P) AppleWebKit/537.36 (KHTML, like Gecko) Chrome/92.0.4515.119 Mobile Safari/537.36 (compatible; Googlebot/2.1; +http://www.google.com/bot.html)"
66.249.68.29 - - [06/Sep/2021:20:18:19 +0000] "GET /locality.php?id=3 HTTP/1.1" 200 13591 "-" "Mozilla/5.0 (Linux; Android 6.0.1; Nexus 5X Build/MMB29P) AppleWebKit/537.36 (KHTML, like Gecko) Chrome/92.0.4515.119 Mobile Safari/537.36 (compatible; Googlebot/2.1; +http://www.google.com/bot.html)"
66.249.68.21 - - [06/Sep/2021:21:05:39 +0000] "GET /JaipurOverview HTTP/1.1" 200 17345 "-" "Mozilla/5.0 (Linux; Android 6.0.1; Nexus 5X Build/MMB29P) AppleWebKit/537.36 (KHTML, like Gecko) Chrome/92.0.4515.119 Mobile Safari/537.36 (compatible; Googlebot/2.1; +http://www.google.com/bot.html)"
66.249.68.23 - - [06/Sep/2021:21:43:31 +0000] "GET /locality.php?id=7 HTTP/1.1" 200 13591 "-" "Mozilla/5.0 (Linux; Android 6.0.1; Nexus 5X Build/MMB29P) AppleWebKit/537.36 (KHTML, like Gecko) Chrome/92.0.4515.119 Mobile Safari/537.36 (compatible; Googlebot/2.1; +http://www.google.com/bot.html)"
66.249.68.21 - - [06/Sep/2021:22:02:27 +0000] "GET /locality.php?id=6 HTTP/1.1" 200 13591 "-" "Mozilla/5.0 (Linux; Android 6.0.1; Nexus 5X Build/MMB29P) AppleWebKit/537.36 (KHTML, like Gecko) Chrome/92.0.4515.119 Mobile Safari/537.36 (compatible; Googlebot/2.1; +http://www.google.com/bot.html)"
195.133.40.3 - - [06/Sep/2021:22:45:42 +0000] "GET /.env HTTP/1.1" 404 202 "-" "Mozilla/5.0 (Macintosh; Intel Mac OS X 10.15; rv:77.0) Gecko/20100101 Firefox/77.0"
195.133.40.3 - - [06/Sep/2021:22:45:43 +0000] "GET /wp-content/ HTTP/1.1" 200 17342 "-" "Mozilla/5.0 (Macintosh; Intel Mac OS X 10.15; rv:77.0) Gecko/20100101 Firefox/77.0"
185.165.241.37 - - [07/Sep/2021:00:15:57 +0000] "GET / HTTP/1.0" 200 63187 "https://properties.brgroupdelhi.com/" "Mozilla/5.0 (Windows NT 10.0; Win64; x64) AppleWebKit/537.36 (KHTML, like Gecko) Chrome/66.0.3359.170 Safari/537.36 OPR/53.0.2907.68"
185.165.241.37 - - [07/Sep/2021:00:16:06 +0000] "GET /contact-us.php HTTP/1.0" 200 16164 "https://properties.brgroupdelhi.com/contact-us.php" "Mozilla/5.0 (Windows NT 10.0; Win64; x64) AppleWebKit/537.36 (KHTML, like Gecko) Chrome/66.0.3359.170 Safari/537.36 OPR/53.0.2907.68"
185.165.241.37 - - [07/Sep/2021:00:17:33 +0000] "POST /send-contact.php HTTP/1.0" 500 - "https://properties.brgroupdelhi.com/contact-us.php" "Mozilla/5.0 (Windows NT 10.0; Win64; x64) AppleWebKit/537.36 (KHTML, like Gecko) Chrome/66.0.3359.170 Safari/537.36 OPR/53.0.2907.68"
185.165.241.37 - - [07/Sep/2021:00:17:35 +0000] "GET /login.php HTTP/1.0" 200 16386 "https://properties.brgroupdelhi.com/login.php" "Mozilla/5.0 (Windows NT 10.0; Win64; x64) AppleWebKit/537.36 (KHTML, like Gecko) Chrome/66.0.3359.170 Safari/537.36 OPR/53.0.2907.68"
185.165.241.37 - - [07/Sep/2021:00:17:36 +0000] "POST /loginsuccess.php HTTP/1.0" 302 55 "https://properties.brgroupdelhi.com/login.php" "Mozilla/5.0 (Windows NT 10.0; Win64; x64) AppleWebKit/537.36 (KHTML, like Gecko) Chrome/66.0.3359.170 Safari/537.36 OPR/53.0.2907.68"
185.165.241.37 - - [07/Sep/2021:00:17:37 +0000] "GET /login.php?message=notmatched HTTP/1.0" 200 16487 "https://properties.brgroupdelhi.com/login.php?message=notmatched" "Mozilla/5.0 (Windows NT 10.0; Win64; x64) AppleWebKit/537.36 (KHTML, like Gecko) Chrome/66.0.3359.170 Safari/537.36 OPR/53.0.2907.68"
185.165.241.37 - - [07/Sep/2021:00:17:39 +0000] "GET / HTTP/1.0" 200 63187 "https://properties.brgroupdelhi.com/" "Mozilla/5.0 (Windows NT 10.0; Win64; x64) AppleWebKit/537.36 (KHTML, like Gecko) Chrome/66.0.3359.170 Safari/537.36 OPR/53.0.2907.68"
40.77.167.1 - - [07/Sep/2021:01:56:47 +0000] "GET / HTTP/1.1" 200 63187 "-" "Mozilla/5.0 (compatible; bingbot/2.0; +http://www.bing.com/bingbot.htm)"
66.249.68.19 - - [07/Sep/2021:02:46:02 +0000] "GET /robots.txt HTTP/1.1" 404 208 "-" "Mozilla/5.0 (compatible; Googlebot/2.1; +http://www.google.com/bot.html)"
66.249.68.23 - - [07/Sep/2021:02:46:03 +0000] "GET /login.php HTTP/1.1" 200 16386 "-" "Mozilla/5.0 (Linux; Android 6.0.1; Nexus 5X Build/MMB29P) AppleWebKit/537.36 (KHTML, like Gecko) Chrome/92.0.4515.119 Mobile Safari/537.36 (compatible; Googlebot/2.1; +http://www.google.com/bot.html)"
40.77.167.9 - - [07/Sep/2021:04:24:14 +0000] "GET / HTTP/1.1" 200 63187 "-" "Mozilla/5.0 (compatible; bingbot/2.0; +http://www.bing.com/bingbot.htm)"
66.249.68.21 - - [07/Sep/2021:07:59:21 +0000] "GET /TermsandConditions HTTP/1.1" 200 17349 "-" "Mozilla/5.0 (Linux; Android 6.0.1; Nexus 5X Build/MMB29P) AppleWebKit/537.36 (KHTML, like Gecko) Chrome/92.0.4515.119 Mobile Safari/537.36 (compatible; Googlebot/2.1; +http://www.google.com/bot.html)"
18.184.195.200 - - [07/Sep/2021:10:02:11 +0000] "GET / HTTP/1.1" 200 63187 "-" "Mozilla/5.0 (Windows NT 6.0) AppleWebKit/537.36 (KHTML, like Gecko) Chrome/41.0.2272.89 Safari/537.36"
40.77.167.1 - - [07/Sep/2021:11:48:24 +0000] "GET / HTTP/1.1" 200 63187 "-" "Mozilla/5.0 (compatible; bingbot/2.0; +http://www.bing.com/bingbot.htm)"
111.223.26.196 - - [07/Sep/2021:13:23:31 +0000] "GET / HTTP/1.1" 200 63187 "-" "Mozilla/5.0 (Linux; Android 10; Mi A2) AppleWebKit/537.36 (KHTML, like Gecko) Chrome/78.0.3904.96 Mobile Safari/537.36"
111.223.26.196 - - [07/Sep/2021:13:23:31 +0000] "GET /css/style.css HTTP/1.1" 200 20094 "http://properties.brgroupdelhi.com/" "Mozilla/5.0 (Linux; Android 10; Mi A2) AppleWebKit/537.36 (KHTML, like Gecko) Chrome/78.0.3904.96 Mobile Safari/537.36"
111.223.26.196 - - [07/Sep/2021:13:23:31 +0000] "GET /css/bootstrap.min.css HTTP/1.1" 200 99962 "http://properties.brgroupdelhi.com/" "Mozilla/5.0 (Linux; Android 10; Mi A2) AppleWebKit/537.36 (KHTML, like Gecko) Chrome/78.0.3904.96 Mobile Safari/537.36"
111.223.26.196 - - [07/Sep/2021:13:23:31 +0000] "GET /css/responsive.css HTTP/1.1" 200 3218 "http://properties.brgroupdelhi.com/" "Mozilla/5.0 (Linux; Android 10; Mi A2) AppleWebKit/537.36 (KHTML, like Gecko) Chrome/78.0.3904.96 Mobile Safari/537.36"
111.223.26.196 - - [07/Sep/2021:13:23:31 +0000] "GET /css/flexslider.css HTTP/1.1" 200 4981 "http://properties.brgroupdelhi.com/" "Mozilla/5.0 (Linux; Android 10; Mi A2) AppleWebKit/537.36 (KHTML, like Gecko) Chrome/78.0.3904.96 Mobile Safari/537.36"
111.223.26.196 - - [07/Sep/2021:13:23:31 +0000] "GET /css/bxslider.css HTTP/1.1" 200 3890 "http://properties.brgroupdelhi.com/" "Mozilla/5.0 (Linux; Android 10; Mi A2) AppleWebKit/537.36 (KHTML, like Gecko) Chrome/78.0.3904.96 Mobile Safari/537.36"
111.223.26.196 - - [07/Sep/2021:13:23:31 +0000] "GET /css/jquery.auto-complete.css HTTP/1.1" 200 760 "http://properties.brgroupdelhi.com/" "Mozilla/5.0 (Linux; Android 10; Mi A2) AppleWebKit/537.36 (KHTML, like Gecko) Chrome/78.0.3904.96 Mobile Safari/537.36"
111.223.26.196 - - [07/Sep/2021:13:23:31 +0000] "GET /css/search.css HTTP/1.1" 200 16406 "http://properties.brgroupdelhi.com/" "Mozilla/5.0 (Linux; Android 10; Mi A2) AppleWebKit/537.36 (KHTML, like Gecko) Chrome/78.0.3904.96 Mobile Safari/537.36"
111.223.26.196 - - [07/Sep/2021:13:23:31 +0000] "GET /js/jquery.auto-complete.js HTTP/1.1" 200 7631 "http://properties.brgroupdelhi.com/" "Mozilla/5.0 (Linux; Android 10; Mi A2) AppleWebKit/537.36 (KHTML, like Gecko) Chrome/78.0.3904.96 Mobile Safari/537.36"
111.223.26.196 - - [07/Sep/2021:13:23:31 +0000] "GET /js/jquery.bxslider.js HTTP/1.1" 200 50573 "http://properties.brgroupdelhi.com/" "Mozilla/5.0 (Linux; Android 10; Mi A2) AppleWebKit/537.36 (KHTML, like Gecko) Chrome/78.0.3904.96 Mobile Safari/537.36"
111.223.26.196 - - [07/Sep/2021:13:23:31 +0000] "GET /js/jquery.flexslider.js HTTP/1.1" 200 52642 "http://properties.brgroupdelhi.com/" "Mozilla/5.0 (Linux; Android 10; Mi A2) AppleWebKit/537.36 (KHTML, like Gecko) Chrome/78.0.3904.96 Mobile Safari/537.36"
111.223.26.196 - - [07/Sep/2021:13:23:31 +0000] "GET /js/header-search.js HTTP/1.1" 200 11655 "http://properties.brgroupdelhi.com/" "Mozilla/5.0 (Linux; Android 10; Mi A2) AppleWebKit/537.36 (KHTML, like Gecko) Chrome/78.0.3904.96 Mobile Safari/537.36"
111.223.26.196 - - [07/Sep/2021:13:23:31 +0000] "GET /js/bootstrap.js HTTP/1.1" 200 58458 "http://properties.brgroupdelhi.com/" "Mozilla/5.0 (Linux; Android 10; Mi A2) AppleWebKit/537.36 (KHTML, like Gecko) Chrome/78.0.3904.96 Mobile Safari/537.36"
111.223.26.196 - - [07/Sep/2021:13:23:31 +0000] "GET /js/jquery-1.9.0.min.js HTTP/1.1" 200 93068 "http://properties.brgroupdelhi.com/" "Mozilla/5.0 (Linux; Android 10; Mi A2) AppleWebKit/537.36 (KHTML, like Gecko) Chrome/78.0.3904.96 Mobile Safari/537.36"
111.223.26.196 - - [07/Sep/2021:13:23:32 +0000] "GET /images/searchBelowArrow.png HTTP/1.1" 200 1014 "http://properties.brgroupdelhi.com/css/search.css" "Mozilla/5.0 (Linux; Android 10; Mi A2) AppleWebKit/537.36 (KHTML, like Gecko) Chrome/78.0.3904.96 Mobile Safari/537.36"
111.223.26.196 - - [07/Sep/2021:13:23:32 +0000] "GET /images/background-home/2.jpg HTTP/1.1" 200 88077 "http://properties.brgroupdelhi.com/" "Mozilla/5.0 (Linux; Android 10; Mi A2) AppleWebKit/537.36 (KHTML, like Gecko) Chrome/78.0.3904.96 Mobile Safari/537.36"
111.223.26.196 - - [07/Sep/2021:13:23:32 +0000] "GET /images/propertyTypeArrow.png HTTP/1.1" 200 2883 "http://properties.brgroupdelhi.com/css/search.css" "Mozilla/5.0 (Linux; Android 10; Mi A2) AppleWebKit/537.36 (KHTML, like Gecko) Chrome/78.0.3904.96 Mobile Safari/537.36"
111.223.26.196 - - [07/Sep/2021:13:23:32 +0000] "GET /images/logo_v1.png HTTP/1.1" 200 13109 "http://properties.brgroupdelhi.com/" "Mozilla/5.0 (Linux; Android 10; Mi A2) AppleWebKit/537.36 (KHTML, like Gecko) Chrome/78.0.3904.96 Mobile Safari/537.36"
111.223.26.196 - - [07/Sep/2021:13:23:32 +0000] "GET /images/rs-icon.png HTTP/1.1" 200 610 "http://properties.brgroupdelhi.com/css/style.css" "Mozilla/5.0 (Linux; Android 10; Mi A2) AppleWebKit/537.36 (KHTML, like Gecko) Chrome/78.0.3904.96 Mobile Safari/537.36"
111.223.26.196 - - [07/Sep/2021:13:23:32 +0000] "GET /galleryimg/c11eb4fcf5062237a56c5f2cb0d6d27f.jpg HTTP/1.1" 200 27034 "http://properties.brgroupdelhi.com/" "Mozilla/5.0 (Linux; Android 10; Mi A2) AppleWebKit/537.36 (KHTML, like Gecko) Chrome/78.0.3904.96 Mobile Safari/537.36"
111.223.26.196 - - [07/Sep/2021:13:23:32 +0000] "GET /galleryimg/c4dee2194e8c8e24a36b2b52eb05fcee.jpg HTTP/1.1" 200 51974 "http://properties.brgroupdelhi.com/" "Mozilla/5.0 (Linux; Android 10; Mi A2) AppleWebKit/537.36 (KHTML, like Gecko) Chrome/78.0.3904.96 Mobile Safari/537.36"
111.223.26.196 - - [07/Sep/2021:13:23:32 +0000] "GET /galleryimg/bcff9adc2797c6ef03335c1cf71cc3e5.jpg HTTP/1.1" 200 44114 "http://properties.brgroupdelhi.com/" "Mozilla/5.0 (Linux; Android 10; Mi A2) AppleWebKit/537.36 (KHTML, like Gecko) Chrome/78.0.3904.96 Mobile Safari/537.36"
111.223.26.196 - - [07/Sep/2021:13:23:32 +0000] "GET /galleryimg/3cea6776856426ac588cb29bca2fdc80.jpg HTTP/1.1" 200 44394 "http://properties.brgroupdelhi.com/" "Mozilla/5.0 (Linux; Android 10; Mi A2) AppleWebKit/537.36 (KHTML, like Gecko) Chrome/78.0.3904.96 Mobile Safari/537.36"
111.223.26.196 - - [07/Sep/2021:13:23:32 +0000] "GET /galleryimg/f0f359f40c0d278a7866374237327e34.jpg HTTP/1.1" 200 65674 "http://properties.brgroupdelhi.com/" "Mozilla/5.0 (Linux; Android 10; Mi A2) AppleWebKit/537.36 (KHTML, like Gecko) Chrome/78.0.3904.96 Mobile Safari/537.36"
111.223.26.196 - - [07/Sep/2021:13:23:32 +0000] "GET /galleryimg/d62cb62a8c654236ac42f0e8ff0a9081.jpg HTTP/1.1" 200 72507 "http://properties.brgroupdelhi.com/" "Mozilla/5.0 (Linux; Android 10; Mi A2) AppleWebKit/537.36 (KHTML, like Gecko) Chrome/78.0.3904.96 Mobile Safari/537.36"
111.223.26.196 - - [07/Sep/2021:13:23:32 +0000] "GET /galleryimg/a71777a26dfb962656fb5e866ea56e91.jpg HTTP/1.1" 200 63393 "http://properties.brgroupdelhi.com/" "Mozilla/5.0 (Linux; Android 10; Mi A2) AppleWebKit/537.36 (KHTML, like Gecko) Chrome/78.0.3904.96 Mobile Safari/537.36"
111.223.26.196 - - [07/Sep/2021:13:23:32 +0000] "GET /galleryimg/b79ccb9e879bd3250b4ae8ba80de0493.jpg HTTP/1.1" 200 7272 "http://properties.brgroupdelhi.com/" "Mozilla/5.0 (Linux; Android 10; Mi A2) AppleWebKit/537.36 (KHTML, like Gecko) Chrome/78.0.3904.96 Mobile Safari/537.36"
111.223.26.196 - - [07/Sep/2021:13:23:32 +0000] "GET /galleryimg/db52a30f6a9899ef2ecea18e21e411e2.jpg HTTP/1.1" 200 75909 "http://properties.brgroupdelhi.com/" "Mozilla/5.0 (Linux; Android 10; Mi A2) AppleWebKit/537.36 (KHTML, like Gecko) Chrome/78.0.3904.96 Mobile Safari/537.36"
111.223.26.196 - - [07/Sep/2021:13:23:32 +0000] "GET /images/footer-upper.jpg HTTP/1.1" 200 111750 "http://properties.brgroupdelhi.com/css/style.css" "Mozilla/5.0 (Linux; Android 10; Mi A2) AppleWebKit/537.36 (KHTML, like Gecko) Chrome/78.0.3904.96 Mobile Safari/537.36"
111.223.26.196 - - [07/Sep/2021:13:23:32 +0000] "GET /css/images/bx_loader.gif HTTP/1.1" 404 222 "http://properties.brgroupdelhi.com/css/bxslider.css" "Mozilla/5.0 (Linux; Android 10; Mi A2) AppleWebKit/537.36 (KHTML, like Gecko) Chrome/78.0.3904.96 Mobile Safari/537.36"
111.223.26.196 - - [07/Sep/2021:13:23:32 +0000] "GET /images/choise-img.jpg HTTP/1.1" 200 15365 "http://properties.brgroupdelhi.com/" "Mozilla/5.0 (Linux; Android 10; Mi A2) AppleWebKit/537.36 (KHTML, like Gecko) Chrome/78.0.3904.96 Mobile Safari/537.36"
111.223.26.196 - - [07/Sep/2021:13:23:32 +0000] "GET /images/footer-bg.jpg HTTP/1.1" 200 113637 "http://properties.brgroupdelhi.com/css/style.css" "Mozilla/5.0 (Linux; Android 10; Mi A2) AppleWebKit/537.36 (KHTML, like Gecko) Chrome/78.0.3904.96 Mobile Safari/537.36"
111.223.26.196 - - [07/Sep/2021:13:23:32 +0000] "GET /images/facebook_new.png HTTP/1.1" 200 484 "http://properties.brgroupdelhi.com/" "Mozilla/5.0 (Linux; Android 10; Mi A2) AppleWebKit/537.36 (KHTML, like Gecko) Chrome/78.0.3904.96 Mobile Safari/537.36"
111.223.26.196 - - [07/Sep/2021:13:23:32 +0000] "GET /images/g_plus_new.png HTTP/1.1" 200 967 "http://properties.brgroupdelhi.com/" "Mozilla/5.0 (Linux; Android 10; Mi A2) AppleWebKit/537.36 (KHTML, like Gecko) Chrome/78.0.3904.96 Mobile Safari/537.36"
111.223.26.196 - - [07/Sep/2021:13:23:33 +0000] "GET /favicon.ico HTTP/1.1" 200 43 "http://properties.brgroupdelhi.com/" "Mozilla/5.0 (Linux; Android 10; Mi A2) AppleWebKit/537.36 (KHTML, like Gecko) Chrome/78.0.3904.96 Mobile Safari/537.36"
111.223.26.196 - - [07/Sep/2021:13:23:39 +0000] "GET /project-details.php?id=166 HTTP/1.1" 200 30496 "http://properties.brgroupdelhi.com/" "Mozilla/5.0 (Linux; Android 10; Mi A2) AppleWebKit/537.36 (KHTML, like Gecko) Chrome/78.0.3904.96 Mobile Safari/537.36"
111.223.26.196 - - [07/Sep/2021:13:23:39 +0000] "GET /gen_validatorv4.js HTTP/1.1" 200 30230 "http://properties.brgroupdelhi.com/project-details.php?id=166" "Mozilla/5.0 (Linux; Android 10; Mi A2) AppleWebKit/537.36 (KHTML, like Gecko) Chrome/78.0.3904.96 Mobile Safari/537.36"
111.223.26.196 - - [07/Sep/2021:13:23:39 +0000] "GET /images/mobile-icon.png HTTP/1.1" 200 1356 "http://properties.brgroupdelhi.com/css/style.css" "Mozilla/5.0 (Linux; Android 10; Mi A2) AppleWebKit/537.36 (KHTML, like Gecko) Chrome/78.0.3904.96 Mobile Safari/537.36"
111.223.26.196 - - [07/Sep/2021:13:23:39 +0000] "GET /galleryimg/33214e590bdd1271455bb9bea6356924.png HTTP/1.1" 200 13109 "http://properties.brgroupdelhi.com/project-details.php?id=166" "Mozilla/5.0 (Linux; Android 10; Mi A2) AppleWebKit/537.36 (KHTML, like Gecko) Chrome/78.0.3904.96 Mobile Safari/537.36"
111.223.26.196 - - [07/Sep/2021:13:23:39 +0000] "GET /images/locatiom-map.jpg HTTP/1.1" 200 5130 "http://properties.brgroupdelhi.com/project-details.php?id=166" "Mozilla/5.0 (Linux; Android 10; Mi A2) AppleWebKit/537.36 (KHTML, like Gecko) Chrome/78.0.3904.96 Mobile Safari/537.36"
111.223.26.196 - - [07/Sep/2021:13:23:39 +0000] "GET /images/brochure.jpg HTTP/1.1" 200 3742 "http://properties.brgroupdelhi.com/project-details.php?id=166" "Mozilla/5.0 (Linux; Android 10; Mi A2) AppleWebKit/537.36 (KHTML, like Gecko) Chrome/78.0.3904.96 Mobile Safari/537.36"
111.223.26.196 - - [07/Sep/2021:13:23:39 +0000] "GET /images/application-form.jpg HTTP/1.1" 200 4194 "http://properties.brgroupdelhi.com/project-details.php?id=166" "Mozilla/5.0 (Linux; Android 10; Mi A2) AppleWebKit/537.36 (KHTML, like Gecko) Chrome/78.0.3904.96 Mobile Safari/537.36"
111.223.26.196 - - [07/Sep/2021:13:23:39 +0000] "GET /images/payment-plan.jpg HTTP/1.1" 200 4794 "http://properties.brgroupdelhi.com/project-details.php?id=166" "Mozilla/5.0 (Linux; Android 10; Mi A2) AppleWebKit/537.36 (KHTML, like Gecko) Chrome/78.0.3904.96 Mobile Safari/537.36"
111.223.26.196 - - [07/Sep/2021:13:23:39 +0000] "GET /images/master-plan.jpg HTTP/1.1" 200 5549 "http://properties.brgroupdelhi.com/project-details.php?id=166" "Mozilla/5.0 (Linux; Android 10; Mi A2) AppleWebKit/537.36 (KHTML, like Gecko) Chrome/78.0.3904.96 Mobile Safari/537.36"
111.223.26.196 - - [07/Sep/2021:13:23:39 +0000] "GET /images/pre-icon.png HTTP/1.1" 200 316 "http://properties.brgroupdelhi.com/css/style.css" "Mozilla/5.0 (Linux; Android 10; Mi A2) AppleWebKit/537.36 (KHTML, like Gecko) Chrome/78.0.3904.96 Mobile Safari/537.36"
111.223.26.196 - - [07/Sep/2021:13:23:39 +0000] "GET /galleryimg/177f339ed1829b6eb25f1d42b0a3febe.jpg HTTP/1.1" 200 47746 "http://properties.brgroupdelhi.com/project-details.php?id=166" "Mozilla/5.0 (Linux; Android 10; Mi A2) AppleWebKit/537.36 (KHTML, like Gecko) Chrome/78.0.3904.96 Mobile Safari/537.36"
111.223.26.196 - - [07/Sep/2021:13:23:40 +0000] "GET /font/flexslider-icon.woff HTTP/1.1" 200 1268 "http://properties.brgroupdelhi.com/css/flexslider.css" "Mozilla/5.0 (Linux; Android 10; Mi A2) AppleWebKit/537.36 (KHTML, like Gecko) Chrome/78.0.3904.96 Mobile Safari/537.36"
40.77.167.9 - - [07/Sep/2021:14:11:02 +0000] "GET / HTTP/1.1" 200 63187 "-" "Mozilla/5.0 (compatible; bingbot/2.0; +http://www.bing.com/bingbot.htm)"
66.249.68.21 - - [07/Sep/2021:15:17:43 +0000] "GET /robots.txt HTTP/1.1" 404 208 "-" "Mozilla/5.0 (compatible; Googlebot/2.1; +http://www.google.com/bot.html)"
66.249.68.23 - - [07/Sep/2021:15:17:44 +0000] "GET /login.php HTTP/1.1" 200 16386 "-" "Mozilla/5.0 (Linux; Android 6.0.1; Nexus 5X Build/MMB29P) AppleWebKit/537.36 (KHTML, like Gecko) Chrome/92.0.4515.119 Mobile Safari/537.36 (compatible; Googlebot/2.1; +http://www.google.com/bot.html)"
66.249.68.19 - - [07/Sep/2021:15:17:50 +0000] "GET /js/jquery.auto-complete.js HTTP/1.1" 200 7631 "https://properties.brgroupdelhi.com/login.php" "Mozilla/5.0 (Linux; Android 6.0.1; Nexus 5X Build/MMB29P) AppleWebKit/537.36 (KHTML, like Gecko) Chrome/92.0.4515.119 Mobile Safari/537.36 (compatible; Googlebot/2.1; +http://www.google.com/bot.html)"
40.77.167.8 - - [07/Sep/2021:17:32:13 +0000] "GET /aboutus/js/jquery.flexslider.js HTTP/1.1" 404 229 "-" "Mozilla/5.0 (compatible; MSIE 9.0; Windows NT 6.1; Trident/5.0)"
40.77.167.9 - - [07/Sep/2021:18:12:23 +0000] "GET / HTTP/1.1" 200 63187 "-" "Mozilla/5.0 (compatible; bingbot/2.0; +http://www.bing.com/bingbot.htm)"
157.55.39.21 - - [07/Sep/2021:18:12:40 +0000] "GET /js/jquery.bxslider.js HTTP/1.1" 200 50573 "-" "Mozilla/5.0 (compatible; bingbot/2.0; +http://www.bing.com/bingbot.htm)"
207.46.13.82 - - [07/Sep/2021:18:12:41 +0000] "GET /css/jquery.auto-complete.css HTTP/1.1" 200 760 "-" "Mozilla/5.0 (compatible; bingbot/2.0; +http://www.bing.com/bingbot.htm)"
207.46.13.51 - - [07/Sep/2021:18:12:41 +0000] "GET /css/search.css HTTP/1.1" 200 16406 "-" "Mozilla/5.0 (compatible; bingbot/2.0; +http://www.bing.com/bingbot.htm)"
40.77.167.1 - - [07/Sep/2021:18:12:41 +0000] "GET /css/bootstrap.min.css HTTP/1.1" 200 99962 "-" "Mozilla/5.0 (compatible; bingbot/2.0; +http://www.bing.com/bingbot.htm)"
40.77.167.9 - - [07/Sep/2021:18:12:43 +0000] "GET /css/bxslider.css HTTP/1.1" 200 3890 "-" "Mozilla/5.0 (compatible; bingbot/2.0; +http://www.bing.com/bingbot.htm)"
40.77.167.50 - - [07/Sep/2021:18:12:43 +0000] "GET /css/responsive.css HTTP/1.1" 200 3218 "-" "Mozilla/5.0 (compatible; bingbot/2.0; +http://www.bing.com/bingbot.htm)"
157.55.39.67 - - [07/Sep/2021:18:12:44 +0000] "GET /js/jquery-1.9.0.min.js HTTP/1.1" 200 93068 "-" "Mozilla/5.0 (compatible; bingbot/2.0; +http://www.bing.com/bingbot.htm)"
157.55.39.156 - - [07/Sep/2021:18:12:50 +0000] "GET /js/header-search.js HTTP/1.1" 200 11655 "-" "Mozilla/5.0 (compatible; bingbot/2.0; +http://www.bing.com/bingbot.htm)"
157.55.39.156 - - [07/Sep/2021:18:12:50 +0000] "GET /js/jquery.auto-complete.js HTTP/1.1" 200 7631 "-" "Mozilla/5.0 (compatible; bingbot/2.0; +http://www.bing.com/bingbot.htm)"
207.46.13.82 - - [07/Sep/2021:18:12:55 +0000] "GET /js/jquery.flexslider.js HTTP/1.1" 200 52642 "-" "Mozilla/5.0 (compatible; bingbot/2.0; +http://www.bing.com/bingbot.htm)"
40.77.167.1 - - [07/Sep/2021:18:13:00 +0000] "GET /css/flexslider.css HTTP/1.1" 200 4981 "-" "Mozilla/5.0 (compatible; bingbot/2.0; +http://www.bing.com/bingbot.htm)"
40.77.167.50 - - [07/Sep/2021:18:13:03 +0000] "GET /css/style.css HTTP/1.1" 200 20094 "-" "Mozilla/5.0 (compatible; bingbot/2.0; +http://www.bing.com/bingbot.htm)"
207.46.13.51 - - [07/Sep/2021:18:13:04 +0000] "GET /js/bootstrap.js HTTP/1.1" 200 58458 "-" "Mozilla/5.0 (compatible; bingbot/2.0; +http://www.bing.com/bingbot.htm)"
40.77.167.8 - - [07/Sep/2021:19:30:32 +0000] "GET /login.php/gen_validatorv4.js HTTP/1.1" 200 16386 "-" "Mozilla/5.0 (compatible; MSIE 9.0; Windows NT 6.1; Trident/5.0)"
207.46.13.111 - - [07/Sep/2021:19:33:08 +0000] "GET /aboutus/js/jquery.auto-complete.js HTTP/1.1" 404 232 "-" "Mozilla/5.0 (compatible; MSIE 9.0; Windows NT 6.1; Trident/5.0)"
157.55.39.156 - - [07/Sep/2021:19:42:07 +0000] "GET /aboutus/gen_validatorv4.js HTTP/1.1" 404 224 "-" "Mozilla/5.0 (compatible; MSIE 9.0; Windows NT 6.1; Trident/5.0)"
159.65.167.33 - - [07/Sep/2021:20:41:45 +0000] "GET / HTTP/1.0" 200 63187 "-" "Mozilla/5.0 (compatible; NetcraftSurveyAgent/1.0; +info@netcraft.com)"
40.77.167.1 - - [07/Sep/2021:21:08:29 +0000] "GET / HTTP/1.1" 200 63187 "-" "Mozilla/5.0 (compatible; bingbot/2.0; +http://www.bing.com/bingbot.htm)"
207.46.13.44 - - [07/Sep/2021:21:24:38 +0000] "GET /robots.txt HTTP/1.1" 404 208 "-" "Mozilla/5.0 (compatible; bingbot/2.0; +http://www.bing.com/bingbot.htm)"
157.55.39.21 - - [07/Sep/2021:21:24:50 +0000] "GET /login.php/js/jquery-1.9.0.min.js HTTP/1.1" 200 16386 "-" "Mozilla/5.0 (compatible; MSIE 9.0; Windows NT 6.1; Trident/5.0)"
207.46.13.51 - - [07/Sep/2021:21:39:32 +0000] "GET /login.php/js/jquery.auto-complete.js HTTP/1.1" 200 16386 "-" "Mozilla/5.0 (compatible; MSIE 9.0; Windows NT 6.1; Trident/5.0)"
157.55.39.66 - - [07/Sep/2021:23:19:06 +0000] "GET /robots.txt HTTP/1.1" 404 208 "-" "Mozilla/5.0 (compatible; bingbot/2.0; +http://www.bing.com/bingbot.htm)"
40.77.167.51 - - [07/Sep/2021:23:19:13 +0000] "GET /login.php/js/header-search.js HTTP/1.1" 200 16386 "-" "Mozilla/5.0 (compatible; MSIE 9.0; Windows NT 6.1; Trident/5.0)"
93.186.198.169 - - [07/Sep/2021:23:19:48 +0000] "GET /.env HTTP/1.1" 404 202 "-" "Mozilla/5.0 (X11; Linux x86_64) AppleWebKit/537.36 (KHTML, like Gecko) Chrome/81.0.4044.129 Safari/537.36"
93.186.198.169 - - [07/Sep/2021:23:19:48 +0000] "POST / HTTP/1.1" 200 63187 "-" "Mozilla/5.0 (X11; Linux x86_64) AppleWebKit/537.36 (KHTML, like Gecko) Chrome/81.0.4044.129 Safari/537.36"
93.186.198.169 - - [07/Sep/2021:23:19:49 +0000] "GET /vendor/phpunit/phpunit/src/Util/PHP/eval-stdin.php HTTP/1.1" 404 248 "-" "Mozilla/5.0 (Macintosh; Intel Mac OS X 10_10_1) AppleWebKit/537.36 (KHTML, like Gecko) Chrome/39.0.2171.95 Safari/537.36"
40.77.167.9 - - [07/Sep/2021:23:30:55 +0000] "GET / HTTP/1.1" 200 63187 "-" "Mozilla/5.0 (compatible; bingbot/2.0; +http://www.bing.com/bingbot.htm)"
207.46.13.51 - - [08/Sep/2021:01:20:35 +0000] "GET /aboutus/js/header-search.js HTTP/1.1" 404 225 "-" "Mozilla/5.0 (compatible; MSIE 9.0; Windows NT 6.1; Trident/5.0)"
207.46.13.111 - - [08/Sep/2021:03:10:51 +0000] "GET /aboutus/js/jquery-1.9.0.min.js HTTP/1.1" 404 228 "-" "Mozilla/5.0 (compatible; MSIE 9.0; Windows NT 6.1; Trident/5.0)"
40.77.167.9 - - [08/Sep/2021:03:20:26 +0000] "GET /login.php/js/form-validator/jquery.form-validator.min.js HTTP/1.1" 200 16386 "-" "Mozilla/5.0 (compatible; MSIE 9.0; Windows NT 6.1; Trident/5.0)"
40.77.167.51 - - [08/Sep/2021:03:29:56 +0000] "GET /login.php/js/jquery.flexslider.js HTTP/1.1" 200 16386 "-" "Mozilla/5.0 (compatible; MSIE 9.0; Windows NT 6.1; Trident/5.0)"
66.249.68.21 - - [08/Sep/2021:04:00:29 +0000] "GET /robots.txt HTTP/1.1" 404 208 "-" "Mozilla/5.0 (compatible; Googlebot/2.1; +http://www.google.com/bot.html)"
66.249.68.21 - - [08/Sep/2021:04:00:29 +0000] "GET /AboutUs HTTP/1.1" 200 19746 "-" "Mozilla/5.0 (Linux; Android 6.0.1; Nexus 5X Build/MMB29P) AppleWebKit/537.36 (KHTML, like Gecko) Chrome/92.0.4515.119 Mobile Safari/537.36 (compatible; Googlebot/2.1; +http://www.google.com/bot.html)"
66.249.68.4 - - [08/Sep/2021:05:02:42 +0000] "GET /PrivacyPolicy HTTP/1.1" 200 17344 "-" "Mozilla/5.0 (Linux; Android 6.0.1; Nexus 5X Build/MMB29P) AppleWebKit/537.36 (KHTML, like Gecko) Chrome/92.0.4515.119 Mobile Safari/537.36 (compatible; Googlebot/2.1; +http://www.google.com/bot.html)"
66.249.68.23 - - [08/Sep/2021:05:54:08 +0000] "GET /index.php HTTP/1.1" 200 63187 "-" "Mozilla/5.0 (compatible; Googlebot/2.1; +http://www.google.com/bot.html)"
66.249.68.23 - - [08/Sep/2021:05:54:10 +0000] "GET /css/bxslider.css HTTP/1.1" 200 3890 "https://properties.brgroupdelhi.com/index.php" "Mozilla/5.0 AppleWebKit/537.36 (KHTML, like Gecko; compatible; Googlebot/2.1; +http://www.google.com/bot.html) Chrome/92.0.4515.119 Safari/537.36"
40.77.167.1 - - [08/Sep/2021:06:30:02 +0000] "GET / HTTP/1.1" 200 63187 "-" "Mozilla/5.0 (compatible; bingbot/2.0; +http://www.bing.com/bingbot.htm)"
144.86.173.147 - - [08/Sep/2021:07:29:50 +0000] "GET / HTTP/1.1" 200 63187 "-" "Expanse, a Palo Alto Networks company, searches across the global IPv4 space multiple times per day to identify customers' presences on the Internet. If you would like to be excluded from our scans, please send IP addresses/domains to: scaninfo@paloaltonetworks.com"
40.77.167.9 - - [08/Sep/2021:09:21:01 +0000] "GET / HTTP/1.1" 200 63187 "-" "Mozilla/5.0 (compatible; bingbot/2.0; +http://www.bing.com/bingbot.htm)"
103.209.223.99 - - [08/Sep/2021:09:26:36 +0000] "GET /secureadmin/admin/ HTTP/1.1" 200 6608 "-" "Mozilla/5.0 (Windows NT 6.1; Win64; x64) AppleWebKit/537.36 (KHTML, like Gecko) Chrome/93.0.4577.63 Safari/537.36"
103.209.223.99 - - [08/Sep/2021:09:26:38 +0000] "GET /secureadmin/admin/images/logo-bingo.png HTTP/1.1" 304 - "https://properties.brgroupdelhi.com/secureadmin/admin/" "Mozilla/5.0 (Windows NT 6.1; Win64; x64) AppleWebKit/537.36 (KHTML, like Gecko) Chrome/93.0.4577.63 Safari/537.36"
103.209.223.99 - - [08/Sep/2021:09:26:38 +0000] "GET /secureadmin/admin/menuContent.html HTTP/1.1" 404 232 "https://properties.brgroupdelhi.com/secureadmin/admin/" "Mozilla/5.0 (Windows NT 6.1; Win64; x64) AppleWebKit/537.36 (KHTML, like Gecko) Chrome/93.0.4577.63 Safari/537.36"
103.209.223.99 - - [08/Sep/2021:09:26:39 +0000] "GET /favicon.ico HTTP/1.1" 200 43 "https://properties.brgroupdelhi.com/secureadmin/admin/" "Mozilla/5.0 (Windows NT 6.1; Win64; x64) AppleWebKit/537.36 (KHTML, like Gecko) Chrome/93.0.4577.63 Safari/537.36"
103.209.223.99 - - [08/Sep/2021:09:26:41 +0000] "POST /secureadmin/admin/loginsuccess.php HTTP/1.1" 302 - "https://properties.brgroupdelhi.com/secureadmin/admin/" "Mozilla/5.0 (Windows NT 6.1; Win64; x64) AppleWebKit/537.36 (KHTML, like Gecko) Chrome/93.0.4577.63 Safari/537.36"
103.209.223.99 - - [08/Sep/2021:09:26:41 +0000] "GET /secureadmin/admin/dashboard.php?message=success HTTP/1.1" 200 9901 "https://properties.brgroupdelhi.com/secureadmin/admin/" "Mozilla/5.0 (Windows NT 6.1; Win64; x64) AppleWebKit/537.36 (KHTML, like Gecko) Chrome/93.0.4577.63 Safari/537.36"
103.209.223.99 - - [08/Sep/2021:09:26:41 +0000] "GET /secureadmin/admin/gen_validatorv4.js HTTP/1.1" 304 - "https://properties.brgroupdelhi.com/secureadmin/admin/dashboard.php?message=success" "Mozilla/5.0 (Windows NT 6.1; Win64; x64) AppleWebKit/537.36 (KHTML, like Gecko) Chrome/93.0.4577.63 Safari/537.36"
103.209.223.99 - - [08/Sep/2021:09:26:41 +0000] "GET /secureadmin/admin/images/logo.png HTTP/1.1" 304 - "https://properties.brgroupdelhi.com/secureadmin/admin/dashboard.php?message=success" "Mozilla/5.0 (Windows NT 6.1; Win64; x64) AppleWebKit/537.36 (KHTML, like Gecko) Chrome/93.0.4577.63 Safari/537.36"
103.209.223.99 - - [08/Sep/2021:09:26:41 +0000] "GET /secureadmin/admin/menuContent.html HTTP/1.1" 404 232 "https://properties.brgroupdelhi.com/secureadmin/admin/dashboard.php?message=success" "Mozilla/5.0 (Windows NT 6.1; Win64; x64) AppleWebKit/537.36 (KHTML, like Gecko) Chrome/93.0.4577.63 Safari/537.36"
103.209.223.99 - - [08/Sep/2021:09:28:39 +0000] "GET /secureadmin/admin/show-agent-area.php HTTP/1.1" 200 12623 "https://properties.brgroupdelhi.com/secureadmin/admin/dashboard.php?message=success" "Mozilla/5.0 (Windows NT 6.1; Win64; x64) AppleWebKit/537.36 (KHTML, like Gecko) Chrome/93.0.4577.63 Safari/537.36"
103.209.223.99 - - [08/Sep/2021:09:28:39 +0000] "GET /galleryimg/f1ced57340e00717d490dc0760739fa6.jpg HTTP/1.1" 200 10751 "https://properties.brgroupdelhi.com/secureadmin/admin/show-agent-area.php" "Mozilla/5.0 (Windows NT 6.1; Win64; x64) AppleWebKit/537.36 (KHTML, like Gecko) Chrome/93.0.4577.63 Safari/537.36"
103.209.223.99 - - [08/Sep/2021:09:28:39 +0000] "GET /secureadmin/admin/menuContent.html HTTP/1.1" 404 232 "https://properties.brgroupdelhi.com/secureadmin/admin/show-agent-area.php" "Mozilla/5.0 (Windows NT 6.1; Win64; x64) AppleWebKit/537.36 (KHTML, like Gecko) Chrome/93.0.4577.63 Safari/537.36"
103.209.223.99 - - [08/Sep/2021:10:13:55 +0000] "GET /secureadmin/admin/add-property.php HTTP/1.1" 200 28035 "https://properties.brgroupdelhi.com/secureadmin/admin/show-agent-area.php" "Mozilla/5.0 (Windows NT 6.1; Win64; x64) AppleWebKit/537.36 (KHTML, like Gecko) Chrome/93.0.4577.63 Safari/537.36"
103.209.223.99 - - [08/Sep/2021:10:13:55 +0000] "GET /secureadmin/admin/ckeditor/_source/core/loader.js?t=B5GJ5GG HTTP/1.1" 404 247 "https://properties.brgroupdelhi.com/secureadmin/admin/add-property.php" "Mozilla/5.0 (Windows NT 6.1; Win64; x64) AppleWebKit/537.36 (KHTML, like Gecko) Chrome/93.0.4577.63 Safari/537.36"
103.209.223.99 - - [08/Sep/2021:10:13:59 +0000] "GET /secureadmin/admin/menuContent.html HTTP/1.1" 404 232 "https://properties.brgroupdelhi.com/secureadmin/admin/add-property.php" "Mozilla/5.0 (Windows NT 6.1; Win64; x64) AppleWebKit/537.36 (KHTML, like Gecko) Chrome/93.0.4577.63 Safari/537.36"
103.209.223.99 - - [08/Sep/2021:10:14:30 +0000] "GET /secureadmin/admin/ HTTP/1.1" 200 6608 "-" "Mozilla/5.0 (Windows NT 6.1; Win64; x64) AppleWebKit/537.36 (KHTML, like Gecko) Chrome/93.0.4577.63 Safari/537.36"
103.209.223.99 - - [08/Sep/2021:10:14:32 +0000] "GET /secureadmin/admin/menuContent.html HTTP/1.1" 404 232 "https://properties.brgroupdelhi.com/secureadmin/admin/" "Mozilla/5.0 (Windows NT 6.1; Win64; x64) AppleWebKit/537.36 (KHTML, like Gecko) Chrome/93.0.4577.63 Safari/537.36"
103.209.223.99 - - [08/Sep/2021:10:14:35 +0000] "POST /secureadmin/admin/loginsuccess.php HTTP/1.1" 302 - "https://properties.brgroupdelhi.com/secureadmin/admin/" "Mozilla/5.0 (Windows NT 6.1; Win64; x64) AppleWebKit/537.36 (KHTML, like Gecko) Chrome/93.0.4577.63 Safari/537.36"
103.209.223.99 - - [08/Sep/2021:10:14:35 +0000] "GET /secureadmin/admin/dashboard.php?message=success HTTP/1.1" 200 9901 "https://properties.brgroupdelhi.com/secureadmin/admin/" "Mozilla/5.0 (Windows NT 6.1; Win64; x64) AppleWebKit/537.36 (KHTML, like Gecko) Chrome/93.0.4577.63 Safari/537.36"
103.209.223.99 - - [08/Sep/2021:10:14:36 +0000] "GET /secureadmin/admin/menuContent.html HTTP/1.1" 404 232 "https://properties.brgroupdelhi.com/secureadmin/admin/dashboard.php?message=success" "Mozilla/5.0 (Windows NT 6.1; Win64; x64) AppleWebKit/537.36 (KHTML, like Gecko) Chrome/93.0.4577.63 Safari/537.36"
103.209.223.99 - - [08/Sep/2021:10:14:39 +0000] "GET /secureadmin/admin/add-property.php HTTP/1.1" 200 28035 "https://properties.brgroupdelhi.com/secureadmin/admin/dashboard.php?message=success" "Mozilla/5.0 (Windows NT 6.1; Win64; x64) AppleWebKit/537.36 (KHTML, like Gecko) Chrome/93.0.4577.63 Safari/537.36"
103.209.223.99 - - [08/Sep/2021:10:14:40 +0000] "GET /secureadmin/admin/ckeditor/_source/core/loader.js?t=B5GJ5GG HTTP/1.1" 404 247 "https://properties.brgroupdelhi.com/secureadmin/admin/add-property.php" "Mozilla/5.0 (Windows NT 6.1; Win64; x64) AppleWebKit/537.36 (KHTML, like Gecko) Chrome/93.0.4577.63 Safari/537.36"
103.209.223.99 - - [08/Sep/2021:10:14:40 +0000] "GET /secureadmin/admin/menuContent.html HTTP/1.1" 404 232 "https://properties.brgroupdelhi.com/secureadmin/admin/add-property.php" "Mozilla/5.0 (Windows NT 6.1; Win64; x64) AppleWebKit/537.36 (KHTML, like Gecko) Chrome/93.0.4577.63 Safari/537.36"
103.209.223.99 - - [08/Sep/2021:10:15:55 +0000] "POST /secureadmin/admin/processProduct.php?action=addProperty HTTP/1.1" 200 142 "https://properties.brgroupdelhi.com/secureadmin/admin/add-property.php" "Mozilla/5.0 (Windows NT 6.1; Win64; x64) AppleWebKit/537.36 (KHTML, like Gecko) Chrome/93.0.4577.63 Safari/537.36"
