157.37.168.111 - - [03/Aug/2021:07:49:26 +0000] "GET /wp-content/themes/Avada/assets/css/media/min-768-max-1024-p.min.css HTTP/1.1" 200 2362 "https://www.safaltaguru.com/list-of-universities-of-canada-study-abroad-education-website/" "Mozilla/5.0 (Windows NT 6.1) AppleWebKit/537.36 (KHTML, like Gecko) Chrome/92.0.4515.107 Safari/537.36"
65.154.226.165 - - [03/Aug/2021:07:49:26 +0000] "GET /wp-content/uploads/fusion-gfonts/memnYaGs126MiZpBA-UFUKXGUdhoIqWxjaPXZSk.woff HTTP/1.1" 200 6148 "https://www.safaltaguru.com/" "Mozilla/5.0 (Windows NT 10.0; Win64; x64) AppleWebKit/537.36 (KHTML, like Gecko) Chrome/76.0.3809.71 Safari/537.36"
65.154.226.165 - - [03/Aug/2021:07:49:26 +0000] "GET /wp-content/uploads/fusion-gfonts/memnYaGs126MiZpBA-UFUKXGUdhlIqWxjaPXZSk.woff HTTP/1.1" 200 9913 "https://www.safaltaguru.com/" "Mozilla/5.0 (Windows NT 10.0; Win64; x64) AppleWebKit/537.36 (KHTML, like Gecko) Chrome/76.0.3809.71 Safari/537.36"
65.154.226.165 - - [03/Aug/2021:07:49:26 +0000] "GET /wp-content/uploads/fusion-gfonts/memnYaGs126MiZpBA-UFUKXGUdhkIqWxjaPXZSk.woff HTTP/1.1" 200 4931 "https://www.safaltaguru.com/" "Mozilla/5.0 (Windows NT 10.0; Win64; x64) AppleWebKit/537.36 (KHTML, like Gecko) Chrome/76.0.3809.71 Safari/537.36"
157.37.168.111 - - [03/Aug/2021:07:49:26 +0000] "GET /wp-content/themes/Avada/assets/css/media/min-768-max-1024-l-header-legacy.min.css HTTP/1.1" 200 169 "https://www.safaltaguru.com/list-of-universities-of-canada-study-abroad-education-website/" "Mozilla/5.0 (Windows NT 6.1) AppleWebKit/537.36 (KHTML, like Gecko) Chrome/92.0.4515.107 Safari/537.36"
157.37.168.111 - - [03/Aug/2021:07:49:26 +0000] "GET /wp-content/themes/Avada/assets/css/media/min-768-max-1024-l.min.css HTTP/1.1" 200 174 "https://www.safaltaguru.com/list-of-universities-of-canada-study-abroad-education-website/" "Mozilla/5.0 (Windows NT 6.1) AppleWebKit/537.36 (KHTML, like Gecko) Chrome/92.0.4515.107 Safari/537.36"
157.37.168.111 - - [03/Aug/2021:07:49:26 +0000] "GET /wp-content/themes/Avada/assets/css/media/max-sh-cbp.min.css HTTP/1.1" 200 2087 "https://www.safaltaguru.com/list-of-universities-of-canada-study-abroad-education-website/" "Mozilla/5.0 (Windows NT 6.1) AppleWebKit/537.36 (KHTML, like Gecko) Chrome/92.0.4515.107 Safari/537.36"
157.37.168.111 - - [03/Aug/2021:07:49:26 +0000] "GET /wp-content/themes/Avada/assets/css/media/max-sh-sbp.min.css HTTP/1.1" 200 132 "https://www.safaltaguru.com/list-of-universities-of-canada-study-abroad-education-website/" "Mozilla/5.0 (Windows NT 6.1) AppleWebKit/537.36 (KHTML, like Gecko) Chrome/92.0.4515.107 Safari/537.36"
157.37.168.111 - - [03/Aug/2021:07:49:26 +0000] "GET /wp-content/themes/Avada/assets/css/media/max-shbp-18.min.css HTTP/1.1" 200 184 "https://www.safaltaguru.com/list-of-universities-of-canada-study-abroad-education-website/" "Mozilla/5.0 (Windows NT 6.1) AppleWebKit/537.36 (KHTML, like Gecko) Chrome/92.0.4515.107 Safari/537.36"
157.37.168.111 - - [03/Aug/2021:07:49:26 +0000] "GET /wp-content/themes/Avada/assets/css/media/max-sh-640.min.css HTTP/1.1" 200 726 "https://www.safaltaguru.com/list-of-universities-of-canada-study-abroad-education-website/" "Mozilla/5.0 (Windows NT 6.1) AppleWebKit/537.36 (KHTML, like Gecko) Chrome/92.0.4515.107 Safari/537.36"
65.154.226.165 - - [03/Aug/2021:07:49:26 +0000] "GET /wp-content/uploads/fusion-gfonts/memnYaGs126MiZpBA-UFUKXGUdhrIqWxjaPX.woff HTTP/1.1" 200 12741 "https://www.safaltaguru.com/" "Mozilla/5.0 (Windows NT 10.0; Win64; x64) AppleWebKit/537.36 (KHTML, like Gecko) Chrome/76.0.3809.71 Safari/537.36"
65.154.226.165 - - [03/Aug/2021:07:49:26 +0000] "GET /wp-content/uploads/fusion-gfonts/memnYaGs126MiZpBA-UFUKWiUNhmIqWxjaPXZSk.woff HTTP/1.1" 200 13893 "https://www.safaltaguru.com/" "Mozilla/5.0 (Windows NT 10.0; Win64; x64) AppleWebKit/537.36 (KHTML, like Gecko) Chrome/76.0.3809.71 Safari/537.36"
157.37.168.111 - - [03/Aug/2021:07:49:26 +0000] "GET /wp-content/themes/Avada/assets/css/media/max-shbp-32.min.css HTTP/1.1" 200 62 "https://www.safaltaguru.com/list-of-universities-of-canada-study-abroad-education-website/" "Mozilla/5.0 (Windows NT 6.1) AppleWebKit/537.36 (KHTML, like Gecko) Chrome/92.0.4515.107 Safari/537.36"
65.154.226.165 - - [03/Aug/2021:07:49:26 +0000] "GET /wp-content/uploads/fusion-gfonts/memnYaGs126MiZpBA-UFUKWiUNhvIqWxjaPXZSk.woff HTTP/1.1" 200 8192 "https://www.safaltaguru.com/" "Mozilla/5.0 (Windows NT 10.0; Win64; x64) AppleWebKit/537.36 (KHTML, like Gecko) Chrome/76.0.3809.71 Safari/537.36"
157.37.168.111 - - [03/Aug/2021:07:49:26 +0000] "GET /wp-content/themes/Avada/assets/css/media/max-640.min.css HTTP/1.1" 200 983 "https://www.safaltaguru.com/list-of-universities-of-canada-study-abroad-education-website/" "Mozilla/5.0 (Windows NT 6.1) AppleWebKit/537.36 (KHTML, like Gecko) Chrome/92.0.4515.107 Safari/537.36"
65.154.226.165 - - [03/Aug/2021:07:49:26 +0000] "GET /wp-content/uploads/fusion-gfonts/memnYaGs126MiZpBA-UFUKWiUNhnIqWxjaPXZSk.woff HTTP/1.1" 200 1135 "https://www.safaltaguru.com/" "Mozilla/5.0 (Windows NT 10.0; Win64; x64) AppleWebKit/537.36 (KHTML, like Gecko) Chrome/76.0.3809.71 Safari/537.36"
65.154.226.165 - - [03/Aug/2021:07:49:26 +0000] "GET /wp-content/uploads/fusion-gfonts/memnYaGs126MiZpBA-UFUKWiUNhoIqWxjaPXZSk.woff HTTP/1.1" 200 6136 "https://www.safaltaguru.com/" "Mozilla/5.0 (Windows NT 10.0; Win64; x64) AppleWebKit/537.36 (KHTML, like Gecko) Chrome/76.0.3809.71 Safari/537.36"
65.154.226.165 - - [03/Aug/2021:07:49:26 +0000] "GET /wp-content/uploads/fusion-gfonts/memnYaGs126MiZpBA-UFUKWiUNhkIqWxjaPXZSk.woff HTTP/1.1" 200 4840 "https://www.safaltaguru.com/" "Mozilla/5.0 (Windows NT 10.0; Win64; x64) AppleWebKit/537.36 (KHTML, like Gecko) Chrome/76.0.3809.71 Safari/537.36"
157.37.168.111 - - [03/Aug/2021:07:49:26 +0000] "GET /wp-content/themes/Avada/assets/css/media/max-main.min.css HTTP/1.1" 200 259 "https://www.safaltaguru.com/list-of-universities-of-canada-study-abroad-education-website/" "Mozilla/5.0 (Windows NT 6.1) AppleWebKit/537.36 (KHTML, like Gecko) Chrome/92.0.4515.107 Safari/537.36"
157.37.168.111 - - [03/Aug/2021:07:49:26 +0000] "GET /wp-content/themes/Avada/assets/css/media/max-cbp.min.css HTTP/1.1" 200 108 "https://www.safaltaguru.com/list-of-universities-of-canada-study-abroad-education-website/" "Mozilla/5.0 (Windows NT 6.1) AppleWebKit/537.36 (KHTML, like Gecko) Chrome/92.0.4515.107 Safari/537.36"
157.37.168.111 - - [03/Aug/2021:07:49:26 +0000] "GET /wp-content/themes/Avada/assets/css/media/max-sh-cbp-cf7.min.css HTTP/1.1" 200 117 "https://www.safaltaguru.com/list-of-universities-of-canada-study-abroad-education-website/" "Mozilla/5.0 (Windows NT 6.1) AppleWebKit/537.36 (KHTML, like Gecko) Chrome/92.0.4515.107 Safari/537.36"
157.37.168.111 - - [03/Aug/2021:07:49:26 +0000] "GET /wp-content/themes/Avada/assets/css/media/min-768-max-1024-p-social-sharing.min.css HTTP/1.1" 200 249 "https://www.safaltaguru.com/list-of-universities-of-canada-study-abroad-education-website/" "Mozilla/5.0 (Windows NT 6.1) AppleWebKit/537.36 (KHTML, like Gecko) Chrome/92.0.4515.107 Safari/537.36"
157.37.168.111 - - [03/Aug/2021:07:49:26 +0000] "GET /wp-content/themes/Avada/assets/css/media/max-sh-640-social-sharing.min.css HTTP/1.1" 200 202 "https://www.safaltaguru.com/list-of-universities-of-canada-study-abroad-education-website/" "Mozilla/5.0 (Windows NT 6.1) AppleWebKit/537.36 (KHTML, like Gecko) Chrome/92.0.4515.107 Safari/537.36"
157.37.168.111 - - [03/Aug/2021:07:49:26 +0000] "GET /wp-content/themes/Avada/assets/css/media/max-sh-cbp-social-sharing.min.css HTTP/1.1" 200 172 "https://www.safaltaguru.com/list-of-universities-of-canada-study-abroad-education-website/" "Mozilla/5.0 (Windows NT 6.1) AppleWebKit/537.36 (KHTML, like Gecko) Chrome/92.0.4515.107 Safari/537.36"
157.37.168.111 - - [03/Aug/2021:07:49:26 +0000] "GET /wp-content/plugins/fusion-builder/assets/css/media/max-sh-cbp.min.css HTTP/1.1" 200 511 "https://www.safaltaguru.com/list-of-universities-of-canada-study-abroad-education-website/" "Mozilla/5.0 (Windows NT 6.1) AppleWebKit/537.36 (KHTML, like Gecko) Chrome/92.0.4515.107 Safari/537.36"
157.37.168.111 - - [03/Aug/2021:07:49:26 +0000] "GET /wp-content/themes/Avada/assets/css/media/max-640-social-sharing.min.css HTTP/1.1" 200 159 "https://www.safaltaguru.com/list-of-universities-of-canada-study-abroad-education-website/" "Mozilla/5.0 (Windows NT 6.1) AppleWebKit/537.36 (KHTML, like Gecko) Chrome/92.0.4515.107 Safari/537.36"
157.37.168.111 - - [03/Aug/2021:07:49:26 +0000] "GET /wp-content/uploads/2021/05/Medical-Mumbai-min-66x66.jpg HTTP/1.1" 200 1990 "https://www.safaltaguru.com/list-of-universities-of-canada-study-abroad-education-website/" "Mozilla/5.0 (Windows NT 6.1) AppleWebKit/537.36 (KHTML, like Gecko) Chrome/92.0.4515.107 Safari/537.36"
157.37.168.111 - - [03/Aug/2021:07:49:26 +0000] "GET /wp-content/uploads/2021/05/CBSE-66x66.jpeg HTTP/1.1" 200 2112 "https://www.safaltaguru.com/list-of-universities-of-canada-study-abroad-education-website/" "Mozilla/5.0 (Windows NT 6.1) AppleWebKit/537.36 (KHTML, like Gecko) Chrome/92.0.4515.107 Safari/537.36"
65.154.226.165 - - [03/Aug/2021:07:49:26 +0000] "GET /wp-content/uploads/fusion-gfonts/memnYaGs126MiZpBA-UFUKWiUNhlIqWxjaPXZSk.woff HTTP/1.1" 200 9662 "https://www.safaltaguru.com/" "Mozilla/5.0 (Windows NT 10.0; Win64; x64) AppleWebKit/537.36 (KHTML, like Gecko) Chrome/76.0.3809.71 Safari/537.36"
65.154.226.165 - - [03/Aug/2021:07:49:26 +0000] "GET /wp-content/uploads/fusion-gfonts/memnYaGs126MiZpBA-UFUKWiUNhrIqWxjaPX.woff HTTP/1.1" 200 12516 "https://www.safaltaguru.com/" "Mozilla/5.0 (Windows NT 10.0; Win64; x64) AppleWebKit/537.36 (KHTML, like Gecko) Chrome/76.0.3809.71 Safari/537.36"
157.37.168.111 - - [03/Aug/2021:07:49:26 +0000] "GET /wp-content/plugins/fusion-builder/assets/css/media/max-1c.css HTTP/1.1" 200 85 "https://www.safaltaguru.com/list-of-universities-of-canada-study-abroad-education-website/" "Mozilla/5.0 (Windows NT 6.1) AppleWebKit/537.36 (KHTML, like Gecko) Chrome/92.0.4515.107 Safari/537.36"
157.37.168.111 - - [03/Aug/2021:07:49:26 +0000] "GET /wp-content/plugins/fusion-builder/assets/css/media/min-768-max-1024-p.min.css HTTP/1.1" 200 808 "https://www.safaltaguru.com/list-of-universities-of-canada-study-abroad-education-website/" "Mozilla/5.0 (Windows NT 6.1) AppleWebKit/537.36 (KHTML, like Gecko) Chrome/92.0.4515.107 Safari/537.36"
157.37.168.111 - - [03/Aug/2021:07:49:26 +0000] "GET /wp-content/plugins/fusion-builder/assets/css/media/max-640.min.css HTTP/1.1" 200 389 "https://www.safaltaguru.com/list-of-universities-of-canada-study-abroad-education-website/" "Mozilla/5.0 (Windows NT 6.1) AppleWebKit/537.36 (KHTML, like Gecko) Chrome/92.0.4515.107 Safari/537.36"
157.37.168.111 - - [03/Aug/2021:07:49:26 +0000] "GET /wp-content/plugins/fusion-builder/assets/css/media/max-2c.css HTTP/1.1" 200 112 "https://www.safaltaguru.com/list-of-universities-of-canada-study-abroad-education-website/" "Mozilla/5.0 (Windows NT 6.1) AppleWebKit/537.36 (KHTML, like Gecko) Chrome/92.0.4515.107 Safari/537.36"
65.154.226.165 - - [03/Aug/2021:07:49:26 +0000] "GET /wp-content/uploads/fusion-gfonts/mem8YaGs126MiZpBA-UFWJ0df8pkAp6a.woff HTTP/1.1" 200 13458 "https://www.safaltaguru.com/" "Mozilla/5.0 (Windows NT 10.0; Win64; x64) AppleWebKit/537.36 (KHTML, like Gecko) Chrome/76.0.3809.71 Safari/537.36"
65.154.226.165 - - [03/Aug/2021:07:49:26 +0000] "GET /wp-content/uploads/fusion-gfonts/mem8YaGs126MiZpBA-UFUZ0df8pkAp6a.woff HTTP/1.1" 200 7331 "https://www.safaltaguru.com/" "Mozilla/5.0 (Windows NT 10.0; Win64; x64) AppleWebKit/537.36 (KHTML, like Gecko) Chrome/76.0.3809.71 Safari/537.36"
65.154.226.165 - - [03/Aug/2021:07:49:26 +0000] "GET /wp-content/uploads/fusion-gfonts/mem8YaGs126MiZpBA-UFWZ0df8pkAp6a.woff HTTP/1.1" 200 1099 "https://www.safaltaguru.com/" "Mozilla/5.0 (Windows NT 10.0; Win64; x64) AppleWebKit/537.36 (KHTML, like Gecko) Chrome/76.0.3809.71 Safari/537.36"
65.154.226.165 - - [03/Aug/2021:07:49:26 +0000] "GET /wp-content/uploads/fusion-gfonts/mem8YaGs126MiZpBA-UFVp0df8pkAp6a.woff HTTP/1.1" 200 5936 "https://www.safaltaguru.com/" "Mozilla/5.0 (Windows NT 10.0; Win64; x64) AppleWebKit/537.36 (KHTML, like Gecko) Chrome/76.0.3809.71 Safari/537.36"
157.37.168.111 - - [03/Aug/2021:07:49:26 +0000] "GET /wp-content/plugins/fusion-builder/assets/css/media/min-3c-max-4c.css HTTP/1.1" 200 144 "https://www.safaltaguru.com/list-of-universities-of-canada-study-abroad-education-website/" "Mozilla/5.0 (Windows NT 6.1) AppleWebKit/537.36 (KHTML, like Gecko) Chrome/92.0.4515.107 Safari/537.36"
157.37.168.111 - - [03/Aug/2021:07:49:26 +0000] "GET /wp-content/plugins/fusion-builder/assets/css/media/min-2c-max-3c.css HTTP/1.1" 200 154 "https://www.safaltaguru.com/list-of-universities-of-canada-study-abroad-education-website/" "Mozilla/5.0 (Windows NT 6.1) AppleWebKit/537.36 (KHTML, like Gecko) Chrome/92.0.4515.107 Safari/537.36"
157.37.168.111 - - [03/Aug/2021:07:49:26 +0000] "GET /wp-content/plugins/fusion-builder/assets/css/media/min-4c-max-5c.css HTTP/1.1" 200 140 "https://www.safaltaguru.com/list-of-universities-of-canada-study-abroad-education-website/" "Mozilla/5.0 (Windows NT 6.1) AppleWebKit/537.36 (KHTML, like Gecko) Chrome/92.0.4515.107 Safari/537.36"
157.37.168.111 - - [03/Aug/2021:07:49:26 +0000] "GET /wp-content/plugins/fusion-builder/assets/css/media/min-5c-max-6c.css HTTP/1.1" 200 122 "https://www.safaltaguru.com/list-of-universities-of-canada-study-abroad-education-website/" "Mozilla/5.0 (Windows NT 6.1) AppleWebKit/537.36 (KHTML, like Gecko) Chrome/92.0.4515.107 Safari/537.36"
65.154.226.165 - - [03/Aug/2021:07:49:27 +0000] "GET /wp-content/uploads/fusion-gfonts/mem8YaGs126MiZpBA-UFWp0df8pkAp6a.woff HTTP/1.1" 200 4778 "https://www.safaltaguru.com/" "Mozilla/5.0 (Windows NT 10.0; Win64; x64) AppleWebKit/537.36 (KHTML, like Gecko) Chrome/76.0.3809.71 Safari/537.36"
65.154.226.165 - - [03/Aug/2021:07:49:27 +0000] "GET /wp-content/uploads/fusion-gfonts/mem8YaGs126MiZpBA-UFW50df8pkAp6a.woff HTTP/1.1" 200 9464 "https://www.safaltaguru.com/" "Mozilla/5.0 (Windows NT 10.0; Win64; x64) AppleWebKit/537.36 (KHTML, like Gecko) Chrome/76.0.3809.71 Safari/537.36"
65.154.226.165 - - [03/Aug/2021:07:49:27 +0000] "GET /wp-content/uploads/fusion-gfonts/mem8YaGs126MiZpBA-UFVZ0df8pkAg.woff HTTP/1.1" 200 12043 "https://www.safaltaguru.com/" "Mozilla/5.0 (Windows NT 10.0; Win64; x64) AppleWebKit/537.36 (KHTML, like Gecko) Chrome/76.0.3809.71 Safari/537.36"
65.154.226.165 - - [03/Aug/2021:07:49:27 +0000] "GET /wp-content/uploads/fusion-gfonts/mem5YaGs126MiZpBA-UNirkOX-hvKKSTj5PW.woff HTTP/1.1" 200 13507 "https://www.safaltaguru.com/" "Mozilla/5.0 (Windows NT 10.0; Win64; x64) AppleWebKit/537.36 (KHTML, like Gecko) Chrome/76.0.3809.71 Safari/537.36"
65.154.226.165 - - [03/Aug/2021:07:49:27 +0000] "GET /wp-content/uploads/fusion-gfonts/mem5YaGs126MiZpBA-UNirkOVuhvKKSTj5PW.woff HTTP/1.1" 200 7276 "https://www.safaltaguru.com/" "Mozilla/5.0 (Windows NT 10.0; Win64; x64) AppleWebKit/537.36 (KHTML, like Gecko) Chrome/76.0.3809.71 Safari/537.36"
65.154.226.165 - - [03/Aug/2021:07:49:27 +0000] "GET /wp-content/uploads/fusion-gfonts/mem5YaGs126MiZpBA-UNirkOXuhvKKSTj5PW.woff HTTP/1.1" 200 1140 "https://www.safaltaguru.com/" "Mozilla/5.0 (Windows NT 10.0; Win64; x64) AppleWebKit/537.36 (KHTML, like Gecko) Chrome/76.0.3809.71 Safari/537.36"
65.154.226.165 - - [03/Aug/2021:07:49:27 +0000] "GET /wp-content/uploads/fusion-gfonts/mem5YaGs126MiZpBA-UNirkOUehvKKSTj5PW.woff HTTP/1.1" 200 5954 "https://www.safaltaguru.com/" "Mozilla/5.0 (Windows NT 10.0; Win64; x64) AppleWebKit/537.36 (KHTML, like Gecko) Chrome/76.0.3809.71 Safari/537.36"
65.154.226.165 - - [03/Aug/2021:07:49:27 +0000] "GET /wp-content/uploads/fusion-gfonts/mem5YaGs126MiZpBA-UNirkOXehvKKSTj5PW.woff HTTP/1.1" 200 4839 "https://www.safaltaguru.com/" "Mozilla/5.0 (Windows NT 10.0; Win64; x64) AppleWebKit/537.36 (KHTML, like Gecko) Chrome/76.0.3809.71 Safari/537.36"
65.154.226.165 - - [03/Aug/2021:07:49:27 +0000] "GET /wp-content/uploads/fusion-gfonts/mem5YaGs126MiZpBA-UNirkOXOhvKKSTj5PW.woff HTTP/1.1" 200 9537 "https://www.safaltaguru.com/" "Mozilla/5.0 (Windows NT 10.0; Win64; x64) AppleWebKit/537.36 (KHTML, like Gecko) Chrome/76.0.3809.71 Safari/537.36"
65.154.226.165 - - [03/Aug/2021:07:49:27 +0000] "GET /wp-content/uploads/fusion-gfonts/mem5YaGs126MiZpBA-UNirkOUuhvKKSTjw.woff HTTP/1.1" 200 12133 "https://www.safaltaguru.com/" "Mozilla/5.0 (Windows NT 10.0; Win64; x64) AppleWebKit/537.36 (KHTML, like Gecko) Chrome/76.0.3809.71 Safari/537.36"
65.154.226.165 - - [03/Aug/2021:07:49:27 +0000] "GET /wp-content/uploads/fusion-gfonts/mem5YaGs126MiZpBA-UN7rgOX-hvKKSTj5PW.woff HTTP/1.1" 200 13041 "https://www.safaltaguru.com/" "Mozilla/5.0 (Windows NT 10.0; Win64; x64) AppleWebKit/537.36 (KHTML, like Gecko) Chrome/76.0.3809.71 Safari/537.36"
65.154.226.165 - - [03/Aug/2021:07:49:27 +0000] "GET /wp-content/uploads/fusion-gfonts/mem5YaGs126MiZpBA-UN7rgOVuhvKKSTj5PW.woff HTTP/1.1" 200 7212 "https://www.safaltaguru.com/" "Mozilla/5.0 (Windows NT 10.0; Win64; x64) AppleWebKit/537.36 (KHTML, like Gecko) Chrome/76.0.3809.71 Safari/537.36"
65.154.226.165 - - [03/Aug/2021:07:49:27 +0000] "GET /wp-content/uploads/fusion-gfonts/mem5YaGs126MiZpBA-UN7rgOXuhvKKSTj5PW.woff HTTP/1.1" 200 1136 "https://www.safaltaguru.com/" "Mozilla/5.0 (Windows NT 10.0; Win64; x64) AppleWebKit/537.36 (KHTML, like Gecko) Chrome/76.0.3809.71 Safari/537.36"
65.154.226.165 - - [03/Aug/2021:07:49:27 +0000] "GET /wp-content/uploads/fusion-gfonts/mem5YaGs126MiZpBA-UN7rgOUehvKKSTj5PW.woff HTTP/1.1" 200 5957 "https://www.safaltaguru.com/" "Mozilla/5.0 (Windows NT 10.0; Win64; x64) AppleWebKit/537.36 (KHTML, like Gecko) Chrome/76.0.3809.71 Safari/537.36"
65.154.226.165 - - [03/Aug/2021:07:49:27 +0000] "GET /wp-content/uploads/fusion-gfonts/mem5YaGs126MiZpBA-UN7rgOXehvKKSTj5PW.woff HTTP/1.1" 200 4872 "https://www.safaltaguru.com/" "Mozilla/5.0 (Windows NT 10.0; Win64; x64) AppleWebKit/537.36 (KHTML, like Gecko) Chrome/76.0.3809.71 Safari/537.36"
65.154.226.165 - - [03/Aug/2021:07:49:27 +0000] "GET /wp-content/uploads/fusion-gfonts/mem5YaGs126MiZpBA-UN7rgOXOhvKKSTj5PW.woff HTTP/1.1" 200 9366 "https://www.safaltaguru.com/" "Mozilla/5.0 (Windows NT 10.0; Win64; x64) AppleWebKit/537.36 (KHTML, like Gecko) Chrome/76.0.3809.71 Safari/537.36"
65.154.226.165 - - [03/Aug/2021:07:49:27 +0000] "GET /wp-content/uploads/fusion-gfonts/mem5YaGs126MiZpBA-UN7rgOUuhvKKSTjw.woff HTTP/1.1" 200 11994 "https://www.safaltaguru.com/" "Mozilla/5.0 (Windows NT 10.0; Win64; x64) AppleWebKit/537.36 (KHTML, like Gecko) Chrome/76.0.3809.71 Safari/537.36"
65.154.226.165 - - [03/Aug/2021:07:49:27 +0000] "GET /wp-includes/js/jquery/jquery.min.js HTTP/1.1" 200 30916 "https://www.safaltaguru.com/" "Mozilla/5.0 (Windows NT 10.0; Win64; x64) AppleWebKit/537.36 (KHTML, like Gecko) Chrome/76.0.3809.71 Safari/537.36"
65.154.226.165 - - [03/Aug/2021:07:49:27 +0000] "GET /wp-includes/js/jquery/jquery-migrate.min.js HTTP/1.1" 200 4169 "https://www.safaltaguru.com/" "Mozilla/5.0 (Windows NT 10.0; Win64; x64) AppleWebKit/537.36 (KHTML, like Gecko) Chrome/76.0.3809.71 Safari/537.36"
66.220.149.18 - - [03/Aug/2021:07:49:25 +0000] "GET /sarkari-naukri/asrb-recruitment-2021-to-the-post-of-administrative-officer-and-finance-and-accounts-officer-for-graduate/ HTTP/1.1" 206 18327 "-" "facebookexternalhit/1.1 (+http://www.facebook.com/externalhit_uatext.php)"
65.154.226.165 - - [03/Aug/2021:07:49:27 +0000] "GET /wp-includes/js/dist/vendor/wp-polyfill.min.js HTTP/1.1" 200 34241 "https://www.safaltaguru.com/" "Mozilla/5.0 (Windows NT 10.0; Win64; x64) AppleWebKit/537.36 (KHTML, like Gecko) Chrome/76.0.3809.71 Safari/537.36"
65.154.226.165 - - [03/Aug/2021:07:49:27 +0000] "GET /wp-includes/js/dist/i18n.min.js HTTP/1.1" 200 3679 "https://www.safaltaguru.com/" "Mozilla/5.0 (Windows NT 10.0; Win64; x64) AppleWebKit/537.36 (KHTML, like Gecko) Chrome/76.0.3809.71 Safari/537.36"
157.37.168.111 - - [03/Aug/2021:07:49:28 +0000] "GET /wp-content/uploads/2021/05/fineart-1-66x66.jpg HTTP/1.1" 200 2727 "https://www.safaltaguru.com/list-of-universities-of-canada-study-abroad-education-website/" "Mozilla/5.0 (Windows NT 6.1) AppleWebKit/537.36 (KHTML, like Gecko) Chrome/92.0.4515.107 Safari/537.36"
65.154.226.165 - - [03/Aug/2021:07:49:28 +0000] "GET /wp-includes/js/dist/url.min.js HTTP/1.1" 200 4747 "https://www.safaltaguru.com/" "Mozilla/5.0 (Windows NT 10.0; Win64; x64) AppleWebKit/537.36 (KHTML, like Gecko) Chrome/76.0.3809.71 Safari/537.36"
65.154.226.165 - - [03/Aug/2021:07:49:28 +0000] "GET /wp-includes/js/dist/hooks.min.js HTTP/1.1" 200 2158 "https://www.safaltaguru.com/" "Mozilla/5.0 (Windows NT 10.0; Win64; x64) AppleWebKit/537.36 (KHTML, like Gecko) Chrome/76.0.3809.71 Safari/537.36"
65.154.226.165 - - [03/Aug/2021:07:49:28 +0000] "GET /wp-content/plugins/contact-form-7/includes/js/index.js HTTP/1.1" 200 3238 "https://www.safaltaguru.com/" "Mozilla/5.0 (Windows NT 10.0; Win64; x64) AppleWebKit/537.36 (KHTML, like Gecko) Chrome/76.0.3809.71 Safari/537.36"
65.154.226.165 - - [03/Aug/2021:07:49:28 +0000] "GET /wp-includes/js/dist/api-fetch.min.js HTTP/1.1" 200 3479 "https://www.safaltaguru.com/" "Mozilla/5.0 (Windows NT 10.0; Win64; x64) AppleWebKit/537.36 (KHTML, like Gecko) Chrome/76.0.3809.71 Safari/537.36"
65.154.226.165 - - [03/Aug/2021:07:49:28 +0000] "GET /wp-includes/js/dist/vendor/lodash.min.js HTTP/1.1" 200 25763 "https://www.safaltaguru.com/" "Mozilla/5.0 (Windows NT 10.0; Win64; x64) AppleWebKit/537.36 (KHTML, like Gecko) Chrome/76.0.3809.71 Safari/537.36"
65.154.226.165 - - [03/Aug/2021:07:49:28 +0000] "GET /wp-includes/js/wp-embed.min.js HTTP/1.1" 200 765 "https://www.safaltaguru.com/" "Mozilla/5.0 (Windows NT 10.0; Win64; x64) AppleWebKit/537.36 (KHTML, like Gecko) Chrome/76.0.3809.71 Safari/537.36"
65.154.226.165 - - [03/Aug/2021:07:49:28 +0000] "GET /wp-content/uploads/2021/03/logo-6.jpg HTTP/1.1" 200 4058 "https://www.safaltaguru.com/" "Mozilla/5.0 (Windows NT 10.0; Win64; x64) AppleWebKit/537.36 (KHTML, like Gecko) Chrome/76.0.3809.71 Safari/537.36"
65.154.226.165 - - [03/Aug/2021:07:49:28 +0000] "GET /wp-content/themes/Avada/assets/css/media/max-1c.min.css HTTP/1.1" 200 212 "https://www.safaltaguru.com/" "Mozilla/5.0 (Windows NT 10.0; Win64; x64) AppleWebKit/537.36 (KHTML, like Gecko) Chrome/76.0.3809.71 Safari/537.36"
65.154.226.165 - - [03/Aug/2021:07:49:28 +0000] "GET /wp-content/themes/Avada/assets/css/media/max-2c.min.css HTTP/1.1" 200 300 "https://www.safaltaguru.com/" "Mozilla/5.0 (Windows NT 10.0; Win64; x64) AppleWebKit/537.36 (KHTML, like Gecko) Chrome/76.0.3809.71 Safari/537.36"
65.154.226.165 - - [03/Aug/2021:07:49:28 +0000] "GET /wp-content/themes/Avada/assets/css/media/min-2c-max-3c.min.css HTTP/1.1" 200 301 "https://www.safaltaguru.com/" "Mozilla/5.0 (Windows NT 10.0; Win64; x64) AppleWebKit/537.36 (KHTML, like Gecko) Chrome/76.0.3809.71 Safari/537.36"
65.154.226.165 - - [03/Aug/2021:07:49:28 +0000] "GET /wp-content/themes/Avada/assets/css/media/min-3c-max-4c.min.css HTTP/1.1" 200 283 "https://www.safaltaguru.com/" "Mozilla/5.0 (Windows NT 10.0; Win64; x64) AppleWebKit/537.36 (KHTML, like Gecko) Chrome/76.0.3809.71 Safari/537.36"
65.154.226.165 - - [03/Aug/2021:07:49:28 +0000] "GET /wp-content/uploads/fusion-scripts/842540318e89d3c4aa15e525b6e939bb.min.js HTTP/1.1" 200 143065 "https://www.safaltaguru.com/" "Mozilla/5.0 (Windows NT 10.0; Win64; x64) AppleWebKit/537.36 (KHTML, like Gecko) Chrome/76.0.3809.71 Safari/537.36"
157.37.168.111 - - [03/Aug/2021:07:49:28 +0000] "GET /wp-content/uploads/2021/01/Profile-Pics.jpg HTTP/1.1" 200 141757 "https://www.safaltaguru.com/list-of-universities-of-canada-study-abroad-education-website/" "Mozilla/5.0 (Windows NT 6.1) AppleWebKit/537.36 (KHTML, like Gecko) Chrome/92.0.4515.107 Safari/537.36"
65.154.226.165 - - [03/Aug/2021:07:49:28 +0000] "GET /wp-content/themes/Avada/assets/css/media/min-5c-max-6c.min.css HTTP/1.1" 200 212 "https://www.safaltaguru.com/" "Mozilla/5.0 (Windows NT 10.0; Win64; x64) AppleWebKit/537.36 (KHTML, like Gecko) Chrome/76.0.3809.71 Safari/537.36"
65.154.226.165 - - [03/Aug/2021:07:49:28 +0000] "GET /wp-content/themes/Avada/assets/css/media/max-shbp.min.css HTTP/1.1" 200 115 "https://www.safaltaguru.com/" "Mozilla/5.0 (Windows NT 10.0; Win64; x64) AppleWebKit/537.36 (KHTML, like Gecko) Chrome/76.0.3809.71 Safari/537.36"
65.154.226.165 - - [03/Aug/2021:07:49:28 +0000] "GET /wp-content/themes/Avada/assets/css/media/max-shbp-header-legacy.min.css HTTP/1.1" 200 1323 "https://www.safaltaguru.com/" "Mozilla/5.0 (Windows NT 10.0; Win64; x64) AppleWebKit/537.36 (KHTML, like Gecko) Chrome/76.0.3809.71 Safari/537.36"
65.154.226.165 - - [03/Aug/2021:07:49:28 +0000] "GET /wp-content/themes/Avada/assets/css/media/min-4c-max-5c.min.css HTTP/1.1" 200 251 "https://www.safaltaguru.com/" "Mozilla/5.0 (Windows NT 10.0; Win64; x64) AppleWebKit/537.36 (KHTML, like Gecko) Chrome/76.0.3809.71 Safari/537.36"
65.154.226.165 - - [03/Aug/2021:07:49:29 +0000] "GET /wp-content/themes/Avada/assets/css/media/max-sh-shbp.min.css HTTP/1.1" 200 90 "https://www.safaltaguru.com/" "Mozilla/5.0 (Windows NT 10.0; Win64; x64) AppleWebKit/537.36 (KHTML, like Gecko) Chrome/76.0.3809.71 Safari/537.36"
65.154.226.165 - - [03/Aug/2021:07:49:29 +0000] "GET /wp-content/themes/Avada/assets/css/media/min-768-max-1024-p-header-legacy.min.css HTTP/1.1" 200 270 "https://www.safaltaguru.com/" "Mozilla/5.0 (Windows NT 10.0; Win64; x64) AppleWebKit/537.36 (KHTML, like Gecko) Chrome/76.0.3809.71 Safari/537.36"
65.154.226.165 - - [03/Aug/2021:07:49:29 +0000] "GET /wp-content/themes/Avada/assets/css/media/min-768-max-1024-p.min.css HTTP/1.1" 200 2362 "https://www.safaltaguru.com/" "Mozilla/5.0 (Windows NT 10.0; Win64; x64) AppleWebKit/537.36 (KHTML, like Gecko) Chrome/76.0.3809.71 Safari/537.36"
65.154.226.165 - - [03/Aug/2021:07:49:29 +0000] "GET /wp-content/themes/Avada/assets/css/media/max-sh-shbp-header-legacy.min.css HTTP/1.1" 200 2199 "https://www.safaltaguru.com/" "Mozilla/5.0 (Windows NT 10.0; Win64; x64) AppleWebKit/537.36 (KHTML, like Gecko) Chrome/76.0.3809.71 Safari/537.36"
157.37.168.111 - - [03/Aug/2021:07:49:29 +0000] "GET /wp-content/uploads/2021/05/MBA-Hyderabad-min-66x66.jpeg HTTP/1.1" 200 2866 "https://www.safaltaguru.com/list-of-universities-of-canada-study-abroad-education-website/" "Mozilla/5.0 (Windows NT 6.1) AppleWebKit/537.36 (KHTML, like Gecko) Chrome/92.0.4515.107 Safari/537.36"
65.154.226.165 - - [03/Aug/2021:07:49:29 +0000] "GET /wp-content/themes/Avada/assets/css/media/max-sh-cbp.min.css HTTP/1.1" 200 2087 "https://www.safaltaguru.com/" "Mozilla/5.0 (Windows NT 10.0; Win64; x64) AppleWebKit/537.36 (KHTML, like Gecko) Chrome/76.0.3809.71 Safari/537.36"
65.154.226.165 - - [03/Aug/2021:07:49:29 +0000] "GET /wp-content/themes/Avada/assets/css/media/max-sh-sbp.min.css HTTP/1.1" 200 132 "https://www.safaltaguru.com/" "Mozilla/5.0 (Windows NT 10.0; Win64; x64) AppleWebKit/537.36 (KHTML, like Gecko) Chrome/76.0.3809.71 Safari/537.36"
65.154.226.165 - - [03/Aug/2021:07:49:29 +0000] "GET /wp-content/themes/Avada/assets/css/media/max-shbp-18.min.css HTTP/1.1" 200 184 "https://www.safaltaguru.com/" "Mozilla/5.0 (Windows NT 10.0; Win64; x64) AppleWebKit/537.36 (KHTML, like Gecko) Chrome/76.0.3809.71 Safari/537.36"
65.154.226.165 - - [03/Aug/2021:07:49:29 +0000] "GET /wp-content/themes/Avada/assets/css/media/max-sh-640.min.css HTTP/1.1" 200 726 "https://www.safaltaguru.com/" "Mozilla/5.0 (Windows NT 10.0; Win64; x64) AppleWebKit/537.36 (KHTML, like Gecko) Chrome/76.0.3809.71 Safari/537.36"
65.154.226.165 - - [03/Aug/2021:07:49:29 +0000] "GET /wp-content/themes/Avada/assets/css/media/max-shbp-32.min.css HTTP/1.1" 200 62 "https://www.safaltaguru.com/" "Mozilla/5.0 (Windows NT 10.0; Win64; x64) AppleWebKit/537.36 (KHTML, like Gecko) Chrome/76.0.3809.71 Safari/537.36"
65.154.226.165 - - [03/Aug/2021:07:49:29 +0000] "GET /wp-content/themes/Avada/assets/css/media/max-640.min.css HTTP/1.1" 200 983 "https://www.safaltaguru.com/" "Mozilla/5.0 (Windows NT 10.0; Win64; x64) AppleWebKit/537.36 (KHTML, like Gecko) Chrome/76.0.3809.71 Safari/537.36"
65.154.226.165 - - [03/Aug/2021:07:49:29 +0000] "GET /wp-content/themes/Avada/assets/css/media/max-main.min.css HTTP/1.1" 200 259 "https://www.safaltaguru.com/" "Mozilla/5.0 (Windows NT 10.0; Win64; x64) AppleWebKit/537.36 (KHTML, like Gecko) Chrome/76.0.3809.71 Safari/537.36"
65.154.226.165 - - [03/Aug/2021:07:49:29 +0000] "GET /wp-content/themes/Avada/assets/css/media/max-cbp.min.css HTTP/1.1" 200 108 "https://www.safaltaguru.com/" "Mozilla/5.0 (Windows NT 10.0; Win64; x64) AppleWebKit/537.36 (KHTML, like Gecko) Chrome/76.0.3809.71 Safari/537.36"
65.154.226.165 - - [03/Aug/2021:07:49:29 +0000] "GET /wp-content/themes/Avada/assets/css/media/max-sh-cbp-cf7.min.css HTTP/1.1" 200 117 "https://www.safaltaguru.com/" "Mozilla/5.0 (Windows NT 10.0; Win64; x64) AppleWebKit/537.36 (KHTML, like Gecko) Chrome/76.0.3809.71 Safari/537.36"
65.154.226.165 - - [03/Aug/2021:07:49:29 +0000] "GET /wp-content/themes/Avada/assets/css/media/min-768-max-1024-p-social-sharing.min.css HTTP/1.1" 200 249 "https://www.safaltaguru.com/" "Mozilla/5.0 (Windows NT 10.0; Win64; x64) AppleWebKit/537.36 (KHTML, like Gecko) Chrome/76.0.3809.71 Safari/537.36"
65.154.226.165 - - [03/Aug/2021:07:49:29 +0000] "GET /wp-content/themes/Avada/assets/css/media/max-sh-640-social-sharing.min.css HTTP/1.1" 200 202 "https://www.safaltaguru.com/" "Mozilla/5.0 (Windows NT 10.0; Win64; x64) AppleWebKit/537.36 (KHTML, like Gecko) Chrome/76.0.3809.71 Safari/537.36"
65.154.226.165 - - [03/Aug/2021:07:49:29 +0000] "GET /wp-content/themes/Avada/assets/css/media/max-640-social-sharing.min.css HTTP/1.1" 200 159 "https://www.safaltaguru.com/" "Mozilla/5.0 (Windows NT 10.0; Win64; x64) AppleWebKit/537.36 (KHTML, like Gecko) Chrome/76.0.3809.71 Safari/537.36"
65.154.226.165 - - [03/Aug/2021:07:49:30 +0000] "GET /wp-content/themes/Avada/assets/css/media/max-sh-cbp-social-sharing.min.css HTTP/1.1" 200 172 "https://www.safaltaguru.com/" "Mozilla/5.0 (Windows NT 10.0; Win64; x64) AppleWebKit/537.36 (KHTML, like Gecko) Chrome/76.0.3809.71 Safari/537.36"
65.154.226.165 - - [03/Aug/2021:07:49:30 +0000] "GET /wp-content/plugins/fusion-builder/assets/css/media/max-sh-cbp.min.css HTTP/1.1" 200 511 "https://www.safaltaguru.com/" "Mozilla/5.0 (Windows NT 10.0; Win64; x64) AppleWebKit/537.36 (KHTML, like Gecko) Chrome/76.0.3809.71 Safari/537.36"
65.154.226.165 - - [03/Aug/2021:07:49:30 +0000] "GET /wp-content/plugins/fusion-builder/assets/css/media/min-768-max-1024-p.min.css HTTP/1.1" 200 808 "https://www.safaltaguru.com/" "Mozilla/5.0 (Windows NT 10.0; Win64; x64) AppleWebKit/537.36 (KHTML, like Gecko) Chrome/76.0.3809.71 Safari/537.36"
65.154.226.165 - - [03/Aug/2021:07:49:30 +0000] "GET /wp-content/plugins/fusion-builder/assets/css/media/max-640.min.css HTTP/1.1" 200 389 "https://www.safaltaguru.com/" "Mozilla/5.0 (Windows NT 10.0; Win64; x64) AppleWebKit/537.36 (KHTML, like Gecko) Chrome/76.0.3809.71 Safari/537.36"
65.154.226.165 - - [03/Aug/2021:07:49:30 +0000] "GET /wp-content/plugins/fusion-builder/assets/css/media/max-1c.css HTTP/1.1" 200 85 "https://www.safaltaguru.com/" "Mozilla/5.0 (Windows NT 10.0; Win64; x64) AppleWebKit/537.36 (KHTML, like Gecko) Chrome/76.0.3809.71 Safari/537.36"
65.154.226.165 - - [03/Aug/2021:07:49:30 +0000] "GET /wp-content/plugins/fusion-builder/assets/css/media/max-2c.css HTTP/1.1" 200 112 "https://www.safaltaguru.com/" "Mozilla/5.0 (Windows NT 10.0; Win64; x64) AppleWebKit/537.36 (KHTML, like Gecko) Chrome/76.0.3809.71 Safari/537.36"
65.154.226.165 - - [03/Aug/2021:07:49:30 +0000] "GET /wp-content/plugins/fusion-builder/assets/css/media/min-2c-max-3c.css HTTP/1.1" 200 154 "https://www.safaltaguru.com/" "Mozilla/5.0 (Windows NT 10.0; Win64; x64) AppleWebKit/537.36 (KHTML, like Gecko) Chrome/76.0.3809.71 Safari/537.36"
65.154.226.165 - - [03/Aug/2021:07:49:30 +0000] "GET /wp-content/plugins/fusion-builder/assets/css/media/min-3c-max-4c.css HTTP/1.1" 200 144 "https://www.safaltaguru.com/" "Mozilla/5.0 (Windows NT 10.0; Win64; x64) AppleWebKit/537.36 (KHTML, like Gecko) Chrome/76.0.3809.71 Safari/537.36"
65.154.226.165 - - [03/Aug/2021:07:49:30 +0000] "GET /wp-content/plugins/fusion-builder/assets/css/media/min-4c-max-5c.css HTTP/1.1" 200 140 "https://www.safaltaguru.com/" "Mozilla/5.0 (Windows NT 10.0; Win64; x64) AppleWebKit/537.36 (KHTML, like Gecko) Chrome/76.0.3809.71 Safari/537.36"
65.154.226.165 - - [03/Aug/2021:07:49:30 +0000] "GET /wp-content/plugins/fusion-builder/assets/css/media/min-5c-max-6c.css HTTP/1.1" 200 122 "https://www.safaltaguru.com/" "Mozilla/5.0 (Windows NT 10.0; Win64; x64) AppleWebKit/537.36 (KHTML, like Gecko) Chrome/76.0.3809.71 Safari/537.36"
65.154.226.165 - - [03/Aug/2021:07:49:33 +0000] "GET /wp-content/uploads/2021/07/mba.png HTTP/1.1" 200 11676 "https://www.safaltaguru.com/" "Mozilla/5.0 (Windows NT 10.0; Win64; x64) AppleWebKit/537.36 (KHTML, like Gecko) Chrome/76.0.3809.71 Safari/537.36"
65.154.226.165 - - [03/Aug/2021:07:49:33 +0000] "GET /wp-content/uploads/2021/07/Engineering-Colleges.png HTTP/1.1" 200 12364 "https://www.safaltaguru.com/" "Mozilla/5.0 (Windows NT 10.0; Win64; x64) AppleWebKit/537.36 (KHTML, like Gecko) Chrome/76.0.3809.71 Safari/537.36"
65.154.226.165 - - [03/Aug/2021:07:49:33 +0000] "GET /wp-content/uploads/2021/07/law-icon.png HTTP/1.1" 200 12451 "https://www.safaltaguru.com/" "Mozilla/5.0 (Windows NT 10.0; Win64; x64) AppleWebKit/537.36 (KHTML, like Gecko) Chrome/76.0.3809.71 Safari/537.36"
65.154.226.165 - - [03/Aug/2021:07:49:33 +0000] "GET /wp-content/uploads/2021/07/medical.png HTTP/1.1" 200 11904 "https://www.safaltaguru.com/" "Mozilla/5.0 (Windows NT 10.0; Win64; x64) AppleWebKit/537.36 (KHTML, like Gecko) Chrome/76.0.3809.71 Safari/537.36"
65.154.226.165 - - [03/Aug/2021:07:49:33 +0000] "GET /wp-content/uploads/2021/07/eng-icon.png HTTP/1.1" 200 6254 "https://www.safaltaguru.com/" "Mozilla/5.0 (Windows NT 10.0; Win64; x64) AppleWebKit/537.36 (KHTML, like Gecko) Chrome/76.0.3809.71 Safari/537.36"
65.154.226.165 - - [03/Aug/2021:07:49:33 +0000] "GET /wp-content/uploads/2021/07/mba-1.png HTTP/1.1" 200 6901 "https://www.safaltaguru.com/" "Mozilla/5.0 (Windows NT 10.0; Win64; x64) AppleWebKit/537.36 (KHTML, like Gecko) Chrome/76.0.3809.71 Safari/537.36"
65.154.226.165 - - [03/Aug/2021:07:49:33 +0000] "GET /wp-content/uploads/2021/07/medical-1.png HTTP/1.1" 200 3613 "https://www.safaltaguru.com/" "Mozilla/5.0 (Windows NT 10.0; Win64; x64) AppleWebKit/537.36 (KHTML, like Gecko) Chrome/76.0.3809.71 Safari/537.36"
65.154.226.165 - - [03/Aug/2021:07:49:33 +0000] "GET /wp-content/uploads/2021/07/law.png HTTP/1.1" 200 5181 "https://www.safaltaguru.com/" "Mozilla/5.0 (Windows NT 10.0; Win64; x64) AppleWebKit/537.36 (KHTML, like Gecko) Chrome/76.0.3809.71 Safari/537.36"
65.154.226.165 - - [03/Aug/2021:07:49:35 +0000] "GET /wp-content/uploads/2021/06/IELTS-min.jpg HTTP/1.1" 200 86428 "https://www.safaltaguru.com/" "Mozilla/5.0 (Windows NT 10.0; Win64; x64) AppleWebKit/537.36 (KHTML, like Gecko) Chrome/76.0.3809.71 Safari/537.36"
65.154.226.165 - - [03/Aug/2021:07:49:37 +0000] "GET /wp-content/uploads/2021/03/logo-5.jpg HTTP/1.1" 200 4058 "https://www.safaltaguru.com/" "Mozilla/5.0 (Windows NT 10.0; Win64; x64) AppleWebKit/537.36 (KHTML, like Gecko) Chrome/76.0.3809.71 Safari/537.36"
65.154.226.165 - - [03/Aug/2021:07:49:38 +0000] "GET /wp-content/uploads/2021/05/UGC-approved-min.jpg HTTP/1.1" 200 80218 "https://www.safaltaguru.com/" "Mozilla/5.0 (Windows NT 10.0; Win64; x64) AppleWebKit/537.36 (KHTML, like Gecko) Chrome/76.0.3809.71 Safari/537.36"
65.154.226.165 - - [03/Aug/2021:07:49:38 +0000] "GET /wp-content/uploads/2021/02/online-banner-min.jpg HTTP/1.1" 200 99381 "https://www.safaltaguru.com/" "Mozilla/5.0 (Windows NT 10.0; Win64; x64) AppleWebKit/537.36 (KHTML, like Gecko) Chrome/76.0.3809.71 Safari/537.36"
65.154.226.165 - - [03/Aug/2021:07:49:38 +0000] "GET /wp-content/uploads/2021/05/Clat-new.jpg HTTP/1.1" 200 84688 "https://www.safaltaguru.com/" "Mozilla/5.0 (Windows NT 10.0; Win64; x64) AppleWebKit/537.36 (KHTML, like Gecko) Chrome/76.0.3809.71 Safari/537.36"
65.154.226.165 - - [03/Aug/2021:07:49:39 +0000] "GET /wp-content/uploads/2021/02/study-abroad-min.jpg HTTP/1.1" 200 142657 "https://www.safaltaguru.com/" "Mozilla/5.0 (Windows NT 10.0; Win64; x64) AppleWebKit/537.36 (KHTML, like Gecko) Chrome/76.0.3809.71 Safari/537.36"
95.163.255.157 - - [03/Aug/2021:07:49:50 +0000] "GET /robots.txt HTTP/1.0" 200 67 "-" "Mozilla/5.0 (compatible; Linux x86_64; Mail.RU_Bot/2.0; +http://go.mail.ru/help/robots)"
95.163.255.173 - - [03/Aug/2021:07:49:52 +0000] "GET /faq_category-sitemap.xml HTTP/1.1" 200 378 "-" "Mozilla/5.0 (compatible; Linux x86_64; Mail.RU_Bot/2.0; +http://go.mail.ru/help/robots)"
179.43.169.181 - - [03/Aug/2021:07:49:56 +0000] "GET / HTTP/1.1" 200 189017 "-" "Mozilla/5.0 (X11; Linux i686; rv:10.0) Gecko/20100101 Firefox/10.0"
165.232.190.148 - - [03/Aug/2021:07:50:38 +0000] "POST /wp-cron.php?doing_wp_cron=1627977038.2410469055175781250000 HTTP/1.1" 200 - "https://www.safaltaguru.com/wp-cron.php?doing_wp_cron=1627977038.2410469055175781250000" "WordPress/5.6.4; https://www.safaltaguru.com"
115.97.155.80 - - [03/Aug/2021:07:50:36 +0000] "GET / HTTP/1.1" 200 23262 "-" "Mozilla/5.0 (Windows NT 6.1; Win64; x64) AppleWebKit/537.36 (KHTML, like Gecko) Chrome/92.0.4515.107 Safari/537.36"
115.97.155.80 - - [03/Aug/2021:07:50:40 +0000] "GET /wp-content/themes/Avada/includes/lib/assets/fonts/icomoon/icomoon.woff HTTP/1.1" 200 12806 "https://www.safaltaguru.com/" "Mozilla/5.0 (Windows NT 6.1; Win64; x64) AppleWebKit/537.36 (KHTML, like Gecko) Chrome/92.0.4515.107 Safari/537.36"
115.97.155.80 - - [03/Aug/2021:07:50:41 +0000] "GET /wp-content/themes/Avada/includes/lib/assets/fonts/fontawesome/webfonts/fa-brands-400.woff2 HTTP/1.1" 200 78565 "https://www.safaltaguru.com/" "Mozilla/5.0 (Windows NT 6.1; Win64; x64) AppleWebKit/537.36 (KHTML, like Gecko) Chrome/92.0.4515.107 Safari/537.36"
115.97.155.80 - - [03/Aug/2021:07:50:41 +0000] "GET /wp-includes/css/dist/block-library/style.min.css HTTP/1.1" 200 7849 "https://www.safaltaguru.com/" "Mozilla/5.0 (Windows NT 6.1; Win64; x64) AppleWebKit/537.36 (KHTML, like Gecko) Chrome/92.0.4515.107 Safari/537.36"
115.97.155.80 - - [03/Aug/2021:07:50:41 +0000] "GET /wp-includes/css/dist/block-library/theme.min.css HTTP/1.1" 200 741 "https://www.safaltaguru.com/" "Mozilla/5.0 (Windows NT 6.1; Win64; x64) AppleWebKit/537.36 (KHTML, like Gecko) Chrome/92.0.4515.107 Safari/537.36"
115.97.155.80 - - [03/Aug/2021:07:50:41 +0000] "GET /wp-content/themes/Avada/includes/lib/assets/fonts/fontawesome/webfonts/fa-regular-400.woff2 HTTP/1.1" 200 13607 "https://www.safaltaguru.com/" "Mozilla/5.0 (Windows NT 6.1; Win64; x64) AppleWebKit/537.36 (KHTML, like Gecko) Chrome/92.0.4515.107 Safari/537.36"
115.97.155.80 - - [03/Aug/2021:07:50:41 +0000] "GET /wp-content/themes/Avada/assets/css/media/min-shbp-header-legacy.min.css HTTP/1.1" 200 760 "https://www.safaltaguru.com/" "Mozilla/5.0 (Windows NT 6.1; Win64; x64) AppleWebKit/537.36 (KHTML, like Gecko) Chrome/92.0.4515.107 Safari/537.36"
115.97.155.80 - - [03/Aug/2021:07:50:41 +0000] "GET /wp-content/themes/Avada/assets/css/media/min-sh-cbp.min.css HTTP/1.1" 200 362 "https://www.safaltaguru.com/" "Mozilla/5.0 (Windows NT 6.1; Win64; x64) AppleWebKit/537.36 (KHTML, like Gecko) Chrome/92.0.4515.107 Safari/537.36"
115.97.155.80 - - [03/Aug/2021:07:50:41 +0000] "GET /wp-content/uploads/fusion-gfonts/mem6YaGs126MiZpBA-UFUK0UdctGAK6bt6o.woff HTTP/1.1" 200 14299 "https://www.safaltaguru.com/" "Mozilla/5.0 (Windows NT 6.1; Win64; x64) AppleWebKit/537.36 (KHTML, like Gecko) Chrome/92.0.4515.107 Safari/537.36"
115.97.155.80 - - [03/Aug/2021:07:50:41 +0000] "GET /wp-content/uploads/fusion-gfonts/mem6YaGs126MiZpBA-UFUK0ddctGAK6bt6o.woff HTTP/1.1" 200 8274 "https://www.safaltaguru.com/" "Mozilla/5.0 (Windows NT 6.1; Win64; x64) AppleWebKit/537.36 (KHTML, like Gecko) Chrome/92.0.4515.107 Safari/537.36"
115.97.155.80 - - [03/Aug/2021:07:50:41 +0000] "GET /wp-content/themes/Avada/includes/lib/assets/fonts/fontawesome/webfonts/fa-solid-900.woff2 HTTP/1.1" 200 80269 "https://www.safaltaguru.com/" "Mozilla/5.0 (Windows NT 6.1; Win64; x64) AppleWebKit/537.36 (KHTML, like Gecko) Chrome/92.0.4515.107 Safari/537.36"
115.97.155.80 - - [03/Aug/2021:07:50:41 +0000] "GET /wp-content/uploads/fusion-gfonts/mem6YaGs126MiZpBA-UFUK0VdctGAK6bt6o.woff HTTP/1.1" 200 1131 "https://www.safaltaguru.com/" "Mozilla/5.0 (Windows NT 6.1; Win64; x64) AppleWebKit/537.36 (KHTML, like Gecko) Chrome/92.0.4515.107 Safari/537.36"
115.97.155.80 - - [03/Aug/2021:07:50:41 +0000] "GET /wp-content/uploads/fusion-gfonts/mem6YaGs126MiZpBA-UFUK0adctGAK6bt6o.woff HTTP/1.1" 200 6177 "https://www.safaltaguru.com/" "Mozilla/5.0 (Windows NT 6.1; Win64; x64) AppleWebKit/537.36 (KHTML, like Gecko) Chrome/92.0.4515.107 Safari/537.36"
115.97.155.80 - - [03/Aug/2021:07:50:41 +0000] "GET /wp-content/themes/Avada/assets/css/media/min-shbp.min.css HTTP/1.1" 200 48 "https://www.safaltaguru.com/" "Mozilla/5.0 (Windows NT 6.1; Win64; x64) AppleWebKit/537.36 (KHTML, like Gecko) Chrome/92.0.4515.107 Safari/537.36"
115.97.155.80 - - [03/Aug/2021:07:50:41 +0000] "GET /wp-content/uploads/fusion-gfonts/mem6YaGs126MiZpBA-UFUK0WdctGAK6bt6o.woff HTTP/1.1" 200 4859 "https://www.safaltaguru.com/" "Mozilla/5.0 (Windows NT 6.1; Win64; x64) AppleWebKit/537.36 (KHTML, like Gecko) Chrome/92.0.4515.107 Safari/537.36"
115.97.155.80 - - [03/Aug/2021:07:50:41 +0000] "GET /wp-content/uploads/fusion-gfonts/mem6YaGs126MiZpBA-UFUK0XdctGAK6bt6o.woff HTTP/1.1" 200 9897 "https://www.safaltaguru.com/" "Mozilla/5.0 (Windows NT 6.1; Win64; x64) AppleWebKit/537.36 (KHTML, like Gecko) Chrome/92.0.4515.107 Safari/537.36"
115.97.155.80 - - [03/Aug/2021:07:50:41 +0000] "GET /wp-content/uploads/fusion-gfonts/mem6YaGs126MiZpBA-UFUK0ZdctGAK6b.woff HTTP/1.1" 200 12847 "https://www.safaltaguru.com/" "Mozilla/5.0 (Windows NT 6.1; Win64; x64) AppleWebKit/537.36 (KHTML, like Gecko) Chrome/92.0.4515.107 Safari/537.36"
115.97.155.80 - - [03/Aug/2021:07:50:41 +0000] "GET /wp-content/uploads/fusion-gfonts/memnYaGs126MiZpBA-UFUKXGUdhmIqWxjaPXZSk.woff HTTP/1.1" 200 14329 "https://www.safaltaguru.com/" "Mozilla/5.0 (Windows NT 6.1; Win64; x64) AppleWebKit/537.36 (KHTML, like Gecko) Chrome/92.0.4515.107 Safari/537.36"
115.97.155.80 - - [03/Aug/2021:07:50:41 +0000] "GET /wp-content/uploads/fusion-gfonts/memnYaGs126MiZpBA-UFUKXGUdhvIqWxjaPXZSk.woff HTTP/1.1" 200 8374 "https://www.safaltaguru.com/" "Mozilla/5.0 (Windows NT 6.1; Win64; x64) AppleWebKit/537.36 (KHTML, like Gecko) Chrome/92.0.4515.107 Safari/537.36"
115.97.155.80 - - [03/Aug/2021:07:50:41 +0000] "GET /wp-content/plugins/simple-sitemap/lib/assets/css/simple-sitemap.css HTTP/1.1" 200 1779 "https://www.safaltaguru.com/" "Mozilla/5.0 (Windows NT 6.1; Win64; x64) AppleWebKit/537.36 (KHTML, like Gecko) Chrome/92.0.4515.107 Safari/537.36"
115.97.155.80 - - [03/Aug/2021:07:50:41 +0000] "GET /wp-content/uploads/fusion-gfonts/memnYaGs126MiZpBA-UFUKXGUdhnIqWxjaPXZSk.woff HTTP/1.1" 200 1134 "https://www.safaltaguru.com/" "Mozilla/5.0 (Windows NT 6.1; Win64; x64) AppleWebKit/537.36 (KHTML, like Gecko) Chrome/92.0.4515.107 Safari/537.36"
115.97.155.80 - - [03/Aug/2021:07:50:41 +0000] "GET /wp-content/uploads/fusion-gfonts/memnYaGs126MiZpBA-UFUKXGUdhoIqWxjaPXZSk.woff HTTP/1.1" 200 6148 "https://www.safaltaguru.com/" "Mozilla/5.0 (Windows NT 6.1; Win64; x64) AppleWebKit/537.36 (KHTML, like Gecko) Chrome/92.0.4515.107 Safari/537.36"
115.97.155.80 - - [03/Aug/2021:07:50:41 +0000] "GET /wp-content/uploads/fusion-gfonts/memnYaGs126MiZpBA-UFUKXGUdhkIqWxjaPXZSk.woff HTTP/1.1" 200 4931 "https://www.safaltaguru.com/" "Mozilla/5.0 (Windows NT 6.1; Win64; x64) AppleWebKit/537.36 (KHTML, like Gecko) Chrome/92.0.4515.107 Safari/537.36"
115.97.155.80 - - [03/Aug/2021:07:50:41 +0000] "GET /wp-content/uploads/fusion-gfonts/memnYaGs126MiZpBA-UFUKXGUdhlIqWxjaPXZSk.woff HTTP/1.1" 200 9913 "https://www.safaltaguru.com/" "Mozilla/5.0 (Windows NT 6.1; Win64; x64) AppleWebKit/537.36 (KHTML, like Gecko) Chrome/92.0.4515.107 Safari/537.36"
115.97.155.80 - - [03/Aug/2021:07:50:41 +0000] "GET /wp-content/uploads/fusion-gfonts/memnYaGs126MiZpBA-UFUKXGUdhrIqWxjaPX.woff HTTP/1.1" 200 12741 "https://www.safaltaguru.com/" "Mozilla/5.0 (Windows NT 6.1; Win64; x64) AppleWebKit/537.36 (KHTML, like Gecko) Chrome/92.0.4515.107 Safari/537.36"
115.97.155.80 - - [03/Aug/2021:07:50:41 +0000] "GET /wp-content/uploads/fusion-gfonts/memnYaGs126MiZpBA-UFUKWiUNhmIqWxjaPXZSk.woff HTTP/1.1" 200 13893 "https://www.safaltaguru.com/" "Mozilla/5.0 (Windows NT 6.1; Win64; x64) AppleWebKit/537.36 (KHTML, like Gecko) Chrome/92.0.4515.107 Safari/537.36"
115.97.155.80 - - [03/Aug/2021:07:50:41 +0000] "GET /wp-content/uploads/fusion-gfonts/memnYaGs126MiZpBA-UFUKWiUNhnIqWxjaPXZSk.woff HTTP/1.1" 200 1135 "https://www.safaltaguru.com/" "Mozilla/5.0 (Windows NT 6.1; Win64; x64) AppleWebKit/537.36 (KHTML, like Gecko) Chrome/92.0.4515.107 Safari/537.36"
115.97.155.80 - - [03/Aug/2021:07:50:41 +0000] "GET /wp-content/uploads/fusion-gfonts/memnYaGs126MiZpBA-UFUKWiUNhvIqWxjaPXZSk.woff HTTP/1.1" 200 8192 "https://www.safaltaguru.com/" "Mozilla/5.0 (Windows NT 6.1; Win64; x64) AppleWebKit/537.36 (KHTML, like Gecko) Chrome/92.0.4515.107 Safari/537.36"
115.97.155.80 - - [03/Aug/2021:07:50:41 +0000] "GET /wp-content/uploads/fusion-gfonts/memnYaGs126MiZpBA-UFUKWiUNhoIqWxjaPXZSk.woff HTTP/1.1" 200 6136 "https://www.safaltaguru.com/" "Mozilla/5.0 (Windows NT 6.1; Win64; x64) AppleWebKit/537.36 (KHTML, like Gecko) Chrome/92.0.4515.107 Safari/537.36"
115.97.155.80 - - [03/Aug/2021:07:50:41 +0000] "GET /wp-content/uploads/fusion-gfonts/memnYaGs126MiZpBA-UFUKWiUNhkIqWxjaPXZSk.woff HTTP/1.1" 200 4840 "https://www.safaltaguru.com/" "Mozilla/5.0 (Windows NT 6.1; Win64; x64) AppleWebKit/537.36 (KHTML, like Gecko) Chrome/92.0.4515.107 Safari/537.36"
115.97.155.80 - - [03/Aug/2021:07:50:41 +0000] "GET /wp-content/uploads/fusion-gfonts/memnYaGs126MiZpBA-UFUKWiUNhlIqWxjaPXZSk.woff HTTP/1.1" 200 9662 "https://www.safaltaguru.com/" "Mozilla/5.0 (Windows NT 6.1; Win64; x64) AppleWebKit/537.36 (KHTML, like Gecko) Chrome/92.0.4515.107 Safari/537.36"
115.97.155.80 - - [03/Aug/2021:07:50:41 +0000] "GET /wp-content/uploads/fusion-gfonts/memnYaGs126MiZpBA-UFUKWiUNhrIqWxjaPX.woff HTTP/1.1" 200 12516 "https://www.safaltaguru.com/" "Mozilla/5.0 (Windows NT 6.1; Win64; x64) AppleWebKit/537.36 (KHTML, like Gecko) Chrome/92.0.4515.107 Safari/537.36"
115.97.155.80 - - [03/Aug/2021:07:50:41 +0000] "GET /wp-content/uploads/fusion-gfonts/mem8YaGs126MiZpBA-UFWJ0df8pkAp6a.woff HTTP/1.1" 200 13458 "https://www.safaltaguru.com/" "Mozilla/5.0 (Windows NT 6.1; Win64; x64) AppleWebKit/537.36 (KHTML, like Gecko) Chrome/92.0.4515.107 Safari/537.36"
115.97.155.80 - - [03/Aug/2021:07:50:41 +0000] "GET /wp-content/uploads/fusion-gfonts/mem8YaGs126MiZpBA-UFUZ0df8pkAp6a.woff HTTP/1.1" 200 7331 "https://www.safaltaguru.com/" "Mozilla/5.0 (Windows NT 6.1; Win64; x64) AppleWebKit/537.36 (KHTML, like Gecko) Chrome/92.0.4515.107 Safari/537.36"
115.97.155.80 - - [03/Aug/2021:07:50:41 +0000] "GET /wp-content/uploads/fusion-gfonts/mem8YaGs126MiZpBA-UFWZ0df8pkAp6a.woff HTTP/1.1" 200 1099 "https://www.safaltaguru.com/" "Mozilla/5.0 (Windows NT 6.1; Win64; x64) AppleWebKit/537.36 (KHTML, like Gecko) Chrome/92.0.4515.107 Safari/537.36"
115.97.155.80 - - [03/Aug/2021:07:50:41 +0000] "GET /wp-content/uploads/fusion-styles/d26983ee2a465cf24cb71249bc84e534.min.css HTTP/1.1" 200 131658 "https://www.safaltaguru.com/" "Mozilla/5.0 (Windows NT 6.1; Win64; x64) AppleWebKit/537.36 (KHTML, like Gecko) Chrome/92.0.4515.107 Safari/537.36"
115.97.155.80 - - [03/Aug/2021:07:50:41 +0000] "GET /wp-content/uploads/fusion-gfonts/mem8YaGs126MiZpBA-UFVp0df8pkAp6a.woff HTTP/1.1" 200 5936 "https://www.safaltaguru.com/" "Mozilla/5.0 (Windows NT 6.1; Win64; x64) AppleWebKit/537.36 (KHTML, like Gecko) Chrome/92.0.4515.107 Safari/537.36"
115.97.155.80 - - [03/Aug/2021:07:50:41 +0000] "GET /wp-content/uploads/fusion-gfonts/mem8YaGs126MiZpBA-UFWp0df8pkAp6a.woff HTTP/1.1" 200 4778 "https://www.safaltaguru.com/" "Mozilla/5.0 (Windows NT 6.1; Win64; x64) AppleWebKit/537.36 (KHTML, like Gecko) Chrome/92.0.4515.107 Safari/537.36"
115.97.155.80 - - [03/Aug/2021:07:50:41 +0000] "GET /wp-content/uploads/fusion-gfonts/mem8YaGs126MiZpBA-UFW50df8pkAp6a.woff HTTP/1.1" 200 9464 "https://www.safaltaguru.com/" "Mozilla/5.0 (Windows NT 6.1; Win64; x64) AppleWebKit/537.36 (KHTML, like Gecko) Chrome/92.0.4515.107 Safari/537.36"
115.97.155.80 - - [03/Aug/2021:07:50:41 +0000] "GET /wp-content/uploads/fusion-gfonts/mem8YaGs126MiZpBA-UFVZ0df8pkAg.woff HTTP/1.1" 200 12043 "https://www.safaltaguru.com/" "Mozilla/5.0 (Windows NT 6.1; Win64; x64) AppleWebKit/537.36 (KHTML, like Gecko) Chrome/92.0.4515.107 Safari/537.36"
115.97.155.80 - - [03/Aug/2021:07:50:41 +0000] "GET /wp-content/uploads/fusion-gfonts/mem5YaGs126MiZpBA-UNirkOX-hvKKSTj5PW.woff HTTP/1.1" 200 13507 "https://www.safaltaguru.com/" "Mozilla/5.0 (Windows NT 6.1; Win64; x64) AppleWebKit/537.36 (KHTML, like Gecko) Chrome/92.0.4515.107 Safari/537.36"
115.97.155.80 - - [03/Aug/2021:07:50:41 +0000] "GET /wp-content/uploads/fusion-gfonts/mem5YaGs126MiZpBA-UNirkOVuhvKKSTj5PW.woff HTTP/1.1" 200 7276 "https://www.safaltaguru.com/" "Mozilla/5.0 (Windows NT 6.1; Win64; x64) AppleWebKit/537.36 (KHTML, like Gecko) Chrome/92.0.4515.107 Safari/537.36"
115.97.155.80 - - [03/Aug/2021:07:50:41 +0000] "GET /wp-content/uploads/fusion-gfonts/mem5YaGs126MiZpBA-UNirkOXuhvKKSTj5PW.woff HTTP/1.1" 200 1140 "https://www.safaltaguru.com/" "Mozilla/5.0 (Windows NT 6.1; Win64; x64) AppleWebKit/537.36 (KHTML, like Gecko) Chrome/92.0.4515.107 Safari/537.36"
115.97.155.80 - - [03/Aug/2021:07:50:41 +0000] "GET /wp-content/uploads/fusion-gfonts/mem5YaGs126MiZpBA-UNirkOUehvKKSTj5PW.woff HTTP/1.1" 200 5954 "https://www.safaltaguru.com/" "Mozilla/5.0 (Windows NT 6.1; Win64; x64) AppleWebKit/537.36 (KHTML, like Gecko) Chrome/92.0.4515.107 Safari/537.36"
