101.36.110.241 - - [11/Sep/2021:23:02:33 +0000] "GET /site/get-hq?proNo=btc&panType=1&pid=1 HTTP/1.1" 404 209 "-" "Mozilla/5.0 (Macintosh; Intel Mac OS X 10_15_7) AppleWebKit/537.36 (KHTML, like Gecko) Chrome/85.0.4183.121 Safari/537.36"
101.36.110.241 - - [11/Sep/2021:23:02:33 +0000] "GET /Templates/user/finance/css/userPay.css HTTP/1.1" 404 236 "-" "Mozilla/5.0 (Macintosh; Intel Mac OS X 10_15_7) AppleWebKit/537.36 (KHTML, like Gecko) Chrome/85.0.4183.121 Safari/537.36"
101.36.110.241 - - [11/Sep/2021:23:02:33 +0000] "GET /ajax/allcoin_a/id/0?t=0.3782499195965951 HTTP/1.1" 404 217 "-" "Mozilla/5.0 (Macintosh; Intel Mac OS X 10_15_7) AppleWebKit/537.36 (KHTML, like Gecko) Chrome/85.0.4183.121 Safari/537.36"
101.36.110.241 - - [11/Sep/2021:23:02:33 +0000] "GET /index.php?m=api&c=app&a=getPlatformConfig HTTP/1.1" 200 63934 "-" "Mozilla/5.0 (Macintosh; Intel Mac OS X 10_15_7) AppleWebKit/537.36 (KHTML, like Gecko) Chrome/85.0.4183.121 Safari/537.36"
101.36.110.241 - - [11/Sep/2021:23:02:35 +0000] "GET /public/static/home/js/moblie/login.js HTTP/1.1" 404 235 "-" "Mozilla/5.0 (Macintosh; Intel Mac OS X 10_15_7) AppleWebKit/537.36 (KHTML, like Gecko) Chrome/85.0.4183.121 Safari/537.36"
101.36.110.241 - - [11/Sep/2021:23:02:35 +0000] "GET /service?action=getBasicInfo&terminal_id=1 HTTP/1.1" 200 46411 "-" "Mozilla/5.0 (Macintosh; Intel Mac OS X 10_15_7) AppleWebKit/537.36 (KHTML, like Gecko) Chrome/85.0.4183.121 Safari/537.36"
101.36.110.241 - - [11/Sep/2021:23:02:36 +0000] "GET /base/exchange_article/index/classid/1/id/1 HTTP/1.1" 404 240 "-" "Mozilla/5.0 (Macintosh; Intel Mac OS X 10_15_7) AppleWebKit/537.36 (KHTML, like Gecko) Chrome/85.0.4183.121 Safari/537.36"
101.36.110.241 - - [11/Sep/2021:23:02:36 +0000] "GET /s_api/basic/config_js?callback=__set_config HTTP/1.1" 404 219 "-" "Mozilla/5.0 (Macintosh; Intel Mac OS X 10_15_7) AppleWebKit/537.36 (KHTML, like Gecko) Chrome/85.0.4183.121 Safari/537.36"
101.36.110.241 - - [11/Sep/2021:23:02:36 +0000] "GET /common/template/lottery/lecai/css/style.css HTTP/1.1" 404 241 "-" "Mozilla/5.0 (Macintosh; Intel Mac OS X 10_15_7) AppleWebKit/537.36 (KHTML, like Gecko) Chrome/85.0.4183.121 Safari/537.36"
101.36.110.241 - - [11/Sep/2021:23:02:36 +0000] "GET /market/getStockBaseInfo?stockCodeInternal=2658 HTTP/1.1" 404 221 "-" "Mozilla/5.0 (Macintosh; Intel Mac OS X 10_15_7) AppleWebKit/537.36 (KHTML, like Gecko) Chrome/85.0.4183.121 Safari/537.36"
101.36.110.241 - - [11/Sep/2021:23:02:36 +0000] "GET /wap/api/exchangerateuserconfig!get.action HTTP/1.1" 404 239 "-" "Mozilla/5.0 (Macintosh; Intel Mac OS X 10_15_7) AppleWebKit/537.36 (KHTML, like Gecko) Chrome/85.0.4183.121 Safari/537.36"
101.36.110.241 - - [11/Sep/2021:23:02:36 +0000] "GET /Public/Mobile/ecshe_css/wapmain.css?v=1545408652 HTTP/1.1" 404 233 "-" "Mozilla/5.0 (Macintosh; Intel Mac OS X 10_15_7) AppleWebKit/537.36 (KHTML, like Gecko) Chrome/85.0.4183.121 Safari/537.36"
101.36.110.241 - - [11/Sep/2021:23:02:41 +0000] "GET /api/v/index/queryOfficePage?officeCode=customHomeLink HTTP/1.1" 404 225 "-" "Mozilla/5.0 (Macintosh; Intel Mac OS X 10_15_7) AppleWebKit/537.36 (KHTML, like Gecko) Chrome/85.0.4183.121 Safari/537.36"
101.36.110.241 - - [11/Sep/2021:23:02:44 +0000] "GET /api/stock/getSingleStock.do?code=002405 HTTP/1.1" 404 225 "-" "Mozilla/5.0 (Macintosh; Intel Mac OS X 10_15_7) AppleWebKit/537.36 (KHTML, like Gecko) Chrome/85.0.4183.121 Safari/537.36"
101.36.110.241 - - [11/Sep/2021:23:02:44 +0000] "GET /getConfig/listPopFrame.do?code=14&position=index&_=1601489645097 HTTP/1.1" 404 223 "-" "Mozilla/5.0 (Macintosh; Intel Mac OS X 10_15_7) AppleWebKit/537.36 (KHTML, like Gecko) Chrome/85.0.4183.121 Safari/537.36"
101.36.110.241 - - [11/Sep/2021:23:02:45 +0000] "GET /api/product/topRank?token=null&uid=null&lang=null&direct=1&type=1 HTTP/1.1" 404 217 "-" "Mozilla/5.0 (Macintosh; Intel Mac OS X 10_15_7) AppleWebKit/537.36 (KHTML, like Gecko) Chrome/85.0.4183.121 Safari/537.36"
101.36.110.241 - - [11/Sep/2021:23:02:45 +0000] "GET /api/uploads/apimap HTTP/1.1" 404 216 "-" "Mozilla/5.0 (Macintosh; Intel Mac OS X 10_15_7) AppleWebKit/537.36 (KHTML, like Gecko) Chrome/85.0.4183.121 Safari/537.36"
101.36.110.241 - - [11/Sep/2021:23:02:45 +0000] "GET /api/wallet/redDetail HTTP/1.1" 404 218 "-" "Mozilla/5.0 (Macintosh; Intel Mac OS X 10_15_7) AppleWebKit/537.36 (KHTML, like Gecko) Chrome/85.0.4183.121 Safari/537.36"
101.36.110.241 - - [11/Sep/2021:23:02:45 +0000] "GET /ipl/app/flash/publicbmw/ball/FigLeaf.js?site=member HTTP/1.1" 404 237 "-" "Mozilla/5.0 (Macintosh; Intel Mac OS X 10_15_7) AppleWebKit/537.36 (KHTML, like Gecko) Chrome/85.0.4183.121 Safari/537.36"
101.36.110.241 - - [11/Sep/2021:23:02:47 +0000] "GET /friendGroup/list HTTP/1.1" 404 214 "-" "Mozilla/5.0 (Macintosh; Intel Mac OS X 10_15_7) AppleWebKit/537.36 (KHTML, like Gecko) Chrome/85.0.4183.121 Safari/537.36"
101.36.110.241 - - [11/Sep/2021:23:02:47 +0000] "POST /user/getAllNicknames HTTP/1.1" 404 218 "-" "Mozilla/5.0 (Macintosh; Intel Mac OS X 10_15_7) AppleWebKit/537.36 (KHTML, like Gecko) Chrome/85.0.4183.121 Safari/537.36"
101.36.110.241 - - [11/Sep/2021:23:02:47 +0000] "GET /public/static/css/denglu.css HTTP/1.1" 404 226 "-" "Mozilla/5.0 (Macintosh; Intel Mac OS X 10_15_7) AppleWebKit/537.36 (KHTML, like Gecko) Chrome/85.0.4183.121 Safari/537.36"
114.119.137.3 - - [11/Sep/2021:23:11:00 +0000] "GET /enquiry.php?pname=BLOOD%20BANK%20REFRIGERATOR/STI-160 HTTP/1.1" 301 285 "-" "Mozilla/5.0 (Linux; Android 7.0;) AppleWebKit/537.36 (KHTML, like Gecko) Mobile Safari/537.36 (compatible; PetalBot;+https://webmaster.petalsearch.com/site/petalbot)"
114.119.137.3 - - [11/Sep/2021:23:11:00 +0000] "GET /enquiry.php?pname=BLOOD%20BANK%20REFRIGERATOR/STI-160 HTTP/1.1" 200 61709 "-" "Mozilla/5.0 (Linux; Android 7.0;) AppleWebKit/537.36 (KHTML, like Gecko) Mobile Safari/537.36 (compatible; PetalBot;+https://webmaster.petalsearch.com/site/petalbot)"
34.74.229.138 - - [11/Sep/2021:23:11:43 +0000] "GET /robots.txt HTTP/1.0" 301 246 "-" "ZoominfoBot (zoominfobot at zoominfo dot com)"
34.74.229.138 - - [11/Sep/2021:23:11:44 +0000] "GET /robots.txt HTTP/1.1" 301 242 "-" "ZoominfoBot (zoominfobot at zoominfo dot com)"
34.74.229.138 - - [11/Sep/2021:23:11:45 +0000] "GET /robots.txt HTTP/1.1" 404 208 "-" "ZoominfoBot (zoominfobot at zoominfo dot com)"
34.74.229.138 - - [11/Sep/2021:23:11:46 +0000] "GET /AboutUs HTTP/1.0" 301 243 "-" "ZoominfoBot (zoominfobot at zoominfo dot com)"
34.74.229.138 - - [11/Sep/2021:23:11:46 +0000] "GET /AboutUs HTTP/1.0" 301 239 "-" "ZoominfoBot (zoominfobot at zoominfo dot com)"
34.74.229.138 - - [11/Sep/2021:23:13:00 +0000] "GET /all-products.php?maincategory=Vacuum%20Equipments HTTP/1.0" 200 52157 "-" "ZoominfoBot (zoominfobot at zoominfo dot com)"
34.74.229.138 - - [11/Sep/2021:23:13:26 +0000] "GET /all-products.php?maincategory=Clean%20Room%20Benches HTTP/1.0" 200 54299 "-" "ZoominfoBot (zoominfobot at zoominfo dot com)"
34.74.229.138 - - [11/Sep/2021:23:16:47 +0000] "GET /AUTOCLAVEVERTICALDOUBLEWALLSEMIAUTO.html HTTP/1.0" 301 272 "-" "ZoominfoBot (zoominfobot at zoominfo dot com)"
114.119.137.38 - - [11/Sep/2021:23:19:34 +0000] "GET /all-products.php?maincategory=Environmental%20Chambers HTTP/1.1" 301 286 "-" "Mozilla/5.0 (Linux; Android 7.0;) AppleWebKit/537.36 (KHTML, like Gecko) Mobile Safari/537.36 (compatible; PetalBot;+https://webmaster.petalsearch.com/site/petalbot)"
114.119.137.38 - - [11/Sep/2021:23:19:34 +0000] "GET /all-products.php?maincategory=Environmental%20Chambers HTTP/1.1" 200 52172 "-" "Mozilla/5.0 (Linux; Android 7.0;) AppleWebKit/537.36 (KHTML, like Gecko) Mobile Safari/537.36 (compatible; PetalBot;+https://webmaster.petalsearch.com/site/petalbot)"
34.74.229.138 - - [11/Sep/2021:23:19:38 +0000] "GET /all-products.php?maincategory=Water(Liquid)%20Bath%20Equipments HTTP/1.0" 200 55830 "-" "ZoominfoBot (zoominfobot at zoominfo dot com)"
34.74.229.138 - - [11/Sep/2021:23:20:23 +0000] "GET /all-products.php?maincategory=Distillation%20Equipments HTTP/1.0" 200 55816 "-" "ZoominfoBot (zoominfobot at zoominfo dot com)"
34.74.229.138 - - [11/Sep/2021:23:24:13 +0000] "GET /TermsandConditions HTTP/1.0" 301 250 "-" "ZoominfoBot (zoominfobot at zoominfo dot com)"
34.74.229.138 - - [11/Sep/2021:23:25:54 +0000] "GET /LAMINARFLOWBENCHHORIZONTAL.html HTTP/1.0" 301 263 "-" "ZoominfoBot (zoominfobot at zoominfo dot com)"
114.119.133.245 - - [11/Sep/2021:23:28:22 +0000] "GET /enquiry.php?pname=AUTOCLAVE%20VERTICAL%20DELUXE%20MODEL/STI-115%20B HTTP/1.1" 200 61719 "-" "Mozilla/5.0 (Linux; Android 7.0;) AppleWebKit/537.36 (KHTML, like Gecko) Mobile Safari/537.36 (compatible; PetalBot;+https://webmaster.petalsearch.com/site/petalbot)"
34.74.229.138 - - [11/Sep/2021:23:31:30 +0000] "GET /ContactUs HTTP/1.0" 301 241 "-" "ZoominfoBot (zoominfobot at zoominfo dot com)"
188.163.46.170 - - [11/Sep/2021:23:31:40 +0000] "GET /ThankYou/ HTTP/1.0" 301 241 "http://scienocraft.com/ThankYou/" "Mozilla/5.0 (Windows NT 10.0; WOW64) AppleWebKit/537.36 (KHTML, like Gecko) Chrome/90.0.4430.93 Safari/537.36"
188.163.46.170 - - [11/Sep/2021:23:31:41 +0000] "GET /ThankYou/ HTTP/1.0" 404 207 "https://scienocraft.com/ThankYou/" "Mozilla/5.0 (Windows NT 10.0; WOW64) AppleWebKit/537.36 (KHTML, like Gecko) Chrome/90.0.4430.93 Safari/537.36"
188.163.46.170 - - [11/Sep/2021:23:31:42 +0000] "GET / HTTP/1.0" 200 63934 "https://scienocraft.com/" "Mozilla/5.0 (Windows NT 10.0; WOW64) AppleWebKit/537.36 (KHTML, like Gecko) Chrome/90.0.4430.93 Safari/537.36"
69.162.89.188 - - [11/Sep/2021:23:34:50 +0000] "GET /robots.txt HTTP/1.1" 301 246 "-" "Mozilla/5.0 (X11; Linux x86_64; rv:109)"
69.162.89.188 - - [11/Sep/2021:23:34:57 +0000] "GET / HTTP/1.1" 301 236 "-" "Mozilla/5.0 (X11; Linux x86_64; rv:109)"
114.119.133.245 - - [11/Sep/2021:23:37:04 +0000] "GET /DIGITALMOISTUREBALANCE.html HTTP/1.1" 301 259 "-" "Mozilla/5.0 (Linux; Android 7.0;) AppleWebKit/537.36 (KHTML, like Gecko) Mobile Safari/537.36 (compatible; PetalBot;+https://webmaster.petalsearch.com/site/petalbot)"
114.119.133.245 - - [11/Sep/2021:23:37:04 +0000] "GET /DIGITALMOISTUREBALANCE.html HTTP/1.1" 200 51447 "-" "Mozilla/5.0 (Linux; Android 7.0;) AppleWebKit/537.36 (KHTML, like Gecko) Mobile Safari/537.36 (compatible; PetalBot;+https://webmaster.petalsearch.com/site/petalbot)"
34.74.229.138 - - [11/Sep/2021:23:38:01 +0000] "GET /all-products.php?maincategory=Incubators HTTP/1.0" 200 55769 "-" "ZoominfoBot (zoominfobot at zoominfo dot com)"
185.247.225.67 - - [11/Sep/2021:23:38:17 +0000] "GET / HTTP/1.1" 301 232 "https://freevpn.space/web-proxy/www.scienocraft.com" "Mozilla/5.0 (Windows NT 10.0; rv:68.0) Gecko/20100101 Firefox/68.0"
66.249.75.192 - - [11/Sep/2021:23:39:23 +0000] "GET /MASHINGBATH.html HTTP/1.1" 200 51710 "-" "Mozilla/5.0 (Linux; Android 6.0.1; Nexus 5X Build/MMB29P) AppleWebKit/537.36 (KHTML, like Gecko) Chrome/92.0.4515.119 Mobile Safari/537.36 (compatible; Googlebot/2.1; +http://www.google.com/bot.html)"
34.74.229.138 - - [11/Sep/2021:23:39:23 +0000] "GET /all-products.php?maincategory=Shakers HTTP/1.0" 200 54562 "-" "ZoominfoBot (zoominfobot at zoominfo dot com)"
34.74.229.138 - - [11/Sep/2021:23:40:42 +0000] "GET /all-products.php?maincategory=Autoclave-%20%20%20%20%20%20%20%20%20%20%20%20%20%20%20%20%20%20%20%20%20%20%20%20%20%20%20%20%20%20%20%20%20%20%20%20%20%20%20%20%20%20%20%20%20%20%20%20%20%20%20%20%20%20%20%20%20%20%20%20%20%20%20%20%20%20%20%20%20%20%20%20%20%20%20%20%20%20%20%20%20%20%20%20%20%20%20%20%20%20%20%20%20%20%20%20%20%20%20%20%20%20%20%20%20%20%20%20%20%20%20%20%20Sterilization%20Equipments HTTP/1.0" 200 60657 "-" "ZoominfoBot (zoominfobot at zoominfo dot com)"
80.85.142.240 - - [11/Sep/2021:23:45:21 +0000] "GET /ThankYou/ HTTP/1.0" 301 241 "http://scienocraft.com/ThankYou/" "Mozilla/5.0 (Windows NT 6.1; ) AppleWebKit/537.36 (KHTML, like Gecko) Chrome/90.0.4430.72 Safari/537.36"
80.85.142.240 - - [11/Sep/2021:23:45:21 +0000] "GET /ThankYou/ HTTP/1.0" 404 207 "https://scienocraft.com/ThankYou/" "Mozilla/5.0 (Windows NT 6.1; ) AppleWebKit/537.36 (KHTML, like Gecko) Chrome/90.0.4430.72 Safari/537.36"
80.85.142.240 - - [11/Sep/2021:23:45:22 +0000] "GET / HTTP/1.0" 200 63934 "https://scienocraft.com/" "Mozilla/5.0 (Windows NT 6.1; ) AppleWebKit/537.36 (KHTML, like Gecko) Chrome/90.0.4430.72 Safari/537.36"
80.85.142.240 - - [11/Sep/2021:23:45:23 +0000] "GET /ContactUs HTTP/1.0" 301 241 "https://www.scienocraft.com/ContactUs" "Mozilla/5.0 (Windows NT 6.1; ) AppleWebKit/537.36 (KHTML, like Gecko) Chrome/90.0.4430.72 Safari/537.36"
80.85.142.240 - - [11/Sep/2021:23:45:24 +0000] "GET /ContactUs HTTP/1.0" 200 49509 "https://scienocraft.com/ContactUs" "Mozilla/5.0 (Windows NT 6.1; ) AppleWebKit/537.36 (KHTML, like Gecko) Chrome/90.0.4430.72 Safari/537.36"
114.119.133.245 - - [11/Sep/2021:23:46:05 +0000] "GET /enquiry.php?pname=KINEMATIC%20VISCOSITY%20BATH/STI-141 HTTP/1.1" 200 61710 "-" "Mozilla/5.0 (Linux; Android 7.0;) AppleWebKit/537.36 (KHTML, like Gecko) Mobile Safari/537.36 (compatible; PetalBot;+https://webmaster.petalsearch.com/site/petalbot)"
45.93.80.28 - - [11/Sep/2021:23:47:37 +0000] "GET /ThankYou/ HTTP/1.0" 301 241 "http://scienocraft.com/ThankYou/" "Mozilla/5.0 (Windows NT 6.3; Win64; x64) AppleWebKit/537.36 (KHTML, like Gecko) Chrome/90.0.4430.72 Safari/537.36"
37.229.244.199 - - [11/Sep/2021:23:47:37 +0000] "GET /ThankYou/ HTTP/1.0" 404 207 "https://scienocraft.com/ThankYou/" "Mozilla/5.0 (Windows NT 6.3; Win64; x64) AppleWebKit/537.36 (KHTML, like Gecko) Chrome/90.0.4430.72 Safari/537.36"
37.229.244.199 - - [11/Sep/2021:23:47:38 +0000] "GET / HTTP/1.0" 200 63934 "https://scienocraft.com/" "Mozilla/5.0 (Windows NT 6.3; Win64; x64) AppleWebKit/537.36 (KHTML, like Gecko) Chrome/90.0.4430.72 Safari/537.36"
37.229.244.199 - - [11/Sep/2021:23:47:39 +0000] "GET /ContactUs HTTP/1.0" 301 241 "https://www.scienocraft.com/ContactUs" "Mozilla/5.0 (Windows NT 6.3; Win64; x64) AppleWebKit/537.36 (KHTML, like Gecko) Chrome/90.0.4430.72 Safari/537.36"
37.229.244.199 - - [11/Sep/2021:23:47:40 +0000] "GET /ContactUs HTTP/1.0" 200 49509 "https://scienocraft.com/ContactUs" "Mozilla/5.0 (Windows NT 6.3; Win64; x64) AppleWebKit/537.36 (KHTML, like Gecko) Chrome/90.0.4430.72 Safari/537.36"
34.74.229.138 - - [11/Sep/2021:23:53:02 +0000] "GET /Disclaimer HTTP/1.0" 301 242 "-" "ZoominfoBot (zoominfobot at zoominfo dot com)"
77.88.5.99 - - [11/Sep/2021:23:55:46 +0000] "GET /robots.txt HTTP/1.1" 404 208 "-" "Mozilla/5.0 (compatible; YandexBot/3.0; +http://yandex.com/bots)"
77.88.5.55 - - [11/Sep/2021:23:55:50 +0000] "GET /KJELDAHLDISTILLATIONUNIT.html HTTP/1.1" 200 52848 "-" "Mozilla/5.0 (compatible; YandexBot/3.0; +http://yandex.com/bots)"
114.119.137.43 - - [11/Sep/2021:23:56:20 +0000] "GET /enquiry.php?pname=B%20O%20D%20INCUBATOR%20MICRO%20BASED%20LCD%20CONTROL%20SINGLE%20PANEL/%20STI-178%20A HTTP/1.1" 301 335 "-" "Mozilla/5.0 (Linux; Android 7.0;) AppleWebKit/537.36 (KHTML, like Gecko) Mobile Safari/537.36 (compatible; PetalBot;+https://webmaster.petalsearch.com/site/petalbot)"
114.119.137.43 - - [11/Sep/2021:23:56:20 +0000] "GET /enquiry.php?pname=B%20O%20D%20INCUBATOR%20MICRO%20BASED%20LCD%20CONTROL%20SINGLE%20PANEL/%20STI-178%20A HTTP/1.1" 200 61741 "-" "Mozilla/5.0 (Linux; Android 7.0;) AppleWebKit/537.36 (KHTML, like Gecko) Mobile Safari/537.36 (compatible; PetalBot;+https://webmaster.petalsearch.com/site/petalbot)"
54.36.148.134 - - [11/Sep/2021:23:57:55 +0000] "GET /robots.txt HTTP/1.1" 404 208 "-" "Mozilla/5.0 (compatible; AhrefsBot/7.0; +http://ahrefs.com/robot/)"
54.36.148.57 - - [11/Sep/2021:23:57:57 +0000] "GET / HTTP/1.1" 200 63934 "-" "Mozilla/5.0 (compatible; AhrefsBot/7.0; +http://ahrefs.com/robot/)"
66.249.75.192 - - [11/Sep/2021:23:58:10 +0000] "GET /ROCKERSHAKERGELPLATFORMSHAKER.html HTTP/1.1" 200 50116 "-" "Mozilla/5.0 (Linux; Android 6.0.1; Nexus 5X Build/MMB29P) AppleWebKit/537.36 (KHTML, like Gecko) Chrome/92.0.4515.119 Mobile Safari/537.36 (compatible; Googlebot/2.1; +http://www.google.com/bot.html)"
46.161.11.10 - - [12/Sep/2021:00:00:44 +0000] "GET /ThankYou/ HTTP/1.0" 301 241 "http://scienocraft.com/ThankYou/" "Mozilla/5.0 (Windows NT 10.0; Win64; x64) AppleWebKit/537.36 (KHTML, like Gecko) Chrome/83.0.4093.3 Safari/537.36"
46.161.11.10 - - [12/Sep/2021:00:00:45 +0000] "GET /ThankYou/ HTTP/1.0" 404 207 "https://scienocraft.com/ThankYou/" "Mozilla/5.0 (Windows NT 10.0; Win64; x64) AppleWebKit/537.36 (KHTML, like Gecko) Chrome/83.0.4093.3 Safari/537.36"
46.161.11.10 - - [12/Sep/2021:00:00:46 +0000] "GET / HTTP/1.0" 200 63934 "https://scienocraft.com/" "Mozilla/5.0 (Windows NT 10.0; Win64; x64) AppleWebKit/537.36 (KHTML, like Gecko) Chrome/83.0.4093.3 Safari/537.36"
46.161.11.10 - - [12/Sep/2021:00:00:47 +0000] "GET /ContactUs HTTP/1.0" 301 241 "https://www.scienocraft.com/ContactUs" "Mozilla/5.0 (Windows NT 10.0; Win64; x64) AppleWebKit/537.36 (KHTML, like Gecko) Chrome/83.0.4093.3 Safari/537.36"
46.161.11.10 - - [12/Sep/2021:00:00:48 +0000] "GET /ContactUs HTTP/1.0" 200 49509 "https://scienocraft.com/ContactUs" "Mozilla/5.0 (Windows NT 10.0; Win64; x64) AppleWebKit/537.36 (KHTML, like Gecko) Chrome/83.0.4093.3 Safari/537.36"
207.46.13.141 - - [12/Sep/2021:00:32:09 +0000] "GET /QUARTZDISTILLATIONSTI-258.html HTTP/1.1" 200 56597 "-" "Mozilla/5.0 (compatible; bingbot/2.0; +http://www.bing.com/bingbot.htm)"
114.119.137.3 - - [12/Sep/2021:00:33:39 +0000] "GET /STATICPASSBOX.html HTTP/1.1" 301 250 "-" "Mozilla/5.0 (Linux; Android 7.0;) AppleWebKit/537.36 (KHTML, like Gecko) Mobile Safari/537.36 (compatible; PetalBot;+https://webmaster.petalsearch.com/site/petalbot)"
114.119.137.3 - - [12/Sep/2021:00:33:40 +0000] "GET /STATICPASSBOX.html HTTP/1.1" 200 52355 "-" "Mozilla/5.0 (Linux; Android 7.0;) AppleWebKit/537.36 (KHTML, like Gecko) Mobile Safari/537.36 (compatible; PetalBot;+https://webmaster.petalsearch.com/site/petalbot)"
17.121.112.203 - - [12/Sep/2021:00:37:19 +0000] "GET /galleryimg/bdfe35303bd3e0a3bd3937c37afb6d75.png HTTP/1.1" 200 72305 "-" "Mozilla/5.0 (Macintosh; Intel Mac OS X 10_15_5) AppleWebKit/605.1.15 (KHTML, like Gecko) Version/13.1.1 Safari/605.1.15 (Applebot/0.1; +http://www.apple.com/go/applebot)"
114.119.137.238 - - [12/Sep/2021:00:45:50 +0000] "GET /enquiry.php?pname=ROTAP%20SIEVE%20SHAKER/STI-372 HTTP/1.1" 301 280 "-" "Mozilla/5.0 (Linux; Android 7.0;) AppleWebKit/537.36 (KHTML, like Gecko) Mobile Safari/537.36 (compatible; PetalBot;+https://webmaster.petalsearch.com/site/petalbot)"
114.119.137.238 - - [12/Sep/2021:00:45:50 +0000] "GET /enquiry.php?pname=ROTAP%20SIEVE%20SHAKER/STI-372 HTTP/1.1" 200 61704 "-" "Mozilla/5.0 (Linux; Android 7.0;) AppleWebKit/537.36 (KHTML, like Gecko) Mobile Safari/537.36 (compatible; PetalBot;+https://webmaster.petalsearch.com/site/petalbot)"
66.249.75.223 - - [12/Sep/2021:00:46:20 +0000] "GET / HTTP/1.1" 200 63934 "-" "Mozilla/5.0 (compatible; Googlebot/2.1; +http://www.google.com/bot.html)"
216.131.114.187 - - [12/Sep/2021:00:52:34 +0000] "GET /enquiry.php HTTP/1.0" 200 61678 "https://scienocraft.com/enquiry.php" "Mozilla/5.0 (Windows NT 10.0) AppleWebKit/537.36 (KHTML, like Gecko) Chrome/90.0.4430.93 Safari/537.36"
216.131.114.187 - - [12/Sep/2021:00:52:36 +0000] "POST /submit-enquiry.php HTTP/1.0" 200 139 "https://scienocraft.com/enquiry.php" "Mozilla/5.0 (Windows NT 10.0) AppleWebKit/537.36 (KHTML, like Gecko) Chrome/90.0.4430.93 Safari/537.36"
216.131.114.187 - - [12/Sep/2021:00:52:39 +0000] "GET /ThankYou HTTP/1.0" 301 240 "https://www.scienocraft.com/ThankYou" "Mozilla/5.0 (Windows NT 10.0) AppleWebKit/537.36 (KHTML, like Gecko) Chrome/90.0.4430.93 Safari/537.36"
216.131.114.187 - - [12/Sep/2021:00:52:40 +0000] "GET /ThankYou HTTP/1.0" 200 47516 "https://scienocraft.com/ThankYou" "Mozilla/5.0 (Windows NT 10.0) AppleWebKit/537.36 (KHTML, like Gecko) Chrome/90.0.4430.93 Safari/537.36"
88.201.141.106 - - [12/Sep/2021:00:58:07 +0000] "GET /ThankYou/ HTTP/1.0" 301 241 "http://scienocraft.com/ThankYou/" "Mozilla/5.0 (Windows NT 10.0; Win64; x64) AppleWebKit/537.36 (KHTML, like Gecko) Chrome/90.0.4430.72 Safari/537.36 Edg/90.0.818.42"
88.201.141.106 - - [12/Sep/2021:00:58:07 +0000] "GET /ThankYou/ HTTP/1.0" 404 207 "https://scienocraft.com/ThankYou/" "Mozilla/5.0 (Windows NT 10.0; Win64; x64) AppleWebKit/537.36 (KHTML, like Gecko) Chrome/90.0.4430.72 Safari/537.36 Edg/90.0.818.42"
88.201.141.106 - - [12/Sep/2021:00:58:08 +0000] "GET / HTTP/1.0" 200 63934 "https://scienocraft.com/" "Mozilla/5.0 (Windows NT 10.0; Win64; x64) AppleWebKit/537.36 (KHTML, like Gecko) Chrome/90.0.4430.72 Safari/537.36 Edg/90.0.818.42"
88.201.141.106 - - [12/Sep/2021:00:58:09 +0000] "GET /ContactUs HTTP/1.0" 301 241 "https://www.scienocraft.com/ContactUs" "Mozilla/5.0 (Windows NT 10.0; Win64; x64) AppleWebKit/537.36 (KHTML, like Gecko) Chrome/90.0.4430.72 Safari/537.36 Edg/90.0.818.42"
88.201.141.106 - - [12/Sep/2021:00:58:10 +0000] "GET /ContactUs HTTP/1.0" 200 49509 "https://scienocraft.com/ContactUs" "Mozilla/5.0 (Windows NT 10.0; Win64; x64) AppleWebKit/537.36 (KHTML, like Gecko) Chrome/90.0.4430.72 Safari/537.36 Edg/90.0.818.42"
114.119.137.249 - - [12/Sep/2021:00:58:17 +0000] "GET /enquiry.php?pname=KJELDAHL%20DISTILLATION%20UNIT%20%20%20/STI-383 HTTP/1.1" 301 297 "-" "Mozilla/5.0 (Linux; Android 7.0;) AppleWebKit/537.36 (KHTML, like Gecko) Mobile Safari/537.36 (compatible; PetalBot;+https://webmaster.petalsearch.com/site/petalbot)"
114.119.137.249 - - [12/Sep/2021:00:58:17 +0000] "GET /enquiry.php?pname=KJELDAHL%20DISTILLATION%20UNIT%20%20%20/STI-383 HTTP/1.1" 200 61715 "-" "Mozilla/5.0 (Linux; Android 7.0;) AppleWebKit/537.36 (KHTML, like Gecko) Mobile Safari/537.36 (compatible; PetalBot;+https://webmaster.petalsearch.com/site/petalbot)"
66.249.75.221 - - [12/Sep/2021:01:03:28 +0000] "GET /VACUUMOVENRECTANGULAR.html HTTP/1.1" 200 57720 "-" "Mozilla/5.0 (Linux; Android 6.0.1; Nexus 5X Build/MMB29P) AppleWebKit/537.36 (KHTML, like Gecko) Chrome/92.0.4515.119 Mobile Safari/537.36 (compatible; Googlebot/2.1; +http://www.google.com/bot.html)"
66.249.75.223 - - [12/Sep/2021:01:04:48 +0000] "GET /ProductswiseCatalogue HTTP/1.1" 200 46493 "-" "Mozilla/5.0 (Linux; Android 6.0.1; Nexus 5X Build/MMB29P) AppleWebKit/537.36 (KHTML, like Gecko) Chrome/92.0.4515.119 Mobile Safari/537.36 (compatible; Googlebot/2.1; +http://www.google.com/bot.html)"
114.119.137.252 - - [12/Sep/2021:01:10:31 +0000] "GET /enquiry.php?pname=COD%20DIGESTION%20APPARATUS%20/STI-388 HTTP/1.1" 301 288 "-" "Mozilla/5.0 (Linux; Android 7.0;) AppleWebKit/537.36 (KHTML, like Gecko) Mobile Safari/537.36 (compatible; PetalBot;+https://webmaster.petalsearch.com/site/petalbot)"
114.119.137.252 - - [12/Sep/2021:01:10:31 +0000] "GET /enquiry.php?pname=COD%20DIGESTION%20APPARATUS%20/STI-388 HTTP/1.1" 200 61710 "-" "Mozilla/5.0 (Linux; Android 7.0;) AppleWebKit/537.36 (KHTML, like Gecko) Mobile Safari/537.36 (compatible; PetalBot;+https://webmaster.petalsearch.com/site/petalbot)"
34.219.127.212 - - [12/Sep/2021:01:14:49 +0000] "GET / HTTP/1.1" 301 232 "-" "Mozilla/5.0 (X11; Linux x86_64) AppleWebKit/537.36 (KHTML, like Gecko) Chrome/83.0.4103.97 Safari/537.36"
52.27.112.66 - - [12/Sep/2021:01:14:51 +0000] "GET / HTTP/1.1" 200 63934 "-" "Mozilla/5.0 (X11; Linux x86_64) AppleWebKit/537.36 (KHTML, like Gecko) Chrome/83.0.4103.97 Safari/537.36"
34.219.127.212 - - [12/Sep/2021:01:14:52 +0000] "GET / HTTP/1.1" 200 63934 "-" "Mozilla/5.0 (X11; Linux x86_64) AppleWebKit/537.36 (KHTML, like Gecko) Chrome/83.0.4103.97 Safari/537.36"
34.222.164.231 - - [12/Sep/2021:01:15:00 +0000] "GET /favicon.ico HTTP/1.1" 404 209 "-" "Mozilla/5.0 (X11; Linux x86_64) AppleWebKit/537.36 (KHTML, like Gecko) Chrome/83.0.4103.97 Safari/537.36"
34.222.164.231 - - [12/Sep/2021:01:15:01 +0000] "GET / HTTP/1.1" 200 63934 "-" "Mozilla/5.0 (X11; Linux x86_64) AppleWebKit/537.36 (KHTML, like Gecko) Chrome/83.0.4103.97 Safari/537.36"
18.237.208.98 - - [12/Sep/2021:01:15:05 +0000] "GET /favicon.ico HTTP/1.1" 301 243 "-" "Mozilla/5.0 (X11; Linux x86_64) AppleWebKit/537.36 (KHTML, like Gecko) Chrome/83.0.4103.97 Safari/537.36"
18.237.208.98 - - [12/Sep/2021:01:15:07 +0000] "GET /favicon.ico HTTP/1.1" 404 209 "http://scienocraft.com/favicon.ico" "Mozilla/5.0 (X11; Linux x86_64) AppleWebKit/537.36 (KHTML, like Gecko) Chrome/83.0.4103.97 Safari/537.36"
18.237.208.98 - - [12/Sep/2021:01:15:09 +0000] "GET / HTTP/1.1" 301 232 "-" "Mozilla/5.0 (X11; Linux x86_64) AppleWebKit/537.36 (KHTML, like Gecko) Chrome/83.0.4103.97 Safari/537.36"
18.237.208.98 - - [12/Sep/2021:01:15:10 +0000] "GET / HTTP/1.1" 200 63934 "http://scienocraft.com" "Mozilla/5.0 (X11; Linux x86_64) AppleWebKit/537.36 (KHTML, like Gecko) Chrome/83.0.4103.97 Safari/537.36"
66.249.75.223 - - [12/Sep/2021:01:15:40 +0000] "GET / HTTP/1.1" 200 63934 "-" "Mozilla/5.0 (Linux; Android 6.0.1; Nexus 5X Build/MMB29P) AppleWebKit/537.36 (KHTML, like Gecko) Chrome/92.0.4515.119 Mobile Safari/537.36 (compatible; Googlebot/2.1; +http://www.google.com/bot.html)"
114.119.137.238 - - [12/Sep/2021:01:22:41 +0000] "GET /enquiry.php?pname=SEED%20GERMINATOR%20SINGLE%20CHAMBER%20(HEATING)/STI-190 HTTP/1.1" 301 306 "-" "Mozilla/5.0 (Linux; Android 7.0;) AppleWebKit/537.36 (KHTML, like Gecko) Mobile Safari/537.36 (compatible; PetalBot;+https://webmaster.petalsearch.com/site/petalbot)"
114.119.137.238 - - [12/Sep/2021:01:22:41 +0000] "GET /enquiry.php?pname=SEED%20GERMINATOR%20SINGLE%20CHAMBER%20(HEATING)/STI-190 HTTP/1.1" 200 61726 "-" "Mozilla/5.0 (Linux; Android 7.0;) AppleWebKit/537.36 (KHTML, like Gecko) Mobile Safari/537.36 (compatible; PetalBot;+https://webmaster.petalsearch.com/site/petalbot)"
52.12.148.122 - - [12/Sep/2021:01:36:08 +0000] "GET / HTTP/1.1" 301 232 "-" "Mozilla/5.0 (Windows NT 10.0; Win64; x64)AppleWebKit/537.36 (KHTML, like Gecko) Chrome/66.0.3359.181 Safari/537.36"
52.12.148.122 - - [12/Sep/2021:01:36:09 +0000] "GET / HTTP/1.1" 200 63934 "-" "Mozilla/5.0 (Windows NT 10.0; Win64; x64)AppleWebKit/537.36 (KHTML, like Gecko) Chrome/66.0.3359.181 Safari/537.36"
49.7.20.121 - - [12/Sep/2021:01:47:59 +0000] "GET / HTTP/1.1" 301 236 "-" "Sogou web spider/4.0(+http://www.sogou.com/docs/help/webmasters.htm#07)"
114.119.137.43 - - [12/Sep/2021:01:59:10 +0000] "GET /enquiry.php?pname=WRIST%20ACTION%20SHAKER%20/STI-%20355 HTTP/1.1" 200 61707 "-" "Mozilla/5.0 (Linux; Android 7.0;) AppleWebKit/537.36 (KHTML, like Gecko) Mobile Safari/537.36 (compatible; PetalBot;+https://webmaster.petalsearch.com/site/petalbot)"
66.249.75.223 - - [12/Sep/2021:02:04:00 +0000] "GET /STABILITYCHAMBER21CFR(ECOFRIENDLYCFCFREECOOLINGREFRIGERANT).html HTTP/1.1" 200 59014 "-" "Mozilla/5.0 (compatible; Googlebot/2.1; +http://www.google.com/bot.html)"
114.119.137.249 - - [12/Sep/2021:02:10:56 +0000] "GET /enquiry.php?pname=PARRAFIN%20WAX%20DISPENSER/STI-140 HTTP/1.1" 200 61708 "-" "Mozilla/5.0 (Linux; Android 7.0;) AppleWebKit/537.36 (KHTML, like Gecko) Mobile Safari/537.36 (compatible; PetalBot;+https://webmaster.petalsearch.com/site/petalbot)"
49.7.20.121 - - [12/Sep/2021:02:12:39 +0000] "GET / HTTP/1.1" 301 232 "-" "Sogou web spider/4.0(+http://www.sogou.com/docs/help/webmasters.htm#07)"
49.7.20.121 - - [12/Sep/2021:02:16:15 +0000] "GET / HTTP/1.1" 200 63934 "-" "Sogou web spider/4.0(+http://www.sogou.com/docs/help/webmasters.htm#07)"
114.119.133.245 - - [12/Sep/2021:02:22:40 +0000] "GET /enquiry.php?pname=INDUSTRIAL%20DRYING%20OVEN/STI-286 HTTP/1.1" 200 61708 "-" "Mozilla/5.0 (Linux; Android 7.0;) AppleWebKit/537.36 (KHTML, like Gecko) Mobile Safari/537.36 (compatible; PetalBot;+https://webmaster.petalsearch.com/site/petalbot)"
114.119.137.38 - - [12/Sep/2021:02:34:49 +0000] "GET /enquiry.php?pname=DOUBLE%20DOOR%20HP%20STEAM%20STERILIZER%20HORIZONTAL/STI-118D HTTP/1.1" 301 311 "-" "Mozilla/5.0 (Linux; Android 7.0;) AppleWebKit/537.36 (KHTML, like Gecko) Mobile Safari/537.36 (compatible; PetalBot;+https://webmaster.petalsearch.com/site/petalbot)"
114.119.137.38 - - [12/Sep/2021:02:34:49 +0000] "GET /enquiry.php?pname=DOUBLE%20DOOR%20HP%20STEAM%20STERILIZER%20HORIZONTAL/STI-118D HTTP/1.1" 200 61729 "-" "Mozilla/5.0 (Linux; Android 7.0;) AppleWebKit/537.36 (KHTML, like Gecko) Mobile Safari/537.36 (compatible; PetalBot;+https://webmaster.petalsearch.com/site/petalbot)"
114.119.129.2 - - [12/Sep/2021:02:45:58 +0000] "GET /robots.txt HTTP/1.1" 404 208 "-" "Mozilla/5.0 (compatible;PetalBot;+https://webmaster.petalsearch.com/site/petalbot)"
157.55.39.118 - - [12/Sep/2021:02:57:15 +0000] "GET /SIEVESHAKER(TABLETOP).html HTTP/1.1" 200 50077 "-" "Mozilla/5.0 (compatible; bingbot/2.0; +http://www.bing.com/bingbot.htm)"
114.119.137.249 - - [12/Sep/2021:02:57:44 +0000] "GET /AUTOCLAVEVERTICALSTANDARDMODEL.html HTTP/1.1" 301 267 "-" "Mozilla/5.0 (Linux; Android 7.0;) AppleWebKit/537.36 (KHTML, like Gecko) Mobile Safari/537.36 (compatible; PetalBot;+https://webmaster.petalsearch.com/site/petalbot)"
114.119.137.249 - - [12/Sep/2021:02:57:45 +0000] "GET /AUTOCLAVEVERTICALSTANDARDMODEL.html HTTP/1.1" 200 64504 "-" "Mozilla/5.0 (Linux; Android 7.0;) AppleWebKit/537.36 (KHTML, like Gecko) Mobile Safari/537.36 (compatible; PetalBot;+https://webmaster.petalsearch.com/site/petalbot)"
114.119.137.249 - - [12/Sep/2021:03:09:11 +0000] "GET /BLOODBANKREFRIGERATOR.html HTTP/1.1" 301 258 "-" "Mozilla/5.0 (Linux; Android 7.0;) AppleWebKit/537.36 (KHTML, like Gecko) Mobile Safari/537.36 (compatible; PetalBot;+https://webmaster.petalsearch.com/site/petalbot)"
114.119.137.249 - - [12/Sep/2021:03:09:11 +0000] "GET /BLOODBANKREFRIGERATOR.html HTTP/1.1" 200 60076 "-" "Mozilla/5.0 (Linux; Android 7.0;) AppleWebKit/537.36 (KHTML, like Gecko) Mobile Safari/537.36 (compatible; PetalBot;+https://webmaster.petalsearch.com/site/petalbot)"
114.119.137.238 - - [12/Sep/2021:03:22:42 +0000] "GET /enquiry.php?pname=VACUUM%20PUMP%20OIL%20FREE%20DIAPHRAGM%20TYPE/STI-%20411 HTTP/1.1" 301 306 "-" "Mozilla/5.0 (Linux; Android 7.0;) AppleWebKit/537.36 (KHTML, like Gecko) Mobile Safari/537.36 (compatible; PetalBot;+https://webmaster.petalsearch.com/site/petalbot)"
114.119.137.238 - - [12/Sep/2021:03:22:42 +0000] "GET /enquiry.php?pname=VACUUM%20PUMP%20OIL%20FREE%20DIAPHRAGM%20TYPE/STI-%20411 HTTP/1.1" 200 61722 "-" "Mozilla/5.0 (Linux; Android 7.0;) AppleWebKit/537.36 (KHTML, like Gecko) Mobile Safari/537.36 (compatible; PetalBot;+https://webmaster.petalsearch.com/site/petalbot)"
54.36.149.95 - - [12/Sep/2021:03:37:17 +0000] "GET /ROTARYFLASKSHAKER.html HTTP/1.1" 200 57408 "-" "Mozilla/5.0 (compatible; AhrefsBot/7.0; +http://ahrefs.com/robot/)"
114.119.133.245 - - [12/Sep/2021:03:37:24 +0000] "GET /enquiry.php?pname=ROTARY%20FLASK%20SHAKER/STI-351 HTTP/1.1" 200 61705 "-" "Mozilla/5.0 (Linux; Android 7.0;) AppleWebKit/537.36 (KHTML, like Gecko) Mobile Safari/537.36 (compatible; PetalBot;+https://webmaster.petalsearch.com/site/petalbot)"
141.94.149.97 - - [12/Sep/2021:03:45:02 +0000] "GET /.env HTTP/1.1" 301 236 "-" "Mozilla/5.0 (Macintosh; Intel Mac OS X 10.15; rv:77.0) Gecko/20100101 Firefox/77.0"
141.94.149.97 - - [12/Sep/2021:03:45:03 +0000] "GET /.env HTTP/1.1" 404 202 "-" "Mozilla/5.0 (Macintosh; Intel Mac OS X 10.15; rv:77.0) Gecko/20100101 Firefox/77.0"
114.119.137.3 - - [12/Sep/2021:03:52:03 +0000] "GET /products-catalogue.php HTTP/1.1" 200 80159 "-" "Mozilla/5.0 (Linux; Android 7.0;) AppleWebKit/537.36 (KHTML, like Gecko) Mobile Safari/537.36 (compatible; PetalBot;+https://webmaster.petalsearch.com/site/petalbot)"
114.119.156.115 - - [12/Sep/2021:04:13:18 +0000] "GET / HTTP/1.1" 301 232 "-" "Mozilla/5.0 (compatible;PetalBot;+https://webmaster.petalsearch.com/site/petalbot)"
114.119.156.115 - - [12/Sep/2021:04:13:18 +0000] "GET / HTTP/1.1" 200 63934 "-" "Mozilla/5.0 (compatible;PetalBot;+https://webmaster.petalsearch.com/site/petalbot)"
114.119.156.115 - - [12/Sep/2021:04:13:18 +0000] "GET /slideshow/css/chopslider.css HTTP/1.1" 200 3425 "https://scienocraft.com/" "Mozilla/5.0 (compatible;PetalBot;+https://webmaster.petalsearch.com/site/petalbot)"
114.119.156.115 - - [12/Sep/2021:04:13:18 +0000] "GET /style.css HTTP/1.1" 200 10311 "https://scienocraft.com/" "Mozilla/5.0 (compatible;PetalBot;+https://webmaster.petalsearch.com/site/petalbot)"
114.119.156.115 - - [12/Sep/2021:04:13:18 +0000] "GET /menu/css/dcmegamenu.css HTTP/1.1" 200 2350 "https://scienocraft.com/" "Mozilla/5.0 (compatible;PetalBot;+https://webmaster.petalsearch.com/site/petalbot)"
114.119.156.115 - - [12/Sep/2021:04:13:18 +0000] "GET /menu/css/skins/white.css HTTP/1.1" 200 3337 "https://scienocraft.com/" "Mozilla/5.0 (compatible;PetalBot;+https://webmaster.petalsearch.com/site/petalbot)"
114.119.156.115 - - [12/Sep/2021:04:13:18 +0000] "GET /home-right-menu/demo/demo.css HTTP/1.1" 200 940 "https://scienocraft.com/" "Mozilla/5.0 (compatible;PetalBot;+https://webmaster.petalsearch.com/site/petalbot)"
114.119.156.115 - - [12/Sep/2021:04:13:18 +0000] "GET /menu/css/skins/red.css HTTP/1.1" 200 3318 "https://scienocraft.com/" "Mozilla/5.0 (compatible;PetalBot;+https://webmaster.petalsearch.com/site/petalbot)"
114.119.156.115 - - [12/Sep/2021:04:13:18 +0000] "GET /slideshow/js/jquery.id.chopslider-2.2.0.free.min.js HTTP/1.1" 200 43739 "https://scienocraft.com/" "Mozilla/5.0 (compatible;PetalBot;+https://webmaster.petalsearch.com/site/petalbot)"
114.119.156.115 - - [12/Sep/2021:04:13:18 +0000] "GET /slideshow/js/jquery.id.cstransitions-1.2.min.js HTTP/1.1" 200 72462 "https://scienocraft.com/" "Mozilla/5.0 (compatible;PetalBot;+https://webmaster.petalsearch.com/site/petalbot)"
114.119.156.115 - - [12/Sep/2021:04:13:18 +0000] "GET /slideshow/js/main.js HTTP/1.1" 200 962 "https://scienocraft.com/" "Mozilla/5.0 (compatible;PetalBot;+https://webmaster.petalsearch.com/site/petalbot)"
114.119.156.115 - - [12/Sep/2021:04:13:18 +0000] "GET /menu/js/jquery.hoverIntent.minified.js HTTP/1.1" 200 1606 "https://scienocraft.com/" "Mozilla/5.0 (compatible;PetalBot;+https://webmaster.petalsearch.com/site/petalbot)"
114.119.156.115 - - [12/Sep/2021:04:13:18 +0000] "GET /menu/js/jquery.dcmegamenu.1.2.js HTTP/1.1" 200 4832 "https://scienocraft.com/" "Mozilla/5.0 (compatible;PetalBot;+https://webmaster.petalsearch.com/site/petalbot)"
114.119.141.30 - - [12/Sep/2021:04:21:22 +0000] "GET / HTTP/1.1" 301 232 "-" "Mozilla/5.0 (Linux; Android 7.0;) AppleWebKit/537.36 (KHTML, like Gecko) Mobile Safari/537.36 (compatible; PetalBot;+https://webmaster.petalsearch.com/site/petalbot)"
114.119.141.30 - - [12/Sep/2021:04:21:22 +0000] "GET / HTTP/1.1" 200 63934 "-" "Mozilla/5.0 (Linux; Android 7.0;) AppleWebKit/537.36 (KHTML, like Gecko) Mobile Safari/537.36 (compatible; PetalBot;+https://webmaster.petalsearch.com/site/petalbot)"
114.119.141.30 - - [12/Sep/2021:04:21:22 +0000] "GET /slideshow/css/chopslider.css HTTP/1.1" 200 3425 "https://scienocraft.com/" "Mozilla/5.0 (Linux; Android 7.0;) AppleWebKit/537.36 (KHTML, like Gecko) Mobile Safari/537.36 (compatible; PetalBot;+https://webmaster.petalsearch.com/site/petalbot)"
114.119.141.30 - - [12/Sep/2021:04:21:22 +0000] "GET /style.css HTTP/1.1" 200 10311 "https://scienocraft.com/" "Mozilla/5.0 (Linux; Android 7.0;) AppleWebKit/537.36 (KHTML, like Gecko) Mobile Safari/537.36 (compatible; PetalBot;+https://webmaster.petalsearch.com/site/petalbot)"
114.119.141.30 - - [12/Sep/2021:04:21:22 +0000] "GET /home-right-menu/demo/demo.css HTTP/1.1" 200 940 "https://scienocraft.com/" "Mozilla/5.0 (Linux; Android 7.0;) AppleWebKit/537.36 (KHTML, like Gecko) Mobile Safari/537.36 (compatible; PetalBot;+https://webmaster.petalsearch.com/site/petalbot)"
114.119.141.30 - - [12/Sep/2021:04:21:22 +0000] "GET /slideshow/js/jquery.id.chopslider-2.2.0.free.min.js HTTP/1.1" 200 43739 "https://scienocraft.com/" "Mozilla/5.0 (Linux; Android 7.0;) AppleWebKit/537.36 (KHTML, like Gecko) Mobile Safari/537.36 (compatible; PetalBot;+https://webmaster.petalsearch.com/site/petalbot)"
114.119.141.30 - - [12/Sep/2021:04:21:22 +0000] "GET /slideshow/js/jquery.id.cstransitions-1.2.min.js HTTP/1.1" 200 72462 "https://scienocraft.com/" "Mozilla/5.0 (Linux; Android 7.0;) AppleWebKit/537.36 (KHTML, like Gecko) Mobile Safari/537.36 (compatible; PetalBot;+https://webmaster.petalsearch.com/site/petalbot)"
114.119.141.30 - - [12/Sep/2021:04:21:22 +0000] "GET /menu/css/skins/white.css HTTP/1.1" 200 3337 "https://scienocraft.com/" "Mozilla/5.0 (Linux; Android 7.0;) AppleWebKit/537.36 (KHTML, like Gecko) Mobile Safari/537.36 (compatible; PetalBot;+https://webmaster.petalsearch.com/site/petalbot)"
114.119.141.30 - - [12/Sep/2021:04:21:22 +0000] "GET /menu/css/dcmegamenu.css HTTP/1.1" 200 2350 "https://scienocraft.com/" "Mozilla/5.0 (Linux; Android 7.0;) AppleWebKit/537.36 (KHTML, like Gecko) Mobile Safari/537.36 (compatible; PetalBot;+https://webmaster.petalsearch.com/site/petalbot)"
114.119.141.30 - - [12/Sep/2021:04:21:22 +0000] "GET /menu/css/skins/red.css HTTP/1.1" 200 3318 "https://scienocraft.com/" "Mozilla/5.0 (Linux; Android 7.0;) AppleWebKit/537.36 (KHTML, like Gecko) Mobile Safari/537.36 (compatible; PetalBot;+https://webmaster.petalsearch.com/site/petalbot)"
114.119.141.30 - - [12/Sep/2021:04:21:22 +0000] "GET /slideshow/js/main.js HTTP/1.1" 200 962 "https://scienocraft.com/" "Mozilla/5.0 (Linux; Android 7.0;) AppleWebKit/537.36 (KHTML, like Gecko) Mobile Safari/537.36 (compatible; PetalBot;+https://webmaster.petalsearch.com/site/petalbot)"
114.119.141.30 - - [12/Sep/2021:04:21:22 +0000] "GET /menu/js/jquery.dcmegamenu.1.2.js HTTP/1.1" 200 4832 "https://scienocraft.com/" "Mozilla/5.0 (Linux; Android 7.0;) AppleWebKit/537.36 (KHTML, like Gecko) Mobile Safari/537.36 (compatible; PetalBot;+https://webmaster.petalsearch.com/site/petalbot)"
114.119.141.30 - - [12/Sep/2021:04:21:22 +0000] "GET /menu/js/jquery.hoverIntent.minified.js HTTP/1.1" 200 1606 "https://scienocraft.com/" "Mozilla/5.0 (Linux; Android 7.0;) AppleWebKit/537.36 (KHTML, like Gecko) Mobile Safari/537.36 (compatible; PetalBot;+https://webmaster.petalsearch.com/site/petalbot)"
131.220.6.152 - - [12/Sep/2021:04:34:03 +0000] "GET / HTTP/1.1" 200 63934 "-" "Mozilla/5.0 (X11; Linux x86_64) AppleWebKit/537.36 (KHTML, like Gecko) Chrome/79.0.3945.79 Safari/537.36"
114.119.137.249 - - [12/Sep/2021:04:35:49 +0000] "GET /BOTTLEWASHINGMACHINEWITHSOAKINGTANK.html HTTP/1.1" 301 272 "-" "Mozilla/5.0 (Linux; Android 7.0;) AppleWebKit/537.36 (KHTML, like Gecko) Mobile Safari/537.36 (compatible; PetalBot;+https://webmaster.petalsearch.com/site/petalbot)"
114.119.137.249 - - [12/Sep/2021:04:35:50 +0000] "GET /BOTTLEWASHINGMACHINEWITHSOAKINGTANK.html HTTP/1.1" 200 51761 "-" "Mozilla/5.0 (Linux; Android 7.0;) AppleWebKit/537.36 (KHTML, like Gecko) Mobile Safari/537.36 (compatible; PetalBot;+https://webmaster.petalsearch.com/site/petalbot)"
66.249.75.221 - - [12/Sep/2021:04:40:14 +0000] "GET /WATERBATHDOUBLEWALLED.html HTTP/1.1" 200 59786 "-" "Mozilla/5.0 (Linux; Android 6.0.1; Nexus 5X Build/MMB29P) AppleWebKit/537.36 (KHTML, like Gecko) Chrome/92.0.4515.119 Mobile Safari/537.36 (compatible; Googlebot/2.1; +http://www.google.com/bot.html)"
54.36.148.132 - - [12/Sep/2021:04:41:45 +0000] "GET /all-products.php?maincategory=Lab%20Equipments%20(Heating) HTTP/1.1" 200 52596 "-" "Mozilla/5.0 (compatible; AhrefsBot/7.0; +http://ahrefs.com/robot/)"
17.121.114.7 - - [12/Sep/2021:04:44:25 +0000] "GET /HUMDIIFIER(S.S.BODY).html HTTP/1.1" 200 50783 "-" "Mozilla/5.0 (Macintosh; Intel Mac OS X 10_15_5) AppleWebKit/605.1.15 (KHTML, like Gecko) Version/13.1.1 Safari/605.1.15 (Applebot/0.1; +http://www.apple.com/go/applebot)"
114.119.137.249 - - [12/Sep/2021:04:50:00 +0000] "GET /enquiry.php?pname=AUTOCLAVE%20VERTICAL%20GMP%20MODEL/STI-115%20C HTTP/1.1" 200 61716 "-" "Mozilla/5.0 (Linux; Android 7.0;) AppleWebKit/537.36 (KHTML, like Gecko) Mobile Safari/537.36 (compatible; PetalBot;+https://webmaster.petalsearch.com/site/petalbot)"
114.119.137.249 - - [12/Sep/2021:05:04:18 +0000] "GET /WALKINSTABILITYCHAMBER.html HTTP/1.1" 200 56936 "-" "Mozilla/5.0 (Linux; Android 7.0;) AppleWebKit/537.36 (KHTML, like Gecko) Mobile Safari/537.36 (compatible; PetalBot;+https://webmaster.petalsearch.com/site/petalbot)"
178.159.37.182 - - [12/Sep/2021:05:13:21 +0000] "GET /enquiry.php HTTP/1.0" 200 61678 "https://scienocraft.com/enquiry.php" "Mozilla/5.0 (Windows NT 6.3) AppleWebKit/537.36 (KHTML, like Gecko) Chrome/90.0.4430.72 Safari/537.36"
178.159.37.182 - - [12/Sep/2021:05:13:22 +0000] "POST /submit-enquiry.php HTTP/1.0" 200 139 "https://scienocraft.com/enquiry.php" "Mozilla/5.0 (Windows NT 6.3) AppleWebKit/537.36 (KHTML, like Gecko) Chrome/90.0.4430.72 Safari/537.36"
178.159.37.182 - - [12/Sep/2021:05:13:26 +0000] "GET /ThankYou HTTP/1.0" 301 240 "https://www.scienocraft.com/ThankYou" "Mozilla/5.0 (Windows NT 6.3) AppleWebKit/537.36 (KHTML, like Gecko) Chrome/90.0.4430.72 Safari/537.36"
178.159.37.182 - - [12/Sep/2021:05:13:26 +0000] "GET /ThankYou HTTP/1.0" 200 47516 "https://scienocraft.com/ThankYou" "Mozilla/5.0 (Windows NT 6.3) AppleWebKit/537.36 (KHTML, like Gecko) Chrome/90.0.4430.72 Safari/537.36"
114.119.133.245 - - [12/Sep/2021:05:18:40 +0000] "GET /enquiry.php?pname=DEEP%20FREEZER%20%20up%20to%20Minus%2086%20deg%20C/STI-181 HTTP/1.1" 200 61720 "-" "Mozilla/5.0 (Linux; Android 7.0;) AppleWebKit/537.36 (KHTML, like Gecko) Mobile Safari/537.36 (compatible; PetalBot;+https://webmaster.petalsearch.com/site/petalbot)"
114.119.137.31 - - [12/Sep/2021:05:32:35 +0000] "GET /enquiry.php?pname=ORBITAL%20INCUBATOR%20SHAKER%20HEATING%20n%20COOLING/%20STI-180%20B HTTP/1.1" 200 61731 "-" "Mozilla/5.0 (Linux; Android 7.0;) AppleWebKit/537.36 (KHTML, like Gecko) Mobile Safari/537.36 (compatible; PetalBot;+https://webmaster.petalsearch.com/site/petalbot)"
93.158.161.68 - - [12/Sep/2021:05:45:47 +0000] "GET /robots.txt HTTP/1.1" 404 208 "-" "Mozilla/5.0 (compatible; YandexBot/3.0; +http://yandex.com/bots)"
93.158.161.68 - - [12/Sep/2021:05:45:50 +0000] "GET /AUTOCLAVEPORTABLESINGLEnDOUBLEWALLED.html HTTP/1.1" 200 51959 "-" "Mozilla/5.0 (compatible; YandexBot/3.0; +http://yandex.com/bots)"
114.119.137.252 - - [12/Sep/2021:05:46:44 +0000] "GET /enquiry.php?pname=VACUUM%20OVEN%20CYLINDERICAL/STI-421 HTTP/1.1" 301 286 "-" "Mozilla/5.0 (Linux; Android 7.0;) AppleWebKit/537.36 (KHTML, like Gecko) Mobile Safari/537.36 (compatible; PetalBot;+https://webmaster.petalsearch.com/site/petalbot)"
114.119.137.252 - - [12/Sep/2021:05:46:44 +0000] "GET /enquiry.php?pname=VACUUM%20OVEN%20CYLINDERICAL/STI-421 HTTP/1.1" 200 61710 "-" "Mozilla/5.0 (Linux; Android 7.0;) AppleWebKit/537.36 (KHTML, like Gecko) Mobile Safari/537.36 (compatible; PetalBot;+https://webmaster.petalsearch.com/site/petalbot)"
54.36.149.37 - - [12/Sep/2021:05:59:31 +0000] "GET /VACUUMDRYINGCHAMBER(RECTANGULAR).html HTTP/1.1" 200 57683 "-" "Mozilla/5.0 (compatible; AhrefsBot/7.0; +http://ahrefs.com/robot/)"
114.119.133.245 - - [12/Sep/2021:06:00:55 +0000] "GET /LAMINARFLOWBENCHHORIZONTAL.html HTTP/1.1" 301 263 "-" "Mozilla/5.0 (Linux; Android 7.0;) AppleWebKit/537.36 (KHTML, like Gecko) Mobile Safari/537.36 (compatible; PetalBot;+https://webmaster.petalsearch.com/site/petalbot)"
114.119.133.245 - - [12/Sep/2021:06:00:55 +0000] "GET /LAMINARFLOWBENCHHORIZONTAL.html HTTP/1.1" 200 63424 "-" "Mozilla/5.0 (Linux; Android 7.0;) AppleWebKit/537.36 (KHTML, like Gecko) Mobile Safari/537.36 (compatible; PetalBot;+https://webmaster.petalsearch.com/site/petalbot)"
118.184.177.83 - - [12/Sep/2021:06:05:06 +0000] "GET / HTTP/1.1" 301 236 "-" "Sogou web spider/4.0(+http://www.sogou.com/docs/help/webmasters.htm#07)"
118.184.177.83 - - [12/Sep/2021:06:05:08 +0000] "GET / HTTP/1.1" 301 232 "-" "Sogou web spider/4.0(+http://www.sogou.com/docs/help/webmasters.htm#07)"
216.244.66.229 - - [12/Sep/2021:06:05:44 +0000] "GET /robots.txt HTTP/1.1" 301 242 "-" "Mozilla/5.0 (compatible; DotBot/1.2; +https://opensiteexplorer.org/dotbot; help@moz.com)"
216.244.66.229 - - [12/Sep/2021:06:05:45 +0000] "GET /robots.txt HTTP/1.1" 404 208 "-" "Mozilla/5.0 (compatible; DotBot/1.2; +https://opensiteexplorer.org/dotbot; help@moz.com)"
118.184.177.83 - - [12/Sep/2021:06:07:13 +0000] "GET / HTTP/1.1" 200 63934 "-" "Sogou web spider/4.0(+http://www.sogou.com/docs/help/webmasters.htm#07)"
216.244.66.229 - - [12/Sep/2021:06:10:33 +0000] "GET /enquiry.php?pname=DRY%20BATH%20INCUBATOR/%20STI-298 HTTP/1.1" 200 61705 "-" "Mozilla/5.0 (compatible; DotBot/1.2; +https://opensiteexplorer.org/dotbot; help@moz.com)"
114.119.137.3 - - [12/Sep/2021:06:14:57 +0000] "GET /MUFFLEFURNACEMAXTEMP1000degC.html HTTP/1.1" 301 265 "-" "Mozilla/5.0 (Linux; Android 7.0;) AppleWebKit/537.36 (KHTML, like Gecko) Mobile Safari/537.36 (compatible; PetalBot;+https://webmaster.petalsearch.com/site/petalbot)"
114.119.137.3 - - [12/Sep/2021:06:14:57 +0000] "GET /MUFFLEFURNACEMAXTEMP1000degC.html HTTP/1.1" 200 54385 "-" "Mozilla/5.0 (Linux; Android 7.0;) AppleWebKit/537.36 (KHTML, like Gecko) Mobile Safari/537.36 (compatible; PetalBot;+https://webmaster.petalsearch.com/site/petalbot)"
49.7.20.116 - - [12/Sep/2021:06:22:53 +0000] "GET / HTTP/1.1" 301 232 "-" "Sogou web spider/4.0(+http://www.sogou.com/docs/help/webmasters.htm#07)"
114.119.133.245 - - [12/Sep/2021:06:28:47 +0000] "GET /SEEDGERMINATORDUALCHAMBERSTI192.html HTTP/1.1" 301 268 "-" "Mozilla/5.0 (Linux; Android 7.0;) AppleWebKit/537.36 (KHTML, like Gecko) Mobile Safari/537.36 (compatible; PetalBot;+https://webmaster.petalsearch.com/site/petalbot)"
114.119.133.245 - - [12/Sep/2021:06:28:47 +0000] "GET /SEEDGERMINATORDUALCHAMBERSTI192.html HTTP/1.1" 200 59912 "-" "Mozilla/5.0 (Linux; Android 7.0;) AppleWebKit/537.36 (KHTML, like Gecko) Mobile Safari/537.36 (compatible; PetalBot;+https://webmaster.petalsearch.com/site/petalbot)"
182.160.6.224 - - [12/Sep/2021:06:41:05 +0000] "GET /galleryimg/3761c61cd301c18402b7f8a372f6d503.jpg HTTP/1.1" 301 279 "-" "Python/3.7 aiohttp/3.7.4.post0"
182.160.6.224 - - [12/Sep/2021:06:41:06 +0000] "GET /galleryimg/3761c61cd301c18402b7f8a372f6d503.jpg HTTP/1.1" 200 19654 "-" "Python/3.7 aiohttp/3.7.4.post0"
114.119.137.38 - - [12/Sep/2021:06:42:27 +0000] "GET /WATERDISTILLATIONAPPARATUS(DELUXEMODEL).html HTTP/1.1" 200 53920 "-" "Mozilla/5.0 (Linux; Android 7.0;) AppleWebKit/537.36 (KHTML, like Gecko) Mobile Safari/537.36 (compatible; PetalBot;+https://webmaster.petalsearch.com/site/petalbot)"
17.121.112.46 - - [12/Sep/2021:06:45:12 +0000] "GET /galleryimg/87b4c769dbd0693dfca96f3e1c4ab233.png HTTP/1.1" 200 88528 "-" "Mozilla/5.0 (Macintosh; Intel Mac OS X 10_15_5) AppleWebKit/605.1.15 (KHTML, like Gecko) Version/13.1.1 Safari/605.1.15 (Applebot/0.1; +http://www.apple.com/go/applebot)"
45.153.52.188 - - [12/Sep/2021:06:46:36 +0000] "GET /ThankYou/ HTTP/1.0" 301 241 "http://scienocraft.com/ThankYou/" "Mozilla/5.0 (Windows NT 6.3; Win64; x64) AppleWebKit/537.36 (KHTML, like Gecko) Chrome/83.0.4103.44 Safari/537.36"
37.57.45.247 - - [12/Sep/2021:06:46:37 +0000] "GET /ThankYou/ HTTP/1.0" 404 207 "https://scienocraft.com/ThankYou/" "Mozilla/5.0 (Windows NT 6.3; Win64; x64) AppleWebKit/537.36 (KHTML, like Gecko) Chrome/83.0.4103.44 Safari/537.36"
37.57.45.247 - - [12/Sep/2021:06:46:37 +0000] "GET / HTTP/1.0" 200 63934 "https://scienocraft.com/" "Mozilla/5.0 (Windows NT 6.3; Win64; x64) AppleWebKit/537.36 (KHTML, like Gecko) Chrome/83.0.4103.44 Safari/537.36"
49.7.20.121 - - [12/Sep/2021:06:47:42 +0000] "GET / HTTP/1.1" 301 232 "-" "Sogou web spider/4.0(+http://www.sogou.com/docs/help/webmasters.htm#07)"
123.125.109.110 - - [12/Sep/2021:06:48:10 +0000] "GET / HTTP/1.1" 301 232 "-" "Sogou web spider/4.0(+http://www.sogou.com/docs/help/webmasters.htm#07)"
49.7.20.121 - - [12/Sep/2021:06:51:09 +0000] "GET / HTTP/1.1" 200 63934 "-" "Sogou web spider/4.0(+http://www.sogou.com/docs/help/webmasters.htm#07)"
114.119.137.252 - - [12/Sep/2021:06:55:53 +0000] "GET /DOUBLEDOORHPSTEAMSTERILIZERHORIZONTAL.html HTTP/1.1" 301 274 "-" "Mozilla/5.0 (Linux; Android 7.0;) AppleWebKit/537.36 (KHTML, like Gecko) Mobile Safari/537.36 (compatible; PetalBot;+https://webmaster.petalsearch.com/site/petalbot)"
114.119.137.252 - - [12/Sep/2021:06:55:53 +0000] "GET /DOUBLEDOORHPSTEAMSTERILIZERHORIZONTAL.html HTTP/1.1" 200 62164 "-" "Mozilla/5.0 (Linux; Android 7.0;) AppleWebKit/537.36 (KHTML, like Gecko) Mobile Safari/537.36 (compatible; PetalBot;+https://webmaster.petalsearch.com/site/petalbot)"
123.125.109.110 - - [12/Sep/2021:06:56:34 +0000] "GET / HTTP/1.1" 200 63934 "-" "Sogou web spider/4.0(+http://www.sogou.com/docs/help/webmasters.htm#07)"
66.249.75.223 - - [12/Sep/2021:07:04:40 +0000] "GET /robots.txt HTTP/1.1" 404 208 "-" "Mozilla/5.0 (compatible; Googlebot/2.1; +http://www.google.com/bot.html)"
66.249.75.223 - - [12/Sep/2021:07:04:40 +0000] "GET /ContactUs HTTP/1.1" 200 49509 "-" "Mozilla/5.0 (compatible; Googlebot/2.1; +http://www.google.com/bot.html)"
66.249.75.221 - - [12/Sep/2021:07:04:42 +0000] "GET /ContactUs HTTP/1.1" 200 49509 "-" "Mozilla/5.0 (compatible; Googlebot/2.1; +http://www.google.com/bot.html)"
114.119.137.31 - - [12/Sep/2021:07:08:47 +0000] "GET /all-products.php?maincategory=Water(Liquid)%20Bath%20Equipments HTTP/1.1" 200 55830 "-" "Mozilla/5.0 (Linux; Android 7.0;) AppleWebKit/537.36 (KHTML, like Gecko) Mobile Safari/537.36 (compatible; PetalBot;+https://webmaster.petalsearch.com/site/petalbot)"
17.121.114.212 - - [12/Sep/2021:07:11:52 +0000] "GET /galleryimg/283b7779e8fc999b9d22ded021c08bf6.png HTTP/1.1" 200 43517 "-" "Mozilla/5.0 (Macintosh; Intel Mac OS X 10_15_5) AppleWebKit/605.1.15 (KHTML, like Gecko) Version/13.1.1 Safari/605.1.15 (Applebot/0.1; +http://www.apple.com/go/applebot)"
114.119.137.38 - - [12/Sep/2021:07:21:41 +0000] "GET /enquiry.php?pname=WET%20SIEVE%20SHAKER%20(YODER%20TYPE)/STI-374 HTTP/1.1" 301 295 "-" "Mozilla/5.0 (Linux; Android 7.0;) AppleWebKit/537.36 (KHTML, like Gecko) Mobile Safari/537.36 (compatible; PetalBot;+https://webmaster.petalsearch.com/site/petalbot)"
114.119.137.38 - - [12/Sep/2021:07:21:41 +0000] "GET /enquiry.php?pname=WET%20SIEVE%20SHAKER%20(YODER%20TYPE)/STI-374 HTTP/1.1" 200 61715 "-" "Mozilla/5.0 (Linux; Android 7.0;) AppleWebKit/537.36 (KHTML, like Gecko) Mobile Safari/537.36 (compatible; PetalBot;+https://webmaster.petalsearch.com/site/petalbot)"
