3.129.44.235 - - [11/Sep/2021:16:41:34 +0000] "GET /galleryimg/adc55490c21dc809e77b1a88184d126e.png HTTP/1.1" 200 66156 "https://scienocraft.com" "Mozilla/5.0 (Macintosh; Intel Mac OS X 10_15_7) AppleWebKit/537.36 (KHTML, like Gecko) Chrome/91.0.4472.101 Safari/537.36"
95.163.255.130 - - [11/Sep/2021:16:41:35 +0000] "GET /robots.txt HTTP/1.0" 301 242 "-" "Mozilla/5.0 (compatible; Linux x86_64; Mail.RU_Bot/Robots/2.0; +http://go.mail.ru/help/robots)"
95.163.255.111 - - [11/Sep/2021:16:41:37 +0000] "GET / HTTP/1.1" 301 232 "-" "Mozilla/5.0 (compatible; Linux x86_64; Mail.RU_Bot/Robots/2.0; +http://go.mail.ru/help/robots)"
95.163.255.130 - - [11/Sep/2021:16:41:47 +0000] "GET /robots.txt HTTP/1.0" 404 208 "-" "Mozilla/5.0 (compatible; Linux x86_64; Mail.RU_Bot/Robots/2.0; +http://go.mail.ru/help/robots)"
95.163.255.198 - - [11/Sep/2021:16:41:49 +0000] "GET / HTTP/1.1" 200 63934 "https://www.scienocraft.com/" "Mozilla/5.0 (compatible; Linux x86_64; Mail.RU_Bot/Robots/2.0; +http://go.mail.ru/help/robots)"
18.220.180.35 - - [11/Sep/2021:16:45:04 +0000] "GET /galleryimg/ef098a72c3eb4c94e48ef5fd31c7a1ae.png HTTP/1.1" 200 72305 "https://scienocraft.com" "Mozilla/5.0 (Macintosh; Intel Mac OS X 10_15_7) AppleWebKit/537.36 (KHTML, like Gecko) Chrome/91.0.4472.101 Safari/537.36"
18.220.180.35 - - [11/Sep/2021:16:45:04 +0000] "GET /galleryimg/6202cc6bd886e67856da5814f22d0b70.png HTTP/1.1" 200 556184 "https://scienocraft.com" "Mozilla/5.0 (Macintosh; Intel Mac OS X 10_15_7) AppleWebKit/537.36 (KHTML, like Gecko) Chrome/91.0.4472.101 Safari/537.36"
18.222.206.242 - - [11/Sep/2021:16:46:26 +0000] "GET /images/pdetails.jpg HTTP/1.1" 200 38275 "https://scienocraft.com" "Mozilla/5.0 (Macintosh; Intel Mac OS X 10_15_7) AppleWebKit/537.36 (KHTML, like Gecko) Chrome/91.0.4472.101 Safari/537.36"
84.244.20.250 - - [11/Sep/2021:16:52:41 +0000] "GET /ThankYou/ HTTP/1.0" 301 241 "http://scienocraft.com/ThankYou/" "Mozilla/5.0 (Windows NT 10.0) AppleWebKit/537.36 (KHTML, like Gecko) Chrome/90.0.4430.93 Safari/537.36"
84.244.20.250 - - [11/Sep/2021:16:52:42 +0000] "GET /ThankYou/ HTTP/1.0" 404 207 "https://scienocraft.com/ThankYou/" "Mozilla/5.0 (Windows NT 10.0) AppleWebKit/537.36 (KHTML, like Gecko) Chrome/90.0.4430.93 Safari/537.36"
84.244.20.250 - - [11/Sep/2021:16:52:43 +0000] "GET / HTTP/1.0" 200 63934 "https://scienocraft.com/" "Mozilla/5.0 (Windows NT 10.0) AppleWebKit/537.36 (KHTML, like Gecko) Chrome/90.0.4430.93 Safari/537.36"
84.244.20.250 - - [11/Sep/2021:16:52:56 +0000] "GET /ContactUs HTTP/1.0" 301 241 "https://www.scienocraft.com/ContactUs" "Mozilla/5.0 (Windows NT 10.0) AppleWebKit/537.36 (KHTML, like Gecko) Chrome/90.0.4430.93 Safari/537.36"
84.244.20.250 - - [11/Sep/2021:16:52:57 +0000] "GET /ContactUs HTTP/1.0" 200 49509 "https://scienocraft.com/ContactUs" "Mozilla/5.0 (Windows NT 10.0) AppleWebKit/537.36 (KHTML, like Gecko) Chrome/90.0.4430.93 Safari/537.36"
66.249.75.223 - - [11/Sep/2021:17:25:02 +0000] "GET /GLASSBEADSTERILIZER(Squareshaped).html HTTP/1.1" 200 51473 "-" "Mozilla/5.0 (Linux; Android 6.0.1; Nexus 5X Build/MMB29P) AppleWebKit/537.36 (KHTML, like Gecko) Chrome/92.0.4515.119 Mobile Safari/537.36 (compatible; Googlebot/2.1; +http://www.google.com/bot.html)"
66.249.75.223 - - [11/Sep/2021:17:27:17 +0000] "GET /BODINCUBATOR.html HTTP/1.1" 200 60422 "-" "Mozilla/5.0 (Linux; Android 6.0.1; Nexus 5X Build/MMB29P) AppleWebKit/537.36 (KHTML, like Gecko) Chrome/92.0.4515.119 Mobile Safari/537.36 (compatible; Googlebot/2.1; +http://www.google.com/bot.html)"
47.106.201.134 - - [11/Sep/2021:18:08:50 +0000] "GET /wp-login.php HTTP/1.1" 301 244 "-" "Mozilla/5.0 (X11; Ubuntu; Linux x86_64; rv:62.0) Gecko/20100101 Firefox/62.0"
47.106.201.134 - - [11/Sep/2021:18:08:52 +0000] "GET /wp-login.php HTTP/1.1" 404 210 "http://scienocraft.com/wp-login.php" "Mozilla/5.0 (X11; Ubuntu; Linux x86_64; rv:62.0) Gecko/20100101 Firefox/62.0"
114.119.140.21 - - [11/Sep/2021:18:19:48 +0000] "GET / HTTP/1.1" 301 236 "-" "Mozilla/5.0 (compatible;PetalBot;+https://webmaster.petalsearch.com/site/petalbot)"
114.119.140.21 - - [11/Sep/2021:18:19:48 +0000] "GET / HTTP/1.1" 301 232 "-" "Mozilla/5.0 (compatible;PetalBot;+https://webmaster.petalsearch.com/site/petalbot)"
114.119.140.21 - - [11/Sep/2021:18:19:48 +0000] "GET / HTTP/1.1" 200 63934 "-" "Mozilla/5.0 (compatible;PetalBot;+https://webmaster.petalsearch.com/site/petalbot)"
114.119.140.21 - - [11/Sep/2021:18:19:48 +0000] "GET /slideshow/css/chopslider.css HTTP/1.1" 200 3425 "https://scienocraft.com/" "Mozilla/5.0 (compatible;PetalBot;+https://webmaster.petalsearch.com/site/petalbot)"
114.119.140.21 - - [11/Sep/2021:18:19:49 +0000] "GET /style.css HTTP/1.1" 200 10311 "https://scienocraft.com/" "Mozilla/5.0 (compatible;PetalBot;+https://webmaster.petalsearch.com/site/petalbot)"
114.119.140.21 - - [11/Sep/2021:18:19:49 +0000] "GET /home-right-menu/demo/demo.css HTTP/1.1" 200 940 "https://scienocraft.com/" "Mozilla/5.0 (compatible;PetalBot;+https://webmaster.petalsearch.com/site/petalbot)"
114.119.140.21 - - [11/Sep/2021:18:19:49 +0000] "GET /menu/css/dcmegamenu.css HTTP/1.1" 200 2350 "https://scienocraft.com/" "Mozilla/5.0 (compatible;PetalBot;+https://webmaster.petalsearch.com/site/petalbot)"
114.119.140.21 - - [11/Sep/2021:18:19:49 +0000] "GET /menu/css/skins/white.css HTTP/1.1" 200 3337 "https://scienocraft.com/" "Mozilla/5.0 (compatible;PetalBot;+https://webmaster.petalsearch.com/site/petalbot)"
114.119.140.21 - - [11/Sep/2021:18:19:49 +0000] "GET /menu/css/skins/red.css HTTP/1.1" 200 3318 "https://scienocraft.com/" "Mozilla/5.0 (compatible;PetalBot;+https://webmaster.petalsearch.com/site/petalbot)"
114.119.140.21 - - [11/Sep/2021:18:19:49 +0000] "GET /slideshow/js/jquery.id.chopslider-2.2.0.free.min.js HTTP/1.1" 200 43739 "https://scienocraft.com/" "Mozilla/5.0 (compatible;PetalBot;+https://webmaster.petalsearch.com/site/petalbot)"
114.119.140.21 - - [11/Sep/2021:18:19:49 +0000] "GET /slideshow/js/jquery.id.cstransitions-1.2.min.js HTTP/1.1" 200 72462 "https://scienocraft.com/" "Mozilla/5.0 (compatible;PetalBot;+https://webmaster.petalsearch.com/site/petalbot)"
114.119.140.21 - - [11/Sep/2021:18:19:49 +0000] "GET /slideshow/js/main.js HTTP/1.1" 200 962 "https://scienocraft.com/" "Mozilla/5.0 (compatible;PetalBot;+https://webmaster.petalsearch.com/site/petalbot)"
114.119.140.21 - - [11/Sep/2021:18:19:49 +0000] "GET /menu/js/jquery.dcmegamenu.1.2.js HTTP/1.1" 200 4832 "https://scienocraft.com/" "Mozilla/5.0 (compatible;PetalBot;+https://webmaster.petalsearch.com/site/petalbot)"
114.119.140.21 - - [11/Sep/2021:18:19:49 +0000] "GET /menu/js/jquery.hoverIntent.minified.js HTTP/1.1" 200 1606 "https://scienocraft.com/" "Mozilla/5.0 (compatible;PetalBot;+https://webmaster.petalsearch.com/site/petalbot)"
49.7.21.87 - - [11/Sep/2021:18:22:34 +0000] "GET / HTTP/1.1" 200 63934 "-" "Sogou web spider/4.0(+http://www.sogou.com/docs/help/webmasters.htm#07)"
66.249.75.223 - - [11/Sep/2021:18:25:05 +0000] "GET /robots.txt HTTP/1.1" 404 208 "-" "Mozilla/5.0 (compatible; Googlebot/2.1; +http://www.google.com/bot.html)"
66.249.75.223 - - [11/Sep/2021:18:25:06 +0000] "GET /FUMEHOOD.html HTTP/1.1" 200 59371 "-" "Mozilla/5.0 (Linux; Android 6.0.1; Nexus 5X Build/MMB29P) AppleWebKit/537.36 (KHTML, like Gecko) Chrome/92.0.4515.119 Mobile Safari/537.36 (compatible; Googlebot/2.1; +http://www.google.com/bot.html)"
66.249.75.221 - - [11/Sep/2021:18:25:16 +0000] "GET /WATERBATHDOUBLEWALLED.html HTTP/1.1" 200 59786 "-" "Mozilla/5.0 (compatible; Googlebot/2.1; +http://www.google.com/bot.html)"
66.249.75.223 - - [11/Sep/2021:18:25:17 +0000] "GET /menucss/menu.css HTTP/1.1" 404 214 "https://scienocraft.com/FUMEHOOD.html" "Mozilla/5.0 (Linux; Android 6.0.1; Nexus 5X Build/MMB29P) AppleWebKit/537.36 (KHTML, like Gecko) Chrome/92.0.4515.119 Mobile Safari/537.36 (compatible; Googlebot/2.1; +http://www.google.com/bot.html)"
66.249.75.221 - - [11/Sep/2021:18:25:25 +0000] "GET /menucss/menu.css HTTP/1.1" 404 214 "https://scienocraft.com/FUMEHOOD.html" "Mozilla/5.0 (Linux; Android 6.0.1; Nexus 5X Build/MMB29P) AppleWebKit/537.36 (KHTML, like Gecko) Chrome/92.0.4515.119 Mobile Safari/537.36 (compatible; Googlebot/2.1; +http://www.google.com/bot.html)"
66.249.75.192 - - [11/Sep/2021:18:34:56 +0000] "GET /ORBITALINCUBATORSHAKERHEATINGnCOOLING.html HTTP/1.1" 200 59751 "-" "Mozilla/5.0 (Linux; Android 6.0.1; Nexus 5X Build/MMB29P) AppleWebKit/537.36 (KHTML, like Gecko) Chrome/92.0.4515.119 Mobile Safari/537.36 (compatible; Googlebot/2.1; +http://www.google.com/bot.html)"
49.7.21.87 - - [11/Sep/2021:18:43:49 +0000] "GET / HTTP/1.1" 200 63934 "-" "Sogou web spider/4.0(+http://www.sogou.com/docs/help/webmasters.htm#07)"
114.119.137.249 - - [11/Sep/2021:18:56:15 +0000] "GET / HTTP/1.1" 301 232 "-" "Mozilla/5.0 (Linux; Android 7.0;) AppleWebKit/537.36 (KHTML, like Gecko) Mobile Safari/537.36 (compatible; PetalBot;+https://webmaster.petalsearch.com/site/petalbot)"
114.119.137.249 - - [11/Sep/2021:18:56:15 +0000] "GET / HTTP/1.1" 200 63934 "-" "Mozilla/5.0 (Linux; Android 7.0;) AppleWebKit/537.36 (KHTML, like Gecko) Mobile Safari/537.36 (compatible; PetalBot;+https://webmaster.petalsearch.com/site/petalbot)"
66.249.75.221 - - [11/Sep/2021:18:58:00 +0000] "GET /ROCKERSHAKERGELPLATFORMSHAKER.html HTTP/1.1" 200 50116 "-" "Mozilla/5.0 (compatible; Googlebot/2.1; +http://www.google.com/bot.html)"
114.119.137.249 - - [11/Sep/2021:19:05:46 +0000] "GET / HTTP/1.1" 301 236 "-" "Mozilla/5.0 (Linux; Android 7.0;) AppleWebKit/537.36 (KHTML, like Gecko) Mobile Safari/537.36 (compatible; PetalBot;+https://webmaster.petalsearch.com/site/petalbot)"
114.119.137.249 - - [11/Sep/2021:19:05:47 +0000] "GET / HTTP/1.1" 301 232 "-" "Mozilla/5.0 (Linux; Android 7.0;) AppleWebKit/537.36 (KHTML, like Gecko) Mobile Safari/537.36 (compatible; PetalBot;+https://webmaster.petalsearch.com/site/petalbot)"
114.119.137.249 - - [11/Sep/2021:19:05:47 +0000] "GET / HTTP/1.1" 200 63934 "-" "Mozilla/5.0 (Linux; Android 7.0;) AppleWebKit/537.36 (KHTML, like Gecko) Mobile Safari/537.36 (compatible; PetalBot;+https://webmaster.petalsearch.com/site/petalbot)"
216.131.114.205 - - [11/Sep/2021:19:08:50 +0000] "GET /enquiry.php HTTP/1.0" 200 61678 "https://scienocraft.com/enquiry.php" "Mozilla/5.0 (Windows NT 10.0; Win64; x64) AppleWebKit/537.36 (KHTML, like Gecko) Chrome/90.0.4430.93 Safari/537.36"
216.131.114.204 - - [11/Sep/2021:19:08:51 +0000] "POST /submit-enquiry.php HTTP/1.0" 200 139 "https://scienocraft.com/enquiry.php" "Mozilla/5.0 (Windows NT 10.0; Win64; x64) AppleWebKit/537.36 (KHTML, like Gecko) Chrome/90.0.4430.93 Safari/537.36"
216.131.114.204 - - [11/Sep/2021:19:08:54 +0000] "GET /ThankYou HTTP/1.0" 301 240 "https://www.scienocraft.com/ThankYou" "Mozilla/5.0 (Windows NT 10.0; Win64; x64) AppleWebKit/537.36 (KHTML, like Gecko) Chrome/90.0.4430.93 Safari/537.36"
216.131.114.204 - - [11/Sep/2021:19:08:55 +0000] "GET /ThankYou HTTP/1.0" 200 47516 "https://scienocraft.com/ThankYou" "Mozilla/5.0 (Windows NT 10.0; Win64; x64) AppleWebKit/537.36 (KHTML, like Gecko) Chrome/90.0.4430.93 Safari/537.36"
66.249.75.221 - - [11/Sep/2021:19:14:35 +0000] "GET /FUMEHOOD.html HTTP/1.1" 200 59371 "-" "Mozilla/5.0 (compatible; Googlebot/2.1; +http://www.google.com/bot.html)"
66.249.75.223 - - [11/Sep/2021:19:23:43 +0000] "GET /INSPISATORBATH.html HTTP/1.1" 200 51499 "-" "Mozilla/5.0 (Linux; Android 6.0.1; Nexus 5X Build/MMB29P) AppleWebKit/537.36 (KHTML, like Gecko) Chrome/92.0.4515.119 Mobile Safari/537.36 (compatible; Googlebot/2.1; +http://www.google.com/bot.html)"
66.249.75.221 - - [11/Sep/2021:19:23:46 +0000] "GET /MASHINGBATH.html HTTP/1.1" 200 51710 "-" "Mozilla/5.0 (compatible; Googlebot/2.1; +http://www.google.com/bot.html)"
66.249.75.221 - - [11/Sep/2021:19:27:05 +0000] "GET /index.php HTTP/1.1" 200 63934 "-" "Mozilla/5.0 (Linux; Android 6.0.1; Nexus 5X Build/MMB29P) AppleWebKit/537.36 (KHTML, like Gecko) Chrome/92.0.4515.119 Mobile Safari/537.36 (compatible; Googlebot/2.1; +http://www.google.com/bot.html)"
83.97.23.20 - - [11/Sep/2021:19:29:34 +0000] "GET /.env HTTP/1.1" 404 202 "-" "Mozilla/5.0 (X11; Linux x86_64) AppleWebKit/537.36 (KHTML, like Gecko) Chrome/81.0.4044.129 Safari/537.36"
83.97.23.20 - - [11/Sep/2021:19:29:52 +0000] "POST / HTTP/1.1" 200 63934 "-" "Mozilla/5.0 (X11; Linux x86_64) AppleWebKit/537.36 (KHTML, like Gecko) Chrome/81.0.4044.129 Safari/537.36"
66.249.75.223 - - [11/Sep/2021:19:31:51 +0000] "GET /BIOSAFETYCABINETCLASSIIA.html HTTP/1.1" 200 64274 "-" "Mozilla/5.0 (Linux; Android 6.0.1; Nexus 5X Build/MMB29P) AppleWebKit/537.36 (KHTML, like Gecko) Chrome/92.0.4515.119 Mobile Safari/537.36 (compatible; Googlebot/2.1; +http://www.google.com/bot.html)"
66.249.75.221 - - [11/Sep/2021:19:38:26 +0000] "GET /EGGINCUBATOROrPOULTRYINCUBATOR.html HTTP/1.1" 200 56526 "-" "Mozilla/5.0 (Linux; Android 6.0.1; Nexus 5X Build/MMB29P) AppleWebKit/537.36 (KHTML, like Gecko) Chrome/92.0.4515.119 Mobile Safari/537.36 (compatible; Googlebot/2.1; +http://www.google.com/bot.html)"
114.119.129.74 - - [11/Sep/2021:19:38:49 +0000] "GET / HTTP/1.1" 301 236 "-" "Mozilla/5.0 (Linux; Android 7.0;) AppleWebKit/537.36 (KHTML, like Gecko) Mobile Safari/537.36 (compatible; PetalBot;+https://webmaster.petalsearch.com/site/petalbot)"
114.119.129.74 - - [11/Sep/2021:19:38:49 +0000] "GET / HTTP/1.1" 301 232 "-" "Mozilla/5.0 (Linux; Android 7.0;) AppleWebKit/537.36 (KHTML, like Gecko) Mobile Safari/537.36 (compatible; PetalBot;+https://webmaster.petalsearch.com/site/petalbot)"
114.119.129.74 - - [11/Sep/2021:19:38:49 +0000] "GET / HTTP/1.1" 200 63934 "-" "Mozilla/5.0 (Linux; Android 7.0;) AppleWebKit/537.36 (KHTML, like Gecko) Mobile Safari/537.36 (compatible; PetalBot;+https://webmaster.petalsearch.com/site/petalbot)"
114.119.129.74 - - [11/Sep/2021:19:38:49 +0000] "GET /slideshow/css/chopslider.css HTTP/1.1" 200 3425 "https://scienocraft.com/" "Mozilla/5.0 (Linux; Android 7.0;) AppleWebKit/537.36 (KHTML, like Gecko) Mobile Safari/537.36 (compatible; PetalBot;+https://webmaster.petalsearch.com/site/petalbot)"
114.119.129.74 - - [11/Sep/2021:19:38:49 +0000] "GET /style.css HTTP/1.1" 200 10311 "https://scienocraft.com/" "Mozilla/5.0 (Linux; Android 7.0;) AppleWebKit/537.36 (KHTML, like Gecko) Mobile Safari/537.36 (compatible; PetalBot;+https://webmaster.petalsearch.com/site/petalbot)"
114.119.129.74 - - [11/Sep/2021:19:38:49 +0000] "GET /home-right-menu/demo/demo.css HTTP/1.1" 200 940 "https://scienocraft.com/" "Mozilla/5.0 (Linux; Android 7.0;) AppleWebKit/537.36 (KHTML, like Gecko) Mobile Safari/537.36 (compatible; PetalBot;+https://webmaster.petalsearch.com/site/petalbot)"
114.119.129.74 - - [11/Sep/2021:19:38:49 +0000] "GET /menu/css/dcmegamenu.css HTTP/1.1" 200 2350 "https://scienocraft.com/" "Mozilla/5.0 (Linux; Android 7.0;) AppleWebKit/537.36 (KHTML, like Gecko) Mobile Safari/537.36 (compatible; PetalBot;+https://webmaster.petalsearch.com/site/petalbot)"
114.119.129.74 - - [11/Sep/2021:19:38:49 +0000] "GET /menu/css/skins/white.css HTTP/1.1" 200 3337 "https://scienocraft.com/" "Mozilla/5.0 (Linux; Android 7.0;) AppleWebKit/537.36 (KHTML, like Gecko) Mobile Safari/537.36 (compatible; PetalBot;+https://webmaster.petalsearch.com/site/petalbot)"
114.119.129.74 - - [11/Sep/2021:19:38:49 +0000] "GET /slideshow/js/jquery.id.chopslider-2.2.0.free.min.js HTTP/1.1" 200 43739 "https://scienocraft.com/" "Mozilla/5.0 (Linux; Android 7.0;) AppleWebKit/537.36 (KHTML, like Gecko) Mobile Safari/537.36 (compatible; PetalBot;+https://webmaster.petalsearch.com/site/petalbot)"
114.119.129.74 - - [11/Sep/2021:19:38:49 +0000] "GET /menu/css/skins/red.css HTTP/1.1" 200 3318 "https://scienocraft.com/" "Mozilla/5.0 (Linux; Android 7.0;) AppleWebKit/537.36 (KHTML, like Gecko) Mobile Safari/537.36 (compatible; PetalBot;+https://webmaster.petalsearch.com/site/petalbot)"
114.119.129.74 - - [11/Sep/2021:19:38:49 +0000] "GET /slideshow/js/jquery.id.cstransitions-1.2.min.js HTTP/1.1" 200 72462 "https://scienocraft.com/" "Mozilla/5.0 (Linux; Android 7.0;) AppleWebKit/537.36 (KHTML, like Gecko) Mobile Safari/537.36 (compatible; PetalBot;+https://webmaster.petalsearch.com/site/petalbot)"
114.119.129.74 - - [11/Sep/2021:19:38:49 +0000] "GET /menu/js/jquery.hoverIntent.minified.js HTTP/1.1" 200 1606 "https://scienocraft.com/" "Mozilla/5.0 (Linux; Android 7.0;) AppleWebKit/537.36 (KHTML, like Gecko) Mobile Safari/537.36 (compatible; PetalBot;+https://webmaster.petalsearch.com/site/petalbot)"
114.119.129.74 - - [11/Sep/2021:19:38:49 +0000] "GET /slideshow/js/main.js HTTP/1.1" 200 962 "https://scienocraft.com/" "Mozilla/5.0 (Linux; Android 7.0;) AppleWebKit/537.36 (KHTML, like Gecko) Mobile Safari/537.36 (compatible; PetalBot;+https://webmaster.petalsearch.com/site/petalbot)"
114.119.129.74 - - [11/Sep/2021:19:38:49 +0000] "GET /menu/js/jquery.dcmegamenu.1.2.js HTTP/1.1" 200 4832 "https://scienocraft.com/" "Mozilla/5.0 (Linux; Android 7.0;) AppleWebKit/537.36 (KHTML, like Gecko) Mobile Safari/537.36 (compatible; PetalBot;+https://webmaster.petalsearch.com/site/petalbot)"
66.249.75.221 - - [11/Sep/2021:19:54:57 +0000] "GET /certification.php HTTP/1.1" 200 47752 "-" "Mozilla/5.0 (Linux; Android 6.0.1; Nexus 5X Build/MMB29P) AppleWebKit/537.36 (KHTML, like Gecko) Chrome/92.0.4515.119 Mobile Safari/537.36 (compatible; Googlebot/2.1; +http://www.google.com/bot.html)"
66.249.75.223 - - [11/Sep/2021:19:55:56 +0000] "GET /INSPISATORBATH.html HTTP/1.1" 200 51499 "-" "Mozilla/5.0 (compatible; Googlebot/2.1; +http://www.google.com/bot.html)"
114.119.137.249 - - [11/Sep/2021:20:02:28 +0000] "GET /enquiry.php?pname=VACUUM%20OVEN%20RECTANGULAR/STI-423 HTTP/1.1" 200 61709 "-" "Mozilla/5.0 (Linux; Android 7.0;) AppleWebKit/537.36 (KHTML, like Gecko) Mobile Safari/537.36 (compatible; PetalBot;+https://webmaster.petalsearch.com/site/petalbot)"
66.249.75.192 - - [11/Sep/2021:20:05:29 +0000] "GET /AUTOCLAVEPORTABLESINGLEnDOUBLEWALLED.html HTTP/1.1" 200 51959 "-" "Mozilla/5.0 (compatible; Googlebot/2.1; +http://www.google.com/bot.html)"
3.137.192.230 - - [11/Sep/2021:20:06:34 +0000] "GET /galleryimg/081b3b0cbd056160718c22cdd439a134.png HTTP/1.1" 200 69183 "https://scienocraft.com" "Mozilla/5.0 (Macintosh; Intel Mac OS X 10_15_7) AppleWebKit/537.36 (KHTML, like Gecko) Chrome/91.0.4472.101 Safari/537.36"
18.188.66.108 - - [11/Sep/2021:20:06:34 +0000] "GET /images/pdetails.jpg HTTP/1.1" 200 38275 "https://scienocraft.com" "Mozilla/5.0 (Macintosh; Intel Mac OS X 10_15_7) AppleWebKit/537.36 (KHTML, like Gecko) Chrome/91.0.4472.101 Safari/537.36"
49.7.21.87 - - [11/Sep/2021:20:07:53 +0000] "GET / HTTP/1.1" 200 63934 "-" "Sogou web spider/4.0(+http://www.sogou.com/docs/help/webmasters.htm#07)"
114.119.137.252 - - [11/Sep/2021:20:11:12 +0000] "GET /enquiry.php?pname=QUARTZ%20DISTILLATION%20STI-258/STI-%20258%20/259 HTTP/1.1" 301 299 "-" "Mozilla/5.0 (Linux; Android 7.0;) AppleWebKit/537.36 (KHTML, like Gecko) Mobile Safari/537.36 (compatible; PetalBot;+https://webmaster.petalsearch.com/site/petalbot)"
114.119.137.252 - - [11/Sep/2021:20:11:13 +0000] "GET /enquiry.php?pname=QUARTZ%20DISTILLATION%20STI-258/STI-%20258%20/259 HTTP/1.1" 200 61719 "-" "Mozilla/5.0 (Linux; Android 7.0;) AppleWebKit/537.36 (KHTML, like Gecko) Mobile Safari/537.36 (compatible; PetalBot;+https://webmaster.petalsearch.com/site/petalbot)"
114.119.137.31 - - [11/Sep/2021:20:20:18 +0000] "GET /VACUUMPUMPOILFREEDIAPHRAGMTYPE.html HTTP/1.1" 301 267 "-" "Mozilla/5.0 (Linux; Android 7.0;) AppleWebKit/537.36 (KHTML, like Gecko) Mobile Safari/537.36 (compatible; PetalBot;+https://webmaster.petalsearch.com/site/petalbot)"
114.119.137.31 - - [11/Sep/2021:20:20:19 +0000] "GET /VACUUMPUMPOILFREEDIAPHRAGMTYPE.html HTTP/1.1" 200 50459 "-" "Mozilla/5.0 (Linux; Android 7.0;) AppleWebKit/537.36 (KHTML, like Gecko) Mobile Safari/537.36 (compatible; PetalBot;+https://webmaster.petalsearch.com/site/petalbot)"
49.7.21.87 - - [11/Sep/2021:20:28:25 +0000] "GET / HTTP/1.1" 200 63934 "-" "Sogou web spider/4.0(+http://www.sogou.com/docs/help/webmasters.htm#07)"
114.119.137.43 - - [11/Sep/2021:20:30:22 +0000] "GET /enquiry.php?pname=WATER%20STILL%20MANESTY%20TYPE%20WALL%20MOUNTING/%20STI-425 HTTP/1.1" 200 61725 "-" "Mozilla/5.0 (Linux; Android 7.0;) AppleWebKit/537.36 (KHTML, like Gecko) Mobile Safari/537.36 (compatible; PetalBot;+https://webmaster.petalsearch.com/site/petalbot)"
20.67.158.7 - - [11/Sep/2021:20:30:52 +0000] "GET /ThankYou/ HTTP/1.1" 301 241 "-" "Mozilla/5.0 (Windows NT 6.1; WOW64) AppleWebKit/537.36 (KHTML, like Gecko) Chrome/90.0.4430.93 Safari/537.36"
91.211.195.27 - - [11/Sep/2021:20:30:52 +0000] "GET /ThankYou/ HTTP/1.0" 404 207 "https://scienocraft.com/ThankYou/" "Mozilla/5.0 (Windows NT 6.1; WOW64) AppleWebKit/537.36 (KHTML, like Gecko) Chrome/90.0.4430.93 Safari/537.36"
91.211.195.27 - - [11/Sep/2021:20:30:53 +0000] "GET / HTTP/1.0" 200 63934 "https://scienocraft.com/" "Mozilla/5.0 (Windows NT 6.1; WOW64) AppleWebKit/537.36 (KHTML, like Gecko) Chrome/90.0.4430.93 Safari/537.36"
91.211.195.27 - - [11/Sep/2021:20:30:55 +0000] "GET /ContactUs HTTP/1.0" 301 241 "https://www.scienocraft.com/ContactUs" "Mozilla/5.0 (Windows NT 6.1; WOW64) AppleWebKit/537.36 (KHTML, like Gecko) Chrome/90.0.4430.93 Safari/537.36"
91.211.195.27 - - [11/Sep/2021:20:30:55 +0000] "GET /ContactUs HTTP/1.0" 200 49509 "https://scienocraft.com/ContactUs" "Mozilla/5.0 (Windows NT 6.1; WOW64) AppleWebKit/537.36 (KHTML, like Gecko) Chrome/90.0.4430.93 Safari/537.36"
66.249.75.221 - - [11/Sep/2021:20:32:20 +0000] "GET /GLASSBEADSTERILIZER(Squareshaped).html HTTP/1.1" 200 51473 "-" "Mozilla/5.0 (compatible; Googlebot/2.1; +http://www.google.com/bot.html)"
66.249.75.192 - - [11/Sep/2021:20:55:11 +0000] "GET /BODINCUBATOR.html HTTP/1.1" 200 60422 "-" "Mozilla/5.0 (compatible; Googlebot/2.1; +http://www.google.com/bot.html)"
114.119.137.43 - - [11/Sep/2021:20:57:37 +0000] "GET /MAGNETICSTIRRER.html HTTP/1.1" 301 252 "-" "Mozilla/5.0 (Linux; Android 7.0;) AppleWebKit/537.36 (KHTML, like Gecko) Mobile Safari/537.36 (compatible; PetalBot;+https://webmaster.petalsearch.com/site/petalbot)"
114.119.137.43 - - [11/Sep/2021:20:57:37 +0000] "GET /MAGNETICSTIRRER.html HTTP/1.1" 200 54022 "-" "Mozilla/5.0 (Linux; Android 7.0;) AppleWebKit/537.36 (KHTML, like Gecko) Mobile Safari/537.36 (compatible; PetalBot;+https://webmaster.petalsearch.com/site/petalbot)"
66.249.69.221 - - [11/Sep/2021:20:58:30 +0000] "GET /robots.txt HTTP/1.1" 301 242 "-" "Mozilla/5.0 (compatible; Googlebot/2.1; +http://www.google.com/bot.html)"
66.249.75.221 - - [11/Sep/2021:20:58:31 +0000] "GET /robots.txt HTTP/1.1" 404 208 "-" "Mozilla/5.0 (compatible; Googlebot/2.1; +http://www.google.com/bot.html)"
66.249.91.125 - - [11/Sep/2021:20:58:32 +0000] "GET /ContactUs HTTP/1.1" 301 241 "-" "AdsBot-Google (+http://www.google.com/adsbot.html)"
66.249.91.254 - - [11/Sep/2021:20:58:33 +0000] "GET /ContactUs HTTP/1.1" 200 49509 "-" "AdsBot-Google (+http://www.google.com/adsbot.html)"
66.249.91.252 - - [11/Sep/2021:20:58:52 +0000] "GET /menu/css/dcmegamenu.css HTTP/1.1" 200 2350 "https://scienocraft.com/ContactUs" "AdsBot-Google (+http://www.google.com/adsbot.html)"
114.119.137.252 - - [11/Sep/2021:21:06:37 +0000] "GET /FUMEHOOD.html HTTP/1.1" 301 245 "-" "Mozilla/5.0 (Linux; Android 7.0;) AppleWebKit/537.36 (KHTML, like Gecko) Mobile Safari/537.36 (compatible; PetalBot;+https://webmaster.petalsearch.com/site/petalbot)"
114.119.137.252 - - [11/Sep/2021:21:06:37 +0000] "GET /FUMEHOOD.html HTTP/1.1" 200 59371 "-" "Mozilla/5.0 (Linux; Android 7.0;) AppleWebKit/537.36 (KHTML, like Gecko) Mobile Safari/537.36 (compatible; PetalBot;+https://webmaster.petalsearch.com/site/petalbot)"
114.119.137.31 - - [11/Sep/2021:21:15:16 +0000] "GET /WATERBATH(CYLINDERICAL).html HTTP/1.1" 301 260 "-" "Mozilla/5.0 (Linux; Android 7.0;) AppleWebKit/537.36 (KHTML, like Gecko) Mobile Safari/537.36 (compatible; PetalBot;+https://webmaster.petalsearch.com/site/petalbot)"
114.119.137.31 - - [11/Sep/2021:21:15:17 +0000] "GET /WATERBATH(CYLINDERICAL).html HTTP/1.1" 200 55346 "-" "Mozilla/5.0 (Linux; Android 7.0;) AppleWebKit/537.36 (KHTML, like Gecko) Mobile Safari/537.36 (compatible; PetalBot;+https://webmaster.petalsearch.com/site/petalbot)"
114.119.137.43 - - [11/Sep/2021:21:24:26 +0000] "GET /INDUSTRIALDRYINGOVEN.html HTTP/1.1" 301 257 "-" "Mozilla/5.0 (Linux; Android 7.0;) AppleWebKit/537.36 (KHTML, like Gecko) Mobile Safari/537.36 (compatible; PetalBot;+https://webmaster.petalsearch.com/site/petalbot)"
114.119.137.43 - - [11/Sep/2021:21:24:27 +0000] "GET /INDUSTRIALDRYINGOVEN.html HTTP/1.1" 200 58713 "-" "Mozilla/5.0 (Linux; Android 7.0;) AppleWebKit/537.36 (KHTML, like Gecko) Mobile Safari/537.36 (compatible; PetalBot;+https://webmaster.petalsearch.com/site/petalbot)"
66.249.75.223 - - [11/Sep/2021:21:24:56 +0000] "GET /HOTAIROVENHIGHTEMP.html HTTP/1.1" 200 61257 "-" "Mozilla/5.0 (compatible; Googlebot/2.1; +http://www.google.com/bot.html)"
27.115.124.109 - - [11/Sep/2021:21:31:23 +0000] "GET / HTTP/1.1" 301 236 "-" "Mozilla/5.0 (Linux; U; Android 8.1.0; zh-CN; EML-AL00 Build/HUAWEIEML-AL00) AppleWebKit/537.36 (KHTML, like Gecko) Version/4.0 Chrome/57.0.2987.108 baidu.sogo.uc.UCBrowser/11.9.4.974 UWS/2.13.1.48 Mobile Safari/537.36 AliApp(DingTalk/4.5.11) com.alibaba.android.rimet/10487439 Channel/227200 language/zh-CN"
27.115.124.70 - - [11/Sep/2021:21:31:32 +0000] "GET / HTTP/1.1" 301 236 "http://baidu.com/" "Mozilla/5.0 (Linux; U; Android 8.1.0; zh-CN; EML-AL00 Build/HUAWEIEML-AL00) AppleWebKit/537.36 (KHTML, like Gecko) Version/4.0 Chrome/57.0.2987.108 baidu.sogo.uc.UCBrowser/11.9.4.974 UWS/2.13.1.48 Mobile Safari/537.36 AliApp(DingTalk/4.5.11) com.alibaba.android.rimet/10487439 Channel/227200 language/zh-CN"
27.115.124.109 - - [11/Sep/2021:21:31:40 +0000] "GET / HTTP/1.1" 301 232 "http://baidu.com/" "Mozilla/5.0 (Linux; U; Android 8.1.0; zh-CN; EML-AL00 Build/HUAWEIEML-AL00) AppleWebKit/537.36 (KHTML, like Gecko) Version/4.0 Chrome/57.0.2987.108 baidu.sogo.uc.UCBrowser/11.9.4.974 UWS/2.13.1.48 Mobile Safari/537.36 AliApp(DingTalk/4.5.11) com.alibaba.android.rimet/10487439 Channel/227200 language/zh-CN"
27.115.124.70 - - [11/Sep/2021:21:31:45 +0000] "GET / HTTP/1.1" 200 63934 "http://baidu.com/" "Mozilla/5.0 (Linux; U; Android 8.1.0; zh-CN; EML-AL00 Build/HUAWEIEML-AL00) AppleWebKit/537.36 (KHTML, like Gecko) Version/4.0 Chrome/57.0.2987.108 baidu.sogo.uc.UCBrowser/11.9.4.974 UWS/2.13.1.48 Mobile Safari/537.36 AliApp(DingTalk/4.5.11) com.alibaba.android.rimet/10487439 Channel/227200 language/zh-CN"
27.115.124.70 - - [11/Sep/2021:21:31:50 +0000] "GET /slideshow/css/chopslider.css HTTP/1.1" 200 3425 "https://scienocraft.com/" "Mozilla/5.0 (Linux; U; Android 8.1.0; zh-CN; EML-AL00 Build/HUAWEIEML-AL00) AppleWebKit/537.36 (KHTML, like Gecko) Version/4.0 Chrome/57.0.2987.108 baidu.sogo.uc.UCBrowser/11.9.4.974 UWS/2.13.1.48 Mobile Safari/537.36 AliApp(DingTalk/4.5.11) com.alibaba.android.rimet/10487439 Channel/227200 language/zh-CN"
27.115.124.70 - - [11/Sep/2021:21:31:50 +0000] "GET /home-right-menu/demo/demo.css HTTP/1.1" 200 940 "https://scienocraft.com/" "Mozilla/5.0 (Linux; U; Android 8.1.0; zh-CN; EML-AL00 Build/HUAWEIEML-AL00) AppleWebKit/537.36 (KHTML, like Gecko) Version/4.0 Chrome/57.0.2987.108 baidu.sogo.uc.UCBrowser/11.9.4.974 UWS/2.13.1.48 Mobile Safari/537.36 AliApp(DingTalk/4.5.11) com.alibaba.android.rimet/10487439 Channel/227200 language/zh-CN"
27.115.124.109 - - [11/Sep/2021:21:31:50 +0000] "GET /style.css HTTP/1.1" 200 10311 "https://scienocraft.com/" "Mozilla/5.0 (Linux; U; Android 8.1.0; zh-CN; EML-AL00 Build/HUAWEIEML-AL00) AppleWebKit/537.36 (KHTML, like Gecko) Version/4.0 Chrome/57.0.2987.108 baidu.sogo.uc.UCBrowser/11.9.4.974 UWS/2.13.1.48 Mobile Safari/537.36 AliApp(DingTalk/4.5.11) com.alibaba.android.rimet/10487439 Channel/227200 language/zh-CN"
27.115.124.70 - - [11/Sep/2021:21:31:50 +0000] "GET /menu/css/skins/red.css HTTP/1.1" 200 3318 "https://scienocraft.com/" "Mozilla/5.0 (Linux; U; Android 8.1.0; zh-CN; EML-AL00 Build/HUAWEIEML-AL00) AppleWebKit/537.36 (KHTML, like Gecko) Version/4.0 Chrome/57.0.2987.108 baidu.sogo.uc.UCBrowser/11.9.4.974 UWS/2.13.1.48 Mobile Safari/537.36 AliApp(DingTalk/4.5.11) com.alibaba.android.rimet/10487439 Channel/227200 language/zh-CN"
27.115.124.109 - - [11/Sep/2021:21:31:50 +0000] "GET /menu/css/dcmegamenu.css HTTP/1.1" 200 2350 "https://scienocraft.com/" "Mozilla/5.0 (Linux; U; Android 8.1.0; zh-CN; EML-AL00 Build/HUAWEIEML-AL00) AppleWebKit/537.36 (KHTML, like Gecko) Version/4.0 Chrome/57.0.2987.108 baidu.sogo.uc.UCBrowser/11.9.4.974 UWS/2.13.1.48 Mobile Safari/537.36 AliApp(DingTalk/4.5.11) com.alibaba.android.rimet/10487439 Channel/227200 language/zh-CN"
27.115.124.70 - - [11/Sep/2021:21:31:50 +0000] "GET /menu/css/skins/white.css HTTP/1.1" 200 3337 "https://scienocraft.com/" "Mozilla/5.0 (Linux; U; Android 8.1.0; zh-CN; EML-AL00 Build/HUAWEIEML-AL00) AppleWebKit/537.36 (KHTML, like Gecko) Version/4.0 Chrome/57.0.2987.108 baidu.sogo.uc.UCBrowser/11.9.4.974 UWS/2.13.1.48 Mobile Safari/537.36 AliApp(DingTalk/4.5.11) com.alibaba.android.rimet/10487439 Channel/227200 language/zh-CN"
27.115.124.109 - - [11/Sep/2021:21:31:50 +0000] "GET /slideshow/js/jquery.id.cstransitions-1.2.min.js HTTP/1.1" 200 72462 "https://scienocraft.com/" "Mozilla/5.0 (Linux; U; Android 8.1.0; zh-CN; EML-AL00 Build/HUAWEIEML-AL00) AppleWebKit/537.36 (KHTML, like Gecko) Version/4.0 Chrome/57.0.2987.108 baidu.sogo.uc.UCBrowser/11.9.4.974 UWS/2.13.1.48 Mobile Safari/537.36 AliApp(DingTalk/4.5.11) com.alibaba.android.rimet/10487439 Channel/227200 language/zh-CN"
27.115.124.101 - - [11/Sep/2021:21:31:50 +0000] "GET /slideshow/js/jquery.id.chopslider-2.2.0.free.min.js HTTP/1.1" 200 43739 "https://scienocraft.com/" "Mozilla/5.0 (Linux; U; Android 8.1.0; zh-CN; EML-AL00 Build/HUAWEIEML-AL00) AppleWebKit/537.36 (KHTML, like Gecko) Version/4.0 Chrome/57.0.2987.108 baidu.sogo.uc.UCBrowser/11.9.4.974 UWS/2.13.1.48 Mobile Safari/537.36 AliApp(DingTalk/4.5.11) com.alibaba.android.rimet/10487439 Channel/227200 language/zh-CN"
27.115.124.101 - - [11/Sep/2021:21:31:51 +0000] "GET /slideshow/js/main.js HTTP/1.1" 200 962 "https://scienocraft.com/" "Mozilla/5.0 (Linux; U; Android 8.1.0; zh-CN; EML-AL00 Build/HUAWEIEML-AL00) AppleWebKit/537.36 (KHTML, like Gecko) Version/4.0 Chrome/57.0.2987.108 baidu.sogo.uc.UCBrowser/11.9.4.974 UWS/2.13.1.48 Mobile Safari/537.36 AliApp(DingTalk/4.5.11) com.alibaba.android.rimet/10487439 Channel/227200 language/zh-CN"
27.115.124.70 - - [11/Sep/2021:21:31:51 +0000] "GET /menu/js/jquery.hoverIntent.minified.js HTTP/1.1" 200 1606 "https://scienocraft.com/" "Mozilla/5.0 (Linux; U; Android 8.1.0; zh-CN; EML-AL00 Build/HUAWEIEML-AL00) AppleWebKit/537.36 (KHTML, like Gecko) Version/4.0 Chrome/57.0.2987.108 baidu.sogo.uc.UCBrowser/11.9.4.974 UWS/2.13.1.48 Mobile Safari/537.36 AliApp(DingTalk/4.5.11) com.alibaba.android.rimet/10487439 Channel/227200 language/zh-CN"
27.115.124.109 - - [11/Sep/2021:21:31:51 +0000] "GET /menu/js/jquery.dcmegamenu.1.2.js HTTP/1.1" 200 4832 "https://scienocraft.com/" "Mozilla/5.0 (Linux; U; Android 8.1.0; zh-CN; EML-AL00 Build/HUAWEIEML-AL00) AppleWebKit/537.36 (KHTML, like Gecko) Version/4.0 Chrome/57.0.2987.108 baidu.sogo.uc.UCBrowser/11.9.4.974 UWS/2.13.1.48 Mobile Safari/537.36 AliApp(DingTalk/4.5.11) com.alibaba.android.rimet/10487439 Channel/227200 language/zh-CN"
27.115.124.70 - - [11/Sep/2021:21:31:51 +0000] "GET /slideshow/slide_images/9.jpg HTTP/1.1" 200 218806 "https://scienocraft.com/" "Mozilla/5.0 (Linux; U; Android 8.1.0; zh-CN; EML-AL00 Build/HUAWEIEML-AL00) AppleWebKit/537.36 (KHTML, like Gecko) Version/4.0 Chrome/57.0.2987.108 baidu.sogo.uc.UCBrowser/11.9.4.974 UWS/2.13.1.48 Mobile Safari/537.36 AliApp(DingTalk/4.5.11) com.alibaba.android.rimet/10487439 Channel/227200 language/zh-CN"
27.115.124.101 - - [11/Sep/2021:21:31:51 +0000] "GET /slideshow/slide_images/1.jpg HTTP/1.1" 200 55698 "https://scienocraft.com/" "Mozilla/5.0 (Linux; U; Android 8.1.0; zh-CN; EML-AL00 Build/HUAWEIEML-AL00) AppleWebKit/537.36 (KHTML, like Gecko) Version/4.0 Chrome/57.0.2987.108 baidu.sogo.uc.UCBrowser/11.9.4.974 UWS/2.13.1.48 Mobile Safari/537.36 AliApp(DingTalk/4.5.11) com.alibaba.android.rimet/10487439 Channel/227200 language/zh-CN"
27.115.124.70 - - [11/Sep/2021:21:31:51 +0000] "GET /slideshow/slide_images/5.jpg HTTP/1.1" 200 57184 "https://scienocraft.com/" "Mozilla/5.0 (Linux; U; Android 8.1.0; zh-CN; EML-AL00 Build/HUAWEIEML-AL00) AppleWebKit/537.36 (KHTML, like Gecko) Version/4.0 Chrome/57.0.2987.108 baidu.sogo.uc.UCBrowser/11.9.4.974 UWS/2.13.1.48 Mobile Safari/537.36 AliApp(DingTalk/4.5.11) com.alibaba.android.rimet/10487439 Channel/227200 language/zh-CN"
27.115.124.109 - - [11/Sep/2021:21:31:51 +0000] "GET /slideshow/slide_images/8.jpg HTTP/1.1" 200 214287 "https://scienocraft.com/" "Mozilla/5.0 (Linux; U; Android 8.1.0; zh-CN; EML-AL00 Build/HUAWEIEML-AL00) AppleWebKit/537.36 (KHTML, like Gecko) Version/4.0 Chrome/57.0.2987.108 baidu.sogo.uc.UCBrowser/11.9.4.974 UWS/2.13.1.48 Mobile Safari/537.36 AliApp(DingTalk/4.5.11) com.alibaba.android.rimet/10487439 Channel/227200 language/zh-CN"
27.115.124.101 - - [11/Sep/2021:21:31:51 +0000] "GET /slideshow/slide_images/2.jpg HTTP/1.1" 200 54289 "https://scienocraft.com/" "Mozilla/5.0 (Linux; U; Android 8.1.0; zh-CN; EML-AL00 Build/HUAWEIEML-AL00) AppleWebKit/537.36 (KHTML, like Gecko) Version/4.0 Chrome/57.0.2987.108 baidu.sogo.uc.UCBrowser/11.9.4.974 UWS/2.13.1.48 Mobile Safari/537.36 AliApp(DingTalk/4.5.11) com.alibaba.android.rimet/10487439 Channel/227200 language/zh-CN"
27.115.124.101 - - [11/Sep/2021:21:31:52 +0000] "GET /images/logo.png HTTP/1.1" 200 39326 "https://scienocraft.com/style.css" "Mozilla/5.0 (Linux; U; Android 8.1.0; zh-CN; EML-AL00 Build/HUAWEIEML-AL00) AppleWebKit/537.36 (KHTML, like Gecko) Version/4.0 Chrome/57.0.2987.108 baidu.sogo.uc.UCBrowser/11.9.4.974 UWS/2.13.1.48 Mobile Safari/537.36 AliApp(DingTalk/4.5.11) com.alibaba.android.rimet/10487439 Channel/227200 language/zh-CN"
27.115.124.109 - - [11/Sep/2021:21:31:51 +0000] "GET /slideshow/slide_images/7.jpg HTTP/1.1" 200 289484 "https://scienocraft.com/" "Mozilla/5.0 (Linux; U; Android 8.1.0; zh-CN; EML-AL00 Build/HUAWEIEML-AL00) AppleWebKit/537.36 (KHTML, like Gecko) Version/4.0 Chrome/57.0.2987.108 baidu.sogo.uc.UCBrowser/11.9.4.974 UWS/2.13.1.48 Mobile Safari/537.36 AliApp(DingTalk/4.5.11) com.alibaba.android.rimet/10487439 Channel/227200 language/zh-CN"
27.115.124.101 - - [11/Sep/2021:21:31:52 +0000] "GET /slideshow/slide_images/3.jpg HTTP/1.1" 200 66152 "https://scienocraft.com/" "Mozilla/5.0 (Linux; U; Android 8.1.0; zh-CN; EML-AL00 Build/HUAWEIEML-AL00) AppleWebKit/537.36 (KHTML, like Gecko) Version/4.0 Chrome/57.0.2987.108 baidu.sogo.uc.UCBrowser/11.9.4.974 UWS/2.13.1.48 Mobile Safari/537.36 AliApp(DingTalk/4.5.11) com.alibaba.android.rimet/10487439 Channel/227200 language/zh-CN"
27.115.124.70 - - [11/Sep/2021:21:31:52 +0000] "GET /slideshow/slide_images/4.jpg HTTP/1.1" 200 57483 "https://scienocraft.com/" "Mozilla/5.0 (Linux; U; Android 8.1.0; zh-CN; EML-AL00 Build/HUAWEIEML-AL00) AppleWebKit/537.36 (KHTML, like Gecko) Version/4.0 Chrome/57.0.2987.108 baidu.sogo.uc.UCBrowser/11.9.4.974 UWS/2.13.1.48 Mobile Safari/537.36 AliApp(DingTalk/4.5.11) com.alibaba.android.rimet/10487439 Channel/227200 language/zh-CN"
27.115.124.101 - - [11/Sep/2021:21:31:52 +0000] "GET /slideshow/slide_images/10.jpg HTTP/1.1" 200 88431 "https://scienocraft.com/" "Mozilla/5.0 (Linux; U; Android 8.1.0; zh-CN; EML-AL00 Build/HUAWEIEML-AL00) AppleWebKit/537.36 (KHTML, like Gecko) Version/4.0 Chrome/57.0.2987.108 baidu.sogo.uc.UCBrowser/11.9.4.974 UWS/2.13.1.48 Mobile Safari/537.36 AliApp(DingTalk/4.5.11) com.alibaba.android.rimet/10487439 Channel/227200 language/zh-CN"
27.115.124.70 - - [11/Sep/2021:21:31:52 +0000] "GET /galleryimg/d3a3925237fb7c68063de73cda8dd209.jpg HTTP/1.1" 200 22450 "https://scienocraft.com/" "Mozilla/5.0 (Linux; U; Android 8.1.0; zh-CN; EML-AL00 Build/HUAWEIEML-AL00) AppleWebKit/537.36 (KHTML, like Gecko) Version/4.0 Chrome/57.0.2987.108 baidu.sogo.uc.UCBrowser/11.9.4.974 UWS/2.13.1.48 Mobile Safari/537.36 AliApp(DingTalk/4.5.11) com.alibaba.android.rimet/10487439 Channel/227200 language/zh-CN"
27.115.124.109 - - [11/Sep/2021:21:31:52 +0000] "GET /galleryimg/b09ccf468f4ad1b9dd71716a97226ab0.jpg HTTP/1.1" 200 17840 "https://scienocraft.com/" "Mozilla/5.0 (Linux; U; Android 8.1.0; zh-CN; EML-AL00 Build/HUAWEIEML-AL00) AppleWebKit/537.36 (KHTML, like Gecko) Version/4.0 Chrome/57.0.2987.108 baidu.sogo.uc.UCBrowser/11.9.4.974 UWS/2.13.1.48 Mobile Safari/537.36 AliApp(DingTalk/4.5.11) com.alibaba.android.rimet/10487439 Channel/227200 language/zh-CN"
27.115.124.70 - - [11/Sep/2021:21:31:52 +0000] "GET /galleryimg/01a2c951ee4f6adf9c5f1196fc456156.jpg HTTP/1.1" 200 51145 "https://scienocraft.com/" "Mozilla/5.0 (Linux; U; Android 8.1.0; zh-CN; EML-AL00 Build/HUAWEIEML-AL00) AppleWebKit/537.36 (KHTML, like Gecko) Version/4.0 Chrome/57.0.2987.108 baidu.sogo.uc.UCBrowser/11.9.4.974 UWS/2.13.1.48 Mobile Safari/537.36 AliApp(DingTalk/4.5.11) com.alibaba.android.rimet/10487439 Channel/227200 language/zh-CN"
27.115.124.101 - - [11/Sep/2021:21:31:52 +0000] "GET /galleryimg/c9ba59b540a324113e7238461135676c.png HTTP/1.1" 200 37091 "https://scienocraft.com/" "Mozilla/5.0 (Linux; U; Android 8.1.0; zh-CN; EML-AL00 Build/HUAWEIEML-AL00) AppleWebKit/537.36 (KHTML, like Gecko) Version/4.0 Chrome/57.0.2987.108 baidu.sogo.uc.UCBrowser/11.9.4.974 UWS/2.13.1.48 Mobile Safari/537.36 AliApp(DingTalk/4.5.11) com.alibaba.android.rimet/10487439 Channel/227200 language/zh-CN"
27.115.124.109 - - [11/Sep/2021:21:31:52 +0000] "GET /galleryimg/76c41dae07c37a1a805472d6cbec3912.jpg HTTP/1.1" 200 9919 "https://scienocraft.com/" "Mozilla/5.0 (Linux; U; Android 8.1.0; zh-CN; EML-AL00 Build/HUAWEIEML-AL00) AppleWebKit/537.36 (KHTML, like Gecko) Version/4.0 Chrome/57.0.2987.108 baidu.sogo.uc.UCBrowser/11.9.4.974 UWS/2.13.1.48 Mobile Safari/537.36 AliApp(DingTalk/4.5.11) com.alibaba.android.rimet/10487439 Channel/227200 language/zh-CN"
27.115.124.101 - - [11/Sep/2021:21:31:52 +0000] "GET /galleryimg/2d0b44034f1808c4f3eba762e554364e.jpg HTTP/1.1" 200 15754 "https://scienocraft.com/" "Mozilla/5.0 (Linux; U; Android 8.1.0; zh-CN; EML-AL00 Build/HUAWEIEML-AL00) AppleWebKit/537.36 (KHTML, like Gecko) Version/4.0 Chrome/57.0.2987.108 baidu.sogo.uc.UCBrowser/11.9.4.974 UWS/2.13.1.48 Mobile Safari/537.36 AliApp(DingTalk/4.5.11) com.alibaba.android.rimet/10487439 Channel/227200 language/zh-CN"
27.115.124.70 - - [11/Sep/2021:21:31:53 +0000] "GET /galleryimg/1c66bd33489bfd15756d2787eead2f4a.png HTTP/1.1" 200 132326 "https://scienocraft.com/" "Mozilla/5.0 (Linux; U; Android 8.1.0; zh-CN; EML-AL00 Build/HUAWEIEML-AL00) AppleWebKit/537.36 (KHTML, like Gecko) Version/4.0 Chrome/57.0.2987.108 baidu.sogo.uc.UCBrowser/11.9.4.974 UWS/2.13.1.48 Mobile Safari/537.36 AliApp(DingTalk/4.5.11) com.alibaba.android.rimet/10487439 Channel/227200 language/zh-CN"
27.115.124.109 - - [11/Sep/2021:21:31:53 +0000] "GET /galleryimg/47467d9e32ed9eda0c36d6b71bf9de6c.jpg HTTP/1.1" 200 36374 "https://scienocraft.com/" "Mozilla/5.0 (Linux; U; Android 8.1.0; zh-CN; EML-AL00 Build/HUAWEIEML-AL00) AppleWebKit/537.36 (KHTML, like Gecko) Version/4.0 Chrome/57.0.2987.108 baidu.sogo.uc.UCBrowser/11.9.4.974 UWS/2.13.1.48 Mobile Safari/537.36 AliApp(DingTalk/4.5.11) com.alibaba.android.rimet/10487439 Channel/227200 language/zh-CN"
27.115.124.70 - - [11/Sep/2021:21:31:53 +0000] "GET /galleryimg/cff3a39079eb64c46636c6c70852cd26.jpg HTTP/1.1" 200 74488 "https://scienocraft.com/" "Mozilla/5.0 (Linux; U; Android 8.1.0; zh-CN; EML-AL00 Build/HUAWEIEML-AL00) AppleWebKit/537.36 (KHTML, like Gecko) Version/4.0 Chrome/57.0.2987.108 baidu.sogo.uc.UCBrowser/11.9.4.974 UWS/2.13.1.48 Mobile Safari/537.36 AliApp(DingTalk/4.5.11) com.alibaba.android.rimet/10487439 Channel/227200 language/zh-CN"
27.115.124.101 - - [11/Sep/2021:21:31:53 +0000] "GET /galleryimg/c53597be4f7ca24e2f9a840590c388e9.png HTTP/1.1" 200 233609 "https://scienocraft.com/" "Mozilla/5.0 (Linux; U; Android 8.1.0; zh-CN; EML-AL00 Build/HUAWEIEML-AL00) AppleWebKit/537.36 (KHTML, like Gecko) Version/4.0 Chrome/57.0.2987.108 baidu.sogo.uc.UCBrowser/11.9.4.974 UWS/2.13.1.48 Mobile Safari/537.36 AliApp(DingTalk/4.5.11) com.alibaba.android.rimet/10487439 Channel/227200 language/zh-CN"
27.115.124.109 - - [11/Sep/2021:21:31:53 +0000] "GET /galleryimg/e3c1ec12e8698e9e63dd5b77d245b828.jpg HTTP/1.1" 200 48637 "https://scienocraft.com/" "Mozilla/5.0 (Linux; U; Android 8.1.0; zh-CN; EML-AL00 Build/HUAWEIEML-AL00) AppleWebKit/537.36 (KHTML, like Gecko) Version/4.0 Chrome/57.0.2987.108 baidu.sogo.uc.UCBrowser/11.9.4.974 UWS/2.13.1.48 Mobile Safari/537.36 AliApp(DingTalk/4.5.11) com.alibaba.android.rimet/10487439 Channel/227200 language/zh-CN"
27.115.124.109 - - [11/Sep/2021:21:31:53 +0000] "GET /images/Catalog-Icon.jpg HTTP/1.1" 200 33821 "https://scienocraft.com/" "Mozilla/5.0 (Linux; U; Android 8.1.0; zh-CN; EML-AL00 Build/HUAWEIEML-AL00) AppleWebKit/537.36 (KHTML, like Gecko) Version/4.0 Chrome/57.0.2987.108 baidu.sogo.uc.UCBrowser/11.9.4.974 UWS/2.13.1.48 Mobile Safari/537.36 AliApp(DingTalk/4.5.11) com.alibaba.android.rimet/10487439 Channel/227200 language/zh-CN"
27.115.124.70 - - [11/Sep/2021:21:31:53 +0000] "GET /images/awards-banner.jpg HTTP/1.1" 200 39595 "https://scienocraft.com/" "Mozilla/5.0 (Linux; U; Android 8.1.0; zh-CN; EML-AL00 Build/HUAWEIEML-AL00) AppleWebKit/537.36 (KHTML, like Gecko) Version/4.0 Chrome/57.0.2987.108 baidu.sogo.uc.UCBrowser/11.9.4.974 UWS/2.13.1.48 Mobile Safari/537.36 AliApp(DingTalk/4.5.11) com.alibaba.android.rimet/10487439 Channel/227200 language/zh-CN"
27.115.124.109 - - [11/Sep/2021:21:31:53 +0000] "GET /images/corporate-prasentation.jpg HTTP/1.1" 200 34150 "https://scienocraft.com/" "Mozilla/5.0 (Linux; U; Android 8.1.0; zh-CN; EML-AL00 Build/HUAWEIEML-AL00) AppleWebKit/537.36 (KHTML, like Gecko) Version/4.0 Chrome/57.0.2987.108 baidu.sogo.uc.UCBrowser/11.9.4.974 UWS/2.13.1.48 Mobile Safari/537.36 AliApp(DingTalk/4.5.11) com.alibaba.android.rimet/10487439 Channel/227200 language/zh-CN"
27.115.124.70 - - [11/Sep/2021:21:31:53 +0000] "GET /images/facebook.png HTTP/1.1" 200 2418 "https://scienocraft.com/" "Mozilla/5.0 (Linux; U; Android 8.1.0; zh-CN; EML-AL00 Build/HUAWEIEML-AL00) AppleWebKit/537.36 (KHTML, like Gecko) Version/4.0 Chrome/57.0.2987.108 baidu.sogo.uc.UCBrowser/11.9.4.974 UWS/2.13.1.48 Mobile Safari/537.36 AliApp(DingTalk/4.5.11) com.alibaba.android.rimet/10487439 Channel/227200 language/zh-CN"
27.115.124.101 - - [11/Sep/2021:21:31:53 +0000] "GET /galleryimg/a85a8e1ca674a5ab053361a54f89356f.jpg HTTP/1.1" 200 193140 "https://scienocraft.com/" "Mozilla/5.0 (Linux; U; Android 8.1.0; zh-CN; EML-AL00 Build/HUAWEIEML-AL00) AppleWebKit/537.36 (KHTML, like Gecko) Version/4.0 Chrome/57.0.2987.108 baidu.sogo.uc.UCBrowser/11.9.4.974 UWS/2.13.1.48 Mobile Safari/537.36 AliApp(DingTalk/4.5.11) com.alibaba.android.rimet/10487439 Channel/227200 language/zh-CN"
27.115.124.109 - - [11/Sep/2021:21:31:53 +0000] "GET /images/Twitter.png HTTP/1.1" 200 2479 "https://scienocraft.com/" "Mozilla/5.0 (Linux; U; Android 8.1.0; zh-CN; EML-AL00 Build/HUAWEIEML-AL00) AppleWebKit/537.36 (KHTML, like Gecko) Version/4.0 Chrome/57.0.2987.108 baidu.sogo.uc.UCBrowser/11.9.4.974 UWS/2.13.1.48 Mobile Safari/537.36 AliApp(DingTalk/4.5.11) com.alibaba.android.rimet/10487439 Channel/227200 language/zh-CN"
27.115.124.70 - - [11/Sep/2021:21:31:53 +0000] "GET /images/RSS.png HTTP/1.1" 200 3206 "https://scienocraft.com/" "Mozilla/5.0 (Linux; U; Android 8.1.0; zh-CN; EML-AL00 Build/HUAWEIEML-AL00) AppleWebKit/537.36 (KHTML, like Gecko) Version/4.0 Chrome/57.0.2987.108 baidu.sogo.uc.UCBrowser/11.9.4.974 UWS/2.13.1.48 Mobile Safari/537.36 AliApp(DingTalk/4.5.11) com.alibaba.android.rimet/10487439 Channel/227200 language/zh-CN"
27.115.124.70 - - [11/Sep/2021:21:31:54 +0000] "GET /slideshow/images/navi.png HTTP/1.1" 200 1576 "https://scienocraft.com/slideshow/css/chopslider.css" "Mozilla/5.0 (Linux; U; Android 8.1.0; zh-CN; EML-AL00 Build/HUAWEIEML-AL00) AppleWebKit/537.36 (KHTML, like Gecko) Version/4.0 Chrome/57.0.2987.108 baidu.sogo.uc.UCBrowser/11.9.4.974 UWS/2.13.1.48 Mobile Safari/537.36 AliApp(DingTalk/4.5.11) com.alibaba.android.rimet/10487439 Channel/227200 language/zh-CN"
27.115.124.70 - - [11/Sep/2021:21:31:54 +0000] "GET /images/hdrBg.png HTTP/1.1" 200 10655 "https://scienocraft.com/style.css" "Mozilla/5.0 (Linux; U; Android 8.1.0; zh-CN; EML-AL00 Build/HUAWEIEML-AL00) AppleWebKit/537.36 (KHTML, like Gecko) Version/4.0 Chrome/57.0.2987.108 baidu.sogo.uc.UCBrowser/11.9.4.974 UWS/2.13.1.48 Mobile Safari/537.36 AliApp(DingTalk/4.5.11) com.alibaba.android.rimet/10487439 Channel/227200 language/zh-CN"
27.115.124.109 - - [11/Sep/2021:21:31:54 +0000] "GET /slideshow/images/podium.png HTTP/1.1" 200 23317 "https://scienocraft.com/slideshow/css/chopslider.css" "Mozilla/5.0 (Linux; U; Android 8.1.0; zh-CN; EML-AL00 Build/HUAWEIEML-AL00) AppleWebKit/537.36 (KHTML, like Gecko) Version/4.0 Chrome/57.0.2987.108 baidu.sogo.uc.UCBrowser/11.9.4.974 UWS/2.13.1.48 Mobile Safari/537.36 AliApp(DingTalk/4.5.11) com.alibaba.android.rimet/10487439 Channel/227200 language/zh-CN"
27.115.124.109 - - [11/Sep/2021:21:31:54 +0000] "GET /slideshow/images/sl-control.png HTTP/1.1" 200 3006 "https://scienocraft.com/slideshow/css/chopslider.css" "Mozilla/5.0 (Linux; U; Android 8.1.0; zh-CN; EML-AL00 Build/HUAWEIEML-AL00) AppleWebKit/537.36 (KHTML, like Gecko) Version/4.0 Chrome/57.0.2987.108 baidu.sogo.uc.UCBrowser/11.9.4.974 UWS/2.13.1.48 Mobile Safari/537.36 AliApp(DingTalk/4.5.11) com.alibaba.android.rimet/10487439 Channel/227200 language/zh-CN"
27.115.124.101 - - [11/Sep/2021:21:31:54 +0000] "GET /slideshow/images/shadow.png HTTP/1.1" 200 7683 "https://scienocraft.com/slideshow/css/chopslider.css" "Mozilla/5.0 (Linux; U; Android 8.1.0; zh-CN; EML-AL00 Build/HUAWEIEML-AL00) AppleWebKit/537.36 (KHTML, like Gecko) Version/4.0 Chrome/57.0.2987.108 baidu.sogo.uc.UCBrowser/11.9.4.974 UWS/2.13.1.48 Mobile Safari/537.36 AliApp(DingTalk/4.5.11) com.alibaba.android.rimet/10487439 Channel/227200 language/zh-CN"
27.115.124.101 - - [11/Sep/2021:21:31:54 +0000] "GET /slideshow/images/d-bg.png HTTP/1.1" 200 933 "https://scienocraft.com/slideshow/css/chopslider.css" "Mozilla/5.0 (Linux; U; Android 8.1.0; zh-CN; EML-AL00 Build/HUAWEIEML-AL00) AppleWebKit/537.36 (KHTML, like Gecko) Version/4.0 Chrome/57.0.2987.108 baidu.sogo.uc.UCBrowser/11.9.4.974 UWS/2.13.1.48 Mobile Safari/537.36 AliApp(DingTalk/4.5.11) com.alibaba.android.rimet/10487439 Channel/227200 language/zh-CN"
27.115.124.70 - - [11/Sep/2021:21:31:54 +0000] "GET /menu/css/skins/images/bg_red.png HTTP/1.1" 200 12330 "https://scienocraft.com/menu/css/skins/red.css" "Mozilla/5.0 (Linux; U; Android 8.1.0; zh-CN; EML-AL00 Build/HUAWEIEML-AL00) AppleWebKit/537.36 (KHTML, like Gecko) Version/4.0 Chrome/57.0.2987.108 baidu.sogo.uc.UCBrowser/11.9.4.974 UWS/2.13.1.48 Mobile Safari/537.36 AliApp(DingTalk/4.5.11) com.alibaba.android.rimet/10487439 Channel/227200 language/zh-CN"
27.115.124.109 - - [11/Sep/2021:21:31:54 +0000] "GET /menu/css/skins/red.css HTTP/1.1" 200 3318 "https://scienocraft.com/menu/css/skins/red.css" "Mozilla/5.0 (Linux; U; Android 8.1.0; zh-CN; EML-AL00 Build/HUAWEIEML-AL00) AppleWebKit/537.36 (KHTML, like Gecko) Version/4.0 Chrome/57.0.2987.108 baidu.sogo.uc.UCBrowser/11.9.4.974 UWS/2.13.1.48 Mobile Safari/537.36 AliApp(DingTalk/4.5.11) com.alibaba.android.rimet/10487439 Channel/227200 language/zh-CN"
27.115.124.70 - - [11/Sep/2021:21:31:54 +0000] "GET /menu/css/skins/images/arrow.png HTTP/1.1" 200 237 "https://scienocraft.com/menu/css/skins/red.css" "Mozilla/5.0 (Linux; U; Android 8.1.0; zh-CN; EML-AL00 Build/HUAWEIEML-AL00) AppleWebKit/537.36 (KHTML, like Gecko) Version/4.0 Chrome/57.0.2987.108 baidu.sogo.uc.UCBrowser/11.9.4.974 UWS/2.13.1.48 Mobile Safari/537.36 AliApp(DingTalk/4.5.11) com.alibaba.android.rimet/10487439 Channel/227200 language/zh-CN"
27.115.124.109 - - [11/Sep/2021:21:31:54 +0000] "GET /menu/css/skins/images/arrow_off.png HTTP/1.1" 200 168 "https://scienocraft.com/menu/css/skins/red.css" "Mozilla/5.0 (Linux; U; Android 8.1.0; zh-CN; EML-AL00 Build/HUAWEIEML-AL00) AppleWebKit/537.36 (KHTML, like Gecko) Version/4.0 Chrome/57.0.2987.108 baidu.sogo.uc.UCBrowser/11.9.4.974 UWS/2.13.1.48 Mobile Safari/537.36 AliApp(DingTalk/4.5.11) com.alibaba.android.rimet/10487439 Channel/227200 language/zh-CN"
27.115.124.101 - - [11/Sep/2021:21:31:54 +0000] "GET /menu/css/skins/images/bg_sub_left.png HTTP/1.1" 200 719 "https://scienocraft.com/menu/css/skins/red.css" "Mozilla/5.0 (Linux; U; Android 8.1.0; zh-CN; EML-AL00 Build/HUAWEIEML-AL00) AppleWebKit/537.36 (KHTML, like Gecko) Version/4.0 Chrome/57.0.2987.108 baidu.sogo.uc.UCBrowser/11.9.4.974 UWS/2.13.1.48 Mobile Safari/537.36 AliApp(DingTalk/4.5.11) com.alibaba.android.rimet/10487439 Channel/227200 language/zh-CN"
27.115.124.101 - - [11/Sep/2021:21:31:54 +0000] "GET /menu/css/skins/images/bg_sub.png HTTP/1.1" 200 8848 "https://scienocraft.com/menu/css/skins/red.css" "Mozilla/5.0 (Linux; U; Android 8.1.0; zh-CN; EML-AL00 Build/HUAWEIEML-AL00) AppleWebKit/537.36 (KHTML, like Gecko) Version/4.0 Chrome/57.0.2987.108 baidu.sogo.uc.UCBrowser/11.9.4.974 UWS/2.13.1.48 Mobile Safari/537.36 AliApp(DingTalk/4.5.11) com.alibaba.android.rimet/10487439 Channel/227200 language/zh-CN"
27.115.124.70 - - [11/Sep/2021:21:31:54 +0000] "GET /menu/css/skins/images/bg_mega_hdr.png HTTP/1.1" 200 2984 "https://scienocraft.com/menu/css/skins/red.css" "Mozilla/5.0 (Linux; U; Android 8.1.0; zh-CN; EML-AL00 Build/HUAWEIEML-AL00) AppleWebKit/537.36 (KHTML, like Gecko) Version/4.0 Chrome/57.0.2987.108 baidu.sogo.uc.UCBrowser/11.9.4.974 UWS/2.13.1.48 Mobile Safari/537.36 AliApp(DingTalk/4.5.11) com.alibaba.android.rimet/10487439 Channel/227200 language/zh-CN"
