94.25.228.37 - - [11/Sep/2021:05:53:09 +0000] "GET /ContactUs HTTP/1.0" 200 49509 "https://scienocraft.com/ContactUs" "Mozilla/5.0 (Windows NT 6.1; ) AppleWebKit/537.36 (KHTML, like Gecko) Chrome/83.0.4103.61 Safari/537.36"
114.119.137.38 - - [11/Sep/2021:05:55:13 +0000] "GET /WILLEYMILLGRINDER.html HTTP/1.1" 301 254 "-" "Mozilla/5.0 (Linux; Android 7.0;) AppleWebKit/537.36 (KHTML, like Gecko) Mobile Safari/537.36 (compatible; PetalBot;+https://webmaster.petalsearch.com/site/petalbot)"
114.119.137.38 - - [11/Sep/2021:05:55:14 +0000] "GET /WILLEYMILLGRINDER.html HTTP/1.1" 200 53866 "-" "Mozilla/5.0 (Linux; Android 7.0;) AppleWebKit/537.36 (KHTML, like Gecko) Mobile Safari/537.36 (compatible; PetalBot;+https://webmaster.petalsearch.com/site/petalbot)"
216.131.114.198 - - [11/Sep/2021:06:00:38 +0000] "GET /enquiry.php HTTP/1.0" 200 61678 "https://scienocraft.com/enquiry.php" "Mozilla/5.0 (Windows NT 6.1) AppleWebKit/537.36 (KHTML, like Gecko) Chrome/90.0.4430.93 Safari/537.36"
216.131.114.198 - - [11/Sep/2021:06:00:39 +0000] "POST /submit-enquiry.php HTTP/1.0" 200 139 "https://scienocraft.com/enquiry.php" "Mozilla/5.0 (Windows NT 6.1) AppleWebKit/537.36 (KHTML, like Gecko) Chrome/90.0.4430.93 Safari/537.36"
216.131.114.198 - - [11/Sep/2021:06:00:42 +0000] "GET /ThankYou HTTP/1.0" 301 240 "https://www.scienocraft.com/ThankYou" "Mozilla/5.0 (Windows NT 6.1) AppleWebKit/537.36 (KHTML, like Gecko) Chrome/90.0.4430.93 Safari/537.36"
216.131.114.198 - - [11/Sep/2021:06:00:44 +0000] "GET /ThankYou HTTP/1.0" 200 47516 "https://scienocraft.com/ThankYou" "Mozilla/5.0 (Windows NT 6.1) AppleWebKit/537.36 (KHTML, like Gecko) Chrome/90.0.4430.93 Safari/537.36"
114.119.137.3 - - [11/Sep/2021:06:02:33 +0000] "GET /enquiry.php?pname=VACUUM%20DRYING%20CHAMBER%20(RECTANGULAR)/STI-423 HTTP/1.1" 301 299 "-" "Mozilla/5.0 (Linux; Android 7.0;) AppleWebKit/537.36 (KHTML, like Gecko) Mobile Safari/537.36 (compatible; PetalBot;+https://webmaster.petalsearch.com/site/petalbot)"
114.119.137.3 - - [11/Sep/2021:06:02:33 +0000] "GET /enquiry.php?pname=VACUUM%20DRYING%20CHAMBER%20(RECTANGULAR)/STI-423 HTTP/1.1" 200 61721 "-" "Mozilla/5.0 (Linux; Android 7.0;) AppleWebKit/537.36 (KHTML, like Gecko) Mobile Safari/537.36 (compatible; PetalBot;+https://webmaster.petalsearch.com/site/petalbot)"
66.249.64.224 - - [11/Sep/2021:06:02:36 +0000] "GET /robots.txt HTTP/1.1" 404 208 "-" "Mozilla/5.0 (compatible; Googlebot/2.1; +http://www.google.com/bot.html)"
66.249.64.251 - - [11/Sep/2021:06:02:38 +0000] "GET /BOMBCALORIMETER(DIGITAL).html HTTP/1.1" 200 53511 "-" "Mozilla/5.0 (compatible; Googlebot/2.1; +http://www.google.com/bot.html)"
35.229.93.118 - - [11/Sep/2021:06:02:46 +0000] "GET /Disclaimer HTTP/1.0" 301 242 "-" "ZoominfoBot (zoominfobot at zoominfo dot com)"
118.184.177.83 - - [11/Sep/2021:06:06:45 +0000] "GET / HTTP/1.1" 301 236 "-" "Sogou web spider/4.0(+http://www.sogou.com/docs/help/webmasters.htm#07)"
118.184.177.83 - - [11/Sep/2021:06:06:49 +0000] "GET / HTTP/1.1" 200 63934 "-" "Sogou web spider/4.0(+http://www.sogou.com/docs/help/webmasters.htm#07)"
84.244.20.250 - - [11/Sep/2021:06:08:22 +0000] "GET /ThankYou/ HTTP/1.0" 301 241 "http://scienocraft.com/ThankYou/" "Mozilla/5.0 (Windows NT 6.3; Win64; x64) AppleWebKit/537.36 (KHTML, like Gecko) Chrome/90.0.4430.72 Safari/537.36"
84.244.20.250 - - [11/Sep/2021:06:08:23 +0000] "GET /ThankYou/ HTTP/1.0" 404 207 "https://scienocraft.com/ThankYou/" "Mozilla/5.0 (Windows NT 6.3; Win64; x64) AppleWebKit/537.36 (KHTML, like Gecko) Chrome/90.0.4430.72 Safari/537.36"
84.244.20.250 - - [11/Sep/2021:06:08:24 +0000] "GET / HTTP/1.0" 200 63934 "https://scienocraft.com/" "Mozilla/5.0 (Windows NT 6.3; Win64; x64) AppleWebKit/537.36 (KHTML, like Gecko) Chrome/90.0.4430.72 Safari/537.36"
84.244.20.250 - - [11/Sep/2021:06:08:26 +0000] "GET /ContactUs HTTP/1.0" 301 241 "https://www.scienocraft.com/ContactUs" "Mozilla/5.0 (Windows NT 6.3; Win64; x64) AppleWebKit/537.36 (KHTML, like Gecko) Chrome/90.0.4430.72 Safari/537.36"
84.244.20.250 - - [11/Sep/2021:06:08:27 +0000] "GET /ContactUs HTTP/1.0" 200 49509 "https://scienocraft.com/ContactUs" "Mozilla/5.0 (Windows NT 6.3; Win64; x64) AppleWebKit/537.36 (KHTML, like Gecko) Chrome/90.0.4430.72 Safari/537.36"
114.119.137.238 - - [11/Sep/2021:06:13:43 +0000] "GET /all-products.php?maincategory=Clean%20Room%20Benches HTTP/1.1" 200 54299 "-" "Mozilla/5.0 (Linux; Android 7.0;) AppleWebKit/537.36 (KHTML, like Gecko) Mobile Safari/537.36 (compatible; PetalBot;+https://webmaster.petalsearch.com/site/petalbot)"
66.249.64.251 - - [11/Sep/2021:06:15:57 +0000] "GET /AUTOCLAVEPORTABLESINGLEnDOUBLEWALLED.html HTTP/1.1" 200 51959 "-" "Mozilla/5.0 (compatible; Googlebot/2.1; +http://www.google.com/bot.html)"
114.119.137.249 - - [11/Sep/2021:06:24:26 +0000] "GET /enquiry.php?pname=ORBITAL%20INCUBATOR%20SHAKER%20(HEATING)/%20STI-180%20A HTTP/1.1" 200 61723 "-" "Mozilla/5.0 (Linux; Android 7.0;) AppleWebKit/537.36 (KHTML, like Gecko) Mobile Safari/537.36 (compatible; PetalBot;+https://webmaster.petalsearch.com/site/petalbot)"
45.131.92.0 - - [11/Sep/2021:06:30:59 +0000] "GET /favicon.ico HTTP/1.1" 301 243 "-" "Go-http-client/1.1"
84.22.148.196 - - [11/Sep/2021:06:30:59 +0000] "GET / HTTP/1.1" 301 232 "-" "Go-http-client/1.1"
185.158.133.39 - - [11/Sep/2021:06:30:59 +0000] "GET / HTTP/1.1" 200 63934 "-" "Go-http-client/1.1"
191.101.95.192 - - [11/Sep/2021:06:30:59 +0000] "GET /favicon.ico HTTP/1.1" 404 209 "-" "Go-http-client/1.1"
77.90.170.248 - - [11/Sep/2021:06:31:00 +0000] "GET /favicon.ico HTTP/1.1" 404 209 "http://scienocraft.com/favicon.ico" "Go-http-client/1.1"
172.102.129.88 - - [11/Sep/2021:06:31:00 +0000] "GET / HTTP/1.1" 200 63934 "http://scienocraft.com/" "Go-http-client/1.1"
92.119.34.152 - - [11/Sep/2021:06:31:01 +0000] "GET /favicon.ico HTTP/1.1" 301 243 "-" "Go-http-client/1.1"
213.209.139.73 - - [11/Sep/2021:06:31:02 +0000] "GET /favicon.ico HTTP/1.1" 404 209 "-" "Go-http-client/1.1"
77.90.159.75 - - [11/Sep/2021:06:31:02 +0000] "GET /favicon.ico HTTP/1.1" 404 209 "http://scienocraft.com/favicon.ico" "Go-http-client/1.1"
114.119.137.43 - - [11/Sep/2021:06:31:38 +0000] "GET /SLIDEWARMINGPLATE.html HTTP/1.1" 301 254 "-" "Mozilla/5.0 (Linux; Android 7.0;) AppleWebKit/537.36 (KHTML, like Gecko) Mobile Safari/537.36 (compatible; PetalBot;+https://webmaster.petalsearch.com/site/petalbot)"
114.119.137.43 - - [11/Sep/2021:06:31:38 +0000] "GET /SLIDEWARMINGPLATE.html HTTP/1.1" 200 53571 "-" "Mozilla/5.0 (Linux; Android 7.0;) AppleWebKit/537.36 (KHTML, like Gecko) Mobile Safari/537.36 (compatible; PetalBot;+https://webmaster.petalsearch.com/site/petalbot)"
77.75.78.170 - - [11/Sep/2021:06:35:20 +0000] "GET /robots.txt HTTP/1.1" 404 208 "-" "Mozilla/5.0 (compatible; SeznamBot/3.2; +http://napoveda.seznam.cz/en/seznambot-intro/)"
77.75.78.170 - - [11/Sep/2021:06:35:22 +0000] "GET /BALLMILL.html HTTP/1.1" 200 52235 "-" "Mozilla/5.0 (compatible; SeznamBot/3.2; +http://napoveda.seznam.cz/en/seznambot-intro/)"
114.119.133.245 - - [11/Sep/2021:06:37:46 +0000] "GET /enquiry.php?pname=HUMDIIFIER%20(S.S.%20BODY)/STI-218 HTTP/1.1" 301 284 "-" "Mozilla/5.0 (Linux; Android 7.0;) AppleWebKit/537.36 (KHTML, like Gecko) Mobile Safari/537.36 (compatible; PetalBot;+https://webmaster.petalsearch.com/site/petalbot)"
114.119.133.245 - - [11/Sep/2021:06:37:47 +0000] "GET /enquiry.php?pname=HUMDIIFIER%20(S.S.%20BODY)/STI-218 HTTP/1.1" 200 61708 "-" "Mozilla/5.0 (Linux; Android 7.0;) AppleWebKit/537.36 (KHTML, like Gecko) Mobile Safari/537.36 (compatible; PetalBot;+https://webmaster.petalsearch.com/site/petalbot)"
114.119.137.43 - - [11/Sep/2021:06:43:09 +0000] "GET /enquiry.php?pname=WATER%20BATH%20SEROLOGICAL/STI-134 HTTP/1.1" 200 61708 "-" "Mozilla/5.0 (Linux; Android 7.0;) AppleWebKit/537.36 (KHTML, like Gecko) Mobile Safari/537.36 (compatible; PetalBot;+https://webmaster.petalsearch.com/site/petalbot)"
49.7.20.121 - - [11/Sep/2021:06:44:17 +0000] "GET / HTTP/1.1" 301 232 "-" "Sogou web spider/4.0(+http://www.sogou.com/docs/help/webmasters.htm#07)"
49.7.20.121 - - [11/Sep/2021:06:47:50 +0000] "GET / HTTP/1.1" 301 232 "-" "Sogou web spider/4.0(+http://www.sogou.com/docs/help/webmasters.htm#07)"
54.36.148.252 - - [11/Sep/2021:06:47:50 +0000] "GET / HTTP/1.1" 200 63934 "-" "Mozilla/5.0 (compatible; AhrefsBot/7.0; +http://ahrefs.com/robot/)"
114.119.137.252 - - [11/Sep/2021:06:48:38 +0000] "GET /HUMIDITYCHAMBER(HEATING).html HTTP/1.1" 301 261 "-" "Mozilla/5.0 (Linux; Android 7.0;) AppleWebKit/537.36 (KHTML, like Gecko) Mobile Safari/537.36 (compatible; PetalBot;+https://webmaster.petalsearch.com/site/petalbot)"
114.119.137.252 - - [11/Sep/2021:06:48:39 +0000] "GET /HUMIDITYCHAMBER(HEATING).html HTTP/1.1" 200 57487 "-" "Mozilla/5.0 (Linux; Android 7.0;) AppleWebKit/537.36 (KHTML, like Gecko) Mobile Safari/537.36 (compatible; PetalBot;+https://webmaster.petalsearch.com/site/petalbot)"
49.7.20.121 - - [11/Sep/2021:06:50:03 +0000] "GET / HTTP/1.1" 200 63934 "-" "Sogou web spider/4.0(+http://www.sogou.com/docs/help/webmasters.htm#07)"
66.249.64.251 - - [11/Sep/2021:06:52:11 +0000] "GET /BIOSAFETYCABINETCLASSIIA.html HTTP/1.1" 200 64274 "-" "Mozilla/5.0 (compatible; Googlebot/2.1; +http://www.google.com/bot.html)"
114.119.137.43 - - [11/Sep/2021:06:55:55 +0000] "GET /WATERBATHSINGLEWALLED.html HTTP/1.1" 301 258 "-" "Mozilla/5.0 (Linux; Android 7.0;) AppleWebKit/537.36 (KHTML, like Gecko) Mobile Safari/537.36 (compatible; PetalBot;+https://webmaster.petalsearch.com/site/petalbot)"
114.119.137.43 - - [11/Sep/2021:06:55:56 +0000] "GET /WATERBATHSINGLEWALLED.html HTTP/1.1" 200 57629 "-" "Mozilla/5.0 (Linux; Android 7.0;) AppleWebKit/537.36 (KHTML, like Gecko) Mobile Safari/537.36 (compatible; PetalBot;+https://webmaster.petalsearch.com/site/petalbot)"
195.154.87.159 - - [11/Sep/2021:06:59:41 +0000] "GET /wp-login.php HTTP/1.1" 301 244 "-" "Mozilla/5.0 (X11; Ubuntu; Linux x86_64; rv:62.0) Gecko/20100101 Firefox/62.0"
195.154.87.159 - - [11/Sep/2021:06:59:41 +0000] "GET /wp-login.php HTTP/1.1" 404 210 "http://scienocraft.com/wp-login.php" "Mozilla/5.0 (X11; Ubuntu; Linux x86_64; rv:62.0) Gecko/20100101 Firefox/62.0"
114.119.137.238 - - [11/Sep/2021:07:02:01 +0000] "GET /enquiry.php?pname=HP%20STEAM%20STERILIZER%20HORIZONTAL%20CYLINDRICAL%20/STI-118%20A HTTP/1.1" 200 61731 "-" "Mozilla/5.0 (Linux; Android 7.0;) AppleWebKit/537.36 (KHTML, like Gecko) Mobile Safari/537.36 (compatible; PetalBot;+https://webmaster.petalsearch.com/site/petalbot)"
114.119.137.45 - - [11/Sep/2021:07:07:18 +0000] "GET /AUTOCLAVEHORIZONTALDOUBLEWALL.html HTTP/1.1" 301 266 "-" "Mozilla/5.0 (Linux; Android 7.0;) AppleWebKit/537.36 (KHTML, like Gecko) Mobile Safari/537.36 (compatible; PetalBot;+https://webmaster.petalsearch.com/site/petalbot)"
114.119.137.45 - - [11/Sep/2021:07:07:18 +0000] "GET /AUTOCLAVEHORIZONTALDOUBLEWALL.html HTTP/1.1" 200 62118 "-" "Mozilla/5.0 (Linux; Android 7.0;) AppleWebKit/537.36 (KHTML, like Gecko) Mobile Safari/537.36 (compatible; PetalBot;+https://webmaster.petalsearch.com/site/petalbot)"
114.119.137.238 - - [11/Sep/2021:07:19:54 +0000] "GET /VACUUMOVENRECTANGULAR.html HTTP/1.1" 301 258 "-" "Mozilla/5.0 (Linux; Android 7.0;) AppleWebKit/537.36 (KHTML, like Gecko) Mobile Safari/537.36 (compatible; PetalBot;+https://webmaster.petalsearch.com/site/petalbot)"
114.119.137.238 - - [11/Sep/2021:07:19:54 +0000] "GET /VACUUMOVENRECTANGULAR.html HTTP/1.1" 200 57720 "-" "Mozilla/5.0 (Linux; Android 7.0;) AppleWebKit/537.36 (KHTML, like Gecko) Mobile Safari/537.36 (compatible; PetalBot;+https://webmaster.petalsearch.com/site/petalbot)"
54.36.148.99 - - [11/Sep/2021:07:23:38 +0000] "GET /CIRCULATORYBATHSTI-138(I)HEATING.html HTTP/1.1" 200 59668 "-" "Mozilla/5.0 (compatible; AhrefsBot/7.0; +http://ahrefs.com/robot/)"
66.249.64.224 - - [11/Sep/2021:07:24:44 +0000] "GET /STABILITYCHAMBER21CFR(ECOFRIENDLYCFCFREECOOLINGREFRIGERANT).html HTTP/1.1" 200 59014 "-" "Mozilla/5.0 (Linux; Android 6.0.1; Nexus 5X Build/MMB29P) AppleWebKit/537.36 (KHTML, like Gecko) Chrome/92.0.4515.119 Mobile Safari/537.36 (compatible; Googlebot/2.1; +http://www.google.com/bot.html)"
66.249.64.224 - - [11/Sep/2021:07:24:45 +0000] "GET /MASHINGBATH.html HTTP/1.1" 200 51710 "-" "Mozilla/5.0 (Linux; Android 6.0.1; Nexus 5X Build/MMB29P) AppleWebKit/537.36 (KHTML, like Gecko) Chrome/92.0.4515.119 Mobile Safari/537.36 (compatible; Googlebot/2.1; +http://www.google.com/bot.html)"
159.69.58.136 - - [11/Sep/2021:07:26:01 +0000] "GET / HTTP/1.1" 301 232 "-" "Mozilla/5.0 (Windows NT 10.0; Win64; x64) AppleWebKit/537.36 (KHTML, like Gecko)' Chrome/59.0.3071.115 Safari/537.36"
159.69.58.136 - - [11/Sep/2021:07:26:01 +0000] "GET / HTTP/1.1" 200 63934 "http://scienocraft.com/" "Mozilla/5.0 (Windows NT 10.0; Win64; x64) AppleWebKit/537.36 (KHTML, like Gecko)' Chrome/59.0.3071.115 Safari/537.36"
114.119.137.252 - - [11/Sep/2021:07:26:03 +0000] "GET /enquiry.php?pname=STATIC%20PASS%20BOX/%20STI-236%20A HTTP/1.1" 200 61704 "-" "Mozilla/5.0 (Linux; Android 7.0;) AppleWebKit/537.36 (KHTML, like Gecko) Mobile Safari/537.36 (compatible; PetalBot;+https://webmaster.petalsearch.com/site/petalbot)"
77.75.78.161 - - [11/Sep/2021:07:27:24 +0000] "GET /robots.txt HTTP/1.1" 404 208 "-" "Mozilla/5.0 (compatible; SeznamBot/3.2; +http://napoveda.seznam.cz/en/seznambot-intro/)"
77.75.78.161 - - [11/Sep/2021:07:27:27 +0000] "GET /TISSUEFLOTATIONBATH.html HTTP/1.1" 200 50815 "-" "Mozilla/5.0 (compatible; SeznamBot/3.2; +http://napoveda.seznam.cz/en/seznambot-intro/)"
66.249.64.251 - - [11/Sep/2021:07:27:55 +0000] "GET /certification.php HTTP/1.1" 200 47752 "-" "Mozilla/5.0 (Linux; Android 6.0.1; Nexus 5X Build/MMB29P) AppleWebKit/537.36 (KHTML, like Gecko) Chrome/92.0.4515.119 Mobile Safari/537.36 (compatible; Googlebot/2.1; +http://www.google.com/bot.html)"
66.249.64.253 - - [11/Sep/2021:07:29:38 +0000] "GET /PARRAFINWAXDISPENSER.html HTTP/1.1" 200 50515 "-" "Mozilla/5.0 (Linux; Android 6.0.1; Nexus 5X Build/MMB29P) AppleWebKit/537.36 (KHTML, like Gecko) Chrome/92.0.4515.119 Mobile Safari/537.36 (compatible; Googlebot/2.1; +http://www.google.com/bot.html)"
66.249.64.253 - - [11/Sep/2021:07:31:19 +0000] "GET /BOMBCALORIMETER(DIGITAL).html HTTP/1.1" 200 53511 "-" "Mozilla/5.0 (Linux; Android 6.0.1; Nexus 5X Build/MMB29P) AppleWebKit/537.36 (KHTML, like Gecko) Chrome/92.0.4515.119 Mobile Safari/537.36 (compatible; Googlebot/2.1; +http://www.google.com/bot.html)"
114.119.133.245 - - [11/Sep/2021:07:31:24 +0000] "GET /SALTSPRAYCHAMBER.html HTTP/1.1" 200 60694 "-" "Mozilla/5.0 (Linux; Android 7.0;) AppleWebKit/537.36 (KHTML, like Gecko) Mobile Safari/537.36 (compatible; PetalBot;+https://webmaster.petalsearch.com/site/petalbot)"
114.119.137.3 - - [11/Sep/2021:07:38:39 +0000] "GET /enquiry.php?pname=INCUBATOR%20%20OVEN%20COMBINED/STI-280 HTTP/1.1" 301 288 "-" "Mozilla/5.0 (Linux; Android 7.0;) AppleWebKit/537.36 (KHTML, like Gecko) Mobile Safari/537.36 (compatible; PetalBot;+https://webmaster.petalsearch.com/site/petalbot)"
114.119.137.3 - - [11/Sep/2021:07:38:39 +0000] "GET /enquiry.php?pname=INCUBATOR%20%20OVEN%20COMBINED/STI-280 HTTP/1.1" 200 61710 "-" "Mozilla/5.0 (Linux; Android 7.0;) AppleWebKit/537.36 (KHTML, like Gecko) Mobile Safari/537.36 (compatible; PetalBot;+https://webmaster.petalsearch.com/site/petalbot)"
54.36.148.216 - - [11/Sep/2021:07:42:54 +0000] "GET /AIRSHOWER.html HTTP/1.1" 200 58656 "-" "Mozilla/5.0 (compatible; AhrefsBot/7.0; +http://ahrefs.com/robot/)"
114.119.133.245 - - [11/Sep/2021:07:44:03 +0000] "GET /all-products.php?maincategory=Distillation%20Equipments HTTP/1.1" 301 287 "-" "Mozilla/5.0 (Linux; Android 7.0;) AppleWebKit/537.36 (KHTML, like Gecko) Mobile Safari/537.36 (compatible; PetalBot;+https://webmaster.petalsearch.com/site/petalbot)"
114.119.133.245 - - [11/Sep/2021:07:44:03 +0000] "GET /all-products.php?maincategory=Distillation%20Equipments HTTP/1.1" 200 55816 "-" "Mozilla/5.0 (Linux; Android 7.0;) AppleWebKit/537.36 (KHTML, like Gecko) Mobile Safari/537.36 (compatible; PetalBot;+https://webmaster.petalsearch.com/site/petalbot)"
114.119.137.45 - - [11/Sep/2021:07:51:12 +0000] "GET /enquiry.php?pname=WATER%20DISTILLATION%20APPARATUS(DELUXE%20MODEL)/STI-%20427 HTTP/1.1" 301 309 "-" "Mozilla/5.0 (Linux; Android 7.0;) AppleWebKit/537.36 (KHTML, like Gecko) Mobile Safari/537.36 (compatible; PetalBot;+https://webmaster.petalsearch.com/site/petalbot)"
114.119.137.45 - - [11/Sep/2021:07:51:13 +0000] "GET /enquiry.php?pname=WATER%20DISTILLATION%20APPARATUS(DELUXE%20MODEL)/STI-%20427 HTTP/1.1" 200 61729 "-" "Mozilla/5.0 (Linux; Android 7.0;) AppleWebKit/537.36 (KHTML, like Gecko) Mobile Safari/537.36 (compatible; PetalBot;+https://webmaster.petalsearch.com/site/petalbot)"
66.249.64.253 - - [11/Sep/2021:07:55:15 +0000] "GET /STABILITYCHAMBER21CFR(ECOFRIENDLYCFCFREECOOLINGREFRIGERANT).html HTTP/1.1" 200 59014 "-" "Mozilla/5.0 (compatible; Googlebot/2.1; +http://www.google.com/bot.html)"
66.249.64.253 - - [11/Sep/2021:07:56:46 +0000] "GET /certification.php HTTP/1.1" 200 47752 "-" "Mozilla/5.0 (compatible; Googlebot/2.1; +http://www.google.com/bot.html)"
66.249.64.224 - - [11/Sep/2021:07:58:45 +0000] "GET /INCINERATORPORTABLE(BIOMEDICALWASTEDISPOSAL).html HTTP/1.1" 200 60340 "-" "Mozilla/5.0 (compatible; Googlebot/2.1; +http://www.google.com/bot.html)"
114.119.133.245 - - [11/Sep/2021:08:00:36 +0000] "GET /robots.txt HTTP/1.1" 301 242 "-" "Mozilla/5.0 (compatible;PetalBot;+https://webmaster.petalsearch.com/site/petalbot)"
114.119.133.245 - - [11/Sep/2021:08:00:37 +0000] "GET /robots.txt HTTP/1.1" 404 208 "-" "Mozilla/5.0 (compatible;PetalBot;+https://webmaster.petalsearch.com/site/petalbot)"
54.36.149.54 - - [11/Sep/2021:08:02:21 +0000] "GET /LABPULVERISORDISCTYPE.html HTTP/1.1" 200 50405 "-" "Mozilla/5.0 (compatible; AhrefsBot/7.0; +http://ahrefs.com/robot/)"
114.119.137.252 - - [11/Sep/2021:08:04:35 +0000] "GET /enquiry.php?pname=SEED%20GERMINATOR%20%20DUAL%20CHAMBER%20STI%20192/STI-192 HTTP/1.1" 301 307 "-" "Mozilla/5.0 (Linux; Android 7.0;) AppleWebKit/537.36 (KHTML, like Gecko) Mobile Safari/537.36 (compatible; PetalBot;+https://webmaster.petalsearch.com/site/petalbot)"
114.119.137.252 - - [11/Sep/2021:08:04:35 +0000] "GET /enquiry.php?pname=SEED%20GERMINATOR%20%20DUAL%20CHAMBER%20STI%20192/STI-192 HTTP/1.1" 200 61723 "-" "Mozilla/5.0 (Linux; Android 7.0;) AppleWebKit/537.36 (KHTML, like Gecko) Mobile Safari/537.36 (compatible; PetalBot;+https://webmaster.petalsearch.com/site/petalbot)"
66.249.64.253 - - [11/Sep/2021:08:07:46 +0000] "GET /BODINCUBATOR.html HTTP/1.1" 200 60422 "-" "Mozilla/5.0 (Linux; Android 6.0.1; Nexus 5X Build/MMB29P) AppleWebKit/537.36 (KHTML, like Gecko) Chrome/92.0.4515.119 Mobile Safari/537.36 (compatible; Googlebot/2.1; +http://www.google.com/bot.html)"
66.249.64.253 - - [11/Sep/2021:08:09:29 +0000] "GET /EGGINCUBATOROrPOULTRYINCUBATOR.html HTTP/1.1" 200 56526 "-" "Mozilla/5.0 (compatible; Googlebot/2.1; +http://www.google.com/bot.html)"
114.119.137.45 - - [11/Sep/2021:08:13:36 +0000] "GET /VACUUMDRYINGCHAMBER(RECTANGULAR).html HTTP/1.1" 301 269 "-" "Mozilla/5.0 (Linux; Android 7.0;) AppleWebKit/537.36 (KHTML, like Gecko) Mobile Safari/537.36 (compatible; PetalBot;+https://webmaster.petalsearch.com/site/petalbot)"
114.119.137.45 - - [11/Sep/2021:08:13:39 +0000] "GET /VACUUMDRYINGCHAMBER(RECTANGULAR).html HTTP/1.1" 200 57683 "-" "Mozilla/5.0 (Linux; Android 7.0;) AppleWebKit/537.36 (KHTML, like Gecko) Mobile Safari/537.36 (compatible; PetalBot;+https://webmaster.petalsearch.com/site/petalbot)"
114.119.133.245 - - [11/Sep/2021:08:19:34 +0000] "GET /enquiry.php?pname=HOT%20AIR%20OVEN%20HIGH%20TEMP/STI-278/%20STI-279 HTTP/1.1" 301 299 "-" "Mozilla/5.0 (Linux; Android 7.0;) AppleWebKit/537.36 (KHTML, like Gecko) Mobile Safari/537.36 (compatible; PetalBot;+https://webmaster.petalsearch.com/site/petalbot)"
114.119.133.245 - - [11/Sep/2021:08:19:35 +0000] "GET /enquiry.php?pname=HOT%20AIR%20OVEN%20HIGH%20TEMP/STI-278/%20STI-279 HTTP/1.1" 200 61717 "-" "Mozilla/5.0 (Linux; Android 7.0;) AppleWebKit/537.36 (KHTML, like Gecko) Mobile Safari/537.36 (compatible; PetalBot;+https://webmaster.petalsearch.com/site/petalbot)"
188.122.82.146 - - [11/Sep/2021:08:21:42 +0000] "GET /ThankYou/ HTTP/1.0" 301 241 "http://scienocraft.com/ThankYou/" "Mozilla/5.0 (Windows NT 10.0; Win64; x64) AppleWebKit/537.36 (KHTML, like Gecko) Chrome/90.0.4430.86 Safari/537.36"
188.122.82.146 - - [11/Sep/2021:08:21:42 +0000] "GET /ThankYou/ HTTP/1.0" 301 241 "http://scienocraft.com/ThankYou/" "Mozilla/5.0 (Windows NT 6.3; Win64; x64) AppleWebKit/537.36 (KHTML, like Gecko) Chrome/90.0.4430.72 Safari/537.36 Edg/90.0.818.42"
188.122.82.146 - - [11/Sep/2021:08:21:43 +0000] "GET /ThankYou/ HTTP/1.0" 404 207 "https://scienocraft.com/ThankYou/" "Mozilla/5.0 (Windows NT 6.3; Win64; x64) AppleWebKit/537.36 (KHTML, like Gecko) Chrome/90.0.4430.72 Safari/537.36 Edg/90.0.818.42"
188.122.82.146 - - [11/Sep/2021:08:21:43 +0000] "GET /ThankYou/ HTTP/1.0" 404 207 "https://scienocraft.com/ThankYou/" "Mozilla/5.0 (Windows NT 10.0; Win64; x64) AppleWebKit/537.36 (KHTML, like Gecko) Chrome/90.0.4430.86 Safari/537.36"
188.122.82.146 - - [11/Sep/2021:08:21:44 +0000] "GET / HTTP/1.0" 200 63934 "https://scienocraft.com/" "Mozilla/5.0 (Windows NT 10.0; Win64; x64) AppleWebKit/537.36 (KHTML, like Gecko) Chrome/90.0.4430.86 Safari/537.36"
188.122.82.146 - - [11/Sep/2021:08:21:44 +0000] "GET / HTTP/1.0" 200 63934 "https://scienocraft.com/" "Mozilla/5.0 (Windows NT 6.3; Win64; x64) AppleWebKit/537.36 (KHTML, like Gecko) Chrome/90.0.4430.72 Safari/537.36 Edg/90.0.818.42"
188.122.82.146 - - [11/Sep/2021:08:21:46 +0000] "GET /ContactUs HTTP/1.0" 301 241 "https://www.scienocraft.com/ContactUs" "Mozilla/5.0 (Windows NT 10.0; Win64; x64) AppleWebKit/537.36 (KHTML, like Gecko) Chrome/90.0.4430.86 Safari/537.36"
188.122.82.146 - - [11/Sep/2021:08:21:47 +0000] "GET /ContactUs HTTP/1.0" 301 241 "https://www.scienocraft.com/ContactUs" "Mozilla/5.0 (Windows NT 6.3; Win64; x64) AppleWebKit/537.36 (KHTML, like Gecko) Chrome/90.0.4430.72 Safari/537.36 Edg/90.0.818.42"
188.122.82.146 - - [11/Sep/2021:08:21:47 +0000] "GET /ContactUs HTTP/1.0" 200 49509 "https://scienocraft.com/ContactUs" "Mozilla/5.0 (Windows NT 10.0; Win64; x64) AppleWebKit/537.36 (KHTML, like Gecko) Chrome/90.0.4430.86 Safari/537.36"
188.122.82.146 - - [11/Sep/2021:08:21:48 +0000] "GET /ContactUs HTTP/1.0" 200 49509 "https://scienocraft.com/ContactUs" "Mozilla/5.0 (Windows NT 6.3; Win64; x64) AppleWebKit/537.36 (KHTML, like Gecko) Chrome/90.0.4430.72 Safari/537.36 Edg/90.0.818.42"
49.7.20.116 - - [11/Sep/2021:08:24:31 +0000] "GET / HTTP/1.1" 301 236 "-" "Sogou web spider/4.0(+http://www.sogou.com/docs/help/webmasters.htm#07)"
114.119.137.38 - - [11/Sep/2021:08:24:34 +0000] "GET /VACUUMDRYINGCHAMBER(RECTANGULAR).html HTTP/1.1" 200 57683 "-" "Mozilla/5.0 (Linux; Android 7.0;) AppleWebKit/537.36 (KHTML, like Gecko) Mobile Safari/537.36 (compatible; PetalBot;+https://webmaster.petalsearch.com/site/petalbot)"
46.161.11.41 - - [11/Sep/2021:08:25:20 +0000] "GET /enquiry.php HTTP/1.0" 200 61678 "https://scienocraft.com/enquiry.php" "Mozilla/5.0 (Windows NT 6.1) AppleWebKit/537.36 (KHTML, like Gecko) Chrome/90.0.4430.85 Safari/537.36"
46.161.11.41 - - [11/Sep/2021:08:25:20 +0000] "GET /enquiry.php HTTP/1.0" 200 61678 "https://scienocraft.com/enquiry.php" "Mozilla/5.0 (Windows NT 10.0; WOW64) AppleWebKit/537.36 (KHTML, like Gecko) Chrome/90.0.4430.72 Safari/537.36"
46.161.11.41 - - [11/Sep/2021:08:25:21 +0000] "GET /enquiry.php HTTP/1.0" 200 61678 "https://scienocraft.com/enquiry.php" "Mozilla/5.0 (Windows NT 10.0) AppleWebKit/537.36 (KHTML, like Gecko) Chrome/90.0.4430.93 Safari/537.36"
114.119.137.249 - - [11/Sep/2021:08:29:55 +0000] "GET /enquiry.php?pname=INCINERATOR%20PORTABLE%20(BIO%20MEDICAL%20WASTE%20DISPOSAL)/ HTTP/1.1" 301 310 "-" "Mozilla/5.0 (Linux; Android 7.0;) AppleWebKit/537.36 (KHTML, like Gecko) Mobile Safari/537.36 (compatible; PetalBot;+https://webmaster.petalsearch.com/site/petalbot)"
114.119.137.249 - - [11/Sep/2021:08:29:55 +0000] "GET /enquiry.php?pname=INCINERATOR%20PORTABLE%20(BIO%20MEDICAL%20WASTE%20DISPOSAL)/ HTTP/1.1" 200 61728 "-" "Mozilla/5.0 (Linux; Android 7.0;) AppleWebKit/537.36 (KHTML, like Gecko) Mobile Safari/537.36 (compatible; PetalBot;+https://webmaster.petalsearch.com/site/petalbot)"
49.7.21.85 - - [11/Sep/2021:08:31:53 +0000] "GET / HTTP/1.1" 301 232 "-" "Sogou web spider/4.0(+http://www.sogou.com/docs/help/webmasters.htm#07)"
114.119.137.3 - - [11/Sep/2021:08:38:36 +0000] "GET /enquiry.php?pname=VACUUM%20DRYING%20CHAMBER%20(RECTANGULAR)/STI-423 HTTP/1.1" 200 61721 "-" "Mozilla/5.0 (Linux; Android 7.0;) AppleWebKit/537.36 (KHTML, like Gecko) Mobile Safari/537.36 (compatible; PetalBot;+https://webmaster.petalsearch.com/site/petalbot)"
54.36.148.18 - - [11/Sep/2021:08:40:17 +0000] "GET /WATERBATHSHAKERSTI-135A(HEATING).html HTTP/1.1" 200 62039 "-" "Mozilla/5.0 (compatible; AhrefsBot/7.0; +http://ahrefs.com/robot/)"
77.75.76.164 - - [11/Sep/2021:08:42:01 +0000] "GET /robots.txt HTTP/1.1" 404 208 "-" "Mozilla/5.0 (compatible; SeznamBot/3.2; +http://napoveda.seznam.cz/en/seznambot-intro/)"
77.75.76.164 - - [11/Sep/2021:08:42:03 +0000] "GET /INDUSTRIALDRYINGOVEN.html HTTP/1.1" 200 58713 "-" "Mozilla/5.0 (compatible; SeznamBot/3.2; +http://napoveda.seznam.cz/en/seznambot-intro/)"
114.119.133.245 - - [11/Sep/2021:08:47:21 +0000] "GET /PrivacyPolicy HTTP/1.1" 301 245 "-" "Mozilla/5.0 (Linux; Android 7.0;) AppleWebKit/537.36 (KHTML, like Gecko) Mobile Safari/537.36 (compatible; PetalBot;+https://webmaster.petalsearch.com/site/petalbot)"
114.119.133.245 - - [11/Sep/2021:08:47:21 +0000] "GET /PrivacyPolicy HTTP/1.1" 200 46411 "-" "Mozilla/5.0 (Linux; Android 7.0;) AppleWebKit/537.36 (KHTML, like Gecko) Mobile Safari/537.36 (compatible; PetalBot;+https://webmaster.petalsearch.com/site/petalbot)"
66.249.64.145 - - [11/Sep/2021:08:47:29 +0000] "GET /CEMENTAUTOCLAVE.html HTTP/1.1" 301 256 "-" "Mozilla/5.0 (Linux; Android 6.0.1; Nexus 5X Build/MMB29P) AppleWebKit/537.36 (KHTML, like Gecko) Chrome/93.0.4577.80 Mobile Safari/537.36 (compatible; Googlebot/2.1; +http://www.google.com/bot.html)"
66.249.64.139 - - [11/Sep/2021:08:47:30 +0000] "GET /CEMENTAUTOCLAVE.html HTTP/1.1" 301 252 "-" "Mozilla/5.0 (Linux; Android 6.0.1; Nexus 5X Build/MMB29P) AppleWebKit/537.36 (KHTML, like Gecko) Chrome/93.0.4577.80 Mobile Safari/537.36 (compatible; Googlebot/2.1; +http://www.google.com/bot.html)"
66.249.64.224 - - [11/Sep/2021:08:47:31 +0000] "GET /CEMENTAUTOCLAVE.html HTTP/1.1" 200 51540 "-" "Mozilla/5.0 (Linux; Android 6.0.1; Nexus 5X Build/MMB29P) AppleWebKit/537.36 (KHTML, like Gecko) Chrome/93.0.4577.80 Mobile Safari/537.36 (compatible; Googlebot/2.1; +http://www.google.com/bot.html)"
114.119.137.238 - - [11/Sep/2021:08:52:40 +0000] "GET /WATERSTILLBARNSTEADTYPETABLEPATTERN.html HTTP/1.1" 301 272 "-" "Mozilla/5.0 (Linux; Android 7.0;) AppleWebKit/537.36 (KHTML, like Gecko) Mobile Safari/537.36 (compatible; PetalBot;+https://webmaster.petalsearch.com/site/petalbot)"
114.119.137.238 - - [11/Sep/2021:08:52:41 +0000] "GET /WATERSTILLBARNSTEADTYPETABLEPATTERN.html HTTP/1.1" 200 55223 "-" "Mozilla/5.0 (Linux; Android 7.0;) AppleWebKit/537.36 (KHTML, like Gecko) Mobile Safari/537.36 (compatible; PetalBot;+https://webmaster.petalsearch.com/site/petalbot)"
49.7.21.87 - - [11/Sep/2021:08:57:07 +0000] "GET / HTTP/1.1" 200 63934 "-" "Sogou web spider/4.0(+http://www.sogou.com/docs/help/webmasters.htm#07)"
114.119.137.38 - - [11/Sep/2021:09:01:44 +0000] "GET /enquiry.php?pname=AUTOCLAVE%20VERTICAL%20DOUBLE%20WALL%20SEMI%20AUTO/STI%20-115D%20SA HTTP/1.1" 200 61731 "-" "Mozilla/5.0 (Linux; Android 7.0;) AppleWebKit/537.36 (KHTML, like Gecko) Mobile Safari/537.36 (compatible; PetalBot;+https://webmaster.petalsearch.com/site/petalbot)"
216.131.114.204 - - [11/Sep/2021:09:02:33 +0000] "GET /enquiry.php HTTP/1.0" 200 61678 "https://scienocraft.com/enquiry.php" "Mozilla/5.0 (Windows NT 10.0; Win64; x64) AppleWebKit/537.36 (KHTML, like Gecko) Chrome/90.0.4430.93 Safari/537.36"
216.131.114.204 - - [11/Sep/2021:09:02:34 +0000] "POST /submit-enquiry.php HTTP/1.0" 200 139 "https://scienocraft.com/enquiry.php" "Mozilla/5.0 (Windows NT 10.0; Win64; x64) AppleWebKit/537.36 (KHTML, like Gecko) Chrome/90.0.4430.93 Safari/537.36"
216.131.114.204 - - [11/Sep/2021:09:02:38 +0000] "GET /ThankYou HTTP/1.0" 301 240 "https://www.scienocraft.com/ThankYou" "Mozilla/5.0 (Windows NT 10.0; Win64; x64) AppleWebKit/537.36 (KHTML, like Gecko) Chrome/90.0.4430.93 Safari/537.36"
216.131.114.205 - - [11/Sep/2021:09:02:39 +0000] "GET /ThankYou HTTP/1.0" 200 47516 "https://scienocraft.com/ThankYou" "Mozilla/5.0 (Windows NT 10.0; Win64; x64) AppleWebKit/537.36 (KHTML, like Gecko) Chrome/90.0.4430.93 Safari/537.36"
188.122.82.146 - - [11/Sep/2021:09:02:46 +0000] "GET /ThankYou/ HTTP/1.0" 301 241 "http://scienocraft.com/ThankYou/" "Mozilla/5.0 (Windows NT 10.0; Win64; x64) AppleWebKit/537.36 (KHTML, like Gecko) Chrome/90.0.4430.85 Safari/537.36 Edg/90.0.818.46"
188.122.82.146 - - [11/Sep/2021:09:02:46 +0000] "GET /ThankYou/ HTTP/1.0" 301 241 "http://scienocraft.com/ThankYou/" "Mozilla/5.0 (Windows NT 10.0; Win64; x64) AppleWebKit/537.36 (KHTML, like Gecko) Chrome/90.0.4430.86 Safari/537.36"
188.122.82.146 - - [11/Sep/2021:09:02:47 +0000] "GET /ThankYou/ HTTP/1.0" 404 207 "https://scienocraft.com/ThankYou/" "Mozilla/5.0 (Windows NT 10.0; Win64; x64) AppleWebKit/537.36 (KHTML, like Gecko) Chrome/90.0.4430.85 Safari/537.36 Edg/90.0.818.46"
188.122.82.146 - - [11/Sep/2021:09:02:48 +0000] "GET /ThankYou/ HTTP/1.0" 404 207 "https://scienocraft.com/ThankYou/" "Mozilla/5.0 (Windows NT 10.0; Win64; x64) AppleWebKit/537.36 (KHTML, like Gecko) Chrome/90.0.4430.86 Safari/537.36"
188.122.82.146 - - [11/Sep/2021:09:02:48 +0000] "GET / HTTP/1.0" 200 63934 "https://scienocraft.com/" "Mozilla/5.0 (Windows NT 10.0; Win64; x64) AppleWebKit/537.36 (KHTML, like Gecko) Chrome/90.0.4430.85 Safari/537.36 Edg/90.0.818.46"
188.122.82.146 - - [11/Sep/2021:09:02:51 +0000] "GET /ContactUs HTTP/1.0" 301 241 "https://www.scienocraft.com/ContactUs" "Mozilla/5.0 (Windows NT 10.0; Win64; x64) AppleWebKit/537.36 (KHTML, like Gecko) Chrome/90.0.4430.85 Safari/537.36 Edg/90.0.818.46"
188.122.82.146 - - [11/Sep/2021:09:02:50 +0000] "GET / HTTP/1.0" 200 63934 "https://scienocraft.com/" "Mozilla/5.0 (Windows NT 10.0; Win64; x64) AppleWebKit/537.36 (KHTML, like Gecko) Chrome/90.0.4430.86 Safari/537.36"
188.122.82.146 - - [11/Sep/2021:09:02:52 +0000] "GET /ContactUs HTTP/1.0" 200 49509 "https://scienocraft.com/ContactUs" "Mozilla/5.0 (Windows NT 10.0; Win64; x64) AppleWebKit/537.36 (KHTML, like Gecko) Chrome/90.0.4430.85 Safari/537.36 Edg/90.0.818.46"
188.122.82.146 - - [11/Sep/2021:09:02:56 +0000] "GET /ContactUs HTTP/1.0" 301 241 "https://www.scienocraft.com/ContactUs" "Mozilla/5.0 (Windows NT 10.0; Win64; x64) AppleWebKit/537.36 (KHTML, like Gecko) Chrome/90.0.4430.86 Safari/537.36"
188.122.82.146 - - [11/Sep/2021:09:02:57 +0000] "GET /ContactUs HTTP/1.0" 200 49509 "https://scienocraft.com/ContactUs" "Mozilla/5.0 (Windows NT 10.0; Win64; x64) AppleWebKit/537.36 (KHTML, like Gecko) Chrome/90.0.4430.86 Safari/537.36"
185.191.171.13 - - [11/Sep/2021:09:08:12 +0000] "GET /robots.txt HTTP/1.1" 404 208 "-" "Mozilla/5.0 (compatible; SemrushBot/7~bl; +http://www.semrush.com/bot.html)"
185.191.171.10 - - [11/Sep/2021:09:08:13 +0000] "GET /all-products.php?maincategory=Lab%20Equipments%20%28Heating%29 HTTP/1.1" 200 52596 "-" "Mozilla/5.0 (compatible; SemrushBot/7~bl; +http://www.semrush.com/bot.html)"
114.119.137.249 - - [11/Sep/2021:09:08:17 +0000] "GET /enquiry.php?pname=HEATING%20MANTLE/STI-270 HTTP/1.1" 301 274 "-" "Mozilla/5.0 (Linux; Android 7.0;) AppleWebKit/537.36 (KHTML, like Gecko) Mobile Safari/537.36 (compatible; PetalBot;+https://webmaster.petalsearch.com/site/petalbot)"
114.119.137.249 - - [11/Sep/2021:09:08:17 +0000] "GET /enquiry.php?pname=HEATING%20MANTLE/STI-270 HTTP/1.1" 200 61700 "-" "Mozilla/5.0 (Linux; Android 7.0;) AppleWebKit/537.36 (KHTML, like Gecko) Mobile Safari/537.36 (compatible; PetalBot;+https://webmaster.petalsearch.com/site/petalbot)"
114.119.137.43 - - [11/Sep/2021:09:14:36 +0000] "GET /INSPISATORBATH.html HTTP/1.1" 301 251 "-" "Mozilla/5.0 (Linux; Android 7.0;) AppleWebKit/537.36 (KHTML, like Gecko) Mobile Safari/537.36 (compatible; PetalBot;+https://webmaster.petalsearch.com/site/petalbot)"
114.119.137.43 - - [11/Sep/2021:09:14:37 +0000] "GET /INSPISATORBATH.html HTTP/1.1" 200 51499 "-" "Mozilla/5.0 (Linux; Android 7.0;) AppleWebKit/537.36 (KHTML, like Gecko) Mobile Safari/537.36 (compatible; PetalBot;+https://webmaster.petalsearch.com/site/petalbot)"
54.36.148.135 - - [11/Sep/2021:09:18:38 +0000] "GET /HYBRIDIZTIONINCUBATORCOOLING.html HTTP/1.1" 200 57199 "-" "Mozilla/5.0 (compatible; AhrefsBot/7.0; +http://ahrefs.com/robot/)"
114.119.137.45 - - [11/Sep/2021:09:20:11 +0000] "GET /enquiry.php?pname=CIRCULATORY%20BATH%20STI-138(I)%20HEATING/STI-138(II)%20COOLING HTTP/1.1" 200 61733 "-" "Mozilla/5.0 (Linux; Android 7.0;) AppleWebKit/537.36 (KHTML, like Gecko) Mobile Safari/537.36 (compatible; PetalBot;+https://webmaster.petalsearch.com/site/petalbot)"
77.75.76.163 - - [11/Sep/2021:09:20:33 +0000] "GET /robots.txt HTTP/1.1" 404 208 "-" "Mozilla/5.0 (compatible; SeznamBot/3.2; +http://napoveda.seznam.cz/en/seznambot-intro/)"
77.75.76.163 - - [11/Sep/2021:09:20:35 +0000] "GET /MORTUARYCABINET.html HTTP/1.1" 200 56228 "-" "Mozilla/5.0 (compatible; SeznamBot/3.2; +http://napoveda.seznam.cz/en/seznambot-intro/)"
92.38.136.69 - - [11/Sep/2021:09:20:45 +0000] "GET /ThankYou/ HTTP/1.0" 301 241 "http://scienocraft.com/ThankYou/" "Mozilla/5.0 (Windows NT 10.0; Win64; x64) AppleWebKit/537.36 (KHTML, like Gecko) Chrome/90.0.4430.72 Safari/537.36 Edg/90.0.818.39"
92.38.136.69 - - [11/Sep/2021:09:20:45 +0000] "GET /ThankYou/ HTTP/1.0" 301 241 "http://scienocraft.com/ThankYou/" "Mozilla/5.0 (Windows NT 6.1) AppleWebKit/537.36 (KHTML, like Gecko) Chrome/90.0.4430.72 Safari/537.36"
92.38.136.69 - - [11/Sep/2021:09:20:45 +0000] "GET /ThankYou/ HTTP/1.0" 301 241 "http://scienocraft.com/ThankYou/" "Mozilla/5.0 (Windows NT 6.1; WOW64) AppleWebKit/537.36 (KHTML, like Gecko) Chrome/90.0.4430.85 Safari/537.36"
92.38.136.69 - - [11/Sep/2021:09:20:46 +0000] "GET /ThankYou/ HTTP/1.0" 301 241 "http://scienocraft.com/ThankYou/" "Mozilla/5.0 (Windows NT 6.1; Win64; x64) AppleWebKit/537.36 (KHTML, like Gecko) Chrome/90.0.4430.85 Safari/537.36 Edg/90.0.818.49"
92.38.136.69 - - [11/Sep/2021:09:20:46 +0000] "GET /ThankYou/ HTTP/1.0" 404 207 "https://scienocraft.com/ThankYou/" "Mozilla/5.0 (Windows NT 6.1) AppleWebKit/537.36 (KHTML, like Gecko) Chrome/90.0.4430.72 Safari/537.36"
92.38.136.69 - - [11/Sep/2021:09:20:46 +0000] "GET /ThankYou/ HTTP/1.0" 404 207 "https://scienocraft.com/ThankYou/" "Mozilla/5.0 (Windows NT 10.0; Win64; x64) AppleWebKit/537.36 (KHTML, like Gecko) Chrome/90.0.4430.72 Safari/537.36 Edg/90.0.818.39"
92.38.136.69 - - [11/Sep/2021:09:20:46 +0000] "GET /ThankYou/ HTTP/1.0" 404 207 "https://scienocraft.com/ThankYou/" "Mozilla/5.0 (Windows NT 6.1; WOW64) AppleWebKit/537.36 (KHTML, like Gecko) Chrome/90.0.4430.85 Safari/537.36"
92.38.136.69 - - [11/Sep/2021:09:20:47 +0000] "GET /ThankYou/ HTTP/1.0" 404 207 "https://scienocraft.com/ThankYou/" "Mozilla/5.0 (Windows NT 6.1; Win64; x64) AppleWebKit/537.36 (KHTML, like Gecko) Chrome/90.0.4430.85 Safari/537.36 Edg/90.0.818.49"
92.38.136.69 - - [11/Sep/2021:09:20:47 +0000] "GET / HTTP/1.0" 200 63934 "https://scienocraft.com/" "Mozilla/5.0 (Windows NT 10.0; Win64; x64) AppleWebKit/537.36 (KHTML, like Gecko) Chrome/90.0.4430.72 Safari/537.36 Edg/90.0.818.39"
92.38.136.69 - - [11/Sep/2021:09:20:47 +0000] "GET / HTTP/1.0" 200 63934 "https://scienocraft.com/" "Mozilla/5.0 (Windows NT 6.1) AppleWebKit/537.36 (KHTML, like Gecko) Chrome/90.0.4430.72 Safari/537.36"
92.38.136.69 - - [11/Sep/2021:09:20:47 +0000] "GET / HTTP/1.0" 200 63934 "https://scienocraft.com/" "Mozilla/5.0 (Windows NT 6.1; WOW64) AppleWebKit/537.36 (KHTML, like Gecko) Chrome/90.0.4430.85 Safari/537.36"
92.38.136.69 - - [11/Sep/2021:09:20:47 +0000] "GET / HTTP/1.0" 200 63934 "https://scienocraft.com/" "Mozilla/5.0 (Windows NT 6.1; Win64; x64) AppleWebKit/537.36 (KHTML, like Gecko) Chrome/90.0.4430.85 Safari/537.36 Edg/90.0.818.49"
92.38.136.69 - - [11/Sep/2021:09:20:48 +0000] "GET /ContactUs HTTP/1.0" 301 241 "https://www.scienocraft.com/ContactUs" "Mozilla/5.0 (Windows NT 10.0; Win64; x64) AppleWebKit/537.36 (KHTML, like Gecko) Chrome/90.0.4430.72 Safari/537.36 Edg/90.0.818.39"
92.38.136.69 - - [11/Sep/2021:09:20:48 +0000] "GET /ContactUs HTTP/1.0" 301 241 "https://www.scienocraft.com/ContactUs" "Mozilla/5.0 (Windows NT 6.1) AppleWebKit/537.36 (KHTML, like Gecko) Chrome/90.0.4430.72 Safari/537.36"
92.38.136.69 - - [11/Sep/2021:09:20:48 +0000] "GET /ContactUs HTTP/1.0" 301 241 "https://www.scienocraft.com/ContactUs" "Mozilla/5.0 (Windows NT 6.1; WOW64) AppleWebKit/537.36 (KHTML, like Gecko) Chrome/90.0.4430.85 Safari/537.36"
92.38.136.69 - - [11/Sep/2021:09:20:49 +0000] "GET /ContactUs HTTP/1.0" 301 241 "https://www.scienocraft.com/ContactUs" "Mozilla/5.0 (Windows NT 6.1; Win64; x64) AppleWebKit/537.36 (KHTML, like Gecko) Chrome/90.0.4430.85 Safari/537.36 Edg/90.0.818.49"
92.38.136.69 - - [11/Sep/2021:09:20:49 +0000] "GET /ContactUs HTTP/1.0" 200 49509 "https://scienocraft.com/ContactUs" "Mozilla/5.0 (Windows NT 6.1) AppleWebKit/537.36 (KHTML, like Gecko) Chrome/90.0.4430.72 Safari/537.36"
92.38.136.69 - - [11/Sep/2021:09:20:49 +0000] "GET /ContactUs HTTP/1.0" 200 49509 "https://scienocraft.com/ContactUs" "Mozilla/5.0 (Windows NT 6.1; WOW64) AppleWebKit/537.36 (KHTML, like Gecko) Chrome/90.0.4430.85 Safari/537.36"
92.38.136.69 - - [11/Sep/2021:09:20:49 +0000] "GET /ContactUs HTTP/1.0" 200 49509 "https://scienocraft.com/ContactUs" "Mozilla/5.0 (Windows NT 10.0; Win64; x64) AppleWebKit/537.36 (KHTML, like Gecko) Chrome/90.0.4430.72 Safari/537.36 Edg/90.0.818.39"
92.38.136.69 - - [11/Sep/2021:09:20:49 +0000] "GET /ContactUs HTTP/1.0" 200 49509 "https://scienocraft.com/ContactUs" "Mozilla/5.0 (Windows NT 6.1; Win64; x64) AppleWebKit/537.36 (KHTML, like Gecko) Chrome/90.0.4430.85 Safari/537.36 Edg/90.0.818.49"
66.249.64.253 - - [11/Sep/2021:09:25:00 +0000] "GET /INCINERATORPORTABLE(BIOMEDICALWASTEDISPOSAL).html HTTP/1.1" 200 60340 "-" "Mozilla/5.0 (Linux; Android 6.0.1; Nexus 5X Build/MMB29P) AppleWebKit/537.36 (KHTML, like Gecko) Chrome/92.0.4515.119 Mobile Safari/537.36 (compatible; Googlebot/2.1; +http://www.google.com/bot.html)"
66.249.64.251 - - [11/Sep/2021:09:25:12 +0000] "GET /menucss/menu.css HTTP/1.1" 404 214 "https://scienocraft.com/INCINERATORPORTABLE(BIOMEDICALWASTEDISPOSAL).html" "Mozilla/5.0 (Linux; Android 6.0.1; Nexus 5X Build/MMB29P) AppleWebKit/537.36 (KHTML, like Gecko) Chrome/92.0.4515.119 Mobile Safari/537.36 (compatible; Googlebot/2.1; +http://www.google.com/bot.html)"
49.7.21.87 - - [11/Sep/2021:09:25:15 +0000] "GET / HTTP/1.1" 200 63934 "-" "Sogou web spider/4.0(+http://www.sogou.com/docs/help/webmasters.htm#07)"
66.249.64.251 - - [11/Sep/2021:09:25:18 +0000] "GET /INCINERATORPORTABLE(BIOMEDICALWASTEDISPOSAL).html HTTP/1.1" 200 60340 "-" "Mozilla/5.0 (Linux; Android 6.0.1; Nexus 5X Build/MMB29P) AppleWebKit/537.36 (KHTML, like Gecko) Chrome/92.0.4515.119 Mobile Safari/537.36 (compatible; Googlebot/2.1; +http://www.google.com/bot.html)"
118.184.177.92 - - [11/Sep/2021:09:27:00 +0000] "GET / HTTP/1.1" 301 236 "-" "Sogou web spider/4.0(+http://www.sogou.com/docs/help/webmasters.htm#07)"
118.184.177.89 - - [11/Sep/2021:09:27:01 +0000] "GET / HTTP/1.1" 301 232 "-" "Sogou web spider/4.0(+http://www.sogou.com/docs/help/webmasters.htm#07)"
118.184.177.92 - - [11/Sep/2021:09:27:03 +0000] "GET / HTTP/1.1" 200 63934 "-" "Sogou web spider/4.0(+http://www.sogou.com/docs/help/webmasters.htm#07)"
114.119.137.31 - - [11/Sep/2021:09:28:30 +0000] "GET /CO2INCUBATORAIRJACKETED-HEATING.html HTTP/1.1" 301 268 "-" "Mozilla/5.0 (Linux; Android 7.0;) AppleWebKit/537.36 (KHTML, like Gecko) Mobile Safari/537.36 (compatible; PetalBot;+https://webmaster.petalsearch.com/site/petalbot)"
114.119.137.31 - - [11/Sep/2021:09:28:31 +0000] "GET /CO2INCUBATORAIRJACKETED-HEATING.html HTTP/1.1" 200 58935 "-" "Mozilla/5.0 (Linux; Android 7.0;) AppleWebKit/537.36 (KHTML, like Gecko) Mobile Safari/537.36 (compatible; PetalBot;+https://webmaster.petalsearch.com/site/petalbot)"
114.119.137.3 - - [11/Sep/2021:09:35:16 +0000] "GET /WATERSTILLMANESTYTYPEWALLMOUNTING.html HTTP/1.1" 301 270 "-" "Mozilla/5.0 (Linux; Android 7.0;) AppleWebKit/537.36 (KHTML, like Gecko) Mobile Safari/537.36 (compatible; PetalBot;+https://webmaster.petalsearch.com/site/petalbot)"
114.119.137.3 - - [11/Sep/2021:09:35:17 +0000] "GET /WATERSTILLMANESTYTYPEWALLMOUNTING.html HTTP/1.1" 200 55597 "-" "Mozilla/5.0 (Linux; Android 7.0;) AppleWebKit/537.36 (KHTML, like Gecko) Mobile Safari/537.36 (compatible; PetalBot;+https://webmaster.petalsearch.com/site/petalbot)"
17.121.112.252 - - [11/Sep/2021:09:37:39 +0000] "GET /robots.txt HTTP/1.1" 404 208 "-" "Mozilla/5.0 (Macintosh; Intel Mac OS X 10_15_5) AppleWebKit/605.1.15 (KHTML, like Gecko) Version/13.1.1 Safari/605.1.15 (Applebot/0.1; +http://www.apple.com/go/applebot)"
17.121.112.252 - - [11/Sep/2021:09:37:39 +0000] "GET /images/enquiry_banner.jpg HTTP/1.1" 200 67537 "-" "Mozilla/5.0 (Macintosh; Intel Mac OS X 10_15_5) AppleWebKit/605.1.15 (KHTML, like Gecko) Version/13.1.1 Safari/605.1.15 (Applebot/0.1; +http://www.apple.com/go/applebot)"
114.119.137.45 - - [11/Sep/2021:09:41:14 +0000] "GET /BODINCUBATORMICROBASEDLCDCONTROLSINGLEPANEL.html HTTP/1.1" 301 280 "-" "Mozilla/5.0 (Linux; Android 7.0;) AppleWebKit/537.36 (KHTML, like Gecko) Mobile Safari/537.36 (compatible; PetalBot;+https://webmaster.petalsearch.com/site/petalbot)"
114.119.137.45 - - [11/Sep/2021:09:41:15 +0000] "GET /BODINCUBATORMICROBASEDLCDCONTROLSINGLEPANEL.html HTTP/1.1" 200 61443 "-" "Mozilla/5.0 (Linux; Android 7.0;) AppleWebKit/537.36 (KHTML, like Gecko) Mobile Safari/537.36 (compatible; PetalBot;+https://webmaster.petalsearch.com/site/petalbot)"
114.119.137.249 - - [11/Sep/2021:09:46:34 +0000] "GET /enquiry.php?pname=ROTARY%20VACUUM%20PUMP%20STI-409%20A/STI-409%20B HTTP/1.1" 301 298 "-" "Mozilla/5.0 (Linux; Android 7.0;) AppleWebKit/537.36 (KHTML, like Gecko) Mobile Safari/537.36 (compatible; PetalBot;+https://webmaster.petalsearch.com/site/petalbot)"
114.119.137.249 - - [11/Sep/2021:09:46:35 +0000] "GET /enquiry.php?pname=ROTARY%20VACUUM%20PUMP%20STI-409%20A/STI-409%20B HTTP/1.1" 200 61716 "-" "Mozilla/5.0 (Linux; Android 7.0;) AppleWebKit/537.36 (KHTML, like Gecko) Mobile Safari/537.36 (compatible; PetalBot;+https://webmaster.petalsearch.com/site/petalbot)"
114.119.137.31 - - [11/Sep/2021:09:54:52 +0000] "GET /enquiry.php?pname=WAGNERS%20SHAKING%20MACHINE/ HTTP/1.1" 200 61702 "-" "Mozilla/5.0 (Linux; Android 7.0;) AppleWebKit/537.36 (KHTML, like Gecko) Mobile Safari/537.36 (compatible; PetalBot;+https://webmaster.petalsearch.com/site/petalbot)"
114.119.137.45 - - [11/Sep/2021:10:00:28 +0000] "GET /DIGITALCOLONYCOUNTER.html HTTP/1.1" 200 50548 "-" "Mozilla/5.0 (Linux; Android 7.0;) AppleWebKit/537.36 (KHTML, like Gecko) Mobile Safari/537.36 (compatible; PetalBot;+https://webmaster.petalsearch.com/site/petalbot)"
49.7.20.116 - - [11/Sep/2021:10:01:30 +0000] "GET / HTTP/1.1" 301 232 "-" "Sogou web spider/4.0(+http://www.sogou.com/docs/help/webmasters.htm#07)"
114.119.137.3 - - [11/Sep/2021:10:05:56 +0000] "GET /enquiry.php?pname=H%20P%20STERILIZER%20VERTICAL%20TRIPLE%20WALL%20/STI-116%20A HTTP/1.1" 200 61724 "-" "Mozilla/5.0 (Linux; Android 7.0;) AppleWebKit/537.36 (KHTML, like Gecko) Mobile Safari/537.36 (compatible; PetalBot;+https://webmaster.petalsearch.com/site/petalbot)"
66.249.64.224 - - [11/Sep/2021:10:08:28 +0000] "GET / HTTP/1.1" 200 63934 "-" "Mozilla/5.0 (Linux; Android 6.0.1; Nexus 5X Build/MMB29P) AppleWebKit/537.36 (KHTML, like Gecko) Chrome/92.0.4515.119 Mobile Safari/537.36 (compatible; Googlebot/2.1; +http://www.google.com/bot.html)"
185.191.171.20 - - [11/Sep/2021:10:08:52 +0000] "GET /robots.txt HTTP/1.1" 404 208 "-" "Mozilla/5.0 (compatible; SemrushBot/7~bl; +http://www.semrush.com/bot.html)"
185.191.171.17 - - [11/Sep/2021:10:08:53 +0000] "GET /all-products.php?maincategory=Water%28Liquid%29%20Bath%20Equipments HTTP/1.1" 200 55830 "-" "Mozilla/5.0 (compatible; SemrushBot/7~bl; +http://www.semrush.com/bot.html)"
114.119.137.43 - - [11/Sep/2021:10:13:10 +0000] "GET / HTTP/1.1" 200 63934 "-" "Mozilla/5.0 (Linux; Android 7.0;) AppleWebKit/537.36 (KHTML, like Gecko) Mobile Safari/537.36 (compatible; PetalBot;+https://webmaster.petalsearch.com/site/petalbot)"
114.119.137.38 - - [11/Sep/2021:10:18:58 +0000] "GET /FRONTLOADINGAUTOCLAVE(DRYCYCLE)AUTO.html HTTP/1.1" 301 272 "-" "Mozilla/5.0 (Linux; Android 7.0;) AppleWebKit/537.36 (KHTML, like Gecko) Mobile Safari/537.36 (compatible; PetalBot;+https://webmaster.petalsearch.com/site/petalbot)"
114.119.137.38 - - [11/Sep/2021:10:18:59 +0000] "GET /FRONTLOADINGAUTOCLAVE(DRYCYCLE)AUTO.html HTTP/1.1" 200 53969 "-" "Mozilla/5.0 (Linux; Android 7.0;) AppleWebKit/537.36 (KHTML, like Gecko) Mobile Safari/537.36 (compatible; PetalBot;+https://webmaster.petalsearch.com/site/petalbot)"
77.75.77.72 - - [11/Sep/2021:10:22:12 +0000] "GET /robots.txt HTTP/1.1" 404 208 "-" "Mozilla/5.0 (compatible; SeznamBot/3.2; +http://napoveda.seznam.cz/en/seznambot-intro/)"
77.75.77.72 - - [11/Sep/2021:10:22:14 +0000] "GET /BIOSAFETYCABINETCLASSIIA.html HTTP/1.1" 200 64274 "-" "Mozilla/5.0 (compatible; SeznamBot/3.2; +http://napoveda.seznam.cz/en/seznambot-intro/)"
114.119.137.252 - - [11/Sep/2021:10:24:16 +0000] "GET /WATERBATHDOUBLEWALLED.html HTTP/1.1" 301 258 "-" "Mozilla/5.0 (Linux; Android 7.0;) AppleWebKit/537.36 (KHTML, like Gecko) Mobile Safari/537.36 (compatible; PetalBot;+https://webmaster.petalsearch.com/site/petalbot)"
114.119.137.252 - - [11/Sep/2021:10:24:16 +0000] "GET /WATERBATHDOUBLEWALLED.html HTTP/1.1" 200 59786 "-" "Mozilla/5.0 (Linux; Android 7.0;) AppleWebKit/537.36 (KHTML, like Gecko) Mobile Safari/537.36 (compatible; PetalBot;+https://webmaster.petalsearch.com/site/petalbot)"
66.249.64.224 - - [11/Sep/2021:10:24:57 +0000] "GET /FUMEHOOD.html HTTP/1.1" 200 59371 "-" "Mozilla/5.0 (Linux; Android 6.0.1; Nexus 5X Build/MMB29P) AppleWebKit/537.36 (KHTML, like Gecko) Chrome/92.0.4515.119 Mobile Safari/537.36 (compatible; Googlebot/2.1; +http://www.google.com/bot.html)"
114.119.137.38 - - [11/Sep/2021:10:30:07 +0000] "GET /enquiry.php?pname=WATER%20BATH%20(CYLINDERICAL)/STI-132 HTTP/1.1" 301 287 "-" "Mozilla/5.0 (Linux; Android 7.0;) AppleWebKit/537.36 (KHTML, like Gecko) Mobile Safari/537.36 (compatible; PetalBot;+https://webmaster.petalsearch.com/site/petalbot)"
114.119.137.38 - - [11/Sep/2021:10:30:08 +0000] "GET /enquiry.php?pname=WATER%20BATH%20(CYLINDERICAL)/STI-132 HTTP/1.1" 200 61711 "-" "Mozilla/5.0 (Linux; Android 7.0;) AppleWebKit/537.36 (KHTML, like Gecko) Mobile Safari/537.36 (compatible; PetalBot;+https://webmaster.petalsearch.com/site/petalbot)"
49.7.21.87 - - [11/Sep/2021:10:30:21 +0000] "GET / HTTP/1.1" 200 63934 "-" "Sogou web spider/4.0(+http://www.sogou.com/docs/help/webmasters.htm#07)"
37.115.202.157 - - [11/Sep/2021:10:33:40 +0000] "GET / HTTP/1.1" 301 232 "https://vtsservice.center/" "Mozilla/4.0 (compatible; MSIE 6.0; Windows NT 5.0; .NET CLR 1.0.3705; .NET CLR 1.1.4322)"
37.115.202.157 - - [11/Sep/2021:10:33:41 +0000] "GET / HTTP/1.1" 301 232 "https://vtsservice.center/" "Mozilla/4.0 (compatible; MSIE 6.0; Windows NT 5.0; .NET CLR 1.0.3705; .NET CLR 1.1.4322)"
37.115.202.157 - - [11/Sep/2021:10:33:42 +0000] "GET / HTTP/1.1" 301 232 "https://vtsservice.center/" "Mozilla/4.0 (compatible; MSIE 6.0; Windows NT 5.0; .NET CLR 1.0.3705; .NET CLR 1.1.4322)"
35.231.6.180 - - [11/Sep/2021:10:34:42 +0000] "GET /robots.txt HTTP/1.0" 301 242 "-" "ZoominfoBot (zoominfobot at zoominfo dot com)"
35.231.6.180 - - [11/Sep/2021:10:34:43 +0000] "GET /robots.txt HTTP/1.1" 404 208 "-" "ZoominfoBot (zoominfobot at zoominfo dot com)"
35.231.6.180 - - [11/Sep/2021:10:34:44 +0000] "GET /LAMINARHORIZONTALMICROCONTROLLERLCDDISPLAY.html HTTP/1.0" 301 279 "-" "ZoominfoBot (zoominfobot at zoominfo dot com)"
114.119.133.245 - - [11/Sep/2021:10:37:21 +0000] "GET /INCUBATOROVENCOMBINED.html HTTP/1.1" 301 258 "-" "Mozilla/5.0 (Linux; Android 7.0;) AppleWebKit/537.36 (KHTML, like Gecko) Mobile Safari/537.36 (compatible; PetalBot;+https://webmaster.petalsearch.com/site/petalbot)"
114.119.133.245 - - [11/Sep/2021:10:37:21 +0000] "GET /INCUBATOROVENCOMBINED.html HTTP/1.1" 200 61624 "-" "Mozilla/5.0 (Linux; Android 7.0;) AppleWebKit/537.36 (KHTML, like Gecko) Mobile Safari/537.36 (compatible; PetalBot;+https://webmaster.petalsearch.com/site/petalbot)"
42.236.10.103 - - [11/Sep/2021:10:46:35 +0000] "GET / HTTP/1.1" 301 236 "http://www.scienocraft.com/" "-"
42.236.10.116 - - [11/Sep/2021:10:46:47 +0000] "GET / HTTP/1.1" 301 232 "https://www.scienocraft.com/" "-"
35.231.6.180 - - [11/Sep/2021:10:47:25 +0000] "GET /LAMINARFLOWBENCHVERTICAL.html HTTP/1.0" 301 261 "-" "ZoominfoBot (zoominfobot at zoominfo dot com)"
42.236.10.120 - - [11/Sep/2021:10:47:37 +0000] "GET / HTTP/1.1" 301 236 "http://www.scienocraft.com/" "-"
35.231.6.180 - - [11/Sep/2021:10:47:54 +0000] "GET /AUTOCLAVEVERTICALDELUXEMODEL.html HTTP/1.0" 301 265 "-" "ZoominfoBot (zoominfobot at zoominfo dot com)"
42.236.10.112 - - [11/Sep/2021:10:48:06 +0000] "GET / HTTP/1.1" 301 232 "https://www.scienocraft.com/" "-"
35.231.6.180 - - [11/Sep/2021:10:48:21 +0000] "GET /AboutUs HTTP/1.0" 301 239 "-" "ZoominfoBot (zoominfobot at zoominfo dot com)"
35.231.6.180 - - [11/Sep/2021:10:50:28 +0000] "GET /PrivacyPolicy HTTP/1.0" 301 245 "-" "ZoominfoBot (zoominfobot at zoominfo dot com)"
