114.119.137.249 - - [12/Sep/2021:23:53:28 +0000] "GET /enquiry.php?pname=BOTTLE%20WASHING%20MACHINE%20WITH%20SOAKING%20TANK/STI-206 HTTP/1.1" 200 61726 "-" "Mozilla/5.0 (Linux; Android 7.0;) AppleWebKit/537.36 (KHTML, like Gecko) Mobile Safari/537.36 (compatible; PetalBot;+https://webmaster.petalsearch.com/site/petalbot)"
114.119.153.106 - - [13/Sep/2021:00:08:58 +0000] "GET /robots.txt HTTP/1.1" 301 242 "-" "Mozilla/5.0 (compatible;PetalBot;+https://webmaster.petalsearch.com/site/petalbot)"
114.119.153.106 - - [13/Sep/2021:00:08:58 +0000] "GET /robots.txt HTTP/1.1" 404 208 "-" "Mozilla/5.0 (compatible;PetalBot;+https://webmaster.petalsearch.com/site/petalbot)"
114.119.137.238 - - [13/Sep/2021:00:14:59 +0000] "GET /HPSTEAMSTERILIZERHORIZONTALSEMIAUTO.html HTTP/1.1" 301 272 "-" "Mozilla/5.0 (Linux; Android 7.0;) AppleWebKit/537.36 (KHTML, like Gecko) Mobile Safari/537.36 (compatible; PetalBot;+https://webmaster.petalsearch.com/site/petalbot)"
114.119.137.238 - - [13/Sep/2021:00:15:00 +0000] "GET /HPSTEAMSTERILIZERHORIZONTALSEMIAUTO.html HTTP/1.1" 200 62055 "-" "Mozilla/5.0 (Linux; Android 7.0;) AppleWebKit/537.36 (KHTML, like Gecko) Mobile Safari/537.36 (compatible; PetalBot;+https://webmaster.petalsearch.com/site/petalbot)"
114.119.137.249 - - [13/Sep/2021:00:38:31 +0000] "GET /WATERSTILLBARNSTEADTYPETABLEPATTERN.html HTTP/1.1" 200 55223 "-" "Mozilla/5.0 (Linux; Android 7.0;) AppleWebKit/537.36 (KHTML, like Gecko) Mobile Safari/537.36 (compatible; PetalBot;+https://webmaster.petalsearch.com/site/petalbot)"
114.119.137.252 - - [13/Sep/2021:00:44:31 +0000] "GET /enquiry.php?pname=B%20O%20D%20INCUBATOR%20GMP/%20STI-178%20B HTTP/1.1" 200 61708 "-" "Mozilla/5.0 (Linux; Android 7.0;) AppleWebKit/537.36 (KHTML, like Gecko) Mobile Safari/537.36 (compatible; PetalBot;+https://webmaster.petalsearch.com/site/petalbot)"
114.119.135.193 - - [13/Sep/2021:00:52:11 +0000] "GET /robots.txt HTTP/1.1" 404 208 "-" "Mozilla/5.0 (compatible;PetalBot;+https://webmaster.petalsearch.com/site/petalbot)"
114.119.137.238 - - [13/Sep/2021:00:58:18 +0000] "GET /BOTTLEWASHINGMACHINE(LABMODEL).html HTTP/1.1" 200 50078 "-" "Mozilla/5.0 (Linux; Android 7.0;) AppleWebKit/537.36 (KHTML, like Gecko) Mobile Safari/537.36 (compatible; PetalBot;+https://webmaster.petalsearch.com/site/petalbot)"
114.119.137.249 - - [13/Sep/2021:01:04:24 +0000] "GET /enquiry.php?pname=RECIPROCATING%20SHAKER/STI-%20362 HTTP/1.1" 301 283 "-" "Mozilla/5.0 (Linux; Android 7.0;) AppleWebKit/537.36 (KHTML, like Gecko) Mobile Safari/537.36 (compatible; PetalBot;+https://webmaster.petalsearch.com/site/petalbot)"
114.119.137.249 - - [13/Sep/2021:01:04:24 +0000] "GET /enquiry.php?pname=RECIPROCATING%20SHAKER/STI-%20362 HTTP/1.1" 200 61707 "-" "Mozilla/5.0 (Linux; Android 7.0;) AppleWebKit/537.36 (KHTML, like Gecko) Mobile Safari/537.36 (compatible; PetalBot;+https://webmaster.petalsearch.com/site/petalbot)"
54.36.148.176 - - [13/Sep/2021:01:05:27 +0000] "GET /robots.txt HTTP/1.1" 404 208 "-" "Mozilla/5.0 (compatible; AhrefsBot/7.0; +http://ahrefs.com/robot/)"
54.36.148.142 - - [13/Sep/2021:01:05:28 +0000] "GET /QUARTZDISTILLATIONSTI256.html HTTP/1.1" 200 57483 "-" "Mozilla/5.0 (compatible; AhrefsBot/7.0; +http://ahrefs.com/robot/)"
114.119.133.245 - - [13/Sep/2021:01:10:31 +0000] "GET /enquiry.php?pname=ROCKER%20SHAKER%20GEL%20PLATFORM%20SHAKER/STI-358 HTTP/1.1" 200 61719 "-" "Mozilla/5.0 (Linux; Android 7.0;) AppleWebKit/537.36 (KHTML, like Gecko) Mobile Safari/537.36 (compatible; PetalBot;+https://webmaster.petalsearch.com/site/petalbot)"
114.119.137.238 - - [13/Sep/2021:01:16:36 +0000] "GET /AIRSHOWER.html HTTP/1.1" 301 246 "-" "Mozilla/5.0 (Linux; Android 7.0;) AppleWebKit/537.36 (KHTML, like Gecko) Mobile Safari/537.36 (compatible; PetalBot;+https://webmaster.petalsearch.com/site/petalbot)"
114.119.137.238 - - [13/Sep/2021:01:16:36 +0000] "GET /AIRSHOWER.html HTTP/1.1" 200 58656 "-" "Mozilla/5.0 (Linux; Android 7.0;) AppleWebKit/537.36 (KHTML, like Gecko) Mobile Safari/537.36 (compatible; PetalBot;+https://webmaster.petalsearch.com/site/petalbot)"
46.4.64.197 - - [13/Sep/2021:01:19:03 +0000] "GET / HTTP/1.1" 301 232 "-" "Mozilla/5.0 (compatible; MegaIndex.ru/2.0; +http://megaindex.com/crawler)"
46.4.64.197 - - [13/Sep/2021:01:19:07 +0000] "GET / HTTP/1.1" 200 63934 "-" "Mozilla/5.0 (compatible; MegaIndex.ru/2.0; +http://megaindex.com/crawler)"
46.4.64.197 - - [13/Sep/2021:01:19:44 +0000] "GET /robots.txt HTTP/1.1" 404 208 "-" "Mozilla/5.0 (compatible; MegaIndex.ru/2.0; +http://megaindex.com/crawler)"
46.4.64.197 - - [13/Sep/2021:01:19:47 +0000] "GET /ExhibitionandAwards HTTP/1.1" 200 46986 "-" "Mozilla/5.0 (compatible; MegaIndex.ru/2.0; +http://megaindex.com/crawler)"
46.4.64.197 - - [13/Sep/2021:01:20:25 +0000] "GET /products-catalogue.php HTTP/1.1" 200 80159 "-" "Mozilla/5.0 (compatible; MegaIndex.ru/2.0; +http://megaindex.com/crawler)"
46.4.64.197 - - [13/Sep/2021:01:21:04 +0000] "GET /index.php HTTP/1.1" 200 63934 "-" "Mozilla/5.0 (compatible; MegaIndex.ru/2.0; +http://megaindex.com/crawler)"
46.4.64.197 - - [13/Sep/2021:01:21:44 +0000] "GET /AboutUs HTTP/1.1" 200 55102 "-" "Mozilla/5.0 (compatible; MegaIndex.ru/2.0; +http://megaindex.com/crawler)"
46.4.64.197 - - [13/Sep/2021:01:22:25 +0000] "GET /all-products.php?maincategory=Autoclave-%20%20%20%20%20%20%20%20%20%20%20%20%20%20%20%20%20%20%20%20%20%20%20%20%20%20%20%20%20%20%20%20%20%20%20%20%20%20%20%20%20%20%20%20%20%20%20%20%20%20%20%20%20%20%20%20%20%20%20%20%20%20%20%20%20%20%20%20%20%20%20%20%20%20%20%20%20%20%20%20%20%20%20%20%20%20%20%20%20%20%20%20%20%20%20%20%20%20%20%20%20%20%20%20%20%20%20%20%20%20%20%20%20Sterilization%20Equipments HTTP/1.1" 200 60657 "-" "Mozilla/5.0 (compatible; MegaIndex.ru/2.0; +http://megaindex.com/crawler)"
114.119.137.31 - - [13/Sep/2021:01:22:34 +0000] "GET /enquiry.php?pname=INDUSTRIAL%20DRYING%20OVEN/STI-286 HTTP/1.1" 301 284 "-" "Mozilla/5.0 (Linux; Android 7.0;) AppleWebKit/537.36 (KHTML, like Gecko) Mobile Safari/537.36 (compatible; PetalBot;+https://webmaster.petalsearch.com/site/petalbot)"
114.119.137.31 - - [13/Sep/2021:01:22:35 +0000] "GET /enquiry.php?pname=INDUSTRIAL%20DRYING%20OVEN/STI-286 HTTP/1.1" 200 61708 "-" "Mozilla/5.0 (Linux; Android 7.0;) AppleWebKit/537.36 (KHTML, like Gecko) Mobile Safari/537.36 (compatible; PetalBot;+https://webmaster.petalsearch.com/site/petalbot)"
46.4.64.197 - - [13/Sep/2021:01:23:04 +0000] "GET /AUTOCLAVEVERTICALSTANDARDMODEL.html HTTP/1.1" 200 64504 "-" "Mozilla/5.0 (compatible; MegaIndex.ru/2.0; +http://megaindex.com/crawler)"
46.4.64.197 - - [13/Sep/2021:01:23:45 +0000] "GET /AUTOCLAVEVERTICALDELUXEMODEL.html HTTP/1.1" 200 62892 "-" "Mozilla/5.0 (compatible; MegaIndex.ru/2.0; +http://megaindex.com/crawler)"
46.4.64.197 - - [13/Sep/2021:01:24:11 +0000] "GET /AUTOCLAVEVERTICALGMPMODEL.html HTTP/1.1" 200 64155 "-" "Mozilla/5.0 (compatible; MegaIndex.ru/2.0; +http://megaindex.com/crawler)"
46.4.64.197 - - [13/Sep/2021:01:24:51 +0000] "GET /AUTOCLAVEVERTICALDOUBLEWALLSEMIAUTO.html HTTP/1.1" 200 61766 "-" "Mozilla/5.0 (compatible; MegaIndex.ru/2.0; +http://megaindex.com/crawler)"
46.4.64.197 - - [13/Sep/2021:01:25:29 +0000] "GET /all-products.php?maincategory=Clean%20Room%20Benches HTTP/1.1" 200 54299 "-" "Mozilla/5.0 (compatible; MegaIndex.ru/2.0; +http://megaindex.com/crawler)"
46.4.64.197 - - [13/Sep/2021:01:26:03 +0000] "GET /LAMINARFLOWBENCHHORIZONTAL.html HTTP/1.1" 200 63424 "-" "Mozilla/5.0 (compatible; MegaIndex.ru/2.0; +http://megaindex.com/crawler)"
18.237.23.187 - - [13/Sep/2021:01:26:21 +0000] "GET / HTTP/1.1" 301 232 "-" "Mozilla/5.0 (X11; Linux x86_64) AppleWebKit/537.36 (KHTML, like Gecko) Chrome/83.0.4103.97 Safari/537.36"
18.237.23.187 - - [13/Sep/2021:01:26:24 +0000] "GET / HTTP/1.1" 200 63934 "-" "Mozilla/5.0 (X11; Linux x86_64) AppleWebKit/537.36 (KHTML, like Gecko) Chrome/83.0.4103.97 Safari/537.36"
46.4.64.197 - - [13/Sep/2021:01:26:42 +0000] "GET /LAMINARHORIZONTALMICROCONTROLLERLCDDISPLAY.html HTTP/1.1" 200 66597 "-" "Mozilla/5.0 (compatible; MegaIndex.ru/2.0; +http://megaindex.com/crawler)"
18.237.113.173 - - [13/Sep/2021:01:26:52 +0000] "GET /favicon.ico HTTP/1.1" 301 243 "-" "Mozilla/5.0 (X11; Linux x86_64) AppleWebKit/537.36 (KHTML, like Gecko) Chrome/83.0.4103.97 Safari/537.36"
18.237.113.173 - - [13/Sep/2021:01:26:56 +0000] "GET / HTTP/1.1" 301 232 "-" "Mozilla/5.0 (X11; Linux x86_64) AppleWebKit/537.36 (KHTML, like Gecko) Chrome/83.0.4103.97 Safari/537.36"
46.4.64.197 - - [13/Sep/2021:01:27:19 +0000] "GET /LAMINARFLOWBENCHVERTICAL.html HTTP/1.1" 200 62733 "-" "Mozilla/5.0 (compatible; MegaIndex.ru/2.0; +http://megaindex.com/crawler)"
46.4.64.197 - - [13/Sep/2021:01:27:54 +0000] "GET /LAMINARVERTICALMICROCONTROLLERLCDDISPLAY.html HTTP/1.1" 200 63676 "-" "Mozilla/5.0 (compatible; MegaIndex.ru/2.0; +http://megaindex.com/crawler)"
46.4.64.197 - - [13/Sep/2021:01:28:28 +0000] "GET /all-products.php?maincategory=Cooling%20Equipment HTTP/1.1" 200 50929 "-" "Mozilla/5.0 (compatible; MegaIndex.ru/2.0; +http://megaindex.com/crawler)"
114.119.137.43 - - [13/Sep/2021:01:28:30 +0000] "GET /enquiry.php?pname=BLOOD%20BANK%20REFRIGERATOR/STI-160 HTTP/1.1" 200 61709 "-" "Mozilla/5.0 (Linux; Android 7.0;) AppleWebKit/537.36 (KHTML, like Gecko) Mobile Safari/537.36 (compatible; PetalBot;+https://webmaster.petalsearch.com/site/petalbot)"
46.4.64.197 - - [13/Sep/2021:01:29:02 +0000] "GET /BLOODBANKREFRIGERATOR.html HTTP/1.1" 200 60076 "-" "Mozilla/5.0 (compatible; MegaIndex.ru/2.0; +http://megaindex.com/crawler)"
46.4.64.197 - - [13/Sep/2021:01:29:37 +0000] "GET /DEEPFREEZERuptoMinus86degC.html HTTP/1.1" 200 58576 "-" "Mozilla/5.0 (compatible; MegaIndex.ru/2.0; +http://megaindex.com/crawler)"
46.4.64.197 - - [13/Sep/2021:01:30:09 +0000] "GET /MORTUARYCABINET.html HTTP/1.1" 200 56228 "-" "Mozilla/5.0 (compatible; MegaIndex.ru/2.0; +http://megaindex.com/crawler)"
46.4.64.197 - - [13/Sep/2021:01:30:45 +0000] "GET /FREEZEDRYER.html HTTP/1.1" 200 59134 "-" "Mozilla/5.0 (compatible; MegaIndex.ru/2.0; +http://megaindex.com/crawler)"
46.4.64.197 - - [13/Sep/2021:01:31:19 +0000] "GET /all-products.php?maincategory=Distillation%20Equipments HTTP/1.1" 200 55816 "-" "Mozilla/5.0 (compatible; MegaIndex.ru/2.0; +http://megaindex.com/crawler)"
46.4.64.197 - - [13/Sep/2021:01:31:51 +0000] "GET /WATERSTILLMANESTYTYPEWALLMOUNTING.html HTTP/1.1" 200 55597 "-" "Mozilla/5.0 (compatible; MegaIndex.ru/2.0; +http://megaindex.com/crawler)"
46.4.64.197 - - [13/Sep/2021:01:32:24 +0000] "GET /WATERSTILLBARNSTEADTYPETABLEPATTERN.html HTTP/1.1" 200 55223 "-" "Mozilla/5.0 (compatible; MegaIndex.ru/2.0; +http://megaindex.com/crawler)"
66.249.79.240 - - [13/Sep/2021:01:33:00 +0000] "GET /AboutUs HTTP/1.1" 301 243 "-" "Mozilla/5.0 (compatible; Googlebot/2.1; +http://www.google.com/bot.html)"
46.4.64.197 - - [13/Sep/2021:01:33:01 +0000] "GET /WATERDISTILLATIONAPPARATUS(DELUXEMODEL).html HTTP/1.1" 200 53920 "-" "Mozilla/5.0 (compatible; MegaIndex.ru/2.0; +http://megaindex.com/crawler)"
66.249.79.250 - - [13/Sep/2021:01:33:01 +0000] "GET /AboutUs HTTP/1.1" 301 239 "-" "Mozilla/5.0 (compatible; Googlebot/2.1; +http://www.google.com/bot.html)"
66.249.79.158 - - [13/Sep/2021:01:33:06 +0000] "GET /AboutUs HTTP/1.1" 200 55102 "-" "Mozilla/5.0 (compatible; Googlebot/2.1; +http://www.google.com/bot.html)"
46.4.64.197 - - [13/Sep/2021:01:33:38 +0000] "GET /GLASSDISTILLATIONAPPARATUS.html HTTP/1.1" 200 53364 "-" "Mozilla/5.0 (compatible; MegaIndex.ru/2.0; +http://megaindex.com/crawler)"
46.4.64.197 - - [13/Sep/2021:01:34:10 +0000] "GET /all-products.php?maincategory=Environmental%20Chambers HTTP/1.1" 200 52172 "-" "Mozilla/5.0 (compatible; MegaIndex.ru/2.0; +http://megaindex.com/crawler)"
114.119.137.45 - - [13/Sep/2021:01:34:35 +0000] "GET /ULTRALOWTEMPERATURELIQUIDBATH.html HTTP/1.1" 301 266 "-" "Mozilla/5.0 (Linux; Android 7.0;) AppleWebKit/537.36 (KHTML, like Gecko) Mobile Safari/537.36 (compatible; PetalBot;+https://webmaster.petalsearch.com/site/petalbot)"
114.119.137.45 - - [13/Sep/2021:01:34:37 +0000] "GET /ULTRALOWTEMPERATURELIQUIDBATH.html HTTP/1.1" 200 58825 "-" "Mozilla/5.0 (Linux; Android 7.0;) AppleWebKit/537.36 (KHTML, like Gecko) Mobile Safari/537.36 (compatible; PetalBot;+https://webmaster.petalsearch.com/site/petalbot)"
46.4.64.197 - - [13/Sep/2021:01:34:46 +0000] "GET /STABILITYCHAMBER.html HTTP/1.1" 200 59642 "-" "Mozilla/5.0 (compatible; MegaIndex.ru/2.0; +http://megaindex.com/crawler)"
46.4.64.197 - - [13/Sep/2021:01:35:21 +0000] "GET /GROWTHCHAMBER(ENVIRONMENTALCHAMBER).html HTTP/1.1" 200 59830 "-" "Mozilla/5.0 (compatible; MegaIndex.ru/2.0; +http://megaindex.com/crawler)"
46.4.64.197 - - [13/Sep/2021:01:36:00 +0000] "GET /SEEDGERMINATORSINGLECHAMBER(COOLING).html HTTP/1.1" 200 58912 "-" "Mozilla/5.0 (compatible; MegaIndex.ru/2.0; +http://megaindex.com/crawler)"
46.4.64.197 - - [13/Sep/2021:01:36:41 +0000] "GET /SEEDGERMINATORSINGLECHAMBER(HEATING).html HTTP/1.1" 200 58183 "-" "Mozilla/5.0 (compatible; MegaIndex.ru/2.0; +http://megaindex.com/crawler)"
46.4.64.197 - - [13/Sep/2021:01:37:18 +0000] "GET /all-products.php?maincategory=General%20Laboratory%20Equipments HTTP/1.1" 200 57565 "-" "Mozilla/5.0 (compatible; MegaIndex.ru/2.0; +http://megaindex.com/crawler)"
46.4.64.197 - - [13/Sep/2021:01:37:56 +0000] "GET /WILLEYMILLGRINDER.html HTTP/1.1" 200 53866 "-" "Mozilla/5.0 (compatible; MegaIndex.ru/2.0; +http://megaindex.com/crawler)"
46.4.64.197 - - [13/Sep/2021:01:38:37 +0000] "GET /BALLMILL.html HTTP/1.1" 200 52235 "-" "Mozilla/5.0 (compatible; MegaIndex.ru/2.0; +http://megaindex.com/crawler)"
46.4.64.197 - - [13/Sep/2021:01:39:11 +0000] "GET /LABPULVERISORDISCTYPE.html HTTP/1.1" 200 50405 "-" "Mozilla/5.0 (compatible; MegaIndex.ru/2.0; +http://megaindex.com/crawler)"
123.125.109.110 - - [13/Sep/2021:01:39:25 +0000] "GET / HTTP/1.1" 301 232 "-" "Sogou web spider/4.0(+http://www.sogou.com/docs/help/webmasters.htm#07)"
46.4.64.197 - - [13/Sep/2021:01:39:45 +0000] "GET /LABJAWCRUSHERS.html HTTP/1.1" 200 52009 "-" "Mozilla/5.0 (compatible; MegaIndex.ru/2.0; +http://megaindex.com/crawler)"
46.4.64.197 - - [13/Sep/2021:01:40:20 +0000] "GET /all-products.php?maincategory=Incubators HTTP/1.1" 200 55769 "-" "Mozilla/5.0 (compatible; MegaIndex.ru/2.0; +http://megaindex.com/crawler)"
114.119.137.43 - - [13/Sep/2021:01:40:45 +0000] "GET /ContactUs HTTP/1.1" 301 241 "-" "Mozilla/5.0 (Linux; Android 7.0;) AppleWebKit/537.36 (KHTML, like Gecko) Mobile Safari/537.36 (compatible; PetalBot;+https://webmaster.petalsearch.com/site/petalbot)"
114.119.137.43 - - [13/Sep/2021:01:40:45 +0000] "GET /ContactUs HTTP/1.1" 200 49509 "-" "Mozilla/5.0 (Linux; Android 7.0;) AppleWebKit/537.36 (KHTML, like Gecko) Mobile Safari/537.36 (compatible; PetalBot;+https://webmaster.petalsearch.com/site/petalbot)"
46.4.64.197 - - [13/Sep/2021:01:41:00 +0000] "GET /BODINCUBATOR.html HTTP/1.1" 200 60422 "-" "Mozilla/5.0 (compatible; MegaIndex.ru/2.0; +http://megaindex.com/crawler)"
46.4.64.197 - - [13/Sep/2021:01:41:39 +0000] "GET /BODINCUBATORMICROBASEDLCDCONTROLSINGLEPANEL.html HTTP/1.1" 200 61443 "-" "Mozilla/5.0 (compatible; MegaIndex.ru/2.0; +http://megaindex.com/crawler)"
46.4.64.197 - - [13/Sep/2021:01:42:20 +0000] "GET /BODINCUBATORGMP.html HTTP/1.1" 200 61393 "-" "Mozilla/5.0 (compatible; MegaIndex.ru/2.0; +http://megaindex.com/crawler)"
46.4.64.197 - - [13/Sep/2021:01:42:58 +0000] "GET /INCUBATORBACTERIOLOGICAL.html HTTP/1.1" 200 59215 "-" "Mozilla/5.0 (compatible; MegaIndex.ru/2.0; +http://megaindex.com/crawler)"
46.4.64.197 - - [13/Sep/2021:01:43:32 +0000] "GET /all-products.php?maincategory=Lab%20Equipments%20(Heating) HTTP/1.1" 200 52596 "-" "Mozilla/5.0 (compatible; MegaIndex.ru/2.0; +http://megaindex.com/crawler)"
46.4.64.197 - - [13/Sep/2021:01:44:08 +0000] "GET /HOTAIROVEN.html HTTP/1.1" 200 61460 "-" "Mozilla/5.0 (compatible; MegaIndex.ru/2.0; +http://megaindex.com/crawler)"
46.4.64.197 - - [13/Sep/2021:01:44:47 +0000] "GET /HOTAIROVENHIGHTEMP.html HTTP/1.1" 200 61257 "-" "Mozilla/5.0 (compatible; MegaIndex.ru/2.0; +http://megaindex.com/crawler)"
46.4.64.197 - - [13/Sep/2021:01:45:27 +0000] "GET /INDUSTRIALDRYINGOVEN.html HTTP/1.1" 200 58713 "-" "Mozilla/5.0 (compatible; MegaIndex.ru/2.0; +http://megaindex.com/crawler)"
46.4.64.197 - - [13/Sep/2021:01:46:03 +0000] "GET /INCUBATOROVENCOMBINED.html HTTP/1.1" 200 61624 "-" "Mozilla/5.0 (compatible; MegaIndex.ru/2.0; +http://megaindex.com/crawler)"
46.4.64.197 - - [13/Sep/2021:01:46:41 +0000] "GET /all-products.php?maincategory=Shakers HTTP/1.1" 200 54562 "-" "Mozilla/5.0 (compatible; MegaIndex.ru/2.0; +http://megaindex.com/crawler)"
114.119.137.238 - - [13/Sep/2021:01:46:53 +0000] "GET /enquiry.php?pname=WATER%20DISTILLATION%20APPARATUS(DELUXE%20MODEL)/STI-%20427 HTTP/1.1" 200 61729 "-" "Mozilla/5.0 (Linux; Android 7.0;) AppleWebKit/537.36 (KHTML, like Gecko) Mobile Safari/537.36 (compatible; PetalBot;+https://webmaster.petalsearch.com/site/petalbot)"
46.4.64.197 - - [13/Sep/2021:01:47:20 +0000] "GET /RECIPROCATINGSHAKER.html HTTP/1.1" 200 54356 "-" "Mozilla/5.0 (compatible; MegaIndex.ru/2.0; +http://megaindex.com/crawler)"
46.4.64.197 - - [13/Sep/2021:01:47:57 +0000] "GET /WRISTACTIONSHAKER.html HTTP/1.1" 200 50761 "-" "Mozilla/5.0 (compatible; MegaIndex.ru/2.0; +http://megaindex.com/crawler)"
46.4.64.197 - - [13/Sep/2021:01:48:31 +0000] "GET /ROCKERSHAKERGELPLATFORMSHAKER.html HTTP/1.1" 200 50116 "-" "Mozilla/5.0 (compatible; MegaIndex.ru/2.0; +http://megaindex.com/crawler)"
46.4.64.197 - - [13/Sep/2021:01:49:10 +0000] "GET /VORTEXSHAKER(TESTTUBESHAKER)On-OffType-SenseTouchType.html HTTP/1.1" 200 50715 "-" "Mozilla/5.0 (compatible; MegaIndex.ru/2.0; +http://megaindex.com/crawler)"
46.4.64.197 - - [13/Sep/2021:01:49:49 +0000] "GET /all-products.php?maincategory=TEST%20CHAMBERS HTTP/1.1" 200 54488 "-" "Mozilla/5.0 (compatible; MegaIndex.ru/2.0; +http://megaindex.com/crawler)"
46.4.64.197 - - [13/Sep/2021:01:50:28 +0000] "GET /HUMIDITYCUMTEMPERATURECONTROLLEDCHAMBERECOFRIENDLYCOOLING.html HTTP/1.1" 200 58723 "-" "Mozilla/5.0 (compatible; MegaIndex.ru/2.0; +http://megaindex.com/crawler)"
46.4.64.197 - - [13/Sep/2021:01:51:07 +0000] "GET /HUMIDITYCHAMBER(HEATING).html HTTP/1.1" 200 57487 "-" "Mozilla/5.0 (compatible; MegaIndex.ru/2.0; +http://megaindex.com/crawler)"
46.4.64.197 - - [13/Sep/2021:01:51:47 +0000] "GET /STABILITYCHAMBER21CFR(ECOFRIENDLYCFCFREECOOLINGREFRIGERANT).html HTTP/1.1" 200 59014 "-" "Mozilla/5.0 (compatible; MegaIndex.ru/2.0; +http://megaindex.com/crawler)"
46.4.64.197 - - [13/Sep/2021:01:52:26 +0000] "GET /SALTSPRAYCHAMBER.html HTTP/1.1" 200 60694 "-" "Mozilla/5.0 (compatible; MegaIndex.ru/2.0; +http://megaindex.com/crawler)"
46.4.64.197 - - [13/Sep/2021:01:53:06 +0000] "GET /all-products.php?maincategory=Vacuum%20Equipments HTTP/1.1" 200 52157 "-" "Mozilla/5.0 (compatible; MegaIndex.ru/2.0; +http://megaindex.com/crawler)"
46.4.64.197 - - [13/Sep/2021:01:53:46 +0000] "GET /VACUUMOVENCYLINDERICAL.html HTTP/1.1" 200 57397 "-" "Mozilla/5.0 (compatible; MegaIndex.ru/2.0; +http://megaindex.com/crawler)"
46.4.64.197 - - [13/Sep/2021:01:54:23 +0000] "GET /VACUUMOVENRECTANGULAR.html HTTP/1.1" 200 57720 "-" "Mozilla/5.0 (compatible; MegaIndex.ru/2.0; +http://megaindex.com/crawler)"
54.68.137.122 - - [13/Sep/2021:01:54:25 +0000] "GET / HTTP/1.1" 301 232 "-" "Mozilla/5.0 (Windows NT 10.0; Win64; x64)AppleWebKit/537.36 (KHTML, like Gecko) Chrome/66.0.3359.181 Safari/537.36"
54.68.137.122 - - [13/Sep/2021:01:54:27 +0000] "GET / HTTP/1.1" 200 63934 "-" "Mozilla/5.0 (Windows NT 10.0; Win64; x64)AppleWebKit/537.36 (KHTML, like Gecko) Chrome/66.0.3359.181 Safari/537.36"
123.125.109.110 - - [13/Sep/2021:01:54:50 +0000] "GET / HTTP/1.1" 200 63934 "-" "Sogou web spider/4.0(+http://www.sogou.com/docs/help/webmasters.htm#07)"
46.4.64.197 - - [13/Sep/2021:01:55:02 +0000] "GET /VACUUMROTARYEVAPORATOR.html HTTP/1.1" 200 57683 "-" "Mozilla/5.0 (compatible; MegaIndex.ru/2.0; +http://megaindex.com/crawler)"
46.4.64.197 - - [13/Sep/2021:01:55:42 +0000] "GET /VACUUMROTARYEVAPORATORAUTODIGITAL.html HTTP/1.1" 200 57766 "-" "Mozilla/5.0 (compatible; MegaIndex.ru/2.0; +http://megaindex.com/crawler)"
46.4.64.197 - - [13/Sep/2021:01:56:20 +0000] "GET /all-products.php?maincategory=Water(Liquid)%20Bath%20Equipments HTTP/1.1" 200 55830 "-" "Mozilla/5.0 (compatible; MegaIndex.ru/2.0; +http://megaindex.com/crawler)"
46.4.64.197 - - [13/Sep/2021:01:56:55 +0000] "GET /WATERBATHDOUBLEWALLED.html HTTP/1.1" 200 59786 "-" "Mozilla/5.0 (compatible; MegaIndex.ru/2.0; +http://megaindex.com/crawler)"
46.4.64.197 - - [13/Sep/2021:01:57:34 +0000] "GET /WATERBATH(CYLINDERICAL).html HTTP/1.1" 200 55346 "-" "Mozilla/5.0 (compatible; MegaIndex.ru/2.0; +http://megaindex.com/crawler)"
46.4.64.197 - - [13/Sep/2021:01:58:10 +0000] "GET /WATERBATHSINGLEWALLED.html HTTP/1.1" 200 57629 "-" "Mozilla/5.0 (compatible; MegaIndex.ru/2.0; +http://megaindex.com/crawler)"
46.4.64.197 - - [13/Sep/2021:01:58:50 +0000] "GET /WATERBATHSEROLOGICAL.html HTTP/1.1" 200 62032 "-" "Mozilla/5.0 (compatible; MegaIndex.ru/2.0; +http://megaindex.com/crawler)"
46.4.64.197 - - [13/Sep/2021:01:59:29 +0000] "GET /certification.php HTTP/1.1" 200 47752 "-" "Mozilla/5.0 (compatible; MegaIndex.ru/2.0; +http://megaindex.com/crawler)"
46.4.64.197 - - [13/Sep/2021:02:00:03 +0000] "GET /enquiry.php HTTP/1.1" 200 61678 "-" "Mozilla/5.0 (compatible; MegaIndex.ru/2.0; +http://megaindex.com/crawler)"
188.122.82.146 - - [13/Sep/2021:02:00:26 +0000] "GET /ThankYou/ HTTP/1.0" 301 241 "http://scienocraft.com/ThankYou/" "Mozilla/5.0 (Windows NT 10.0; Win64; x64) AppleWebKit/537.36 (KHTML, like Gecko) Chrome/90.0.4430.86 Safari/537.36"
188.122.82.146 - - [13/Sep/2021:02:00:26 +0000] "GET /ThankYou/ HTTP/1.0" 301 241 "http://scienocraft.com/ThankYou/" "Mozilla/5.0 (Windows NT 6.3) AppleWebKit/537.36 (KHTML, like Gecko) Chrome/90.0.4430.72 Safari/537.36"
188.122.82.146 - - [13/Sep/2021:02:00:26 +0000] "GET /ThankYou/ HTTP/1.0" 301 241 "http://scienocraft.com/ThankYou/" "Mozilla/5.0 (Windows NT 6.1; Win64; x64) AppleWebKit/537.36 (KHTML, like Gecko) Chrome/90.0.4430.72 Safari/537.36"
188.122.82.146 - - [13/Sep/2021:02:00:26 +0000] "GET /ThankYou/ HTTP/1.0" 301 241 "http://scienocraft.com/ThankYou/" "Mozilla/5.0 (Windows NT 6.1; ) AppleWebKit/537.36 (KHTML, like Gecko) Chrome/90.0.4430.85 Safari/537.36"
188.122.82.146 - - [13/Sep/2021:02:00:27 +0000] "GET /ThankYou/ HTTP/1.0" 404 207 "https://scienocraft.com/ThankYou/" "Mozilla/5.0 (Windows NT 10.0; Win64; x64) AppleWebKit/537.36 (KHTML, like Gecko) Chrome/90.0.4430.86 Safari/537.36"
188.122.82.146 - - [13/Sep/2021:02:00:27 +0000] "GET /ThankYou/ HTTP/1.0" 404 207 "https://scienocraft.com/ThankYou/" "Mozilla/5.0 (Windows NT 6.3) AppleWebKit/537.36 (KHTML, like Gecko) Chrome/90.0.4430.72 Safari/537.36"
188.122.82.146 - - [13/Sep/2021:02:00:27 +0000] "GET /ThankYou/ HTTP/1.0" 404 207 "https://scienocraft.com/ThankYou/" "Mozilla/5.0 (Windows NT 6.1; Win64; x64) AppleWebKit/537.36 (KHTML, like Gecko) Chrome/90.0.4430.72 Safari/537.36"
188.122.82.146 - - [13/Sep/2021:02:00:27 +0000] "GET /ThankYou/ HTTP/1.0" 301 241 "http://scienocraft.com/ThankYou/" "Mozilla/5.0 (Windows NT 6.2; Win64; x64) AppleWebKit/537.36 (KHTML, like Gecko) Chrome/90.0.4430.93 Safari/537.36"
188.122.82.146 - - [13/Sep/2021:02:00:27 +0000] "GET /ThankYou/ HTTP/1.0" 404 207 "https://scienocraft.com/ThankYou/" "Mozilla/5.0 (Windows NT 6.1; ) AppleWebKit/537.36 (KHTML, like Gecko) Chrome/90.0.4430.85 Safari/537.36"
188.122.82.146 - - [13/Sep/2021:02:00:27 +0000] "GET /ThankYou/ HTTP/1.0" 301 241 "http://scienocraft.com/ThankYou/" "Mozilla/5.0 (Windows NT 6.3; Win64; x64) AppleWebKit/537.36 (KHTML, like Gecko) Chrome/90.0.4430.85 Safari/537.36 Edg/90.0.818.49"
188.122.82.146 - - [13/Sep/2021:02:00:27 +0000] "GET / HTTP/1.0" 200 63934 "https://scienocraft.com/" "Mozilla/5.0 (Windows NT 10.0; Win64; x64) AppleWebKit/537.36 (KHTML, like Gecko) Chrome/90.0.4430.86 Safari/537.36"
188.122.82.146 - - [13/Sep/2021:02:00:27 +0000] "GET / HTTP/1.0" 200 63934 "https://scienocraft.com/" "Mozilla/5.0 (Windows NT 6.3) AppleWebKit/537.36 (KHTML, like Gecko) Chrome/90.0.4430.72 Safari/537.36"
188.122.82.146 - - [13/Sep/2021:02:00:27 +0000] "GET / HTTP/1.0" 200 63934 "https://scienocraft.com/" "Mozilla/5.0 (Windows NT 6.1; Win64; x64) AppleWebKit/537.36 (KHTML, like Gecko) Chrome/90.0.4430.72 Safari/537.36"
188.122.82.146 - - [13/Sep/2021:02:00:28 +0000] "GET /ThankYou/ HTTP/1.0" 404 207 "https://scienocraft.com/ThankYou/" "Mozilla/5.0 (Windows NT 6.2; Win64; x64) AppleWebKit/537.36 (KHTML, like Gecko) Chrome/90.0.4430.93 Safari/537.36"
188.122.82.146 - - [13/Sep/2021:02:00:28 +0000] "GET / HTTP/1.0" 200 63934 "https://scienocraft.com/" "Mozilla/5.0 (Windows NT 6.1; ) AppleWebKit/537.36 (KHTML, like Gecko) Chrome/90.0.4430.85 Safari/537.36"
188.122.82.146 - - [13/Sep/2021:02:00:28 +0000] "GET /ThankYou/ HTTP/1.0" 404 207 "https://scienocraft.com/ThankYou/" "Mozilla/5.0 (Windows NT 6.3; Win64; x64) AppleWebKit/537.36 (KHTML, like Gecko) Chrome/90.0.4430.85 Safari/537.36 Edg/90.0.818.49"
188.122.82.146 - - [13/Sep/2021:02:00:28 +0000] "GET / HTTP/1.0" 200 63934 "https://scienocraft.com/" "Mozilla/5.0 (Windows NT 6.2; Win64; x64) AppleWebKit/537.36 (KHTML, like Gecko) Chrome/90.0.4430.93 Safari/537.36"
188.122.82.146 - - [13/Sep/2021:02:00:28 +0000] "GET /ContactUs HTTP/1.0" 301 241 "https://www.scienocraft.com/ContactUs" "Mozilla/5.0 (Windows NT 6.3) AppleWebKit/537.36 (KHTML, like Gecko) Chrome/90.0.4430.72 Safari/537.36"
188.122.82.146 - - [13/Sep/2021:02:00:29 +0000] "GET /ContactUs HTTP/1.0" 301 241 "https://www.scienocraft.com/ContactUs" "Mozilla/5.0 (Windows NT 10.0; Win64; x64) AppleWebKit/537.36 (KHTML, like Gecko) Chrome/90.0.4430.86 Safari/537.36"
188.122.82.146 - - [13/Sep/2021:02:00:29 +0000] "GET /ContactUs HTTP/1.0" 301 241 "https://www.scienocraft.com/ContactUs" "Mozilla/5.0 (Windows NT 6.1; Win64; x64) AppleWebKit/537.36 (KHTML, like Gecko) Chrome/90.0.4430.72 Safari/537.36"
188.122.82.146 - - [13/Sep/2021:02:00:29 +0000] "GET / HTTP/1.0" 200 63934 "https://scienocraft.com/" "Mozilla/5.0 (Windows NT 6.3; Win64; x64) AppleWebKit/537.36 (KHTML, like Gecko) Chrome/90.0.4430.85 Safari/537.36 Edg/90.0.818.49"
188.122.82.146 - - [13/Sep/2021:02:00:29 +0000] "GET /ContactUs HTTP/1.0" 200 49509 "https://scienocraft.com/ContactUs" "Mozilla/5.0 (Windows NT 6.3) AppleWebKit/537.36 (KHTML, like Gecko) Chrome/90.0.4430.72 Safari/537.36"
188.122.82.146 - - [13/Sep/2021:02:00:29 +0000] "GET /ContactUs HTTP/1.0" 200 49509 "https://scienocraft.com/ContactUs" "Mozilla/5.0 (Windows NT 10.0; Win64; x64) AppleWebKit/537.36 (KHTML, like Gecko) Chrome/90.0.4430.86 Safari/537.36"
188.122.82.146 - - [13/Sep/2021:02:00:29 +0000] "GET /ContactUs HTTP/1.0" 200 49509 "https://scienocraft.com/ContactUs" "Mozilla/5.0 (Windows NT 6.1; Win64; x64) AppleWebKit/537.36 (KHTML, like Gecko) Chrome/90.0.4430.72 Safari/537.36"
188.122.82.146 - - [13/Sep/2021:02:00:30 +0000] "GET /ContactUs HTTP/1.0" 301 241 "https://www.scienocraft.com/ContactUs" "Mozilla/5.0 (Windows NT 6.1; ) AppleWebKit/537.36 (KHTML, like Gecko) Chrome/90.0.4430.85 Safari/537.36"
188.122.82.146 - - [13/Sep/2021:02:00:30 +0000] "GET /ContactUs HTTP/1.0" 301 241 "https://www.scienocraft.com/ContactUs" "Mozilla/5.0 (Windows NT 6.2; Win64; x64) AppleWebKit/537.36 (KHTML, like Gecko) Chrome/90.0.4430.93 Safari/537.36"
188.122.82.146 - - [13/Sep/2021:02:00:30 +0000] "GET /ContactUs HTTP/1.0" 301 241 "https://www.scienocraft.com/ContactUs" "Mozilla/5.0 (Windows NT 6.3; Win64; x64) AppleWebKit/537.36 (KHTML, like Gecko) Chrome/90.0.4430.85 Safari/537.36 Edg/90.0.818.49"
188.122.82.146 - - [13/Sep/2021:02:00:30 +0000] "GET /ContactUs HTTP/1.0" 200 49509 "https://scienocraft.com/ContactUs" "Mozilla/5.0 (Windows NT 6.1; ) AppleWebKit/537.36 (KHTML, like Gecko) Chrome/90.0.4430.85 Safari/537.36"
188.122.82.146 - - [13/Sep/2021:02:00:30 +0000] "GET /ContactUs HTTP/1.0" 200 49509 "https://scienocraft.com/ContactUs" "Mozilla/5.0 (Windows NT 6.2; Win64; x64) AppleWebKit/537.36 (KHTML, like Gecko) Chrome/90.0.4430.93 Safari/537.36"
188.122.82.146 - - [13/Sep/2021:02:00:31 +0000] "GET /ContactUs HTTP/1.0" 200 49509 "https://scienocraft.com/ContactUs" "Mozilla/5.0 (Windows NT 6.3; Win64; x64) AppleWebKit/537.36 (KHTML, like Gecko) Chrome/90.0.4430.85 Safari/537.36 Edg/90.0.818.49"
46.4.64.197 - - [13/Sep/2021:02:00:43 +0000] "GET /ContactUs HTTP/1.1" 200 49509 "-" "Mozilla/5.0 (compatible; MegaIndex.ru/2.0; +http://megaindex.com/crawler)"
46.4.64.197 - - [13/Sep/2021:02:01:24 +0000] "GET /AUTOCLAVEVERTICALDOUBLEWALLAUTOPURGINGnEXHAUST.html HTTP/1.1" 200 62628 "-" "Mozilla/5.0 (compatible; MegaIndex.ru/2.0; +http://megaindex.com/crawler)"
46.4.64.197 - - [13/Sep/2021:02:02:03 +0000] "GET /HPSTERILIZERVERTICALTRIPLEWALL.html HTTP/1.1" 200 61012 "-" "Mozilla/5.0 (compatible; MegaIndex.ru/2.0; +http://megaindex.com/crawler)"
46.4.64.197 - - [13/Sep/2021:02:02:42 +0000] "GET /HPAUTOCLAVEVERTICALTRIPLEWALLSEMIAUTO.html HTTP/1.1" 200 59775 "-" "Mozilla/5.0 (compatible; MegaIndex.ru/2.0; +http://megaindex.com/crawler)"
46.4.64.197 - - [13/Sep/2021:02:03:26 +0000] "GET /HPAUTOCLAVEVERTICALTRIPLEWALLAUTOPURGINGnEXHAUST.html HTTP/1.1" 200 60906 "-" "Mozilla/5.0 (compatible; MegaIndex.ru/2.0; +http://megaindex.com/crawler)"
46.4.64.197 - - [13/Sep/2021:02:04:05 +0000] "GET /AUTOCLAVEHORIZONTALDOUBLEWALL.html HTTP/1.1" 200 62118 "-" "Mozilla/5.0 (compatible; MegaIndex.ru/2.0; +http://megaindex.com/crawler)"
46.4.64.197 - - [13/Sep/2021:02:04:44 +0000] "GET /HPSTEAMSTERILIZERHORIZONTALCYLINDRICAL.html HTTP/1.1" 200 63495 "-" "Mozilla/5.0 (compatible; MegaIndex.ru/2.0; +http://megaindex.com/crawler)"
46.4.64.197 - - [13/Sep/2021:02:05:23 +0000] "GET /HPSTEAMSTERILIZERHORIZONTALSEMIAUTO.html HTTP/1.1" 200 62055 "-" "Mozilla/5.0 (compatible; MegaIndex.ru/2.0; +http://megaindex.com/crawler)"
46.4.64.197 - - [13/Sep/2021:02:06:02 +0000] "GET /HPSTEAMSTERILIZERHORIZONTALAUTOPURGINGnEXHAUST.html HTTP/1.1" 200 62412 "-" "Mozilla/5.0 (compatible; MegaIndex.ru/2.0; +http://megaindex.com/crawler)"
46.4.64.197 - - [13/Sep/2021:02:06:39 +0000] "GET /DOUBLEDOORHPSTEAMSTERILIZERHORIZONTAL.html HTTP/1.1" 200 62164 "-" "Mozilla/5.0 (compatible; MegaIndex.ru/2.0; +http://megaindex.com/crawler)"
46.4.64.197 - - [13/Sep/2021:02:07:18 +0000] "GET /FRONTLOADINGAUTOCLAVEAUTO.html HTTP/1.1" 200 58927 "-" "Mozilla/5.0 (compatible; MegaIndex.ru/2.0; +http://megaindex.com/crawler)"
46.4.64.197 - - [13/Sep/2021:02:07:58 +0000] "GET /FRONTLOADINGAUTOCLAVE(DRYCYCLE)AUTO.html HTTP/1.1" 200 53969 "-" "Mozilla/5.0 (compatible; MegaIndex.ru/2.0; +http://megaindex.com/crawler)"
46.4.64.197 - - [13/Sep/2021:02:08:38 +0000] "GET /FRONTLOADINGAUTOCLAVE-VACUUM,STERILIZATION,DRYCYCLE.html HTTP/1.1" 200 54982 "-" "Mozilla/5.0 (compatible; MegaIndex.ru/2.0; +http://megaindex.com/crawler)"
46.4.64.197 - - [13/Sep/2021:02:09:15 +0000] "GET /H.P.RECTANGULARHORIZONTALSTERLIZER.html HTTP/1.1" 200 61067 "-" "Mozilla/5.0 (compatible; MegaIndex.ru/2.0; +http://megaindex.com/crawler)"
46.4.64.197 - - [13/Sep/2021:02:09:54 +0000] "GET /CEMENTAUTOCLAVE.html HTTP/1.1" 200 51540 "-" "Mozilla/5.0 (compatible; MegaIndex.ru/2.0; +http://megaindex.com/crawler)"
46.4.64.197 - - [13/Sep/2021:02:10:30 +0000] "GET /AUTOCLAVEPORTABLESINGLEnDOUBLEWALLED.html HTTP/1.1" 200 51959 "-" "Mozilla/5.0 (compatible; MegaIndex.ru/2.0; +http://megaindex.com/crawler)"
46.4.64.197 - - [13/Sep/2021:02:11:08 +0000] "GET /BENCHAUTOCLAVEPORTABLEAUTOMATIC.html HTTP/1.1" 200 52024 "-" "Mozilla/5.0 (compatible; MegaIndex.ru/2.0; +http://megaindex.com/crawler)"
46.4.64.197 - - [13/Sep/2021:02:11:44 +0000] "GET /GLASSBEADSTERILIZER(Squareshaped).html HTTP/1.1" 200 51473 "-" "Mozilla/5.0 (compatible; MegaIndex.ru/2.0; +http://megaindex.com/crawler)"
42.236.10.112 - - [13/Sep/2021:02:12:04 +0000] "GET / HTTP/1.1" 200 63934 "https://scienocraft.com/" "-"
46.4.64.197 - - [13/Sep/2021:02:12:24 +0000] "GET /GLASSBEADSTERILIZER.html HTTP/1.1" 200 50611 "-" "Mozilla/5.0 (compatible; MegaIndex.ru/2.0; +http://megaindex.com/crawler)"
114.119.137.3 - - [13/Sep/2021:02:12:31 +0000] "GET /enquiry.php?pname=WATER%20BATH%20HIGH%20PRECISION/STI-136 HTTP/1.1" 200 61711 "-" "Mozilla/5.0 (Linux; Android 7.0;) AppleWebKit/537.36 (KHTML, like Gecko) Mobile Safari/537.36 (compatible; PetalBot;+https://webmaster.petalsearch.com/site/petalbot)"
46.4.64.197 - - [13/Sep/2021:02:13:03 +0000] "GET /BIOSAFETYCABINETCLASSIIA.html HTTP/1.1" 200 64274 "-" "Mozilla/5.0 (compatible; MegaIndex.ru/2.0; +http://megaindex.com/crawler)"
42.236.10.109 - - [13/Sep/2021:02:13:38 +0000] "GET / HTTP/1.1" 301 236 "http://www.scienocraft.com/" "-"
46.4.64.197 - - [13/Sep/2021:02:13:42 +0000] "GET /BIOLOGICALSAFETYCABINETTOTALCONTAINMENTCABINETCLASSIII.html HTTP/1.1" 200 63228 "-" "Mozilla/5.0 (compatible; MegaIndex.ru/2.0; +http://megaindex.com/crawler)"
42.236.10.122 - - [13/Sep/2021:02:14:13 +0000] "GET / HTTP/1.1" 301 232 "https://www.scienocraft.com/" "-"
42.236.10.105 - - [13/Sep/2021:02:14:20 +0000] "GET / HTTP/1.1" 200 63934 "https://scienocraft.com/" "-"
46.4.64.197 - - [13/Sep/2021:02:14:20 +0000] "GET /FUMEHOOD.html HTTP/1.1" 200 59371 "-" "Mozilla/5.0 (compatible; MegaIndex.ru/2.0; +http://megaindex.com/crawler)"
46.4.64.197 - - [13/Sep/2021:02:15:00 +0000] "GET /AIRSHOWER.html HTTP/1.1" 200 58656 "-" "Mozilla/5.0 (compatible; MegaIndex.ru/2.0; +http://megaindex.com/crawler)"
46.4.64.197 - - [13/Sep/2021:02:15:40 +0000] "GET /AIRCURTAIN.html HTTP/1.1" 200 57944 "-" "Mozilla/5.0 (compatible; MegaIndex.ru/2.0; +http://megaindex.com/crawler)"
46.4.64.197 - - [13/Sep/2021:02:16:19 +0000] "GET /STATICPASSBOX.html HTTP/1.1" 200 52355 "-" "Mozilla/5.0 (compatible; MegaIndex.ru/2.0; +http://megaindex.com/crawler)"
46.4.64.197 - - [13/Sep/2021:02:17:01 +0000] "GET /DYNAMICPASSBOX.html HTTP/1.1" 200 49187 "-" "Mozilla/5.0 (compatible; MegaIndex.ru/2.0; +http://megaindex.com/crawler)"
46.4.64.197 - - [13/Sep/2021:02:17:40 +0000] "GET /ICEFLAKER.html HTTP/1.1" 200 51429 "-" "Mozilla/5.0 (compatible; MegaIndex.ru/2.0; +http://megaindex.com/crawler)"
46.4.64.197 - - [13/Sep/2021:02:18:21 +0000] "GET /QUARTZDISTILLATIONSTI-258.html HTTP/1.1" 200 56597 "-" "Mozilla/5.0 (compatible; MegaIndex.ru/2.0; +http://megaindex.com/crawler)"
114.119.137.38 - - [13/Sep/2021:02:18:42 +0000] "GET /enquiry.php?pname=FRONT%20LOADING%20AUTOCLAVE%20(DRY%20CYCLE)%20AUTO/%20STI-122 HTTP/1.1" 200 61727 "-" "Mozilla/5.0 (Linux; Android 7.0;) AppleWebKit/537.36 (KHTML, like Gecko) Mobile Safari/537.36 (compatible; PetalBot;+https://webmaster.petalsearch.com/site/petalbot)"
46.4.64.197 - - [13/Sep/2021:02:19:01 +0000] "GET /QUARTZDISTILLATIONSTI256.html HTTP/1.1" 200 57483 "-" "Mozilla/5.0 (compatible; MegaIndex.ru/2.0; +http://megaindex.com/crawler)"
46.4.64.197 - - [13/Sep/2021:02:19:41 +0000] "GET /HORIZONTALMODELGLASSDISTILLATION.html HTTP/1.1" 200 54083 "-" "Mozilla/5.0 (compatible; MegaIndex.ru/2.0; +http://megaindex.com/crawler)"
46.4.64.197 - - [13/Sep/2021:02:20:22 +0000] "GET /SOXHLETEXTRACTIONUNIT.html HTTP/1.1" 200 52317 "-" "Mozilla/5.0 (compatible; MegaIndex.ru/2.0; +http://megaindex.com/crawler)"
46.4.64.197 - - [13/Sep/2021:02:21:03 +0000] "GET /KJELDAHLDISTILLATIONUNIT.html HTTP/1.1" 200 52848 "-" "Mozilla/5.0 (compatible; MegaIndex.ru/2.0; +http://megaindex.com/crawler)"
46.4.64.197 - - [13/Sep/2021:02:21:43 +0000] "GET /KJELDAHLDIGESTIONUNIT.html HTTP/1.1" 200 53205 "-" "Mozilla/5.0 (compatible; MegaIndex.ru/2.0; +http://megaindex.com/crawler)"
46.4.64.197 - - [13/Sep/2021:02:22:22 +0000] "GET /MICROKJELDAHLDIGESTIONUNIT.html HTTP/1.1" 200 52297 "-" "Mozilla/5.0 (compatible; MegaIndex.ru/2.0; +http://megaindex.com/crawler)"
46.4.64.197 - - [13/Sep/2021:02:23:01 +0000] "GET /KJELDAHLDISTILLATIONANDDIGESTIONCOMBINED.html HTTP/1.1" 200 54464 "-" "Mozilla/5.0 (compatible; MegaIndex.ru/2.0; +http://megaindex.com/crawler)"
46.4.64.197 - - [13/Sep/2021:02:23:42 +0000] "GET /KJELDAHLDIGESTIONUNIT(TUBEHEATINGBLOCK).html HTTP/1.1" 200 54855 "-" "Mozilla/5.0 (compatible; MegaIndex.ru/2.0; +http://megaindex.com/crawler)"
46.4.64.197 - - [13/Sep/2021:02:24:22 +0000] "GET /CODDIGESTIONAPPARATUS.html HTTP/1.1" 200 56939 "-" "Mozilla/5.0 (compatible; MegaIndex.ru/2.0; +http://megaindex.com/crawler)"
114.119.137.252 - - [13/Sep/2021:02:24:59 +0000] "GET /SEEDGERMINATORSINGLECHAMBER(HEATING).html HTTP/1.1" 301 273 "-" "Mozilla/5.0 (Linux; Android 7.0;) AppleWebKit/537.36 (KHTML, like Gecko) Mobile Safari/537.36 (compatible; PetalBot;+https://webmaster.petalsearch.com/site/petalbot)"
114.119.137.252 - - [13/Sep/2021:02:24:59 +0000] "GET /SEEDGERMINATORSINGLECHAMBER(HEATING).html HTTP/1.1" 200 58183 "-" "Mozilla/5.0 (Linux; Android 7.0;) AppleWebKit/537.36 (KHTML, like Gecko) Mobile Safari/537.36 (compatible; PetalBot;+https://webmaster.petalsearch.com/site/petalbot)"
46.4.64.197 - - [13/Sep/2021:02:25:02 +0000] "GET /SEEDGERMINATORDUALCHAMBERSTI192.html HTTP/1.1" 200 59912 "-" "Mozilla/5.0 (compatible; MegaIndex.ru/2.0; +http://megaindex.com/crawler)"
46.4.64.197 - - [13/Sep/2021:02:25:42 +0000] "GET /SEEDGERMINATORDUALCHAMBER.html HTTP/1.1" 200 59727 "-" "Mozilla/5.0 (compatible; MegaIndex.ru/2.0; +http://megaindex.com/crawler)"
46.4.64.197 - - [13/Sep/2021:02:26:22 +0000] "GET /MULTIMAGNETICSTIRRER.html HTTP/1.1" 200 54119 "-" "Mozilla/5.0 (compatible; MegaIndex.ru/2.0; +http://megaindex.com/crawler)"
46.4.64.197 - - [13/Sep/2021:02:27:02 +0000] "GET /HUMDIIFIER(S.S.BODY).html HTTP/1.1" 200 50783 "-" "Mozilla/5.0 (compatible; MegaIndex.ru/2.0; +http://megaindex.com/crawler)"
46.4.64.197 - - [13/Sep/2021:02:27:41 +0000] "GET /DEHUMIDIFIER.html HTTP/1.1" 200 51183 "-" "Mozilla/5.0 (compatible; MegaIndex.ru/2.0; +http://megaindex.com/crawler)"
46.4.64.197 - - [13/Sep/2021:02:28:21 +0000] "GET /BOTTLEWASHINGMACHINE(LABMODEL).html HTTP/1.1" 200 50078 "-" "Mozilla/5.0 (compatible; MegaIndex.ru/2.0; +http://megaindex.com/crawler)"
46.4.64.197 - - [13/Sep/2021:02:29:01 +0000] "GET /BOTTLEWASHINGMACHINEWITHSOAKINGTANK.html HTTP/1.1" 200 51761 "-" "Mozilla/5.0 (compatible; MegaIndex.ru/2.0; +http://megaindex.com/crawler)"
46.4.64.197 - - [13/Sep/2021:02:29:37 +0000] "GET /UVFLUORESCENTCABINET.html HTTP/1.1" 200 50286 "-" "Mozilla/5.0 (compatible; MegaIndex.ru/2.0; +http://megaindex.com/crawler)"
46.4.64.197 - - [13/Sep/2021:02:30:13 +0000] "GET /UVCABINETACYRLICSHEETSHOCKPROOFSTI-405.html HTTP/1.1" 200 50101 "-" "Mozilla/5.0 (compatible; MegaIndex.ru/2.0; +http://megaindex.com/crawler)"
46.4.64.197 - - [13/Sep/2021:02:30:44 +0000] "GET /HOTPLATERECTANGULAR.html HTTP/1.1" 200 54264 "-" "Mozilla/5.0 (compatible; MegaIndex.ru/2.0; +http://megaindex.com/crawler)"
114.119.137.249 - - [13/Sep/2021:02:31:15 +0000] "GET /BALLMILL.html HTTP/1.1" 301 245 "-" "Mozilla/5.0 (Linux; Android 7.0;) AppleWebKit/537.36 (KHTML, like Gecko) Mobile Safari/537.36 (compatible; PetalBot;+https://webmaster.petalsearch.com/site/petalbot)"
114.119.137.249 - - [13/Sep/2021:02:31:16 +0000] "GET /BALLMILL.html HTTP/1.1" 200 52235 "-" "Mozilla/5.0 (Linux; Android 7.0;) AppleWebKit/537.36 (KHTML, like Gecko) Mobile Safari/537.36 (compatible; PetalBot;+https://webmaster.petalsearch.com/site/petalbot)"
46.4.64.197 - - [13/Sep/2021:02:31:22 +0000] "GET /HOTPLATEROUND.html HTTP/1.1" 200 52966 "-" "Mozilla/5.0 (compatible; MegaIndex.ru/2.0; +http://megaindex.com/crawler)"
46.4.64.197 - - [13/Sep/2021:02:31:57 +0000] "GET /SLIDEWARMINGPLATE.html HTTP/1.1" 200 53571 "-" "Mozilla/5.0 (compatible; MegaIndex.ru/2.0; +http://megaindex.com/crawler)"
46.4.64.197 - - [13/Sep/2021:02:32:31 +0000] "GET /HEATINGMANTLE.html HTTP/1.1" 200 59430 "-" "Mozilla/5.0 (compatible; MegaIndex.ru/2.0; +http://megaindex.com/crawler)"
46.4.64.197 - - [13/Sep/2021:02:33:09 +0000] "GET /DIGITALCOLONYCOUNTER.html HTTP/1.1" 200 50548 "-" "Mozilla/5.0 (compatible; MegaIndex.ru/2.0; +http://megaindex.com/crawler)"
46.4.64.197 - - [13/Sep/2021:02:33:40 +0000] "GET /BOMBCALORIMETER(DIGITAL).html HTTP/1.1" 200 53511 "-" "Mozilla/5.0 (compatible; MegaIndex.ru/2.0; +http://megaindex.com/crawler)"
46.4.64.197 - - [13/Sep/2021:02:34:17 +0000] "GET /DIGITALMOISTUREBALANCE.html HTTP/1.1" 200 51447 "-" "Mozilla/5.0 (compatible; MegaIndex.ru/2.0; +http://megaindex.com/crawler)"
46.4.64.197 - - [13/Sep/2021:02:34:55 +0000] "GET /MAGNETICSTIRRER.html HTTP/1.1" 200 54022 "-" "Mozilla/5.0 (compatible; MegaIndex.ru/2.0; +http://megaindex.com/crawler)"
46.4.64.197 - - [13/Sep/2021:02:35:32 +0000] "GET /ORBITALINCUBATORSHAKERHEATINGnCOOLING.html HTTP/1.1" 200 59751 "-" "Mozilla/5.0 (compatible; MegaIndex.ru/2.0; +http://megaindex.com/crawler)"
46.4.64.197 - - [13/Sep/2021:02:36:09 +0000] "GET /ORBITALINCUBATORSHAKER(HEATING).html HTTP/1.1" 200 59084 "-" "Mozilla/5.0 (compatible; MegaIndex.ru/2.0; +http://megaindex.com/crawler)"
46.4.64.197 - - [13/Sep/2021:02:36:48 +0000] "GET /ORBITALINCUBATORSHAKERBENCHTOPCOOLING.html HTTP/1.1" 200 58586 "-" "Mozilla/5.0 (compatible; MegaIndex.ru/2.0; +http://megaindex.com/crawler)"
46.4.64.197 - - [13/Sep/2021:02:37:27 +0000] "GET /ORBITALINCUBATORSHAKERBENCHTOPHEATING.html HTTP/1.1" 200 57677 "-" "Mozilla/5.0 (compatible; MegaIndex.ru/2.0; +http://megaindex.com/crawler)"
46.4.64.197 - - [13/Sep/2021:02:38:04 +0000] "GET /HYBRIDIZTIONINCUBATORHEATING.html HTTP/1.1" 200 56112 "-" "Mozilla/5.0 (compatible; MegaIndex.ru/2.0; +http://megaindex.com/crawler)"
46.4.64.197 - - [13/Sep/2021:02:38:40 +0000] "GET /HYBRIDIZTIONINCUBATORCOOLING.html HTTP/1.1" 200 57199 "-" "Mozilla/5.0 (compatible; MegaIndex.ru/2.0; +http://megaindex.com/crawler)"
46.4.64.197 - - [13/Sep/2021:02:39:19 +0000] "GET /CO2INCUBATORAIRJACKETED-HEATING.html HTTP/1.1" 200 58935 "-" "Mozilla/5.0 (compatible; MegaIndex.ru/2.0; +http://megaindex.com/crawler)"
46.4.64.197 - - [13/Sep/2021:02:39:59 +0000] "GET /CO2INCUBATORAIRJACKETEDHEATINGCUMHUMIDITY.html HTTP/1.1" 200 60548 "-" "Mozilla/5.0 (compatible; MegaIndex.ru/2.0; +http://megaindex.com/crawler)"
46.4.64.197 - - [13/Sep/2021:02:40:39 +0000] "GET /DRYBATHINCUBATOR.html HTTP/1.1" 200 52709 "-" "Mozilla/5.0 (compatible; MegaIndex.ru/2.0; +http://megaindex.com/crawler)"
46.4.64.197 - - [13/Sep/2021:02:41:11 +0000] "GET /EGGINCUBATOROrPOULTRYINCUBATOR.html HTTP/1.1" 200 56526 "-" "Mozilla/5.0 (compatible; MegaIndex.ru/2.0; +http://megaindex.com/crawler)"
46.4.64.197 - - [13/Sep/2021:02:41:51 +0000] "GET /MUFFLEFURNACEMAXTEMP1000degC.html HTTP/1.1" 200 54385 "-" "Mozilla/5.0 (compatible; MegaIndex.ru/2.0; +http://megaindex.com/crawler)"
46.4.64.197 - - [13/Sep/2021:02:42:27 +0000] "GET /MUFFLEFURNACEMAXTEMP1200degC.html HTTP/1.1" 200 55542 "-" "Mozilla/5.0 (compatible; MegaIndex.ru/2.0; +http://megaindex.com/crawler)"
46.4.64.197 - - [13/Sep/2021:02:43:01 +0000] "GET /MUFFLEFURNACE1450degCMAX.html HTTP/1.1" 200 56058 "-" "Mozilla/5.0 (compatible; MegaIndex.ru/2.0; +http://megaindex.com/crawler)"
114.119.137.238 - - [13/Sep/2021:02:43:16 +0000] "GET /QUARTZDISTILLATIONSTI-258.html HTTP/1.1" 200 56597 "-" "Mozilla/5.0 (Linux; Android 7.0;) AppleWebKit/537.36 (KHTML, like Gecko) Mobile Safari/537.36 (compatible; PetalBot;+https://webmaster.petalsearch.com/site/petalbot)"
46.4.64.197 - - [13/Sep/2021:02:43:40 +0000] "GET /INCINERATORPORTABLE(BIOMEDICALWASTEDISPOSAL).html HTTP/1.1" 200 60340 "-" "Mozilla/5.0 (compatible; MegaIndex.ru/2.0; +http://megaindex.com/crawler)"
46.4.64.197 - - [13/Sep/2021:02:44:19 +0000] "GET /VORTEXSHAKER(TESTTUBESHAKER)ADVANCED.html HTTP/1.1" 200 50502 "-" "Mozilla/5.0 (compatible; MegaIndex.ru/2.0; +http://megaindex.com/crawler)"
46.4.64.197 - - [13/Sep/2021:02:44:52 +0000] "GET /UNIVERSALSHAKINGMACHINE(MULTIPURPOSE).html HTTP/1.1" 200 50402 "-" "Mozilla/5.0 (compatible; MegaIndex.ru/2.0; +http://megaindex.com/crawler)"
46.4.64.197 - - [13/Sep/2021:02:45:31 +0000] "GET /WAGNERSSHAKINGMACHINE.html HTTP/1.1" 200 50501 "-" "Mozilla/5.0 (compatible; MegaIndex.ru/2.0; +http://megaindex.com/crawler)"
46.4.64.197 - - [13/Sep/2021:02:46:08 +0000] "GET /ROTARYFLASKSHAKER.html HTTP/1.1" 200 57408 "-" "Mozilla/5.0 (compatible; MegaIndex.ru/2.0; +http://megaindex.com/crawler)"
46.4.64.197 - - [13/Sep/2021:02:46:48 +0000] "GET /SIEVESHAKER(TABLETOP).html HTTP/1.1" 200 50077 "-" "Mozilla/5.0 (compatible; MegaIndex.ru/2.0; +http://megaindex.com/crawler)"
46.4.64.197 - - [13/Sep/2021:02:47:28 +0000] "GET /ROTAPSIEVESHAKER.html HTTP/1.1" 200 50438 "-" "Mozilla/5.0 (compatible; MegaIndex.ru/2.0; +http://megaindex.com/crawler)"
46.4.64.197 - - [13/Sep/2021:02:48:06 +0000] "GET /GYRATORYSIEVESHAKER.html HTTP/1.1" 200 50279 "-" "Mozilla/5.0 (compatible; MegaIndex.ru/2.0; +http://megaindex.com/crawler)"
46.4.64.197 - - [13/Sep/2021:02:48:46 +0000] "GET /WETSIEVESHAKER(YODERTYPE).html HTTP/1.1" 200 50206 "-" "Mozilla/5.0 (compatible; MegaIndex.ru/2.0; +http://megaindex.com/crawler)"
118.184.177.83 - - [13/Sep/2021:02:48:58 +0000] "GET / HTTP/1.1" 301 236 "-" "Sogou web spider/4.0(+http://www.sogou.com/docs/help/webmasters.htm#07)"
118.184.177.83 - - [13/Sep/2021:02:49:06 +0000] "GET / HTTP/1.1" 301 232 "-" "Sogou web spider/4.0(+http://www.sogou.com/docs/help/webmasters.htm#07)"
46.4.64.197 - - [13/Sep/2021:02:49:22 +0000] "GET /CONDITIONINGCHAMBERORHIGHLOWTHERMALCHAMBER.html HTTP/1.1" 200 58426 "-" "Mozilla/5.0 (compatible; MegaIndex.ru/2.0; +http://megaindex.com/crawler)"
114.119.137.43 - - [13/Sep/2021:02:49:27 +0000] "GET /LABJAWCRUSHERS.html HTTP/1.1" 200 52009 "-" "Mozilla/5.0 (Linux; Android 7.0;) AppleWebKit/537.36 (KHTML, like Gecko) Mobile Safari/537.36 (compatible; PetalBot;+https://webmaster.petalsearch.com/site/petalbot)"
46.4.64.197 - - [13/Sep/2021:02:50:08 +0000] "GET /ULTRALOWTEMPERATURECHAMBERMINUS80DEGC.html HTTP/1.1" 200 60369 "-" "Mozilla/5.0 (compatible; MegaIndex.ru/2.0; +http://megaindex.com/crawler)"
118.184.177.83 - - [13/Sep/2021:02:50:25 +0000] "GET / HTTP/1.1" 200 63934 "-" "Sogou web spider/4.0(+http://www.sogou.com/docs/help/webmasters.htm#07)"
46.4.64.197 - - [13/Sep/2021:02:50:57 +0000] "GET /HIGHLOWTHERMALCHAMBERWITHHUMIDITYARRANGEMENT.html HTTP/1.1" 200 54293 "-" "Mozilla/5.0 (compatible; MegaIndex.ru/2.0; +http://megaindex.com/crawler)"
46.4.64.197 - - [13/Sep/2021:02:51:31 +0000] "GET /VACUUMDRYINGCHAMBER(RECTANGULAR).html HTTP/1.1" 200 57683 "-" "Mozilla/5.0 (compatible; MegaIndex.ru/2.0; +http://megaindex.com/crawler)"
46.4.64.197 - - [13/Sep/2021:02:52:07 +0000] "GET /INDUSTRIALDRYINGCHAMBER.html HTTP/1.1" 200 58356 "-" "Mozilla/5.0 (compatible; MegaIndex.ru/2.0; +http://megaindex.com/crawler)"
46.4.64.197 - - [13/Sep/2021:02:52:44 +0000] "GET /WALKINCOLDCHAMBER.html HTTP/1.1" 200 56852 "-" "Mozilla/5.0 (compatible; MegaIndex.ru/2.0; +http://megaindex.com/crawler)"
46.4.64.197 - - [13/Sep/2021:02:53:22 +0000] "GET /WALKINSTABILITYCHAMBER.html HTTP/1.1" 200 56936 "-" "Mozilla/5.0 (compatible; MegaIndex.ru/2.0; +http://megaindex.com/crawler)"
46.4.64.197 - - [13/Sep/2021:02:54:01 +0000] "GET /ROTARYVACUUMPUMPSTI-409A.html HTTP/1.1" 200 55361 "-" "Mozilla/5.0 (compatible; MegaIndex.ru/2.0; +http://megaindex.com/crawler)"
46.4.64.197 - - [13/Sep/2021:02:54:37 +0000] "GET /VACUUMCUMPRESSUREPUMP(MONOBLOCK).html HTTP/1.1" 200 51828 "-" "Mozilla/5.0 (compatible; MegaIndex.ru/2.0; +http://megaindex.com/crawler)"
46.4.64.197 - - [13/Sep/2021:02:55:17 +0000] "GET /VACUUMPUMPOILFREEDIAPHRAGMTYPE.html HTTP/1.1" 200 50459 "-" "Mozilla/5.0 (compatible; MegaIndex.ru/2.0; +http://megaindex.com/crawler)"
114.119.137.45 - - [13/Sep/2021:02:55:44 +0000] "GET /enquiry.php?pname=KJELDAHL%20DISTILLATION%20UNIT%20%20%20/STI-383 HTTP/1.1" 200 61715 "-" "Mozilla/5.0 (Linux; Android 7.0;) AppleWebKit/537.36 (KHTML, like Gecko) Mobile Safari/537.36 (compatible; PetalBot;+https://webmaster.petalsearch.com/site/petalbot)"
46.4.64.197 - - [13/Sep/2021:02:55:53 +0000] "GET /WATERBATHHIGHPRECISION.html HTTP/1.1" 200 59492 "-" "Mozilla/5.0 (compatible; MegaIndex.ru/2.0; +http://megaindex.com/crawler)"
46.4.64.197 - - [13/Sep/2021:02:56:32 +0000] "GET /WATERBATHSHAKERSTI-135A(HEATING).html HTTP/1.1" 200 62039 "-" "Mozilla/5.0 (compatible; MegaIndex.ru/2.0; +http://megaindex.com/crawler)"
46.4.64.197 - - [13/Sep/2021:02:57:13 +0000] "GET /OILBATH.html HTTP/1.1" 200 55338 "-" "Mozilla/5.0 (compatible; MegaIndex.ru/2.0; +http://megaindex.com/crawler)"
46.4.64.197 - - [13/Sep/2021:02:57:52 +0000] "GET /PARRAFINWAXDISPENSER.html HTTP/1.1" 200 50515 "-" "Mozilla/5.0 (compatible; MegaIndex.ru/2.0; +http://megaindex.com/crawler)"
46.4.64.197 - - [13/Sep/2021:02:58:30 +0000] "GET /TISSUEFLOTATIONBATH.html HTTP/1.1" 200 50815 "-" "Mozilla/5.0 (compatible; MegaIndex.ru/2.0; +http://megaindex.com/crawler)"
46.4.64.197 - - [13/Sep/2021:02:59:09 +0000] "GET /ULTRASONICBATHSONICATOR.html HTTP/1.1" 200 54898 "-" "Mozilla/5.0 (compatible; MegaIndex.ru/2.0; +http://megaindex.com/crawler)"
46.4.64.197 - - [13/Sep/2021:02:59:46 +0000] "GET /INSPISATORBATH.html HTTP/1.1" 200 51499 "-" "Mozilla/5.0 (compatible; MegaIndex.ru/2.0; +http://megaindex.com/crawler)"
46.4.64.197 - - [13/Sep/2021:03:00:18 +0000] "GET /MASHINGBATH.html HTTP/1.1" 200 51710 "-" "Mozilla/5.0 (compatible; MegaIndex.ru/2.0; +http://megaindex.com/crawler)"
46.4.64.197 - - [13/Sep/2021:03:00:56 +0000] "GET /CIRCULATORYBATHSTI-138(I)HEATING.html HTTP/1.1" 200 59668 "-" "Mozilla/5.0 (compatible; MegaIndex.ru/2.0; +http://megaindex.com/crawler)"
46.4.64.197 - - [13/Sep/2021:03:01:38 +0000] "GET /ULTRALOWTEMPERATURELIQUIDBATH.html HTTP/1.1" 200 58825 "-" "Mozilla/5.0 (compatible; MegaIndex.ru/2.0; +http://megaindex.com/crawler)"
46.4.64.197 - - [13/Sep/2021:03:02:18 +0000] "GET /KINEMATICVISCOSITYBATH.html HTTP/1.1" 200 55542 "-" "Mozilla/5.0 (compatible; MegaIndex.ru/2.0; +http://megaindex.com/crawler)"
114.119.137.249 - - [13/Sep/2021:03:02:24 +0000] "GET /enquiry.php?pname=MUFFLE%20FURNACE%20MAX%20TEMP%201000%20deg%20C/STI-250 HTTP/1.1" 200 61720 "-" "Mozilla/5.0 (Linux; Android 7.0;) AppleWebKit/537.36 (KHTML, like Gecko) Mobile Safari/537.36 (compatible; PetalBot;+https://webmaster.petalsearch.com/site/petalbot)"
93.158.161.68 - - [13/Sep/2021:03:02:59 +0000] "GET /robots.txt HTTP/1.1" 404 208 "-" "Mozilla/5.0 (compatible; YandexBot/3.0; +http://yandex.com/bots)"
