143.110.230.251 - - [13/Sep/2021:05:25:52 +0000] "GET /images/RSS.png HTTP/1.1" 200 3206 "https://scienocraft.com/" "Mozilla/5.0 (Windows NT 10.0; Win64; x64) AppleWebKit/537.36 (KHTML, like Gecko) Chrome/92.0.4515.131 Safari/537.36"
143.110.230.251 - - [13/Sep/2021:05:25:52 +0000] "GET /images/facebook.png HTTP/1.1" 200 2418 "https://scienocraft.com/" "Mozilla/5.0 (Windows NT 10.0; Win64; x64) AppleWebKit/537.36 (KHTML, like Gecko) Chrome/92.0.4515.131 Safari/537.36"
143.110.230.251 - - [13/Sep/2021:05:25:55 +0000] "GET /slideshow/slide_images/9.jpg HTTP/1.1" 200 218806 "https://scienocraft.com/" "Mozilla/5.0 (Windows NT 10.0; Win64; x64) AppleWebKit/537.36 (KHTML, like Gecko) Chrome/92.0.4515.131 Safari/537.36"
143.110.230.251 - - [13/Sep/2021:05:25:55 +0000] "GET /slideshow/slide_images/1.jpg HTTP/1.1" 200 55698 "https://scienocraft.com/" "Mozilla/5.0 (Windows NT 10.0; Win64; x64) AppleWebKit/537.36 (KHTML, like Gecko) Chrome/92.0.4515.131 Safari/537.36"
114.119.137.45 - - [13/Sep/2021:05:33:19 +0000] "GET /enquiry.php?pname=HOT%20AIR%20OVEN%20HIGH%20TEMP/STI-278/%20STI-279 HTTP/1.1" 200 61717 "-" "Mozilla/5.0 (Linux; Android 7.0;) AppleWebKit/537.36 (KHTML, like Gecko) Mobile Safari/537.36 (compatible; PetalBot;+https://webmaster.petalsearch.com/site/petalbot)"
66.249.79.159 - - [13/Sep/2021:05:35:08 +0000] "GET /VACUUMOVENRECTANGULAR.html HTTP/1.1" 200 57720 "-" "Mozilla/5.0 (Linux; Android 6.0.1; Nexus 5X Build/MMB29P) AppleWebKit/537.36 (KHTML, like Gecko) Chrome/92.0.4515.119 Mobile Safari/537.36 (compatible; Googlebot/2.1; +http://www.google.com/bot.html)"
114.119.133.245 - - [13/Sep/2021:05:39:19 +0000] "GET /SEEDGERMINATORDUALCHAMBER.html HTTP/1.1" 301 262 "-" "Mozilla/5.0 (Linux; Android 7.0;) AppleWebKit/537.36 (KHTML, like Gecko) Mobile Safari/537.36 (compatible; PetalBot;+https://webmaster.petalsearch.com/site/petalbot)"
114.119.133.245 - - [13/Sep/2021:05:39:20 +0000] "GET /SEEDGERMINATORDUALCHAMBER.html HTTP/1.1" 200 59727 "-" "Mozilla/5.0 (Linux; Android 7.0;) AppleWebKit/537.36 (KHTML, like Gecko) Mobile Safari/537.36 (compatible; PetalBot;+https://webmaster.petalsearch.com/site/petalbot)"
118.184.177.83 - - [13/Sep/2021:05:41:32 +0000] "GET / HTTP/1.1" 301 232 "-" "Sogou web spider/4.0(+http://www.sogou.com/docs/help/webmasters.htm#07)"
118.184.177.83 - - [13/Sep/2021:05:42:38 +0000] "GET / HTTP/1.1" 200 63934 "-" "Sogou web spider/4.0(+http://www.sogou.com/docs/help/webmasters.htm#07)"
66.249.79.159 - - [13/Sep/2021:05:42:52 +0000] "GET /STABILITYCHAMBER21CFR(ECOFRIENDLYCFCFREECOOLINGREFRIGERANT).html HTTP/1.1" 200 59014 "-" "Mozilla/5.0 (Linux; Android 6.0.1; Nexus 5X Build/MMB29P) AppleWebKit/537.36 (KHTML, like Gecko) Chrome/92.0.4515.119 Mobile Safari/537.36 (compatible; Googlebot/2.1; +http://www.google.com/bot.html)"
114.119.137.249 - - [13/Sep/2021:05:59:12 +0000] "GET /enquiry.php?pname=HUMIDITY%20CHAMBER%20(HEATING)/STI-197%20B HTTP/1.1" 301 292 "-" "Mozilla/5.0 (Linux; Android 7.0;) AppleWebKit/537.36 (KHTML, like Gecko) Mobile Safari/537.36 (compatible; PetalBot;+https://webmaster.petalsearch.com/site/petalbot)"
114.119.137.249 - - [13/Sep/2021:05:59:12 +0000] "GET /enquiry.php?pname=HUMIDITY%20CHAMBER%20(HEATING)/STI-197%20B HTTP/1.1" 200 61714 "-" "Mozilla/5.0 (Linux; Android 7.0;) AppleWebKit/537.36 (KHTML, like Gecko) Mobile Safari/537.36 (compatible; PetalBot;+https://webmaster.petalsearch.com/site/petalbot)"
49.7.20.116 - - [13/Sep/2021:06:07:10 +0000] "GET / HTTP/1.1" 301 232 "-" "Sogou web spider/4.0(+http://www.sogou.com/docs/help/webmasters.htm#07)"
52.26.169.87 - - [13/Sep/2021:06:16:52 +0000] "GET / HTTP/1.1" 301 236 "-" "Mozilla/5.0 (Macintosh; Intel Mac OS X 10_10_5) AppleWebKit/537.36 (KHTML, like Gecko) Chrome/52.0.2743.116 Safari/537.36"
52.26.169.87 - - [13/Sep/2021:06:16:53 +0000] "GET / HTTP/1.1" 301 232 "-" "Mozilla/5.0 (Macintosh; Intel Mac OS X 10_10_5) AppleWebKit/537.36 (KHTML, like Gecko) Chrome/52.0.2743.116 Safari/537.36"
52.26.169.87 - - [13/Sep/2021:06:17:28 +0000] "GET / HTTP/1.1" 301 232 "-" "Mozilla/5.0 (Macintosh; Intel Mac OS X 10_10_5) AppleWebKit/537.36 (KHTML, like Gecko) Chrome/52.0.2743.116 Safari/537.36"
52.26.169.87 - - [13/Sep/2021:06:17:28 +0000] "GET / HTTP/1.1" 200 63934 "-" "Mozilla/5.0 (Macintosh; Intel Mac OS X 10_10_5) AppleWebKit/537.36 (KHTML, like Gecko) Chrome/52.0.2743.116 Safari/537.36"
52.26.169.87 - - [13/Sep/2021:06:17:29 +0000] "GET / HTTP/1.1" 200 63934 "-" "Mozilla/5.0 (Macintosh; Intel Mac OS X 10_10_5) AppleWebKit/537.36 (KHTML, like Gecko) Chrome/52.0.2743.116 Safari/537.36"
114.119.137.252 - - [13/Sep/2021:06:19:42 +0000] "GET /enquiry.php?pname=H.P.%20RECTANGULAR%20HORIZONTAL%20STERLIZER%20/(STI-119) HTTP/1.1" 301 306 "-" "Mozilla/5.0 (Linux; Android 7.0;) AppleWebKit/537.36 (KHTML, like Gecko) Mobile Safari/537.36 (compatible; PetalBot;+https://webmaster.petalsearch.com/site/petalbot)"
114.119.137.252 - - [13/Sep/2021:06:19:42 +0000] "GET /enquiry.php?pname=H.P.%20RECTANGULAR%20HORIZONTAL%20STERLIZER%20/(STI-119) HTTP/1.1" 200 61726 "-" "Mozilla/5.0 (Linux; Android 7.0;) AppleWebKit/537.36 (KHTML, like Gecko) Mobile Safari/537.36 (compatible; PetalBot;+https://webmaster.petalsearch.com/site/petalbot)"
114.119.137.45 - - [13/Sep/2021:06:31:55 +0000] "GET /HPSTEAMSTERILIZERHORIZONTALAUTOPURGINGnEXHAUST.html HTTP/1.1" 301 283 "-" "Mozilla/5.0 (Linux; Android 7.0;) AppleWebKit/537.36 (KHTML, like Gecko) Mobile Safari/537.36 (compatible; PetalBot;+https://webmaster.petalsearch.com/site/petalbot)"
114.119.137.45 - - [13/Sep/2021:06:31:58 +0000] "GET /HPSTEAMSTERILIZERHORIZONTALAUTOPURGINGnEXHAUST.html HTTP/1.1" 200 62412 "-" "Mozilla/5.0 (Linux; Android 7.0;) AppleWebKit/537.36 (KHTML, like Gecko) Mobile Safari/537.36 (compatible; PetalBot;+https://webmaster.petalsearch.com/site/petalbot)"
114.119.133.245 - - [13/Sep/2021:06:37:58 +0000] "GET /enquiry.php?pname=ULTRASONIC%20BATH%20SONICATOR/STI-143 HTTP/1.1" 301 287 "-" "Mozilla/5.0 (Linux; Android 7.0;) AppleWebKit/537.36 (KHTML, like Gecko) Mobile Safari/537.36 (compatible; PetalBot;+https://webmaster.petalsearch.com/site/petalbot)"
114.119.133.245 - - [13/Sep/2021:06:37:59 +0000] "GET /enquiry.php?pname=ULTRASONIC%20BATH%20SONICATOR/STI-143 HTTP/1.1" 200 61711 "-" "Mozilla/5.0 (Linux; Android 7.0;) AppleWebKit/537.36 (KHTML, like Gecko) Mobile Safari/537.36 (compatible; PetalBot;+https://webmaster.petalsearch.com/site/petalbot)"
54.36.148.137 - - [13/Sep/2021:06:38:36 +0000] "GET /index.php HTTP/1.1" 200 63934 "-" "Mozilla/5.0 (compatible; AhrefsBot/7.0; +http://ahrefs.com/robot/)"
49.7.20.121 - - [13/Sep/2021:06:39:01 +0000] "GET / HTTP/1.1" 301 236 "-" "Sogou web spider/4.0(+http://www.sogou.com/docs/help/webmasters.htm#07)"
92.118.160.41 - - [13/Sep/2021:06:39:29 +0000] "GET / HTTP/1.1" 200 63934 "-" "Go http package"
114.119.137.43 - - [13/Sep/2021:06:43:56 +0000] "GET /WATERBATHSHAKERSTI-135A(HEATING).html HTTP/1.1" 301 269 "-" "Mozilla/5.0 (Linux; Android 7.0;) AppleWebKit/537.36 (KHTML, like Gecko) Mobile Safari/537.36 (compatible; PetalBot;+https://webmaster.petalsearch.com/site/petalbot)"
114.119.137.43 - - [13/Sep/2021:06:43:58 +0000] "GET /WATERBATHSHAKERSTI-135A(HEATING).html HTTP/1.1" 200 62039 "-" "Mozilla/5.0 (Linux; Android 7.0;) AppleWebKit/537.36 (KHTML, like Gecko) Mobile Safari/537.36 (compatible; PetalBot;+https://webmaster.petalsearch.com/site/petalbot)"
49.7.20.121 - - [13/Sep/2021:06:47:04 +0000] "GET / HTTP/1.1" 301 232 "-" "Sogou web spider/4.0(+http://www.sogou.com/docs/help/webmasters.htm#07)"
49.7.20.121 - - [13/Sep/2021:06:50:27 +0000] "GET / HTTP/1.1" 200 63934 "-" "Sogou web spider/4.0(+http://www.sogou.com/docs/help/webmasters.htm#07)"
114.119.137.238 - - [13/Sep/2021:06:58:59 +0000] "GET /enquiry.php?pname=MUFFLE%20FURNACE%20MAX%20TEMP%201200%20deg%20C/STI-251 HTTP/1.1" 301 304 "-" "Mozilla/5.0 (Linux; Android 7.0;) AppleWebKit/537.36 (KHTML, like Gecko) Mobile Safari/537.36 (compatible; PetalBot;+https://webmaster.petalsearch.com/site/petalbot)"
114.119.137.238 - - [13/Sep/2021:06:59:01 +0000] "GET /enquiry.php?pname=MUFFLE%20FURNACE%20MAX%20TEMP%201200%20deg%20C/STI-251 HTTP/1.1" 200 61720 "-" "Mozilla/5.0 (Linux; Android 7.0;) AppleWebKit/537.36 (KHTML, like Gecko) Mobile Safari/537.36 (compatible; PetalBot;+https://webmaster.petalsearch.com/site/petalbot)"
114.119.137.238 - - [13/Sep/2021:07:04:50 +0000] "GET /enquiry.php?pname=QUARTZ%20DISTILLATION%20STI-258/STI-%20258%20/259 HTTP/1.1" 200 61719 "-" "Mozilla/5.0 (Linux; Android 7.0;) AppleWebKit/537.36 (KHTML, like Gecko) Mobile Safari/537.36 (compatible; PetalBot;+https://webmaster.petalsearch.com/site/petalbot)"
114.119.137.3 - - [13/Sep/2021:07:10:32 +0000] "GET /enquiry.php?pname=AIR%20CURTAIN/%20STI-109 HTTP/1.1" 200 61698 "-" "Mozilla/5.0 (Linux; Android 7.0;) AppleWebKit/537.36 (KHTML, like Gecko) Mobile Safari/537.36 (compatible; PetalBot;+https://webmaster.petalsearch.com/site/petalbot)"
78.46.85.236 - - [13/Sep/2021:07:16:25 +0000] "GET /robots.txt HTTP/1.1" 301 242 "-" "Mozilla/5.0 (compatible; MJ12bot/v1.4.8; http://mj12bot.com/)"
114.119.137.31 - - [13/Sep/2021:07:16:26 +0000] "GET /enquiry.php?pname=ORBITAL%20INCUBATOR%20SHAKER%20(HEATING)/%20STI-180%20A HTTP/1.1" 301 305 "-" "Mozilla/5.0 (Linux; Android 7.0;) AppleWebKit/537.36 (KHTML, like Gecko) Mobile Safari/537.36 (compatible; PetalBot;+https://webmaster.petalsearch.com/site/petalbot)"
114.119.137.31 - - [13/Sep/2021:07:16:27 +0000] "GET /enquiry.php?pname=ORBITAL%20INCUBATOR%20SHAKER%20(HEATING)/%20STI-180%20A HTTP/1.1" 200 61723 "-" "Mozilla/5.0 (Linux; Android 7.0;) AppleWebKit/537.36 (KHTML, like Gecko) Mobile Safari/537.36 (compatible; PetalBot;+https://webmaster.petalsearch.com/site/petalbot)"
78.46.85.236 - - [13/Sep/2021:07:16:29 +0000] "GET /robots.txt HTTP/1.1" 404 208 "-" "Mozilla/5.0 (compatible; MJ12bot/v1.4.8; http://mj12bot.com/)"
78.46.85.236 - - [13/Sep/2021:07:16:31 +0000] "GET / HTTP/1.1" 301 232 "-" "Mozilla/5.0 (compatible; MJ12bot/v1.4.8; http://mj12bot.com/)"
78.46.85.236 - - [13/Sep/2021:07:16:35 +0000] "GET / HTTP/1.1" 200 63934 "-" "Mozilla/5.0 (compatible; MJ12bot/v1.4.8; http://mj12bot.com/)"
78.46.85.236 - - [13/Sep/2021:07:16:39 +0000] "GET / HTTP/1.1" 200 63934 "-" "Mozilla/5.0 (compatible; MJ12bot/v1.4.8; http://mj12bot.com/)"
78.46.85.236 - - [13/Sep/2021:07:16:44 +0000] "GET /robots.txt HTTP/1.1" 301 246 "-" "Mozilla/5.0 (compatible; MJ12bot/v1.4.8; http://mj12bot.com/)"
78.46.85.236 - - [13/Sep/2021:07:16:46 +0000] "GET /robots.txt HTTP/1.1" 301 242 "-" "Mozilla/5.0 (compatible; MJ12bot/v1.4.8; http://mj12bot.com/)"
78.46.85.236 - - [13/Sep/2021:07:16:48 +0000] "GET /robots.txt HTTP/1.1" 404 208 "-" "Mozilla/5.0 (compatible; MJ12bot/v1.4.8; http://mj12bot.com/)"
78.46.85.236 - - [13/Sep/2021:07:16:51 +0000] "GET / HTTP/1.1" 301 236 "-" "Mozilla/5.0 (compatible; MJ12bot/v1.4.8; http://mj12bot.com/)"
78.46.85.236 - - [13/Sep/2021:07:17:06 +0000] "GET / HTTP/1.1" 301 232 "-" "Mozilla/5.0 (compatible; MJ12bot/v1.4.8; http://mj12bot.com/)"
78.46.85.236 - - [13/Sep/2021:07:17:09 +0000] "GET / HTTP/1.1" 200 63934 "-" "Mozilla/5.0 (compatible; MJ12bot/v1.4.8; http://mj12bot.com/)"
49.7.20.116 - - [13/Sep/2021:07:20:46 +0000] "GET / HTTP/1.1" 301 232 "-" "Sogou web spider/4.0(+http://www.sogou.com/docs/help/webmasters.htm#07)"
114.119.137.43 - - [13/Sep/2021:07:22:16 +0000] "GET /UVCABINETACYRLICSHEETSHOCKPROOFSTI-405.html HTTP/1.1" 301 275 "-" "Mozilla/5.0 (Linux; Android 7.0;) AppleWebKit/537.36 (KHTML, like Gecko) Mobile Safari/537.36 (compatible; PetalBot;+https://webmaster.petalsearch.com/site/petalbot)"
114.119.137.43 - - [13/Sep/2021:07:22:17 +0000] "GET /UVCABINETACYRLICSHEETSHOCKPROOFSTI-405.html HTTP/1.1" 200 50101 "-" "Mozilla/5.0 (Linux; Android 7.0;) AppleWebKit/537.36 (KHTML, like Gecko) Mobile Safari/537.36 (compatible; PetalBot;+https://webmaster.petalsearch.com/site/petalbot)"
154.51.131.142 - - [13/Sep/2021:07:28:03 +0000] "GET / HTTP/1.1" 301 232 "-" "Mozilla/5.0 (Windows NT 10.0; Win64; x64) AppleWebKit/537.36 (KHTML, like Gecko) Chrome/79.0.3945.130 Safari/537.36"
154.51.131.142 - - [13/Sep/2021:07:28:03 +0000] "GET / HTTP/1.1" 200 63934 "-" "Mozilla/5.0 (Windows NT 10.0; Win64; x64) AppleWebKit/537.36 (KHTML, like Gecko) Chrome/79.0.3945.130 Safari/537.36"
49.7.20.121 - - [13/Sep/2021:07:35:23 +0000] "GET / HTTP/1.1" 301 232 "-" "Sogou web spider/4.0(+http://www.sogou.com/docs/help/webmasters.htm#07)"
49.7.20.121 - - [13/Sep/2021:07:40:18 +0000] "GET / HTTP/1.1" 200 63934 "-" "Sogou web spider/4.0(+http://www.sogou.com/docs/help/webmasters.htm#07)"
123.125.109.110 - - [13/Sep/2021:07:40:50 +0000] "GET / HTTP/1.1" 301 236 "-" "Sogou web spider/4.0(+http://www.sogou.com/docs/help/webmasters.htm#07)"
54.36.148.124 - - [13/Sep/2021:07:45:47 +0000] "GET /VACUUMROTARYEVAPORATOR.html HTTP/1.1" 301 259 "-" "Mozilla/5.0 (compatible; AhrefsBot/7.0; +http://ahrefs.com/robot/)"
123.125.109.110 - - [13/Sep/2021:07:45:50 +0000] "GET / HTTP/1.1" 301 232 "-" "Sogou web spider/4.0(+http://www.sogou.com/docs/help/webmasters.htm#07)"
123.125.109.110 - - [13/Sep/2021:07:49:24 +0000] "GET / HTTP/1.1" 200 63934 "-" "Sogou web spider/4.0(+http://www.sogou.com/docs/help/webmasters.htm#07)"
66.249.79.128 - - [13/Sep/2021:08:03:13 +0000] "GET /robots.txt HTTP/1.1" 404 208 "-" "Mozilla/5.0 (compatible; Googlebot/2.1; +http://www.google.com/bot.html)"
66.249.79.158 - - [13/Sep/2021:08:03:14 +0000] "GET /galleryimg/6fd4a23c6d8432f0f7ce21c945d2187f.jpg HTTP/1.1" 200 21476 "-" "Googlebot-Image/1.0"
114.119.137.45 - - [13/Sep/2021:08:03:30 +0000] "GET /CONDITIONINGCHAMBERORHIGHLOWTHERMALCHAMBER.html HTTP/1.1" 301 279 "-" "Mozilla/5.0 (Linux; Android 7.0;) AppleWebKit/537.36 (KHTML, like Gecko) Mobile Safari/537.36 (compatible; PetalBot;+https://webmaster.petalsearch.com/site/petalbot)"
114.119.137.45 - - [13/Sep/2021:08:03:31 +0000] "GET /CONDITIONINGCHAMBERORHIGHLOWTHERMALCHAMBER.html HTTP/1.1" 200 58426 "-" "Mozilla/5.0 (Linux; Android 7.0;) AppleWebKit/537.36 (KHTML, like Gecko) Mobile Safari/537.36 (compatible; PetalBot;+https://webmaster.petalsearch.com/site/petalbot)"
54.36.148.52 - - [13/Sep/2021:08:11:19 +0000] "GET /GLASSBEADSTERILIZER.html HTTP/1.1" 200 50611 "-" "Mozilla/5.0 (compatible; AhrefsBot/7.0; +http://ahrefs.com/robot/)"
18.192.36.99 - - [13/Sep/2021:08:18:37 +0000] "GET /.well-known/acme-challenge/pyjTQgDJjHkU3sWh11f7cRNyd4y3IYwLOSdMo3r1BTA HTTP/1.1" 404 268 "-" "Mozilla/5.0 (compatible; Let's Encrypt validation server; +https://www.letsencrypt.org)"
3.142.122.14 - - [13/Sep/2021:08:18:37 +0000] "GET /.well-known/acme-challenge/pyjTQgDJjHkU3sWh11f7cRNyd4y3IYwLOSdMo3r1BTA HTTP/1.1" 404 268 "-" "Mozilla/5.0 (compatible; Let's Encrypt validation server; +https://www.letsencrypt.org)"
66.133.109.36 - - [13/Sep/2021:08:18:37 +0000] "GET /.well-known/acme-challenge/pyjTQgDJjHkU3sWh11f7cRNyd4y3IYwLOSdMo3r1BTA HTTP/1.1" 404 268 "-" "Mozilla/5.0 (compatible; Let's Encrypt validation server; +https://www.letsencrypt.org)"
34.219.87.132 - - [13/Sep/2021:08:18:37 +0000] "GET /.well-known/acme-challenge/pyjTQgDJjHkU3sWh11f7cRNyd4y3IYwLOSdMo3r1BTA HTTP/1.1" 404 268 "-" "Mozilla/5.0 (compatible; Let's Encrypt validation server; +https://www.letsencrypt.org)"
54.36.148.29 - - [13/Sep/2021:08:33:49 +0000] "GET /ContactUs HTTP/1.1" 200 49509 "-" "Mozilla/5.0 (compatible; AhrefsBot/7.0; +http://ahrefs.com/robot/)"
66.249.79.128 - - [13/Sep/2021:08:39:29 +0000] "GET /WATERBATHDOUBLEWALLED.html HTTP/1.1" 200 59786 "-" "Mozilla/5.0 (Linux; Android 6.0.1; Nexus 5X Build/MMB29P) AppleWebKit/537.36 (KHTML, like Gecko) Chrome/92.0.4515.119 Mobile Safari/537.36 (compatible; Googlebot/2.1; +http://www.google.com/bot.html)"
114.119.133.245 - - [13/Sep/2021:08:47:36 +0000] "GET /enquiry.php?pname=INCINERATOR%20PORTABLE%20(BIO%20MEDICAL%20WASTE%20DISPOSAL)/ HTTP/1.1" 200 61728 "-" "Mozilla/5.0 (Linux; Android 7.0;) AppleWebKit/537.36 (KHTML, like Gecko) Mobile Safari/537.36 (compatible; PetalBot;+https://webmaster.petalsearch.com/site/petalbot)"
93.158.161.68 - - [13/Sep/2021:08:48:31 +0000] "GET /robots.txt HTTP/1.1" 404 208 "-" "Mozilla/5.0 (compatible; YandexBot/3.0; +http://yandex.com/bots)"
93.158.161.68 - - [13/Sep/2021:08:48:34 +0000] "GET /LABJAWCRUSHERS.html HTTP/1.1" 200 52009 "-" "Mozilla/5.0 (compatible; YandexBot/3.0; +http://yandex.com/bots)"
92.118.77.10 - - [13/Sep/2021:08:51:12 +0000] "GET /ThankYou/ HTTP/1.0" 301 241 "http://scienocraft.com/ThankYou/" "Mozilla/5.0 (Windows NT 6.1; Win64; x64) AppleWebKit/537.36 (KHTML, like Gecko) Chrome/90.0.4430.72 Safari/537.36"
92.118.77.10 - - [13/Sep/2021:08:51:13 +0000] "GET /ThankYou/ HTTP/1.0" 404 207 "https://scienocraft.com/ThankYou/" "Mozilla/5.0 (Windows NT 6.1; Win64; x64) AppleWebKit/537.36 (KHTML, like Gecko) Chrome/90.0.4430.72 Safari/537.36"
92.118.77.10 - - [13/Sep/2021:08:51:13 +0000] "GET / HTTP/1.0" 200 63934 "https://scienocraft.com/" "Mozilla/5.0 (Windows NT 6.1; Win64; x64) AppleWebKit/537.36 (KHTML, like Gecko) Chrome/90.0.4430.72 Safari/537.36"
54.36.148.17 - - [13/Sep/2021:08:53:50 +0000] "GET /SEEDGERMINATORDUALCHAMBERSTI192.html HTTP/1.1" 200 59912 "-" "Mozilla/5.0 (compatible; AhrefsBot/7.0; +http://ahrefs.com/robot/)"
114.119.137.31 - - [13/Sep/2021:09:01:07 +0000] "GET /enquiry.php?pname=HOT%20PLATE%20ROUND/STI-269 HTTP/1.1" 301 277 "-" "Mozilla/5.0 (Linux; Android 7.0;) AppleWebKit/537.36 (KHTML, like Gecko) Mobile Safari/537.36 (compatible; PetalBot;+https://webmaster.petalsearch.com/site/petalbot)"
114.119.137.31 - - [13/Sep/2021:09:01:08 +0000] "GET /enquiry.php?pname=HOT%20PLATE%20ROUND/STI-269 HTTP/1.1" 200 61701 "-" "Mozilla/5.0 (Linux; Android 7.0;) AppleWebKit/537.36 (KHTML, like Gecko) Mobile Safari/537.36 (compatible; PetalBot;+https://webmaster.petalsearch.com/site/petalbot)"
114.119.137.238 - - [13/Sep/2021:09:07:10 +0000] "GET /WAGNERSSHAKINGMACHINE.html HTTP/1.1" 301 258 "-" "Mozilla/5.0 (Linux; Android 7.0;) AppleWebKit/537.36 (KHTML, like Gecko) Mobile Safari/537.36 (compatible; PetalBot;+https://webmaster.petalsearch.com/site/petalbot)"
114.119.137.238 - - [13/Sep/2021:09:07:10 +0000] "GET /WAGNERSSHAKINGMACHINE.html HTTP/1.1" 200 50501 "-" "Mozilla/5.0 (Linux; Android 7.0;) AppleWebKit/537.36 (KHTML, like Gecko) Mobile Safari/537.36 (compatible; PetalBot;+https://webmaster.petalsearch.com/site/petalbot)"
54.36.148.22 - - [13/Sep/2021:09:13:53 +0000] "GET /WATERDISTILLATIONAPPARATUS(DELUXEMODEL).html HTTP/1.1" 200 53920 "-" "Mozilla/5.0 (compatible; AhrefsBot/7.0; +http://ahrefs.com/robot/)"
66.249.79.159 - - [13/Sep/2021:09:14:55 +0000] "GET /MASHINGBATH.html HTTP/1.1" 200 51710 "-" "Mozilla/5.0 (compatible; Googlebot/2.1; +http://www.google.com/bot.html)"
66.249.79.128 - - [13/Sep/2021:09:14:56 +0000] "GET /ProductswiseCatalogue HTTP/1.1" 200 46493 "-" "Mozilla/5.0 (Linux; Android 6.0.1; Nexus 5X Build/MMB29P) AppleWebKit/537.36 (KHTML, like Gecko) Chrome/92.0.4515.119 Mobile Safari/537.36 (compatible; Googlebot/2.1; +http://www.google.com/bot.html)"
66.249.79.158 - - [13/Sep/2021:09:14:59 +0000] "GET /menucss/menu.css HTTP/1.1" 404 214 "https://scienocraft.com/MASHINGBATH.html" "Mozilla/5.0 AppleWebKit/537.36 (KHTML, like Gecko; compatible; Googlebot/2.1; +http://www.google.com/bot.html) Chrome/92.0.4515.119 Safari/537.36"
18.159.196.172 - - [13/Sep/2021:09:18:45 +0000] "GET /.well-known/acme-challenge/VO9zLoPV8YtS_iqc2VXBQbdsw2E2-yDiIWwbru8fNTE HTTP/1.1" 404 268 "-" "Mozilla/5.0 (compatible; Let's Encrypt validation server; +https://www.letsencrypt.org)"
3.142.122.14 - - [13/Sep/2021:09:18:45 +0000] "GET /.well-known/acme-challenge/VO9zLoPV8YtS_iqc2VXBQbdsw2E2-yDiIWwbru8fNTE HTTP/1.1" 404 268 "-" "Mozilla/5.0 (compatible; Let's Encrypt validation server; +https://www.letsencrypt.org)"
64.78.149.164 - - [13/Sep/2021:09:18:45 +0000] "GET /.well-known/acme-challenge/VO9zLoPV8YtS_iqc2VXBQbdsw2E2-yDiIWwbru8fNTE HTTP/1.1" 404 268 "-" "Mozilla/5.0 (compatible; Let's Encrypt validation server; +https://www.letsencrypt.org)"
34.219.87.132 - - [13/Sep/2021:09:18:45 +0000] "GET /.well-known/acme-challenge/VO9zLoPV8YtS_iqc2VXBQbdsw2E2-yDiIWwbru8fNTE HTTP/1.1" 404 268 "-" "Mozilla/5.0 (compatible; Let's Encrypt validation server; +https://www.letsencrypt.org)"
114.119.133.245 - - [13/Sep/2021:09:22:57 +0000] "GET /FRONTLOADINGAUTOCLAVEAUTO.html HTTP/1.1" 301 262 "-" "Mozilla/5.0 (Linux; Android 7.0;) AppleWebKit/537.36 (KHTML, like Gecko) Mobile Safari/537.36 (compatible; PetalBot;+https://webmaster.petalsearch.com/site/petalbot)"
114.119.133.245 - - [13/Sep/2021:09:22:58 +0000] "GET /FRONTLOADINGAUTOCLAVEAUTO.html HTTP/1.1" 200 58927 "-" "Mozilla/5.0 (Linux; Android 7.0;) AppleWebKit/537.36 (KHTML, like Gecko) Mobile Safari/537.36 (compatible; PetalBot;+https://webmaster.petalsearch.com/site/petalbot)"
114.119.137.45 - - [13/Sep/2021:09:28:59 +0000] "GET /enquiry.php?pname=INDUSTRIAL%20DRYING%20CHAMBER/STI-286 HTTP/1.1" 301 287 "-" "Mozilla/5.0 (Linux; Android 7.0;) AppleWebKit/537.36 (KHTML, like Gecko) Mobile Safari/537.36 (compatible; PetalBot;+https://webmaster.petalsearch.com/site/petalbot)"
114.119.137.45 - - [13/Sep/2021:09:29:01 +0000] "GET /enquiry.php?pname=INDUSTRIAL%20DRYING%20CHAMBER/STI-286 HTTP/1.1" 200 61711 "-" "Mozilla/5.0 (Linux; Android 7.0;) AppleWebKit/537.36 (KHTML, like Gecko) Mobile Safari/537.36 (compatible; PetalBot;+https://webmaster.petalsearch.com/site/petalbot)"
54.36.148.30 - - [13/Sep/2021:09:34:53 +0000] "GET /WATERBATH(CYLINDERICAL).html HTTP/1.1" 200 55346 "-" "Mozilla/5.0 (compatible; AhrefsBot/7.0; +http://ahrefs.com/robot/)"
66.249.79.128 - - [13/Sep/2021:09:41:47 +0000] "GET /index.php HTTP/1.1" 200 63934 "-" "Mozilla/5.0 (Linux; Android 6.0.1; Nexus 5X Build/MMB29P) AppleWebKit/537.36 (KHTML, like Gecko) Chrome/92.0.4515.119 Mobile Safari/537.36 (compatible; Googlebot/2.1; +http://www.google.com/bot.html)"
46.161.11.21 - - [13/Sep/2021:09:44:01 +0000] "GET /enquiry.php HTTP/1.0" 301 243 "http://scienocraft.com/enquiry.php" "Mozilla/5.0 (Windows NT 6.2; Win64; x64) AppleWebKit/537.36 (KHTML, like Gecko) Chrome/90.0.4430.93 Safari/537.36"
46.161.11.21 - - [13/Sep/2021:09:44:02 +0000] "GET /enquiry.php HTTP/1.0" 200 61678 "https://scienocraft.com/enquiry.php" "Mozilla/5.0 (Windows NT 6.2; Win64; x64) AppleWebKit/537.36 (KHTML, like Gecko) Chrome/90.0.4430.93 Safari/537.36"
114.119.137.249 - - [13/Sep/2021:09:44:49 +0000] "GET /enquiry.php?pname=SLIDE%20WARMING%20PLATE/STI-381 HTTP/1.1" 301 281 "-" "Mozilla/5.0 (Linux; Android 7.0;) AppleWebKit/537.36 (KHTML, like Gecko) Mobile Safari/537.36 (compatible; PetalBot;+https://webmaster.petalsearch.com/site/petalbot)"
114.119.137.249 - - [13/Sep/2021:09:44:49 +0000] "GET /enquiry.php?pname=SLIDE%20WARMING%20PLATE/STI-381 HTTP/1.1" 200 61705 "-" "Mozilla/5.0 (Linux; Android 7.0;) AppleWebKit/537.36 (KHTML, like Gecko) Mobile Safari/537.36 (compatible; PetalBot;+https://webmaster.petalsearch.com/site/petalbot)"
114.119.136.128 - - [13/Sep/2021:09:50:09 +0000] "GET /robots.txt HTTP/1.1" 301 242 "-" "Mozilla/5.0 (compatible;PetalBot;+https://webmaster.petalsearch.com/site/petalbot)"
114.119.136.128 - - [13/Sep/2021:09:50:10 +0000] "GET /robots.txt HTTP/1.1" 404 208 "-" "Mozilla/5.0 (compatible;PetalBot;+https://webmaster.petalsearch.com/site/petalbot)"
114.119.137.31 - - [13/Sep/2021:09:56:08 +0000] "GET /enquiry.php?pname=BALL%20MILL/STI-311 HTTP/1.1" 200 61695 "-" "Mozilla/5.0 (Linux; Android 7.0;) AppleWebKit/537.36 (KHTML, like Gecko) Mobile Safari/537.36 (compatible; PetalBot;+https://webmaster.petalsearch.com/site/petalbot)"
114.119.137.252 - - [13/Sep/2021:10:02:14 +0000] "GET /SIEVESHAKER(TABLETOP).html HTTP/1.1" 301 258 "-" "Mozilla/5.0 (Linux; Android 7.0;) AppleWebKit/537.36 (KHTML, like Gecko) Mobile Safari/537.36 (compatible; PetalBot;+https://webmaster.petalsearch.com/site/petalbot)"
114.119.137.252 - - [13/Sep/2021:10:02:14 +0000] "GET /SIEVESHAKER(TABLETOP).html HTTP/1.1" 200 50077 "-" "Mozilla/5.0 (Linux; Android 7.0;) AppleWebKit/537.36 (KHTML, like Gecko) Mobile Safari/537.36 (compatible; PetalBot;+https://webmaster.petalsearch.com/site/petalbot)"
114.119.137.43 - - [13/Sep/2021:10:09:31 +0000] "GET /enquiry.php?pname=ROTARY%20VACUUM%20PUMP%20STI-409%20A/STI-409%20B HTTP/1.1" 200 61716 "-" "Mozilla/5.0 (Linux; Android 7.0;) AppleWebKit/537.36 (KHTML, like Gecko) Mobile Safari/537.36 (compatible; PetalBot;+https://webmaster.petalsearch.com/site/petalbot)"
114.119.137.252 - - [13/Sep/2021:10:15:36 +0000] "GET /enquiry.php?pname=SALT%20SPRAY%20CHAMBER/STI-194 HTTP/1.1" 301 280 "-" "Mozilla/5.0 (Linux; Android 7.0;) AppleWebKit/537.36 (KHTML, like Gecko) Mobile Safari/537.36 (compatible; PetalBot;+https://webmaster.petalsearch.com/site/petalbot)"
114.119.137.252 - - [13/Sep/2021:10:15:37 +0000] "GET /enquiry.php?pname=SALT%20SPRAY%20CHAMBER/STI-194 HTTP/1.1" 200 61704 "-" "Mozilla/5.0 (Linux; Android 7.0;) AppleWebKit/537.36 (KHTML, like Gecko) Mobile Safari/537.36 (compatible; PetalBot;+https://webmaster.petalsearch.com/site/petalbot)"
54.36.148.16 - - [13/Sep/2021:10:15:40 +0000] "GET /DRYBATHINCUBATOR.html HTTP/1.1" 200 52709 "-" "Mozilla/5.0 (compatible; AhrefsBot/7.0; +http://ahrefs.com/robot/)"
18.192.36.99 - - [13/Sep/2021:10:18:37 +0000] "GET /.well-known/acme-challenge/PoGhKGsSHbuvcHFDkkCj0axG7UfPLwkQ4hJKJCg6eqc HTTP/1.1" 404 268 "-" "Mozilla/5.0 (compatible; Let's Encrypt validation server; +https://www.letsencrypt.org)"
18.116.86.117 - - [13/Sep/2021:10:18:37 +0000] "GET /.well-known/acme-challenge/PoGhKGsSHbuvcHFDkkCj0axG7UfPLwkQ4hJKJCg6eqc HTTP/1.1" 404 268 "-" "Mozilla/5.0 (compatible; Let's Encrypt validation server; +https://www.letsencrypt.org)"
34.219.87.132 - - [13/Sep/2021:10:18:37 +0000] "GET /.well-known/acme-challenge/PoGhKGsSHbuvcHFDkkCj0axG7UfPLwkQ4hJKJCg6eqc HTTP/1.1" 404 268 "-" "Mozilla/5.0 (compatible; Let's Encrypt validation server; +https://www.letsencrypt.org)"
66.133.109.36 - - [13/Sep/2021:10:18:39 +0000] "GET /.well-known/acme-challenge/PoGhKGsSHbuvcHFDkkCj0axG7UfPLwkQ4hJKJCg6eqc HTTP/1.1" 404 268 "-" "Mozilla/5.0 (compatible; Let's Encrypt validation server; +https://www.letsencrypt.org)"
77.88.5.83 - - [13/Sep/2021:10:23:37 +0000] "GET /FRONTLOADINGAUTOCLAVEAUTO.html HTTP/1.1" 200 58927 "-" "Mozilla/5.0 (compatible; YandexBot/3.0; +http://yandex.com/bots)"
114.119.137.3 - - [13/Sep/2021:10:30:22 +0000] "GET /ROTARYFLASKSHAKER.html HTTP/1.1" 301 254 "-" "Mozilla/5.0 (Linux; Android 7.0;) AppleWebKit/537.36 (KHTML, like Gecko) Mobile Safari/537.36 (compatible; PetalBot;+https://webmaster.petalsearch.com/site/petalbot)"
114.119.137.3 - - [13/Sep/2021:10:30:23 +0000] "GET /ROTARYFLASKSHAKER.html HTTP/1.1" 200 57408 "-" "Mozilla/5.0 (Linux; Android 7.0;) AppleWebKit/537.36 (KHTML, like Gecko) Mobile Safari/537.36 (compatible; PetalBot;+https://webmaster.petalsearch.com/site/petalbot)"
114.119.137.45 - - [13/Sep/2021:10:36:31 +0000] "GET /enquiry.php?pname=AUTOCLAVE%20PORTABLE%20SINGLE%20n%20DOUBLE%20WALLED%20/STI-112 HTTP/1.1" 200 61728 "-" "Mozilla/5.0 (Linux; Android 7.0;) AppleWebKit/537.36 (KHTML, like Gecko) Mobile Safari/537.36 (compatible; PetalBot;+https://webmaster.petalsearch.com/site/petalbot)"
80.253.235.74 - - [13/Sep/2021:10:54:13 +0000] "GET /enquiry.php HTTP/1.0" 200 61678 "-" "Mozilla/5.0 (Windows NT 6.3; Win64; x64) AppleWebKit/537.36 (KHTML, like Gecko) Chrome/75.0.3770.100 Safari/537.36"
114.119.137.252 - - [13/Sep/2021:10:59:57 +0000] "GET /HIGHLOWTHERMALCHAMBERWITHHUMIDITYARRANGEMENT.html HTTP/1.1" 301 281 "-" "Mozilla/5.0 (Linux; Android 7.0;) AppleWebKit/537.36 (KHTML, like Gecko) Mobile Safari/537.36 (compatible; PetalBot;+https://webmaster.petalsearch.com/site/petalbot)"
114.119.137.252 - - [13/Sep/2021:10:59:58 +0000] "GET /HIGHLOWTHERMALCHAMBERWITHHUMIDITYARRANGEMENT.html HTTP/1.1" 200 54293 "-" "Mozilla/5.0 (Linux; Android 7.0;) AppleWebKit/537.36 (KHTML, like Gecko) Mobile Safari/537.36 (compatible; PetalBot;+https://webmaster.petalsearch.com/site/petalbot)"
49.7.20.122 - - [13/Sep/2021:11:15:24 +0000] "GET / HTTP/1.1" 301 232 "-" "Sogou web spider/4.0(+http://www.sogou.com/docs/help/webmasters.htm#07)"
49.7.20.122 - - [13/Sep/2021:11:16:54 +0000] "GET / HTTP/1.1" 200 63934 "-" "Sogou web spider/4.0(+http://www.sogou.com/docs/help/webmasters.htm#07)"
66.249.79.159 - - [13/Sep/2021:11:18:13 +0000] "GET /ProductswiseCatalogue HTTP/1.1" 200 46493 "-" "Mozilla/5.0 (compatible; Googlebot/2.1; +http://www.google.com/bot.html)"
3.120.130.29 - - [13/Sep/2021:11:18:40 +0000] "GET /.well-known/acme-challenge/wLLpU34ZPevbe2-sgjYpXfKqvZ_Wg9l_ylZ84BEBajY HTTP/1.1" 404 268 "-" "Mozilla/5.0 (compatible; Let's Encrypt validation server; +https://www.letsencrypt.org)"
18.116.86.117 - - [13/Sep/2021:11:18:40 +0000] "GET /.well-known/acme-challenge/wLLpU34ZPevbe2-sgjYpXfKqvZ_Wg9l_ylZ84BEBajY HTTP/1.1" 404 268 "-" "Mozilla/5.0 (compatible; Let's Encrypt validation server; +https://www.letsencrypt.org)"
34.219.87.132 - - [13/Sep/2021:11:18:40 +0000] "GET /.well-known/acme-challenge/wLLpU34ZPevbe2-sgjYpXfKqvZ_Wg9l_ylZ84BEBajY HTTP/1.1" 404 268 "-" "Mozilla/5.0 (compatible; Let's Encrypt validation server; +https://www.letsencrypt.org)"
64.78.149.164 - - [13/Sep/2021:11:18:40 +0000] "GET /.well-known/acme-challenge/wLLpU34ZPevbe2-sgjYpXfKqvZ_Wg9l_ylZ84BEBajY HTTP/1.1" 404 268 "-" "Mozilla/5.0 (compatible; Let's Encrypt validation server; +https://www.letsencrypt.org)"
49.7.20.122 - - [13/Sep/2021:11:19:42 +0000] "GET / HTTP/1.1" 200 63934 "-" "Sogou web spider/4.0(+http://www.sogou.com/docs/help/webmasters.htm#07)"
61.151.178.197 - - [13/Sep/2021:11:25:18 +0000] "GET / HTTP/1.1" 301 236 "-" "Mozilla/5.0 (Linux; Android 5.1.1; SM801 Build/LMY47V; wv) AppleWebKit/537.36 (KHTML, like Gecko) Version/4.0 Chrome/53.0.2785.49 Mobile MQQBrowser/6.2 TBS/043024 Safari/537.36 MicroMessenger/6.5.4.1000 NetType/4G Language/zh_CN"
114.119.137.238 - - [13/Sep/2021:11:28:44 +0000] "GET /TermsandConditions HTTP/1.1" 301 250 "-" "Mozilla/5.0 (Linux; Android 7.0;) AppleWebKit/537.36 (KHTML, like Gecko) Mobile Safari/537.36 (compatible; PetalBot;+https://webmaster.petalsearch.com/site/petalbot)"
114.119.137.238 - - [13/Sep/2021:11:28:44 +0000] "GET /TermsandConditions HTTP/1.1" 200 46411 "-" "Mozilla/5.0 (Linux; Android 7.0;) AppleWebKit/537.36 (KHTML, like Gecko) Mobile Safari/537.36 (compatible; PetalBot;+https://webmaster.petalsearch.com/site/petalbot)"
114.119.137.249 - - [13/Sep/2021:11:37:19 +0000] "GET /enquiry.php?pname=VORTEX%20SHAKER%20(TEST%20TUBE%20SHAKER)%20ADVANCED/STI-360%20C HTTP/1.1" 301 313 "-" "Mozilla/5.0 (Linux; Android 7.0;) AppleWebKit/537.36 (KHTML, like Gecko) Mobile Safari/537.36 (compatible; PetalBot;+https://webmaster.petalsearch.com/site/petalbot)"
114.119.137.249 - - [13/Sep/2021:11:37:20 +0000] "GET /enquiry.php?pname=VORTEX%20SHAKER%20(TEST%20TUBE%20SHAKER)%20ADVANCED/STI-360%20C HTTP/1.1" 200 61729 "-" "Mozilla/5.0 (Linux; Android 7.0;) AppleWebKit/537.36 (KHTML, like Gecko) Mobile Safari/537.36 (compatible; PetalBot;+https://webmaster.petalsearch.com/site/petalbot)"
92.118.77.10 - - [13/Sep/2021:11:44:17 +0000] "GET /ThankYou/ HTTP/1.0" 301 241 "http://scienocraft.com/ThankYou/" "Mozilla/5.0 (Windows NT 6.1) AppleWebKit/537.36 (KHTML, like Gecko) Chrome/90.0.4430.93 Safari/537.36"
92.118.77.10 - - [13/Sep/2021:11:44:18 +0000] "GET /ThankYou/ HTTP/1.0" 404 207 "https://scienocraft.com/ThankYou/" "Mozilla/5.0 (Windows NT 6.1) AppleWebKit/537.36 (KHTML, like Gecko) Chrome/90.0.4430.93 Safari/537.36"
92.118.77.10 - - [13/Sep/2021:11:44:18 +0000] "GET / HTTP/1.0" 200 63934 "https://scienocraft.com/" "Mozilla/5.0 (Windows NT 6.1) AppleWebKit/537.36 (KHTML, like Gecko) Chrome/90.0.4430.93 Safari/537.36"
37.115.192.214 - - [13/Sep/2021:11:47:46 +0000] "GET / HTTP/1.1" 301 232 "https://bioscorp.ru/" "Mozilla/4.0 (compatible; MSIE 6.0; Windows NT 5.1; .NET CLR 1.1.4322)"
37.115.192.214 - - [13/Sep/2021:11:47:47 +0000] "GET / HTTP/1.1" 301 232 "https://bioscorp.ru/" "Mozilla/4.0 (compatible; MSIE 6.0; Windows NT 5.1; .NET CLR 1.1.4322)"
114.119.137.31 - - [13/Sep/2021:12:04:53 +0000] "GET /enquiry.php?pname=KJELDAHL%20DISTILLATION%20AND%20DIGESTION%20COMBINED%20/STI-386 HTTP/1.1" 301 313 "-" "Mozilla/5.0 (Linux; Android 7.0;) AppleWebKit/537.36 (KHTML, like Gecko) Mobile Safari/537.36 (compatible; PetalBot;+https://webmaster.petalsearch.com/site/petalbot)"
114.119.137.31 - - [13/Sep/2021:12:04:53 +0000] "GET /enquiry.php?pname=KJELDAHL%20DISTILLATION%20AND%20DIGESTION%20COMBINED%20/STI-386 HTTP/1.1" 200 61731 "-" "Mozilla/5.0 (Linux; Android 7.0;) AppleWebKit/537.36 (KHTML, like Gecko) Mobile Safari/537.36 (compatible; PetalBot;+https://webmaster.petalsearch.com/site/petalbot)"
54.36.148.168 - - [13/Sep/2021:12:07:21 +0000] "GET / HTTP/1.1" 200 63934 "-" "Mozilla/5.0 (compatible; AhrefsBot/7.0; +http://ahrefs.com/robot/)"
66.249.79.158 - - [13/Sep/2021:12:12:50 +0000] "GET /MASHINGBATH.html HTTP/1.1" 200 51710 "-" "Mozilla/5.0 (Linux; Android 6.0.1; Nexus 5X Build/MMB29P) AppleWebKit/537.36 (KHTML, like Gecko) Chrome/92.0.4515.119 Mobile Safari/537.36 (compatible; Googlebot/2.1; +http://www.google.com/bot.html)"
114.119.137.43 - - [13/Sep/2021:12:13:23 +0000] "GET /AUTOCLAVEVERTICALGMPMODEL.html HTTP/1.1" 301 262 "-" "Mozilla/5.0 (Linux; Android 7.0;) AppleWebKit/537.36 (KHTML, like Gecko) Mobile Safari/537.36 (compatible; PetalBot;+https://webmaster.petalsearch.com/site/petalbot)"
114.119.137.43 - - [13/Sep/2021:12:13:23 +0000] "GET /AUTOCLAVEVERTICALGMPMODEL.html HTTP/1.1" 200 64155 "-" "Mozilla/5.0 (Linux; Android 7.0;) AppleWebKit/537.36 (KHTML, like Gecko) Mobile Safari/537.36 (compatible; PetalBot;+https://webmaster.petalsearch.com/site/petalbot)"
3.120.130.29 - - [13/Sep/2021:12:18:41 +0000] "GET /.well-known/acme-challenge/4vR9QdD8NspGVgk5wP9h1RJtErtXOmYZ5pRN-poND1g HTTP/1.1" 404 268 "-" "Mozilla/5.0 (compatible; Let's Encrypt validation server; +https://www.letsencrypt.org)"
3.142.122.14 - - [13/Sep/2021:12:18:41 +0000] "GET /.well-known/acme-challenge/4vR9QdD8NspGVgk5wP9h1RJtErtXOmYZ5pRN-poND1g HTTP/1.1" 404 268 "-" "Mozilla/5.0 (compatible; Let's Encrypt validation server; +https://www.letsencrypt.org)"
66.133.109.36 - - [13/Sep/2021:12:18:41 +0000] "GET /.well-known/acme-challenge/4vR9QdD8NspGVgk5wP9h1RJtErtXOmYZ5pRN-poND1g HTTP/1.1" 404 268 "-" "Mozilla/5.0 (compatible; Let's Encrypt validation server; +https://www.letsencrypt.org)"
34.221.255.206 - - [13/Sep/2021:12:18:41 +0000] "GET /.well-known/acme-challenge/4vR9QdD8NspGVgk5wP9h1RJtErtXOmYZ5pRN-poND1g HTTP/1.1" 404 268 "-" "Mozilla/5.0 (compatible; Let's Encrypt validation server; +https://www.letsencrypt.org)"
114.119.137.3 - - [13/Sep/2021:12:43:55 +0000] "GET /enquiry.php?pname=AUTOCLAVE%20VERTICAL%20DOUBLE%20WALL%20AUTO%20PURGING%20n%20EXHAUST/STI%20-115%20E%20FA HTTP/1.1" 200 61745 "-" "Mozilla/5.0 (Linux; Android 7.0;) AppleWebKit/537.36 (KHTML, like Gecko) Mobile Safari/537.36 (compatible; PetalBot;+https://webmaster.petalsearch.com/site/petalbot)"
114.119.137.31 - - [13/Sep/2021:12:50:16 +0000] "GET /enquiry.php?pname=VACUUM%20PUMP%20OIL%20FREE%20DIAPHRAGM%20TYPE/STI-%20411 HTTP/1.1" 200 61722 "-" "Mozilla/5.0 (Linux; Android 7.0;) AppleWebKit/537.36 (KHTML, like Gecko) Mobile Safari/537.36 (compatible; PetalBot;+https://webmaster.petalsearch.com/site/petalbot)"
216.244.66.229 - - [13/Sep/2021:13:11:24 +0000] "GET /robots.txt HTTP/1.1" 301 246 "-" "Mozilla/5.0 (compatible; DotBot/1.2; +https://opensiteexplorer.org/dotbot; help@moz.com)"
216.244.66.229 - - [13/Sep/2021:13:11:25 +0000] "GET /robots.txt HTTP/1.1" 301 242 "-" "Mozilla/5.0 (compatible; DotBot/1.2; +https://opensiteexplorer.org/dotbot; help@moz.com)"
216.244.66.229 - - [13/Sep/2021:13:11:26 +0000] "GET /robots.txt HTTP/1.1" 404 208 "-" "Mozilla/5.0 (compatible; DotBot/1.2; +https://opensiteexplorer.org/dotbot; help@moz.com)"
18.192.36.99 - - [13/Sep/2021:13:18:33 +0000] "GET /.well-known/acme-challenge/9NGK0d8kOdfXm8hMQhiN-Pq9J_zmO_1UmK2ItLErQIQ HTTP/1.1" 404 268 "-" "Mozilla/5.0 (compatible; Let's Encrypt validation server; +https://www.letsencrypt.org)"
3.142.122.14 - - [13/Sep/2021:13:18:33 +0000] "GET /.well-known/acme-challenge/9NGK0d8kOdfXm8hMQhiN-Pq9J_zmO_1UmK2ItLErQIQ HTTP/1.1" 404 268 "-" "Mozilla/5.0 (compatible; Let's Encrypt validation server; +https://www.letsencrypt.org)"
52.39.4.59 - - [13/Sep/2021:13:18:33 +0000] "GET /.well-known/acme-challenge/9NGK0d8kOdfXm8hMQhiN-Pq9J_zmO_1UmK2ItLErQIQ HTTP/1.1" 404 268 "-" "Mozilla/5.0 (compatible; Let's Encrypt validation server; +https://www.letsencrypt.org)"
64.78.149.164 - - [13/Sep/2021:13:18:33 +0000] "GET /.well-known/acme-challenge/9NGK0d8kOdfXm8hMQhiN-Pq9J_zmO_1UmK2ItLErQIQ HTTP/1.1" 404 268 "-" "Mozilla/5.0 (compatible; Let's Encrypt validation server; +https://www.letsencrypt.org)"
114.119.137.45 - - [13/Sep/2021:13:19:50 +0000] "GET /enquiry.php?pname=TISSUE%20FLOTATION%20BATH/STI-139 HTTP/1.1" 200 61707 "-" "Mozilla/5.0 (Linux; Android 7.0;) AppleWebKit/537.36 (KHTML, like Gecko) Mobile Safari/537.36 (compatible; PetalBot;+https://webmaster.petalsearch.com/site/petalbot)"
114.119.137.238 - - [13/Sep/2021:13:26:06 +0000] "GET /AUTOCLAVEVERTICALDOUBLEWALLAUTOPURGINGnEXHAUST.html HTTP/1.1" 200 62628 "-" "Mozilla/5.0 (Linux; Android 7.0;) AppleWebKit/537.36 (KHTML, like Gecko) Mobile Safari/537.36 (compatible; PetalBot;+https://webmaster.petalsearch.com/site/petalbot)"
216.244.66.229 - - [13/Sep/2021:13:26:58 +0000] "GET /galleryimg/755bb72cd0be2b3ec99654add4184b2f.png HTTP/1.1" 301 279 "-" "Mozilla/5.0 (compatible; DotBot/1.2; +https://opensiteexplorer.org/dotbot; help@moz.com)"
114.119.137.43 - - [13/Sep/2021:13:32:16 +0000] "GET /enquiry.php?pname=WATER%20STILL%20MANESTY%20TYPE%20WALL%20MOUNTING/%20STI-425 HTTP/1.1" 301 309 "-" "Mozilla/5.0 (Linux; Android 7.0;) AppleWebKit/537.36 (KHTML, like Gecko) Mobile Safari/537.36 (compatible; PetalBot;+https://webmaster.petalsearch.com/site/petalbot)"
114.119.137.43 - - [13/Sep/2021:13:32:17 +0000] "GET /enquiry.php?pname=WATER%20STILL%20MANESTY%20TYPE%20WALL%20MOUNTING/%20STI-425 HTTP/1.1" 200 61725 "-" "Mozilla/5.0 (Linux; Android 7.0;) AppleWebKit/537.36 (KHTML, like Gecko) Mobile Safari/537.36 (compatible; PetalBot;+https://webmaster.petalsearch.com/site/petalbot)"
40.77.167.57 - - [13/Sep/2021:13:39:59 +0000] "GET /HOTAIROVENHIGHTEMP.html HTTP/1.1" 200 61257 "-" "Mozilla/5.0 (compatible; bingbot/2.0; +http://www.bing.com/bingbot.htm)"
114.119.137.238 - - [13/Sep/2021:13:45:54 +0000] "GET /enquiry.php?pname=VACUUM%20OVEN%20CYLINDERICAL/STI-421 HTTP/1.1" 200 61710 "-" "Mozilla/5.0 (Linux; Android 7.0;) AppleWebKit/537.36 (KHTML, like Gecko) Mobile Safari/537.36 (compatible; PetalBot;+https://webmaster.petalsearch.com/site/petalbot)"
192.99.18.122 - - [13/Sep/2021:13:50:15 +0000] "GET / HTTP/1.1" 301 232 "https://www.google.com" "Mozilla/5.0 (X11; Ubuntu; Linux x86_64; rv:72.0) Gecko/20100101 Firefox/72.0"
192.99.18.122 - - [13/Sep/2021:13:50:16 +0000] "GET / HTTP/1.1" 200 63934 "http://scienocraft.com/" "Mozilla/5.0 (X11; Ubuntu; Linux x86_64; rv:72.0) Gecko/20100101 Firefox/72.0"
114.119.137.45 - - [13/Sep/2021:13:55:22 +0000] "GET /MUFFLEFURNACE1450degCMAX.html HTTP/1.1" 301 261 "-" "Mozilla/5.0 (Linux; Android 7.0;) AppleWebKit/537.36 (KHTML, like Gecko) Mobile Safari/537.36 (compatible; PetalBot;+https://webmaster.petalsearch.com/site/petalbot)"
114.119.137.45 - - [13/Sep/2021:13:55:22 +0000] "GET /MUFFLEFURNACE1450degCMAX.html HTTP/1.1" 200 56058 "-" "Mozilla/5.0 (Linux; Android 7.0;) AppleWebKit/537.36 (KHTML, like Gecko) Mobile Safari/537.36 (compatible; PetalBot;+https://webmaster.petalsearch.com/site/petalbot)"
66.249.79.158 - - [13/Sep/2021:13:58:39 +0000] "GET / HTTP/1.1" 200 63934 "-" "Mozilla/5.0 (Linux; Android 6.0.1; Nexus 5X Build/MMB29P) AppleWebKit/537.36 (KHTML, like Gecko) Chrome/92.0.4515.119 Mobile Safari/537.36 (compatible; Googlebot/2.1; +http://www.google.com/bot.html)"
66.249.79.158 - - [13/Sep/2021:13:58:46 +0000] "GET /menu/css/dcmegamenu.css HTTP/1.1" 200 2350 "https://scienocraft.com/" "Mozilla/5.0 (Linux; Android 6.0.1; Nexus 5X Build/MMB29P) AppleWebKit/537.36 (KHTML, like Gecko) Chrome/92.0.4515.119 Mobile Safari/537.36 (compatible; Googlebot/2.1; +http://www.google.com/bot.html)"
66.249.79.128 - - [13/Sep/2021:14:07:59 +0000] "GET /INCINERATORPORTABLE(BIOMEDICALWASTEDISPOSAL).html HTTP/1.1" 200 60340 "-" "Mozilla/5.0 (Linux; Android 6.0.1; Nexus 5X Build/MMB29P) AppleWebKit/537.36 (KHTML, like Gecko) Chrome/92.0.4515.119 Mobile Safari/537.36 (compatible; Googlebot/2.1; +http://www.google.com/bot.html)"
66.249.79.158 - - [13/Sep/2021:14:08:29 +0000] "GET / HTTP/1.1" 200 63934 "-" "Mozilla/5.0 (compatible; Googlebot/2.1; +http://www.google.com/bot.html)"
114.119.137.31 - - [13/Sep/2021:14:08:57 +0000] "GET /HOTAIROVENHIGHTEMP.html HTTP/1.1" 301 255 "-" "Mozilla/5.0 (Linux; Android 7.0;) AppleWebKit/537.36 (KHTML, like Gecko) Mobile Safari/537.36 (compatible; PetalBot;+https://webmaster.petalsearch.com/site/petalbot)"
114.119.137.31 - - [13/Sep/2021:14:08:58 +0000] "GET /HOTAIROVENHIGHTEMP.html HTTP/1.1" 200 61257 "-" "Mozilla/5.0 (Linux; Android 7.0;) AppleWebKit/537.36 (KHTML, like Gecko) Mobile Safari/537.36 (compatible; PetalBot;+https://webmaster.petalsearch.com/site/petalbot)"
18.159.196.172 - - [13/Sep/2021:14:18:35 +0000] "GET /.well-known/acme-challenge/IBoL0XsimB6PoLzvvTztru1pqo9cxlTWar_S6XrkJWY HTTP/1.1" 404 268 "-" "Mozilla/5.0 (compatible; Let's Encrypt validation server; +https://www.letsencrypt.org)"
34.221.255.206 - - [13/Sep/2021:14:18:35 +0000] "GET /.well-known/acme-challenge/IBoL0XsimB6PoLzvvTztru1pqo9cxlTWar_S6XrkJWY HTTP/1.1" 404 268 "-" "Mozilla/5.0 (compatible; Let's Encrypt validation server; +https://www.letsencrypt.org)"
3.19.56.43 - - [13/Sep/2021:14:18:35 +0000] "GET /.well-known/acme-challenge/IBoL0XsimB6PoLzvvTztru1pqo9cxlTWar_S6XrkJWY HTTP/1.1" 404 268 "-" "Mozilla/5.0 (compatible; Let's Encrypt validation server; +https://www.letsencrypt.org)"
66.133.109.36 - - [13/Sep/2021:14:18:35 +0000] "GET /.well-known/acme-challenge/IBoL0XsimB6PoLzvvTztru1pqo9cxlTWar_S6XrkJWY HTTP/1.1" 404 268 "-" "Mozilla/5.0 (compatible; Let's Encrypt validation server; +https://www.letsencrypt.org)"
1.192.195.11 - - [13/Sep/2021:14:18:35 +0000] "GET / HTTP/1.1" 301 236 "http://www.scienocraft.com/" "Mozilla/5.0(compatible;MSIE9.0;WindowsNT6.1;Trident/5.0)"
1.192.195.11 - - [13/Sep/2021:14:18:52 +0000] "GET / HTTP/1.1" 301 232 "https://www.scienocraft.com/" "Mozilla/5.0(compatible;MSIE9.0;WindowsNT6.1;Trident/5.0)"
180.163.220.125 - - [13/Sep/2021:14:19:14 +0000] "GET / HTTP/1.1" 301 236 "http://www.scienocraft.com/" "Mozilla/5.0(compatible;MSIE9.0;WindowsNT6.1;Trident/5.0)"
180.163.220.42 - - [13/Sep/2021:14:19:36 +0000] "GET / HTTP/1.1" 301 232 "https://www.scienocraft.com/" "Mozilla/5.0(compatible;MSIE9.0;WindowsNT6.1;Trident/5.0)"
180.163.220.42 - - [13/Sep/2021:14:19:45 +0000] "GET / HTTP/1.1" 200 63934 "https://scienocraft.com/" "Mozilla/5.0(compatible;MSIE9.0;WindowsNT6.1;Trident/5.0)"
66.249.79.159 - - [13/Sep/2021:14:24:34 +0000] "GET /AUTOCLAVEPORTABLESINGLEnDOUBLEWALLED.html HTTP/1.1" 200 51959 "-" "Mozilla/5.0 (Linux; Android 6.0.1; Nexus 5X Build/MMB29P) AppleWebKit/537.36 (KHTML, like Gecko) Chrome/92.0.4515.119 Mobile Safari/537.36 (compatible; Googlebot/2.1; +http://www.google.com/bot.html)"
66.249.79.159 - - [13/Sep/2021:14:24:41 +0000] "GET /menucss/menu.css HTTP/1.1" 404 214 "https://scienocraft.com/AUTOCLAVEPORTABLESINGLEnDOUBLEWALLED.html" "Mozilla/5.0 (Linux; Android 6.0.1; Nexus 5X Build/MMB29P) AppleWebKit/537.36 (KHTML, like Gecko) Chrome/92.0.4515.119 Mobile Safari/537.36 (compatible; Googlebot/2.1; +http://www.google.com/bot.html)"
66.249.79.238 - - [13/Sep/2021:14:36:39 +0000] "GET /robots.txt HTTP/1.1" 301 246 "-" "Mozilla/5.0 (compatible; Googlebot/2.1; +http://www.google.com/bot.html)"
66.249.79.252 - - [13/Sep/2021:14:36:40 +0000] "GET /robots.txt HTTP/1.1" 301 242 "-" "Mozilla/5.0 (compatible; Googlebot/2.1; +http://www.google.com/bot.html)"
66.249.79.159 - - [13/Sep/2021:14:36:41 +0000] "GET /robots.txt HTTP/1.1" 404 208 "-" "Mozilla/5.0 (compatible; Googlebot/2.1; +http://www.google.com/bot.html)"
66.249.79.238 - - [13/Sep/2021:14:36:41 +0000] "GET / HTTP/1.1" 301 236 "-" "Mozilla/5.0 (Linux; Android 6.0.1; Nexus 5X Build/MMB29P) AppleWebKit/537.36 (KHTML, like Gecko) Chrome/92.0.4515.119 Mobile Safari/537.36 (compatible; Googlebot/2.1; +http://www.google.com/bot.html)"
66.249.79.252 - - [13/Sep/2021:14:36:42 +0000] "GET / HTTP/1.1" 301 232 "-" "Mozilla/5.0 (Linux; Android 6.0.1; Nexus 5X Build/MMB29P) AppleWebKit/537.36 (KHTML, like Gecko) Chrome/92.0.4515.119 Mobile Safari/537.36 (compatible; Googlebot/2.1; +http://www.google.com/bot.html)"
66.249.79.159 - - [13/Sep/2021:14:38:48 +0000] "GET /BIOSAFETYCABINETCLASSIIA.html HTTP/1.1" 200 64274 "-" "Mozilla/5.0 (Linux; Android 6.0.1; Nexus 5X Build/MMB29P) AppleWebKit/537.36 (KHTML, like Gecko) Chrome/92.0.4515.119 Mobile Safari/537.36 (compatible; Googlebot/2.1; +http://www.google.com/bot.html)"
45.63.16.20 - - [13/Sep/2021:14:57:42 +0000] "GET / HTTP/1.1" 301 236 "-" "Mozilla/4.0 (compatible; MSIE 7.0; Windows NT 6.2; WOW64; Trident/7.0; .NET4.0C; .NET4.0E; .NET CLR 2.0.50737; .NET CLR 3.0.30729; .NET CLR 3.5.30129; Tablet PC 2.0)"
45.63.16.20 - - [13/Sep/2021:14:57:43 +0000] "GET / HTTP/1.1" 301 232 "-" "Mozilla/4.0 (compatible; MSIE 7.0; Windows NT 6.2; WOW64; Trident/7.0; .NET4.0C; .NET4.0E; .NET CLR 2.0.50737; .NET CLR 3.0.30729; .NET CLR 3.5.30129; Tablet PC 2.0)"
45.63.16.20 - - [13/Sep/2021:14:57:44 +0000] "GET / HTTP/1.1" 200 63934 "-" "Mozilla/4.0 (compatible; MSIE 7.0; Windows NT 6.2; WOW64; Trident/7.0; .NET4.0C; .NET4.0E; .NET CLR 2.0.50737; .NET CLR 3.0.30729; .NET CLR 3.5.30129; Tablet PC 2.0)"
45.63.16.20 - - [13/Sep/2021:14:59:16 +0000] "GET / HTTP/1.1" 301 236 "-" "Mozilla/4.0 (compatible; MSIE 7.0; Windows NT 6.2; WOW64; Trident/7.0; .NET4.0C; .NET4.0E; .NET CLR 2.0.50737; .NET CLR 3.0.30729; .NET CLR 3.5.30129; Tablet PC 2.0)"
45.63.16.20 - - [13/Sep/2021:14:59:17 +0000] "GET / HTTP/1.1" 301 232 "-" "Mozilla/4.0 (compatible; MSIE 7.0; Windows NT 6.2; WOW64; Trident/7.0; .NET4.0C; .NET4.0E; .NET CLR 2.0.50737; .NET CLR 3.0.30729; .NET CLR 3.5.30129; Tablet PC 2.0)"
45.63.16.20 - - [13/Sep/2021:14:59:18 +0000] "GET / HTTP/1.1" 200 63934 "-" "Mozilla/4.0 (compatible; MSIE 7.0; Windows NT 6.2; WOW64; Trident/7.0; .NET4.0C; .NET4.0E; .NET CLR 2.0.50737; .NET CLR 3.0.30729; .NET CLR 3.5.30129; Tablet PC 2.0)"
34.219.87.132 - - [13/Sep/2021:15:18:39 +0000] "GET /.well-known/acme-challenge/_cxNXT1oZ53pU2zI1wE0ZdPgISotoPIj2dSYW9jouV4 HTTP/1.1" 404 268 "-" "Mozilla/5.0 (compatible; Let's Encrypt validation server; +https://www.letsencrypt.org)"
18.159.196.172 - - [13/Sep/2021:15:18:39 +0000] "GET /.well-known/acme-challenge/_cxNXT1oZ53pU2zI1wE0ZdPgISotoPIj2dSYW9jouV4 HTTP/1.1" 404 268 "-" "Mozilla/5.0 (compatible; Let's Encrypt validation server; +https://www.letsencrypt.org)"
18.116.86.117 - - [13/Sep/2021:15:18:39 +0000] "GET /.well-known/acme-challenge/_cxNXT1oZ53pU2zI1wE0ZdPgISotoPIj2dSYW9jouV4 HTTP/1.1" 404 268 "-" "Mozilla/5.0 (compatible; Let's Encrypt validation server; +https://www.letsencrypt.org)"
66.133.109.36 - - [13/Sep/2021:15:18:39 +0000] "GET /.well-known/acme-challenge/_cxNXT1oZ53pU2zI1wE0ZdPgISotoPIj2dSYW9jouV4 HTTP/1.1" 404 268 "-" "Mozilla/5.0 (compatible; Let's Encrypt validation server; +https://www.letsencrypt.org)"
135.181.63.121 - - [13/Sep/2021:15:24:43 +0000] "GET / HTTP/1.1" 301 232 "-" "Mozilla/5.0 (Windows NT 10.0; Win64; x64) AppleWebKit/537.36 (KHTML, like Gecko) Chrome/92.0.4515.131 Safari/537.36"
135.181.63.121 - - [13/Sep/2021:15:24:44 +0000] "GET / HTTP/1.1" 200 63934 "-" "Mozilla/5.0 (Windows NT 10.0; Win64; x64) AppleWebKit/537.36 (KHTML, like Gecko) Chrome/92.0.4515.131 Safari/537.36"
135.181.63.121 - - [13/Sep/2021:15:24:44 +0000] "GET /slideshow/css/chopslider.css HTTP/1.1" 200 3425 "https://scienocraft.com/" "Mozilla/5.0 (Windows NT 10.0; Win64; x64) AppleWebKit/537.36 (KHTML, like Gecko) Chrome/92.0.4515.131 Safari/537.36"
135.181.63.121 - - [13/Sep/2021:15:24:44 +0000] "GET /style.css HTTP/1.1" 200 10311 "https://scienocraft.com/" "Mozilla/5.0 (Windows NT 10.0; Win64; x64) AppleWebKit/537.36 (KHTML, like Gecko) Chrome/92.0.4515.131 Safari/537.36"
135.181.63.121 - - [13/Sep/2021:15:24:44 +0000] "GET /home-right-menu/demo/demo.css HTTP/1.1" 200 940 "https://scienocraft.com/" "Mozilla/5.0 (Windows NT 10.0; Win64; x64) AppleWebKit/537.36 (KHTML, like Gecko) Chrome/92.0.4515.131 Safari/537.36"
135.181.63.121 - - [13/Sep/2021:15:24:44 +0000] "GET /menu/css/skins/red.css HTTP/1.1" 200 3318 "https://scienocraft.com/" "Mozilla/5.0 (Windows NT 10.0; Win64; x64) AppleWebKit/537.36 (KHTML, like Gecko) Chrome/92.0.4515.131 Safari/537.36"
135.181.63.121 - - [13/Sep/2021:15:24:44 +0000] "GET /menu/css/dcmegamenu.css HTTP/1.1" 200 2350 "https://scienocraft.com/" "Mozilla/5.0 (Windows NT 10.0; Win64; x64) AppleWebKit/537.36 (KHTML, like Gecko) Chrome/92.0.4515.131 Safari/537.36"
135.181.63.121 - - [13/Sep/2021:15:24:44 +0000] "GET /menu/css/skins/white.css HTTP/1.1" 200 3337 "https://scienocraft.com/" "Mozilla/5.0 (Windows NT 10.0; Win64; x64) AppleWebKit/537.36 (KHTML, like Gecko) Chrome/92.0.4515.131 Safari/537.36"
135.181.63.121 - - [13/Sep/2021:15:24:44 +0000] "GET /slideshow/js/jquery.id.chopslider-2.2.0.free.min.js HTTP/1.1" 200 43739 "https://scienocraft.com/" "Mozilla/5.0 (Windows NT 10.0; Win64; x64) AppleWebKit/537.36 (KHTML, like Gecko) Chrome/92.0.4515.131 Safari/537.36"
135.181.63.121 - - [13/Sep/2021:15:24:44 +0000] "GET /slideshow/js/main.js HTTP/1.1" 200 962 "https://scienocraft.com/" "Mozilla/5.0 (Windows NT 10.0; Win64; x64) AppleWebKit/537.36 (KHTML, like Gecko) Chrome/92.0.4515.131 Safari/537.36"
135.181.63.121 - - [13/Sep/2021:15:24:44 +0000] "GET /menu/js/jquery.dcmegamenu.1.2.js HTTP/1.1" 200 4832 "https://scienocraft.com/" "Mozilla/5.0 (Windows NT 10.0; Win64; x64) AppleWebKit/537.36 (KHTML, like Gecko) Chrome/92.0.4515.131 Safari/537.36"
