123.125.109.58 - - [12/Sep/2021:12:24:47 +0000] "GET /slideshow/css/chopslider.css HTTP/1.1" 200 3425 "http://www.scienocraft.com/" "Mozilla/5.0 (X11; Linux x86_64) AppleWebKit/537.36 (KHTML, like Gecko) Chrome/73.0.3683.86 Safari/537.36"
123.183.224.150 - - [12/Sep/2021:12:24:47 +0000] "GET /slideshow/css/chopslider.css HTTP/1.1" 200 3425 "http://www.scienocraft.com/" "Mozilla/5.0 (X11; Linux x86_64) AppleWebKit/537.36 (KHTML, like Gecko) Chrome/73.0.3683.86 Safari/537.36"
114.119.133.245 - - [12/Sep/2021:12:28:46 +0000] "GET /galleryimg/ HTTP/1.1" 403 220 "-" "Mozilla/5.0 (Linux; Android 7.0;) AppleWebKit/537.36 (KHTML, like Gecko) Mobile Safari/537.36 (compatible; PetalBot;+https://webmaster.petalsearch.com/site/petalbot)"
114.119.137.31 - - [12/Sep/2021:12:34:31 +0000] "GET /EGGINCUBATOROrPOULTRYINCUBATOR.html HTTP/1.1" 301 267 "-" "Mozilla/5.0 (Linux; Android 7.0;) AppleWebKit/537.36 (KHTML, like Gecko) Mobile Safari/537.36 (compatible; PetalBot;+https://webmaster.petalsearch.com/site/petalbot)"
114.119.137.31 - - [12/Sep/2021:12:34:32 +0000] "GET /EGGINCUBATOROrPOULTRYINCUBATOR.html HTTP/1.1" 200 56526 "-" "Mozilla/5.0 (Linux; Android 7.0;) AppleWebKit/537.36 (KHTML, like Gecko) Mobile Safari/537.36 (compatible; PetalBot;+https://webmaster.petalsearch.com/site/petalbot)"
66.249.75.223 - - [12/Sep/2021:12:35:08 +0000] "GET /MASHINGBATH.html HTTP/1.1" 200 51710 "-" "Mozilla/5.0 (Linux; Android 6.0.1; Nexus 5X Build/MMB29P) AppleWebKit/537.36 (KHTML, like Gecko) Chrome/92.0.4515.119 Mobile Safari/537.36 (compatible; Googlebot/2.1; +http://www.google.com/bot.html)"
114.119.137.38 - - [12/Sep/2021:12:40:12 +0000] "GET /WATERBATHSEROLOGICAL.html HTTP/1.1" 301 257 "-" "Mozilla/5.0 (Linux; Android 7.0;) AppleWebKit/537.36 (KHTML, like Gecko) Mobile Safari/537.36 (compatible; PetalBot;+https://webmaster.petalsearch.com/site/petalbot)"
114.119.137.31 - - [12/Sep/2021:12:45:48 +0000] "GET /enquiry.php?pname=BOTTLE%20WASHING%20MACHINE%20(LAB%20MODEL)/STI-205 HTTP/1.1" 200 61720 "-" "Mozilla/5.0 (Linux; Android 7.0;) AppleWebKit/537.36 (KHTML, like Gecko) Mobile Safari/537.36 (compatible; PetalBot;+https://webmaster.petalsearch.com/site/petalbot)"
66.249.75.192 - - [12/Sep/2021:12:48:01 +0000] "GET /STABILITYCHAMBER21CFR(ECOFRIENDLYCFCFREECOOLINGREFRIGERANT).html HTTP/1.1" 200 59014 "-" "Mozilla/5.0 (Linux; Android 6.0.1; Nexus 5X Build/MMB29P) AppleWebKit/537.36 (KHTML, like Gecko) Chrome/92.0.4515.119 Mobile Safari/537.36 (compatible; Googlebot/2.1; +http://www.google.com/bot.html)"
66.249.75.221 - - [12/Sep/2021:12:48:19 +0000] "GET /menucss/menu.css HTTP/1.1" 404 214 "https://scienocraft.com/STABILITYCHAMBER21CFR(ECOFRIENDLYCFCFREECOOLINGREFRIGERANT).html" "Mozilla/5.0 (Linux; Android 6.0.1; Nexus 5X Build/MMB29P) AppleWebKit/537.36 (KHTML, like Gecko) Chrome/92.0.4515.119 Mobile Safari/537.36 (compatible; Googlebot/2.1; +http://www.google.com/bot.html)"
114.119.137.45 - - [12/Sep/2021:12:51:25 +0000] "GET /ULTRASONICBATHSONICATOR.html HTTP/1.1" 301 260 "-" "Mozilla/5.0 (Linux; Android 7.0;) AppleWebKit/537.36 (KHTML, like Gecko) Mobile Safari/537.36 (compatible; PetalBot;+https://webmaster.petalsearch.com/site/petalbot)"
114.119.137.45 - - [12/Sep/2021:12:51:25 +0000] "GET /ULTRASONICBATHSONICATOR.html HTTP/1.1" 200 54898 "-" "Mozilla/5.0 (Linux; Android 7.0;) AppleWebKit/537.36 (KHTML, like Gecko) Mobile Safari/537.36 (compatible; PetalBot;+https://webmaster.petalsearch.com/site/petalbot)"
114.119.137.31 - - [12/Sep/2021:12:57:01 +0000] "GET /enquiry.php?pname=STABILITY%20CHAMBER/STI-198 HTTP/1.1" 301 277 "-" "Mozilla/5.0 (Linux; Android 7.0;) AppleWebKit/537.36 (KHTML, like Gecko) Mobile Safari/537.36 (compatible; PetalBot;+https://webmaster.petalsearch.com/site/petalbot)"
114.119.137.31 - - [12/Sep/2021:12:57:01 +0000] "GET /enquiry.php?pname=STABILITY%20CHAMBER/STI-198 HTTP/1.1" 200 61703 "-" "Mozilla/5.0 (Linux; Android 7.0;) AppleWebKit/537.36 (KHTML, like Gecko) Mobile Safari/537.36 (compatible; PetalBot;+https://webmaster.petalsearch.com/site/petalbot)"
114.119.133.245 - - [12/Sep/2021:13:02:41 +0000] "GET /enquiry.php?pname=UV%20CABINET%20ACYRLIC%20SHEET%20SHOCK%20PROOF%20STI-%20405/ HTTP/1.1" 301 310 "-" "Mozilla/5.0 (Linux; Android 7.0;) AppleWebKit/537.36 (KHTML, like Gecko) Mobile Safari/537.36 (compatible; PetalBot;+https://webmaster.petalsearch.com/site/petalbot)"
114.119.133.245 - - [12/Sep/2021:13:02:42 +0000] "GET /enquiry.php?pname=UV%20CABINET%20ACYRLIC%20SHEET%20SHOCK%20PROOF%20STI-%20405/ HTTP/1.1" 200 61724 "-" "Mozilla/5.0 (Linux; Android 7.0;) AppleWebKit/537.36 (KHTML, like Gecko) Mobile Safari/537.36 (compatible; PetalBot;+https://webmaster.petalsearch.com/site/petalbot)"
114.119.137.252 - - [12/Sep/2021:13:08:18 +0000] "GET /VACUUMOVENCYLINDERICAL.html HTTP/1.1" 301 259 "-" "Mozilla/5.0 (Linux; Android 7.0;) AppleWebKit/537.36 (KHTML, like Gecko) Mobile Safari/537.36 (compatible; PetalBot;+https://webmaster.petalsearch.com/site/petalbot)"
114.119.137.252 - - [12/Sep/2021:13:08:18 +0000] "GET /VACUUMOVENCYLINDERICAL.html HTTP/1.1" 200 57397 "-" "Mozilla/5.0 (Linux; Android 7.0;) AppleWebKit/537.36 (KHTML, like Gecko) Mobile Safari/537.36 (compatible; PetalBot;+https://webmaster.petalsearch.com/site/petalbot)"
49.7.20.116 - - [12/Sep/2021:13:13:42 +0000] "GET / HTTP/1.1" 200 63934 "-" "Sogou web spider/4.0(+http://www.sogou.com/docs/help/webmasters.htm#07)"
114.119.133.245 - - [12/Sep/2021:13:13:54 +0000] "GET /enquiry.php?pname=AUTOCLAVE%20VERTICAL%20DOUBLE%20WALL%20AUTO%20PURGING%20n%20EXHAUST/STI%20-115%20E%20FA HTTP/1.1" 301 337 "-" "Mozilla/5.0 (Linux; Android 7.0;) AppleWebKit/537.36 (KHTML, like Gecko) Mobile Safari/537.36 (compatible; PetalBot;+https://webmaster.petalsearch.com/site/petalbot)"
114.119.133.245 - - [12/Sep/2021:13:13:55 +0000] "GET /enquiry.php?pname=AUTOCLAVE%20VERTICAL%20DOUBLE%20WALL%20AUTO%20PURGING%20n%20EXHAUST/STI%20-115%20E%20FA HTTP/1.1" 200 61745 "-" "Mozilla/5.0 (Linux; Android 7.0;) AppleWebKit/537.36 (KHTML, like Gecko) Mobile Safari/537.36 (compatible; PetalBot;+https://webmaster.petalsearch.com/site/petalbot)"
114.119.133.245 - - [12/Sep/2021:13:19:30 +0000] "GET /enquiry.php?pname=LAB%20PULVERISOR%20DISC%20TYPE/STI-376 HTTP/1.1" 200 61710 "-" "Mozilla/5.0 (Linux; Android 7.0;) AppleWebKit/537.36 (KHTML, like Gecko) Mobile Safari/537.36 (compatible; PetalBot;+https://webmaster.petalsearch.com/site/petalbot)"
77.88.5.99 - - [12/Sep/2021:13:24:41 +0000] "GET /robots.txt HTTP/1.1" 404 208 "-" "Mozilla/5.0 (compatible; YandexBot/3.0; +http://yandex.com/bots)"
77.88.5.113 - - [12/Sep/2021:13:24:45 +0000] "GET /BOTTLEWASHINGMACHINE(LABMODEL).html HTTP/1.1" 200 50078 "-" "Mozilla/5.0 (compatible; YandexBot/3.0; +http://yandex.com/bots)"
114.119.158.200 - - [12/Sep/2021:13:40:04 +0000] "GET /robots.txt HTTP/1.1" 301 242 "-" "Mozilla/5.0 (compatible;PetalBot;+https://webmaster.petalsearch.com/site/petalbot)"
114.119.158.200 - - [12/Sep/2021:13:40:04 +0000] "GET /robots.txt HTTP/1.1" 404 208 "-" "Mozilla/5.0 (compatible;PetalBot;+https://webmaster.petalsearch.com/site/petalbot)"
207.46.13.188 - - [12/Sep/2021:13:57:57 +0000] "GET /LAMINARHORIZONTALMICROCONTROLLERLCDDISPLAY.html HTTP/1.1" 301 283 "-" "Mozilla/5.0 (compatible; bingbot/2.0; +http://www.bing.com/bingbot.htm)"
54.36.149.37 - - [12/Sep/2021:14:33:28 +0000] "GET /robots.txt HTTP/1.1" 301 242 "-" "Mozilla/5.0 (compatible; AhrefsBot/7.0; +http://ahrefs.com/robot/)"
54.36.149.37 - - [12/Sep/2021:14:33:29 +0000] "GET /robots.txt HTTP/1.1" 404 208 "-" "Mozilla/5.0 (compatible; AhrefsBot/7.0; +http://ahrefs.com/robot/)"
54.36.149.18 - - [12/Sep/2021:14:33:30 +0000] "GET /BIOLOGICALSAFETYCABINETTOTALCONTAINMENTCABINETCLASSIII.html HTTP/1.1" 301 291 "-" "Mozilla/5.0 (compatible; AhrefsBot/7.0; +http://ahrefs.com/robot/)"
66.249.75.223 - - [12/Sep/2021:14:35:08 +0000] "GET /GLASSBEADSTERILIZER(Squareshaped).html HTTP/1.1" 200 51473 "-" "Mozilla/5.0 (Linux; Android 6.0.1; Nexus 5X Build/MMB29P) AppleWebKit/537.36 (KHTML, like Gecko) Chrome/92.0.4515.119 Mobile Safari/537.36 (compatible; Googlebot/2.1; +http://www.google.com/bot.html)"
49.7.20.116 - - [12/Sep/2021:14:43:46 +0000] "GET / HTTP/1.1" 200 63934 "-" "Sogou web spider/4.0(+http://www.sogou.com/docs/help/webmasters.htm#07)"
66.249.75.221 - - [12/Sep/2021:15:24:43 +0000] "GET /INCINERATORPORTABLE(BIOMEDICALWASTEDISPOSAL).html HTTP/1.1" 200 60340 "-" "Mozilla/5.0 (Linux; Android 6.0.1; Nexus 5X Build/MMB29P) AppleWebKit/537.36 (KHTML, like Gecko) Chrome/92.0.4515.119 Mobile Safari/537.36 (compatible; Googlebot/2.1; +http://www.google.com/bot.html)"
54.36.148.178 - - [12/Sep/2021:15:29:28 +0000] "GET /SOXHLETEXTRACTIONUNIT.html HTTP/1.1" 301 258 "-" "Mozilla/5.0 (compatible; AhrefsBot/7.0; +http://ahrefs.com/robot/)"
216.131.114.55 - - [12/Sep/2021:15:40:28 +0000] "GET /enquiry.php HTTP/1.0" 200 61678 "https://scienocraft.com/enquiry.php" "Mozilla/5.0 (Windows NT 10.0) AppleWebKit/537.36 (KHTML, like Gecko) Chrome/90.0.4430.85 Safari/537.36"
216.131.114.55 - - [12/Sep/2021:15:40:30 +0000] "POST /submit-enquiry.php HTTP/1.0" 200 139 "https://scienocraft.com/enquiry.php" "Mozilla/5.0 (Windows NT 10.0) AppleWebKit/537.36 (KHTML, like Gecko) Chrome/90.0.4430.85 Safari/537.36"
216.131.114.55 - - [12/Sep/2021:15:40:34 +0000] "GET /ThankYou HTTP/1.0" 301 240 "https://www.scienocraft.com/ThankYou" "Mozilla/5.0 (Windows NT 10.0) AppleWebKit/537.36 (KHTML, like Gecko) Chrome/90.0.4430.85 Safari/537.36"
216.131.114.55 - - [12/Sep/2021:15:40:35 +0000] "GET /ThankYou HTTP/1.0" 200 47516 "https://scienocraft.com/ThankYou" "Mozilla/5.0 (Windows NT 10.0) AppleWebKit/537.36 (KHTML, like Gecko) Chrome/90.0.4430.85 Safari/537.36"
207.46.13.45 - - [12/Sep/2021:15:41:45 +0000] "GET /robots.txt HTTP/1.1" 301 246 "-" "Mozilla/5.0 (compatible; bingbot/2.0; +http://www.bing.com/bingbot.htm)"
207.46.13.45 - - [12/Sep/2021:15:41:46 +0000] "GET /robots.txt HTTP/1.1" 301 242 "-" "Mozilla/5.0 (compatible; bingbot/2.0; +http://www.bing.com/bingbot.htm)"
207.46.13.45 - - [12/Sep/2021:15:41:47 +0000] "GET /robots.txt HTTP/1.1" 404 208 "-" "Mozilla/5.0 (compatible; bingbot/2.0; +http://www.bing.com/bingbot.htm)"
40.77.167.78 - - [12/Sep/2021:15:41:54 +0000] "GET /WRISTACTIONSHAKER.html HTTP/1.1" 301 258 "-" "Mozilla/5.0 (compatible; bingbot/2.0; +http://www.bing.com/bingbot.htm)"
104.244.75.88 - - [12/Sep/2021:15:47:32 +0000] "GET /ThankYou/ HTTP/1.0" 301 241 "http://scienocraft.com/ThankYou/" "Mozilla/5.0 (Windows NT 10.0; Win64; x64) AppleWebKit/537.36 (KHTML, like Gecko) Chrome/90.0.4430.85 Safari/537.36 Edg/90.0.818.49"
107.189.14.165 - - [12/Sep/2021:15:47:37 +0000] "GET /ThankYou/ HTTP/1.0" 404 207 "https://scienocraft.com/ThankYou/" "Mozilla/5.0 (Windows NT 10.0; Win64; x64) AppleWebKit/537.36 (KHTML, like Gecko) Chrome/90.0.4430.85 Safari/537.36 Edg/90.0.818.49"
107.189.14.165 - - [12/Sep/2021:15:47:42 +0000] "GET / HTTP/1.0" 200 63934 "https://scienocraft.com/" "Mozilla/5.0 (Windows NT 10.0; Win64; x64) AppleWebKit/537.36 (KHTML, like Gecko) Chrome/90.0.4430.85 Safari/537.36 Edg/90.0.818.49"
109.70.100.25 - - [12/Sep/2021:15:47:49 +0000] "GET /ContactUs HTTP/1.0" 301 241 "https://www.scienocraft.com/ContactUs" "Mozilla/5.0 (Windows NT 10.0; Win64; x64) AppleWebKit/537.36 (KHTML, like Gecko) Chrome/90.0.4430.85 Safari/537.36 Edg/90.0.818.49"
107.189.6.61 - - [12/Sep/2021:15:47:54 +0000] "GET /ContactUs HTTP/1.0" 200 49509 "https://scienocraft.com/ContactUs" "Mozilla/5.0 (Windows NT 10.0; Win64; x64) AppleWebKit/537.36 (KHTML, like Gecko) Chrome/90.0.4430.85 Safari/537.36 Edg/90.0.818.49"
114.119.133.245 - - [12/Sep/2021:15:51:15 +0000] "GET /KJELDAHLDISTILLATIONANDDIGESTIONCOMBINED.html HTTP/1.1" 301 277 "-" "Mozilla/5.0 (Linux; Android 7.0;) AppleWebKit/537.36 (KHTML, like Gecko) Mobile Safari/537.36 (compatible; PetalBot;+https://webmaster.petalsearch.com/site/petalbot)"
114.119.133.245 - - [12/Sep/2021:15:51:15 +0000] "GET /KJELDAHLDISTILLATIONANDDIGESTIONCOMBINED.html HTTP/1.1" 200 54464 "-" "Mozilla/5.0 (Linux; Android 7.0;) AppleWebKit/537.36 (KHTML, like Gecko) Mobile Safari/537.36 (compatible; PetalBot;+https://webmaster.petalsearch.com/site/petalbot)"
114.119.137.43 - - [12/Sep/2021:15:57:19 +0000] "GET /enquiry.php?pname=VACUUM%20ROTARY%20EVAPORATOR/STI-414%20A HTTP/1.1" 200 61712 "-" "Mozilla/5.0 (Linux; Android 7.0;) AppleWebKit/537.36 (KHTML, like Gecko) Mobile Safari/537.36 (compatible; PetalBot;+https://webmaster.petalsearch.com/site/petalbot)"
49.7.20.116 - - [12/Sep/2021:16:00:35 +0000] "GET / HTTP/1.1" 200 63934 "-" "Sogou web spider/4.0(+http://www.sogou.com/docs/help/webmasters.htm#07)"
114.119.137.45 - - [12/Sep/2021:16:03:20 +0000] "GET /enquiry.php?pname=HYBRIDIZTION%20INCUBATOR%20COOLING/%20STI-293%20B HTTP/1.1" 200 61719 "-" "Mozilla/5.0 (Linux; Android 7.0;) AppleWebKit/537.36 (KHTML, like Gecko) Mobile Safari/537.36 (compatible; PetalBot;+https://webmaster.petalsearch.com/site/petalbot)"
114.119.133.245 - - [12/Sep/2021:16:09:22 +0000] "GET /enquiry.php?pname=KJELDAHL%20DISTILLATION%20AND%20DIGESTION%20COMBINED%20/STI-386 HTTP/1.1" 200 61731 "-" "Mozilla/5.0 (Linux; Android 7.0;) AppleWebKit/537.36 (KHTML, like Gecko) Mobile Safari/537.36 (compatible; PetalBot;+https://webmaster.petalsearch.com/site/petalbot)"
114.119.137.31 - - [12/Sep/2021:16:15:22 +0000] "GET /enquiry.php?pname=DOUBLE%20DOOR%20HP%20STEAM%20STERILIZER%20HORIZONTAL/STI-118D HTTP/1.1" 200 61729 "-" "Mozilla/5.0 (Linux; Android 7.0;) AppleWebKit/537.36 (KHTML, like Gecko) Mobile Safari/537.36 (compatible; PetalBot;+https://webmaster.petalsearch.com/site/petalbot)"
114.119.137.38 - - [12/Sep/2021:16:21:22 +0000] "GET /LAMINARHORIZONTALMICROCONTROLLERLCDDISPLAY.html HTTP/1.1" 301 279 "-" "Mozilla/5.0 (Linux; Android 7.0;) AppleWebKit/537.36 (KHTML, like Gecko) Mobile Safari/537.36 (compatible; PetalBot;+https://webmaster.petalsearch.com/site/petalbot)"
114.119.137.38 - - [12/Sep/2021:16:21:22 +0000] "GET /LAMINARHORIZONTALMICROCONTROLLERLCDDISPLAY.html HTTP/1.1" 200 66597 "-" "Mozilla/5.0 (Linux; Android 7.0;) AppleWebKit/537.36 (KHTML, like Gecko) Mobile Safari/537.36 (compatible; PetalBot;+https://webmaster.petalsearch.com/site/petalbot)"
114.119.137.38 - - [12/Sep/2021:16:27:15 +0000] "GET /enquiry.php?pname=WALK%20IN%20COLD%20CHAMBER/STI-199 HTTP/1.1" 200 61706 "-" "Mozilla/5.0 (Linux; Android 7.0;) AppleWebKit/537.36 (KHTML, like Gecko) Mobile Safari/537.36 (compatible; PetalBot;+https://webmaster.petalsearch.com/site/petalbot)"
66.249.75.192 - - [12/Sep/2021:16:30:28 +0000] "GET /AUTOCLAVEPORTABLESINGLEnDOUBLEWALLED.html HTTP/1.1" 200 51959 "-" "Mozilla/5.0 (Linux; Android 6.0.1; Nexus 5X Build/MMB29P) AppleWebKit/537.36 (KHTML, like Gecko) Chrome/92.0.4515.119 Mobile Safari/537.36 (compatible; Googlebot/2.1; +http://www.google.com/bot.html)"
114.119.137.38 - - [12/Sep/2021:16:33:07 +0000] "GET /enquiry.php?pname=INDUSTRIAL%20DRYING%20CHAMBER/STI-286 HTTP/1.1" 200 61711 "-" "Mozilla/5.0 (Linux; Android 7.0;) AppleWebKit/537.36 (KHTML, like Gecko) Mobile Safari/537.36 (compatible; PetalBot;+https://webmaster.petalsearch.com/site/petalbot)"
54.36.149.1 - - [12/Sep/2021:16:37:56 +0000] "GET /robots.txt HTTP/1.1" 301 246 "-" "Mozilla/5.0 (compatible; AhrefsBot/7.0; +http://ahrefs.com/robot/)"
54.36.149.1 - - [12/Sep/2021:16:37:57 +0000] "GET /robots.txt HTTP/1.1" 301 242 "-" "Mozilla/5.0 (compatible; AhrefsBot/7.0; +http://ahrefs.com/robot/)"
54.36.149.1 - - [12/Sep/2021:16:37:57 +0000] "GET /robots.txt HTTP/1.1" 404 208 "-" "Mozilla/5.0 (compatible; AhrefsBot/7.0; +http://ahrefs.com/robot/)"
54.36.148.140 - - [12/Sep/2021:16:37:58 +0000] "GET /CO2INCUBATORAIRJACKETEDHEATINGCUMHUMIDITY.html HTTP/1.1" 301 282 "-" "Mozilla/5.0 (compatible; AhrefsBot/7.0; +http://ahrefs.com/robot/)"
114.119.137.3 - - [12/Sep/2021:16:38:49 +0000] "GET /enquiry.php?pname=WATER%20BATH%20DOUBLE%20WALLED/STI-133%20B HTTP/1.1" 301 292 "-" "Mozilla/5.0 (Linux; Android 7.0;) AppleWebKit/537.36 (KHTML, like Gecko) Mobile Safari/537.36 (compatible; PetalBot;+https://webmaster.petalsearch.com/site/petalbot)"
114.119.137.3 - - [12/Sep/2021:16:38:49 +0000] "GET /enquiry.php?pname=WATER%20BATH%20DOUBLE%20WALLED/STI-133%20B HTTP/1.1" 200 61712 "-" "Mozilla/5.0 (Linux; Android 7.0;) AppleWebKit/537.36 (KHTML, like Gecko) Mobile Safari/537.36 (compatible; PetalBot;+https://webmaster.petalsearch.com/site/petalbot)"
114.119.137.38 - - [12/Sep/2021:16:44:33 +0000] "GET /ContactUs HTTP/1.1" 301 241 "-" "Mozilla/5.0 (Linux; Android 7.0;) AppleWebKit/537.36 (KHTML, like Gecko) Mobile Safari/537.36 (compatible; PetalBot;+https://webmaster.petalsearch.com/site/petalbot)"
114.119.137.38 - - [12/Sep/2021:16:44:33 +0000] "GET /ContactUs HTTP/1.1" 200 49509 "-" "Mozilla/5.0 (Linux; Android 7.0;) AppleWebKit/537.36 (KHTML, like Gecko) Mobile Safari/537.36 (compatible; PetalBot;+https://webmaster.petalsearch.com/site/petalbot)"
114.119.137.38 - - [12/Sep/2021:16:50:23 +0000] "GET /enquiry.php?pname=LAMINAR%20VERTICAL%20MICRO%20CONTROLLER%20LCD%20DISPLAY/%20STI-231%20B HTTP/1.1" 200 61734 "-" "Mozilla/5.0 (Linux; Android 7.0;) AppleWebKit/537.36 (KHTML, like Gecko) Mobile Safari/537.36 (compatible; PetalBot;+https://webmaster.petalsearch.com/site/petalbot)"
114.119.137.249 - - [12/Sep/2021:16:56:11 +0000] "GET /WETSIEVESHAKER(YODERTYPE).html HTTP/1.1" 301 262 "-" "Mozilla/5.0 (Linux; Android 7.0;) AppleWebKit/537.36 (KHTML, like Gecko) Mobile Safari/537.36 (compatible; PetalBot;+https://webmaster.petalsearch.com/site/petalbot)"
114.119.137.249 - - [12/Sep/2021:16:56:11 +0000] "GET /WETSIEVESHAKER(YODERTYPE).html HTTP/1.1" 200 50206 "-" "Mozilla/5.0 (Linux; Android 7.0;) AppleWebKit/537.36 (KHTML, like Gecko) Mobile Safari/537.36 (compatible; PetalBot;+https://webmaster.petalsearch.com/site/petalbot)"
114.119.137.249 - - [12/Sep/2021:17:02:01 +0000] "GET /enquiry.php?pname=KJELDAHL%20DISTILLATION%20UNIT%20%20%20/STI-383 HTTP/1.1" 200 61715 "-" "Mozilla/5.0 (Linux; Android 7.0;) AppleWebKit/537.36 (KHTML, like Gecko) Mobile Safari/537.36 (compatible; PetalBot;+https://webmaster.petalsearch.com/site/petalbot)"
114.119.137.38 - - [12/Sep/2021:17:07:46 +0000] "GET /enquiry.php?pname=WATER%20BATH%20(CYLINDERICAL)/STI-132 HTTP/1.1" 200 61711 "-" "Mozilla/5.0 (Linux; Android 7.0;) AppleWebKit/537.36 (KHTML, like Gecko) Mobile Safari/537.36 (compatible; PetalBot;+https://webmaster.petalsearch.com/site/petalbot)"
114.119.137.252 - - [12/Sep/2021:17:14:14 +0000] "GET /enquiry.php?pname=LAMINAR%20FLOW%20BENCH%20VERTICAL/%20STI-232%20A HTTP/1.1" 200 61716 "-" "Mozilla/5.0 (Linux; Android 7.0;) AppleWebKit/537.36 (KHTML, like Gecko) Mobile Safari/537.36 (compatible; PetalBot;+https://webmaster.petalsearch.com/site/petalbot)"
114.119.137.38 - - [12/Sep/2021:17:20:29 +0000] "GET /enquiry.php?pname=MUFFLE%20FURNACE%20MAX%20TEMP%201000%20deg%20C/STI-250 HTTP/1.1" 200 61720 "-" "Mozilla/5.0 (Linux; Android 7.0;) AppleWebKit/537.36 (KHTML, like Gecko) Mobile Safari/537.36 (compatible; PetalBot;+https://webmaster.petalsearch.com/site/petalbot)"
66.249.75.221 - - [12/Sep/2021:17:21:11 +0000] "GET /all-products.php?maincategory=Lab%20Equipments%20(Heating) HTTP/1.1" 200 52596 "-" "Mozilla/5.0 (Linux; Android 6.0.1; Nexus 5X Build/MMB29P) AppleWebKit/537.36 (KHTML, like Gecko) Chrome/92.0.4515.119 Mobile Safari/537.36 (compatible; Googlebot/2.1; +http://www.google.com/bot.html)"
114.119.137.249 - - [12/Sep/2021:17:28:27 +0000] "GET /WATERBATHHIGHPRECISION.html HTTP/1.1" 301 259 "-" "Mozilla/5.0 (Linux; Android 7.0;) AppleWebKit/537.36 (KHTML, like Gecko) Mobile Safari/537.36 (compatible; PetalBot;+https://webmaster.petalsearch.com/site/petalbot)"
114.119.137.249 - - [12/Sep/2021:17:28:27 +0000] "GET /WATERBATHHIGHPRECISION.html HTTP/1.1" 200 59492 "-" "Mozilla/5.0 (Linux; Android 7.0;) AppleWebKit/537.36 (KHTML, like Gecko) Mobile Safari/537.36 (compatible; PetalBot;+https://webmaster.petalsearch.com/site/petalbot)"
216.244.66.229 - - [12/Sep/2021:17:29:24 +0000] "GET /robots.txt HTTP/1.1" 301 242 "-" "Mozilla/5.0 (compatible; DotBot/1.2; +https://opensiteexplorer.org/dotbot; help@moz.com)"
216.244.66.229 - - [12/Sep/2021:17:29:25 +0000] "GET /robots.txt HTTP/1.1" 404 208 "-" "Mozilla/5.0 (compatible; DotBot/1.2; +https://opensiteexplorer.org/dotbot; help@moz.com)"
216.244.66.229 - - [12/Sep/2021:17:36:05 +0000] "GET /enquiry.php?pname=VACUUM%20OVEN%20RECTANGULAR/STI-423 HTTP/1.1" 200 61709 "-" "Mozilla/5.0 (compatible; DotBot/1.2; +https://opensiteexplorer.org/dotbot; help@moz.com)"
114.119.137.45 - - [12/Sep/2021:17:36:20 +0000] "GET /SIEVESHAKER(TABLETOP).html HTTP/1.1" 200 50077 "-" "Mozilla/5.0 (Linux; Android 7.0;) AppleWebKit/537.36 (KHTML, like Gecko) Mobile Safari/537.36 (compatible; PetalBot;+https://webmaster.petalsearch.com/site/petalbot)"
114.119.137.31 - - [12/Sep/2021:17:42:28 +0000] "GET /enquiry.php?pname=MUFFLE%20FURNACE%20MAX%20TEMP%201200%20deg%20C/STI-251 HTTP/1.1" 200 61720 "-" "Mozilla/5.0 (Linux; Android 7.0;) AppleWebKit/537.36 (KHTML, like Gecko) Mobile Safari/537.36 (compatible; PetalBot;+https://webmaster.petalsearch.com/site/petalbot)"
54.36.148.70 - - [12/Sep/2021:17:44:00 +0000] "GET / HTTP/1.1" 200 63934 "-" "Mozilla/5.0 (compatible; AhrefsBot/7.0; +http://ahrefs.com/robot/)"
175.44.42.2 - - [12/Sep/2021:17:47:20 +0000] "GET / HTTP/1.1" 200 63934 "http://jiz.gcmx.net/" "Mozilla/5.0 (iPhone; CPU iPhone OS 10_2_1 like Mac OS X) AppleWebKit/602.4.6 (KHTML, like Gecko) Version/10.0 Mobile/14D27 Safari/602.1"
49.7.20.116 - - [12/Sep/2021:17:54:15 +0000] "GET / HTTP/1.1" 200 63934 "-" "Sogou web spider/4.0(+http://www.sogou.com/docs/help/webmasters.htm#07)"
66.249.75.223 - - [12/Sep/2021:18:07:42 +0000] "GET /INSPISATORBATH.html HTTP/1.1" 200 51499 "-" "Mozilla/5.0 (Linux; Android 6.0.1; Nexus 5X Build/MMB29P) AppleWebKit/537.36 (KHTML, like Gecko) Chrome/92.0.4515.119 Mobile Safari/537.36 (compatible; Googlebot/2.1; +http://www.google.com/bot.html)"
34.69.21.253 - - [12/Sep/2021:18:07:45 +0000] "GET /.env HTTP/1.1" 404 202 "-" "Mozilla/5.0 (X11; Linux x86_64) AppleWebKit/537.36 (KHTML, like Gecko) Chrome/81.0.4044.129 Safari/537.36"
34.69.21.253 - - [12/Sep/2021:18:07:46 +0000] "POST / HTTP/1.1" 200 63934 "-" "Mozilla/5.0 (X11; Linux x86_64) AppleWebKit/537.36 (KHTML, like Gecko) Chrome/81.0.4044.129 Safari/537.36"
77.88.5.99 - - [12/Sep/2021:18:12:22 +0000] "GET /robots.txt HTTP/1.1" 404 208 "-" "Mozilla/5.0 (compatible; YandexBot/3.0; +http://yandex.com/bots)"
77.88.5.113 - - [12/Sep/2021:18:12:26 +0000] "GET /VACUUMPUMPOILFREEDIAPHRAGMTYPE.html HTTP/1.1" 200 50459 "-" "Mozilla/5.0 (compatible; YandexBot/3.0; +http://yandex.com/bots)"
66.249.75.223 - - [12/Sep/2021:18:15:51 +0000] "GET /CIRCULATORYBATHSTI-138(I)HEATING.html HTTP/1.1" 200 59668 "-" "Mozilla/5.0 (Linux; Android 6.0.1; Nexus 5X Build/MMB29P) AppleWebKit/537.36 (KHTML, like Gecko) Chrome/92.0.4515.119 Mobile Safari/537.36 (compatible; Googlebot/2.1; +http://www.google.com/bot.html)"
40.77.167.72 - - [12/Sep/2021:18:21:12 +0000] "GET /WATERSTILLMANESTYTYPEWALLMOUNTING.html HTTP/1.1" 301 274 "-" "Mozilla/5.0 (iPhone; CPU iPhone OS 7_0 like Mac OS X) AppleWebKit/537.51.1 (KHTML, like Gecko) Version/7.0 Mobile/11A465 Safari/9537.53 (compatible; bingbot/2.0; +http://www.bing.com/bingbot.htm)"
40.77.167.72 - - [12/Sep/2021:18:21:13 +0000] "GET /WATERSTILLMANESTYTYPEWALLMOUNTING.html HTTP/1.1" 301 270 "-" "Mozilla/5.0 (iPhone; CPU iPhone OS 7_0 like Mac OS X) AppleWebKit/537.51.1 (KHTML, like Gecko) Version/7.0 Mobile/11A465 Safari/9537.53 (compatible; bingbot/2.0; +http://www.bing.com/bingbot.htm)"
40.77.167.72 - - [12/Sep/2021:18:21:22 +0000] "GET /WATERSTILLMANESTYTYPEWALLMOUNTING.html HTTP/1.1" 200 55597 "-" "Mozilla/5.0 (iPhone; CPU iPhone OS 7_0 like Mac OS X) AppleWebKit/537.51.1 (KHTML, like Gecko) Version/7.0 Mobile/11A465 Safari/9537.53 (compatible; bingbot/2.0; +http://www.bing.com/bingbot.htm)"
40.77.167.57 - - [12/Sep/2021:18:21:48 +0000] "GET /images/pdetails.jpg HTTP/1.1" 200 38275 "-" "Mozilla/5.0 (iPhone; CPU iPhone OS 7_0 like Mac OS X) AppleWebKit/537.51.1 (KHTML, like Gecko) Version/7.0 Mobile/11A465 Safari/9537.53 (compatible; bingbot/2.0; +http://www.bing.com/bingbot.htm)"
157.55.39.124 - - [12/Sep/2021:18:21:48 +0000] "GET /images/logo.png HTTP/1.1" 200 39326 "-" "Mozilla/5.0 (iPhone; CPU iPhone OS 7_0 like Mac OS X) AppleWebKit/537.51.1 (KHTML, like Gecko) Version/7.0 Mobile/11A465 Safari/9537.53 (compatible; bingbot/2.0; +http://www.bing.com/bingbot.htm)"
207.46.13.188 - - [12/Sep/2021:18:21:52 +0000] "GET /menu/css/skins/images/bg_red.png HTTP/1.1" 200 12330 "-" "Mozilla/5.0 (iPhone; CPU iPhone OS 7_0 like Mac OS X) AppleWebKit/537.51.1 (KHTML, like Gecko) Version/7.0 Mobile/11A465 Safari/9537.53 (compatible; bingbot/2.0; +http://www.bing.com/bingbot.htm)"
157.55.39.19 - - [12/Sep/2021:18:21:57 +0000] "GET /menucss/menu.css HTTP/1.1" 404 214 "-" "Mozilla/5.0 (iPhone; CPU iPhone OS 7_0 like Mac OS X) AppleWebKit/537.51.1 (KHTML, like Gecko) Version/7.0 Mobile/11A465 Safari/9537.53 (compatible; bingbot/2.0; +http://www.bing.com/bingbot.htm)"
114.119.137.45 - - [12/Sep/2021:18:31:27 +0000] "GET /enquiry.php?pname=WILLEY%20MILL%20GRINDER/STI-321 HTTP/1.1" 200 61705 "-" "Mozilla/5.0 (Linux; Android 7.0;) AppleWebKit/537.36 (KHTML, like Gecko) Mobile Safari/537.36 (compatible; PetalBot;+https://webmaster.petalsearch.com/site/petalbot)"
188.0.241.91 - - [12/Sep/2021:18:33:16 +0000] "GET /wp-login.php HTTP/1.1" 301 244 "-" "Mozilla/5.0 (X11; Ubuntu; Linux x86_64; rv:62.0) Gecko/20100101 Firefox/62.0"
188.0.241.91 - - [12/Sep/2021:18:33:18 +0000] "GET /wp-login.php HTTP/1.1" 404 210 "http://scienocraft.com/wp-login.php" "Mozilla/5.0 (X11; Ubuntu; Linux x86_64; rv:62.0) Gecko/20100101 Firefox/62.0"
114.119.133.245 - - [12/Sep/2021:18:37:54 +0000] "GET /GYRATORYSIEVESHAKER.html HTTP/1.1" 301 256 "-" "Mozilla/5.0 (Linux; Android 7.0;) AppleWebKit/537.36 (KHTML, like Gecko) Mobile Safari/537.36 (compatible; PetalBot;+https://webmaster.petalsearch.com/site/petalbot)"
114.119.133.245 - - [12/Sep/2021:18:37:54 +0000] "GET /GYRATORYSIEVESHAKER.html HTTP/1.1" 200 50279 "-" "Mozilla/5.0 (Linux; Android 7.0;) AppleWebKit/537.36 (KHTML, like Gecko) Mobile Safari/537.36 (compatible; PetalBot;+https://webmaster.petalsearch.com/site/petalbot)"
66.249.75.223 - - [12/Sep/2021:18:39:56 +0000] "GET /BIOSAFETYCABINETCLASSIIA.html HTTP/1.1" 200 64274 "-" "Mozilla/5.0 (Linux; Android 6.0.1; Nexus 5X Build/MMB29P) AppleWebKit/537.36 (KHTML, like Gecko) Chrome/92.0.4515.119 Mobile Safari/537.36 (compatible; Googlebot/2.1; +http://www.google.com/bot.html)"
114.119.137.45 - - [12/Sep/2021:18:44:06 +0000] "GET /HPAUTOCLAVEVERTICALTRIPLEWALLAUTOPURGINGnEXHAUST.html HTTP/1.1" 301 285 "-" "Mozilla/5.0 (Linux; Android 7.0;) AppleWebKit/537.36 (KHTML, like Gecko) Mobile Safari/537.36 (compatible; PetalBot;+https://webmaster.petalsearch.com/site/petalbot)"
114.119.137.45 - - [12/Sep/2021:18:44:07 +0000] "GET /HPAUTOCLAVEVERTICALTRIPLEWALLAUTOPURGINGnEXHAUST.html HTTP/1.1" 200 60906 "-" "Mozilla/5.0 (Linux; Android 7.0;) AppleWebKit/537.36 (KHTML, like Gecko) Mobile Safari/537.36 (compatible; PetalBot;+https://webmaster.petalsearch.com/site/petalbot)"
114.119.137.238 - - [12/Sep/2021:18:50:06 +0000] "GET /enquiry.php?pname=GLASS%20BEAD%20STERILIZER%20(Square%20shaped)%20/STI-228A HTTP/1.1" 301 307 "-" "Mozilla/5.0 (Linux; Android 7.0;) AppleWebKit/537.36 (KHTML, like Gecko) Mobile Safari/537.36 (compatible; PetalBot;+https://webmaster.petalsearch.com/site/petalbot)"
114.119.137.238 - - [12/Sep/2021:18:50:06 +0000] "GET /enquiry.php?pname=GLASS%20BEAD%20STERILIZER%20(Square%20shaped)%20/STI-228A HTTP/1.1" 200 61725 "-" "Mozilla/5.0 (Linux; Android 7.0;) AppleWebKit/537.36 (KHTML, like Gecko) Mobile Safari/537.36 (compatible; PetalBot;+https://webmaster.petalsearch.com/site/petalbot)"
114.119.137.252 - - [12/Sep/2021:18:56:01 +0000] "GET /AIRCURTAIN.html HTTP/1.1" 301 247 "-" "Mozilla/5.0 (Linux; Android 7.0;) AppleWebKit/537.36 (KHTML, like Gecko) Mobile Safari/537.36 (compatible; PetalBot;+https://webmaster.petalsearch.com/site/petalbot)"
114.119.137.252 - - [12/Sep/2021:18:56:02 +0000] "GET /AIRCURTAIN.html HTTP/1.1" 200 57944 "-" "Mozilla/5.0 (Linux; Android 7.0;) AppleWebKit/537.36 (KHTML, like Gecko) Mobile Safari/537.36 (compatible; PetalBot;+https://webmaster.petalsearch.com/site/petalbot)"
114.119.137.249 - - [12/Sep/2021:19:02:37 +0000] "GET /enquiry.php?pname=UV%20CABINET%20ACYRLIC%20SHEET%20SHOCK%20PROOF%20STI-%20405/ HTTP/1.1" 200 61724 "-" "Mozilla/5.0 (Linux; Android 7.0;) AppleWebKit/537.36 (KHTML, like Gecko) Mobile Safari/537.36 (compatible; PetalBot;+https://webmaster.petalsearch.com/site/petalbot)"
114.119.137.31 - - [12/Sep/2021:19:08:38 +0000] "GET /Disclaimer HTTP/1.1" 301 242 "-" "Mozilla/5.0 (Linux; Android 7.0;) AppleWebKit/537.36 (KHTML, like Gecko) Mobile Safari/537.36 (compatible; PetalBot;+https://webmaster.petalsearch.com/site/petalbot)"
114.119.137.31 - - [12/Sep/2021:19:08:39 +0000] "GET /Disclaimer HTTP/1.1" 200 46411 "-" "Mozilla/5.0 (Linux; Android 7.0;) AppleWebKit/537.36 (KHTML, like Gecko) Mobile Safari/537.36 (compatible; PetalBot;+https://webmaster.petalsearch.com/site/petalbot)"
114.119.137.3 - - [12/Sep/2021:19:14:41 +0000] "GET /enquiry.php?pname=MAGNETIC%20STIRRER/STI-312%20A HTTP/1.1" 301 280 "-" "Mozilla/5.0 (Linux; Android 7.0;) AppleWebKit/537.36 (KHTML, like Gecko) Mobile Safari/537.36 (compatible; PetalBot;+https://webmaster.petalsearch.com/site/petalbot)"
114.119.137.3 - - [12/Sep/2021:19:14:41 +0000] "GET /enquiry.php?pname=MAGNETIC%20STIRRER/STI-312%20A HTTP/1.1" 200 61704 "-" "Mozilla/5.0 (Linux; Android 7.0;) AppleWebKit/537.36 (KHTML, like Gecko) Mobile Safari/537.36 (compatible; PetalBot;+https://webmaster.petalsearch.com/site/petalbot)"
66.249.75.192 - - [12/Sep/2021:19:17:08 +0000] "GET /robots.txt HTTP/1.1" 404 208 "-" "Mozilla/5.0 (compatible; Googlebot/2.1; +http://www.google.com/bot.html)"
66.249.75.192 - - [12/Sep/2021:19:17:09 +0000] "GET /WAGNERSSHAKINGMACHINE.html HTTP/1.1" 200 50501 "-" "Mozilla/5.0 (Linux; Android 6.0.1; Nexus 5X Build/MMB29P) AppleWebKit/537.36 (KHTML, like Gecko) Chrome/92.0.4515.119 Mobile Safari/537.36 (compatible; Googlebot/2.1; +http://www.google.com/bot.html)"
49.7.20.116 - - [12/Sep/2021:19:19:36 +0000] "GET / HTTP/1.1" 200 63934 "-" "Sogou web spider/4.0(+http://www.sogou.com/docs/help/webmasters.htm#07)"
114.119.137.238 - - [12/Sep/2021:19:20:48 +0000] "GET /enquiry.php?pname=INCUBATOR%20BACTERIOLOGICAL/%20STI-295 HTTP/1.1" 200 61712 "-" "Mozilla/5.0 (Linux; Android 7.0;) AppleWebKit/537.36 (KHTML, like Gecko) Mobile Safari/537.36 (compatible; PetalBot;+https://webmaster.petalsearch.com/site/petalbot)"
114.119.133.245 - - [12/Sep/2021:19:27:11 +0000] "GET /RECIPROCATINGSHAKER.html HTTP/1.1" 200 54356 "-" "Mozilla/5.0 (Linux; Android 7.0;) AppleWebKit/537.36 (KHTML, like Gecko) Mobile Safari/537.36 (compatible; PetalBot;+https://webmaster.petalsearch.com/site/petalbot)"
207.46.13.188 - - [12/Sep/2021:19:29:17 +0000] "GET / HTTP/1.1" 200 63934 "-" "Mozilla/5.0 (compatible; bingbot/2.0; +http://www.bing.com/bingbot.htm)"
66.249.75.192 - - [12/Sep/2021:19:30:07 +0000] "GET / HTTP/1.1" 200 63934 "-" "Mozilla/5.0 (Linux; Android 6.0.1; Nexus 5X Build/MMB29P) AppleWebKit/537.36 (KHTML, like Gecko) Chrome/92.0.4515.119 Mobile Safari/537.36 (compatible; Googlebot/2.1; +http://www.google.com/bot.html)"
114.119.137.252 - - [12/Sep/2021:19:33:19 +0000] "GET /UVFLUORESCENTCABINET.html HTTP/1.1" 301 257 "-" "Mozilla/5.0 (Linux; Android 7.0;) AppleWebKit/537.36 (KHTML, like Gecko) Mobile Safari/537.36 (compatible; PetalBot;+https://webmaster.petalsearch.com/site/petalbot)"
114.119.137.252 - - [12/Sep/2021:19:33:19 +0000] "GET /UVFLUORESCENTCABINET.html HTTP/1.1" 200 50286 "-" "Mozilla/5.0 (Linux; Android 7.0;) AppleWebKit/537.36 (KHTML, like Gecko) Mobile Safari/537.36 (compatible; PetalBot;+https://webmaster.petalsearch.com/site/petalbot)"
66.249.69.220 - - [12/Sep/2021:19:38:11 +0000] "GET /robots.txt HTTP/1.1" 301 242 "-" "Mozilla/5.0 (compatible; Googlebot/2.1; +http://www.google.com/bot.html)"
66.249.69.221 - - [12/Sep/2021:19:38:12 +0000] "GET /AboutUs HTTP/1.1" 301 239 "-" "Mozilla/5.0 (compatible; Googlebot/2.1; +http://www.google.com/bot.html)"
66.249.75.221 - - [12/Sep/2021:19:38:13 +0000] "GET /AboutUs HTTP/1.1" 200 55102 "-" "Mozilla/5.0 (compatible; Googlebot/2.1; +http://www.google.com/bot.html)"
114.119.137.3 - - [12/Sep/2021:19:39:23 +0000] "GET /ROCKERSHAKERGELPLATFORMSHAKER.html HTTP/1.1" 301 266 "-" "Mozilla/5.0 (Linux; Android 7.0;) AppleWebKit/537.36 (KHTML, like Gecko) Mobile Safari/537.36 (compatible; PetalBot;+https://webmaster.petalsearch.com/site/petalbot)"
114.119.137.3 - - [12/Sep/2021:19:39:24 +0000] "GET /ROCKERSHAKERGELPLATFORMSHAKER.html HTTP/1.1" 200 50116 "-" "Mozilla/5.0 (Linux; Android 7.0;) AppleWebKit/537.36 (KHTML, like Gecko) Mobile Safari/537.36 (compatible; PetalBot;+https://webmaster.petalsearch.com/site/petalbot)"
66.249.75.221 - - [12/Sep/2021:19:39:50 +0000] "GET / HTTP/1.1" 200 63934 "-" "Mozilla/5.0 (compatible; Googlebot/2.1; +http://www.google.com/bot.html)"
49.7.20.116 - - [12/Sep/2021:19:41:04 +0000] "GET / HTTP/1.1" 200 63934 "-" "Sogou web spider/4.0(+http://www.sogou.com/docs/help/webmasters.htm#07)"
114.119.137.238 - - [12/Sep/2021:19:45:51 +0000] "GET /enquiry.php?pname=HOT%20AIR%20OVEN/STI-275%20STI-277 HTTP/1.1" 301 284 "-" "Mozilla/5.0 (Linux; Android 7.0;) AppleWebKit/537.36 (KHTML, like Gecko) Mobile Safari/537.36 (compatible; PetalBot;+https://webmaster.petalsearch.com/site/petalbot)"
114.119.137.238 - - [12/Sep/2021:19:45:51 +0000] "GET /enquiry.php?pname=HOT%20AIR%20OVEN/STI-275%20STI-277 HTTP/1.1" 200 61706 "-" "Mozilla/5.0 (Linux; Android 7.0;) AppleWebKit/537.36 (KHTML, like Gecko) Mobile Safari/537.36 (compatible; PetalBot;+https://webmaster.petalsearch.com/site/petalbot)"
216.244.66.229 - - [12/Sep/2021:19:47:36 +0000] "GET /robots.txt HTTP/1.1" 301 242 "-" "Mozilla/5.0 (compatible; DotBot/1.2; +https://opensiteexplorer.org/dotbot; help@moz.com)"
216.244.66.229 - - [12/Sep/2021:19:47:37 +0000] "GET /robots.txt HTTP/1.1" 404 208 "-" "Mozilla/5.0 (compatible; DotBot/1.2; +https://opensiteexplorer.org/dotbot; help@moz.com)"
216.244.66.229 - - [12/Sep/2021:19:51:38 +0000] "GET /DRYBATHINCUBATOR.html HTTP/1.1" 200 52709 "-" "Mozilla/5.0 (compatible; DotBot/1.2; +https://opensiteexplorer.org/dotbot; help@moz.com)"
216.244.66.229 - - [12/Sep/2021:19:51:47 +0000] "GET /MUFFLEFURNACEMAXTEMP1200degC.html HTTP/1.1" 200 55542 "-" "Mozilla/5.0 (compatible; DotBot/1.2; +https://opensiteexplorer.org/dotbot; help@moz.com)"
114.119.137.252 - - [12/Sep/2021:19:52:01 +0000] "GET /corporate-presentation.php HTTP/1.1" 301 258 "-" "Mozilla/5.0 (Linux; Android 7.0;) AppleWebKit/537.36 (KHTML, like Gecko) Mobile Safari/537.36 (compatible; PetalBot;+https://webmaster.petalsearch.com/site/petalbot)"
114.119.137.252 - - [12/Sep/2021:19:52:02 +0000] "GET /corporate-presentation.php HTTP/1.1" 200 50715 "-" "Mozilla/5.0 (Linux; Android 7.0;) AppleWebKit/537.36 (KHTML, like Gecko) Mobile Safari/537.36 (compatible; PetalBot;+https://webmaster.petalsearch.com/site/petalbot)"
66.249.75.221 - - [12/Sep/2021:19:57:09 +0000] "GET /menucss/menu.css HTTP/1.1" 404 214 "https://scienocraft.com/WAGNERSSHAKINGMACHINE.html" "Mozilla/5.0 (Linux; Android 6.0.1; Nexus 5X Build/MMB29P) AppleWebKit/537.36 (KHTML, like Gecko) Chrome/92.0.4515.119 Mobile Safari/537.36 (compatible; Googlebot/2.1; +http://www.google.com/bot.html)"
66.249.75.192 - - [12/Sep/2021:19:57:12 +0000] "GET /menucss/menu.css HTTP/1.1" 404 214 "https://scienocraft.com/WAGNERSSHAKINGMACHINE.html" "Mozilla/5.0 (Linux; Android 6.0.1; Nexus 5X Build/MMB29P) AppleWebKit/537.36 (KHTML, like Gecko) Chrome/92.0.4515.119 Mobile Safari/537.36 (compatible; Googlebot/2.1; +http://www.google.com/bot.html)"
114.119.137.249 - - [12/Sep/2021:19:58:10 +0000] "GET /BODINCUBATORGMP.html HTTP/1.1" 301 252 "-" "Mozilla/5.0 (Linux; Android 7.0;) AppleWebKit/537.36 (KHTML, like Gecko) Mobile Safari/537.36 (compatible; PetalBot;+https://webmaster.petalsearch.com/site/petalbot)"
114.119.137.249 - - [12/Sep/2021:19:58:11 +0000] "GET /BODINCUBATORGMP.html HTTP/1.1" 200 61393 "-" "Mozilla/5.0 (Linux; Android 7.0;) AppleWebKit/537.36 (KHTML, like Gecko) Mobile Safari/537.36 (compatible; PetalBot;+https://webmaster.petalsearch.com/site/petalbot)"
114.119.137.252 - - [12/Sep/2021:20:04:13 +0000] "GET /FRONTLOADINGAUTOCLAVE-VACUUM,STERILIZATION,DRYCYCLE.html HTTP/1.1" 301 288 "-" "Mozilla/5.0 (Linux; Android 7.0;) AppleWebKit/537.36 (KHTML, like Gecko) Mobile Safari/537.36 (compatible; PetalBot;+https://webmaster.petalsearch.com/site/petalbot)"
114.119.137.252 - - [12/Sep/2021:20:04:13 +0000] "GET /FRONTLOADINGAUTOCLAVE-VACUUM,STERILIZATION,DRYCYCLE.html HTTP/1.1" 200 54982 "-" "Mozilla/5.0 (Linux; Android 7.0;) AppleWebKit/537.36 (KHTML, like Gecko) Mobile Safari/537.36 (compatible; PetalBot;+https://webmaster.petalsearch.com/site/petalbot)"
114.119.137.45 - - [12/Sep/2021:20:10:27 +0000] "GET /MUFFLEFURNACEMAXTEMP1200degC.html HTTP/1.1" 301 265 "-" "Mozilla/5.0 (Linux; Android 7.0;) AppleWebKit/537.36 (KHTML, like Gecko) Mobile Safari/537.36 (compatible; PetalBot;+https://webmaster.petalsearch.com/site/petalbot)"
114.119.137.45 - - [12/Sep/2021:20:10:27 +0000] "GET /MUFFLEFURNACEMAXTEMP1200degC.html HTTP/1.1" 200 55542 "-" "Mozilla/5.0 (Linux; Android 7.0;) AppleWebKit/537.36 (KHTML, like Gecko) Mobile Safari/537.36 (compatible; PetalBot;+https://webmaster.petalsearch.com/site/petalbot)"
114.119.137.3 - - [12/Sep/2021:20:16:39 +0000] "GET /enquiry.php?pname=KJELDAHL%20DIGESTION%20UNIT%20(TUBE%20HEATING%20BLOCK)%20/STI-387 HTTP/1.1" 200 61731 "-" "Mozilla/5.0 (Linux; Android 7.0;) AppleWebKit/537.36 (KHTML, like Gecko) Mobile Safari/537.36 (compatible; PetalBot;+https://webmaster.petalsearch.com/site/petalbot)"
114.119.137.3 - - [12/Sep/2021:20:22:50 +0000] "GET /certification.php HTTP/1.1" 301 249 "-" "Mozilla/5.0 (Linux; Android 7.0;) AppleWebKit/537.36 (KHTML, like Gecko) Mobile Safari/537.36 (compatible; PetalBot;+https://webmaster.petalsearch.com/site/petalbot)"
114.119.137.3 - - [12/Sep/2021:20:22:50 +0000] "GET /certification.php HTTP/1.1" 200 47752 "-" "Mozilla/5.0 (Linux; Android 7.0;) AppleWebKit/537.36 (KHTML, like Gecko) Mobile Safari/537.36 (compatible; PetalBot;+https://webmaster.petalsearch.com/site/petalbot)"
114.119.137.249 - - [12/Sep/2021:20:29:09 +0000] "GET /enquiry.php?pname=BIOLOGICAL%20SAFETY%20CABINET%20TOTAL%20CONTAINMENT%20CABINET%20%20CLASS%20III/STI-229%20B HTTP/1.1" 301 340 "-" "Mozilla/5.0 (Linux; Android 7.0;) AppleWebKit/537.36 (KHTML, like Gecko) Mobile Safari/537.36 (compatible; PetalBot;+https://webmaster.petalsearch.com/site/petalbot)"
114.119.137.249 - - [12/Sep/2021:20:29:09 +0000] "GET /enquiry.php?pname=BIOLOGICAL%20SAFETY%20CABINET%20TOTAL%20CONTAINMENT%20CABINET%20%20CLASS%20III/STI-229%20B HTTP/1.1" 200 61750 "-" "Mozilla/5.0 (Linux; Android 7.0;) AppleWebKit/537.36 (KHTML, like Gecko) Mobile Safari/537.36 (compatible; PetalBot;+https://webmaster.petalsearch.com/site/petalbot)"
114.119.137.3 - - [12/Sep/2021:20:35:12 +0000] "GET /enquiry.php?pname=WATER%20STILL%20BARNSTEAD%20TYPE%20TABLE%20PATTERN%20/STI-%20426 HTTP/1.1" 200 61728 "-" "Mozilla/5.0 (Linux; Android 7.0;) AppleWebKit/537.36 (KHTML, like Gecko) Mobile Safari/537.36 (compatible; PetalBot;+https://webmaster.petalsearch.com/site/petalbot)"
114.119.137.31 - - [12/Sep/2021:20:41:19 +0000] "GET /enquiry.php?pname=COD%20DIGESTION%20APPARATUS%20/STI-388 HTTP/1.1" 200 61710 "-" "Mozilla/5.0 (Linux; Android 7.0;) AppleWebKit/537.36 (KHTML, like Gecko) Mobile Safari/537.36 (compatible; PetalBot;+https://webmaster.petalsearch.com/site/petalbot)"
114.119.137.3 - - [12/Sep/2021:20:47:22 +0000] "GET /GLASSDISTILLATIONAPPARATUS.html HTTP/1.1" 301 263 "-" "Mozilla/5.0 (Linux; Android 7.0;) AppleWebKit/537.36 (KHTML, like Gecko) Mobile Safari/537.36 (compatible; PetalBot;+https://webmaster.petalsearch.com/site/petalbot)"
114.119.137.3 - - [12/Sep/2021:20:47:23 +0000] "GET /GLASSDISTILLATIONAPPARATUS.html HTTP/1.1" 200 53364 "-" "Mozilla/5.0 (Linux; Android 7.0;) AppleWebKit/537.36 (KHTML, like Gecko) Mobile Safari/537.36 (compatible; PetalBot;+https://webmaster.petalsearch.com/site/petalbot)"
66.249.69.220 - - [12/Sep/2021:20:47:55 +0000] "GET /AUTOCLAVEVERTICALGMPMODEL.html HTTP/1.1" 301 262 "-" "Mozilla/5.0 (Linux; Android 6.0.1; Nexus 5X Build/MMB29P) AppleWebKit/537.36 (KHTML, like Gecko) Chrome/92.0.4515.119 Mobile Safari/537.36 (compatible; Googlebot/2.1; +http://www.google.com/bot.html)"
66.249.75.192 - - [12/Sep/2021:20:47:56 +0000] "GET /AUTOCLAVEVERTICALGMPMODEL.html HTTP/1.1" 200 64155 "-" "Mozilla/5.0 (Linux; Android 6.0.1; Nexus 5X Build/MMB29P) AppleWebKit/537.36 (KHTML, like Gecko) Chrome/92.0.4515.119 Mobile Safari/537.36 (compatible; Googlebot/2.1; +http://www.google.com/bot.html)"
185.61.219.109 - - [12/Sep/2021:20:52:24 +0000] "GET /ThankYou/ HTTP/1.0" 301 241 "http://scienocraft.com/ThankYou/" "Mozilla/5.0 (Windows NT 6.1; Win64; x64) AppleWebKit/537.36 (KHTML, like Gecko) Chrome/90.0.4430.85 Safari/537.36 Edg/90.0.818.49"
188.40.183.18 - - [12/Sep/2021:20:52:25 +0000] "GET /ThankYou/ HTTP/1.0" 404 207 "https://scienocraft.com/ThankYou/" "Mozilla/5.0 (Windows NT 6.1; Win64; x64) AppleWebKit/537.36 (KHTML, like Gecko) Chrome/90.0.4430.85 Safari/537.36 Edg/90.0.818.49"
188.40.183.18 - - [12/Sep/2021:20:52:26 +0000] "GET / HTTP/1.0" 200 63934 "https://scienocraft.com/" "Mozilla/5.0 (Windows NT 6.1; Win64; x64) AppleWebKit/537.36 (KHTML, like Gecko) Chrome/90.0.4430.85 Safari/537.36 Edg/90.0.818.49"
188.40.183.18 - - [12/Sep/2021:20:52:26 +0000] "GET /ContactUs HTTP/1.0" 301 241 "https://www.scienocraft.com/ContactUs" "Mozilla/5.0 (Windows NT 6.1; Win64; x64) AppleWebKit/537.36 (KHTML, like Gecko) Chrome/90.0.4430.85 Safari/537.36 Edg/90.0.818.49"
188.40.183.18 - - [12/Sep/2021:20:52:27 +0000] "GET /ContactUs HTTP/1.0" 200 49509 "https://scienocraft.com/ContactUs" "Mozilla/5.0 (Windows NT 6.1; Win64; x64) AppleWebKit/537.36 (KHTML, like Gecko) Chrome/90.0.4430.85 Safari/537.36 Edg/90.0.818.49"
114.119.133.245 - - [12/Sep/2021:20:53:37 +0000] "GET /BOTTLEWASHINGMACHINE(LABMODEL).html HTTP/1.1" 301 267 "-" "Mozilla/5.0 (Linux; Android 7.0;) AppleWebKit/537.36 (KHTML, like Gecko) Mobile Safari/537.36 (compatible; PetalBot;+https://webmaster.petalsearch.com/site/petalbot)"
114.119.133.245 - - [12/Sep/2021:20:53:38 +0000] "GET /BOTTLEWASHINGMACHINE(LABMODEL).html HTTP/1.1" 200 50078 "-" "Mozilla/5.0 (Linux; Android 7.0;) AppleWebKit/537.36 (KHTML, like Gecko) Mobile Safari/537.36 (compatible; PetalBot;+https://webmaster.petalsearch.com/site/petalbot)"
185.191.171.12 - - [12/Sep/2021:20:58:50 +0000] "GET /robots.txt HTTP/1.1" 404 208 "-" "Mozilla/5.0 (compatible; SemrushBot/7~bl; +http://www.semrush.com/bot.html)"
185.191.171.6 - - [12/Sep/2021:20:58:52 +0000] "GET / HTTP/1.1" 200 63934 "-" "Mozilla/5.0 (compatible; SemrushBot/7~bl; +http://www.semrush.com/bot.html)"
114.119.137.45 - - [12/Sep/2021:20:59:40 +0000] "GET /enquiry.php?pname=INCUBATOR%20%20OVEN%20COMBINED/STI-280 HTTP/1.1" 200 61710 "-" "Mozilla/5.0 (Linux; Android 7.0;) AppleWebKit/537.36 (KHTML, like Gecko) Mobile Safari/537.36 (compatible; PetalBot;+https://webmaster.petalsearch.com/site/petalbot)"
49.7.20.116 - - [12/Sep/2021:21:07:01 +0000] "GET / HTTP/1.1" 200 63934 "-" "Sogou web spider/4.0(+http://www.sogou.com/docs/help/webmasters.htm#07)"
114.119.137.238 - - [12/Sep/2021:21:15:02 +0000] "GET /enquiry.php?pname=VACUUM%20ROTARY%20EVAPORATOR/STI-414%20A HTTP/1.1" 301 290 "-" "Mozilla/5.0 (Linux; Android 7.0;) AppleWebKit/537.36 (KHTML, like Gecko) Mobile Safari/537.36 (compatible; PetalBot;+https://webmaster.petalsearch.com/site/petalbot)"
114.119.137.238 - - [12/Sep/2021:21:15:03 +0000] "GET /enquiry.php?pname=VACUUM%20ROTARY%20EVAPORATOR/STI-414%20A HTTP/1.1" 200 61712 "-" "Mozilla/5.0 (Linux; Android 7.0;) AppleWebKit/537.36 (KHTML, like Gecko) Mobile Safari/537.36 (compatible; PetalBot;+https://webmaster.petalsearch.com/site/petalbot)"
66.249.75.223 - - [12/Sep/2021:21:25:07 +0000] "GET /DEEPFREEZERuptoMinus86degC.html HTTP/1.1" 200 58576 "-" "Mozilla/5.0 (compatible; Googlebot/2.1; +http://www.google.com/bot.html)"
54.36.149.2 - - [12/Sep/2021:21:28:04 +0000] "GET /HPSTERILIZERVERTICALTRIPLEWALL.html HTTP/1.1" 301 271 "-" "Mozilla/5.0 (compatible; AhrefsBot/7.0; +http://ahrefs.com/robot/)"
3.141.31.138 - - [12/Sep/2021:21:39:01 +0000] "GET /galleryimg/364565d1a6cd1727abf3af5961412811.png HTTP/1.1" 200 41651 "https://scienocraft.com" "Mozilla/5.0 (Macintosh; Intel Mac OS X 10_15_7) AppleWebKit/537.36 (KHTML, like Gecko) Chrome/91.0.4472.101 Safari/537.36"
18.216.53.112 - - [12/Sep/2021:21:43:25 +0000] "GET /galleryimg/b1170721c3fe6271d431714b8d80c477.png HTTP/1.1" 200 58071 "https://scienocraft.com" "Mozilla/5.0 (Macintosh; Intel Mac OS X 10_15_7) AppleWebKit/537.36 (KHTML, like Gecko) Chrome/91.0.4472.101 Safari/537.36"
114.119.151.192 - - [12/Sep/2021:22:30:43 +0000] "GET /robots.txt HTTP/1.1" 404 208 "-" "Mozilla/5.0 (compatible;PetalBot;+https://webmaster.petalsearch.com/site/petalbot)"
49.7.20.116 - - [12/Sep/2021:22:33:14 +0000] "GET / HTTP/1.1" 200 63934 "-" "Sogou web spider/4.0(+http://www.sogou.com/docs/help/webmasters.htm#07)"
66.249.79.158 - - [12/Sep/2021:22:35:08 +0000] "GET /MASHINGBATH.html HTTP/1.1" 200 51710 "-" "Mozilla/5.0 (Linux; Android 6.0.1; Nexus 5X Build/MMB29P) AppleWebKit/537.36 (KHTML, like Gecko) Chrome/92.0.4515.119 Mobile Safari/537.36 (compatible; Googlebot/2.1; +http://www.google.com/bot.html)"
66.249.79.159 - - [12/Sep/2021:22:35:10 +0000] "GET /FUMEHOOD.html HTTP/1.1" 200 59371 "-" "Mozilla/5.0 (Linux; Android 6.0.1; Nexus 5X Build/MMB29P) AppleWebKit/537.36 (KHTML, like Gecko) Chrome/92.0.4515.119 Mobile Safari/537.36 (compatible; Googlebot/2.1; +http://www.google.com/bot.html)"
49.7.20.116 - - [12/Sep/2021:22:53:58 +0000] "GET / HTTP/1.1" 200 63934 "-" "Sogou web spider/4.0(+http://www.sogou.com/docs/help/webmasters.htm#07)"
62.16.8.152 - - [12/Sep/2021:23:04:55 +0000] "GET /ThankYou/ HTTP/1.0" 404 207 "https://scienocraft.com/ThankYou/" "Mozilla/5.0 (Windows NT 6.1; ) AppleWebKit/537.36 (KHTML, like Gecko) Chrome/90.0.4430.72 Safari/537.36"
62.16.8.152 - - [12/Sep/2021:23:04:56 +0000] "GET / HTTP/1.0" 200 63934 "https://scienocraft.com/" "Mozilla/5.0 (Windows NT 6.1; ) AppleWebKit/537.36 (KHTML, like Gecko) Chrome/90.0.4430.72 Safari/537.36"
66.249.79.252 - - [12/Sep/2021:23:13:44 +0000] "GET /AUTOCLAVEPORTABLESINGLEnDOUBLEWALLED.html HTTP/1.1" 301 273 "-" "Mozilla/5.0 (Linux; Android 6.0.1; Nexus 5X Build/MMB29P) AppleWebKit/537.36 (KHTML, like Gecko) Chrome/92.0.4515.119 Mobile Safari/537.36 (compatible; Googlebot/2.1; +http://www.google.com/bot.html)"
66.249.79.158 - - [12/Sep/2021:23:13:45 +0000] "GET /AUTOCLAVEPORTABLESINGLEnDOUBLEWALLED.html HTTP/1.1" 200 51959 "-" "Mozilla/5.0 (Linux; Android 6.0.1; Nexus 5X Build/MMB29P) AppleWebKit/537.36 (KHTML, like Gecko) Chrome/92.0.4515.119 Mobile Safari/537.36 (compatible; Googlebot/2.1; +http://www.google.com/bot.html)"
66.249.79.248 - - [12/Sep/2021:23:24:03 +0000] "GET /KJELDAHLDISTILLATIONANDDIGESTIONCOMBINED.html HTTP/1.1" 301 277 "-" "Mozilla/5.0 (Linux; Android 6.0.1; Nexus 5X Build/MMB29P) AppleWebKit/537.36 (KHTML, like Gecko) Chrome/92.0.4515.119 Mobile Safari/537.36 (compatible; Googlebot/2.1; +http://www.google.com/bot.html)"
66.249.79.128 - - [12/Sep/2021:23:24:04 +0000] "GET /KJELDAHLDISTILLATIONANDDIGESTIONCOMBINED.html HTTP/1.1" 200 54464 "-" "Mozilla/5.0 (Linux; Android 6.0.1; Nexus 5X Build/MMB29P) AppleWebKit/537.36 (KHTML, like Gecko) Chrome/92.0.4515.119 Mobile Safari/537.36 (compatible; Googlebot/2.1; +http://www.google.com/bot.html)"
185.180.143.15 - - [12/Sep/2021:23:35:25 +0000] "GET / HTTP/1.1" 301 236 "-" "Mozilla/5.0 (Windows NT 10.0; WOW64) AppleWebKit/537.36 (KHTML, like Gecko) Chrome/66.0.3359.117 Safari/537.36"
185.180.143.15 - - [12/Sep/2021:23:35:26 +0000] "GET / HTTP/1.1" 301 232 "http://www.scienocraft.com/" "Mozilla/5.0 (Windows NT 10.0; WOW64) AppleWebKit/537.36 (KHTML, like Gecko) Chrome/66.0.3359.117 Safari/537.36"
185.180.143.15 - - [12/Sep/2021:23:35:28 +0000] "GET / HTTP/1.1" 200 63934 "https://www.scienocraft.com/" "Mozilla/5.0 (Windows NT 10.0; WOW64) AppleWebKit/537.36 (KHTML, like Gecko) Chrome/66.0.3359.117 Safari/537.36"
49.7.20.116 - - [12/Sep/2021:23:35:35 +0000] "GET / HTTP/1.1" 200 63934 "-" "Sogou web spider/4.0(+http://www.sogou.com/docs/help/webmasters.htm#07)"
66.249.79.240 - - [12/Sep/2021:23:46:56 +0000] "GET /robots.txt HTTP/1.1" 301 246 "-" "Mozilla/5.0 (compatible; Googlebot/2.1; +http://www.google.com/bot.html)"
66.249.79.248 - - [12/Sep/2021:23:46:57 +0000] "GET /robots.txt HTTP/1.1" 301 242 "-" "Mozilla/5.0 (compatible; Googlebot/2.1; +http://www.google.com/bot.html)"
66.249.79.159 - - [12/Sep/2021:23:46:58 +0000] "GET /robots.txt HTTP/1.1" 404 208 "-" "Mozilla/5.0 (compatible; Googlebot/2.1; +http://www.google.com/bot.html)"
66.249.79.240 - - [12/Sep/2021:23:46:58 +0000] "GET /favicon.ico HTTP/1.1" 301 247 "-" "Googlebot-Image/1.0"
66.249.79.252 - - [12/Sep/2021:23:47:00 +0000] "GET /favicon.ico HTTP/1.1" 301 243 "-" "Googlebot-Image/1.0"
114.119.137.31 - - [12/Sep/2021:23:47:24 +0000] "GET /enquiry.php?pname=DOUBLE%20DOOR%20HP%20STEAM%20STERILIZER%20HORIZONTAL/STI-118D HTTP/1.1" 200 61729 "-" "Mozilla/5.0 (Linux; Android 7.0;) AppleWebKit/537.36 (KHTML, like Gecko) Mobile Safari/537.36 (compatible; PetalBot;+https://webmaster.petalsearch.com/site/petalbot)"
114.119.137.249 - - [12/Sep/2021:23:53:27 +0000] "GET /enquiry.php?pname=BOTTLE%20WASHING%20MACHINE%20WITH%20SOAKING%20TANK/STI-206 HTTP/1.1" 301 308 "-" "Mozilla/5.0 (Linux; Android 7.0;) AppleWebKit/537.36 (KHTML, like Gecko) Mobile Safari/537.36 (compatible; PetalBot;+https://webmaster.petalsearch.com/site/petalbot)"
