54.36.148.84 - - [10/Sep/2021:23:21:07 +0000] "GET /robots.txt HTTP/1.1" 404 208 "-" "Mozilla/5.0 (compatible; AhrefsBot/7.0; +http://ahrefs.com/robot/)"
54.36.148.138 - - [10/Sep/2021:23:21:08 +0000] "GET / HTTP/1.1" 200 63934 "-" "Mozilla/5.0 (compatible; AhrefsBot/7.0; +http://ahrefs.com/robot/)"
114.119.137.252 - - [10/Sep/2021:23:23:25 +0000] "GET /AUTOCLAVEPORTABLESINGLEnDOUBLEWALLED.html HTTP/1.1" 301 273 "-" "Mozilla/5.0 (Linux; Android 7.0;) AppleWebKit/537.36 (KHTML, like Gecko) Mobile Safari/537.36 (compatible; PetalBot;+https://webmaster.petalsearch.com/site/petalbot)"
114.119.137.252 - - [10/Sep/2021:23:23:25 +0000] "GET /AUTOCLAVEPORTABLESINGLEnDOUBLEWALLED.html HTTP/1.1" 200 51959 "-" "Mozilla/5.0 (Linux; Android 7.0;) AppleWebKit/537.36 (KHTML, like Gecko) Mobile Safari/537.36 (compatible; PetalBot;+https://webmaster.petalsearch.com/site/petalbot)"
66.249.64.251 - - [10/Sep/2021:23:24:20 +0000] "GET / HTTP/1.1" 200 63934 "-" "Mozilla/5.0 (compatible; Googlebot/2.1; +http://www.google.com/bot.html)"
66.249.64.253 - - [10/Sep/2021:23:29:01 +0000] "GET /ProductswiseCatalogue HTTP/1.1" 200 46493 "-" "Mozilla/5.0 (Linux; Android 6.0.1; Nexus 5X Build/MMB29P) AppleWebKit/537.36 (KHTML, like Gecko) Chrome/92.0.4515.119 Mobile Safari/537.36 (compatible; Googlebot/2.1; +http://www.google.com/bot.html)"
66.249.64.253 - - [10/Sep/2021:23:34:30 +0000] "GET / HTTP/1.1" 200 63934 "-" "Mozilla/5.0 (Linux; Android 6.0.1; Nexus 5X Build/MMB29P) AppleWebKit/537.36 (KHTML, like Gecko) Chrome/92.0.4515.119 Mobile Safari/537.36 (compatible; Googlebot/2.1; +http://www.google.com/bot.html)"
77.75.76.162 - - [10/Sep/2021:23:36:53 +0000] "GET /robots.txt HTTP/1.1" 404 208 "-" "Mozilla/5.0 (compatible; SeznamBot/3.2; +http://napoveda.seznam.cz/en/seznambot-intro/)"
77.75.76.162 - - [10/Sep/2021:23:36:55 +0000] "GET /AUTOCLAVEVERTICALDELUXEMODEL.html HTTP/1.1" 200 62892 "-" "Mozilla/5.0 (compatible; SeznamBot/3.2; +http://napoveda.seznam.cz/en/seznambot-intro/)"
35.185.97.239 - - [10/Sep/2021:23:45:44 +0000] "GET /robots.txt HTTP/1.0" 301 242 "-" "ZoominfoBot (zoominfobot at zoominfo dot com)"
35.185.97.239 - - [10/Sep/2021:23:45:45 +0000] "GET /robots.txt HTTP/1.1" 404 208 "-" "ZoominfoBot (zoominfobot at zoominfo dot com)"
35.185.97.239 - - [10/Sep/2021:23:45:46 +0000] "GET /LAMINARHORIZONTALMICROCONTROLLERLCDDISPLAY.html HTTP/1.0" 301 279 "-" "ZoominfoBot (zoominfobot at zoominfo dot com)"
114.119.137.249 - - [10/Sep/2021:23:50:59 +0000] "GET /enquiry.php?pname=PARRAFIN%20WAX%20DISPENSER/STI-140 HTTP/1.1" 301 284 "-" "Mozilla/5.0 (Linux; Android 7.0;) AppleWebKit/537.36 (KHTML, like Gecko) Mobile Safari/537.36 (compatible; PetalBot;+https://webmaster.petalsearch.com/site/petalbot)"
114.119.137.249 - - [10/Sep/2021:23:51:00 +0000] "GET /enquiry.php?pname=PARRAFIN%20WAX%20DISPENSER/STI-140 HTTP/1.1" 200 61708 "-" "Mozilla/5.0 (Linux; Android 7.0;) AppleWebKit/537.36 (KHTML, like Gecko) Mobile Safari/537.36 (compatible; PetalBot;+https://webmaster.petalsearch.com/site/petalbot)"
35.185.97.239 - - [10/Sep/2021:23:59:07 +0000] "GET /LAMINARFLOWBENCHVERTICAL.html HTTP/1.0" 301 261 "-" "ZoominfoBot (zoominfobot at zoominfo dot com)"
35.185.97.239 - - [10/Sep/2021:23:59:37 +0000] "GET /AUTOCLAVEVERTICALDELUXEMODEL.html HTTP/1.0" 301 265 "-" "ZoominfoBot (zoominfobot at zoominfo dot com)"
35.185.97.239 - - [11/Sep/2021:00:00:08 +0000] "GET /AboutUs HTTP/1.0" 301 239 "-" "ZoominfoBot (zoominfobot at zoominfo dot com)"
114.119.137.3 - - [11/Sep/2021:00:01:34 +0000] "GET /VORTEXSHAKER(TESTTUBESHAKER)On-OffType-SenseTouchType.html HTTP/1.1" 200 50715 "-" "Mozilla/5.0 (Linux; Android 7.0;) AppleWebKit/537.36 (KHTML, like Gecko) Mobile Safari/537.36 (compatible; PetalBot;+https://webmaster.petalsearch.com/site/petalbot)"
35.185.97.239 - - [11/Sep/2021:00:02:24 +0000] "GET /PrivacyPolicy HTTP/1.0" 301 245 "-" "ZoominfoBot (zoominfobot at zoominfo dot com)"
35.185.97.239 - - [11/Sep/2021:00:03:38 +0000] "GET /robots.txt HTTP/1.0" 404 208 "-" "ZoominfoBot (zoominfobot at zoominfo dot com)"
35.185.97.239 - - [11/Sep/2021:00:03:39 +0000] "GET /all-products.php?maincategory=TEST%20CHAMBERS HTTP/1.0" 200 54488 "-" "ZoominfoBot (zoominfobot at zoominfo dot com)"
35.185.97.239 - - [11/Sep/2021:00:03:47 +0000] "GET /all-products.php?maincategory=Lab%20Equipments%20(Heating) HTTP/1.0" 200 52596 "-" "ZoominfoBot (zoominfobot at zoominfo dot com)"
35.185.97.239 - - [11/Sep/2021:00:03:51 +0000] "GET /all-products.php?maincategory=Environmental%20Chambers HTTP/1.0" 200 52172 "-" "ZoominfoBot (zoominfobot at zoominfo dot com)"
35.185.97.239 - - [11/Sep/2021:00:03:57 +0000] "GET /all-products.php?maincategory=Cooling%20Equipment HTTP/1.0" 200 50929 "-" "ZoominfoBot (zoominfobot at zoominfo dot com)"
35.185.97.239 - - [11/Sep/2021:00:04:03 +0000] "GET /products-catalogue.php HTTP/1.0" 200 80159 "-" "ZoominfoBot (zoominfobot at zoominfo dot com)"
35.185.97.239 - - [11/Sep/2021:00:08:55 +0000] "GET /ExhibitionandAwards HTTP/1.0" 301 251 "-" "ZoominfoBot (zoominfobot at zoominfo dot com)"
114.119.137.249 - - [11/Sep/2021:00:09:46 +0000] "GET /H.P.RECTANGULARHORIZONTALSTERLIZER.html HTTP/1.1" 301 271 "-" "Mozilla/5.0 (Linux; Android 7.0;) AppleWebKit/537.36 (KHTML, like Gecko) Mobile Safari/537.36 (compatible; PetalBot;+https://webmaster.petalsearch.com/site/petalbot)"
114.119.137.249 - - [11/Sep/2021:00:09:46 +0000] "GET /H.P.RECTANGULARHORIZONTALSTERLIZER.html HTTP/1.1" 200 61067 "-" "Mozilla/5.0 (Linux; Android 7.0;) AppleWebKit/537.36 (KHTML, like Gecko) Mobile Safari/537.36 (compatible; PetalBot;+https://webmaster.petalsearch.com/site/petalbot)"
66.249.64.253 - - [11/Sep/2021:00:12:41 +0000] "GET /VACUUMDRYINGCHAMBER(RECTANGULAR).html HTTP/1.1" 200 57683 "-" "Mozilla/5.0 (compatible; Googlebot/2.1; +http://www.google.com/bot.html)"
35.185.97.239 - - [11/Sep/2021:00:14:35 +0000] "GET /all-products.php?maincategory=General%20Laboratory%20Equipments HTTP/1.0" 200 57565 "-" "ZoominfoBot (zoominfobot at zoominfo dot com)"
35.185.97.239 - - [11/Sep/2021:00:17:20 +0000] "GET /AUTOCLAVEVERTICALGMPMODEL.html HTTP/1.0" 301 262 "-" "ZoominfoBot (zoominfobot at zoominfo dot com)"
35.185.97.239 - - [11/Sep/2021:00:18:12 +0000] "GET /AUTOCLAVEVERTICALSTANDARDMODEL.html HTTP/1.0" 301 267 "-" "ZoominfoBot (zoominfobot at zoominfo dot com)"
35.185.97.239 - - [11/Sep/2021:00:18:22 +0000] "GET /index.php HTTP/1.0" 200 63934 "-" "ZoominfoBot (zoominfobot at zoominfo dot com)"
35.185.97.239 - - [11/Sep/2021:00:18:31 +0000] "GET /Sitemap HTTP/1.0" 301 239 "-" "ZoominfoBot (zoominfobot at zoominfo dot com)"
66.249.64.251 - - [11/Sep/2021:00:19:52 +0000] "GET /ProductswiseCatalogue HTTP/1.1" 200 46493 "-" "Mozilla/5.0 (compatible; Googlebot/2.1; +http://www.google.com/bot.html)"
114.119.137.38 - - [11/Sep/2021:00:20:26 +0000] "GET /enquiry.php?pname=H%20P%20AUTOCLAVE%20VERTICAL%20TRIPLE%20WALL%20AUTO%20PURGING%20n%20EXHAUST/STI%20-116%20C HTTP/1.1" 301 340 "-" "Mozilla/5.0 (Linux; Android 7.0;) AppleWebKit/537.36 (KHTML, like Gecko) Mobile Safari/537.36 (compatible; PetalBot;+https://webmaster.petalsearch.com/site/petalbot)"
114.119.137.38 - - [11/Sep/2021:00:20:27 +0000] "GET /enquiry.php?pname=H%20P%20AUTOCLAVE%20VERTICAL%20TRIPLE%20WALL%20AUTO%20PURGING%20n%20EXHAUST/STI%20-116%20C HTTP/1.1" 200 61746 "-" "Mozilla/5.0 (Linux; Android 7.0;) AppleWebKit/537.36 (KHTML, like Gecko) Mobile Safari/537.36 (compatible; PetalBot;+https://webmaster.petalsearch.com/site/petalbot)"
66.249.64.224 - - [11/Sep/2021:00:27:16 +0000] "GET /GLASSBEADSTERILIZER(Squareshaped).html HTTP/1.1" 200 51473 "-" "Mozilla/5.0 (Linux; Android 6.0.1; Nexus 5X Build/MMB29P) AppleWebKit/537.36 (KHTML, like Gecko) Chrome/92.0.4515.119 Mobile Safari/537.36 (compatible; Googlebot/2.1; +http://www.google.com/bot.html)"
114.119.137.31 - - [11/Sep/2021:00:29:02 +0000] "GET /enquiry.php?pname=LAB%20PULVERISOR%20DISC%20TYPE/STI-376 HTTP/1.1" 301 288 "-" "Mozilla/5.0 (Linux; Android 7.0;) AppleWebKit/537.36 (KHTML, like Gecko) Mobile Safari/537.36 (compatible; PetalBot;+https://webmaster.petalsearch.com/site/petalbot)"
114.119.137.31 - - [11/Sep/2021:00:29:02 +0000] "GET /enquiry.php?pname=LAB%20PULVERISOR%20DISC%20TYPE/STI-376 HTTP/1.1" 200 61710 "-" "Mozilla/5.0 (Linux; Android 7.0;) AppleWebKit/537.36 (KHTML, like Gecko) Mobile Safari/537.36 (compatible; PetalBot;+https://webmaster.petalsearch.com/site/petalbot)"
35.185.97.239 - - [11/Sep/2021:00:30:14 +0000] "GET /robots.txt HTTP/1.0" 301 246 "-" "ZoominfoBot (zoominfobot at zoominfo dot com)"
35.185.97.239 - - [11/Sep/2021:00:30:15 +0000] "GET /robots.txt HTTP/1.1" 301 242 "-" "ZoominfoBot (zoominfobot at zoominfo dot com)"
35.185.97.239 - - [11/Sep/2021:00:30:16 +0000] "GET /robots.txt HTTP/1.1" 404 208 "-" "ZoominfoBot (zoominfobot at zoominfo dot com)"
35.185.97.239 - - [11/Sep/2021:00:30:17 +0000] "GET /AboutUs HTTP/1.0" 301 243 "-" "ZoominfoBot (zoominfobot at zoominfo dot com)"
35.185.97.239 - - [11/Sep/2021:00:30:17 +0000] "GET /AboutUs HTTP/1.0" 301 239 "-" "ZoominfoBot (zoominfobot at zoominfo dot com)"
35.185.97.239 - - [11/Sep/2021:00:31:37 +0000] "GET /all-products.php?maincategory=Vacuum%20Equipments HTTP/1.0" 200 52157 "-" "ZoominfoBot (zoominfobot at zoominfo dot com)"
35.185.97.239 - - [11/Sep/2021:00:32:03 +0000] "GET /all-products.php?maincategory=Clean%20Room%20Benches HTTP/1.0" 200 54299 "-" "ZoominfoBot (zoominfobot at zoominfo dot com)"
35.185.97.239 - - [11/Sep/2021:00:35:24 +0000] "GET /AUTOCLAVEVERTICALDOUBLEWALLSEMIAUTO.html HTTP/1.0" 301 272 "-" "ZoominfoBot (zoominfobot at zoominfo dot com)"
114.119.137.3 - - [11/Sep/2021:00:37:09 +0000] "GET /all-products.php?maincategory=Shakers HTTP/1.1" 301 269 "-" "Mozilla/5.0 (Linux; Android 7.0;) AppleWebKit/537.36 (KHTML, like Gecko) Mobile Safari/537.36 (compatible; PetalBot;+https://webmaster.petalsearch.com/site/petalbot)"
114.119.137.3 - - [11/Sep/2021:00:37:10 +0000] "GET /all-products.php?maincategory=Shakers HTTP/1.1" 200 54562 "-" "Mozilla/5.0 (Linux; Android 7.0;) AppleWebKit/537.36 (KHTML, like Gecko) Mobile Safari/537.36 (compatible; PetalBot;+https://webmaster.petalsearch.com/site/petalbot)"
35.185.97.239 - - [11/Sep/2021:00:38:09 +0000] "GET /all-products.php?maincategory=Water(Liquid)%20Bath%20Equipments HTTP/1.0" 200 55830 "-" "ZoominfoBot (zoominfobot at zoominfo dot com)"
66.249.64.224 - - [11/Sep/2021:00:38:40 +0000] "GET /VACUUMDRYINGCHAMBER(RECTANGULAR).html HTTP/1.1" 200 57683 "-" "Mozilla/5.0 (Linux; Android 6.0.1; Nexus 5X Build/MMB29P) AppleWebKit/537.36 (KHTML, like Gecko) Chrome/92.0.4515.119 Mobile Safari/537.36 (compatible; Googlebot/2.1; +http://www.google.com/bot.html)"
35.185.97.239 - - [11/Sep/2021:00:38:54 +0000] "GET /all-products.php?maincategory=Distillation%20Equipments HTTP/1.0" 200 55816 "-" "ZoominfoBot (zoominfobot at zoominfo dot com)"
35.185.97.239 - - [11/Sep/2021:00:42:55 +0000] "GET /TermsandConditions HTTP/1.0" 301 250 "-" "ZoominfoBot (zoominfobot at zoominfo dot com)"
35.185.97.239 - - [11/Sep/2021:00:44:31 +0000] "GET /LAMINARFLOWBENCHHORIZONTAL.html HTTP/1.0" 301 263 "-" "ZoominfoBot (zoominfobot at zoominfo dot com)"
114.119.137.43 - - [11/Sep/2021:00:47:46 +0000] "GET /enquiry.php?pname=MULTI%20MAGNETIC%20STIRRER/STI-312%20B HTTP/1.1" 301 288 "-" "Mozilla/5.0 (Linux; Android 7.0;) AppleWebKit/537.36 (KHTML, like Gecko) Mobile Safari/537.36 (compatible; PetalBot;+https://webmaster.petalsearch.com/site/petalbot)"
114.119.137.43 - - [11/Sep/2021:00:47:47 +0000] "GET /enquiry.php?pname=MULTI%20MAGNETIC%20STIRRER/STI-312%20B HTTP/1.1" 200 61710 "-" "Mozilla/5.0 (Linux; Android 7.0;) AppleWebKit/537.36 (KHTML, like Gecko) Mobile Safari/537.36 (compatible; PetalBot;+https://webmaster.petalsearch.com/site/petalbot)"
35.185.97.239 - - [11/Sep/2021:00:50:14 +0000] "GET /ContactUs HTTP/1.0" 301 241 "-" "ZoominfoBot (zoominfobot at zoominfo dot com)"
77.75.76.169 - - [11/Sep/2021:00:51:14 +0000] "GET /robots.txt HTTP/1.1" 404 208 "-" "Mozilla/5.0 (compatible; SeznamBot/3.2; +http://napoveda.seznam.cz/en/seznambot-intro/)"
77.75.76.169 - - [11/Sep/2021:00:51:16 +0000] "GET /BODINCUBATOR.html HTTP/1.1" 200 60422 "-" "Mozilla/5.0 (compatible; SeznamBot/3.2; +http://napoveda.seznam.cz/en/seznambot-intro/)"
114.119.137.38 - - [11/Sep/2021:00:55:14 +0000] "GET /enquiry.php?pname=ICE%20FLAKER/STI-241 HTTP/1.1" 301 270 "-" "Mozilla/5.0 (Linux; Android 7.0;) AppleWebKit/537.36 (KHTML, like Gecko) Mobile Safari/537.36 (compatible; PetalBot;+https://webmaster.petalsearch.com/site/petalbot)"
114.119.137.38 - - [11/Sep/2021:00:55:14 +0000] "GET /enquiry.php?pname=ICE%20FLAKER/STI-241 HTTP/1.1" 200 61696 "-" "Mozilla/5.0 (Linux; Android 7.0;) AppleWebKit/537.36 (KHTML, like Gecko) Mobile Safari/537.36 (compatible; PetalBot;+https://webmaster.petalsearch.com/site/petalbot)"
35.185.97.239 - - [11/Sep/2021:00:56:44 +0000] "GET /all-products.php?maincategory=Incubators HTTP/1.0" 200 55769 "-" "ZoominfoBot (zoominfobot at zoominfo dot com)"
35.185.97.239 - - [11/Sep/2021:00:58:02 +0000] "GET /all-products.php?maincategory=Shakers HTTP/1.0" 200 54562 "-" "ZoominfoBot (zoominfobot at zoominfo dot com)"
35.185.97.239 - - [11/Sep/2021:00:59:19 +0000] "GET /all-products.php?maincategory=Autoclave-%20%20%20%20%20%20%20%20%20%20%20%20%20%20%20%20%20%20%20%20%20%20%20%20%20%20%20%20%20%20%20%20%20%20%20%20%20%20%20%20%20%20%20%20%20%20%20%20%20%20%20%20%20%20%20%20%20%20%20%20%20%20%20%20%20%20%20%20%20%20%20%20%20%20%20%20%20%20%20%20%20%20%20%20%20%20%20%20%20%20%20%20%20%20%20%20%20%20%20%20%20%20%20%20%20%20%20%20%20%20%20%20%20Sterilization%20Equipments HTTP/1.0" 200 60657 "-" "ZoominfoBot (zoominfobot at zoominfo dot com)"
114.119.137.3 - - [11/Sep/2021:01:06:38 +0000] "GET /robots.txt HTTP/1.1" 404 208 "-" "Mozilla/5.0 (compatible;PetalBot;+https://webmaster.petalsearch.com/site/petalbot)"
35.185.97.239 - - [11/Sep/2021:01:10:44 +0000] "GET /Disclaimer HTTP/1.0" 301 242 "-" "ZoominfoBot (zoominfobot at zoominfo dot com)"
114.119.137.45 - - [11/Sep/2021:01:14:13 +0000] "GET /enquiry.php?pname=WALK%20IN%20STABILITY%20CHAMBER/STI-198%20B HTTP/1.1" 200 61713 "-" "Mozilla/5.0 (Linux; Android 7.0;) AppleWebKit/537.36 (KHTML, like Gecko) Mobile Safari/537.36 (compatible; PetalBot;+https://webmaster.petalsearch.com/site/petalbot)"
114.119.137.249 - - [11/Sep/2021:01:23:36 +0000] "GET /all-products.php?maincategory=Clean%20Room%20Benches HTTP/1.1" 301 284 "-" "Mozilla/5.0 (Linux; Android 7.0;) AppleWebKit/537.36 (KHTML, like Gecko) Mobile Safari/537.36 (compatible; PetalBot;+https://webmaster.petalsearch.com/site/petalbot)"
114.119.137.249 - - [11/Sep/2021:01:23:36 +0000] "GET /all-products.php?maincategory=Clean%20Room%20Benches HTTP/1.1" 200 54299 "-" "Mozilla/5.0 (Linux; Android 7.0;) AppleWebKit/537.36 (KHTML, like Gecko) Mobile Safari/537.36 (compatible; PetalBot;+https://webmaster.petalsearch.com/site/petalbot)"
114.119.133.245 - - [11/Sep/2021:01:33:07 +0000] "GET /enquiry.php?pname=GLASS%20BEAD%20STERILIZER%20(Square%20shaped)%20/STI-228A HTTP/1.1" 200 61725 "-" "Mozilla/5.0 (Linux; Android 7.0;) AppleWebKit/537.36 (KHTML, like Gecko) Mobile Safari/537.36 (compatible; PetalBot;+https://webmaster.petalsearch.com/site/petalbot)"
66.249.64.253 - - [11/Sep/2021:01:34:02 +0000] "GET /GLASSBEADSTERILIZER(Squareshaped).html HTTP/1.1" 200 51473 "-" "Mozilla/5.0 (compatible; Googlebot/2.1; +http://www.google.com/bot.html)"
34.220.176.212 - - [11/Sep/2021:01:36:48 +0000] "GET / HTTP/1.1" 301 232 "-" "Mozilla/5.0 (Windows NT 10.0; Win64; x64)AppleWebKit/537.36 (KHTML, like Gecko) Chrome/66.0.3359.181 Safari/537.36"
34.220.176.212 - - [11/Sep/2021:01:36:50 +0000] "GET / HTTP/1.1" 200 63934 "-" "Mozilla/5.0 (Windows NT 10.0; Win64; x64)AppleWebKit/537.36 (KHTML, like Gecko) Chrome/66.0.3359.181 Safari/537.36"
114.119.137.45 - - [11/Sep/2021:01:41:51 +0000] "GET /enquiry.php?pname=CIRCULATORY%20BATH%20STI-138(I)%20HEATING/STI-138(II)%20COOLING HTTP/1.1" 301 313 "-" "Mozilla/5.0 (Linux; Android 7.0;) AppleWebKit/537.36 (KHTML, like Gecko) Mobile Safari/537.36 (compatible; PetalBot;+https://webmaster.petalsearch.com/site/petalbot)"
114.119.137.45 - - [11/Sep/2021:01:41:52 +0000] "GET /enquiry.php?pname=CIRCULATORY%20BATH%20STI-138(I)%20HEATING/STI-138(II)%20COOLING HTTP/1.1" 200 61733 "-" "Mozilla/5.0 (Linux; Android 7.0;) AppleWebKit/537.36 (KHTML, like Gecko) Mobile Safari/537.36 (compatible; PetalBot;+https://webmaster.petalsearch.com/site/petalbot)"
66.249.64.251 - - [11/Sep/2021:01:44:53 +0000] "GET /INCINERATORPORTABLE(BIOMEDICALWASTEDISPOSAL).html HTTP/1.1" 200 60340 "-" "Mozilla/5.0 (Linux; Android 6.0.1; Nexus 5X Build/MMB29P) AppleWebKit/537.36 (KHTML, like Gecko) Chrome/92.0.4515.119 Mobile Safari/537.36 (compatible; Googlebot/2.1; +http://www.google.com/bot.html)"
114.119.137.43 - - [11/Sep/2021:01:52:05 +0000] "GET /enquiry.php?pname=BOMB%20CALORIMETER%20(DIGITAL)/STI-203 HTTP/1.1" 301 288 "-" "Mozilla/5.0 (Linux; Android 7.0;) AppleWebKit/537.36 (KHTML, like Gecko) Mobile Safari/537.36 (compatible; PetalBot;+https://webmaster.petalsearch.com/site/petalbot)"
114.119.137.43 - - [11/Sep/2021:01:52:05 +0000] "GET /enquiry.php?pname=BOMB%20CALORIMETER%20(DIGITAL)/STI-203 HTTP/1.1" 200 61712 "-" "Mozilla/5.0 (Linux; Android 7.0;) AppleWebKit/537.36 (KHTML, like Gecko) Mobile Safari/537.36 (compatible; PetalBot;+https://webmaster.petalsearch.com/site/petalbot)"
54.155.44.32 - - [11/Sep/2021:01:54:07 +0000] "GET /robots.txt HTTP/1.1" 404 208 "-" "webprosbot/2.0 (+mailto:abuse-6337@webpros.com)"
54.155.44.32 - - [11/Sep/2021:01:54:07 +0000] "GET /robots.txt HTTP/1.1" 301 242 "-" "webprosbot/2.0 (+mailto:abuse-6337@webpros.com)"
54.155.44.32 - - [11/Sep/2021:01:54:07 +0000] "GET / HTTP/1.1" 301 232 "-" "webprosbot/2.0 (+mailto:abuse-6337@webpros.com)"
54.155.44.32 - - [11/Sep/2021:01:54:08 +0000] "GET / HTTP/1.1" 200 63934 "-" "webprosbot/2.0 (+mailto:abuse-6337@webpros.com)"
185.191.171.21 - - [11/Sep/2021:01:54:19 +0000] "GET /robots.txt HTTP/1.1" 404 208 "-" "Mozilla/5.0 (compatible; SemrushBot/7~bl; +http://www.semrush.com/bot.html)"
185.191.171.44 - - [11/Sep/2021:01:54:20 +0000] "GET /corporate-presentation.php HTTP/1.1" 200 50715 "-" "Mozilla/5.0 (compatible; SemrushBot/7~bl; +http://www.semrush.com/bot.html)"
114.119.137.45 - - [11/Sep/2021:02:00:53 +0000] "GET /enquiry.php?pname=KJELDAHL%20DIGESTION%20UNIT%20%20%20/STI-384 HTTP/1.1" 301 294 "-" "Mozilla/5.0 (Linux; Android 7.0;) AppleWebKit/537.36 (KHTML, like Gecko) Mobile Safari/537.36 (compatible; PetalBot;+https://webmaster.petalsearch.com/site/petalbot)"
114.119.137.45 - - [11/Sep/2021:02:00:53 +0000] "GET /enquiry.php?pname=KJELDAHL%20DIGESTION%20UNIT%20%20%20/STI-384 HTTP/1.1" 200 61712 "-" "Mozilla/5.0 (Linux; Android 7.0;) AppleWebKit/537.36 (KHTML, like Gecko) Mobile Safari/537.36 (compatible; PetalBot;+https://webmaster.petalsearch.com/site/petalbot)"
114.119.137.43 - - [11/Sep/2021:02:10:11 +0000] "GET /enquiry.php?pname=DIGITAL%20MOISTURE%20BALANCE/STI-303 HTTP/1.1" 200 61710 "-" "Mozilla/5.0 (Linux; Android 7.0;) AppleWebKit/537.36 (KHTML, like Gecko) Mobile Safari/537.36 (compatible; PetalBot;+https://webmaster.petalsearch.com/site/petalbot)"
114.119.137.43 - - [11/Sep/2021:02:19:37 +0000] "GET /enquiry.php?pname=MUFFLE%20FURNACE%201450%20deg%20C%20MAX/STI-252 HTTP/1.1" 301 297 "-" "Mozilla/5.0 (Linux; Android 7.0;) AppleWebKit/537.36 (KHTML, like Gecko) Mobile Safari/537.36 (compatible; PetalBot;+https://webmaster.petalsearch.com/site/petalbot)"
114.119.137.43 - - [11/Sep/2021:02:19:37 +0000] "GET /enquiry.php?pname=MUFFLE%20FURNACE%201450%20deg%20C%20MAX/STI-252 HTTP/1.1" 200 61715 "-" "Mozilla/5.0 (Linux; Android 7.0;) AppleWebKit/537.36 (KHTML, like Gecko) Mobile Safari/537.36 (compatible; PetalBot;+https://webmaster.petalsearch.com/site/petalbot)"
54.36.148.100 - - [11/Sep/2021:02:22:24 +0000] "GET /WALKINSTABILITYCHAMBER.html HTTP/1.1" 200 56936 "-" "Mozilla/5.0 (compatible; AhrefsBot/7.0; +http://ahrefs.com/robot/)"
114.119.133.245 - - [11/Sep/2021:02:26:53 +0000] "GET /all-products.php?maincategory=Lab%20Equipments%20(Heating) HTTP/1.1" 301 290 "-" "Mozilla/5.0 (Linux; Android 7.0;) AppleWebKit/537.36 (KHTML, like Gecko) Mobile Safari/537.36 (compatible; PetalBot;+https://webmaster.petalsearch.com/site/petalbot)"
114.119.133.245 - - [11/Sep/2021:02:26:54 +0000] "GET /all-products.php?maincategory=Lab%20Equipments%20(Heating) HTTP/1.1" 200 52596 "-" "Mozilla/5.0 (Linux; Android 7.0;) AppleWebKit/537.36 (KHTML, like Gecko) Mobile Safari/537.36 (compatible; PetalBot;+https://webmaster.petalsearch.com/site/petalbot)"
77.75.78.169 - - [11/Sep/2021:02:33:09 +0000] "GET /robots.txt HTTP/1.1" 404 208 "-" "Mozilla/5.0 (compatible; SeznamBot/3.2; +http://napoveda.seznam.cz/en/seznambot-intro/)"
77.75.78.169 - - [11/Sep/2021:02:33:14 +0000] "GET /DIGITALMOISTUREBALANCE.html HTTP/1.1" 200 51447 "-" "Mozilla/5.0 (compatible; SeznamBot/3.2; +http://napoveda.seznam.cz/en/seznambot-intro/)"
114.119.137.38 - - [11/Sep/2021:02:38:09 +0000] "GET /BIOSAFETYCABINETCLASSIIA.html HTTP/1.1" 301 261 "-" "Mozilla/5.0 (Linux; Android 7.0;) AppleWebKit/537.36 (KHTML, like Gecko) Mobile Safari/537.36 (compatible; PetalBot;+https://webmaster.petalsearch.com/site/petalbot)"
114.119.137.38 - - [11/Sep/2021:02:38:10 +0000] "GET /BIOSAFETYCABINETCLASSIIA.html HTTP/1.1" 200 64274 "-" "Mozilla/5.0 (Linux; Android 7.0;) AppleWebKit/537.36 (KHTML, like Gecko) Mobile Safari/537.36 (compatible; PetalBot;+https://webmaster.petalsearch.com/site/petalbot)"
104.207.130.247 - - [11/Sep/2021:02:39:26 +0000] "GET /.env HTTP/1.1" 301 236 "-" "Mozilla/5.0 (X11; Linux x86_64) AppleWebKit/537.36 (KHTML, like Gecko) Chrome/81.0.4044.129 Safari/537.36"
104.207.130.247 - - [11/Sep/2021:02:39:32 +0000] "POST / HTTP/1.1" 301 232 "-" "Mozilla/5.0 (X11; Linux x86_64) AppleWebKit/537.36 (KHTML, like Gecko) Chrome/81.0.4044.129 Safari/537.36"
20.51.215.173 - - [11/Sep/2021:02:40:04 +0000] "GET /.env HTTP/1.1" 404 202 "-" "Mozilla/5.0 (Macintosh; Intel Mac OS X 10.15; rv:77.0) Gecko/20100101 Firefox/77.0"
114.119.137.3 - - [11/Sep/2021:02:45:28 +0000] "GET /enquiry.php?pname=LAMINAR%20FLOW%20BENCH%20VERTICAL/%20STI-232%20A HTTP/1.1" 301 302 "-" "Mozilla/5.0 (Linux; Android 7.0;) AppleWebKit/537.36 (KHTML, like Gecko) Mobile Safari/537.36 (compatible; PetalBot;+https://webmaster.petalsearch.com/site/petalbot)"
114.119.137.3 - - [11/Sep/2021:02:45:28 +0000] "GET /enquiry.php?pname=LAMINAR%20FLOW%20BENCH%20VERTICAL/%20STI-232%20A HTTP/1.1" 301 298 "-" "Mozilla/5.0 (Linux; Android 7.0;) AppleWebKit/537.36 (KHTML, like Gecko) Mobile Safari/537.36 (compatible; PetalBot;+https://webmaster.petalsearch.com/site/petalbot)"
114.119.137.3 - - [11/Sep/2021:02:45:29 +0000] "GET /enquiry.php?pname=LAMINAR%20FLOW%20BENCH%20VERTICAL/%20STI-232%20A HTTP/1.1" 200 61716 "-" "Mozilla/5.0 (Linux; Android 7.0;) AppleWebKit/537.36 (KHTML, like Gecko) Mobile Safari/537.36 (compatible; PetalBot;+https://webmaster.petalsearch.com/site/petalbot)"
114.119.137.238 - - [11/Sep/2021:02:55:57 +0000] "GET /HOTPLATERECTANGULAR.html HTTP/1.1" 301 256 "-" "Mozilla/5.0 (Linux; Android 7.0;) AppleWebKit/537.36 (KHTML, like Gecko) Mobile Safari/537.36 (compatible; PetalBot;+https://webmaster.petalsearch.com/site/petalbot)"
114.119.137.238 - - [11/Sep/2021:02:55:58 +0000] "GET /HOTPLATERECTANGULAR.html HTTP/1.1" 200 54264 "-" "Mozilla/5.0 (Linux; Android 7.0;) AppleWebKit/537.36 (KHTML, like Gecko) Mobile Safari/537.36 (compatible; PetalBot;+https://webmaster.petalsearch.com/site/petalbot)"
114.119.137.249 - - [11/Sep/2021:03:04:08 +0000] "GET /enquiry.php?pname=WILLEY%20MILL%20GRINDER/STI-321 HTTP/1.1" 301 281 "-" "Mozilla/5.0 (Linux; Android 7.0;) AppleWebKit/537.36 (KHTML, like Gecko) Mobile Safari/537.36 (compatible; PetalBot;+https://webmaster.petalsearch.com/site/petalbot)"
114.119.137.249 - - [11/Sep/2021:03:04:08 +0000] "GET /enquiry.php?pname=WILLEY%20MILL%20GRINDER/STI-321 HTTP/1.1" 200 61705 "-" "Mozilla/5.0 (Linux; Android 7.0;) AppleWebKit/537.36 (KHTML, like Gecko) Mobile Safari/537.36 (compatible; PetalBot;+https://webmaster.petalsearch.com/site/petalbot)"
114.119.137.249 - - [11/Sep/2021:03:12:41 +0000] "GET /UVFLUORESCENTCABINET.html HTTP/1.1" 200 50286 "-" "Mozilla/5.0 (Linux; Android 7.0;) AppleWebKit/537.36 (KHTML, like Gecko) Mobile Safari/537.36 (compatible; PetalBot;+https://webmaster.petalsearch.com/site/petalbot)"
54.176.14.19 - - [11/Sep/2021:03:16:53 +0000] "GET / HTTP/1.1" 200 63934 "-" "webprosbot/2.0 (abuse-6337@webpros.com)"
118.184.177.83 - - [11/Sep/2021:03:19:32 +0000] "GET / HTTP/1.1" 301 236 "-" "Sogou web spider/4.0(+http://www.sogou.com/docs/help/webmasters.htm#07)"
118.184.177.83 - - [11/Sep/2021:03:20:45 +0000] "GET / HTTP/1.1" 200 63934 "-" "Sogou web spider/4.0(+http://www.sogou.com/docs/help/webmasters.htm#07)"
123.125.109.89 - - [11/Sep/2021:03:20:52 +0000] "GET /menu/css/dcmegamenu.css HTTP/1.1" 301 259 "http://www.scienocraft.com/" "Mozilla/5.0 (X11; Linux x86_64) AppleWebKit/537.36 (KHTML, like Gecko) Chrome/73.0.3683.86 Safari/537.36"
123.125.109.89 - - [11/Sep/2021:03:20:53 +0000] "GET /menu/css/dcmegamenu.css HTTP/1.1" 301 255 "http://www.scienocraft.com/" "Mozilla/5.0 (X11; Linux x86_64) AppleWebKit/537.36 (KHTML, like Gecko) Chrome/73.0.3683.86 Safari/537.36"
123.125.109.89 - - [11/Sep/2021:03:20:55 +0000] "GET /menu/css/dcmegamenu.css HTTP/1.1" 200 2350 "http://www.scienocraft.com/" "Mozilla/5.0 (X11; Linux x86_64) AppleWebKit/537.36 (KHTML, like Gecko) Chrome/73.0.3683.86 Safari/537.36"
114.119.137.38 - - [11/Sep/2021:03:21:54 +0000] "GET /enquiry.php?pname=WATER%20BATH%20SHAKER%20STI-135%20A(HEATING)/STI-135%20B(COOLING) HTTP/1.1" 301 315 "-" "Mozilla/5.0 (Linux; Android 7.0;) AppleWebKit/537.36 (KHTML, like Gecko) Mobile Safari/537.36 (compatible; PetalBot;+https://webmaster.petalsearch.com/site/petalbot)"
114.119.137.38 - - [11/Sep/2021:03:21:55 +0000] "GET /enquiry.php?pname=WATER%20BATH%20SHAKER%20STI-135%20A(HEATING)/STI-135%20B(COOLING) HTTP/1.1" 200 61733 "-" "Mozilla/5.0 (Linux; Android 7.0;) AppleWebKit/537.36 (KHTML, like Gecko) Mobile Safari/537.36 (compatible; PetalBot;+https://webmaster.petalsearch.com/site/petalbot)"
72.13.46.2 - - [11/Sep/2021:03:22:10 +0000] "GET /robots.txt HTTP/1.1" 301 246 "-" "Mozilla/5.0 (compatible; ips-agent)"
72.13.46.2 - - [11/Sep/2021:03:22:11 +0000] "GET /robots.txt HTTP/1.1" 301 242 "-" "Mozilla/5.0 (compatible; ips-agent)"
72.13.46.2 - - [11/Sep/2021:03:22:12 +0000] "GET / HTTP/1.1" 301 236 "-" "Mozilla/5.0 (compatible; ips-agent)"
72.13.46.2 - - [11/Sep/2021:03:22:13 +0000] "GET / HTTP/1.1" 301 232 "-" "Mozilla/5.0 (compatible; ips-agent)"
72.13.46.2 - - [11/Sep/2021:03:22:13 +0000] "GET /robots.txt HTTP/1.1" 404 208 "-" "Mozilla/5.0 (compatible; ips-agent)"
72.13.46.2 - - [11/Sep/2021:03:22:14 +0000] "GET / HTTP/1.1" 200 63934 "-" "Mozilla/5.0 (compatible; ips-agent)"
72.13.46.2 - - [11/Sep/2021:03:22:16 +0000] "GET /AboutUs HTTP/1.1" 301 239 "-" "Mozilla/5.0 (compatible; ips-agent)"
72.13.46.2 - - [11/Sep/2021:03:22:17 +0000] "GET /AboutUs HTTP/1.1" 200 55102 "-" "Mozilla/5.0 (compatible; ips-agent)"
72.13.46.2 - - [11/Sep/2021:03:22:19 +0000] "GET /ContactUs HTTP/1.1" 301 241 "-" "Mozilla/5.0 (compatible; ips-agent)"
72.13.46.2 - - [11/Sep/2021:03:22:20 +0000] "GET /ContactUs HTTP/1.1" 200 49509 "-" "Mozilla/5.0 (compatible; ips-agent)"
66.249.64.251 - - [11/Sep/2021:03:27:14 +0000] "GET /VACUUMOVENRECTANGULAR.html HTTP/1.1" 200 57720 "-" "Mozilla/5.0 (compatible; Googlebot/2.1; +http://www.google.com/bot.html)"
66.249.64.253 - - [11/Sep/2021:03:27:37 +0000] "GET /ROCKERSHAKERGELPLATFORMSHAKER.html HTTP/1.1" 200 50116 "-" "Mozilla/5.0 (compatible; Googlebot/2.1; +http://www.google.com/bot.html)"
66.249.64.131 - - [11/Sep/2021:03:29:54 +0000] "GET /robots.txt HTTP/1.1" 301 246 "-" "Mozilla/5.0 (compatible; Googlebot/2.1; +http://www.google.com/bot.html)"
66.249.64.139 - - [11/Sep/2021:03:29:55 +0000] "GET /robots.txt HTTP/1.1" 301 242 "-" "Mozilla/5.0 (compatible; Googlebot/2.1; +http://www.google.com/bot.html)"
66.249.64.253 - - [11/Sep/2021:03:29:56 +0000] "GET /robots.txt HTTP/1.1" 404 208 "-" "Mozilla/5.0 (compatible; Googlebot/2.1; +http://www.google.com/bot.html)"
66.249.64.131 - - [11/Sep/2021:03:29:56 +0000] "GET / HTTP/1.1" 301 236 "-" "Mozilla/5.0 (Linux; Android 6.0.1; Nexus 5X Build/MMB29P) AppleWebKit/537.36 (KHTML, like Gecko) Chrome/92.0.4515.119 Mobile Safari/537.36 (compatible; Googlebot/2.1; +http://www.google.com/bot.html)"
66.249.64.153 - - [11/Sep/2021:03:29:57 +0000] "GET / HTTP/1.1" 301 232 "-" "Mozilla/5.0 (Linux; Android 6.0.1; Nexus 5X Build/MMB29P) AppleWebKit/537.36 (KHTML, like Gecko) Chrome/92.0.4515.119 Mobile Safari/537.36 (compatible; Googlebot/2.1; +http://www.google.com/bot.html)"
114.119.133.245 - - [11/Sep/2021:03:31:05 +0000] "GET /enquiry.php?pname=WAGNERS%20SHAKING%20MACHINE/ HTTP/1.1" 301 278 "-" "Mozilla/5.0 (Linux; Android 7.0;) AppleWebKit/537.36 (KHTML, like Gecko) Mobile Safari/537.36 (compatible; PetalBot;+https://webmaster.petalsearch.com/site/petalbot)"
114.119.133.245 - - [11/Sep/2021:03:31:06 +0000] "GET /enquiry.php?pname=WAGNERS%20SHAKING%20MACHINE/ HTTP/1.1" 200 61702 "-" "Mozilla/5.0 (Linux; Android 7.0;) AppleWebKit/537.36 (KHTML, like Gecko) Mobile Safari/537.36 (compatible; PetalBot;+https://webmaster.petalsearch.com/site/petalbot)"
46.161.11.21 - - [11/Sep/2021:03:33:21 +0000] "GET /ThankYou/ HTTP/1.0" 301 241 "http://scienocraft.com/ThankYou/" "Mozilla/5.0 (Windows NT 6.3; Win64; x64) AppleWebKit/537.36 (KHTML, like Gecko) Chrome/90.0.4430.85 Safari/537.36 Edg/90.0.818.49"
46.161.11.21 - - [11/Sep/2021:03:33:22 +0000] "GET /ThankYou/ HTTP/1.0" 404 207 "https://scienocraft.com/ThankYou/" "Mozilla/5.0 (Windows NT 6.3; Win64; x64) AppleWebKit/537.36 (KHTML, like Gecko) Chrome/90.0.4430.85 Safari/537.36 Edg/90.0.818.49"
46.161.11.21 - - [11/Sep/2021:03:33:23 +0000] "GET / HTTP/1.0" 200 63934 "https://scienocraft.com/" "Mozilla/5.0 (Windows NT 6.3; Win64; x64) AppleWebKit/537.36 (KHTML, like Gecko) Chrome/90.0.4430.85 Safari/537.36 Edg/90.0.818.49"
114.119.137.45 - - [11/Sep/2021:03:40:32 +0000] "GET / HTTP/1.1" 301 236 "-" "Mozilla/5.0 (Linux; Android 7.0;) AppleWebKit/537.36 (KHTML, like Gecko) Mobile Safari/537.36 (compatible; PetalBot;+https://webmaster.petalsearch.com/site/petalbot)"
114.119.137.45 - - [11/Sep/2021:03:40:33 +0000] "GET / HTTP/1.1" 301 232 "-" "Mozilla/5.0 (Linux; Android 7.0;) AppleWebKit/537.36 (KHTML, like Gecko) Mobile Safari/537.36 (compatible; PetalBot;+https://webmaster.petalsearch.com/site/petalbot)"
114.119.137.45 - - [11/Sep/2021:03:40:34 +0000] "GET / HTTP/1.1" 200 63934 "-" "Mozilla/5.0 (Linux; Android 7.0;) AppleWebKit/537.36 (KHTML, like Gecko) Mobile Safari/537.36 (compatible; PetalBot;+https://webmaster.petalsearch.com/site/petalbot)"
45.150.112.82 - - [11/Sep/2021:03:44:56 +0000] "GET /ThankYou/ HTTP/1.0" 301 241 "http://scienocraft.com/ThankYou/" "Mozilla/5.0 (Windows NT 10.0; WOW64) AppleWebKit/537.36 (KHTML, like Gecko) Chrome/90.0.4430.93 Safari/537.36"
45.150.112.82 - - [11/Sep/2021:03:44:57 +0000] "GET /ThankYou/ HTTP/1.0" 404 207 "https://scienocraft.com/ThankYou/" "Mozilla/5.0 (Windows NT 10.0; WOW64) AppleWebKit/537.36 (KHTML, like Gecko) Chrome/90.0.4430.93 Safari/537.36"
45.150.112.82 - - [11/Sep/2021:03:44:57 +0000] "GET / HTTP/1.0" 200 63934 "https://scienocraft.com/" "Mozilla/5.0 (Windows NT 10.0; WOW64) AppleWebKit/537.36 (KHTML, like Gecko) Chrome/90.0.4430.93 Safari/537.36"
207.46.13.141 - - [11/Sep/2021:03:49:27 +0000] "GET /KINEMATICVISCOSITYBATH.html HTTP/1.1" 200 55542 "-" "Mozilla/5.0 (compatible; bingbot/2.0; +http://www.bing.com/bingbot.htm)"
114.119.137.252 - - [11/Sep/2021:03:49:35 +0000] "GET /enquiry.php?pname=CEMENT%20AUTOCLAVE/%20STI-120 HTTP/1.1" 301 279 "-" "Mozilla/5.0 (Linux; Android 7.0;) AppleWebKit/537.36 (KHTML, like Gecko) Mobile Safari/537.36 (compatible; PetalBot;+https://webmaster.petalsearch.com/site/petalbot)"
114.119.137.252 - - [11/Sep/2021:03:49:35 +0000] "GET /enquiry.php?pname=CEMENT%20AUTOCLAVE/%20STI-120 HTTP/1.1" 200 61703 "-" "Mozilla/5.0 (Linux; Android 7.0;) AppleWebKit/537.36 (KHTML, like Gecko) Mobile Safari/537.36 (compatible; PetalBot;+https://webmaster.petalsearch.com/site/petalbot)"
114.119.137.238 - - [11/Sep/2021:03:58:56 +0000] "GET /all-products.php?maincategory=Distillation%20Equipments HTTP/1.1" 200 55816 "-" "Mozilla/5.0 (Linux; Android 7.0;) AppleWebKit/537.36 (KHTML, like Gecko) Mobile Safari/537.36 (compatible; PetalBot;+https://webmaster.petalsearch.com/site/petalbot)"
114.119.137.45 - - [11/Sep/2021:04:07:23 +0000] "GET /robots.txt HTTP/1.1" 404 208 "-" "Mozilla/5.0 (compatible;PetalBot;+https://webmaster.petalsearch.com/site/petalbot)"
66.249.64.251 - - [11/Sep/2021:04:08:33 +0000] "GET /HOTAIROVENHIGHTEMP.html HTTP/1.1" 200 61257 "-" "Mozilla/5.0 (compatible; Googlebot/2.1; +http://www.google.com/bot.html)"
131.220.6.152 - - [11/Sep/2021:04:08:45 +0000] "GET / HTTP/1.1" 200 63934 "-" "Mozilla/5.0 (X11; Linux x86_64) AppleWebKit/537.36 (KHTML, like Gecko) Chrome/79.0.3945.79 Safari/537.36"
216.131.114.187 - - [11/Sep/2021:04:11:40 +0000] "GET /enquiry.php HTTP/1.0" 200 61678 "https://scienocraft.com/enquiry.php" "Mozilla/5.0 (Windows NT 10.0; Win64; x64) AppleWebKit/537.36 (KHTML, like Gecko) Chrome/90.0.4430.86 Safari/537.36"
216.131.114.187 - - [11/Sep/2021:04:11:42 +0000] "POST /submit-enquiry.php HTTP/1.0" 200 139 "https://scienocraft.com/enquiry.php" "Mozilla/5.0 (Windows NT 10.0; Win64; x64) AppleWebKit/537.36 (KHTML, like Gecko) Chrome/90.0.4430.86 Safari/537.36"
216.131.114.187 - - [11/Sep/2021:04:11:46 +0000] "GET /ThankYou HTTP/1.0" 301 240 "https://www.scienocraft.com/ThankYou" "Mozilla/5.0 (Windows NT 10.0; Win64; x64) AppleWebKit/537.36 (KHTML, like Gecko) Chrome/90.0.4430.86 Safari/537.36"
216.131.114.187 - - [11/Sep/2021:04:11:48 +0000] "GET /ThankYou HTTP/1.0" 200 47516 "https://scienocraft.com/ThankYou" "Mozilla/5.0 (Windows NT 10.0; Win64; x64) AppleWebKit/537.36 (KHTML, like Gecko) Chrome/90.0.4430.86 Safari/537.36"
114.119.137.38 - - [11/Sep/2021:04:15:33 +0000] "GET /GLASSBEADSTERILIZER.html HTTP/1.1" 301 256 "-" "Mozilla/5.0 (Linux; Android 7.0;) AppleWebKit/537.36 (KHTML, like Gecko) Mobile Safari/537.36 (compatible; PetalBot;+https://webmaster.petalsearch.com/site/petalbot)"
114.119.137.38 - - [11/Sep/2021:04:15:33 +0000] "GET /GLASSBEADSTERILIZER.html HTTP/1.1" 200 50611 "-" "Mozilla/5.0 (Linux; Android 7.0;) AppleWebKit/537.36 (KHTML, like Gecko) Mobile Safari/537.36 (compatible; PetalBot;+https://webmaster.petalsearch.com/site/petalbot)"
114.119.137.3 - - [11/Sep/2021:04:25:57 +0000] "GET /enquiry.php?pname=FREEZE%20DRYER/STI-240 HTTP/1.1" 200 61698 "-" "Mozilla/5.0 (Linux; Android 7.0;) AppleWebKit/537.36 (KHTML, like Gecko) Mobile Safari/537.36 (compatible; PetalBot;+https://webmaster.petalsearch.com/site/petalbot)"
77.75.77.72 - - [11/Sep/2021:04:29:35 +0000] "GET /robots.txt HTTP/1.1" 404 208 "-" "Mozilla/5.0 (compatible; SeznamBot/3.2; +http://napoveda.seznam.cz/en/seznambot-intro/)"
77.75.77.72 - - [11/Sep/2021:04:29:37 +0000] "GET /LAMINARHORIZONTALMICROCONTROLLERLCDDISPLAY.html HTTP/1.1" 200 66597 "-" "Mozilla/5.0 (compatible; SeznamBot/3.2; +http://napoveda.seznam.cz/en/seznambot-intro/)"
114.119.133.245 - - [11/Sep/2021:04:33:12 +0000] "GET /enquiry.php?pname=CEMENT%20AUTOCLAVE/%20STI-120 HTTP/1.1" 200 61703 "-" "Mozilla/5.0 (Linux; Android 7.0;) AppleWebKit/537.36 (KHTML, like Gecko) Mobile Safari/537.36 (compatible; PetalBot;+https://webmaster.petalsearch.com/site/petalbot)"
35.229.93.118 - - [11/Sep/2021:04:38:13 +0000] "GET /robots.txt HTTP/1.0" 301 242 "-" "ZoominfoBot (zoominfobot at zoominfo dot com)"
35.229.93.118 - - [11/Sep/2021:04:38:14 +0000] "GET /robots.txt HTTP/1.1" 404 208 "-" "ZoominfoBot (zoominfobot at zoominfo dot com)"
35.229.93.118 - - [11/Sep/2021:04:38:15 +0000] "GET /LAMINARHORIZONTALMICROCONTROLLERLCDDISPLAY.html HTTP/1.0" 301 279 "-" "ZoominfoBot (zoominfobot at zoominfo dot com)"
114.119.137.45 - - [11/Sep/2021:04:44:16 +0000] "GET /CIRCULATORYBATHSTI-138(I)HEATING.html HTTP/1.1" 301 269 "-" "Mozilla/5.0 (Linux; Android 7.0;) AppleWebKit/537.36 (KHTML, like Gecko) Mobile Safari/537.36 (compatible; PetalBot;+https://webmaster.petalsearch.com/site/petalbot)"
114.119.137.45 - - [11/Sep/2021:04:44:17 +0000] "GET /CIRCULATORYBATHSTI-138(I)HEATING.html HTTP/1.1" 200 59668 "-" "Mozilla/5.0 (Linux; Android 7.0;) AppleWebKit/537.36 (KHTML, like Gecko) Mobile Safari/537.36 (compatible; PetalBot;+https://webmaster.petalsearch.com/site/petalbot)"
216.131.114.193 - - [11/Sep/2021:04:49:37 +0000] "GET /enquiry.php HTTP/1.0" 200 61678 "https://scienocraft.com/enquiry.php" "Mozilla/5.0 (Windows NT 10.0; Win64; x64) AppleWebKit/537.36 (KHTML, like Gecko) Chrome/90.0.4430.85 Safari/537.36"
216.131.114.193 - - [11/Sep/2021:04:49:39 +0000] "POST /submit-enquiry.php HTTP/1.0" 200 139 "https://scienocraft.com/enquiry.php" "Mozilla/5.0 (Windows NT 10.0; Win64; x64) AppleWebKit/537.36 (KHTML, like Gecko) Chrome/90.0.4430.85 Safari/537.36"
216.131.114.193 - - [11/Sep/2021:04:49:42 +0000] "GET /ThankYou HTTP/1.0" 301 240 "https://www.scienocraft.com/ThankYou" "Mozilla/5.0 (Windows NT 10.0; Win64; x64) AppleWebKit/537.36 (KHTML, like Gecko) Chrome/90.0.4430.85 Safari/537.36"
216.131.114.193 - - [11/Sep/2021:04:49:43 +0000] "GET /ThankYou HTTP/1.0" 200 47516 "https://scienocraft.com/ThankYou" "Mozilla/5.0 (Windows NT 10.0; Win64; x64) AppleWebKit/537.36 (KHTML, like Gecko) Chrome/90.0.4430.85 Safari/537.36"
35.229.93.118 - - [11/Sep/2021:04:50:51 +0000] "GET /LAMINARFLOWBENCHVERTICAL.html HTTP/1.0" 301 261 "-" "ZoominfoBot (zoominfobot at zoominfo dot com)"
35.229.93.118 - - [11/Sep/2021:04:51:20 +0000] "GET /AUTOCLAVEVERTICALDELUXEMODEL.html HTTP/1.0" 301 265 "-" "ZoominfoBot (zoominfobot at zoominfo dot com)"
114.119.137.45 - - [11/Sep/2021:04:51:37 +0000] "GET /enquiry.php?pname=ULTRA%20LOW%20TEMPERATURE%20CHAMBER%20MINUS%2080%20DEG%20C/STI-181%20B HTTP/1.1" 200 61732 "-" "Mozilla/5.0 (Linux; Android 7.0;) AppleWebKit/537.36 (KHTML, like Gecko) Mobile Safari/537.36 (compatible; PetalBot;+https://webmaster.petalsearch.com/site/petalbot)"
35.229.93.118 - - [11/Sep/2021:04:51:50 +0000] "GET /AboutUs HTTP/1.0" 301 239 "-" "ZoominfoBot (zoominfobot at zoominfo dot com)"
35.229.93.118 - - [11/Sep/2021:04:54:05 +0000] "GET /PrivacyPolicy HTTP/1.0" 301 245 "-" "ZoominfoBot (zoominfobot at zoominfo dot com)"
35.229.93.118 - - [11/Sep/2021:04:55:19 +0000] "GET /robots.txt HTTP/1.0" 404 208 "-" "ZoominfoBot (zoominfobot at zoominfo dot com)"
35.229.93.118 - - [11/Sep/2021:04:55:20 +0000] "GET /all-products.php?maincategory=TEST%20CHAMBERS HTTP/1.0" 200 54488 "-" "ZoominfoBot (zoominfobot at zoominfo dot com)"
35.229.93.118 - - [11/Sep/2021:04:55:28 +0000] "GET /all-products.php?maincategory=Lab%20Equipments%20(Heating) HTTP/1.0" 200 52596 "-" "ZoominfoBot (zoominfobot at zoominfo dot com)"
35.229.93.118 - - [11/Sep/2021:04:55:33 +0000] "GET /all-products.php?maincategory=Environmental%20Chambers HTTP/1.0" 200 52172 "-" "ZoominfoBot (zoominfobot at zoominfo dot com)"
35.229.93.118 - - [11/Sep/2021:04:55:37 +0000] "GET /all-products.php?maincategory=Cooling%20Equipment HTTP/1.0" 200 50929 "-" "ZoominfoBot (zoominfobot at zoominfo dot com)"
35.229.93.118 - - [11/Sep/2021:04:55:40 +0000] "GET /products-catalogue.php HTTP/1.0" 200 80159 "-" "ZoominfoBot (zoominfobot at zoominfo dot com)"
85.250.20.253 - - [11/Sep/2021:04:56:01 +0000] "GET /ThankYou/ HTTP/1.0" 301 241 "http://scienocraft.com/ThankYou/" "Mozilla/5.0 (Windows NT 10.0; Win64; x64) AppleWebKit/537.36 (KHTML, like Gecko) Chrome/90.0.4430.72 Safari/537.36"
85.250.20.253 - - [11/Sep/2021:04:56:02 +0000] "GET /ThankYou/ HTTP/1.0" 404 207 "https://scienocraft.com/ThankYou/" "Mozilla/5.0 (Windows NT 10.0; Win64; x64) AppleWebKit/537.36 (KHTML, like Gecko) Chrome/90.0.4430.72 Safari/537.36"
85.250.20.253 - - [11/Sep/2021:04:56:03 +0000] "GET / HTTP/1.0" 200 63934 "https://scienocraft.com/" "Mozilla/5.0 (Windows NT 10.0; Win64; x64) AppleWebKit/537.36 (KHTML, like Gecko) Chrome/90.0.4430.72 Safari/537.36"
114.119.137.249 - - [11/Sep/2021:05:00:46 +0000] "GET /VORTEXSHAKER(TESTTUBESHAKER)ADVANCED.html HTTP/1.1" 301 273 "-" "Mozilla/5.0 (Linux; Android 7.0;) AppleWebKit/537.36 (KHTML, like Gecko) Mobile Safari/537.36 (compatible; PetalBot;+https://webmaster.petalsearch.com/site/petalbot)"
35.229.93.118 - - [11/Sep/2021:05:00:46 +0000] "GET /ExhibitionandAwards HTTP/1.0" 301 251 "-" "ZoominfoBot (zoominfobot at zoominfo dot com)"
114.119.137.249 - - [11/Sep/2021:05:00:47 +0000] "GET /VORTEXSHAKER(TESTTUBESHAKER)ADVANCED.html HTTP/1.1" 200 50502 "-" "Mozilla/5.0 (Linux; Android 7.0;) AppleWebKit/537.36 (KHTML, like Gecko) Mobile Safari/537.36 (compatible; PetalBot;+https://webmaster.petalsearch.com/site/petalbot)"
35.229.93.118 - - [11/Sep/2021:05:06:12 +0000] "GET /all-products.php?maincategory=General%20Laboratory%20Equipments HTTP/1.0" 200 57565 "-" "ZoominfoBot (zoominfobot at zoominfo dot com)"
35.229.93.118 - - [11/Sep/2021:05:08:57 +0000] "GET /AUTOCLAVEVERTICALGMPMODEL.html HTTP/1.0" 301 262 "-" "ZoominfoBot (zoominfobot at zoominfo dot com)"
35.229.93.118 - - [11/Sep/2021:05:09:44 +0000] "GET /AUTOCLAVEVERTICALSTANDARDMODEL.html HTTP/1.0" 301 267 "-" "ZoominfoBot (zoominfobot at zoominfo dot com)"
114.119.137.249 - - [11/Sep/2021:05:09:52 +0000] "GET /enquiry.php?pname=HORIZONTAL%20MODEL%20GLASS%20DISTILLATION%20/STI-260 HTTP/1.1" 301 302 "-" "Mozilla/5.0 (Linux; Android 7.0;) AppleWebKit/537.36 (KHTML, like Gecko) Mobile Safari/537.36 (compatible; PetalBot;+https://webmaster.petalsearch.com/site/petalbot)"
114.119.137.249 - - [11/Sep/2021:05:09:53 +0000] "GET /enquiry.php?pname=HORIZONTAL%20MODEL%20GLASS%20DISTILLATION%20/STI-260 HTTP/1.1" 200 61722 "-" "Mozilla/5.0 (Linux; Android 7.0;) AppleWebKit/537.36 (KHTML, like Gecko) Mobile Safari/537.36 (compatible; PetalBot;+https://webmaster.petalsearch.com/site/petalbot)"
35.229.93.118 - - [11/Sep/2021:05:09:54 +0000] "GET /index.php HTTP/1.0" 200 63934 "-" "ZoominfoBot (zoominfobot at zoominfo dot com)"
35.229.93.118 - - [11/Sep/2021:05:10:05 +0000] "GET /Sitemap HTTP/1.0" 301 239 "-" "ZoominfoBot (zoominfobot at zoominfo dot com)"
114.119.137.31 - - [11/Sep/2021:05:18:15 +0000] "GET /enquiry.php?pname=HEATING%20MANTLE/STI-270 HTTP/1.1" 200 61700 "-" "Mozilla/5.0 (Linux; Android 7.0;) AppleWebKit/537.36 (KHTML, like Gecko) Mobile Safari/537.36 (compatible; PetalBot;+https://webmaster.petalsearch.com/site/petalbot)"
157.55.39.19 - - [11/Sep/2021:05:19:56 +0000] "GET /slideshow/js/jquery.id.cstransitions-1.2.min.js HTTP/1.1" 200 72462 "-" "Mozilla/5.0 (compatible; MSIE 9.0; Windows NT 6.1; Trident/5.0)"
35.229.93.118 - - [11/Sep/2021:05:21:33 +0000] "GET /robots.txt HTTP/1.0" 301 246 "-" "ZoominfoBot (zoominfobot at zoominfo dot com)"
35.229.93.118 - - [11/Sep/2021:05:21:34 +0000] "GET /robots.txt HTTP/1.1" 301 242 "-" "ZoominfoBot (zoominfobot at zoominfo dot com)"
35.229.93.118 - - [11/Sep/2021:05:21:35 +0000] "GET /robots.txt HTTP/1.1" 404 208 "-" "ZoominfoBot (zoominfobot at zoominfo dot com)"
35.229.93.118 - - [11/Sep/2021:05:21:35 +0000] "GET /AboutUs HTTP/1.0" 301 243 "-" "ZoominfoBot (zoominfobot at zoominfo dot com)"
35.229.93.118 - - [11/Sep/2021:05:21:36 +0000] "GET /AboutUs HTTP/1.0" 301 239 "-" "ZoominfoBot (zoominfobot at zoominfo dot com)"
35.229.93.118 - - [11/Sep/2021:05:22:48 +0000] "GET /all-products.php?maincategory=Vacuum%20Equipments HTTP/1.0" 200 52157 "-" "ZoominfoBot (zoominfobot at zoominfo dot com)"
35.229.93.118 - - [11/Sep/2021:05:23:16 +0000] "GET /all-products.php?maincategory=Clean%20Room%20Benches HTTP/1.0" 200 54299 "-" "ZoominfoBot (zoominfobot at zoominfo dot com)"
157.55.39.18 - - [11/Sep/2021:05:25:08 +0000] "GET /robots.txt HTTP/1.1" 301 246 "-" "Mozilla/5.0 (compatible; bingbot/2.0; +http://www.bing.com/bingbot.htm)"
157.55.39.18 - - [11/Sep/2021:05:25:08 +0000] "GET /robots.txt HTTP/1.1" 301 242 "-" "Mozilla/5.0 (compatible; bingbot/2.0; +http://www.bing.com/bingbot.htm)"
157.55.39.18 - - [11/Sep/2021:05:25:09 +0000] "GET /robots.txt HTTP/1.1" 404 208 "-" "Mozilla/5.0 (compatible; bingbot/2.0; +http://www.bing.com/bingbot.htm)"
207.46.13.171 - - [11/Sep/2021:05:25:17 +0000] "GET /WILLEYMILLGRINDER.html HTTP/1.1" 301 258 "-" "Mozilla/5.0 (compatible; bingbot/2.0; +http://www.bing.com/bingbot.htm)"
35.229.93.118 - - [11/Sep/2021:05:26:37 +0000] "GET /AUTOCLAVEVERTICALDOUBLEWALLSEMIAUTO.html HTTP/1.0" 301 272 "-" "ZoominfoBot (zoominfobot at zoominfo dot com)"
114.119.137.238 - - [11/Sep/2021:05:28:05 +0000] "GET /enquiry.php?pname=BOTTLE%20WASHING%20MACHINE%20WITH%20SOAKING%20TANK/STI-206 HTTP/1.1" 200 61726 "-" "Mozilla/5.0 (Linux; Android 7.0;) AppleWebKit/537.36 (KHTML, like Gecko) Mobile Safari/537.36 (compatible; PetalBot;+https://webmaster.petalsearch.com/site/petalbot)"
35.229.93.118 - - [11/Sep/2021:05:29:26 +0000] "GET /all-products.php?maincategory=Water(Liquid)%20Bath%20Equipments HTTP/1.0" 200 55830 "-" "ZoominfoBot (zoominfobot at zoominfo dot com)"
35.229.93.118 - - [11/Sep/2021:05:30:12 +0000] "GET /all-products.php?maincategory=Distillation%20Equipments HTTP/1.0" 200 55816 "-" "ZoominfoBot (zoominfobot at zoominfo dot com)"
35.229.93.118 - - [11/Sep/2021:05:34:08 +0000] "GET /TermsandConditions HTTP/1.0" 301 250 "-" "ZoominfoBot (zoominfobot at zoominfo dot com)"
35.229.93.118 - - [11/Sep/2021:05:35:49 +0000] "GET /LAMINARFLOWBENCHHORIZONTAL.html HTTP/1.0" 301 263 "-" "ZoominfoBot (zoominfobot at zoominfo dot com)"
114.119.137.249 - - [11/Sep/2021:05:36:40 +0000] "GET /enquiry.php?pname=ORBITAL%20INCUBATOR%20SHAKER%20BENCH%20TOP%20HEATING/%20STI-179%20A HTTP/1.1" 301 317 "-" "Mozilla/5.0 (Linux; Android 7.0;) AppleWebKit/537.36 (KHTML, like Gecko) Mobile Safari/537.36 (compatible; PetalBot;+https://webmaster.petalsearch.com/site/petalbot)"
114.119.137.249 - - [11/Sep/2021:05:36:40 +0000] "GET /enquiry.php?pname=ORBITAL%20INCUBATOR%20SHAKER%20BENCH%20TOP%20HEATING/%20STI-179%20A HTTP/1.1" 200 61731 "-" "Mozilla/5.0 (Linux; Android 7.0;) AppleWebKit/537.36 (KHTML, like Gecko) Mobile Safari/537.36 (compatible; PetalBot;+https://webmaster.petalsearch.com/site/petalbot)"
46.32.67.104 - - [11/Sep/2021:05:38:49 +0000] "GET http://scienocraft.com/ThankYou/ HTTP/1.0" 301 241 "https://ruonion.pw" "Mozilla/5.0 (Windows NT 6.1; WOW64) AppleWebKit/537.36 (KHTML, like Gecko) Chrome/90.0.4430.93 Safari/537.36"
35.229.93.118 - - [11/Sep/2021:05:41:15 +0000] "GET /ContactUs HTTP/1.0" 301 241 "-" "ZoominfoBot (zoominfobot at zoominfo dot com)"
114.119.133.245 - - [11/Sep/2021:05:45:54 +0000] "GET /DEEPFREEZERuptoMinus86degC.html HTTP/1.1" 301 263 "-" "Mozilla/5.0 (Linux; Android 7.0;) AppleWebKit/537.36 (KHTML, like Gecko) Mobile Safari/537.36 (compatible; PetalBot;+https://webmaster.petalsearch.com/site/petalbot)"
114.119.133.245 - - [11/Sep/2021:05:45:55 +0000] "GET /DEEPFREEZERuptoMinus86degC.html HTTP/1.1" 200 58576 "-" "Mozilla/5.0 (Linux; Android 7.0;) AppleWebKit/537.36 (KHTML, like Gecko) Mobile Safari/537.36 (compatible; PetalBot;+https://webmaster.petalsearch.com/site/petalbot)"
35.229.93.118 - - [11/Sep/2021:05:47:43 +0000] "GET /all-products.php?maincategory=Incubators HTTP/1.0" 200 55769 "-" "ZoominfoBot (zoominfobot at zoominfo dot com)"
35.229.93.118 - - [11/Sep/2021:05:49:10 +0000] "GET /all-products.php?maincategory=Shakers HTTP/1.0" 200 54562 "-" "ZoominfoBot (zoominfobot at zoominfo dot com)"
35.229.93.118 - - [11/Sep/2021:05:50:30 +0000] "GET /all-products.php?maincategory=Autoclave-%20%20%20%20%20%20%20%20%20%20%20%20%20%20%20%20%20%20%20%20%20%20%20%20%20%20%20%20%20%20%20%20%20%20%20%20%20%20%20%20%20%20%20%20%20%20%20%20%20%20%20%20%20%20%20%20%20%20%20%20%20%20%20%20%20%20%20%20%20%20%20%20%20%20%20%20%20%20%20%20%20%20%20%20%20%20%20%20%20%20%20%20%20%20%20%20%20%20%20%20%20%20%20%20%20%20%20%20%20%20%20%20%20Sterilization%20Equipments HTTP/1.0" 200 60657 "-" "ZoominfoBot (zoominfobot at zoominfo dot com)"
94.25.228.37 - - [11/Sep/2021:05:52:57 +0000] "GET /ThankYou/ HTTP/1.0" 301 241 "http://scienocraft.com/ThankYou/" "Mozilla/5.0 (Windows NT 6.1; ) AppleWebKit/537.36 (KHTML, like Gecko) Chrome/83.0.4103.61 Safari/537.36"
94.25.228.37 - - [11/Sep/2021:05:52:58 +0000] "GET /ThankYou/ HTTP/1.0" 404 207 "https://scienocraft.com/ThankYou/" "Mozilla/5.0 (Windows NT 6.1; ) AppleWebKit/537.36 (KHTML, like Gecko) Chrome/83.0.4103.61 Safari/537.36"
94.25.228.37 - - [11/Sep/2021:05:52:59 +0000] "GET / HTTP/1.0" 200 63934 "https://scienocraft.com/" "Mozilla/5.0 (Windows NT 6.1; ) AppleWebKit/537.36 (KHTML, like Gecko) Chrome/83.0.4103.61 Safari/537.36"
94.25.228.37 - - [11/Sep/2021:05:53:02 +0000] "GET /ContactUs HTTP/1.0" 301 241 "https://www.scienocraft.com/ContactUs" "Mozilla/5.0 (Windows NT 6.1; ) AppleWebKit/537.36 (KHTML, like Gecko) Chrome/83.0.4103.61 Safari/537.36"
94.25.228.37 - - [11/Sep/2021:05:53:04 +0000] "GET /ContactUs HTTP/1.0" 301 241 "https://www.scienocraft.com/ContactUs" "Mozilla/5.0 (Windows NT 6.1; ) AppleWebKit/537.36 (KHTML, like Gecko) Chrome/83.0.4103.61 Safari/537.36"
94.25.228.37 - - [11/Sep/2021:05:53:04 +0000] "GET /ContactUs HTTP/1.0" 200 49509 "https://scienocraft.com/ContactUs" "Mozilla/5.0 (Windows NT 6.1; ) AppleWebKit/537.36 (KHTML, like Gecko) Chrome/83.0.4103.61 Safari/537.36"
94.25.228.37 - - [11/Sep/2021:05:53:06 +0000] "GET /ContactUs HTTP/1.0" 301 241 "https://www.scienocraft.com/ContactUs" "Mozilla/5.0 (Windows NT 6.1; ) AppleWebKit/537.36 (KHTML, like Gecko) Chrome/83.0.4103.61 Safari/537.36"
94.25.228.37 - - [11/Sep/2021:05:53:07 +0000] "GET /ContactUs HTTP/1.0" 200 49509 "https://scienocraft.com/ContactUs" "Mozilla/5.0 (Windows NT 6.1; ) AppleWebKit/537.36 (KHTML, like Gecko) Chrome/83.0.4103.61 Safari/537.36"
94.25.228.37 - - [11/Sep/2021:05:53:08 +0000] "GET /ContactUs HTTP/1.0" 301 241 "https://www.scienocraft.com/ContactUs" "Mozilla/5.0 (Windows NT 6.1; ) AppleWebKit/537.36 (KHTML, like Gecko) Chrome/83.0.4103.61 Safari/537.36"
