66.249.64.240 - - [10/Sep/2021:12:32:55 +0000] "GET /VORTEXSHAKER(TESTTUBESHAKER)On-OffType-SenseTouchType.html HTTP/1.1" 301 290 "-" "Mozilla/5.0 (compatible; Googlebot/2.1; +http://www.google.com/bot.html)"
66.249.64.240 - - [10/Sep/2021:12:32:56 +0000] "GET /VORTEXSHAKER(TESTTUBESHAKER)On-OffType-SenseTouchType.html HTTP/1.1" 301 290 "-" "Mozilla/5.0 (Linux; Android 6.0.1; Nexus 5X Build/MMB29P) AppleWebKit/537.36 (KHTML, like Gecko) Chrome/92.0.4515.119 Mobile Safari/537.36 (compatible; Googlebot/2.1; +http://www.google.com/bot.html)"
66.249.70.108 - - [10/Sep/2021:12:32:56 +0000] "GET /HPAUTOCLAVEVERTICALTRIPLEWALLAUTOPURGINGnEXHAUST.html HTTP/1.1" 200 60906 "-" "Mozilla/5.0 (Linux; Android 6.0.1; Nexus 5X Build/MMB29P) AppleWebKit/537.36 (KHTML, like Gecko) Chrome/92.0.4515.119 Mobile Safari/537.36 (compatible; Googlebot/2.1; +http://www.google.com/bot.html)"
66.249.70.108 - - [10/Sep/2021:12:32:57 +0000] "GET /FRONTLOADINGAUTOCLAVE-VACUUM,STERILIZATION,DRYCYCLE.html HTTP/1.1" 200 54982 "-" "Mozilla/5.0 (compatible; Googlebot/2.1; +http://www.google.com/bot.html)"
66.249.64.240 - - [10/Sep/2021:12:32:58 +0000] "GET /BIOLOGICALSAFETYCABINETTOTALCONTAINMENTCABINETCLASSIII.html HTTP/1.1" 301 291 "-" "Mozilla/5.0 (Linux; Android 6.0.1; Nexus 5X Build/MMB29P) AppleWebKit/537.36 (KHTML, like Gecko) Chrome/92.0.4515.119 Mobile Safari/537.36 (compatible; Googlebot/2.1; +http://www.google.com/bot.html)"
66.249.64.240 - - [10/Sep/2021:12:32:59 +0000] "GET /BIOLOGICALSAFETYCABINETTOTALCONTAINMENTCABINETCLASSIII.html HTTP/1.1" 301 291 "-" "Mozilla/5.0 (compatible; Googlebot/2.1; +http://www.google.com/bot.html)"
66.249.64.240 - - [10/Sep/2021:12:32:59 +0000] "GET /HUMIDITYCUMTEMPERATURECONTROLLEDCHAMBERECOFRIENDLYCOOLING.html HTTP/1.1" 301 294 "-" "Mozilla/5.0 (Linux; Android 6.0.1; Nexus 5X Build/MMB29P) AppleWebKit/537.36 (KHTML, like Gecko) Chrome/92.0.4515.119 Mobile Safari/537.36 (compatible; Googlebot/2.1; +http://www.google.com/bot.html)"
66.249.64.240 - - [10/Sep/2021:12:33:00 +0000] "GET /HUMIDITYCUMTEMPERATURECONTROLLEDCHAMBERECOFRIENDLYCOOLING.html HTTP/1.1" 301 294 "-" "Mozilla/5.0 (compatible; Googlebot/2.1; +http://www.google.com/bot.html)"
66.249.64.240 - - [10/Sep/2021:12:33:00 +0000] "GET /STABILITYCHAMBER21CFR(ECOFRIENDLYCFCFREECOOLINGREFRIGERANT).html HTTP/1.1" 301 296 "-" "Mozilla/5.0 (Linux; Android 6.0.1; Nexus 5X Build/MMB29P) AppleWebKit/537.36 (KHTML, like Gecko) Chrome/92.0.4515.119 Mobile Safari/537.36 (compatible; Googlebot/2.1; +http://www.google.com/bot.html)"
66.249.64.240 - - [10/Sep/2021:12:33:01 +0000] "GET /STABILITYCHAMBER21CFR(ECOFRIENDLYCFCFREECOOLINGREFRIGERANT).html HTTP/1.1" 301 296 "-" "Mozilla/5.0 (compatible; Googlebot/2.1; +http://www.google.com/bot.html)"
66.249.70.110 - - [10/Sep/2021:12:33:02 +0000] "GET /all-products.php?maincategory=Shakers HTTP/1.1" 200 54562 "-" "Mozilla/5.0 (compatible; Googlebot/2.1; +http://www.google.com/bot.html)"
66.249.70.110 - - [10/Sep/2021:12:33:03 +0000] "GET /FRONTLOADINGAUTOCLAVE-VACUUM,STERILIZATION,DRYCYCLE.html HTTP/1.1" 200 54982 "-" "Mozilla/5.0 (Linux; Android 6.0.1; Nexus 5X Build/MMB29P) AppleWebKit/537.36 (KHTML, like Gecko) Chrome/92.0.4515.119 Mobile Safari/537.36 (compatible; Googlebot/2.1; +http://www.google.com/bot.html)"
66.249.70.110 - - [10/Sep/2021:12:33:04 +0000] "GET /all-products.php?maincategory=Shakers HTTP/1.1" 200 54562 "-" "Mozilla/5.0 (Linux; Android 6.0.1; Nexus 5X Build/MMB29P) AppleWebKit/537.36 (KHTML, like Gecko) Chrome/92.0.4515.119 Mobile Safari/537.36 (compatible; Googlebot/2.1; +http://www.google.com/bot.html)"
66.249.70.106 - - [10/Sep/2021:12:33:05 +0000] "GET /all-products.php?maincategory=Incubators HTTP/1.1" 200 55769 "-" "Mozilla/5.0 (Linux; Android 6.0.1; Nexus 5X Build/MMB29P) AppleWebKit/537.36 (KHTML, like Gecko) Chrome/92.0.4515.119 Mobile Safari/537.36 (compatible; Googlebot/2.1; +http://www.google.com/bot.html)"
66.249.70.108 - - [10/Sep/2021:12:33:07 +0000] "GET /VORTEXSHAKER(TESTTUBESHAKER)On-OffType-SenseTouchType.html HTTP/1.1" 200 50715 "-" "Mozilla/5.0 (compatible; Googlebot/2.1; +http://www.google.com/bot.html)"
66.249.70.106 - - [10/Sep/2021:12:33:09 +0000] "GET /VORTEXSHAKER(TESTTUBESHAKER)On-OffType-SenseTouchType.html HTTP/1.1" 200 50715 "-" "Mozilla/5.0 (Linux; Android 6.0.1; Nexus 5X Build/MMB29P) AppleWebKit/537.36 (KHTML, like Gecko) Chrome/92.0.4515.119 Mobile Safari/537.36 (compatible; Googlebot/2.1; +http://www.google.com/bot.html)"
66.249.70.106 - - [10/Sep/2021:12:33:10 +0000] "GET /all-products.php?maincategory=Incubators HTTP/1.1" 200 55769 "-" "Mozilla/5.0 (compatible; Googlebot/2.1; +http://www.google.com/bot.html)"
66.249.70.106 - - [10/Sep/2021:12:33:11 +0000] "GET /all-products.php?maincategory=TEST%20CHAMBERS HTTP/1.1" 200 54488 "-" "Mozilla/5.0 (Linux; Android 6.0.1; Nexus 5X Build/MMB29P) AppleWebKit/537.36 (KHTML, like Gecko) Chrome/92.0.4515.119 Mobile Safari/537.36 (compatible; Googlebot/2.1; +http://www.google.com/bot.html)"
66.249.70.106 - - [10/Sep/2021:12:33:11 +0000] "GET /BIOLOGICALSAFETYCABINETTOTALCONTAINMENTCABINETCLASSIII.html HTTP/1.1" 200 63228 "-" "Mozilla/5.0 (Linux; Android 6.0.1; Nexus 5X Build/MMB29P) AppleWebKit/537.36 (KHTML, like Gecko) Chrome/92.0.4515.119 Mobile Safari/537.36 (compatible; Googlebot/2.1; +http://www.google.com/bot.html)"
66.249.70.106 - - [10/Sep/2021:12:33:12 +0000] "GET /BIOLOGICALSAFETYCABINETTOTALCONTAINMENTCABINETCLASSIII.html HTTP/1.1" 200 63228 "-" "Mozilla/5.0 (compatible; Googlebot/2.1; +http://www.google.com/bot.html)"
66.249.70.106 - - [10/Sep/2021:12:33:13 +0000] "GET /HUMIDITYCUMTEMPERATURECONTROLLEDCHAMBERECOFRIENDLYCOOLING.html HTTP/1.1" 200 58723 "-" "Mozilla/5.0 (Linux; Android 6.0.1; Nexus 5X Build/MMB29P) AppleWebKit/537.36 (KHTML, like Gecko) Chrome/92.0.4515.119 Mobile Safari/537.36 (compatible; Googlebot/2.1; +http://www.google.com/bot.html)"
66.249.70.106 - - [10/Sep/2021:12:33:13 +0000] "GET /HUMIDITYCUMTEMPERATURECONTROLLEDCHAMBERECOFRIENDLYCOOLING.html HTTP/1.1" 200 58723 "-" "Mozilla/5.0 (compatible; Googlebot/2.1; +http://www.google.com/bot.html)"
66.249.70.106 - - [10/Sep/2021:12:33:14 +0000] "GET /STABILITYCHAMBER21CFR(ECOFRIENDLYCFCFREECOOLINGREFRIGERANT).html HTTP/1.1" 200 59014 "-" "Mozilla/5.0 (Linux; Android 6.0.1; Nexus 5X Build/MMB29P) AppleWebKit/537.36 (KHTML, like Gecko) Chrome/92.0.4515.119 Mobile Safari/537.36 (compatible; Googlebot/2.1; +http://www.google.com/bot.html)"
66.249.70.106 - - [10/Sep/2021:12:33:14 +0000] "GET /STABILITYCHAMBER21CFR(ECOFRIENDLYCFCFREECOOLINGREFRIGERANT).html HTTP/1.1" 200 59014 "-" "Mozilla/5.0 (compatible; Googlebot/2.1; +http://www.google.com/bot.html)"
66.249.70.106 - - [10/Sep/2021:12:33:15 +0000] "GET /all-products.php?maincategory=TEST%20CHAMBERS HTTP/1.1" 200 54488 "-" "Mozilla/5.0 (compatible; Googlebot/2.1; +http://www.google.com/bot.html)"
66.249.70.106 - - [10/Sep/2021:12:33:15 +0000] "GET /all-products.php?maincategory=Vacuum%20Equipments HTTP/1.1" 200 52157 "-" "Mozilla/5.0 (Linux; Android 6.0.1; Nexus 5X Build/MMB29P) AppleWebKit/537.36 (KHTML, like Gecko) Chrome/92.0.4515.119 Mobile Safari/537.36 (compatible; Googlebot/2.1; +http://www.google.com/bot.html)"
66.249.70.106 - - [10/Sep/2021:12:33:16 +0000] "GET /all-products.php?maincategory=Vacuum%20Equipments HTTP/1.1" 200 52157 "-" "Mozilla/5.0 (compatible; Googlebot/2.1; +http://www.google.com/bot.html)"
66.249.70.106 - - [10/Sep/2021:12:33:16 +0000] "GET /all-products.php?maincategory=Clean%20Room%20Benches HTTP/1.1" 200 54299 "-" "Mozilla/5.0 (Linux; Android 6.0.1; Nexus 5X Build/MMB29P) AppleWebKit/537.36 (KHTML, like Gecko) Chrome/92.0.4515.119 Mobile Safari/537.36 (compatible; Googlebot/2.1; +http://www.google.com/bot.html)"
66.249.70.106 - - [10/Sep/2021:12:33:17 +0000] "GET /all-products.php?maincategory=Environmental%20Chambers HTTP/1.1" 200 52172 "-" "Mozilla/5.0 (Linux; Android 6.0.1; Nexus 5X Build/MMB29P) AppleWebKit/537.36 (KHTML, like Gecko) Chrome/92.0.4515.119 Mobile Safari/537.36 (compatible; Googlebot/2.1; +http://www.google.com/bot.html)"
66.249.70.106 - - [10/Sep/2021:12:33:17 +0000] "GET /all-products.php?maincategory=Distillation%20Equipments HTTP/1.1" 200 55816 "-" "Mozilla/5.0 (compatible; Googlebot/2.1; +http://www.google.com/bot.html)"
66.249.70.106 - - [10/Sep/2021:12:33:18 +0000] "GET /all-products.php?maincategory=Distillation%20Equipments HTTP/1.1" 200 55816 "-" "Mozilla/5.0 (Linux; Android 6.0.1; Nexus 5X Build/MMB29P) AppleWebKit/537.36 (KHTML, like Gecko) Chrome/92.0.4515.119 Mobile Safari/537.36 (compatible; Googlebot/2.1; +http://www.google.com/bot.html)"
66.249.70.106 - - [10/Sep/2021:12:33:19 +0000] "GET /all-products.php?maincategory=Lab%20Equipments%20(Heating) HTTP/1.1" 200 52596 "-" "Mozilla/5.0 (compatible; Googlebot/2.1; +http://www.google.com/bot.html)"
66.249.70.106 - - [10/Sep/2021:12:33:19 +0000] "GET /all-products.php?maincategory=Lab%20Equipments%20(Heating) HTTP/1.1" 200 52596 "-" "Mozilla/5.0 (Linux; Android 6.0.1; Nexus 5X Build/MMB29P) AppleWebKit/537.36 (KHTML, like Gecko) Chrome/92.0.4515.119 Mobile Safari/537.36 (compatible; Googlebot/2.1; +http://www.google.com/bot.html)"
66.249.64.240 - - [10/Sep/2021:12:33:20 +0000] "GET /SOXHLETEXTRACTIONUNIT.html HTTP/1.1" 301 258 "-" "Mozilla/5.0 (compatible; Googlebot/2.1; +http://www.google.com/bot.html)"
66.249.64.240 - - [10/Sep/2021:12:33:21 +0000] "GET /BENCHAUTOCLAVEPORTABLEAUTOMATIC.html HTTP/1.1" 301 268 "-" "Mozilla/5.0 (Linux; Android 6.0.1; Nexus 5X Build/MMB29P) AppleWebKit/537.36 (KHTML, like Gecko) Chrome/92.0.4515.119 Mobile Safari/537.36 (compatible; Googlebot/2.1; +http://www.google.com/bot.html)"
66.249.70.108 - - [10/Sep/2021:12:33:22 +0000] "GET /SOXHLETEXTRACTIONUNIT.html HTTP/1.1" 200 52317 "-" "Mozilla/5.0 (compatible; Googlebot/2.1; +http://www.google.com/bot.html)"
66.249.70.106 - - [10/Sep/2021:12:33:23 +0000] "GET /BENCHAUTOCLAVEPORTABLEAUTOMATIC.html HTTP/1.1" 200 52024 "-" "Mozilla/5.0 (Linux; Android 6.0.1; Nexus 5X Build/MMB29P) AppleWebKit/537.36 (KHTML, like Gecko) Chrome/92.0.4515.119 Mobile Safari/537.36 (compatible; Googlebot/2.1; +http://www.google.com/bot.html)"
80.253.235.74 - - [10/Sep/2021:12:36:34 +0000] "GET /enquiry.php HTTP/1.0" 200 61678 "-" "Mozilla/5.0 (Windows NT 6.3; Win64; x64) AppleWebKit/537.36 (KHTML, like Gecko) Chrome/75.0.3770.100 Safari/537.36"
40.77.167.57 - - [10/Sep/2021:12:38:20 +0000] "GET /HORIZONTALMODELGLASSDISTILLATION.html HTTP/1.1" 301 269 "-" "Mozilla/5.0 (compatible; bingbot/2.0; +http://www.bing.com/bingbot.htm)"
40.77.167.57 - - [10/Sep/2021:12:40:52 +0000] "GET /HORIZONTALMODELGLASSDISTILLATION.html HTTP/1.1" 200 54083 "-" "Mozilla/5.0 (compatible; bingbot/2.0; +http://www.bing.com/bingbot.htm)"
17.121.113.131 - - [10/Sep/2021:12:46:33 +0000] "GET /BOMBCALORIMETER(DIGITAL).html HTTP/1.1" 200 53511 "-" "Mozilla/5.0 (Macintosh; Intel Mac OS X 10_15_5) AppleWebKit/605.1.15 (KHTML, like Gecko) Version/13.1.1 Safari/605.1.15 (Applebot/0.1; +http://www.apple.com/go/applebot)"
114.119.137.31 - - [10/Sep/2021:12:55:00 +0000] "GET /robots.txt HTTP/1.1" 301 242 "-" "Mozilla/5.0 (compatible;PetalBot;+https://webmaster.petalsearch.com/site/petalbot)"
114.119.137.31 - - [10/Sep/2021:12:55:01 +0000] "GET /robots.txt HTTP/1.1" 404 208 "-" "Mozilla/5.0 (compatible;PetalBot;+https://webmaster.petalsearch.com/site/petalbot)"
50.87.253.29 - - [10/Sep/2021:13:02:49 +0000] "GET / HTTP/1.1" 301 232 "-" "-"
50.87.253.29 - - [10/Sep/2021:13:02:50 +0000] "GET / HTTP/1.1" 200 63934 "-" "-"
66.249.70.106 - - [10/Sep/2021:13:20:45 +0000] "GET /menu/js/jquery.hoverIntent.minified.js HTTP/1.1" 200 1606 "https://scienocraft.com/HYBRIDIZTIONINCUBATORCOOLING.html" "Mozilla/5.0 AppleWebKit/537.36 (KHTML, like Gecko; compatible; Googlebot/2.1; +http://www.google.com/bot.html) Chrome/92.0.4515.119 Safari/537.36"
77.75.78.163 - - [10/Sep/2021:13:29:14 +0000] "GET /robots.txt HTTP/1.1" 404 208 "-" "Mozilla/5.0 (compatible; SeznamBot/3.2; +http://napoveda.seznam.cz/en/seznambot-intro/)"
77.75.78.163 - - [10/Sep/2021:13:29:16 +0000] "GET /FUMEHOOD.html HTTP/1.1" 200 59371 "-" "Mozilla/5.0 (compatible; SeznamBot/3.2; +http://napoveda.seznam.cz/en/seznambot-intro/)"
77.75.78.163 - - [10/Sep/2021:13:29:19 +0000] "GET /robots.txt HTTP/1.1" 301 246 "-" "Mozilla/5.0 (compatible; SeznamBot/3.2; +http://napoveda.seznam.cz/en/seznambot-intro/)"
77.75.78.163 - - [10/Sep/2021:13:29:20 +0000] "GET /robots.txt HTTP/1.1" 301 242 "-" "Mozilla/5.0 (compatible; SeznamBot/3.2; +http://napoveda.seznam.cz/en/seznambot-intro/)"
77.75.78.163 - - [10/Sep/2021:13:29:22 +0000] "GET /images/award-2.JPG HTTP/1.1" 301 254 "-" "Mozilla/5.0 (compatible; SeznamBot/3.2; +http://napoveda.seznam.cz/en/seznambot-intro/)"
85.250.20.253 - - [10/Sep/2021:13:53:07 +0000] "GET /ThankYou/ HTTP/1.0" 301 241 "http://scienocraft.com/ThankYou/" "Mozilla/5.0 (Windows NT 6.3; Win64; x64) AppleWebKit/537.36 (KHTML, like Gecko) Chrome/90.0.4430.72 Safari/537.36"
85.250.20.253 - - [10/Sep/2021:13:53:08 +0000] "GET /ThankYou/ HTTP/1.0" 404 207 "https://scienocraft.com/ThankYou/" "Mozilla/5.0 (Windows NT 6.3; Win64; x64) AppleWebKit/537.36 (KHTML, like Gecko) Chrome/90.0.4430.72 Safari/537.36"
85.250.20.253 - - [10/Sep/2021:13:53:09 +0000] "GET / HTTP/1.0" 200 63934 "https://scienocraft.com/" "Mozilla/5.0 (Windows NT 6.3; Win64; x64) AppleWebKit/537.36 (KHTML, like Gecko) Chrome/90.0.4430.72 Safari/537.36"
91.243.100.107 - - [10/Sep/2021:13:57:39 +0000] "GET /enquiry.php HTTP/1.0" 200 61678 "https://scienocraft.com/enquiry.php" "Mozilla/5.0 (Windows NT 10.0; WOW64) AppleWebKit/537.36 (KHTML, like Gecko) Chrome/90.0.4400.8 Safari/537.36"
91.243.100.107 - - [10/Sep/2021:13:57:40 +0000] "POST /submit-enquiry.php HTTP/1.0" 200 139 "https://scienocraft.com/enquiry.php" "Mozilla/5.0 (Windows NT 10.0; WOW64) AppleWebKit/537.36 (KHTML, like Gecko) Chrome/90.0.4400.8 Safari/537.36"
91.243.100.107 - - [10/Sep/2021:13:57:43 +0000] "GET /ThankYou HTTP/1.0" 301 240 "https://www.scienocraft.com/ThankYou" "Mozilla/5.0 (Windows NT 10.0; WOW64) AppleWebKit/537.36 (KHTML, like Gecko) Chrome/90.0.4400.8 Safari/537.36"
91.243.100.107 - - [10/Sep/2021:13:57:44 +0000] "GET /ThankYou HTTP/1.0" 200 47516 "https://scienocraft.com/ThankYou" "Mozilla/5.0 (Windows NT 10.0; WOW64) AppleWebKit/537.36 (KHTML, like Gecko) Chrome/90.0.4400.8 Safari/537.36"
91.243.100.107 - - [10/Sep/2021:13:57:45 +0000] "GET /ThankYou HTTP/1.0" 200 47516 "https://scienocraft.com/ThankYou" "Mozilla/5.0 (Windows NT 10.0; WOW64) AppleWebKit/537.36 (KHTML, like Gecko) Chrome/90.0.4400.8 Safari/537.36"
5.180.35.100 - - [10/Sep/2021:14:01:22 +0000] "GET / HTTP/1.1" 301 232 "-" "Go-http-client/1.1"
193.160.68.176 - - [10/Sep/2021:14:01:22 +0000] "GET /favicon.ico HTTP/1.1" 301 243 "-" "Go-http-client/1.1"
193.47.57.86 - - [10/Sep/2021:14:01:23 +0000] "GET /favicon.ico HTTP/1.1" 404 209 "-" "Go-http-client/1.1"
84.22.149.208 - - [10/Sep/2021:14:01:23 +0000] "GET / HTTP/1.1" 200 63934 "-" "Go-http-client/1.1"
172.102.129.84 - - [10/Sep/2021:14:01:23 +0000] "GET / HTTP/1.1" 200 63934 "http://scienocraft.com/" "Go-http-client/1.1"
191.101.96.60 - - [10/Sep/2021:14:01:24 +0000] "GET /favicon.ico HTTP/1.1" 404 209 "http://scienocraft.com/favicon.ico" "Go-http-client/1.1"
84.22.150.24 - - [10/Sep/2021:14:01:25 +0000] "GET /favicon.ico HTTP/1.1" 301 243 "-" "Go-http-client/1.1"
77.90.186.128 - - [10/Sep/2021:14:01:26 +0000] "GET /favicon.ico HTTP/1.1" 404 209 "-" "Go-http-client/1.1"
45.131.93.28 - - [10/Sep/2021:14:01:26 +0000] "GET /favicon.ico HTTP/1.1" 404 209 "http://scienocraft.com/favicon.ico" "Go-http-client/1.1"
185.191.171.2 - - [10/Sep/2021:14:31:03 +0000] "GET /robots.txt HTTP/1.1" 404 208 "-" "Mozilla/5.0 (compatible; SemrushBot/7~bl; +http://www.semrush.com/bot.html)"
185.191.171.21 - - [10/Sep/2021:14:31:04 +0000] "GET /products-catalogue.php HTTP/1.1" 200 80159 "-" "Mozilla/5.0 (compatible; SemrushBot/7~bl; +http://www.semrush.com/bot.html)"
77.75.78.166 - - [10/Sep/2021:14:47:30 +0000] "GET /robots.txt HTTP/1.1" 404 208 "-" "Mozilla/5.0 (compatible; SeznamBot/3.2; +http://napoveda.seznam.cz/en/seznambot-intro/)"
77.75.78.166 - - [10/Sep/2021:14:47:31 +0000] "GET /LAMINARVERTICALMICROCONTROLLERLCDDISPLAY.html HTTP/1.1" 200 63676 "-" "Mozilla/5.0 (compatible; SeznamBot/3.2; +http://napoveda.seznam.cz/en/seznambot-intro/)"
77.75.78.166 - - [10/Sep/2021:14:47:34 +0000] "GET /RECIPROCATINGSHAKER.html HTTP/1.1" 200 54356 "-" "Mozilla/5.0 (compatible; SeznamBot/3.2; +http://napoveda.seznam.cz/en/seznambot-intro/)"
114.119.137.238 - - [10/Sep/2021:15:03:36 +0000] "GET /robots.txt HTTP/1.1" 301 246 "-" "Mozilla/5.0 (compatible;PetalBot;+https://webmaster.petalsearch.com/site/petalbot)"
114.119.137.238 - - [10/Sep/2021:15:03:37 +0000] "GET /robots.txt HTTP/1.1" 301 242 "-" "Mozilla/5.0 (compatible;PetalBot;+https://webmaster.petalsearch.com/site/petalbot)"
114.119.137.238 - - [10/Sep/2021:15:03:37 +0000] "GET /robots.txt HTTP/1.1" 404 208 "-" "Mozilla/5.0 (compatible;PetalBot;+https://webmaster.petalsearch.com/site/petalbot)"
207.46.13.188 - - [10/Sep/2021:15:08:28 +0000] "GET /WILLEYMILLGRINDER.html HTTP/1.1" 301 254 "-" "Mozilla/5.0 (compatible; bingbot/2.0; +http://www.bing.com/bingbot.htm)"
203.128.81.195 - - [10/Sep/2021:15:18:27 +0000] "GET /wp-login.php HTTP/1.1" 301 248 "-" "Mozilla/5.0 (X11; Ubuntu; Linux x86_64; rv:62.0) Gecko/20100101 Firefox/62.0"
202.152.26.186 - - [10/Sep/2021:15:18:27 +0000] "GET /wp-login.php HTTP/1.1" 301 248 "-" "Mozilla/5.0 (X11; Ubuntu; Linux x86_64; rv:62.0) Gecko/20100101 Firefox/62.0"
202.152.26.186 - - [10/Sep/2021:15:18:27 +0000] "GET /wp-login.php HTTP/1.1" 301 244 "http://www.scienocraft.com/wp-login.php" "Mozilla/5.0 (X11; Ubuntu; Linux x86_64; rv:62.0) Gecko/20100101 Firefox/62.0"
202.152.26.186 - - [10/Sep/2021:15:18:27 +0000] "GET /wp-login.php HTTP/1.1" 301 244 "http://www.scienocraft.com/wp-login.php" "Mozilla/5.0 (X11; Ubuntu; Linux x86_64; rv:62.0) Gecko/20100101 Firefox/62.0"
203.128.81.195 - - [10/Sep/2021:15:18:27 +0000] "GET /wp-login.php HTTP/1.1" 404 210 "https://www.scienocraft.com/wp-login.php" "Mozilla/5.0 (X11; Ubuntu; Linux x86_64; rv:62.0) Gecko/20100101 Firefox/62.0"
202.152.26.186 - - [10/Sep/2021:15:18:27 +0000] "GET /wp-login.php HTTP/1.1" 404 210 "https://www.scienocraft.com/wp-login.php" "Mozilla/5.0 (X11; Ubuntu; Linux x86_64; rv:62.0) Gecko/20100101 Firefox/62.0"
77.75.79.11 - - [10/Sep/2021:15:20:20 +0000] "GET /robots.txt HTTP/1.1" 404 208 "-" "Mozilla/5.0 (compatible; SeznamBot/3.2; +http://napoveda.seznam.cz/en/seznambot-intro/)"
77.75.79.11 - - [10/Sep/2021:15:20:22 +0000] "GET /BIOLOGICALSAFETYCABINETTOTALCONTAINMENTCABINETCLASSIII.html HTTP/1.1" 200 63228 "-" "Mozilla/5.0 (compatible; SeznamBot/3.2; +http://napoveda.seznam.cz/en/seznambot-intro/)"
73.35.23.67 - - [10/Sep/2021:15:35:54 +0000] "GET /ThankYou/ HTTP/1.0" 301 241 "http://scienocraft.com/ThankYou/" "Mozilla/5.0 (Windows NT 6.2; Win64; x64) AppleWebKit/537.36 (KHTML, like Gecko) Chrome/90.0.4430.72 Safari/537.36"
73.35.23.67 - - [10/Sep/2021:15:35:55 +0000] "GET /ThankYou/ HTTP/1.0" 404 207 "https://scienocraft.com/ThankYou/" "Mozilla/5.0 (Windows NT 6.2; Win64; x64) AppleWebKit/537.36 (KHTML, like Gecko) Chrome/90.0.4430.72 Safari/537.36"
73.35.23.67 - - [10/Sep/2021:15:35:56 +0000] "GET / HTTP/1.0" 200 63934 "https://scienocraft.com/" "Mozilla/5.0 (Windows NT 6.2; Win64; x64) AppleWebKit/537.36 (KHTML, like Gecko) Chrome/90.0.4430.72 Safari/537.36"
92.118.77.10 - - [10/Sep/2021:15:38:39 +0000] "GET /ThankYou/ HTTP/1.0" 301 241 "http://scienocraft.com/ThankYou/" "Mozilla/5.0 (Windows NT 10.0; Win64; x64) AppleWebKit/537.36 (KHTML, like Gecko) Chrome/90.0.4430.72 Safari/537.36"
92.118.77.10 - - [10/Sep/2021:15:38:40 +0000] "GET /ThankYou/ HTTP/1.0" 404 207 "https://scienocraft.com/ThankYou/" "Mozilla/5.0 (Windows NT 10.0; Win64; x64) AppleWebKit/537.36 (KHTML, like Gecko) Chrome/90.0.4430.72 Safari/537.36"
92.118.77.10 - - [10/Sep/2021:15:38:41 +0000] "GET / HTTP/1.0" 200 63934 "https://scienocraft.com/" "Mozilla/5.0 (Windows NT 10.0; Win64; x64) AppleWebKit/537.36 (KHTML, like Gecko) Chrome/90.0.4430.72 Safari/537.36"
114.119.137.43 - - [10/Sep/2021:15:42:02 +0000] "GET /robots.txt HTTP/1.1" 301 242 "-" "Mozilla/5.0 (compatible;PetalBot;+https://webmaster.petalsearch.com/site/petalbot)"
114.119.137.43 - - [10/Sep/2021:15:42:02 +0000] "GET /robots.txt HTTP/1.1" 404 208 "-" "Mozilla/5.0 (compatible;PetalBot;+https://webmaster.petalsearch.com/site/petalbot)"
66.249.70.110 - - [10/Sep/2021:15:42:11 +0000] "GET /menu/js/jquery.dcmegamenu.1.2.js HTTP/1.1" 200 4832 "https://scienocraft.com/CODDIGESTIONAPPARATUS.html" "Mozilla/5.0 (Linux; Android 6.0.1; Nexus 5X Build/MMB29P) AppleWebKit/537.36 (KHTML, like Gecko) Chrome/92.0.4515.119 Mobile Safari/537.36 (compatible; Googlebot/2.1; +http://www.google.com/bot.html)"
66.249.70.106 - - [10/Sep/2021:15:54:39 +0000] "GET /HOTAIROVENHIGHTEMP.html HTTP/1.1" 200 61257 "-" "Mozilla/5.0 (Linux; Android 6.0.1; Nexus 5X Build/MMB29P) AppleWebKit/537.36 (KHTML, like Gecko) Chrome/92.0.4515.119 Mobile Safari/537.36 (compatible; Googlebot/2.1; +http://www.google.com/bot.html)"
66.249.70.106 - - [10/Sep/2021:15:57:40 +0000] "GET /BIOSAFETYCABINETCLASSIIA.html HTTP/1.1" 200 64274 "-" "Mozilla/5.0 (compatible; Googlebot/2.1; +http://www.google.com/bot.html)"
77.75.78.170 - - [10/Sep/2021:16:21:06 +0000] "GET /robots.txt HTTP/1.1" 404 208 "-" "Mozilla/5.0 (compatible; SeznamBot/3.2; +http://napoveda.seznam.cz/en/seznambot-intro/)"
77.75.78.170 - - [10/Sep/2021:16:21:08 +0000] "GET /SALTSPRAYCHAMBER.html HTTP/1.1" 200 60694 "-" "Mozilla/5.0 (compatible; SeznamBot/3.2; +http://napoveda.seznam.cz/en/seznambot-intro/)"
66.249.70.110 - - [10/Sep/2021:16:24:26 +0000] "GET /EGGINCUBATOROrPOULTRYINCUBATOR.html HTTP/1.1" 200 56526 "-" "Mozilla/5.0 (Linux; Android 6.0.1; Nexus 5X Build/MMB29P) AppleWebKit/537.36 (KHTML, like Gecko) Chrome/92.0.4515.119 Mobile Safari/537.36 (compatible; Googlebot/2.1; +http://www.google.com/bot.html)"
66.249.70.110 - - [10/Sep/2021:16:27:39 +0000] "GET /INCINERATORPORTABLE(BIOMEDICALWASTEDISPOSAL).html HTTP/1.1" 200 60340 "-" "Mozilla/5.0 (Linux; Android 6.0.1; Nexus 5X Build/MMB29P) AppleWebKit/537.36 (KHTML, like Gecko) Chrome/92.0.4515.119 Mobile Safari/537.36 (compatible; Googlebot/2.1; +http://www.google.com/bot.html)"
66.249.70.104 - - [10/Sep/2021:16:34:13 +0000] "GET /robots.txt HTTP/1.1" 301 242 "-" "Mozilla/5.0 (compatible; Googlebot/2.1; +http://www.google.com/bot.html)"
66.249.70.110 - - [10/Sep/2021:16:34:14 +0000] "GET /robots.txt HTTP/1.1" 404 208 "-" "Mozilla/5.0 (compatible; Googlebot/2.1; +http://www.google.com/bot.html)"
66.249.70.106 - - [10/Sep/2021:16:34:14 +0000] "GET / HTTP/1.1" 301 232 "-" "Mozilla/5.0 (compatible; Googlebot/2.1; +http://www.google.com/bot.html)"
66.249.70.110 - - [10/Sep/2021:16:53:35 +0000] "GET /robots.txt HTTP/1.1" 404 208 "-" "Mozilla/5.0 (compatible; Googlebot/2.1; +http://www.google.com/bot.html)"
66.249.70.110 - - [10/Sep/2021:16:53:35 +0000] "GET /CONDITIONINGCHAMBERORHIGHLOWTHERMALCHAMBER.html HTTP/1.1" 200 58426 "-" "Mozilla/5.0 (Linux; Android 6.0.1; Nexus 5X Build/MMB29P) AppleWebKit/537.36 (KHTML, like Gecko) Chrome/92.0.4515.119 Mobile Safari/537.36 (compatible; Googlebot/2.1; +http://www.google.com/bot.html)"
54.36.148.212 - - [10/Sep/2021:17:10:30 +0000] "GET / HTTP/1.1" 200 63934 "-" "Mozilla/5.0 (compatible; AhrefsBot/7.0; +http://ahrefs.com/robot/)"
66.249.70.108 - - [10/Sep/2021:17:16:49 +0000] "GET /CODDIGESTIONAPPARATUS.html HTTP/1.1" 200 56939 "-" "Mozilla/5.0 (Linux; Android 6.0.1; Nexus 5X Build/MMB29P) AppleWebKit/537.36 (KHTML, like Gecko) Chrome/92.0.4515.119 Mobile Safari/537.36 (compatible; Googlebot/2.1; +http://www.google.com/bot.html)"
77.88.5.232 - - [10/Sep/2021:17:21:48 +0000] "GET /robots.txt HTTP/1.1" 404 208 "-" "Mozilla/5.0 (compatible; YandexBot/3.0; +http://yandex.com/bots)"
77.88.5.232 - - [10/Sep/2021:17:21:51 +0000] "GET /UVCABINETACYRLICSHEETSHOCKPROOFSTI-405.html HTTP/1.1" 200 50101 "-" "Mozilla/5.0 (compatible; YandexBot/3.0; +http://yandex.com/bots)"
17.121.114.226 - - [10/Sep/2021:17:28:46 +0000] "GET /robots.txt HTTP/1.1" 301 246 "-" "Mozilla/5.0 (Macintosh; Intel Mac OS X 10_15_5) AppleWebKit/605.1.15 (KHTML, like Gecko) Version/13.1.1 Safari/605.1.15 (Applebot/0.1; +http://www.apple.com/go/applebot)"
17.121.115.45 - - [10/Sep/2021:17:28:47 +0000] "GET /robots.txt HTTP/1.1" 301 242 "-" "Mozilla/5.0 (Macintosh; Intel Mac OS X 10_15_5) AppleWebKit/605.1.15 (KHTML, like Gecko) Version/13.1.1 Safari/605.1.15 (Applebot/0.1; +http://www.apple.com/go/applebot)"
17.121.114.226 - - [10/Sep/2021:17:28:48 +0000] "GET / HTTP/1.1" 301 236 "-" "Mozilla/5.0 (Macintosh; Intel Mac OS X 10_15_5) AppleWebKit/605.1.15 (KHTML, like Gecko) Version/13.1.1 Safari/605.1.15 (Applebot/0.1; +http://www.apple.com/go/applebot)"
17.121.115.45 - - [10/Sep/2021:17:28:48 +0000] "GET / HTTP/1.1" 301 232 "-" "Mozilla/5.0 (Macintosh; Intel Mac OS X 10_15_5) AppleWebKit/605.1.15 (KHTML, like Gecko) Version/13.1.1 Safari/605.1.15 (Applebot/0.1; +http://www.apple.com/go/applebot)"
17.121.112.118 - - [10/Sep/2021:17:28:49 +0000] "GET / HTTP/1.1" 200 63934 "-" "Mozilla/5.0 (Macintosh; Intel Mac OS X 10_15_5) AppleWebKit/605.1.15 (KHTML, like Gecko) Version/13.1.1 Safari/605.1.15 (Applebot/0.1; +http://www.apple.com/go/applebot)"
66.249.70.108 - - [10/Sep/2021:17:30:08 +0000] "GET / HTTP/1.1" 301 232 "-" "Mozilla/5.0 (Linux; Android 6.0.1; Nexus 5X Build/MMB29P) AppleWebKit/537.36 (KHTML, like Gecko) Chrome/92.0.4515.119 Mobile Safari/537.36 (compatible; Googlebot/2.1; +http://www.google.com/bot.html)"
66.249.70.110 - - [10/Sep/2021:17:31:30 +0000] "GET /FRONTLOADINGAUTOCLAVEAUTO.html HTTP/1.1" 200 58927 "-" "Mozilla/5.0 (Linux; Android 6.0.1; Nexus 5X Build/MMB29P) AppleWebKit/537.36 (KHTML, like Gecko) Chrome/92.0.4515.119 Mobile Safari/537.36 (compatible; Googlebot/2.1; +http://www.google.com/bot.html)"
66.249.70.110 - - [10/Sep/2021:17:33:36 +0000] "GET /AUTOCLAVEVERTICALDELUXEMODEL.html HTTP/1.1" 200 62892 "-" "Mozilla/5.0 (Linux; Android 6.0.1; Nexus 5X Build/MMB29P) AppleWebKit/537.36 (KHTML, like Gecko) Chrome/92.0.4515.119 Mobile Safari/537.36 (compatible; Googlebot/2.1; +http://www.google.com/bot.html)"
66.249.70.106 - - [10/Sep/2021:17:35:35 +0000] "GET /WATERDISTILLATIONAPPARATUS(DELUXEMODEL).html HTTP/1.1" 200 53920 "-" "Mozilla/5.0 (Linux; Android 6.0.1; Nexus 5X Build/MMB29P) AppleWebKit/537.36 (KHTML, like Gecko) Chrome/92.0.4515.119 Mobile Safari/537.36 (compatible; Googlebot/2.1; +http://www.google.com/bot.html)"
77.75.79.54 - - [10/Sep/2021:17:37:12 +0000] "GET /robots.txt HTTP/1.1" 404 208 "-" "Mozilla/5.0 (compatible; SeznamBot/3.2; +http://napoveda.seznam.cz/en/seznambot-intro/)"
77.75.79.54 - - [10/Sep/2021:17:37:14 +0000] "GET /AIRSHOWER.html HTTP/1.1" 200 58656 "-" "Mozilla/5.0 (compatible; SeznamBot/3.2; +http://napoveda.seznam.cz/en/seznambot-intro/)"
37.115.202.157 - - [10/Sep/2021:17:44:15 +0000] "GET / HTTP/1.1" 301 232 "https://phmetr.ru/" "Mozilla/4.0 (compatible; MSIE 5.5; Windows NT 5.0)"
66.249.70.106 - - [10/Sep/2021:18:02:35 +0000] "GET /MASHINGBATH.html HTTP/1.1" 200 51710 "-" "Mozilla/5.0 (Linux; Android 6.0.1; Nexus 5X Build/MMB29P) AppleWebKit/537.36 (KHTML, like Gecko) Chrome/92.0.4515.119 Mobile Safari/537.36 (compatible; Googlebot/2.1; +http://www.google.com/bot.html)"
17.121.114.242 - - [10/Sep/2021:18:18:06 +0000] "GET /all-products.php?maincategory=General%20Laboratory%20Equipments HTTP/1.1" 200 57565 "-" "Mozilla/5.0 (Macintosh; Intel Mac OS X 10_15_5) AppleWebKit/605.1.15 (KHTML, like Gecko) Version/13.1.1 Safari/605.1.15 (Applebot/0.1; +http://www.apple.com/go/applebot)"
107.175.229.202 - - [10/Sep/2021:18:22:34 +0000] "GET /ContactUs HTTP/1.1" 301 241 "-" "Mozilla/5.0 (X11; Linux x86_64) AppleWebKit/537.36 (KHTML, like Gecko) Chrome/92.0.4515.131 Safari/537.36"
172.81.112.106 - - [10/Sep/2021:18:22:36 +0000] "GET /ContactUs HTTP/1.1" 200 49509 "-" "Mozilla/5.0 (X11; Linux x86_64) AppleWebKit/537.36 (KHTML, like Gecko) Chrome/92.0.4515.131 Safari/537.36"
172.81.112.106 - - [10/Sep/2021:18:22:38 +0000] "GET /style.css HTTP/1.1" 200 10311 "https://scienocraft.com/ContactUs" "Mozilla/5.0 (X11; Linux x86_64) AppleWebKit/537.36 (KHTML, like Gecko) Chrome/92.0.4515.131 Safari/537.36"
172.81.112.106 - - [10/Sep/2021:18:22:39 +0000] "GET /menucss/menu.css HTTP/1.1" 404 214 "https://scienocraft.com/ContactUs" "Mozilla/5.0 (X11; Linux x86_64) AppleWebKit/537.36 (KHTML, like Gecko) Chrome/92.0.4515.131 Safari/537.36"
107.172.61.86 - - [10/Sep/2021:18:22:39 +0000] "GET /menu/css/dcmegamenu.css HTTP/1.1" 200 2350 "https://scienocraft.com/ContactUs" "Mozilla/5.0 (X11; Linux x86_64) AppleWebKit/537.36 (KHTML, like Gecko) Chrome/92.0.4515.131 Safari/537.36"
107.152.254.218 - - [10/Sep/2021:18:22:39 +0000] "GET /menu/css/skins/white.css HTTP/1.1" 200 3337 "https://scienocraft.com/ContactUs" "Mozilla/5.0 (X11; Linux x86_64) AppleWebKit/537.36 (KHTML, like Gecko) Chrome/92.0.4515.131 Safari/537.36"
172.96.80.245 - - [10/Sep/2021:18:22:39 +0000] "GET /menu/css/skins/red.css HTTP/1.1" 200 3318 "https://scienocraft.com/ContactUs" "Mozilla/5.0 (X11; Linux x86_64) AppleWebKit/537.36 (KHTML, like Gecko) Chrome/92.0.4515.131 Safari/537.36"
172.81.112.106 - - [10/Sep/2021:18:22:39 +0000] "GET /menu/js/jquery.hoverIntent.minified.js HTTP/1.1" 200 1606 "https://scienocraft.com/ContactUs" "Mozilla/5.0 (X11; Linux x86_64) AppleWebKit/537.36 (KHTML, like Gecko) Chrome/92.0.4515.131 Safari/537.36"
23.236.242.145 - - [10/Sep/2021:18:22:39 +0000] "GET /menu/js/jquery.dcmegamenu.1.2.js HTTP/1.1" 200 4832 "https://scienocraft.com/ContactUs" "Mozilla/5.0 (X11; Linux x86_64) AppleWebKit/537.36 (KHTML, like Gecko) Chrome/92.0.4515.131 Safari/537.36"
66.249.70.30 - - [10/Sep/2021:18:27:32 +0000] "GET /FUMEHOOD.html HTTP/1.1" 200 59371 "-" "Mozilla/5.0 (compatible; Googlebot/2.1; +http://www.google.com/bot.html)"
77.75.79.32 - - [10/Sep/2021:18:31:04 +0000] "GET /robots.txt HTTP/1.1" 404 208 "-" "Mozilla/5.0 (compatible; SeznamBot/3.2; +http://napoveda.seznam.cz/en/seznambot-intro/)"
77.75.79.32 - - [10/Sep/2021:18:31:06 +0000] "GET /STATICPASSBOX.html HTTP/1.1" 200 52355 "-" "Mozilla/5.0 (compatible; SeznamBot/3.2; +http://napoveda.seznam.cz/en/seznambot-intro/)"
168.91.37.110 - - [10/Sep/2021:18:32:12 +0000] "GET /PrivacyPolicy HTTP/1.1" 301 245 "-" "Mozilla/5.0 (X11; Linux x86_64) AppleWebKit/537.36 (KHTML, like Gecko) Chrome/92.0.4515.131 Safari/537.36"
152.44.102.245 - - [10/Sep/2021:18:32:13 +0000] "GET /PrivacyPolicy HTTP/1.1" 200 46411 "-" "Mozilla/5.0 (X11; Linux x86_64) AppleWebKit/537.36 (KHTML, like Gecko) Chrome/92.0.4515.131 Safari/537.36"
152.44.102.245 - - [10/Sep/2021:18:32:14 +0000] "GET /style.css HTTP/1.1" 200 10311 "https://scienocraft.com/PrivacyPolicy" "Mozilla/5.0 (X11; Linux x86_64) AppleWebKit/537.36 (KHTML, like Gecko) Chrome/92.0.4515.131 Safari/537.36"
104.227.65.117 - - [10/Sep/2021:18:32:15 +0000] "GET /menucss/menu.css HTTP/1.1" 404 214 "https://scienocraft.com/PrivacyPolicy" "Mozilla/5.0 (X11; Linux x86_64) AppleWebKit/537.36 (KHTML, like Gecko) Chrome/92.0.4515.131 Safari/537.36"
152.44.102.245 - - [10/Sep/2021:18:32:15 +0000] "GET /menu/css/dcmegamenu.css HTTP/1.1" 200 2350 "https://scienocraft.com/PrivacyPolicy" "Mozilla/5.0 (X11; Linux x86_64) AppleWebKit/537.36 (KHTML, like Gecko) Chrome/92.0.4515.131 Safari/537.36"
168.91.9.69 - - [10/Sep/2021:18:32:15 +0000] "GET /menu/css/skins/red.css HTTP/1.1" 200 3318 "https://scienocraft.com/PrivacyPolicy" "Mozilla/5.0 (X11; Linux x86_64) AppleWebKit/537.36 (KHTML, like Gecko) Chrome/92.0.4515.131 Safari/537.36"
66.146.234.211 - - [10/Sep/2021:18:32:15 +0000] "GET /menu/js/jquery.hoverIntent.minified.js HTTP/1.1" 200 1606 "https://scienocraft.com/PrivacyPolicy" "Mozilla/5.0 (X11; Linux x86_64) AppleWebKit/537.36 (KHTML, like Gecko) Chrome/92.0.4515.131 Safari/537.36"
162.244.148.1 - - [10/Sep/2021:18:32:15 +0000] "GET /menu/css/skins/white.css HTTP/1.1" 200 3337 "https://scienocraft.com/PrivacyPolicy" "Mozilla/5.0 (X11; Linux x86_64) AppleWebKit/537.36 (KHTML, like Gecko) Chrome/92.0.4515.131 Safari/537.36"
104.227.65.117 - - [10/Sep/2021:18:32:15 +0000] "GET /menu/js/jquery.dcmegamenu.1.2.js HTTP/1.1" 200 4832 "https://scienocraft.com/PrivacyPolicy" "Mozilla/5.0 (X11; Linux x86_64) AppleWebKit/537.36 (KHTML, like Gecko) Chrome/92.0.4515.131 Safari/537.36"
114.119.137.3 - - [10/Sep/2021:18:44:19 +0000] "GET /enquiry.php?pname=RECIPROCATING%20SHAKER/STI-%20362 HTTP/1.1" 200 61707 "-" "Mozilla/5.0 (Linux; Android 7.0;) AppleWebKit/537.36 (KHTML, like Gecko) Mobile Safari/537.36 (compatible; PetalBot;+https://webmaster.petalsearch.com/site/petalbot)"
114.119.137.252 - - [10/Sep/2021:18:51:28 +0000] "GET /enquiry.php?pname=ORBITAL%20INCUBATOR%20SHAKER%20BENCH%20TOP%20COOLING/%20STI-179%20B HTTP/1.1" 301 317 "-" "Mozilla/5.0 (Linux; Android 7.0;) AppleWebKit/537.36 (KHTML, like Gecko) Mobile Safari/537.36 (compatible; PetalBot;+https://webmaster.petalsearch.com/site/petalbot)"
114.119.137.252 - - [10/Sep/2021:18:51:29 +0000] "GET /enquiry.php?pname=ORBITAL%20INCUBATOR%20SHAKER%20BENCH%20TOP%20COOLING/%20STI-179%20B HTTP/1.1" 200 61731 "-" "Mozilla/5.0 (Linux; Android 7.0;) AppleWebKit/537.36 (KHTML, like Gecko) Mobile Safari/537.36 (compatible; PetalBot;+https://webmaster.petalsearch.com/site/petalbot)"
114.119.137.43 - - [10/Sep/2021:19:02:42 +0000] "GET /enquiry.php?pname=ORBITAL%20INCUBATOR%20SHAKER%20BENCH%20TOP%20COOLING/%20STI-179%20B HTTP/1.1" 200 61731 "-" "Mozilla/5.0 (Linux; Android 7.0;) AppleWebKit/537.36 (KHTML, like Gecko) Mobile Safari/537.36 (compatible; PetalBot;+https://webmaster.petalsearch.com/site/petalbot)"
40.77.167.78 - - [10/Sep/2021:19:06:18 +0000] "GET /all-products.php?maincategory=Shakers HTTP/1.1" 301 269 "-" "Mozilla/5.0 (compatible; bingbot/2.0; +http://www.bing.com/bingbot.htm)"
40.77.167.78 - - [10/Sep/2021:19:06:19 +0000] "GET /all-products.php?maincategory=Shakers HTTP/1.1" 200 54562 "-" "Mozilla/5.0 (compatible; bingbot/2.0; +http://www.bing.com/bingbot.htm)"
114.119.137.249 - - [10/Sep/2021:19:09:39 +0000] "GET /enquiry.php?pname=HYBRIDIZTION%20INCUBATOR%20COOLING/%20STI-293%20B HTTP/1.1" 301 299 "-" "Mozilla/5.0 (Linux; Android 7.0;) AppleWebKit/537.36 (KHTML, like Gecko) Mobile Safari/537.36 (compatible; PetalBot;+https://webmaster.petalsearch.com/site/petalbot)"
114.119.137.249 - - [10/Sep/2021:19:09:39 +0000] "GET /enquiry.php?pname=HYBRIDIZTION%20INCUBATOR%20COOLING/%20STI-293%20B HTTP/1.1" 200 61719 "-" "Mozilla/5.0 (Linux; Android 7.0;) AppleWebKit/537.36 (KHTML, like Gecko) Mobile Safari/537.36 (compatible; PetalBot;+https://webmaster.petalsearch.com/site/petalbot)"
114.119.137.31 - - [10/Sep/2021:19:20:21 +0000] "GET /GLASSBEADSTERILIZER(Squareshaped).html HTTP/1.1" 200 51473 "-" "Mozilla/5.0 (Linux; Android 7.0;) AppleWebKit/537.36 (KHTML, like Gecko) Mobile Safari/537.36 (compatible; PetalBot;+https://webmaster.petalsearch.com/site/petalbot)"
49.7.20.122 - - [10/Sep/2021:19:24:38 +0000] "GET / HTTP/1.1" 301 232 "-" "Sogou web spider/4.0(+http://www.sogou.com/docs/help/webmasters.htm#07)"
114.119.137.238 - - [10/Sep/2021:19:27:58 +0000] "GET /enquiry.php?pname=B%20O%20D%20INCUBATOR/%20STI-178%20STANDARD%20MODEL HTTP/1.1" 301 301 "-" "Mozilla/5.0 (Linux; Android 7.0;) AppleWebKit/537.36 (KHTML, like Gecko) Mobile Safari/537.36 (compatible; PetalBot;+https://webmaster.petalsearch.com/site/petalbot)"
114.119.137.238 - - [10/Sep/2021:19:27:58 +0000] "GET /enquiry.php?pname=B%20O%20D%20INCUBATOR/%20STI-178%20STANDARD%20MODEL HTTP/1.1" 200 61717 "-" "Mozilla/5.0 (Linux; Android 7.0;) AppleWebKit/537.36 (KHTML, like Gecko) Mobile Safari/537.36 (compatible; PetalBot;+https://webmaster.petalsearch.com/site/petalbot)"
77.75.79.11 - - [10/Sep/2021:19:30:29 +0000] "GET /robots.txt HTTP/1.1" 404 208 "-" "Mozilla/5.0 (compatible; SeznamBot/3.2; +http://napoveda.seznam.cz/en/seznambot-intro/)"
77.75.79.11 - - [10/Sep/2021:19:30:31 +0000] "GET /GLASSBEADSTERILIZER(Squareshaped).html HTTP/1.1" 200 51473 "-" "Mozilla/5.0 (compatible; SeznamBot/3.2; +http://napoveda.seznam.cz/en/seznambot-intro/)"
40.77.167.57 - - [10/Sep/2021:19:34:51 +0000] "GET /BODINCUBATORGMP.html HTTP/1.1" 301 252 "-" "Mozilla/5.0 (compatible; bingbot/2.0; +http://www.bing.com/bingbot.htm)"
40.77.167.57 - - [10/Sep/2021:19:35:00 +0000] "GET /BODINCUBATORGMP.html HTTP/1.1" 200 61393 "-" "Mozilla/5.0 (compatible; bingbot/2.0; +http://www.bing.com/bingbot.htm)"
114.119.137.3 - - [10/Sep/2021:19:36:25 +0000] "GET /enquiry.php?pname=BIOLOGICAL%20SAFETY%20CABINET%20TOTAL%20CONTAINMENT%20CABINET%20%20CLASS%20III/STI-229%20B HTTP/1.1" 200 61750 "-" "Mozilla/5.0 (Linux; Android 7.0;) AppleWebKit/537.36 (KHTML, like Gecko) Mobile Safari/537.36 (compatible; PetalBot;+https://webmaster.petalsearch.com/site/petalbot)"
114.119.137.45 - - [10/Sep/2021:19:45:30 +0000] "GET /enquiry.php?pname=DEEP%20FREEZER%20%20up%20to%20Minus%2086%20deg%20C/STI-181 HTTP/1.1" 301 308 "-" "Mozilla/5.0 (Linux; Android 7.0;) AppleWebKit/537.36 (KHTML, like Gecko) Mobile Safari/537.36 (compatible; PetalBot;+https://webmaster.petalsearch.com/site/petalbot)"
114.119.137.45 - - [10/Sep/2021:19:45:30 +0000] "GET /enquiry.php?pname=DEEP%20FREEZER%20%20up%20to%20Minus%2086%20deg%20C/STI-181 HTTP/1.1" 200 61720 "-" "Mozilla/5.0 (Linux; Android 7.0;) AppleWebKit/537.36 (KHTML, like Gecko) Mobile Safari/537.36 (compatible; PetalBot;+https://webmaster.petalsearch.com/site/petalbot)"
114.119.137.45 - - [10/Sep/2021:19:54:26 +0000] "GET /MUFFLEFURNACEMAXTEMP1000degC.html HTTP/1.1" 200 54385 "-" "Mozilla/5.0 (Linux; Android 7.0;) AppleWebKit/537.36 (KHTML, like Gecko) Mobile Safari/537.36 (compatible; PetalBot;+https://webmaster.petalsearch.com/site/petalbot)"
114.119.137.31 - - [10/Sep/2021:20:03:58 +0000] "GET /enquiry.php?pname=ROTAP%20SIEVE%20SHAKER/STI-372 HTTP/1.1" 200 61704 "-" "Mozilla/5.0 (Linux; Android 7.0;) AppleWebKit/537.36 (KHTML, like Gecko) Mobile Safari/537.36 (compatible; PetalBot;+https://webmaster.petalsearch.com/site/petalbot)"
114.119.137.45 - - [10/Sep/2021:20:13:08 +0000] "GET /products-catalogue.php HTTP/1.1" 301 254 "-" "Mozilla/5.0 (Linux; Android 7.0;) AppleWebKit/537.36 (KHTML, like Gecko) Mobile Safari/537.36 (compatible; PetalBot;+https://webmaster.petalsearch.com/site/petalbot)"
114.119.137.45 - - [10/Sep/2021:20:13:08 +0000] "GET /products-catalogue.php HTTP/1.1" 200 80159 "-" "Mozilla/5.0 (Linux; Android 7.0;) AppleWebKit/537.36 (KHTML, like Gecko) Mobile Safari/537.36 (compatible; PetalBot;+https://webmaster.petalsearch.com/site/petalbot)"
185.180.143.145 - - [10/Sep/2021:20:20:28 +0000] "GET / HTTP/1.1" 200 63934 "-" "Mozilla/5.0 (Windows NT 10.0; WOW64) AppleWebKit/537.36 (KHTML, like Gecko) Chrome/66.0.3359.117 Safari/537.36"
114.119.137.249 - - [10/Sep/2021:20:22:25 +0000] "GET /KJELDAHLDISTILLATIONUNIT.html HTTP/1.1" 301 261 "-" "Mozilla/5.0 (Linux; Android 7.0;) AppleWebKit/537.36 (KHTML, like Gecko) Mobile Safari/537.36 (compatible; PetalBot;+https://webmaster.petalsearch.com/site/petalbot)"
114.119.137.249 - - [10/Sep/2021:20:22:26 +0000] "GET /KJELDAHLDISTILLATIONUNIT.html HTTP/1.1" 200 52848 "-" "Mozilla/5.0 (Linux; Android 7.0;) AppleWebKit/537.36 (KHTML, like Gecko) Mobile Safari/537.36 (compatible; PetalBot;+https://webmaster.petalsearch.com/site/petalbot)"
49.7.20.116 - - [10/Sep/2021:20:23:05 +0000] "GET / HTTP/1.1" 301 232 "-" "Sogou web spider/4.0(+http://www.sogou.com/docs/help/webmasters.htm#07)"
77.75.78.168 - - [10/Sep/2021:20:24:16 +0000] "GET /robots.txt HTTP/1.1" 404 208 "-" "Mozilla/5.0 (compatible; SeznamBot/3.2; +http://napoveda.seznam.cz/en/seznambot-intro/)"
77.75.78.168 - - [10/Sep/2021:20:24:18 +0000] "GET /HPSTEAMSTERILIZERHORIZONTALAUTOPURGINGnEXHAUST.html HTTP/1.1" 200 62412 "-" "Mozilla/5.0 (compatible; SeznamBot/3.2; +http://napoveda.seznam.cz/en/seznambot-intro/)"
114.119.137.45 - - [10/Sep/2021:20:30:51 +0000] "GET /enquiry.php?pname=AIR%20CURTAIN/%20STI-109 HTTP/1.1" 301 274 "-" "Mozilla/5.0 (Linux; Android 7.0;) AppleWebKit/537.36 (KHTML, like Gecko) Mobile Safari/537.36 (compatible; PetalBot;+https://webmaster.petalsearch.com/site/petalbot)"
114.119.137.45 - - [10/Sep/2021:20:30:51 +0000] "GET /enquiry.php?pname=AIR%20CURTAIN/%20STI-109 HTTP/1.1" 200 61698 "-" "Mozilla/5.0 (Linux; Android 7.0;) AppleWebKit/537.36 (KHTML, like Gecko) Mobile Safari/537.36 (compatible; PetalBot;+https://webmaster.petalsearch.com/site/petalbot)"
114.119.137.238 - - [10/Sep/2021:20:38:51 +0000] "GET /enquiry.php?pname=MUFFLE%20FURNACE%201450%20deg%20C%20MAX/STI-252 HTTP/1.1" 200 61715 "-" "Mozilla/5.0 (Linux; Android 7.0;) AppleWebKit/537.36 (KHTML, like Gecko) Mobile Safari/537.36 (compatible; PetalBot;+https://webmaster.petalsearch.com/site/petalbot)"
66.249.64.253 - - [10/Sep/2021:20:40:37 +0000] "GET /DEHUMIFIER.html HTTP/1.1" 200 49067 "-" "Mozilla/5.0 (Linux; Android 6.0.1; Nexus 5X Build/MMB29P) AppleWebKit/537.36 (KHTML, like Gecko) Chrome/92.0.4515.119 Mobile Safari/537.36 (compatible; Googlebot/2.1; +http://www.google.com/bot.html)"
114.119.137.31 - - [10/Sep/2021:20:49:11 +0000] "GET /enquiry.php?pname=AUTOCLAVE%20VERTICAL%20STANDARD%20MODEL%20/STI-115%20A HTTP/1.1" 200 61722 "-" "Mozilla/5.0 (Linux; Android 7.0;) AppleWebKit/537.36 (KHTML, like Gecko) Mobile Safari/537.36 (compatible; PetalBot;+https://webmaster.petalsearch.com/site/petalbot)"
66.249.64.251 - - [10/Sep/2021:20:56:30 +0000] "GET /enquiry.php?pname=AUTOCLAVE%20VERTICAL%20DELUXE%20MODEL/STI-115%20B HTTP/1.1" 200 61719 "-" "Mozilla/5.0 (compatible; Googlebot/2.1; +http://www.google.com/bot.html)"
77.75.79.17 - - [10/Sep/2021:21:16:28 +0000] "GET /robots.txt HTTP/1.1" 404 208 "-" "Mozilla/5.0 (compatible; SeznamBot/3.2; +http://napoveda.seznam.cz/en/seznambot-intro/)"
77.75.79.17 - - [10/Sep/2021:21:16:30 +0000] "GET /galleryimg/6a244d27481a012ba21d2aebf8795d1f.png HTTP/1.1" 304 - "-" "Mozilla/5.0 (compatible; SeznamBot/3.2; +http://napoveda.seznam.cz/en/seznambot-intro/)"
195.123.209.118 - - [10/Sep/2021:21:41:43 +0000] "GET / HTTP/1.1" 301 232 "https://megatkani.ru/" "Mozilla/4.0 (compatible; MSIE 6.0; AOL 9.0; Windows NT 5.1)"
195.123.209.118 - - [10/Sep/2021:21:41:43 +0000] "GET / HTTP/1.1" 301 232 "https://megatkani.ru/" "Mozilla/4.0 (compatible; MSIE 6.0; AOL 9.0; Windows NT 5.1)"
195.123.209.118 - - [10/Sep/2021:21:41:44 +0000] "GET / HTTP/1.1" 301 232 "https://megatkani.ru/" "Mozilla/4.0 (compatible; MSIE 6.0; AOL 9.0; Windows NT 5.1)"
66.249.70.30 - - [10/Sep/2021:21:52:49 +0000] "GET /STABILITYCHAMBER21CFR(ECOFRIENDLYCFCFREECOOLINGREFRIGERANT).html HTTP/1.1" 200 59014 "-" "Mozilla/5.0 (Linux; Android 6.0.1; Nexus 5X Build/MMB29P) AppleWebKit/537.36 (KHTML, like Gecko) Chrome/92.0.4515.119 Mobile Safari/537.36 (compatible; Googlebot/2.1; +http://www.google.com/bot.html)"
40.77.167.57 - - [10/Sep/2021:21:57:33 +0000] "GET /OILBATH.html HTTP/1.1" 200 55338 "-" "Mozilla/5.0 (compatible; bingbot/2.0; +http://www.bing.com/bingbot.htm)"
35.196.173.96 - - [10/Sep/2021:22:01:38 +0000] "GET /robots.txt HTTP/1.0" 301 242 "-" "ZoominfoBot (zoominfobot at zoominfo dot com)"
35.196.173.96 - - [10/Sep/2021:22:01:39 +0000] "GET /robots.txt HTTP/1.1" 404 208 "-" "ZoominfoBot (zoominfobot at zoominfo dot com)"
35.196.173.96 - - [10/Sep/2021:22:01:40 +0000] "GET /LAMINARHORIZONTALMICROCONTROLLERLCDDISPLAY.html HTTP/1.0" 301 279 "-" "ZoominfoBot (zoominfobot at zoominfo dot com)"
17.121.115.207 - - [10/Sep/2021:22:05:40 +0000] "GET /STABILITYCHAMBER21CFR(ECOFRIENDLYCFCFREECOOLINGREFRIGERANT).html HTTP/1.1" 200 59014 "-" "Mozilla/5.0 (Macintosh; Intel Mac OS X 10_15_5) AppleWebKit/605.1.15 (KHTML, like Gecko) Version/13.1.1 Safari/605.1.15 (Applebot/0.1; +http://www.apple.com/go/applebot)"
77.75.79.109 - - [10/Sep/2021:22:14:16 +0000] "GET /robots.txt HTTP/1.1" 404 208 "-" "Mozilla/5.0 (compatible; SeznamBot/3.2; +http://napoveda.seznam.cz/en/seznambot-intro/)"
77.75.79.109 - - [10/Sep/2021:22:14:18 +0000] "GET /LAMINARFLOWBENCHVERTICAL.html HTTP/1.1" 200 62733 "-" "Mozilla/5.0 (compatible; SeznamBot/3.2; +http://napoveda.seznam.cz/en/seznambot-intro/)"
35.196.173.96 - - [10/Sep/2021:22:15:12 +0000] "GET /LAMINARFLOWBENCHVERTICAL.html HTTP/1.0" 301 261 "-" "ZoominfoBot (zoominfobot at zoominfo dot com)"
35.196.173.96 - - [10/Sep/2021:22:15:44 +0000] "GET /AUTOCLAVEVERTICALDELUXEMODEL.html HTTP/1.0" 301 265 "-" "ZoominfoBot (zoominfobot at zoominfo dot com)"
35.196.173.96 - - [10/Sep/2021:22:16:16 +0000] "GET /AboutUs HTTP/1.0" 301 239 "-" "ZoominfoBot (zoominfobot at zoominfo dot com)"
193.31.24.154 - - [10/Sep/2021:22:18:11 +0000] "GET /ThankYou/ HTTP/1.0" 301 241 "http://scienocraft.com/ThankYou/" "Mozilla/5.0 (Windows NT 10.0; Win64; x64) AppleWebKit/537.36 (KHTML, like Gecko) Chrome/90.0.4430.85 Safari/537.36"
193.31.24.154 - - [10/Sep/2021:22:18:12 +0000] "GET /ThankYou/ HTTP/1.0" 404 207 "https://scienocraft.com/ThankYou/" "Mozilla/5.0 (Windows NT 10.0; Win64; x64) AppleWebKit/537.36 (KHTML, like Gecko) Chrome/90.0.4430.85 Safari/537.36"
193.31.24.154 - - [10/Sep/2021:22:18:14 +0000] "GET / HTTP/1.0" 200 63934 "https://scienocraft.com/" "Mozilla/5.0 (Windows NT 10.0; Win64; x64) AppleWebKit/537.36 (KHTML, like Gecko) Chrome/90.0.4430.85 Safari/537.36"
149.202.238.204 - - [10/Sep/2021:22:18:23 +0000] "GET /ContactUs HTTP/1.0" 301 241 "https://www.scienocraft.com/ContactUs" "Mozilla/5.0 (Windows NT 10.0; Win64; x64) AppleWebKit/537.36 (KHTML, like Gecko) Chrome/90.0.4430.85 Safari/537.36"
149.202.238.204 - - [10/Sep/2021:22:18:24 +0000] "GET /ContactUs HTTP/1.0" 200 49509 "https://scienocraft.com/ContactUs" "Mozilla/5.0 (Windows NT 10.0; Win64; x64) AppleWebKit/537.36 (KHTML, like Gecko) Chrome/90.0.4430.85 Safari/537.36"
35.196.173.96 - - [10/Sep/2021:22:18:34 +0000] "GET /PrivacyPolicy HTTP/1.0" 301 245 "-" "ZoominfoBot (zoominfobot at zoominfo dot com)"
35.196.173.96 - - [10/Sep/2021:22:19:48 +0000] "GET /robots.txt HTTP/1.0" 404 208 "-" "ZoominfoBot (zoominfobot at zoominfo dot com)"
35.196.173.96 - - [10/Sep/2021:22:19:49 +0000] "GET /all-products.php?maincategory=TEST%20CHAMBERS HTTP/1.0" 200 54488 "-" "ZoominfoBot (zoominfobot at zoominfo dot com)"
35.196.173.96 - - [10/Sep/2021:22:19:52 +0000] "GET /all-products.php?maincategory=Lab%20Equipments%20(Heating) HTTP/1.0" 200 52596 "-" "ZoominfoBot (zoominfobot at zoominfo dot com)"
35.196.173.96 - - [10/Sep/2021:22:20:00 +0000] "GET /all-products.php?maincategory=Environmental%20Chambers HTTP/1.0" 200 52172 "-" "ZoominfoBot (zoominfobot at zoominfo dot com)"
35.196.173.96 - - [10/Sep/2021:22:20:04 +0000] "GET /all-products.php?maincategory=Cooling%20Equipment HTTP/1.0" 200 50929 "-" "ZoominfoBot (zoominfobot at zoominfo dot com)"
35.196.173.96 - - [10/Sep/2021:22:20:08 +0000] "GET /products-catalogue.php HTTP/1.0" 200 80159 "-" "ZoominfoBot (zoominfobot at zoominfo dot com)"
66.249.70.1 - - [10/Sep/2021:22:24:40 +0000] "GET /STABILITYCHAMBER21CFR(ECOFRIENDLYCFCFREECOOLINGREFRIGERANT).html HTTP/1.1" 200 59014 "-" "Mozilla/5.0 (compatible; Googlebot/2.1; +http://www.google.com/bot.html)"
35.196.173.96 - - [10/Sep/2021:22:25:17 +0000] "GET /ExhibitionandAwards HTTP/1.0" 301 251 "-" "ZoominfoBot (zoominfobot at zoominfo dot com)"
35.196.173.96 - - [10/Sep/2021:22:31:01 +0000] "GET /all-products.php?maincategory=General%20Laboratory%20Equipments HTTP/1.0" 200 57565 "-" "ZoominfoBot (zoominfobot at zoominfo dot com)"
35.196.173.96 - - [10/Sep/2021:22:33:53 +0000] "GET /AUTOCLAVEVERTICALGMPMODEL.html HTTP/1.0" 301 262 "-" "ZoominfoBot (zoominfobot at zoominfo dot com)"
35.196.173.96 - - [10/Sep/2021:22:34:39 +0000] "GET /AUTOCLAVEVERTICALSTANDARDMODEL.html HTTP/1.0" 301 267 "-" "ZoominfoBot (zoominfobot at zoominfo dot com)"
35.196.173.96 - - [10/Sep/2021:22:34:52 +0000] "GET /index.php HTTP/1.0" 200 63934 "-" "ZoominfoBot (zoominfobot at zoominfo dot com)"
35.196.173.96 - - [10/Sep/2021:22:35:03 +0000] "GET /Sitemap HTTP/1.0" 301 239 "-" "ZoominfoBot (zoominfobot at zoominfo dot com)"
35.196.173.96 - - [10/Sep/2021:22:47:04 +0000] "GET /robots.txt HTTP/1.0" 301 246 "-" "ZoominfoBot (zoominfobot at zoominfo dot com)"
35.196.173.96 - - [10/Sep/2021:22:47:05 +0000] "GET /robots.txt HTTP/1.1" 301 242 "-" "ZoominfoBot (zoominfobot at zoominfo dot com)"
35.196.173.96 - - [10/Sep/2021:22:47:06 +0000] "GET /robots.txt HTTP/1.1" 404 208 "-" "ZoominfoBot (zoominfobot at zoominfo dot com)"
35.196.173.96 - - [10/Sep/2021:22:47:06 +0000] "GET /AboutUs HTTP/1.0" 301 243 "-" "ZoominfoBot (zoominfobot at zoominfo dot com)"
35.196.173.96 - - [10/Sep/2021:22:47:07 +0000] "GET /AboutUs HTTP/1.0" 301 239 "-" "ZoominfoBot (zoominfobot at zoominfo dot com)"
35.196.173.96 - - [10/Sep/2021:22:48:23 +0000] "GET /all-products.php?maincategory=Vacuum%20Equipments HTTP/1.0" 200 52157 "-" "ZoominfoBot (zoominfobot at zoominfo dot com)"
35.196.173.96 - - [10/Sep/2021:22:48:53 +0000] "GET /all-products.php?maincategory=Clean%20Room%20Benches HTTP/1.0" 200 54299 "-" "ZoominfoBot (zoominfobot at zoominfo dot com)"
35.196.173.96 - - [10/Sep/2021:22:52:20 +0000] "GET /AUTOCLAVEVERTICALDOUBLEWALLSEMIAUTO.html HTTP/1.0" 301 272 "-" "ZoominfoBot (zoominfobot at zoominfo dot com)"
35.196.173.96 - - [10/Sep/2021:22:55:15 +0000] "GET /all-products.php?maincategory=Water(Liquid)%20Bath%20Equipments HTTP/1.0" 200 55830 "-" "ZoominfoBot (zoominfobot at zoominfo dot com)"
35.196.173.96 - - [10/Sep/2021:22:56:03 +0000] "GET /all-products.php?maincategory=Distillation%20Equipments HTTP/1.0" 200 55816 "-" "ZoominfoBot (zoominfobot at zoominfo dot com)"
35.196.173.96 - - [10/Sep/2021:23:00:16 +0000] "GET /TermsandConditions HTTP/1.0" 301 250 "-" "ZoominfoBot (zoominfobot at zoominfo dot com)"
66.249.70.1 - - [10/Sep/2021:23:02:12 +0000] "GET /BODINCUBATOR.html HTTP/1.1" 200 60422 "-" "Mozilla/5.0 (Linux; Android 6.0.1; Nexus 5X Build/MMB29P) AppleWebKit/537.36 (KHTML, like Gecko) Chrome/92.0.4515.119 Mobile Safari/537.36 (compatible; Googlebot/2.1; +http://www.google.com/bot.html)"
