92.118.160.1 - - [14/Sep/2021:05:48:57 +0000] "GET / HTTP/1.1" 200 63934 "-" "Go http package"
54.36.149.13 - - [14/Sep/2021:05:49:57 +0000] "GET /HUMDIIFIER(S.S.BODY).html HTTP/1.1" 200 50783 "-" "Mozilla/5.0 (compatible; AhrefsBot/7.0; +http://ahrefs.com/robot/)"
183.101.210.122 - - [14/Sep/2021:05:52:03 +0000] "GET /galleryimg/521ffb58fca46ab1f77eef66805f8fe9.png HTTP/1.1" 200 54089 "https://www.google.com/" "Mozilla/5.0 (Windows NT 10.0; Win64; x64) AppleWebKit/537.36 (KHTML, like Gecko) Chrome/93.0.4577.63 Safari/537.36"
114.119.137.38 - - [14/Sep/2021:06:05:53 +0000] "GET /enquiry.php?pname=AUTOCLAVE%20HORIZONTAL%20DOUBLE%20WALL%20/STI-117 HTTP/1.1" 200 61719 "-" "Mozilla/5.0 (Linux; Android 7.0;) AppleWebKit/537.36 (KHTML, like Gecko) Mobile Safari/537.36 (compatible; PetalBot;+https://webmaster.petalsearch.com/site/petalbot)"
118.184.177.83 - - [14/Sep/2021:06:06:54 +0000] "GET / HTTP/1.1" 301 232 "-" "Sogou web spider/4.0(+http://www.sogou.com/docs/help/webmasters.htm#07)"
118.184.177.83 - - [14/Sep/2021:06:08:01 +0000] "GET / HTTP/1.1" 200 63934 "-" "Sogou web spider/4.0(+http://www.sogou.com/docs/help/webmasters.htm#07)"
77.75.77.109 - - [14/Sep/2021:06:08:49 +0000] "GET /robots.txt HTTP/1.1" 404 208 "-" "Mozilla/5.0 (compatible; SeznamBot/3.2; +http://napoveda.seznam.cz/en/seznambot-intro/)"
77.75.77.109 - - [14/Sep/2021:06:08:51 +0000] "GET /INCUBATORBACTERIOLOGICAL.html HTTP/1.1" 200 59215 "-" "Mozilla/5.0 (compatible; SeznamBot/3.2; +http://napoveda.seznam.cz/en/seznambot-intro/)"
114.119.137.43 - - [14/Sep/2021:06:13:58 +0000] "GET /VORTEXSHAKER(TESTTUBESHAKER)On-OffType-SenseTouchType.html HTTP/1.1" 301 290 "-" "Mozilla/5.0 (Linux; Android 7.0;) AppleWebKit/537.36 (KHTML, like Gecko) Mobile Safari/537.36 (compatible; PetalBot;+https://webmaster.petalsearch.com/site/petalbot)"
114.119.137.43 - - [14/Sep/2021:06:13:59 +0000] "GET /VORTEXSHAKER(TESTTUBESHAKER)On-OffType-SenseTouchType.html HTTP/1.1" 200 50715 "-" "Mozilla/5.0 (Linux; Android 7.0;) AppleWebKit/537.36 (KHTML, like Gecko) Mobile Safari/537.36 (compatible; PetalBot;+https://webmaster.petalsearch.com/site/petalbot)"
18.159.196.172 - - [14/Sep/2021:06:18:27 +0000] "GET /.well-known/acme-challenge/BhIVeb7zoGdNfnrd-BzyfAUN9Pj_VOBwwMDTm5mI_f8 HTTP/1.1" 404 268 "-" "Mozilla/5.0 (compatible; Let's Encrypt validation server; +https://www.letsencrypt.org)"
3.142.122.14 - - [14/Sep/2021:06:18:27 +0000] "GET /.well-known/acme-challenge/BhIVeb7zoGdNfnrd-BzyfAUN9Pj_VOBwwMDTm5mI_f8 HTTP/1.1" 404 268 "-" "Mozilla/5.0 (compatible; Let's Encrypt validation server; +https://www.letsencrypt.org)"
64.78.149.164 - - [14/Sep/2021:06:18:27 +0000] "GET /.well-known/acme-challenge/BhIVeb7zoGdNfnrd-BzyfAUN9Pj_VOBwwMDTm5mI_f8 HTTP/1.1" 404 268 "-" "Mozilla/5.0 (compatible; Let's Encrypt validation server; +https://www.letsencrypt.org)"
34.219.87.132 - - [14/Sep/2021:06:18:27 +0000] "GET /.well-known/acme-challenge/BhIVeb7zoGdNfnrd-BzyfAUN9Pj_VOBwwMDTm5mI_f8 HTTP/1.1" 404 268 "-" "Mozilla/5.0 (compatible; Let's Encrypt validation server; +https://www.letsencrypt.org)"
114.119.156.129 - - [14/Sep/2021:06:22:50 +0000] "GET /robots.txt HTTP/1.1" 301 246 "-" "Mozilla/5.0 (compatible;PetalBot;+https://webmaster.petalsearch.com/site/petalbot)"
114.119.156.129 - - [14/Sep/2021:06:22:51 +0000] "GET /robots.txt HTTP/1.1" 301 242 "-" "Mozilla/5.0 (compatible;PetalBot;+https://webmaster.petalsearch.com/site/petalbot)"
114.119.156.129 - - [14/Sep/2021:06:22:52 +0000] "GET /robots.txt HTTP/1.1" 404 208 "-" "Mozilla/5.0 (compatible;PetalBot;+https://webmaster.petalsearch.com/site/petalbot)"
114.119.137.43 - - [14/Sep/2021:06:28:50 +0000] "GET /MASHINGBATH.html HTTP/1.1" 301 248 "-" "Mozilla/5.0 (Linux; Android 7.0;) AppleWebKit/537.36 (KHTML, like Gecko) Mobile Safari/537.36 (compatible; PetalBot;+https://webmaster.petalsearch.com/site/petalbot)"
114.119.137.43 - - [14/Sep/2021:06:28:51 +0000] "GET /MASHINGBATH.html HTTP/1.1" 200 51710 "-" "Mozilla/5.0 (Linux; Android 7.0;) AppleWebKit/537.36 (KHTML, like Gecko) Mobile Safari/537.36 (compatible; PetalBot;+https://webmaster.petalsearch.com/site/petalbot)"
114.119.137.249 - - [14/Sep/2021:06:34:46 +0000] "GET /enquiry.php?pname=CO2%20INCUBATOR%20AIR%20JACKETED%20-HEATING/%20STI-294%20A HTTP/1.1" 200 61724 "-" "Mozilla/5.0 (Linux; Android 7.0;) AppleWebKit/537.36 (KHTML, like Gecko) Mobile Safari/537.36 (compatible; PetalBot;+https://webmaster.petalsearch.com/site/petalbot)"
123.125.109.110 - - [14/Sep/2021:06:41:26 +0000] "GET / HTTP/1.1" 301 236 "-" "Sogou web spider/4.0(+http://www.sogou.com/docs/help/webmasters.htm#07)"
49.7.20.121 - - [14/Sep/2021:06:43:35 +0000] "GET / HTTP/1.1" 301 232 "-" "Sogou web spider/4.0(+http://www.sogou.com/docs/help/webmasters.htm#07)"
123.125.109.110 - - [14/Sep/2021:06:52:31 +0000] "GET / HTTP/1.1" 301 232 "-" "Sogou web spider/4.0(+http://www.sogou.com/docs/help/webmasters.htm#07)"
49.7.20.121 - - [14/Sep/2021:06:55:06 +0000] "GET / HTTP/1.1" 200 63934 "-" "Sogou web spider/4.0(+http://www.sogou.com/docs/help/webmasters.htm#07)"
123.125.109.110 - - [14/Sep/2021:07:00:47 +0000] "GET / HTTP/1.1" 200 63934 "-" "Sogou web spider/4.0(+http://www.sogou.com/docs/help/webmasters.htm#07)"
114.119.137.3 - - [14/Sep/2021:07:01:34 +0000] "GET /enquiry.php?pname=HIGH%20LOW%20THERMAL%20CHAMBER%20WITH%20HUMIDITY%20ARRANGEMENT/STI-197%20C HTTP/1.1" 301 324 "-" "Mozilla/5.0 (Linux; Android 7.0;) AppleWebKit/537.36 (KHTML, like Gecko) Mobile Safari/537.36 (compatible; PetalBot;+https://webmaster.petalsearch.com/site/petalbot)"
114.119.137.3 - - [14/Sep/2021:07:01:35 +0000] "GET /enquiry.php?pname=HIGH%20LOW%20THERMAL%20CHAMBER%20WITH%20HUMIDITY%20ARRANGEMENT/STI-197%20C HTTP/1.1" 200 61738 "-" "Mozilla/5.0 (Linux; Android 7.0;) AppleWebKit/537.36 (KHTML, like Gecko) Mobile Safari/537.36 (compatible; PetalBot;+https://webmaster.petalsearch.com/site/petalbot)"
114.119.137.38 - - [14/Sep/2021:07:09:46 +0000] "GET /ORBITALINCUBATORSHAKERBENCHTOPCOOLING.html HTTP/1.1" 301 274 "-" "Mozilla/5.0 (Linux; Android 7.0;) AppleWebKit/537.36 (KHTML, like Gecko) Mobile Safari/537.36 (compatible; PetalBot;+https://webmaster.petalsearch.com/site/petalbot)"
114.119.137.38 - - [14/Sep/2021:07:09:47 +0000] "GET /ORBITALINCUBATORSHAKERBENCHTOPCOOLING.html HTTP/1.1" 200 58586 "-" "Mozilla/5.0 (Linux; Android 7.0;) AppleWebKit/537.36 (KHTML, like Gecko) Mobile Safari/537.36 (compatible; PetalBot;+https://webmaster.petalsearch.com/site/petalbot)"
54.36.148.159 - - [14/Sep/2021:07:13:57 +0000] "GET / HTTP/1.1" 200 63934 "-" "Mozilla/5.0 (compatible; AhrefsBot/7.0; +http://ahrefs.com/robot/)"
114.119.137.38 - - [14/Sep/2021:07:15:06 +0000] "GET /WILLEYMILLGRINDER.html HTTP/1.1" 200 53866 "-" "Mozilla/5.0 (Linux; Android 7.0;) AppleWebKit/537.36 (KHTML, like Gecko) Mobile Safari/537.36 (compatible; PetalBot;+https://webmaster.petalsearch.com/site/petalbot)"
77.75.77.95 - - [14/Sep/2021:07:16:49 +0000] "GET /robots.txt HTTP/1.1" 404 208 "-" "Mozilla/5.0 (compatible; SeznamBot/3.2; +http://napoveda.seznam.cz/en/seznambot-intro/)"
77.75.77.95 - - [14/Sep/2021:07:16:52 +0000] "GET /HEATINGMANTLE.html HTTP/1.1" 200 59430 "-" "Mozilla/5.0 (compatible; SeznamBot/3.2; +http://napoveda.seznam.cz/en/seznambot-intro/)"
18.159.196.172 - - [14/Sep/2021:07:18:26 +0000] "GET /.well-known/acme-challenge/inD9tz5q_VZ_xMSIUbwHDVuJMyPjUcLKSM1H3EmKKKY HTTP/1.1" 404 268 "-" "Mozilla/5.0 (compatible; Let's Encrypt validation server; +https://www.letsencrypt.org)"
3.19.56.43 - - [14/Sep/2021:07:18:26 +0000] "GET /.well-known/acme-challenge/inD9tz5q_VZ_xMSIUbwHDVuJMyPjUcLKSM1H3EmKKKY HTTP/1.1" 404 268 "-" "Mozilla/5.0 (compatible; Let's Encrypt validation server; +https://www.letsencrypt.org)"
64.78.149.164 - - [14/Sep/2021:07:18:26 +0000] "GET /.well-known/acme-challenge/inD9tz5q_VZ_xMSIUbwHDVuJMyPjUcLKSM1H3EmKKKY HTTP/1.1" 404 268 "-" "Mozilla/5.0 (compatible; Let's Encrypt validation server; +https://www.letsencrypt.org)"
34.219.87.132 - - [14/Sep/2021:07:18:26 +0000] "GET /.well-known/acme-challenge/inD9tz5q_VZ_xMSIUbwHDVuJMyPjUcLKSM1H3EmKKKY HTTP/1.1" 404 268 "-" "Mozilla/5.0 (compatible; Let's Encrypt validation server; +https://www.letsencrypt.org)"
66.249.79.252 - - [14/Sep/2021:07:31:34 +0000] "GET /robots.txt HTTP/1.1" 301 242 "-" "Mozilla/5.0 (compatible; Googlebot/2.1; +http://www.google.com/bot.html)"
66.249.79.159 - - [14/Sep/2021:07:31:35 +0000] "GET /robots.txt HTTP/1.1" 404 208 "-" "Mozilla/5.0 (compatible; Googlebot/2.1; +http://www.google.com/bot.html)"
66.249.66.83 - - [14/Sep/2021:07:31:36 +0000] "GET /KJELDAHLDISTILLATIONUNIT.html HTTP/1.1" 301 261 "-" "Mozilla/5.0 (Linux; Android 6.0.1; Nexus 5X Build/MMB29P) AppleWebKit/537.36 (KHTML, like Gecko) Chrome/93.0.4577.82 Mobile Safari/537.36 (compatible; Googlebot/2.1; +http://www.google.com/bot.html)"
66.249.79.128 - - [14/Sep/2021:07:31:37 +0000] "GET /KJELDAHLDISTILLATIONUNIT.html HTTP/1.1" 200 52848 "-" "Mozilla/5.0 (Linux; Android 6.0.1; Nexus 5X Build/MMB29P) AppleWebKit/537.36 (KHTML, like Gecko) Chrome/93.0.4577.82 Mobile Safari/537.36 (compatible; Googlebot/2.1; +http://www.google.com/bot.html)"
114.119.137.238 - - [14/Sep/2021:07:39:21 +0000] "GET /enquiry.php?pname=LAMINAR%20HORIZONTAL%20MICRO%20CONTROLLER%20LCD%20DISPLAY/%20STI-231B HTTP/1.1" 200 61735 "-" "Mozilla/5.0 (Linux; Android 7.0;) AppleWebKit/537.36 (KHTML, like Gecko) Mobile Safari/537.36 (compatible; PetalBot;+https://webmaster.petalsearch.com/site/petalbot)"
195.123.209.118 - - [14/Sep/2021:07:43:53 +0000] "GET / HTTP/1.1" 301 232 "https://stk-vrn.ru/" "Mozilla/4.0 (compatible; MSIE 6.0; Windows NT 5.1; SV1; YPC 3.0.2; .NET CLR 1.1.4322; yplus 4.4.02b)"
195.123.209.118 - - [14/Sep/2021:07:43:53 +0000] "GET / HTTP/1.1" 301 232 "https://stk-vrn.ru/" "Mozilla/4.0 (compatible; MSIE 6.0; Windows NT 5.1; SV1; YPC 3.0.2; .NET CLR 1.1.4322; yplus 4.4.02b)"
195.123.209.118 - - [14/Sep/2021:07:43:54 +0000] "GET / HTTP/1.1" 301 232 "https://stk-vrn.ru/" "Mozilla/4.0 (compatible; MSIE 6.0; Windows NT 5.1; SV1; YPC 3.0.2; .NET CLR 1.1.4322; yplus 4.4.02b)"
66.249.79.158 - - [14/Sep/2021:07:45:39 +0000] "GET /favicon.ico HTTP/1.1" 404 209 "-" "Googlebot-Image/1.0"
54.36.149.97 - - [14/Sep/2021:08:08:22 +0000] "GET /OILBATH.html HTTP/1.1" 200 55338 "-" "Mozilla/5.0 (compatible; AhrefsBot/7.0; +http://ahrefs.com/robot/)"
66.249.79.238 - - [14/Sep/2021:08:13:49 +0000] "GET /robots.txt HTTP/1.1" 301 246 "-" "Mozilla/5.0 (compatible; Googlebot/2.1; +http://www.google.com/bot.html)"
66.249.79.236 - - [14/Sep/2021:08:13:50 +0000] "GET /HOTAIROVEN.html HTTP/1.1" 301 251 "-" "Mozilla/5.0 (Linux; Android 6.0.1; Nexus 5X Build/MMB29P) AppleWebKit/537.36 (KHTML, like Gecko) Chrome/93.0.4577.83 Mobile Safari/537.36 (compatible; Googlebot/2.1; +http://www.google.com/bot.html)"
66.249.79.248 - - [14/Sep/2021:08:13:51 +0000] "GET /HOTAIROVEN.html HTTP/1.1" 301 247 "-" "Mozilla/5.0 (Linux; Android 6.0.1; Nexus 5X Build/MMB29P) AppleWebKit/537.36 (KHTML, like Gecko) Chrome/93.0.4577.83 Mobile Safari/537.36 (compatible; Googlebot/2.1; +http://www.google.com/bot.html)"
66.249.79.158 - - [14/Sep/2021:08:13:52 +0000] "GET /HOTAIROVEN.html HTTP/1.1" 200 61460 "-" "Mozilla/5.0 (Linux; Android 6.0.1; Nexus 5X Build/MMB29P) AppleWebKit/537.36 (KHTML, like Gecko) Chrome/93.0.4577.83 Mobile Safari/537.36 (compatible; Googlebot/2.1; +http://www.google.com/bot.html)"
77.75.78.170 - - [14/Sep/2021:08:14:01 +0000] "GET /robots.txt HTTP/1.1" 404 208 "-" "Mozilla/5.0 (compatible; SeznamBot/3.2; +http://napoveda.seznam.cz/en/seznambot-intro/)"
77.75.78.170 - - [14/Sep/2021:08:14:04 +0000] "GET /HUMIDITYCHAMBER(HEATING).html HTTP/1.1" 200 57487 "-" "Mozilla/5.0 (compatible; SeznamBot/3.2; +http://napoveda.seznam.cz/en/seznambot-intro/)"
49.7.20.116 - - [14/Sep/2021:08:16:22 +0000] "GET / HTTP/1.1" 301 236 "-" "Sogou web spider/4.0(+http://www.sogou.com/docs/help/webmasters.htm#07)"
3.120.130.29 - - [14/Sep/2021:08:18:26 +0000] "GET /.well-known/acme-challenge/EZhL5kkdYEIGqctXpIJPClmQOILGi8z59iEuK10wtLw HTTP/1.1" 404 268 "-" "Mozilla/5.0 (compatible; Let's Encrypt validation server; +https://www.letsencrypt.org)"
18.116.86.117 - - [14/Sep/2021:08:18:26 +0000] "GET /.well-known/acme-challenge/EZhL5kkdYEIGqctXpIJPClmQOILGi8z59iEuK10wtLw HTTP/1.1" 404 268 "-" "Mozilla/5.0 (compatible; Let's Encrypt validation server; +https://www.letsencrypt.org)"
34.219.87.132 - - [14/Sep/2021:08:18:26 +0000] "GET /.well-known/acme-challenge/EZhL5kkdYEIGqctXpIJPClmQOILGi8z59iEuK10wtLw HTTP/1.1" 404 268 "-" "Mozilla/5.0 (compatible; Let's Encrypt validation server; +https://www.letsencrypt.org)"
64.78.149.164 - - [14/Sep/2021:08:18:26 +0000] "GET /.well-known/acme-challenge/EZhL5kkdYEIGqctXpIJPClmQOILGi8z59iEuK10wtLw HTTP/1.1" 404 268 "-" "Mozilla/5.0 (compatible; Let's Encrypt validation server; +https://www.letsencrypt.org)"
114.119.137.249 - - [14/Sep/2021:08:23:34 +0000] "GET /ORBITALINCUBATORSHAKER(HEATING).html HTTP/1.1" 301 268 "-" "Mozilla/5.0 (Linux; Android 7.0;) AppleWebKit/537.36 (KHTML, like Gecko) Mobile Safari/537.36 (compatible; PetalBot;+https://webmaster.petalsearch.com/site/petalbot)"
114.119.137.249 - - [14/Sep/2021:08:23:35 +0000] "GET /ORBITALINCUBATORSHAKER(HEATING).html HTTP/1.1" 200 59084 "-" "Mozilla/5.0 (Linux; Android 7.0;) AppleWebKit/537.36 (KHTML, like Gecko) Mobile Safari/537.36 (compatible; PetalBot;+https://webmaster.petalsearch.com/site/petalbot)"
114.119.137.43 - - [14/Sep/2021:08:29:26 +0000] "GET /STABILITYCHAMBER21CFR(ECOFRIENDLYCFCFREECOOLINGREFRIGERANT).html HTTP/1.1" 301 296 "-" "Mozilla/5.0 (Linux; Android 7.0;) AppleWebKit/537.36 (KHTML, like Gecko) Mobile Safari/537.36 (compatible; PetalBot;+https://webmaster.petalsearch.com/site/petalbot)"
114.119.137.43 - - [14/Sep/2021:08:29:29 +0000] "GET /STABILITYCHAMBER21CFR(ECOFRIENDLYCFCFREECOOLINGREFRIGERANT).html HTTP/1.1" 200 59014 "-" "Mozilla/5.0 (Linux; Android 7.0;) AppleWebKit/537.36 (KHTML, like Gecko) Mobile Safari/537.36 (compatible; PetalBot;+https://webmaster.petalsearch.com/site/petalbot)"
118.184.177.23 - - [14/Sep/2021:08:30:26 +0000] "GET / HTTP/1.1" 301 232 "-" "Sogou web spider/4.0(+http://www.sogou.com/docs/help/webmasters.htm#07)"
118.184.177.23 - - [14/Sep/2021:08:31:31 +0000] "GET / HTTP/1.1" 200 63934 "-" "Sogou web spider/4.0(+http://www.sogou.com/docs/help/webmasters.htm#07)"
114.119.137.45 - - [14/Sep/2021:08:47:15 +0000] "GET /enquiry.php?pname=HOT%20PLATE%20ROUND/STI-269 HTTP/1.1" 200 61701 "-" "Mozilla/5.0 (Linux; Android 7.0;) AppleWebKit/537.36 (KHTML, like Gecko) Mobile Safari/537.36 (compatible; PetalBot;+https://webmaster.petalsearch.com/site/petalbot)"
49.7.20.116 - - [14/Sep/2021:08:54:54 +0000] "GET / HTTP/1.1" 301 236 "-" "Sogou web spider/4.0(+http://www.sogou.com/docs/help/webmasters.htm#07)"
49.7.20.116 - - [14/Sep/2021:08:56:03 +0000] "GET / HTTP/1.1" 301 232 "-" "Sogou web spider/4.0(+http://www.sogou.com/docs/help/webmasters.htm#07)"
114.119.133.245 - - [14/Sep/2021:08:57:19 +0000] "GET /enquiry.php?pname=HORIZONTAL%20MODEL%20GLASS%20DISTILLATION%20/STI-260 HTTP/1.1" 200 61722 "-" "Mozilla/5.0 (Linux; Android 7.0;) AppleWebKit/537.36 (KHTML, like Gecko) Mobile Safari/537.36 (compatible; PetalBot;+https://webmaster.petalsearch.com/site/petalbot)"
114.119.133.245 - - [14/Sep/2021:09:16:35 +0000] "GET /all-products.php?maincategory=Lab%20Equipments%20(Heating) HTTP/1.1" 200 52596 "-" "Mozilla/5.0 (Linux; Android 7.0;) AppleWebKit/537.36 (KHTML, like Gecko) Mobile Safari/537.36 (compatible; PetalBot;+https://webmaster.petalsearch.com/site/petalbot)"
87.120.37.79 - - [14/Sep/2021:09:17:23 +0000] "GET /ThankYou/ HTTP/1.0" 301 241 "http://scienocraft.com/ThankYou/" "Mozilla/5.0 (Windows NT 10.0; Win64; x64) AppleWebKit/537.36 (KHTML, like Gecko) Chrome/90.0.4430.85 Safari/537.36"
198.98.59.35 - - [14/Sep/2021:09:17:26 +0000] "GET /ThankYou/ HTTP/1.0" 404 207 "https://scienocraft.com/ThankYou/" "Mozilla/5.0 (Windows NT 10.0; Win64; x64) AppleWebKit/537.36 (KHTML, like Gecko) Chrome/90.0.4430.85 Safari/537.36"
198.98.59.35 - - [14/Sep/2021:09:17:31 +0000] "GET / HTTP/1.0" 200 63934 "https://scienocraft.com/" "Mozilla/5.0 (Windows NT 10.0; Win64; x64) AppleWebKit/537.36 (KHTML, like Gecko) Chrome/90.0.4430.85 Safari/537.36"
198.98.59.35 - - [14/Sep/2021:09:17:35 +0000] "GET /ContactUs HTTP/1.0" 301 241 "https://www.scienocraft.com/ContactUs" "Mozilla/5.0 (Windows NT 10.0; Win64; x64) AppleWebKit/537.36 (KHTML, like Gecko) Chrome/90.0.4430.85 Safari/537.36"
185.220.102.244 - - [14/Sep/2021:09:17:42 +0000] "GET /ContactUs HTTP/1.0" 200 49509 "https://scienocraft.com/ContactUs" "Mozilla/5.0 (Windows NT 10.0; Win64; x64) AppleWebKit/537.36 (KHTML, like Gecko) Chrome/90.0.4430.85 Safari/537.36"
18.159.196.172 - - [14/Sep/2021:09:18:25 +0000] "GET /.well-known/acme-challenge/ZmLZcBV2JDm9tb_qeqcDxlWMFKsQU-E3zqAn6blJtRY HTTP/1.1" 404 268 "-" "Mozilla/5.0 (compatible; Let's Encrypt validation server; +https://www.letsencrypt.org)"
3.19.56.43 - - [14/Sep/2021:09:18:25 +0000] "GET /.well-known/acme-challenge/ZmLZcBV2JDm9tb_qeqcDxlWMFKsQU-E3zqAn6blJtRY HTTP/1.1" 404 268 "-" "Mozilla/5.0 (compatible; Let's Encrypt validation server; +https://www.letsencrypt.org)"
52.39.4.59 - - [14/Sep/2021:09:18:25 +0000] "GET /.well-known/acme-challenge/ZmLZcBV2JDm9tb_qeqcDxlWMFKsQU-E3zqAn6blJtRY HTTP/1.1" 404 268 "-" "Mozilla/5.0 (compatible; Let's Encrypt validation server; +https://www.letsencrypt.org)"
66.133.109.36 - - [14/Sep/2021:09:18:25 +0000] "GET /.well-known/acme-challenge/ZmLZcBV2JDm9tb_qeqcDxlWMFKsQU-E3zqAn6blJtRY HTTP/1.1" 404 268 "-" "Mozilla/5.0 (compatible; Let's Encrypt validation server; +https://www.letsencrypt.org)"
114.119.133.245 - - [14/Sep/2021:09:22:42 +0000] "GET /enquiry.php?pname=AUTOCLAVE%20VERTICAL%20STANDARD%20MODEL%20/STI-115%20A HTTP/1.1" 301 304 "-" "Mozilla/5.0 (Linux; Android 7.0;) AppleWebKit/537.36 (KHTML, like Gecko) Mobile Safari/537.36 (compatible; PetalBot;+https://webmaster.petalsearch.com/site/petalbot)"
114.119.133.245 - - [14/Sep/2021:09:22:43 +0000] "GET /enquiry.php?pname=AUTOCLAVE%20VERTICAL%20STANDARD%20MODEL%20/STI-115%20A HTTP/1.1" 200 61722 "-" "Mozilla/5.0 (Linux; Android 7.0;) AppleWebKit/537.36 (KHTML, like Gecko) Mobile Safari/537.36 (compatible; PetalBot;+https://webmaster.petalsearch.com/site/petalbot)"
77.75.78.171 - - [14/Sep/2021:09:22:46 +0000] "GET /robots.txt HTTP/1.1" 404 208 "-" "Mozilla/5.0 (compatible; SeznamBot/3.2; +http://napoveda.seznam.cz/en/seznambot-intro/)"
77.75.78.171 - - [14/Sep/2021:09:22:48 +0000] "GET /HYBRIDIZTIONINCUBATORCOOLING.html HTTP/1.1" 200 57199 "-" "Mozilla/5.0 (compatible; SeznamBot/3.2; +http://napoveda.seznam.cz/en/seznambot-intro/)"
114.119.133.245 - - [14/Sep/2021:09:28:45 +0000] "GET /all-products.php?maincategory=General%20Laboratory%20Equipments HTTP/1.1" 200 57565 "-" "Mozilla/5.0 (Linux; Android 7.0;) AppleWebKit/537.36 (KHTML, like Gecko) Mobile Safari/537.36 (compatible; PetalBot;+https://webmaster.petalsearch.com/site/petalbot)"
114.119.137.3 - - [14/Sep/2021:09:34:52 +0000] "GET /enquiry.php?pname=KINEMATIC%20VISCOSITY%20BATH/STI-141 HTTP/1.1" 301 286 "-" "Mozilla/5.0 (Linux; Android 7.0;) AppleWebKit/537.36 (KHTML, like Gecko) Mobile Safari/537.36 (compatible; PetalBot;+https://webmaster.petalsearch.com/site/petalbot)"
114.119.137.3 - - [14/Sep/2021:09:34:55 +0000] "GET /enquiry.php?pname=KINEMATIC%20VISCOSITY%20BATH/STI-141 HTTP/1.1" 200 61710 "-" "Mozilla/5.0 (Linux; Android 7.0;) AppleWebKit/537.36 (KHTML, like Gecko) Mobile Safari/537.36 (compatible; PetalBot;+https://webmaster.petalsearch.com/site/petalbot)"
114.119.137.43 - - [14/Sep/2021:09:40:53 +0000] "GET /enquiry.php?pname=BALL%20MILL/STI-311 HTTP/1.1" 301 269 "-" "Mozilla/5.0 (Linux; Android 7.0;) AppleWebKit/537.36 (KHTML, like Gecko) Mobile Safari/537.36 (compatible; PetalBot;+https://webmaster.petalsearch.com/site/petalbot)"
114.119.137.43 - - [14/Sep/2021:09:40:54 +0000] "GET /enquiry.php?pname=BALL%20MILL/STI-311 HTTP/1.1" 200 61695 "-" "Mozilla/5.0 (Linux; Android 7.0;) AppleWebKit/537.36 (KHTML, like Gecko) Mobile Safari/537.36 (compatible; PetalBot;+https://webmaster.petalsearch.com/site/petalbot)"
114.119.137.43 - - [14/Sep/2021:09:46:54 +0000] "GET /enquiry.php?pname=H%20P%20STERILIZER%20VERTICAL%20TRIPLE%20WALL%20/STI-116%20A HTTP/1.1" 301 310 "-" "Mozilla/5.0 (Linux; Android 7.0;) AppleWebKit/537.36 (KHTML, like Gecko) Mobile Safari/537.36 (compatible; PetalBot;+https://webmaster.petalsearch.com/site/petalbot)"
114.119.137.43 - - [14/Sep/2021:09:46:54 +0000] "GET /enquiry.php?pname=H%20P%20STERILIZER%20VERTICAL%20TRIPLE%20WALL%20/STI-116%20A HTTP/1.1" 200 61724 "-" "Mozilla/5.0 (Linux; Android 7.0;) AppleWebKit/537.36 (KHTML, like Gecko) Mobile Safari/537.36 (compatible; PetalBot;+https://webmaster.petalsearch.com/site/petalbot)"
40.77.167.78 - - [14/Sep/2021:09:46:55 +0000] "GET /CODDIGESTIONAPPARATUS.html HTTP/1.1" 301 262 "-" "Mozilla/5.0 (compatible; bingbot/2.0; +http://www.bing.com/bingbot.htm)"
49.7.20.116 - - [14/Sep/2021:09:52:49 +0000] "GET / HTTP/1.1" 301 232 "-" "Sogou web spider/4.0(+http://www.sogou.com/docs/help/webmasters.htm#07)"
114.119.133.245 - - [14/Sep/2021:09:52:53 +0000] "GET /enquiry.php?pname=WATER%20BATH%20SEROLOGICAL/STI-134 HTTP/1.1" 301 284 "-" "Mozilla/5.0 (Linux; Android 7.0;) AppleWebKit/537.36 (KHTML, like Gecko) Mobile Safari/537.36 (compatible; PetalBot;+https://webmaster.petalsearch.com/site/petalbot)"
114.119.133.245 - - [14/Sep/2021:09:52:53 +0000] "GET /enquiry.php?pname=WATER%20BATH%20SEROLOGICAL/STI-134 HTTP/1.1" 200 61708 "-" "Mozilla/5.0 (Linux; Android 7.0;) AppleWebKit/537.36 (KHTML, like Gecko) Mobile Safari/537.36 (compatible; PetalBot;+https://webmaster.petalsearch.com/site/petalbot)"
123.183.224.20 - - [14/Sep/2021:09:52:58 +0000] "GET / HTTP/1.1" 301 236 "-" "Sogou web spider/4.0(+http://www.sogou.com/docs/help/webmasters.htm#07)"
85.250.20.253 - - [14/Sep/2021:10:06:03 +0000] "GET /ThankYou/ HTTP/1.0" 301 241 "http://scienocraft.com/ThankYou/" "Mozilla/5.0 (Windows NT 6.3; Win64; x64) AppleWebKit/537.36 (KHTML, like Gecko) Chrome/90.0.4430.72 Safari/537.36"
85.250.20.253 - - [14/Sep/2021:10:06:03 +0000] "GET /ThankYou/ HTTP/1.0" 404 207 "https://scienocraft.com/ThankYou/" "Mozilla/5.0 (Windows NT 6.3; Win64; x64) AppleWebKit/537.36 (KHTML, like Gecko) Chrome/90.0.4430.72 Safari/537.36"
85.250.20.253 - - [14/Sep/2021:10:06:04 +0000] "GET / HTTP/1.0" 200 63934 "https://scienocraft.com/" "Mozilla/5.0 (Windows NT 6.3; Win64; x64) AppleWebKit/537.36 (KHTML, like Gecko) Chrome/90.0.4430.72 Safari/537.36"
92.60.40.245 - - [14/Sep/2021:10:14:00 +0000] "GET /ThankYou/ HTTP/1.0" 301 241 "http://scienocraft.com/ThankYou/" "Mozilla/5.0 (Windows NT 6.1) AppleWebKit/537.36 (KHTML, like Gecko) Chrome/90.0.4430.72 Safari/537.36"
92.60.40.245 - - [14/Sep/2021:10:14:01 +0000] "GET /ThankYou/ HTTP/1.0" 404 207 "https://scienocraft.com/ThankYou/" "Mozilla/5.0 (Windows NT 6.1) AppleWebKit/537.36 (KHTML, like Gecko) Chrome/90.0.4430.72 Safari/537.36"
92.60.40.245 - - [14/Sep/2021:10:14:02 +0000] "GET / HTTP/1.0" 200 63934 "https://scienocraft.com/" "Mozilla/5.0 (Windows NT 6.1) AppleWebKit/537.36 (KHTML, like Gecko) Chrome/90.0.4430.72 Safari/537.36"
114.119.137.38 - - [14/Sep/2021:10:17:11 +0000] "GET /enquiry.php?pname=DRY%20BATH%20INCUBATOR/%20STI-298 HTTP/1.1" 200 61705 "-" "Mozilla/5.0 (Linux; Android 7.0;) AppleWebKit/537.36 (KHTML, like Gecko) Mobile Safari/537.36 (compatible; PetalBot;+https://webmaster.petalsearch.com/site/petalbot)"
162.241.27.11 - - [14/Sep/2021:10:17:18 +0000] "GET /wordpress/ HTTP/1.1" 301 242 "-" "-"
162.241.27.11 - - [14/Sep/2021:10:17:19 +0000] "GET /wordpress/ HTTP/1.1" 404 208 "-" "-"
3.120.130.29 - - [14/Sep/2021:10:18:23 +0000] "GET /.well-known/acme-challenge/2ebaR_YDHWquYdywn0yx9jgeEhjfNjoTabOVHBUZ948 HTTP/1.1" 404 268 "-" "Mozilla/5.0 (compatible; Let's Encrypt validation server; +https://www.letsencrypt.org)"
34.219.87.132 - - [14/Sep/2021:10:18:23 +0000] "GET /.well-known/acme-challenge/2ebaR_YDHWquYdywn0yx9jgeEhjfNjoTabOVHBUZ948 HTTP/1.1" 404 268 "-" "Mozilla/5.0 (compatible; Let's Encrypt validation server; +https://www.letsencrypt.org)"
3.142.122.14 - - [14/Sep/2021:10:18:23 +0000] "GET /.well-known/acme-challenge/2ebaR_YDHWquYdywn0yx9jgeEhjfNjoTabOVHBUZ948 HTTP/1.1" 404 268 "-" "Mozilla/5.0 (compatible; Let's Encrypt validation server; +https://www.letsencrypt.org)"
66.133.109.36 - - [14/Sep/2021:10:18:23 +0000] "GET /.well-known/acme-challenge/2ebaR_YDHWquYdywn0yx9jgeEhjfNjoTabOVHBUZ948 HTTP/1.1" 404 268 "-" "Mozilla/5.0 (compatible; Let's Encrypt validation server; +https://www.letsencrypt.org)"
114.119.137.3 - - [14/Sep/2021:10:23:12 +0000] "GET /PARRAFINWAXDISPENSER.html HTTP/1.1" 301 257 "-" "Mozilla/5.0 (Linux; Android 7.0;) AppleWebKit/537.36 (KHTML, like Gecko) Mobile Safari/537.36 (compatible; PetalBot;+https://webmaster.petalsearch.com/site/petalbot)"
114.119.137.3 - - [14/Sep/2021:10:23:15 +0000] "GET /PARRAFINWAXDISPENSER.html HTTP/1.1" 200 50515 "-" "Mozilla/5.0 (Linux; Android 7.0;) AppleWebKit/537.36 (KHTML, like Gecko) Mobile Safari/537.36 (compatible; PetalBot;+https://webmaster.petalsearch.com/site/petalbot)"
114.119.137.31 - - [14/Sep/2021:10:29:07 +0000] "GET /enquiry.php?pname=VORTEX%20SHAKER%20(TEST%20TUBE%20SHAKER)%20ADVANCED/STI-360%20C HTTP/1.1" 200 61729 "-" "Mozilla/5.0 (Linux; Android 7.0;) AppleWebKit/537.36 (KHTML, like Gecko) Mobile Safari/537.36 (compatible; PetalBot;+https://webmaster.petalsearch.com/site/petalbot)"
114.119.137.3 - - [14/Sep/2021:10:35:04 +0000] "GET /enquiry.php?pname=VACUUM%20ROTARY%20EVAPORATOR%20AUTO%20DIGITAL/STI-414%20B HTTP/1.1" 200 61725 "-" "Mozilla/5.0 (Linux; Android 7.0;) AppleWebKit/537.36 (KHTML, like Gecko) Mobile Safari/537.36 (compatible; PetalBot;+https://webmaster.petalsearch.com/site/petalbot)"
114.119.137.43 - - [14/Sep/2021:10:40:58 +0000] "GET /all-products.php?maincategory=Cooling%20Equipment HTTP/1.1" 301 281 "-" "Mozilla/5.0 (Linux; Android 7.0;) AppleWebKit/537.36 (KHTML, like Gecko) Mobile Safari/537.36 (compatible; PetalBot;+https://webmaster.petalsearch.com/site/petalbot)"
114.119.137.43 - - [14/Sep/2021:10:40:59 +0000] "GET /all-products.php?maincategory=Cooling%20Equipment HTTP/1.1" 200 50929 "-" "Mozilla/5.0 (Linux; Android 7.0;) AppleWebKit/537.36 (KHTML, like Gecko) Mobile Safari/537.36 (compatible; PetalBot;+https://webmaster.petalsearch.com/site/petalbot)"
114.119.137.43 - - [14/Sep/2021:10:46:55 +0000] "GET /ROTAPSIEVESHAKER.html HTTP/1.1" 301 253 "-" "Mozilla/5.0 (Linux; Android 7.0;) AppleWebKit/537.36 (KHTML, like Gecko) Mobile Safari/537.36 (compatible; PetalBot;+https://webmaster.petalsearch.com/site/petalbot)"
114.119.137.43 - - [14/Sep/2021:10:46:56 +0000] "GET /ROTAPSIEVESHAKER.html HTTP/1.1" 200 50438 "-" "Mozilla/5.0 (Linux; Android 7.0;) AppleWebKit/537.36 (KHTML, like Gecko) Mobile Safari/537.36 (compatible; PetalBot;+https://webmaster.petalsearch.com/site/petalbot)"
114.119.137.252 - - [14/Sep/2021:10:52:49 +0000] "GET /all-products.php?maincategory=Incubators HTTP/1.1" 200 55769 "-" "Mozilla/5.0 (Linux; Android 7.0;) AppleWebKit/537.36 (KHTML, like Gecko) Mobile Safari/537.36 (compatible; PetalBot;+https://webmaster.petalsearch.com/site/petalbot)"
77.75.77.72 - - [14/Sep/2021:10:56:21 +0000] "GET /robots.txt HTTP/1.1" 404 208 "-" "Mozilla/5.0 (compatible; SeznamBot/3.2; +http://napoveda.seznam.cz/en/seznambot-intro/)"
77.75.77.72 - - [14/Sep/2021:10:56:23 +0000] "GET /VACUUMROTARYEVAPORATOR.html HTTP/1.1" 200 57683 "-" "Mozilla/5.0 (compatible; SeznamBot/3.2; +http://napoveda.seznam.cz/en/seznambot-intro/)"
114.119.154.237 - - [14/Sep/2021:10:58:35 +0000] "GET /robots.txt HTTP/1.1" 301 242 "-" "Mozilla/5.0 (compatible;PetalBot;+https://webmaster.petalsearch.com/site/petalbot)"
114.119.154.237 - - [14/Sep/2021:10:58:35 +0000] "GET /robots.txt HTTP/1.1" 404 208 "-" "Mozilla/5.0 (compatible;PetalBot;+https://webmaster.petalsearch.com/site/petalbot)"
114.119.137.238 - - [14/Sep/2021:11:04:32 +0000] "GET /enquiry.php?pname=HP%20STEAM%20STERILIZER%20HORIZONTAL%20SEMI%20AUTO/%20STI-118%20B HTTP/1.1" 200 61729 "-" "Mozilla/5.0 (Linux; Android 7.0;) AppleWebKit/537.36 (KHTML, like Gecko) Mobile Safari/537.36 (compatible; PetalBot;+https://webmaster.petalsearch.com/site/petalbot)"
118.184.177.81 - - [14/Sep/2021:11:06:56 +0000] "GET / HTTP/1.1" 200 63934 "-" "Sogou web spider/4.0(+http://www.sogou.com/docs/help/webmasters.htm#07)"
114.119.137.3 - - [14/Sep/2021:11:10:18 +0000] "GET /enquiry.php?pname=VORTEX%20SHAKER%20(TEST%20TUBE%20SHAKER)%20On-Off%20Type%20-%20Sense%20Touch%20Type/STI-360%20A%20STI-360%20B HTTP/1.1" 200 61761 "-" "Mozilla/5.0 (Linux; Android 7.0;) AppleWebKit/537.36 (KHTML, like Gecko) Mobile Safari/537.36 (compatible; PetalBot;+https://webmaster.petalsearch.com/site/petalbot)"
54.36.148.73 - - [14/Sep/2021:11:14:13 +0000] "GET /VACUUMROTARYEVAPORATORAUTODIGITAL.html HTTP/1.1" 200 57766 "-" "Mozilla/5.0 (compatible; AhrefsBot/7.0; +http://ahrefs.com/robot/)"
114.119.137.249 - - [14/Sep/2021:11:16:03 +0000] "GET /DRYBATHINCUBATOR.html HTTP/1.1" 301 253 "-" "Mozilla/5.0 (Linux; Android 7.0;) AppleWebKit/537.36 (KHTML, like Gecko) Mobile Safari/537.36 (compatible; PetalBot;+https://webmaster.petalsearch.com/site/petalbot)"
114.119.137.249 - - [14/Sep/2021:11:16:03 +0000] "GET /DRYBATHINCUBATOR.html HTTP/1.1" 200 52709 "-" "Mozilla/5.0 (Linux; Android 7.0;) AppleWebKit/537.36 (KHTML, like Gecko) Mobile Safari/537.36 (compatible; PetalBot;+https://webmaster.petalsearch.com/site/petalbot)"
3.120.130.29 - - [14/Sep/2021:11:18:28 +0000] "GET /.well-known/acme-challenge/UuSdOcZWdf2tWMl9h1tKSmcIcOnNKLAzMUDBrtMmwYU HTTP/1.1" 404 268 "-" "Mozilla/5.0 (compatible; Let's Encrypt validation server; +https://www.letsencrypt.org)"
34.221.255.206 - - [14/Sep/2021:11:18:28 +0000] "GET /.well-known/acme-challenge/UuSdOcZWdf2tWMl9h1tKSmcIcOnNKLAzMUDBrtMmwYU HTTP/1.1" 404 268 "-" "Mozilla/5.0 (compatible; Let's Encrypt validation server; +https://www.letsencrypt.org)"
3.19.56.43 - - [14/Sep/2021:11:18:28 +0000] "GET /.well-known/acme-challenge/UuSdOcZWdf2tWMl9h1tKSmcIcOnNKLAzMUDBrtMmwYU HTTP/1.1" 404 268 "-" "Mozilla/5.0 (compatible; Let's Encrypt validation server; +https://www.letsencrypt.org)"
64.78.149.164 - - [14/Sep/2021:11:18:28 +0000] "GET /.well-known/acme-challenge/UuSdOcZWdf2tWMl9h1tKSmcIcOnNKLAzMUDBrtMmwYU HTTP/1.1" 404 268 "-" "Mozilla/5.0 (compatible; Let's Encrypt validation server; +https://www.letsencrypt.org)"
216.131.114.7 - - [14/Sep/2021:11:22:28 +0000] "GET /enquiry.php HTTP/1.0" 200 61678 "https://scienocraft.com/enquiry.php" "Mozilla/5.0 (Windows NT 6.1; WOW64) AppleWebKit/537.36 (KHTML, like Gecko) Chrome/90.0.4430.93 Safari/537.36"
216.131.114.7 - - [14/Sep/2021:11:22:33 +0000] "POST /submit-enquiry.php HTTP/1.0" 200 139 "https://scienocraft.com/enquiry.php" "Mozilla/5.0 (Windows NT 6.1; WOW64) AppleWebKit/537.36 (KHTML, like Gecko) Chrome/90.0.4430.93 Safari/537.36"
216.131.114.7 - - [14/Sep/2021:11:22:37 +0000] "GET /ThankYou HTTP/1.0" 301 240 "https://www.scienocraft.com/ThankYou" "Mozilla/5.0 (Windows NT 6.1; WOW64) AppleWebKit/537.36 (KHTML, like Gecko) Chrome/90.0.4430.93 Safari/537.36"
216.131.114.7 - - [14/Sep/2021:11:22:38 +0000] "GET /ThankYou HTTP/1.0" 200 47516 "https://scienocraft.com/ThankYou" "Mozilla/5.0 (Windows NT 6.1; WOW64) AppleWebKit/537.36 (KHTML, like Gecko) Chrome/90.0.4430.93 Safari/537.36"
34.127.63.212 - - [14/Sep/2021:11:40:29 +0000] "GET /.env HTTP/1.1" 301 236 "-" "Mozilla/5.0 (X11; Linux x86_64) AppleWebKit/537.36 (KHTML, like Gecko) Chrome/81.0.4044.129 Safari/537.36"
34.127.63.212 - - [14/Sep/2021:11:40:44 +0000] "POST / HTTP/1.1" 301 232 "-" "Mozilla/5.0 (X11; Linux x86_64) AppleWebKit/537.36 (KHTML, like Gecko) Chrome/81.0.4044.129 Safari/537.36"
123.183.224.20 - - [14/Sep/2021:12:17:27 +0000] "GET / HTTP/1.1" 301 232 "-" "Sogou web spider/4.0(+http://www.sogou.com/docs/help/webmasters.htm#07)"
49.7.20.116 - - [14/Sep/2021:12:18:19 +0000] "GET / HTTP/1.1" 301 232 "-" "Sogou web spider/4.0(+http://www.sogou.com/docs/help/webmasters.htm#07)"
18.159.196.172 - - [14/Sep/2021:12:18:27 +0000] "GET /.well-known/acme-challenge/pHcveg4a07QzllezMPsf04V9QzCF7_bZDcrBDvN4ZoY HTTP/1.1" 404 268 "-" "Mozilla/5.0 (compatible; Let's Encrypt validation server; +https://www.letsencrypt.org)"
52.39.4.59 - - [14/Sep/2021:12:18:27 +0000] "GET /.well-known/acme-challenge/pHcveg4a07QzllezMPsf04V9QzCF7_bZDcrBDvN4ZoY HTTP/1.1" 404 268 "-" "Mozilla/5.0 (compatible; Let's Encrypt validation server; +https://www.letsencrypt.org)"
3.19.56.43 - - [14/Sep/2021:12:18:27 +0000] "GET /.well-known/acme-challenge/pHcveg4a07QzllezMPsf04V9QzCF7_bZDcrBDvN4ZoY HTTP/1.1" 404 268 "-" "Mozilla/5.0 (compatible; Let's Encrypt validation server; +https://www.letsencrypt.org)"
64.78.149.164 - - [14/Sep/2021:12:18:27 +0000] "GET /.well-known/acme-challenge/pHcveg4a07QzllezMPsf04V9QzCF7_bZDcrBDvN4ZoY HTTP/1.1" 404 268 "-" "Mozilla/5.0 (compatible; Let's Encrypt validation server; +https://www.letsencrypt.org)"
54.36.149.93 - - [14/Sep/2021:12:24:21 +0000] "GET /DOUBLEDOORHPSTEAMSTERILIZERHORIZONTAL.html HTTP/1.1" 200 62164 "-" "Mozilla/5.0 (compatible; AhrefsBot/7.0; +http://ahrefs.com/robot/)"
77.75.77.109 - - [14/Sep/2021:12:36:52 +0000] "GET /robots.txt HTTP/1.1" 404 208 "-" "Mozilla/5.0 (compatible; SeznamBot/3.2; +http://napoveda.seznam.cz/en/seznambot-intro/)"
77.75.77.109 - - [14/Sep/2021:12:36:54 +0000] "GET /STABILITYCHAMBER.html HTTP/1.1" 200 59642 "-" "Mozilla/5.0 (compatible; SeznamBot/3.2; +http://napoveda.seznam.cz/en/seznambot-intro/)"
95.65.81.152 - - [14/Sep/2021:12:39:35 +0000] "GET /enquiry.php HTTP/1.0" 200 61678 "https://scienocraft.com/enquiry.php" "Mozilla/5.0 (Windows NT 6.1; ) AppleWebKit/537.36 (KHTML, like Gecko) Chrome/83.0.4103.61 Safari/537.36"
95.65.81.152 - - [14/Sep/2021:12:39:36 +0000] "POST /submit-enquiry.php HTTP/1.0" 200 139 "https://scienocraft.com/enquiry.php" "Mozilla/5.0 (Windows NT 6.1; ) AppleWebKit/537.36 (KHTML, like Gecko) Chrome/83.0.4103.61 Safari/537.36"
95.65.81.152 - - [14/Sep/2021:12:39:39 +0000] "GET /ThankYou HTTP/1.0" 301 240 "https://www.scienocraft.com/ThankYou" "Mozilla/5.0 (Windows NT 6.1; ) AppleWebKit/537.36 (KHTML, like Gecko) Chrome/83.0.4103.61 Safari/537.36"
95.65.81.152 - - [14/Sep/2021:12:39:39 +0000] "GET /ThankYou HTTP/1.0" 200 47516 "https://scienocraft.com/ThankYou" "Mozilla/5.0 (Windows NT 6.1; ) AppleWebKit/537.36 (KHTML, like Gecko) Chrome/83.0.4103.61 Safari/537.36"
95.65.81.152 - - [14/Sep/2021:12:39:41 +0000] "GET /ThankYou HTTP/1.0" 200 47516 "https://scienocraft.com/ThankYou" "Mozilla/5.0 (Windows NT 6.1; ) AppleWebKit/537.36 (KHTML, like Gecko) Chrome/83.0.4103.61 Safari/537.36"
42.105.86.162 - - [14/Sep/2021:12:45:19 +0000] "GET / HTTP/1.1" 301 236 "https://www.google.com/" "Mozilla/5.0 (Linux; Android 9; vivo 1723) AppleWebKit/537.36 (KHTML, like Gecko) Chrome/93.0.4577.62 Mobile Safari/537.36"
42.105.86.162 - - [14/Sep/2021:12:45:20 +0000] "GET / HTTP/1.1" 301 232 "https://www.google.com/" "Mozilla/5.0 (Linux; Android 9; vivo 1723) AppleWebKit/537.36 (KHTML, like Gecko) Chrome/93.0.4577.62 Mobile Safari/537.36"
42.105.86.162 - - [14/Sep/2021:12:45:20 +0000] "GET / HTTP/1.1" 200 63934 "https://www.google.com/" "Mozilla/5.0 (Linux; Android 9; vivo 1723) AppleWebKit/537.36 (KHTML, like Gecko) Chrome/93.0.4577.62 Mobile Safari/537.36"
42.105.86.162 - - [14/Sep/2021:12:45:20 +0000] "GET /slideshow/css/chopslider.css HTTP/1.1" 200 3425 "https://scienocraft.com/" "Mozilla/5.0 (Linux; Android 9; vivo 1723) AppleWebKit/537.36 (KHTML, like Gecko) Chrome/93.0.4577.62 Mobile Safari/537.36"
42.105.86.162 - - [14/Sep/2021:12:45:21 +0000] "GET /style.css HTTP/1.1" 200 10311 "https://scienocraft.com/" "Mozilla/5.0 (Linux; Android 9; vivo 1723) AppleWebKit/537.36 (KHTML, like Gecko) Chrome/93.0.4577.62 Mobile Safari/537.36"
42.105.86.162 - - [14/Sep/2021:12:45:21 +0000] "GET /home-right-menu/demo/demo.css HTTP/1.1" 200 940 "https://scienocraft.com/" "Mozilla/5.0 (Linux; Android 9; vivo 1723) AppleWebKit/537.36 (KHTML, like Gecko) Chrome/93.0.4577.62 Mobile Safari/537.36"
42.105.86.162 - - [14/Sep/2021:12:45:21 +0000] "GET /menu/css/dcmegamenu.css HTTP/1.1" 200 2350 "https://scienocraft.com/" "Mozilla/5.0 (Linux; Android 9; vivo 1723) AppleWebKit/537.36 (KHTML, like Gecko) Chrome/93.0.4577.62 Mobile Safari/537.36"
42.105.86.162 - - [14/Sep/2021:12:45:21 +0000] "GET /menu/css/skins/red.css HTTP/1.1" 200 3318 "https://scienocraft.com/" "Mozilla/5.0 (Linux; Android 9; vivo 1723) AppleWebKit/537.36 (KHTML, like Gecko) Chrome/93.0.4577.62 Mobile Safari/537.36"
42.105.86.162 - - [14/Sep/2021:12:45:21 +0000] "GET /menu/css/skins/white.css HTTP/1.1" 200 3337 "https://scienocraft.com/" "Mozilla/5.0 (Linux; Android 9; vivo 1723) AppleWebKit/537.36 (KHTML, like Gecko) Chrome/93.0.4577.62 Mobile Safari/537.36"
42.105.86.162 - - [14/Sep/2021:12:45:21 +0000] "GET /slideshow/js/jquery.id.chopslider-2.2.0.free.min.js HTTP/1.1" 200 43739 "https://scienocraft.com/" "Mozilla/5.0 (Linux; Android 9; vivo 1723) AppleWebKit/537.36 (KHTML, like Gecko) Chrome/93.0.4577.62 Mobile Safari/537.36"
42.105.86.162 - - [14/Sep/2021:12:45:21 +0000] "GET /slideshow/js/jquery.id.cstransitions-1.2.min.js HTTP/1.1" 200 72462 "https://scienocraft.com/" "Mozilla/5.0 (Linux; Android 9; vivo 1723) AppleWebKit/537.36 (KHTML, like Gecko) Chrome/93.0.4577.62 Mobile Safari/537.36"
42.105.86.162 - - [14/Sep/2021:12:45:21 +0000] "GET /slideshow/js/main.js HTTP/1.1" 200 962 "https://scienocraft.com/" "Mozilla/5.0 (Linux; Android 9; vivo 1723) AppleWebKit/537.36 (KHTML, like Gecko) Chrome/93.0.4577.62 Mobile Safari/537.36"
42.105.86.162 - - [14/Sep/2021:12:45:21 +0000] "GET /menu/js/jquery.hoverIntent.minified.js HTTP/1.1" 200 1606 "https://scienocraft.com/" "Mozilla/5.0 (Linux; Android 9; vivo 1723) AppleWebKit/537.36 (KHTML, like Gecko) Chrome/93.0.4577.62 Mobile Safari/537.36"
42.105.86.162 - - [14/Sep/2021:12:45:21 +0000] "GET /menu/js/jquery.dcmegamenu.1.2.js HTTP/1.1" 200 4832 "https://scienocraft.com/" "Mozilla/5.0 (Linux; Android 9; vivo 1723) AppleWebKit/537.36 (KHTML, like Gecko) Chrome/93.0.4577.62 Mobile Safari/537.36"
42.105.86.162 - - [14/Sep/2021:12:45:21 +0000] "GET /menu/css/skins/images/bg_red.png HTTP/1.1" 200 12330 "https://scienocraft.com/menu/css/skins/red.css" "Mozilla/5.0 (Linux; Android 9; vivo 1723) AppleWebKit/537.36 (KHTML, like Gecko) Chrome/93.0.4577.62 Mobile Safari/537.36"
42.105.86.162 - - [14/Sep/2021:12:45:22 +0000] "GET /menu/css/skins/images/arrow.png HTTP/1.1" 200 237 "https://scienocraft.com/menu/css/skins/red.css" "Mozilla/5.0 (Linux; Android 9; vivo 1723) AppleWebKit/537.36 (KHTML, like Gecko) Chrome/93.0.4577.62 Mobile Safari/537.36"
42.105.86.162 - - [14/Sep/2021:12:45:22 +0000] "GET /menu/css/skins/images/bg_sub_left.png HTTP/1.1" 200 719 "https://scienocraft.com/menu/css/skins/red.css" "Mozilla/5.0 (Linux; Android 9; vivo 1723) AppleWebKit/537.36 (KHTML, like Gecko) Chrome/93.0.4577.62 Mobile Safari/537.36"
42.105.86.162 - - [14/Sep/2021:12:45:22 +0000] "GET /menu/css/skins/images/bg_mega_hdr.png HTTP/1.1" 200 2984 "https://scienocraft.com/menu/css/skins/red.css" "Mozilla/5.0 (Linux; Android 9; vivo 1723) AppleWebKit/537.36 (KHTML, like Gecko) Chrome/93.0.4577.62 Mobile Safari/537.36"
42.105.86.162 - - [14/Sep/2021:12:45:22 +0000] "GET /menu/css/skins/images/arrow_off.png HTTP/1.1" 200 168 "https://scienocraft.com/menu/css/skins/red.css" "Mozilla/5.0 (Linux; Android 9; vivo 1723) AppleWebKit/537.36 (KHTML, like Gecko) Chrome/93.0.4577.62 Mobile Safari/537.36"
42.105.86.162 - - [14/Sep/2021:12:45:22 +0000] "GET /images/logo.png HTTP/1.1" 200 39326 "https://scienocraft.com/style.css" "Mozilla/5.0 (Linux; Android 9; vivo 1723) AppleWebKit/537.36 (KHTML, like Gecko) Chrome/93.0.4577.62 Mobile Safari/537.36"
42.105.86.162 - - [14/Sep/2021:12:45:22 +0000] "GET /images/hdrBg.png HTTP/1.1" 200 10655 "https://scienocraft.com/style.css" "Mozilla/5.0 (Linux; Android 9; vivo 1723) AppleWebKit/537.36 (KHTML, like Gecko) Chrome/93.0.4577.62 Mobile Safari/537.36"
42.105.86.162 - - [14/Sep/2021:12:45:22 +0000] "GET /slideshow/images/shadow.png HTTP/1.1" 200 7683 "https://scienocraft.com/slideshow/css/chopslider.css" "Mozilla/5.0 (Linux; Android 9; vivo 1723) AppleWebKit/537.36 (KHTML, like Gecko) Chrome/93.0.4577.62 Mobile Safari/537.36"
42.105.86.162 - - [14/Sep/2021:12:45:22 +0000] "GET /slideshow/images/podium.png HTTP/1.1" 200 23317 "https://scienocraft.com/slideshow/css/chopslider.css" "Mozilla/5.0 (Linux; Android 9; vivo 1723) AppleWebKit/537.36 (KHTML, like Gecko) Chrome/93.0.4577.62 Mobile Safari/537.36"
42.105.86.162 - - [14/Sep/2021:12:45:22 +0000] "GET /slideshow/images/sl-control.png HTTP/1.1" 200 3006 "https://scienocraft.com/slideshow/css/chopslider.css" "Mozilla/5.0 (Linux; Android 9; vivo 1723) AppleWebKit/537.36 (KHTML, like Gecko) Chrome/93.0.4577.62 Mobile Safari/537.36"
42.105.86.162 - - [14/Sep/2021:12:45:22 +0000] "GET /slideshow/images/navi.png HTTP/1.1" 200 1576 "https://scienocraft.com/slideshow/css/chopslider.css" "Mozilla/5.0 (Linux; Android 9; vivo 1723) AppleWebKit/537.36 (KHTML, like Gecko) Chrome/93.0.4577.62 Mobile Safari/537.36"
42.105.86.162 - - [14/Sep/2021:12:45:22 +0000] "GET /slideshow/slide_images/1.jpg HTTP/1.1" 200 55698 "https://scienocraft.com/" "Mozilla/5.0 (Linux; Android 9; vivo 1723) AppleWebKit/537.36 (KHTML, like Gecko) Chrome/93.0.4577.62 Mobile Safari/537.36"
42.105.86.162 - - [14/Sep/2021:12:45:22 +0000] "GET /slideshow/slide_images/5.jpg HTTP/1.1" 200 57184 "https://scienocraft.com/" "Mozilla/5.0 (Linux; Android 9; vivo 1723) AppleWebKit/537.36 (KHTML, like Gecko) Chrome/93.0.4577.62 Mobile Safari/537.36"
42.105.86.162 - - [14/Sep/2021:12:45:22 +0000] "GET /slideshow/slide_images/2.jpg HTTP/1.1" 200 54289 "https://scienocraft.com/" "Mozilla/5.0 (Linux; Android 9; vivo 1723) AppleWebKit/537.36 (KHTML, like Gecko) Chrome/93.0.4577.62 Mobile Safari/537.36"
42.105.86.162 - - [14/Sep/2021:12:45:22 +0000] "GET /slideshow/slide_images/8.jpg HTTP/1.1" 200 214287 "https://scienocraft.com/" "Mozilla/5.0 (Linux; Android 9; vivo 1723) AppleWebKit/537.36 (KHTML, like Gecko) Chrome/93.0.4577.62 Mobile Safari/537.36"
42.105.86.162 - - [14/Sep/2021:12:45:22 +0000] "GET /slideshow/slide_images/7.jpg HTTP/1.1" 200 289484 "https://scienocraft.com/" "Mozilla/5.0 (Linux; Android 9; vivo 1723) AppleWebKit/537.36 (KHTML, like Gecko) Chrome/93.0.4577.62 Mobile Safari/537.36"
42.105.86.162 - - [14/Sep/2021:12:45:22 +0000] "GET /slideshow/slide_images/9.jpg HTTP/1.1" 200 218806 "https://scienocraft.com/" "Mozilla/5.0 (Linux; Android 9; vivo 1723) AppleWebKit/537.36 (KHTML, like Gecko) Chrome/93.0.4577.62 Mobile Safari/537.36"
42.105.86.162 - - [14/Sep/2021:12:45:22 +0000] "GET /slideshow/slide_images/3.jpg HTTP/1.1" 200 66152 "https://scienocraft.com/" "Mozilla/5.0 (Linux; Android 9; vivo 1723) AppleWebKit/537.36 (KHTML, like Gecko) Chrome/93.0.4577.62 Mobile Safari/537.36"
42.105.86.162 - - [14/Sep/2021:12:45:22 +0000] "GET /slideshow/slide_images/4.jpg HTTP/1.1" 200 57483 "https://scienocraft.com/" "Mozilla/5.0 (Linux; Android 9; vivo 1723) AppleWebKit/537.36 (KHTML, like Gecko) Chrome/93.0.4577.62 Mobile Safari/537.36"
42.105.86.162 - - [14/Sep/2021:12:45:22 +0000] "GET /slideshow/slide_images/10.jpg HTTP/1.1" 200 88431 "https://scienocraft.com/" "Mozilla/5.0 (Linux; Android 9; vivo 1723) AppleWebKit/537.36 (KHTML, like Gecko) Chrome/93.0.4577.62 Mobile Safari/537.36"
42.105.86.162 - - [14/Sep/2021:12:45:22 +0000] "GET /galleryimg/d3a3925237fb7c68063de73cda8dd209.jpg HTTP/1.1" 200 22450 "https://scienocraft.com/" "Mozilla/5.0 (Linux; Android 9; vivo 1723) AppleWebKit/537.36 (KHTML, like Gecko) Chrome/93.0.4577.62 Mobile Safari/537.36"
42.105.86.162 - - [14/Sep/2021:12:45:23 +0000] "GET /galleryimg/c9ba59b540a324113e7238461135676c.png HTTP/1.1" 200 37091 "https://scienocraft.com/" "Mozilla/5.0 (Linux; Android 9; vivo 1723) AppleWebKit/537.36 (KHTML, like Gecko) Chrome/93.0.4577.62 Mobile Safari/537.36"
42.105.86.162 - - [14/Sep/2021:12:45:23 +0000] "GET /galleryimg/b09ccf468f4ad1b9dd71716a97226ab0.jpg HTTP/1.1" 200 17840 "https://scienocraft.com/" "Mozilla/5.0 (Linux; Android 9; vivo 1723) AppleWebKit/537.36 (KHTML, like Gecko) Chrome/93.0.4577.62 Mobile Safari/537.36"
42.105.86.162 - - [14/Sep/2021:12:45:23 +0000] "GET /galleryimg/2d0b44034f1808c4f3eba762e554364e.jpg HTTP/1.1" 200 15754 "https://scienocraft.com/" "Mozilla/5.0 (Linux; Android 9; vivo 1723) AppleWebKit/537.36 (KHTML, like Gecko) Chrome/93.0.4577.62 Mobile Safari/537.36"
42.105.86.162 - - [14/Sep/2021:12:45:23 +0000] "GET /galleryimg/76c41dae07c37a1a805472d6cbec3912.jpg HTTP/1.1" 200 9919 "https://scienocraft.com/" "Mozilla/5.0 (Linux; Android 9; vivo 1723) AppleWebKit/537.36 (KHTML, like Gecko) Chrome/93.0.4577.62 Mobile Safari/537.36"
42.105.86.162 - - [14/Sep/2021:12:45:23 +0000] "GET /galleryimg/01a2c951ee4f6adf9c5f1196fc456156.jpg HTTP/1.1" 200 51145 "https://scienocraft.com/" "Mozilla/5.0 (Linux; Android 9; vivo 1723) AppleWebKit/537.36 (KHTML, like Gecko) Chrome/93.0.4577.62 Mobile Safari/537.36"
42.105.86.162 - - [14/Sep/2021:12:45:23 +0000] "GET /galleryimg/47467d9e32ed9eda0c36d6b71bf9de6c.jpg HTTP/1.1" 200 36374 "https://scienocraft.com/" "Mozilla/5.0 (Linux; Android 9; vivo 1723) AppleWebKit/537.36 (KHTML, like Gecko) Chrome/93.0.4577.62 Mobile Safari/537.36"
42.105.86.162 - - [14/Sep/2021:12:45:23 +0000] "GET /galleryimg/cff3a39079eb64c46636c6c70852cd26.jpg HTTP/1.1" 200 74488 "https://scienocraft.com/" "Mozilla/5.0 (Linux; Android 9; vivo 1723) AppleWebKit/537.36 (KHTML, like Gecko) Chrome/93.0.4577.62 Mobile Safari/537.36"
42.105.86.162 - - [14/Sep/2021:12:45:23 +0000] "GET /galleryimg/1c66bd33489bfd15756d2787eead2f4a.png HTTP/1.1" 200 132326 "https://scienocraft.com/" "Mozilla/5.0 (Linux; Android 9; vivo 1723) AppleWebKit/537.36 (KHTML, like Gecko) Chrome/93.0.4577.62 Mobile Safari/537.36"
42.105.86.162 - - [14/Sep/2021:12:45:23 +0000] "GET /galleryimg/c53597be4f7ca24e2f9a840590c388e9.png HTTP/1.1" 200 233609 "https://scienocraft.com/" "Mozilla/5.0 (Linux; Android 9; vivo 1723) AppleWebKit/537.36 (KHTML, like Gecko) Chrome/93.0.4577.62 Mobile Safari/537.36"
42.105.86.162 - - [14/Sep/2021:12:45:23 +0000] "GET /galleryimg/e3c1ec12e8698e9e63dd5b77d245b828.jpg HTTP/1.1" 200 48637 "https://scienocraft.com/" "Mozilla/5.0 (Linux; Android 9; vivo 1723) AppleWebKit/537.36 (KHTML, like Gecko) Chrome/93.0.4577.62 Mobile Safari/537.36"
42.105.86.162 - - [14/Sep/2021:12:45:23 +0000] "GET /galleryimg/a85a8e1ca674a5ab053361a54f89356f.jpg HTTP/1.1" 200 193140 "https://scienocraft.com/" "Mozilla/5.0 (Linux; Android 9; vivo 1723) AppleWebKit/537.36 (KHTML, like Gecko) Chrome/93.0.4577.62 Mobile Safari/537.36"
42.105.86.162 - - [14/Sep/2021:12:45:23 +0000] "GET /images/Catalog-Icon.jpg HTTP/1.1" 200 33821 "https://scienocraft.com/" "Mozilla/5.0 (Linux; Android 9; vivo 1723) AppleWebKit/537.36 (KHTML, like Gecko) Chrome/93.0.4577.62 Mobile Safari/537.36"
42.105.86.162 - - [14/Sep/2021:12:45:23 +0000] "GET /images/awards-banner.jpg HTTP/1.1" 200 39595 "https://scienocraft.com/" "Mozilla/5.0 (Linux; Android 9; vivo 1723) AppleWebKit/537.36 (KHTML, like Gecko) Chrome/93.0.4577.62 Mobile Safari/537.36"
42.105.86.162 - - [14/Sep/2021:12:45:24 +0000] "GET /images/corporate-prasentation.jpg HTTP/1.1" 200 34150 "https://scienocraft.com/" "Mozilla/5.0 (Linux; Android 9; vivo 1723) AppleWebKit/537.36 (KHTML, like Gecko) Chrome/93.0.4577.62 Mobile Safari/537.36"
42.105.86.162 - - [14/Sep/2021:12:45:24 +0000] "GET /images/facebook.png HTTP/1.1" 200 2418 "https://scienocraft.com/" "Mozilla/5.0 (Linux; Android 9; vivo 1723) AppleWebKit/537.36 (KHTML, like Gecko) Chrome/93.0.4577.62 Mobile Safari/537.36"
42.105.86.162 - - [14/Sep/2021:12:45:24 +0000] "GET /images/Twitter.png HTTP/1.1" 200 2479 "https://scienocraft.com/" "Mozilla/5.0 (Linux; Android 9; vivo 1723) AppleWebKit/537.36 (KHTML, like Gecko) Chrome/93.0.4577.62 Mobile Safari/537.36"
42.105.86.162 - - [14/Sep/2021:12:45:24 +0000] "GET /images/RSS.png HTTP/1.1" 200 3206 "https://scienocraft.com/" "Mozilla/5.0 (Linux; Android 9; vivo 1723) AppleWebKit/537.36 (KHTML, like Gecko) Chrome/93.0.4577.62 Mobile Safari/537.36"
42.105.86.162 - - [14/Sep/2021:12:45:25 +0000] "GET /favicon.ico HTTP/1.1" 404 209 "https://scienocraft.com/" "Mozilla/5.0 (Linux; Android 9; vivo 1723) AppleWebKit/537.36 (KHTML, like Gecko) Chrome/93.0.4577.62 Mobile Safari/537.36"
42.105.86.162 - - [14/Sep/2021:12:45:34 +0000] "GET /AUTOCLAVEHORIZONTALDOUBLEWALL.html HTTP/1.1" 301 266 "https://scienocraft.com/" "Mozilla/5.0 (Linux; Android 9; vivo 1723) AppleWebKit/537.36 (KHTML, like Gecko) Chrome/93.0.4577.62 Mobile Safari/537.36"
42.105.86.162 - - [14/Sep/2021:12:45:35 +0000] "GET /AUTOCLAVEHORIZONTALDOUBLEWALL.html HTTP/1.1" 200 62118 "https://scienocraft.com/" "Mozilla/5.0 (Linux; Android 9; vivo 1723) AppleWebKit/537.36 (KHTML, like Gecko) Chrome/93.0.4577.62 Mobile Safari/537.36"
42.105.86.162 - - [14/Sep/2021:12:45:35 +0000] "GET /menucss/menu.css HTTP/1.1" 404 214 "https://scienocraft.com/AUTOCLAVEHORIZONTALDOUBLEWALL.html" "Mozilla/5.0 (Linux; Android 9; vivo 1723) AppleWebKit/537.36 (KHTML, like Gecko) Chrome/93.0.4577.62 Mobile Safari/537.36"
42.105.86.162 - - [14/Sep/2021:12:45:36 +0000] "GET /images/pdetails.jpg HTTP/1.1" 200 38275 "https://scienocraft.com/AUTOCLAVEHORIZONTALDOUBLEWALL.html" "Mozilla/5.0 (Linux; Android 9; vivo 1723) AppleWebKit/537.36 (KHTML, like Gecko) Chrome/93.0.4577.62 Mobile Safari/537.36"
42.105.86.162 - - [14/Sep/2021:12:45:36 +0000] "GET /galleryimg/89a8a7e45d631d0efdf24a949ce704b4.png HTTP/1.1" 200 71944 "https://scienocraft.com/AUTOCLAVEHORIZONTALDOUBLEWALL.html" "Mozilla/5.0 (Linux; Android 9; vivo 1723) AppleWebKit/537.36 (KHTML, like Gecko) Chrome/93.0.4577.62 Mobile Safari/537.36"
3.120.130.29 - - [14/Sep/2021:13:18:22 +0000] "GET /.well-known/acme-challenge/GMmURcdIuTHNj-pRUFk0cZ0Cmi6tZg7ffXgmfIrnJiw HTTP/1.1" 404 268 "-" "Mozilla/5.0 (compatible; Let's Encrypt validation server; +https://www.letsencrypt.org)"
