66.249.69.219 - - [12/Sep/2021:07:31:50 +0000] "GET /robots.txt HTTP/1.1" 301 246 "-" "Mozilla/5.0 (compatible; Googlebot/2.1; +http://www.google.com/bot.html)"
66.249.69.222 - - [12/Sep/2021:07:31:51 +0000] "GET /robots.txt HTTP/1.1" 301 242 "-" "Mozilla/5.0 (compatible; Googlebot/2.1; +http://www.google.com/bot.html)"
66.249.69.219 - - [12/Sep/2021:07:31:52 +0000] "GET / HTTP/1.1" 301 236 "-" "Mozilla/5.0 (Linux; Android 6.0.1; Nexus 5X Build/MMB29P) AppleWebKit/537.36 (KHTML, like Gecko) Chrome/92.0.4515.119 Mobile Safari/537.36 (compatible; Googlebot/2.1; +http://www.google.com/bot.html)"
66.249.69.222 - - [12/Sep/2021:07:31:53 +0000] "GET / HTTP/1.1" 301 232 "-" "Mozilla/5.0 (Linux; Android 6.0.1; Nexus 5X Build/MMB29P) AppleWebKit/537.36 (KHTML, like Gecko) Chrome/92.0.4515.119 Mobile Safari/537.36 (compatible; Googlebot/2.1; +http://www.google.com/bot.html)"
66.249.75.223 - - [12/Sep/2021:07:34:06 +0000] "GET /INCINERATORPORTABLE(BIOMEDICALWASTEDISPOSAL).html HTTP/1.1" 200 60340 "-" "Mozilla/5.0 (Linux; Android 6.0.1; Nexus 5X Build/MMB29P) AppleWebKit/537.36 (KHTML, like Gecko) Chrome/92.0.4515.119 Mobile Safari/537.36 (compatible; Googlebot/2.1; +http://www.google.com/bot.html)"
66.249.75.192 - - [12/Sep/2021:07:34:09 +0000] "GET /menu/js/jquery.dcmegamenu.1.2.js HTTP/1.1" 200 4832 "https://scienocraft.com/INCINERATORPORTABLE(BIOMEDICALWASTEDISPOSAL).html" "Mozilla/5.0 (Linux; Android 6.0.1; Nexus 5X Build/MMB29P) AppleWebKit/537.36 (KHTML, like Gecko) Chrome/92.0.4515.119 Mobile Safari/537.36 (compatible; Googlebot/2.1; +http://www.google.com/bot.html)"
114.119.137.249 - - [12/Sep/2021:07:34:18 +0000] "GET /Sitemap HTTP/1.1" 301 239 "-" "Mozilla/5.0 (Linux; Android 7.0;) AppleWebKit/537.36 (KHTML, like Gecko) Mobile Safari/537.36 (compatible; PetalBot;+https://webmaster.petalsearch.com/site/petalbot)"
114.119.137.249 - - [12/Sep/2021:07:34:18 +0000] "GET /Sitemap HTTP/1.1" 200 46411 "-" "Mozilla/5.0 (Linux; Android 7.0;) AppleWebKit/537.36 (KHTML, like Gecko) Mobile Safari/537.36 (compatible; PetalBot;+https://webmaster.petalsearch.com/site/petalbot)"
123.125.109.110 - - [12/Sep/2021:07:36:40 +0000] "GET / HTTP/1.1" 301 232 "-" "Sogou web spider/4.0(+http://www.sogou.com/docs/help/webmasters.htm#07)"
123.125.109.110 - - [12/Sep/2021:07:41:39 +0000] "GET / HTTP/1.1" 200 63934 "-" "Sogou web spider/4.0(+http://www.sogou.com/docs/help/webmasters.htm#07)"
114.119.137.3 - - [12/Sep/2021:07:43:12 +0000] "GET /DIGITALCOLONYCOUNTER.html HTTP/1.1" 301 257 "-" "Mozilla/5.0 (Linux; Android 7.0;) AppleWebKit/537.36 (KHTML, like Gecko) Mobile Safari/537.36 (compatible; PetalBot;+https://webmaster.petalsearch.com/site/petalbot)"
114.119.137.3 - - [12/Sep/2021:07:43:12 +0000] "GET /DIGITALCOLONYCOUNTER.html HTTP/1.1" 200 50548 "-" "Mozilla/5.0 (Linux; Android 7.0;) AppleWebKit/537.36 (KHTML, like Gecko) Mobile Safari/537.36 (compatible; PetalBot;+https://webmaster.petalsearch.com/site/petalbot)"
114.119.137.3 - - [12/Sep/2021:07:51:12 +0000] "GET /enquiry.php?pname=BIO%20SAFETY%20CABINET%20CLASS%20II%20A/STI-229%20A HTTP/1.1" 200 61717 "-" "Mozilla/5.0 (Linux; Android 7.0;) AppleWebKit/537.36 (KHTML, like Gecko) Mobile Safari/537.36 (compatible; PetalBot;+https://webmaster.petalsearch.com/site/petalbot)"
66.249.75.221 - - [12/Sep/2021:07:52:18 +0000] "GET /ProductswiseCatalogue HTTP/1.1" 200 46493 "-" "Mozilla/5.0 (compatible; Googlebot/2.1; +http://www.google.com/bot.html)"
180.167.101.134 - - [12/Sep/2021:07:55:32 +0000] "GET /ThankYou/ HTTP/1.0" 301 241 "http://scienocraft.com/ThankYou/" "Mozilla/5.0 (Windows NT 6.1) AppleWebKit/537.36 (KHTML, like Gecko) Chrome/90.0.4430.85 Safari/537.36"
211.136.100.154 - - [12/Sep/2021:07:55:40 +0000] "GET /ThankYou/ HTTP/1.0" 301 241 "http://scienocraft.com/ThankYou/" "Mozilla/5.0 (Windows NT 6.1) AppleWebKit/537.36 (KHTML, like Gecko) Chrome/90.0.4430.85 Safari/537.36"
103.241.227.98 - - [12/Sep/2021:07:56:36 +0000] "GET /ThankYou/ HTTP/1.0" 301 241 "http://scienocraft.com/ThankYou/" "Mozilla/5.0 (Windows NT 6.1) AppleWebKit/537.36 (KHTML, like Gecko) Chrome/90.0.4430.85 Safari/537.36"
66.249.75.192 - - [12/Sep/2021:08:00:58 +0000] "GET /INSPISATORBATH.html HTTP/1.1" 200 51499 "-" "Mozilla/5.0 (Linux; Android 6.0.1; Nexus 5X Build/MMB29P) AppleWebKit/537.36 (KHTML, like Gecko) Chrome/92.0.4515.119 Mobile Safari/537.36 (compatible; Googlebot/2.1; +http://www.google.com/bot.html)"
114.119.137.43 - - [12/Sep/2021:08:03:30 +0000] "GET /enquiry.php?pname=SEED%20GERMINATOR%20%20DUAL%20CHAMBER%20STI%20192/STI-192 HTTP/1.1" 200 61723 "-" "Mozilla/5.0 (Linux; Android 7.0;) AppleWebKit/537.36 (KHTML, like Gecko) Mobile Safari/537.36 (compatible; PetalBot;+https://webmaster.petalsearch.com/site/petalbot)"
114.119.157.132 - - [12/Sep/2021:08:04:53 +0000] "GET /robots.txt HTTP/1.1" 301 246 "-" "Mozilla/5.0 (compatible;PetalBot;+https://webmaster.petalsearch.com/site/petalbot)"
114.119.157.132 - - [12/Sep/2021:08:04:53 +0000] "GET /robots.txt HTTP/1.1" 301 242 "-" "Mozilla/5.0 (compatible;PetalBot;+https://webmaster.petalsearch.com/site/petalbot)"
114.119.157.132 - - [12/Sep/2021:08:04:53 +0000] "GET /robots.txt HTTP/1.1" 404 208 "-" "Mozilla/5.0 (compatible;PetalBot;+https://webmaster.petalsearch.com/site/petalbot)"
66.249.75.223 - - [12/Sep/2021:08:09:26 +0000] "GET /BODINCUBATOR.html HTTP/1.1" 200 60422 "-" "Mozilla/5.0 (Linux; Android 6.0.1; Nexus 5X Build/MMB29P) AppleWebKit/537.36 (KHTML, like Gecko) Chrome/92.0.4515.119 Mobile Safari/537.36 (compatible; Googlebot/2.1; +http://www.google.com/bot.html)"
66.249.75.192 - - [12/Sep/2021:08:17:15 +0000] "GET /BIOSAFETYCABINETCLASSIIA.html HTTP/1.1" 200 64274 "-" "Mozilla/5.0 (Linux; Android 6.0.1; Nexus 5X Build/MMB29P) AppleWebKit/537.36 (KHTML, like Gecko) Chrome/92.0.4515.119 Mobile Safari/537.36 (compatible; Googlebot/2.1; +http://www.google.com/bot.html)"
114.119.137.249 - - [12/Sep/2021:08:17:18 +0000] "GET /enquiry.php?pname=SEED%20GERMINATOR%20SINGLE%20CHAMBER%20(COOLING)/STI-191 HTTP/1.1" 301 306 "-" "Mozilla/5.0 (Linux; Android 7.0;) AppleWebKit/537.36 (KHTML, like Gecko) Mobile Safari/537.36 (compatible; PetalBot;+https://webmaster.petalsearch.com/site/petalbot)"
114.119.137.249 - - [12/Sep/2021:08:17:19 +0000] "GET /enquiry.php?pname=SEED%20GERMINATOR%20SINGLE%20CHAMBER%20(COOLING)/STI-191 HTTP/1.1" 200 61726 "-" "Mozilla/5.0 (Linux; Android 7.0;) AppleWebKit/537.36 (KHTML, like Gecko) Mobile Safari/537.36 (compatible; PetalBot;+https://webmaster.petalsearch.com/site/petalbot)"
54.36.148.219 - - [12/Sep/2021:08:23:22 +0000] "GET / HTTP/1.1" 200 63934 "-" "Mozilla/5.0 (compatible; AhrefsBot/7.0; +http://ahrefs.com/robot/)"
114.119.137.45 - - [12/Sep/2021:08:29:17 +0000] "GET /enquiry.php?pname=BIO%20SAFETY%20CABINET%20CLASS%20II%20A/STI-229%20A HTTP/1.1" 301 301 "-" "Mozilla/5.0 (Linux; Android 7.0;) AppleWebKit/537.36 (KHTML, like Gecko) Mobile Safari/537.36 (compatible; PetalBot;+https://webmaster.petalsearch.com/site/petalbot)"
114.119.137.45 - - [12/Sep/2021:08:29:18 +0000] "GET /enquiry.php?pname=BIO%20SAFETY%20CABINET%20CLASS%20II%20A/STI-229%20A HTTP/1.1" 200 61717 "-" "Mozilla/5.0 (Linux; Android 7.0;) AppleWebKit/537.36 (KHTML, like Gecko) Mobile Safari/537.36 (compatible; PetalBot;+https://webmaster.petalsearch.com/site/petalbot)"
46.148.206.226 - - [12/Sep/2021:08:31:50 +0000] "GET /enquiry.php HTTP/1.0" 200 61678 "https://scienocraft.com/enquiry.php" "Mozilla/5.0 (Windows NT 6.1; Win64; x64) AppleWebKit/537.36 (KHTML, like Gecko) Chrome/90.0.4430.72 Safari/537.36"
46.148.206.226 - - [12/Sep/2021:08:31:51 +0000] "GET /enquiry.php HTTP/1.0" 200 61678 "https://scienocraft.com/enquiry.php" "Mozilla/5.0 (Windows NT 6.1; Win64; x64) AppleWebKit/537.36 (KHTML, like Gecko) Chrome/90.0.4430.72 Safari/537.36"
46.148.206.226 - - [12/Sep/2021:08:31:51 +0000] "POST /submit-enquiry.php HTTP/1.0" 200 139 "https://scienocraft.com/enquiry.php" "Mozilla/5.0 (Windows NT 6.1; Win64; x64) AppleWebKit/537.36 (KHTML, like Gecko) Chrome/90.0.4430.72 Safari/537.36"
66.249.75.223 - - [12/Sep/2021:08:35:09 +0000] "GET /MASHINGBATH.html HTTP/1.1" 200 51710 "-" "Mozilla/5.0 (compatible; Googlebot/2.1; +http://www.google.com/bot.html)"
66.249.75.223 - - [12/Sep/2021:08:35:10 +0000] "GET /FUMEHOOD.html HTTP/1.1" 200 59371 "-" "Mozilla/5.0 (Linux; Android 6.0.1; Nexus 5X Build/MMB29P) AppleWebKit/537.36 (KHTML, like Gecko) Chrome/92.0.4515.119 Mobile Safari/537.36 (compatible; Googlebot/2.1; +http://www.google.com/bot.html)"
66.249.75.221 - - [12/Sep/2021:08:35:12 +0000] "GET /menucss/menu.css HTTP/1.1" 404 214 "https://scienocraft.com/MASHINGBATH.html" "Mozilla/5.0 AppleWebKit/537.36 (KHTML, like Gecko; compatible; Googlebot/2.1; +http://www.google.com/bot.html) Chrome/92.0.4515.119 Safari/537.36"
66.249.75.221 - - [12/Sep/2021:08:35:13 +0000] "GET /menucss/menu.css HTTP/1.1" 404 214 "https://scienocraft.com/MASHINGBATH.html" "Mozilla/5.0 AppleWebKit/537.36 (KHTML, like Gecko; compatible; Googlebot/2.1; +http://www.google.com/bot.html) Chrome/92.0.4515.119 Safari/537.36"
114.119.137.252 - - [12/Sep/2021:08:40:29 +0000] "GET /enquiry.php?pname=AUTOCLAVE%20VERTICAL%20DELUXE%20MODEL/STI-115%20B HTTP/1.1" 301 299 "-" "Mozilla/5.0 (Linux; Android 7.0;) AppleWebKit/537.36 (KHTML, like Gecko) Mobile Safari/537.36 (compatible; PetalBot;+https://webmaster.petalsearch.com/site/petalbot)"
114.119.137.252 - - [12/Sep/2021:08:40:30 +0000] "GET /enquiry.php?pname=AUTOCLAVE%20VERTICAL%20DELUXE%20MODEL/STI-115%20B HTTP/1.1" 200 61719 "-" "Mozilla/5.0 (Linux; Android 7.0;) AppleWebKit/537.36 (KHTML, like Gecko) Mobile Safari/537.36 (compatible; PetalBot;+https://webmaster.petalsearch.com/site/petalbot)"
114.119.137.3 - - [12/Sep/2021:08:49:53 +0000] "GET /enquiry.php?pname=GLASS%20BEAD%20STERILIZER/%20STI-228B HTTP/1.1" 301 287 "-" "Mozilla/5.0 (Linux; Android 7.0;) AppleWebKit/537.36 (KHTML, like Gecko) Mobile Safari/537.36 (compatible; PetalBot;+https://webmaster.petalsearch.com/site/petalbot)"
114.119.137.3 - - [12/Sep/2021:08:49:53 +0000] "GET /enquiry.php?pname=GLASS%20BEAD%20STERILIZER/%20STI-228B HTTP/1.1" 200 61709 "-" "Mozilla/5.0 (Linux; Android 7.0;) AppleWebKit/537.36 (KHTML, like Gecko) Mobile Safari/537.36 (compatible; PetalBot;+https://webmaster.petalsearch.com/site/petalbot)"
216.131.114.42 - - [12/Sep/2021:08:59:08 +0000] "GET /enquiry.php HTTP/1.0" 200 61678 "https://scienocraft.com/enquiry.php" "Mozilla/5.0 (Windows NT 10.0) AppleWebKit/537.36 (KHTML, like Gecko) Chrome/90.0.4430.93 Safari/537.36"
216.131.114.42 - - [12/Sep/2021:08:59:10 +0000] "POST /submit-enquiry.php HTTP/1.0" 200 139 "https://scienocraft.com/enquiry.php" "Mozilla/5.0 (Windows NT 10.0) AppleWebKit/537.36 (KHTML, like Gecko) Chrome/90.0.4430.93 Safari/537.36"
216.131.114.42 - - [12/Sep/2021:08:59:14 +0000] "GET /ThankYou HTTP/1.0" 301 240 "https://www.scienocraft.com/ThankYou" "Mozilla/5.0 (Windows NT 10.0) AppleWebKit/537.36 (KHTML, like Gecko) Chrome/90.0.4430.93 Safari/537.36"
216.131.114.42 - - [12/Sep/2021:08:59:14 +0000] "GET /ThankYou HTTP/1.0" 200 47516 "https://scienocraft.com/ThankYou" "Mozilla/5.0 (Windows NT 10.0) AppleWebKit/537.36 (KHTML, like Gecko) Chrome/90.0.4430.93 Safari/537.36"
114.119.133.245 - - [12/Sep/2021:08:59:28 +0000] "GET /enquiry.php?pname=WATER%20BATH%20SHAKER%20STI-135%20A(HEATING)/STI-135%20B(COOLING) HTTP/1.1" 200 61733 "-" "Mozilla/5.0 (Linux; Android 7.0;) AppleWebKit/537.36 (KHTML, like Gecko) Mobile Safari/537.36 (compatible; PetalBot;+https://webmaster.petalsearch.com/site/petalbot)"
114.119.137.45 - - [12/Sep/2021:09:08:44 +0000] "GET /HPSTERILIZERVERTICALTRIPLEWALL.html HTTP/1.1" 301 267 "-" "Mozilla/5.0 (Linux; Android 7.0;) AppleWebKit/537.36 (KHTML, like Gecko) Mobile Safari/537.36 (compatible; PetalBot;+https://webmaster.petalsearch.com/site/petalbot)"
114.119.137.45 - - [12/Sep/2021:09:08:44 +0000] "GET /HPSTERILIZERVERTICALTRIPLEWALL.html HTTP/1.1" 200 61012 "-" "Mozilla/5.0 (Linux; Android 7.0;) AppleWebKit/537.36 (KHTML, like Gecko) Mobile Safari/537.36 (compatible; PetalBot;+https://webmaster.petalsearch.com/site/petalbot)"
114.119.133.245 - - [12/Sep/2021:09:17:55 +0000] "GET /enquiry.php?pname=AUTOCLAVE%20VERTICAL%20DOUBLE%20WALL%20SEMI%20AUTO/STI%20-115D%20SA HTTP/1.1" 301 317 "-" "Mozilla/5.0 (Linux; Android 7.0;) AppleWebKit/537.36 (KHTML, like Gecko) Mobile Safari/537.36 (compatible; PetalBot;+https://webmaster.petalsearch.com/site/petalbot)"
114.119.133.245 - - [12/Sep/2021:09:17:56 +0000] "GET /enquiry.php?pname=AUTOCLAVE%20VERTICAL%20DOUBLE%20WALL%20SEMI%20AUTO/STI%20-115D%20SA HTTP/1.1" 200 61731 "-" "Mozilla/5.0 (Linux; Android 7.0;) AppleWebKit/537.36 (KHTML, like Gecko) Mobile Safari/537.36 (compatible; PetalBot;+https://webmaster.petalsearch.com/site/petalbot)"
114.119.133.245 - - [12/Sep/2021:09:27:16 +0000] "GET /enquiry.php?pname=FRONT%20LOADING%20AUTOCLAVE%20-VACUUM,%20STERILIZATION,%20DRY%20CYCLE%20/STI-123 HTTP/1.1" 200 61744 "-" "Mozilla/5.0 (Linux; Android 7.0;) AppleWebKit/537.36 (KHTML, like Gecko) Mobile Safari/537.36 (compatible; PetalBot;+https://webmaster.petalsearch.com/site/petalbot)"
114.119.137.38 - - [12/Sep/2021:09:36:27 +0000] "GET /WATERSTILLMANESTYTYPEWALLMOUNTING.html HTTP/1.1" 200 55597 "-" "Mozilla/5.0 (Linux; Android 7.0;) AppleWebKit/537.36 (KHTML, like Gecko) Mobile Safari/537.36 (compatible; PetalBot;+https://webmaster.petalsearch.com/site/petalbot)"
114.119.137.31 - - [12/Sep/2021:09:45:32 +0000] "GET /enquiry.php?pname=DIGITAL%20MOISTURE%20BALANCE/STI-303 HTTP/1.1" 301 286 "-" "Mozilla/5.0 (Linux; Android 7.0;) AppleWebKit/537.36 (KHTML, like Gecko) Mobile Safari/537.36 (compatible; PetalBot;+https://webmaster.petalsearch.com/site/petalbot)"
114.119.137.31 - - [12/Sep/2021:09:45:32 +0000] "GET /enquiry.php?pname=DIGITAL%20MOISTURE%20BALANCE/STI-303 HTTP/1.1" 200 61710 "-" "Mozilla/5.0 (Linux; Android 7.0;) AppleWebKit/537.36 (KHTML, like Gecko) Mobile Safari/537.36 (compatible; PetalBot;+https://webmaster.petalsearch.com/site/petalbot)"
114.119.137.45 - - [12/Sep/2021:09:54:16 +0000] "GET /AUTOCLAVEVERTICALDELUXEMODEL.html HTTP/1.1" 301 265 "-" "Mozilla/5.0 (Linux; Android 7.0;) AppleWebKit/537.36 (KHTML, like Gecko) Mobile Safari/537.36 (compatible; PetalBot;+https://webmaster.petalsearch.com/site/petalbot)"
114.119.137.45 - - [12/Sep/2021:09:54:16 +0000] "GET /AUTOCLAVEVERTICALDELUXEMODEL.html HTTP/1.1" 200 62892 "-" "Mozilla/5.0 (Linux; Android 7.0;) AppleWebKit/537.36 (KHTML, like Gecko) Mobile Safari/537.36 (compatible; PetalBot;+https://webmaster.petalsearch.com/site/petalbot)"
185.154.157.136 - - [12/Sep/2021:09:54:33 +0000] "GET /galleryimg/c1711741bee8f7a71c88f7d450e2ee88.png HTTP/1.1" 200 34907 "https://google.com" "'Mozilla/5.0 (X11; Linux x86_64) AppleWebKit/537.36 (KHTML, like Gecko) Chrome/41.0.2227.0 Safari/537.36'"
66.249.75.221 - - [12/Sep/2021:09:57:25 +0000] "GET / HTTP/1.1" 200 63934 "-" "Mozilla/5.0 (Linux; Android 6.0.1; Nexus 5X Build/MMB29P) AppleWebKit/537.36 (KHTML, like Gecko) Chrome/92.0.4515.119 Mobile Safari/537.36 (compatible; Googlebot/2.1; +http://www.google.com/bot.html)"
114.119.137.43 - - [12/Sep/2021:10:03:14 +0000] "GET /enquiry.php?pname=ROTARY%20FLASK%20SHAKER/STI-351 HTTP/1.1" 301 281 "-" "Mozilla/5.0 (Linux; Android 7.0;) AppleWebKit/537.36 (KHTML, like Gecko) Mobile Safari/537.36 (compatible; PetalBot;+https://webmaster.petalsearch.com/site/petalbot)"
114.119.137.43 - - [12/Sep/2021:10:03:15 +0000] "GET /enquiry.php?pname=ROTARY%20FLASK%20SHAKER/STI-351 HTTP/1.1" 200 61705 "-" "Mozilla/5.0 (Linux; Android 7.0;) AppleWebKit/537.36 (KHTML, like Gecko) Mobile Safari/537.36 (compatible; PetalBot;+https://webmaster.petalsearch.com/site/petalbot)"
66.249.75.221 - - [12/Sep/2021:10:07:36 +0000] "GET / HTTP/1.1" 200 63934 "-" "Mozilla/5.0 (compatible; Googlebot/2.1; +http://www.google.com/bot.html)"
114.119.137.249 - - [12/Sep/2021:10:12:10 +0000] "GET /DYNAMICPASSBOX.html HTTP/1.1" 301 251 "-" "Mozilla/5.0 (Linux; Android 7.0;) AppleWebKit/537.36 (KHTML, like Gecko) Mobile Safari/537.36 (compatible; PetalBot;+https://webmaster.petalsearch.com/site/petalbot)"
114.119.137.249 - - [12/Sep/2021:10:12:10 +0000] "GET /DYNAMICPASSBOX.html HTTP/1.1" 200 49187 "-" "Mozilla/5.0 (Linux; Android 7.0;) AppleWebKit/537.36 (KHTML, like Gecko) Mobile Safari/537.36 (compatible; PetalBot;+https://webmaster.petalsearch.com/site/petalbot)"
114.119.133.245 - - [12/Sep/2021:10:20:32 +0000] "GET /enquiry.php?pname=FRONT%20LOADING%20AUTOCLAVE%20(DRY%20CYCLE)%20AUTO/%20STI-122 HTTP/1.1" 301 311 "-" "Mozilla/5.0 (Linux; Android 7.0;) AppleWebKit/537.36 (KHTML, like Gecko) Mobile Safari/537.36 (compatible; PetalBot;+https://webmaster.petalsearch.com/site/petalbot)"
114.119.133.245 - - [12/Sep/2021:10:20:32 +0000] "GET /enquiry.php?pname=FRONT%20LOADING%20AUTOCLAVE%20(DRY%20CYCLE)%20AUTO/%20STI-122 HTTP/1.1" 200 61727 "-" "Mozilla/5.0 (Linux; Android 7.0;) AppleWebKit/537.36 (KHTML, like Gecko) Mobile Safari/537.36 (compatible; PetalBot;+https://webmaster.petalsearch.com/site/petalbot)"
66.249.75.192 - - [12/Sep/2021:10:21:37 +0000] "GET /BIOSAFETYCABINETCLASSIIA.html HTTP/1.1" 200 64274 "-" "Mozilla/5.0 (compatible; Googlebot/2.1; +http://www.google.com/bot.html)"
114.119.137.45 - - [12/Sep/2021:10:27:42 +0000] "GET /enquiry.php?pname=STABILITY%20CHAMBER%2021%20CFR%20(ECO%20FRIENDLY%20CFC%20FREE%20COOLING%20REFRIGERANT)/STI-198 HTTP/1.1" 200 61754 "-" "Mozilla/5.0 (Linux; Android 7.0;) AppleWebKit/537.36 (KHTML, like Gecko) Mobile Safari/537.36 (compatible; PetalBot;+https://webmaster.petalsearch.com/site/petalbot)"
66.249.75.221 - - [12/Sep/2021:10:27:54 +0000] "GET /all-products.php?maincategory=Autoclave-%20%20%20%20%20%20%20%20%20%20%20%20%20%20%20%20%20%20%20%20%20%20%20%20%20%20%20%20%20%20%20%20%20%20%20%20%20%20%20%20%20%20%20%20%20%20%20%20%20%20%20%20%20%20%20%20%20%20%20%20%20%20%20%20%20%20%20%20%20%20%20%20%20%20%20%20%20%20%20%20%20%20%20%20%20%20%20%20%20%20%20%20%20%20%20%20%20%20%20%20%20%20%20%20%20%20%20%20%20%20%20%20%20Sterilization%20Equipments HTTP/1.1" 200 60657 "-" "Mozilla/5.0 (Linux; Android 6.0.1; Nexus 5X Build/MMB29P) AppleWebKit/537.36 (KHTML, like Gecko) Chrome/92.0.4515.119 Mobile Safari/537.36 (compatible; Googlebot/2.1; +http://www.google.com/bot.html)"
66.249.75.223 - - [12/Sep/2021:10:27:57 +0000] "GET /menucss/menu.css HTTP/1.1" 404 214 "https://scienocraft.com/all-products.php?maincategory=Autoclave-%20%20%20%20%20%20%20%20%20%20%20%20%20%20%20%20%20%20%20%20%20%20%20%20%20%20%20%20%20%20%20%20%20%20%20%20%20%20%20%20%20%20%20%20%20%20%20%20%20%20%20%20%20%20%20%20%20%20%20%20%20%20%20%20%20%20%20%20%20%20%20%20%20%20%20%20%20%20%20%20%20%20%20%20%20%20%20%20%20%20%20%20%20%20%20%20%20%20%20%20%20%20%20%20%20%20%20%20%20%20%20%20%20Sterilization%20Equipments" "Mozilla/5.0 (Linux; Android 6.0.1; Nexus 5X Build/MMB29P) AppleWebKit/537.36 (KHTML, like Gecko) Chrome/92.0.4515.119 Mobile Safari/537.36 (compatible; Googlebot/2.1; +http://www.google.com/bot.html)"
40.77.167.44 - - [12/Sep/2021:10:30:31 +0000] "GET /robots.txt HTTP/1.1" 404 208 "-" "Mozilla/5.0 (compatible; bingbot/2.0; +http://www.bing.com/bingbot.htm)"
40.77.167.44 - - [12/Sep/2021:10:30:32 +0000] "GET /robots.txt HTTP/1.1" 404 208 "-" "Mozilla/5.0 (compatible; bingbot/2.0; +http://www.bing.com/bingbot.htm)"
207.46.13.188 - - [12/Sep/2021:10:30:39 +0000] "GET / HTTP/1.1" 200 63934 "-" "Mozilla/5.0 (iPhone; CPU iPhone OS 7_0 like Mac OS X) AppleWebKit/537.51.1 (KHTML, like Gecko) Version/7.0 Mobile/11A465 Safari/9537.53 (compatible; bingbot/2.0; +http://www.bing.com/bingbot.htm)"
207.46.13.171 - - [12/Sep/2021:10:30:54 +0000] "GET /slideshow/js/jquery.id.chopslider-2.2.0.free.min.js HTTP/1.1" 200 43739 "-" "Mozilla/5.0 (iPhone; CPU iPhone OS 7_0 like Mac OS X) AppleWebKit/537.51.1 (KHTML, like Gecko) Version/7.0 Mobile/11A465 Safari/9537.53 (compatible; bingbot/2.0; +http://www.bing.com/bingbot.htm)"
207.46.13.171 - - [12/Sep/2021:10:30:55 +0000] "GET /style.css HTTP/1.1" 200 10311 "-" "Mozilla/5.0 (iPhone; CPU iPhone OS 7_0 like Mac OS X) AppleWebKit/537.51.1 (KHTML, like Gecko) Version/7.0 Mobile/11A465 Safari/9537.53 (compatible; bingbot/2.0; +http://www.bing.com/bingbot.htm)"
207.46.13.15 - - [12/Sep/2021:10:30:55 +0000] "GET /menu/css/dcmegamenu.css HTTP/1.1" 200 2350 "-" "Mozilla/5.0 (iPhone; CPU iPhone OS 7_0 like Mac OS X) AppleWebKit/537.51.1 (KHTML, like Gecko) Version/7.0 Mobile/11A465 Safari/9537.53 (compatible; bingbot/2.0; +http://www.bing.com/bingbot.htm)"
207.46.13.141 - - [12/Sep/2021:10:30:55 +0000] "GET /slideshow/css/chopslider.css HTTP/1.1" 200 3425 "-" "Mozilla/5.0 (iPhone; CPU iPhone OS 7_0 like Mac OS X) AppleWebKit/537.51.1 (KHTML, like Gecko) Version/7.0 Mobile/11A465 Safari/9537.53 (compatible; bingbot/2.0; +http://www.bing.com/bingbot.htm)"
40.77.167.72 - - [12/Sep/2021:10:30:59 +0000] "GET /home-right-menu/demo/demo.css HTTP/1.1" 200 940 "-" "Mozilla/5.0 (iPhone; CPU iPhone OS 7_0 like Mac OS X) AppleWebKit/537.51.1 (KHTML, like Gecko) Version/7.0 Mobile/11A465 Safari/9537.53 (compatible; bingbot/2.0; +http://www.bing.com/bingbot.htm)"
40.77.167.72 - - [12/Sep/2021:10:30:59 +0000] "GET /menu/css/skins/red.css HTTP/1.1" 200 3318 "-" "Mozilla/5.0 (iPhone; CPU iPhone OS 7_0 like Mac OS X) AppleWebKit/537.51.1 (KHTML, like Gecko) Version/7.0 Mobile/11A465 Safari/9537.53 (compatible; bingbot/2.0; +http://www.bing.com/bingbot.htm)"
157.55.39.124 - - [12/Sep/2021:10:31:03 +0000] "GET /slideshow/js/main.js HTTP/1.1" 200 962 "-" "Mozilla/5.0 (iPhone; CPU iPhone OS 7_0 like Mac OS X) AppleWebKit/537.51.1 (KHTML, like Gecko) Version/7.0 Mobile/11A465 Safari/9537.53 (compatible; bingbot/2.0; +http://www.bing.com/bingbot.htm)"
207.46.13.30 - - [12/Sep/2021:10:31:04 +0000] "GET /menu/css/skins/white.css HTTP/1.1" 200 3337 "-" "Mozilla/5.0 (iPhone; CPU iPhone OS 7_0 like Mac OS X) AppleWebKit/537.51.1 (KHTML, like Gecko) Version/7.0 Mobile/11A465 Safari/9537.53 (compatible; bingbot/2.0; +http://www.bing.com/bingbot.htm)"
207.46.13.30 - - [12/Sep/2021:10:31:04 +0000] "GET /menu/js/jquery.dcmegamenu.1.2.js HTTP/1.1" 200 4832 "-" "Mozilla/5.0 (iPhone; CPU iPhone OS 7_0 like Mac OS X) AppleWebKit/537.51.1 (KHTML, like Gecko) Version/7.0 Mobile/11A465 Safari/9537.53 (compatible; bingbot/2.0; +http://www.bing.com/bingbot.htm)"
207.46.13.30 - - [12/Sep/2021:10:31:04 +0000] "GET /menu/js/jquery.hoverIntent.minified.js HTTP/1.1" 200 1606 "-" "Mozilla/5.0 (iPhone; CPU iPhone OS 7_0 like Mac OS X) AppleWebKit/537.51.1 (KHTML, like Gecko) Version/7.0 Mobile/11A465 Safari/9537.53 (compatible; bingbot/2.0; +http://www.bing.com/bingbot.htm)"
207.46.13.15 - - [12/Sep/2021:10:31:09 +0000] "GET /slideshow/js/jquery.id.cstransitions-1.2.min.js HTTP/1.1" 200 72462 "-" "Mozilla/5.0 (iPhone; CPU iPhone OS 7_0 like Mac OS X) AppleWebKit/537.51.1 (KHTML, like Gecko) Version/7.0 Mobile/11A465 Safari/9537.53 (compatible; bingbot/2.0; +http://www.bing.com/bingbot.htm)"
114.119.137.252 - - [12/Sep/2021:10:34:58 +0000] "GET /enquiry.php?pname=OIL%20BATH/STI-137 HTTP/1.1" 301 268 "-" "Mozilla/5.0 (Linux; Android 7.0;) AppleWebKit/537.36 (KHTML, like Gecko) Mobile Safari/537.36 (compatible; PetalBot;+https://webmaster.petalsearch.com/site/petalbot)"
114.119.137.252 - - [12/Sep/2021:10:34:58 +0000] "GET /enquiry.php?pname=OIL%20BATH/STI-137 HTTP/1.1" 200 61694 "-" "Mozilla/5.0 (Linux; Android 7.0;) AppleWebKit/537.36 (KHTML, like Gecko) Mobile Safari/537.36 (compatible; PetalBot;+https://webmaster.petalsearch.com/site/petalbot)"
114.119.137.252 - - [12/Sep/2021:10:42:11 +0000] "GET /BIOLOGICALSAFETYCABINETTOTALCONTAINMENTCABINETCLASSIII.html HTTP/1.1" 301 291 "-" "Mozilla/5.0 (Linux; Android 7.0;) AppleWebKit/537.36 (KHTML, like Gecko) Mobile Safari/537.36 (compatible; PetalBot;+https://webmaster.petalsearch.com/site/petalbot)"
114.119.137.252 - - [12/Sep/2021:10:42:11 +0000] "GET /BIOLOGICALSAFETYCABINETTOTALCONTAINMENTCABINETCLASSIII.html HTTP/1.1" 200 63228 "-" "Mozilla/5.0 (Linux; Android 7.0;) AppleWebKit/537.36 (KHTML, like Gecko) Mobile Safari/537.36 (compatible; PetalBot;+https://webmaster.petalsearch.com/site/petalbot)"
114.119.137.31 - - [12/Sep/2021:10:49:06 +0000] "GET /enquiry.php?pname=HYBRIDIZTION%20INCUBATOR%20HEATING/%20STI-293%20A HTTP/1.1" 301 299 "-" "Mozilla/5.0 (Linux; Android 7.0;) AppleWebKit/537.36 (KHTML, like Gecko) Mobile Safari/537.36 (compatible; PetalBot;+https://webmaster.petalsearch.com/site/petalbot)"
114.119.137.31 - - [12/Sep/2021:10:49:06 +0000] "GET /enquiry.php?pname=HYBRIDIZTION%20INCUBATOR%20HEATING/%20STI-293%20A HTTP/1.1" 200 61719 "-" "Mozilla/5.0 (Linux; Android 7.0;) AppleWebKit/537.36 (KHTML, like Gecko) Mobile Safari/537.36 (compatible; PetalBot;+https://webmaster.petalsearch.com/site/petalbot)"
49.7.20.116 - - [12/Sep/2021:10:49:20 +0000] "GET / HTTP/1.1" 200 63934 "-" "Sogou web spider/4.0(+http://www.sogou.com/docs/help/webmasters.htm#07)"
118.184.177.83 - - [12/Sep/2021:10:51:43 +0000] "GET / HTTP/1.1" 301 236 "-" "Sogou web spider/4.0(+http://www.sogou.com/docs/help/webmasters.htm#07)"
118.184.177.83 - - [12/Sep/2021:10:51:55 +0000] "GET / HTTP/1.1" 301 232 "-" "Sogou web spider/4.0(+http://www.sogou.com/docs/help/webmasters.htm#07)"
118.184.177.83 - - [12/Sep/2021:10:53:08 +0000] "GET / HTTP/1.1" 200 63934 "-" "Sogou web spider/4.0(+http://www.sogou.com/docs/help/webmasters.htm#07)"
114.119.137.3 - - [12/Sep/2021:10:55:38 +0000] "GET /all-products.php?maincategory=Shakers HTTP/1.1" 200 54562 "-" "Mozilla/5.0 (Linux; Android 7.0;) AppleWebKit/537.36 (KHTML, like Gecko) Mobile Safari/537.36 (compatible; PetalBot;+https://webmaster.petalsearch.com/site/petalbot)"
54.36.148.209 - - [12/Sep/2021:10:58:59 +0000] "GET /ROTAPSIEVESHAKER.html HTTP/1.1" 200 50438 "-" "Mozilla/5.0 (compatible; AhrefsBot/7.0; +http://ahrefs.com/robot/)"
114.119.137.238 - - [12/Sep/2021:11:02:03 +0000] "GET /enquiry.php?pname=GLASS%20DISTILLATION%20APPARATUS/STI-254 HTTP/1.1" 301 290 "-" "Mozilla/5.0 (Linux; Android 7.0;) AppleWebKit/537.36 (KHTML, like Gecko) Mobile Safari/537.36 (compatible; PetalBot;+https://webmaster.petalsearch.com/site/petalbot)"
114.119.137.238 - - [12/Sep/2021:11:02:03 +0000] "GET /enquiry.php?pname=GLASS%20DISTILLATION%20APPARATUS/STI-254 HTTP/1.1" 200 61714 "-" "Mozilla/5.0 (Linux; Android 7.0;) AppleWebKit/537.36 (KHTML, like Gecko) Mobile Safari/537.36 (compatible; PetalBot;+https://webmaster.petalsearch.com/site/petalbot)"
114.119.137.249 - - [12/Sep/2021:11:08:26 +0000] "GET /enquiry.php?pname=HYBRIDIZTION%20INCUBATOR%20HEATING/%20STI-293%20A HTTP/1.1" 200 61719 "-" "Mozilla/5.0 (Linux; Android 7.0;) AppleWebKit/537.36 (KHTML, like Gecko) Mobile Safari/537.36 (compatible; PetalBot;+https://webmaster.petalsearch.com/site/petalbot)"
114.119.137.38 - - [12/Sep/2021:11:14:22 +0000] "GET /SOXHLETEXTRACTIONUNIT.html HTTP/1.1" 301 258 "-" "Mozilla/5.0 (Linux; Android 7.0;) AppleWebKit/537.36 (KHTML, like Gecko) Mobile Safari/537.36 (compatible; PetalBot;+https://webmaster.petalsearch.com/site/petalbot)"
114.119.137.38 - - [12/Sep/2021:11:14:22 +0000] "GET /SOXHLETEXTRACTIONUNIT.html HTTP/1.1" 200 52317 "-" "Mozilla/5.0 (Linux; Android 7.0;) AppleWebKit/537.36 (KHTML, like Gecko) Mobile Safari/537.36 (compatible; PetalBot;+https://webmaster.petalsearch.com/site/petalbot)"
114.119.137.45 - - [12/Sep/2021:11:20:13 +0000] "GET /AboutUs HTTP/1.1" 301 239 "-" "Mozilla/5.0 (Linux; Android 7.0;) AppleWebKit/537.36 (KHTML, like Gecko) Mobile Safari/537.36 (compatible; PetalBot;+https://webmaster.petalsearch.com/site/petalbot)"
114.119.137.45 - - [12/Sep/2021:11:20:13 +0000] "GET /AboutUs HTTP/1.1" 200 55102 "-" "Mozilla/5.0 (Linux; Android 7.0;) AppleWebKit/537.36 (KHTML, like Gecko) Mobile Safari/537.36 (compatible; PetalBot;+https://webmaster.petalsearch.com/site/petalbot)"
114.119.137.252 - - [12/Sep/2021:11:26:01 +0000] "GET /HUMIDITYCUMTEMPERATURECONTROLLEDCHAMBERECOFRIENDLYCOOLING.html HTTP/1.1" 301 294 "-" "Mozilla/5.0 (Linux; Android 7.0;) AppleWebKit/537.36 (KHTML, like Gecko) Mobile Safari/537.36 (compatible; PetalBot;+https://webmaster.petalsearch.com/site/petalbot)"
114.119.137.252 - - [12/Sep/2021:11:26:01 +0000] "GET /HUMIDITYCUMTEMPERATURECONTROLLEDCHAMBERECOFRIENDLYCOOLING.html HTTP/1.1" 200 58723 "-" "Mozilla/5.0 (Linux; Android 7.0;) AppleWebKit/537.36 (KHTML, like Gecko) Mobile Safari/537.36 (compatible; PetalBot;+https://webmaster.petalsearch.com/site/petalbot)"
114.119.137.252 - - [12/Sep/2021:11:31:44 +0000] "GET /enquiry.php?pname=SEED%20GERMINATOR%20SINGLE%20CHAMBER%20(HEATING)/STI-190 HTTP/1.1" 200 61726 "-" "Mozilla/5.0 (Linux; Android 7.0;) AppleWebKit/537.36 (KHTML, like Gecko) Mobile Safari/537.36 (compatible; PetalBot;+https://webmaster.petalsearch.com/site/petalbot)"
1.192.195.8 - - [12/Sep/2021:11:35:23 +0000] "GET / HTTP/1.1" 200 63934 "https://scienocraft.com/" "Mozilla/5.0(compatible;MSIE9.0;WindowsNT6.1;Trident/5.0)"
114.119.133.245 - - [12/Sep/2021:11:37:31 +0000] "GET /enquiry.php?pname=WATER%20BATH%20SINGLE%20WALLED/STI-133%20A HTTP/1.1" 200 61712 "-" "Mozilla/5.0 (Linux; Android 7.0;) AppleWebKit/537.36 (KHTML, like Gecko) Mobile Safari/537.36 (compatible; PetalBot;+https://webmaster.petalsearch.com/site/petalbot)"
221.2.163.231 - - [12/Sep/2021:11:42:16 +0000] "GET / HTTP/1.1" 301 232 "-" "Mozilla/5.0"
221.2.163.231 - - [12/Sep/2021:11:42:31 +0000] "GET / HTTP/1.1" 200 63934 "http://scienocraft.com/" "Mozilla/5.0"
114.119.133.245 - - [12/Sep/2021:11:43:14 +0000] "GET /enquiry.php?pname=KJELDAHL%20DIGESTION%20UNIT%20(TUBE%20HEATING%20BLOCK)%20/STI-387 HTTP/1.1" 301 315 "-" "Mozilla/5.0 (Linux; Android 7.0;) AppleWebKit/537.36 (KHTML, like Gecko) Mobile Safari/537.36 (compatible; PetalBot;+https://webmaster.petalsearch.com/site/petalbot)"
114.119.133.245 - - [12/Sep/2021:11:43:15 +0000] "GET /enquiry.php?pname=KJELDAHL%20DIGESTION%20UNIT%20(TUBE%20HEATING%20BLOCK)%20/STI-387 HTTP/1.1" 200 61731 "-" "Mozilla/5.0 (Linux; Android 7.0;) AppleWebKit/537.36 (KHTML, like Gecko) Mobile Safari/537.36 (compatible; PetalBot;+https://webmaster.petalsearch.com/site/petalbot)"
78.129.149.5 - - [12/Sep/2021:11:48:04 +0000] "GET /robots.txt HTTP/1.1" 301 246 "-" "Mozilla/5.0 (compatible; aiHitBot/2.9; +https://www.aihitdata.com/about)"
78.129.149.5 - - [12/Sep/2021:11:48:06 +0000] "GET /robots.txt HTTP/1.1" 301 242 "-" "Mozilla/5.0 (compatible; aiHitBot/2.9; +https://www.aihitdata.com/about)"
78.129.149.5 - - [12/Sep/2021:11:48:07 +0000] "GET /robots.txt HTTP/1.1" 404 208 "-" "Mozilla/5.0 (compatible; aiHitBot/2.9; +https://www.aihitdata.com/about)"
78.129.149.5 - - [12/Sep/2021:11:48:09 +0000] "GET / HTTP/1.1" 301 236 "-" "Mozilla/5.0 (compatible; aiHitBot/2.9; +https://www.aihitdata.com/about)"
78.129.149.5 - - [12/Sep/2021:11:48:10 +0000] "GET / HTTP/1.1" 301 232 "-" "Mozilla/5.0 (compatible; aiHitBot/2.9; +https://www.aihitdata.com/about)"
78.129.149.5 - - [12/Sep/2021:11:48:11 +0000] "GET / HTTP/1.1" 200 63934 "-" "Mozilla/5.0 (compatible; aiHitBot/2.9; +https://www.aihitdata.com/about)"
78.129.149.5 - - [12/Sep/2021:11:48:13 +0000] "GET /slideshow/css/chopslider.css HTTP/1.1" 200 3425 "-" "Mozilla/5.0 (compatible; aiHitBot/2.9; +https://www.aihitdata.com/about)"
78.129.149.5 - - [12/Sep/2021:11:48:16 +0000] "GET /slideshow/js/jquery.id.chopslider-2.2.0.free.min.js HTTP/1.1" 200 43739 "-" "Mozilla/5.0 (compatible; aiHitBot/2.9; +https://www.aihitdata.com/about)"
78.129.149.5 - - [12/Sep/2021:11:48:18 +0000] "GET /slideshow/js/jquery.id.cstransitions-1.2.min.js HTTP/1.1" 200 72462 "-" "Mozilla/5.0 (compatible; aiHitBot/2.9; +https://www.aihitdata.com/about)"
78.129.149.5 - - [12/Sep/2021:11:48:21 +0000] "GET /style.css HTTP/1.1" 200 10311 "-" "Mozilla/5.0 (compatible; aiHitBot/2.9; +https://www.aihitdata.com/about)"
78.129.149.5 - - [12/Sep/2021:11:48:22 +0000] "GET /home-right-menu/demo/demo.css HTTP/1.1" 200 940 "-" "Mozilla/5.0 (compatible; aiHitBot/2.9; +https://www.aihitdata.com/about)"
78.129.149.5 - - [12/Sep/2021:11:48:23 +0000] "GET /menu/css/dcmegamenu.css HTTP/1.1" 200 2350 "-" "Mozilla/5.0 (compatible; aiHitBot/2.9; +https://www.aihitdata.com/about)"
78.129.149.5 - - [12/Sep/2021:11:48:24 +0000] "GET /menu/css/skins/red.css HTTP/1.1" 200 3318 "-" "Mozilla/5.0 (compatible; aiHitBot/2.9; +https://www.aihitdata.com/about)"
78.129.149.5 - - [12/Sep/2021:11:48:26 +0000] "GET /menu/css/skins/white.css HTTP/1.1" 200 3337 "-" "Mozilla/5.0 (compatible; aiHitBot/2.9; +https://www.aihitdata.com/about)"
78.129.149.5 - - [12/Sep/2021:11:48:27 +0000] "GET /slideshow/js/main.js HTTP/1.1" 200 962 "-" "Mozilla/5.0 (compatible; aiHitBot/2.9; +https://www.aihitdata.com/about)"
78.129.149.5 - - [12/Sep/2021:11:48:28 +0000] "GET /menu/js/jquery.hoverIntent.minified.js HTTP/1.1" 200 1606 "-" "Mozilla/5.0 (compatible; aiHitBot/2.9; +https://www.aihitdata.com/about)"
78.129.149.5 - - [12/Sep/2021:11:48:29 +0000] "GET /menu/js/jquery.dcmegamenu.1.2.js HTTP/1.1" 200 4832 "-" "Mozilla/5.0 (compatible; aiHitBot/2.9; +https://www.aihitdata.com/about)"
78.129.149.5 - - [12/Sep/2021:11:48:33 +0000] "GET /Sitemap HTTP/1.1" 301 239 "-" "Mozilla/5.0 (compatible; aiHitBot/2.9; +https://www.aihitdata.com/about)"
78.129.149.5 - - [12/Sep/2021:11:48:37 +0000] "GET /Disclaimer HTTP/1.1" 301 242 "-" "Mozilla/5.0 (compatible; aiHitBot/2.9; +https://www.aihitdata.com/about)"
78.129.149.5 - - [12/Sep/2021:11:48:39 +0000] "GET /all-products.php?maincategory=Clean%20Room%20Benches HTTP/1.1" 200 54299 "-" "Mozilla/5.0 (compatible; aiHitBot/2.9; +https://www.aihitdata.com/about)"
78.129.149.5 - - [12/Sep/2021:11:48:40 +0000] "GET /menucss/menu.css HTTP/1.1" 404 214 "-" "Mozilla/5.0 (compatible; aiHitBot/2.9; +https://www.aihitdata.com/about)"
78.129.149.5 - - [12/Sep/2021:11:48:45 +0000] "GET /BODINCUBATOR.html HTTP/1.1" 301 249 "-" "Mozilla/5.0 (compatible; aiHitBot/2.9; +https://www.aihitdata.com/about)"
78.129.149.5 - - [12/Sep/2021:11:48:46 +0000] "GET /ContactUs HTTP/1.1" 301 241 "-" "Mozilla/5.0 (compatible; aiHitBot/2.9; +https://www.aihitdata.com/about)"
78.129.149.5 - - [12/Sep/2021:11:48:47 +0000] "GET /AboutUs HTTP/1.1" 301 243 "-" "Mozilla/5.0 (compatible; aiHitBot/2.9; +https://www.aihitdata.com/about)"
78.129.149.5 - - [12/Sep/2021:11:48:49 +0000] "GET /Disclaimer HTTP/1.1" 200 46411 "-" "Mozilla/5.0 (compatible; aiHitBot/2.9; +https://www.aihitdata.com/about)"
78.129.149.5 - - [12/Sep/2021:11:48:51 +0000] "GET /all-products.php?maincategory=Cooling%20Equipment HTTP/1.1" 200 50929 "-" "Mozilla/5.0 (compatible; aiHitBot/2.9; +https://www.aihitdata.com/about)"
78.129.149.5 - - [12/Sep/2021:11:48:52 +0000] "GET /BODINCUBATOR.html HTTP/1.1" 200 60422 "-" "Mozilla/5.0 (compatible; aiHitBot/2.9; +https://www.aihitdata.com/about)"
78.129.149.5 - - [12/Sep/2021:11:48:54 +0000] "GET /ContactUs HTTP/1.1" 200 49509 "-" "Mozilla/5.0 (compatible; aiHitBot/2.9; +https://www.aihitdata.com/about)"
78.129.149.5 - - [12/Sep/2021:11:48:59 +0000] "GET /AboutUs HTTP/1.1" 301 239 "-" "Mozilla/5.0 (compatible; aiHitBot/2.9; +https://www.aihitdata.com/about)"
114.119.137.43 - - [12/Sep/2021:11:48:59 +0000] "GET /all-products.php?maincategory=Vacuum%20Equipments HTTP/1.1" 200 52157 "-" "Mozilla/5.0 (Linux; Android 7.0;) AppleWebKit/537.36 (KHTML, like Gecko) Mobile Safari/537.36 (compatible; PetalBot;+https://webmaster.petalsearch.com/site/petalbot)"
78.129.149.5 - - [12/Sep/2021:11:49:00 +0000] "GET /PrivacyPolicy HTTP/1.1" 301 245 "-" "Mozilla/5.0 (compatible; aiHitBot/2.9; +https://www.aihitdata.com/about)"
78.129.149.5 - - [12/Sep/2021:11:49:02 +0000] "GET /all-products.php?maincategory=Distillation%20Equipments HTTP/1.1" 200 55816 "-" "Mozilla/5.0 (compatible; aiHitBot/2.9; +https://www.aihitdata.com/about)"
78.129.149.5 - - [12/Sep/2021:11:49:04 +0000] "GET /AboutUs HTTP/1.1" 200 55102 "-" "Mozilla/5.0 (compatible; aiHitBot/2.9; +https://www.aihitdata.com/about)"
78.129.149.5 - - [12/Sep/2021:11:49:05 +0000] "GET /all-products.php?maincategory=Environmental%20Chambers HTTP/1.1" 200 52172 "-" "Mozilla/5.0 (compatible; aiHitBot/2.9; +https://www.aihitdata.com/about)"
78.129.149.5 - - [12/Sep/2021:11:49:07 +0000] "GET /all-products.php?maincategory=General%20Laboratory%20Equipments HTTP/1.1" 200 57565 "-" "Mozilla/5.0 (compatible; aiHitBot/2.9; +https://www.aihitdata.com/about)"
78.129.149.5 - - [12/Sep/2021:11:49:09 +0000] "GET /all-products.php?maincategory=Incubators HTTP/1.1" 200 55769 "-" "Mozilla/5.0 (compatible; aiHitBot/2.9; +https://www.aihitdata.com/about)"
78.129.149.5 - - [12/Sep/2021:11:49:14 +0000] "GET /all-products.php?maincategory=Lab%20Equipments%20(Heating) HTTP/1.1" 200 52596 "-" "Mozilla/5.0 (compatible; aiHitBot/2.9; +https://www.aihitdata.com/about)"
78.129.149.5 - - [12/Sep/2021:11:49:15 +0000] "GET /PrivacyPolicy HTTP/1.1" 200 46411 "-" "Mozilla/5.0 (compatible; aiHitBot/2.9; +https://www.aihitdata.com/about)"
78.129.149.5 - - [12/Sep/2021:11:49:17 +0000] "GET /Sitemap HTTP/1.1" 200 46411 "-" "Mozilla/5.0 (compatible; aiHitBot/2.9; +https://www.aihitdata.com/about)"
78.129.149.5 - - [12/Sep/2021:11:49:19 +0000] "GET /all-products.php?maincategory=Autoclave-%20%20%20%20%20%20%20%20%20%20%20%20%20%20%20%20%20%20%20%20%20%20%20%20%20%20%20%20%20%20%20%20%20%20%20%20%20%20%20%20%20%20%20%20%20%20%20%20%20%20%20%20%20%20%20%20%20%20%20%20%20%20%20%20%20%20%20%20%20%20%20%20%20%20%20%20%20%20%20%20%20%20%20%20%20%20%20%20%20%20%20%20%20%20%20%20%20%20%20%20%20%20%20%20%20%20%20%20%20%20%20%20%20Sterilization%20Equipments HTTP/1.1" 200 60657 "-" "Mozilla/5.0 (compatible; aiHitBot/2.9; +https://www.aihitdata.com/about)"
78.129.149.5 - - [12/Sep/2021:11:49:21 +0000] "GET /all-products.php?maincategory=Shakers HTTP/1.1" 200 54562 "-" "Mozilla/5.0 (compatible; aiHitBot/2.9; +https://www.aihitdata.com/about)"
78.129.149.5 - - [12/Sep/2021:11:49:24 +0000] "GET /all-products.php?maincategory=TEST%20CHAMBERS HTTP/1.1" 200 54488 "-" "Mozilla/5.0 (compatible; aiHitBot/2.9; +https://www.aihitdata.com/about)"
78.129.149.5 - - [12/Sep/2021:11:49:26 +0000] "GET /all-products.php?maincategory=Vacuum%20Equipments HTTP/1.1" 200 52157 "-" "Mozilla/5.0 (compatible; aiHitBot/2.9; +https://www.aihitdata.com/about)"
78.129.149.5 - - [12/Sep/2021:11:49:28 +0000] "GET /all-products.php?maincategory=Water(Liquid)%20Bath%20Equipments HTTP/1.1" 200 55830 "-" "Mozilla/5.0 (compatible; aiHitBot/2.9; +https://www.aihitdata.com/about)"
78.129.149.5 - - [12/Sep/2021:11:49:30 +0000] "GET /certification.php HTTP/1.1" 200 47752 "-" "Mozilla/5.0 (compatible; aiHitBot/2.9; +https://www.aihitdata.com/about)"
78.129.149.5 - - [12/Sep/2021:11:49:32 +0000] "GET /corporate-presentation.php HTTP/1.1" 200 50715 "-" "Mozilla/5.0 (compatible; aiHitBot/2.9; +https://www.aihitdata.com/about)"
78.129.149.5 - - [12/Sep/2021:11:49:33 +0000] "GET /corporate-p/jquery-1.4.4.min.js HTTP/1.1" 200 78601 "-" "Mozilla/5.0 (compatible; aiHitBot/2.9; +https://www.aihitdata.com/about)"
78.129.149.5 - - [12/Sep/2021:11:49:35 +0000] "GET /corporate-p/smart-gallery.css HTTP/1.1" 200 3579 "-" "Mozilla/5.0 (compatible; aiHitBot/2.9; +https://www.aihitdata.com/about)"
78.129.149.5 - - [12/Sep/2021:11:49:36 +0000] "GET /corporate-p/smart-gallery.min.js HTTP/1.1" 200 18309 "-" "Mozilla/5.0 (compatible; aiHitBot/2.9; +https://www.aihitdata.com/about)"
78.129.149.5 - - [12/Sep/2021:11:49:41 +0000] "GET /ContactUs HTTP/1.1" 301 245 "-" "Mozilla/5.0 (compatible; aiHitBot/2.9; +https://www.aihitdata.com/about)"
78.129.149.5 - - [12/Sep/2021:11:49:43 +0000] "GET /AUTOCLAVEVERTICALDELUXEMODEL.html HTTP/1.1" 301 269 "-" "Mozilla/5.0 (compatible; aiHitBot/2.9; +https://www.aihitdata.com/about)"
78.129.149.5 - - [12/Sep/2021:11:49:44 +0000] "GET /AUTOCLAVEVERTICALDOUBLEWALLSEMIAUTO.html HTTP/1.1" 301 276 "-" "Mozilla/5.0 (compatible; aiHitBot/2.9; +https://www.aihitdata.com/about)"
78.129.149.5 - - [12/Sep/2021:11:49:45 +0000] "GET /AUTOCLAVEVERTICALGMPMODEL.html HTTP/1.1" 301 266 "-" "Mozilla/5.0 (compatible; aiHitBot/2.9; +https://www.aihitdata.com/about)"
78.129.149.5 - - [12/Sep/2021:11:49:46 +0000] "GET /AUTOCLAVEVERTICALSTANDARDMODEL.html HTTP/1.1" 301 271 "-" "Mozilla/5.0 (compatible; aiHitBot/2.9; +https://www.aihitdata.com/about)"
78.129.149.5 - - [12/Sep/2021:11:49:47 +0000] "GET /BALLMILL.html HTTP/1.1" 301 249 "-" "Mozilla/5.0 (compatible; aiHitBot/2.9; +https://www.aihitdata.com/about)"
78.129.149.5 - - [12/Sep/2021:11:49:49 +0000] "GET /BLOODBANKREFRIGERATOR.html HTTP/1.1" 301 262 "-" "Mozilla/5.0 (compatible; aiHitBot/2.9; +https://www.aihitdata.com/about)"
78.129.149.5 - - [12/Sep/2021:11:49:50 +0000] "GET /BODINCUBATOR.html HTTP/1.1" 301 253 "-" "Mozilla/5.0 (compatible; aiHitBot/2.9; +https://www.aihitdata.com/about)"
78.129.149.5 - - [12/Sep/2021:11:49:51 +0000] "GET /BODINCUBATORGMP.html HTTP/1.1" 301 256 "-" "Mozilla/5.0 (compatible; aiHitBot/2.9; +https://www.aihitdata.com/about)"
78.129.149.5 - - [12/Sep/2021:11:49:52 +0000] "GET /BODINCUBATORMICROBASEDLCDCONTROLSINGLEPANEL.html HTTP/1.1" 301 284 "-" "Mozilla/5.0 (compatible; aiHitBot/2.9; +https://www.aihitdata.com/about)"
78.129.149.5 - - [12/Sep/2021:11:49:53 +0000] "GET /DEEPFREEZERuptoMinus86degC.html HTTP/1.1" 301 267 "-" "Mozilla/5.0 (compatible; aiHitBot/2.9; +https://www.aihitdata.com/about)"
78.129.149.5 - - [12/Sep/2021:11:49:55 +0000] "GET /FREEZEDRYER.html HTTP/1.1" 301 252 "-" "Mozilla/5.0 (compatible; aiHitBot/2.9; +https://www.aihitdata.com/about)"
78.129.149.5 - - [12/Sep/2021:11:49:56 +0000] "GET /GLASSDISTILLATIONAPPARATUS.html HTTP/1.1" 301 267 "-" "Mozilla/5.0 (compatible; aiHitBot/2.9; +https://www.aihitdata.com/about)"
78.129.149.5 - - [12/Sep/2021:11:49:57 +0000] "GET /GROWTHCHAMBER(ENVIRONMENTALCHAMBER).html HTTP/1.1" 301 276 "-" "Mozilla/5.0 (compatible; aiHitBot/2.9; +https://www.aihitdata.com/about)"
78.129.149.5 - - [12/Sep/2021:11:49:58 +0000] "GET /HOTAIROVEN.html HTTP/1.1" 301 251 "-" "Mozilla/5.0 (compatible; aiHitBot/2.9; +https://www.aihitdata.com/about)"
78.129.149.5 - - [12/Sep/2021:11:49:59 +0000] "GET /HOTAIROVENHIGHTEMP.html HTTP/1.1" 301 259 "-" "Mozilla/5.0 (compatible; aiHitBot/2.9; +https://www.aihitdata.com/about)"
78.129.149.5 - - [12/Sep/2021:11:50:01 +0000] "GET /HUMIDITYCHAMBER(HEATING).html HTTP/1.1" 301 265 "-" "Mozilla/5.0 (compatible; aiHitBot/2.9; +https://www.aihitdata.com/about)"
78.129.149.5 - - [12/Sep/2021:11:50:02 +0000] "GET /HUMIDITYCUMTEMPERATURECONTROLLEDCHAMBERECOFRIENDLYCOOLING.html HTTP/1.1" 301 298 "-" "Mozilla/5.0 (compatible; aiHitBot/2.9; +https://www.aihitdata.com/about)"
78.129.149.5 - - [12/Sep/2021:11:50:03 +0000] "GET /INCUBATORBACTERIOLOGICAL.html HTTP/1.1" 301 265 "-" "Mozilla/5.0 (compatible; aiHitBot/2.9; +https://www.aihitdata.com/about)"
78.129.149.5 - - [12/Sep/2021:11:50:04 +0000] "GET /INCUBATOROVENCOMBINED.html HTTP/1.1" 301 262 "-" "Mozilla/5.0 (compatible; aiHitBot/2.9; +https://www.aihitdata.com/about)"
78.129.149.5 - - [12/Sep/2021:11:50:05 +0000] "GET /INDUSTRIALDRYINGOVEN.html HTTP/1.1" 301 261 "-" "Mozilla/5.0 (compatible; aiHitBot/2.9; +https://www.aihitdata.com/about)"
78.129.149.5 - - [12/Sep/2021:11:50:06 +0000] "GET /LABJAWCRUSHERS.html HTTP/1.1" 301 255 "-" "Mozilla/5.0 (compatible; aiHitBot/2.9; +https://www.aihitdata.com/about)"
78.129.149.5 - - [12/Sep/2021:11:50:08 +0000] "GET /LABPULVERISORDISCTYPE.html HTTP/1.1" 301 262 "-" "Mozilla/5.0 (compatible; aiHitBot/2.9; +https://www.aihitdata.com/about)"
78.129.149.5 - - [12/Sep/2021:11:50:09 +0000] "GET /LAMINARFLOWBENCHHORIZONTAL.html HTTP/1.1" 301 267 "-" "Mozilla/5.0 (compatible; aiHitBot/2.9; +https://www.aihitdata.com/about)"
78.129.149.5 - - [12/Sep/2021:11:50:10 +0000] "GET /LAMINARFLOWBENCHVERTICAL.html HTTP/1.1" 301 265 "-" "Mozilla/5.0 (compatible; aiHitBot/2.9; +https://www.aihitdata.com/about)"
78.129.149.5 - - [12/Sep/2021:11:50:11 +0000] "GET /LAMINARHORIZONTALMICROCONTROLLERLCDDISPLAY.html HTTP/1.1" 301 283 "-" "Mozilla/5.0 (compatible; aiHitBot/2.9; +https://www.aihitdata.com/about)"
78.129.149.5 - - [12/Sep/2021:11:50:12 +0000] "GET /LAMINARVERTICALMICROCONTROLLERLCDDISPLAY.html HTTP/1.1" 301 281 "-" "Mozilla/5.0 (compatible; aiHitBot/2.9; +https://www.aihitdata.com/about)"
78.129.149.5 - - [12/Sep/2021:11:50:14 +0000] "GET /MORTUARYCABINET.html HTTP/1.1" 301 256 "-" "Mozilla/5.0 (compatible; aiHitBot/2.9; +https://www.aihitdata.com/about)"
78.129.149.5 - - [12/Sep/2021:11:50:15 +0000] "GET /RECIPROCATINGSHAKER.html HTTP/1.1" 301 260 "-" "Mozilla/5.0 (compatible; aiHitBot/2.9; +https://www.aihitdata.com/about)"
78.129.149.5 - - [12/Sep/2021:11:50:16 +0000] "GET /ROCKERSHAKERGELPLATFORMSHAKER.html HTTP/1.1" 301 270 "-" "Mozilla/5.0 (compatible; aiHitBot/2.9; +https://www.aihitdata.com/about)"
78.129.149.5 - - [12/Sep/2021:11:50:17 +0000] "GET /SALTSPRAYCHAMBER.html HTTP/1.1" 301 257 "-" "Mozilla/5.0 (compatible; aiHitBot/2.9; +https://www.aihitdata.com/about)"
78.129.149.5 - - [12/Sep/2021:11:50:18 +0000] "GET /SEEDGERMINATORSINGLECHAMBER(COOLING).html HTTP/1.1" 301 277 "-" "Mozilla/5.0 (compatible; aiHitBot/2.9; +https://www.aihitdata.com/about)"
216.131.114.37 - - [12/Sep/2021:11:53:04 +0000] "GET /enquiry.php HTTP/1.0" 200 61678 "https://scienocraft.com/enquiry.php" "Mozilla/5.0 (Windows NT 10.0; Win64; x64) AppleWebKit/537.36 (KHTML, like Gecko) Chrome/90.0.4430.85 Safari/537.36"
216.131.114.37 - - [12/Sep/2021:11:53:06 +0000] "POST /submit-enquiry.php HTTP/1.0" 200 139 "https://scienocraft.com/enquiry.php" "Mozilla/5.0 (Windows NT 10.0; Win64; x64) AppleWebKit/537.36 (KHTML, like Gecko) Chrome/90.0.4430.85 Safari/537.36"
216.131.114.37 - - [12/Sep/2021:11:53:10 +0000] "GET /ThankYou HTTP/1.0" 301 240 "https://www.scienocraft.com/ThankYou" "Mozilla/5.0 (Windows NT 10.0; Win64; x64) AppleWebKit/537.36 (KHTML, like Gecko) Chrome/90.0.4430.85 Safari/537.36"
216.131.114.37 - - [12/Sep/2021:11:53:11 +0000] "GET /ThankYou HTTP/1.0" 200 47516 "https://scienocraft.com/ThankYou" "Mozilla/5.0 (Windows NT 10.0; Win64; x64) AppleWebKit/537.36 (KHTML, like Gecko) Chrome/90.0.4430.85 Safari/537.36"
114.119.137.38 - - [12/Sep/2021:11:54:55 +0000] "GET /INDUSTRIALDRYINGCHAMBER.html HTTP/1.1" 301 260 "-" "Mozilla/5.0 (Linux; Android 7.0;) AppleWebKit/537.36 (KHTML, like Gecko) Mobile Safari/537.36 (compatible; PetalBot;+https://webmaster.petalsearch.com/site/petalbot)"
114.119.137.38 - - [12/Sep/2021:11:54:56 +0000] "GET /INDUSTRIALDRYINGCHAMBER.html HTTP/1.1" 200 58356 "-" "Mozilla/5.0 (Linux; Android 7.0;) AppleWebKit/537.36 (KHTML, like Gecko) Mobile Safari/537.36 (compatible; PetalBot;+https://webmaster.petalsearch.com/site/petalbot)"
66.249.75.192 - - [12/Sep/2021:11:56:35 +0000] "GET /ProductswiseCatalogue HTTP/1.1" 200 46493 "-" "Mozilla/5.0 (Linux; Android 6.0.1; Nexus 5X Build/MMB29P) AppleWebKit/537.36 (KHTML, like Gecko) Chrome/92.0.4515.119 Mobile Safari/537.36 (compatible; Googlebot/2.1; +http://www.google.com/bot.html)"
114.119.137.249 - - [12/Sep/2021:12:00:20 +0000] "GET /enquiry.php?pname=FUME%20HOOD/STI-230 HTTP/1.1" 200 61695 "-" "Mozilla/5.0 (Linux; Android 7.0;) AppleWebKit/537.36 (KHTML, like Gecko) Mobile Safari/537.36 (compatible; PetalBot;+https://webmaster.petalsearch.com/site/petalbot)"
114.119.137.3 - - [12/Sep/2021:12:06:02 +0000] "GET /enquiry.php?pname=WATER%20BATH%20DOUBLE%20WALLED/STI-133%20B HTTP/1.1" 200 61712 "-" "Mozilla/5.0 (Linux; Android 7.0;) AppleWebKit/537.36 (KHTML, like Gecko) Mobile Safari/537.36 (compatible; PetalBot;+https://webmaster.petalsearch.com/site/petalbot)"
216.244.66.229 - - [12/Sep/2021:12:10:37 +0000] "GET /robots.txt HTTP/1.1" 301 242 "-" "Mozilla/5.0 (compatible; DotBot/1.2; +https://opensiteexplorer.org/dotbot; help@moz.com)"
216.244.66.229 - - [12/Sep/2021:12:10:38 +0000] "GET /robots.txt HTTP/1.1" 404 208 "-" "Mozilla/5.0 (compatible; DotBot/1.2; +https://opensiteexplorer.org/dotbot; help@moz.com)"
114.119.137.43 - - [12/Sep/2021:12:11:41 +0000] "GET /enquiry.php?pname=HOT%20PLATE%20RECTANGULAR/STI-268 HTTP/1.1" 200 61707 "-" "Mozilla/5.0 (Linux; Android 7.0;) AppleWebKit/537.36 (KHTML, like Gecko) Mobile Safari/537.36 (compatible; PetalBot;+https://webmaster.petalsearch.com/site/petalbot)"
216.244.66.229 - - [12/Sep/2021:12:16:33 +0000] "GET /enquiry.php?pname=PARRAFIN%20WAX%20DISPENSER/STI-140 HTTP/1.1" 200 61708 "-" "Mozilla/5.0 (compatible; DotBot/1.2; +https://opensiteexplorer.org/dotbot; help@moz.com)"
114.119.137.249 - - [12/Sep/2021:12:17:23 +0000] "GET /enquiry.php?pname=ICE%20FLAKER/STI-241 HTTP/1.1" 200 61696 "-" "Mozilla/5.0 (Linux; Android 7.0;) AppleWebKit/537.36 (KHTML, like Gecko) Mobile Safari/537.36 (compatible; PetalBot;+https://webmaster.petalsearch.com/site/petalbot)"
114.119.133.245 - - [12/Sep/2021:12:23:05 +0000] "GET /LABJAWCRUSHERS.html HTTP/1.1" 301 251 "-" "Mozilla/5.0 (Linux; Android 7.0;) AppleWebKit/537.36 (KHTML, like Gecko) Mobile Safari/537.36 (compatible; PetalBot;+https://webmaster.petalsearch.com/site/petalbot)"
114.119.133.245 - - [12/Sep/2021:12:23:05 +0000] "GET /LABJAWCRUSHERS.html HTTP/1.1" 200 52009 "-" "Mozilla/5.0 (Linux; Android 7.0;) AppleWebKit/537.36 (KHTML, like Gecko) Mobile Safari/537.36 (compatible; PetalBot;+https://webmaster.petalsearch.com/site/petalbot)"
123.183.224.150 - - [12/Sep/2021:12:24:39 +0000] "GET /slideshow/css/chopslider.css HTTP/1.1" 301 264 "http://www.scienocraft.com/" "Mozilla/5.0 (X11; Linux x86_64) AppleWebKit/537.36 (KHTML, like Gecko) Chrome/73.0.3683.86 Safari/537.36"
123.183.224.150 - - [12/Sep/2021:12:24:42 +0000] "GET /slideshow/css/chopslider.css HTTP/1.1" 301 260 "http://www.scienocraft.com/" "Mozilla/5.0 (X11; Linux x86_64) AppleWebKit/537.36 (KHTML, like Gecko) Chrome/73.0.3683.86 Safari/537.36"
123.125.109.58 - - [12/Sep/2021:12:24:45 +0000] "GET /slideshow/css/chopslider.css HTTP/1.1" 301 264 "http://www.scienocraft.com/" "Mozilla/5.0 (X11; Linux x86_64) AppleWebKit/537.36 (KHTML, like Gecko) Chrome/73.0.3683.86 Safari/537.36"
123.125.109.58 - - [12/Sep/2021:12:24:46 +0000] "GET /slideshow/css/chopslider.css HTTP/1.1" 301 260 "http://www.scienocraft.com/" "Mozilla/5.0 (X11; Linux x86_64) AppleWebKit/537.36 (KHTML, like Gecko) Chrome/73.0.3683.86 Safari/537.36"
