114.119.137.38 - - [09/Sep/2021:18:23:16 +0000] "GET /robots.txt HTTP/1.1" 404 208 "-" "Mozilla/5.0 (compatible;PetalBot;+https://webmaster.petalsearch.com/site/petalbot)"
216.131.114.126 - - [09/Sep/2021:18:28:21 +0000] "GET /enquiry.php HTTP/1.0" 200 61678 "https://scienocraft.com/enquiry.php" "Mozilla/5.0 (Windows NT 10.0; Win64; x64) AppleWebKit/537.36 (KHTML, like Gecko) Chrome/90.0.4430.72 Safari/537.36"
216.131.114.126 - - [09/Sep/2021:18:28:24 +0000] "POST /submit-enquiry.php HTTP/1.0" 200 139 "https://scienocraft.com/enquiry.php" "Mozilla/5.0 (Windows NT 10.0; Win64; x64) AppleWebKit/537.36 (KHTML, like Gecko) Chrome/90.0.4430.72 Safari/537.36"
216.131.114.126 - - [09/Sep/2021:18:28:31 +0000] "GET /ThankYou HTTP/1.0" 404 206 "https://www.scienocraft.com/ThankYou" "Mozilla/5.0 (Windows NT 10.0; Win64; x64) AppleWebKit/537.36 (KHTML, like Gecko) Chrome/90.0.4430.72 Safari/537.36"
137.226.113.44 - - [09/Sep/2021:18:29:04 +0000] "GET / HTTP/1.1" 200 63934 "-" "Mozilla/5.0 (X11; Linux x86_64; rv:84.0) Gecko/20100101 Firefox/84.0"
114.119.137.3 - - [09/Sep/2021:18:31:53 +0000] "GET /enquiry.php?pname=DRY%20BATH%20INCUBATOR/%20STI-298 HTTP/1.1" 200 61705 "-" "Mozilla/5.0 (Linux; Android 7.0;) AppleWebKit/537.36 (KHTML, like Gecko) Mobile Safari/537.36 (compatible; PetalBot;+https://webmaster.petalsearch.com/site/petalbot)"
114.119.137.43 - - [09/Sep/2021:18:40:30 +0000] "GET /enquiry.php?pname=INCUBATOR%20BACTERIOLOGICAL/%20STI-295 HTTP/1.1" 200 61712 "-" "Mozilla/5.0 (Linux; Android 7.0;) AppleWebKit/537.36 (KHTML, like Gecko) Mobile Safari/537.36 (compatible; PetalBot;+https://webmaster.petalsearch.com/site/petalbot)"
114.119.137.45 - - [09/Sep/2021:18:48:25 +0000] "GET /enquiry.php?pname=ORBITAL%20INCUBATOR%20SHAKER%20BENCH%20TOP%20HEATING/%20STI-179%20A HTTP/1.1" 200 61731 "-" "Mozilla/5.0 (Linux; Android 7.0;) AppleWebKit/537.36 (KHTML, like Gecko) Mobile Safari/537.36 (compatible; PetalBot;+https://webmaster.petalsearch.com/site/petalbot)"
82.146.52.198 - - [09/Sep/2021:18:52:14 +0000] "GET /ThankYou/ HTTP/1.0" 404 207 "http://scienocraft.com/ThankYou/" "Mozilla/5.0 (Windows NT 6.1) AppleWebKit/537.36 (KHTML, like Gecko) Chrome/90.0.4430.72 Safari/537.36"
82.146.52.198 - - [09/Sep/2021:18:52:14 +0000] "GET / HTTP/1.0" 200 63934 "http://scienocraft.com/" "Mozilla/5.0 (Windows NT 6.1) AppleWebKit/537.36 (KHTML, like Gecko) Chrome/90.0.4430.72 Safari/537.36"
114.119.133.245 - - [09/Sep/2021:18:55:41 +0000] "GET /all-products.php?maincategory=General%20Laboratory%20Equipments HTTP/1.1" 200 57565 "-" "Mozilla/5.0 (Linux; Android 7.0;) AppleWebKit/537.36 (KHTML, like Gecko) Mobile Safari/537.36 (compatible; PetalBot;+https://webmaster.petalsearch.com/site/petalbot)"
66.249.75.221 - - [09/Sep/2021:19:38:35 +0000] "GET / HTTP/1.1" 200 63934 "-" "Mozilla/5.0 (compatible; Googlebot/2.1; +http://www.google.com/bot.html)"
114.119.137.252 - - [09/Sep/2021:20:03:40 +0000] "GET /enquiry.php?pname=QUARTZ%20DISTILLATION%20STI%20256/STI-%20256/257 HTTP/1.1" 200 61718 "-" "Mozilla/5.0 (Linux; Android 7.0;) AppleWebKit/537.36 (KHTML, like Gecko) Mobile Safari/537.36 (compatible; PetalBot;+https://webmaster.petalsearch.com/site/petalbot)"
45.93.80.28 - - [09/Sep/2021:20:04:33 +0000] "GET /ThankYou/ HTTP/1.0" 404 207 "http://scienocraft.com/ThankYou/" "Mozilla/5.0 (Windows NT 10.0; Win64; x64) AppleWebKit/537.36 (KHTML, like Gecko) Chrome/90.0.4430.85 Safari/537.36 Edg/90.0.818.46"
45.93.80.28 - - [09/Sep/2021:20:04:33 +0000] "GET / HTTP/1.0" 200 63934 "http://scienocraft.com/" "Mozilla/5.0 (Windows NT 10.0; Win64; x64) AppleWebKit/537.36 (KHTML, like Gecko) Chrome/90.0.4430.85 Safari/537.36 Edg/90.0.818.46"
179.43.151.113 - - [09/Sep/2021:20:08:51 +0000] "GET /ThankYou/ HTTP/1.0" 404 207 "http://scienocraft.com/ThankYou/" "Mozilla/5.0 (Windows NT 10.0) AppleWebKit/537.36 (KHTML, like Gecko) Chrome/90.0.4430.85 Safari/537.36"
179.43.151.113 - - [09/Sep/2021:20:08:51 +0000] "GET / HTTP/1.0" 200 63934 "http://scienocraft.com/" "Mozilla/5.0 (Windows NT 10.0) AppleWebKit/537.36 (KHTML, like Gecko) Chrome/90.0.4430.85 Safari/537.36"
179.43.151.113 - - [09/Sep/2021:20:08:52 +0000] "GET /ContactUs HTTP/1.0" 404 207 "https://www.scienocraft.com/ContactUs" "Mozilla/5.0 (Windows NT 10.0) AppleWebKit/537.36 (KHTML, like Gecko) Chrome/90.0.4430.85 Safari/537.36"
40.77.167.44 - - [09/Sep/2021:20:40:39 +0000] "GET /robots.txt HTTP/1.1" 404 208 "-" "Mozilla/5.0 (compatible; bingbot/2.0; +http://www.bing.com/bingbot.htm)"
40.77.167.44 - - [09/Sep/2021:20:40:40 +0000] "GET /robots.txt HTTP/1.1" 404 208 "-" "Mozilla/5.0 (compatible; bingbot/2.0; +http://www.bing.com/bingbot.htm)"
207.46.13.141 - - [09/Sep/2021:20:40:45 +0000] "GET /BOMBCALORIMETER(DIGITAL).html HTTP/1.1" 404 227 "-" "Mozilla/5.0 (compatible; bingbot/2.0; +http://www.bing.com/bingbot.htm)"
66.249.75.223 - - [09/Sep/2021:20:42:28 +0000] "GET /BODINCUBATOR.html HTTP/1.1" 404 215 "-" "Mozilla/5.0 (Linux; Android 6.0.1; Nexus 5X Build/MMB29P) AppleWebKit/537.36 (KHTML, like Gecko) Chrome/92.0.4515.119 Mobile Safari/537.36 (compatible; Googlebot/2.1; +http://www.google.com/bot.html)"
66.249.75.221 - - [09/Sep/2021:20:53:28 +0000] "GET /MASHINGBATH.html HTTP/1.1" 404 214 "-" "Mozilla/5.0 (compatible; Googlebot/2.1; +http://www.google.com/bot.html)"
114.119.137.45 - - [09/Sep/2021:21:06:20 +0000] "GET /enquiry.php?pname=MORTUARY%20CABINET/STI-185 HTTP/1.1" 200 61702 "-" "Mozilla/5.0 (Linux; Android 7.0;) AppleWebKit/537.36 (KHTML, like Gecko) Mobile Safari/537.36 (compatible; PetalBot;+https://webmaster.petalsearch.com/site/petalbot)"
66.249.69.221 - - [09/Sep/2021:21:13:44 +0000] "GET /robots.txt HTTP/1.1" 404 208 "-" "Mozilla/5.0 (compatible; Googlebot/2.1; +http://www.google.com/bot.html)"
66.249.69.219 - - [09/Sep/2021:21:13:44 +0000] "GET /style.css HTTP/1.1" 200 10311 "http://www.scienocraft.com/products.php" "Mozilla/5.0 AppleWebKit/537.36 (KHTML, like Gecko; compatible; Googlebot/2.1; +http://www.google.com/bot.html) Chrome/92.0.4515.119 Safari/537.36"
114.119.137.38 - - [09/Sep/2021:21:14:57 +0000] "GET /enquiry.php?pname=FREEZE%20DRYER/STI-240 HTTP/1.1" 200 61698 "-" "Mozilla/5.0 (Linux; Android 7.0;) AppleWebKit/537.36 (KHTML, like Gecko) Mobile Safari/537.36 (compatible; PetalBot;+https://webmaster.petalsearch.com/site/petalbot)"
114.119.137.38 - - [09/Sep/2021:21:23:52 +0000] "GET /SEEDGERMINATORSINGLECHAMBER(COOLING).html HTTP/1.1" 404 239 "-" "Mozilla/5.0 (Linux; Android 7.0;) AppleWebKit/537.36 (KHTML, like Gecko) Mobile Safari/537.36 (compatible; PetalBot;+https://webmaster.petalsearch.com/site/petalbot)"
66.249.69.219 - - [09/Sep/2021:21:25:48 +0000] "GET /menu/css/skins/red.css HTTP/1.1" 200 3318 "http://www.scienocraft.com/" "Mozilla/5.0 AppleWebKit/537.36 (KHTML, like Gecko; compatible; Googlebot/2.1; +http://www.google.com/bot.html) Chrome/92.0.4515.119 Safari/537.36"
114.119.137.3 - - [09/Sep/2021:21:32:32 +0000] "GET /enquiry.php?pname=AIR%20SHOWER/STI-227 HTTP/1.1" 200 61696 "-" "Mozilla/5.0 (Linux; Android 7.0;) AppleWebKit/537.36 (KHTML, like Gecko) Mobile Safari/537.36 (compatible; PetalBot;+https://webmaster.petalsearch.com/site/petalbot)"
66.249.69.220 - - [09/Sep/2021:21:39:26 +0000] "GET /HPSTEAMSTERILIZERHORIZONTALAUTOPURGINGnEXHAUST.html HTTP/1.1" 404 249 "-" "Mozilla/5.0 (Linux; Android 6.0.1; Nexus 5X Build/MMB29P) AppleWebKit/537.36 (KHTML, like Gecko) Chrome/92.0.4515.119 Mobile Safari/537.36 (compatible; Googlebot/2.1; +http://www.google.com/bot.html)"
114.119.137.38 - - [09/Sep/2021:21:55:14 +0000] "GET /enquiry.php?pname=ORBITAL%20INCUBATOR%20SHAKER%20HEATING%20n%20COOLING/%20STI-180%20B HTTP/1.1" 200 61731 "-" "Mozilla/5.0 (Linux; Android 7.0;) AppleWebKit/537.36 (KHTML, like Gecko) Mobile Safari/537.36 (compatible; PetalBot;+https://webmaster.petalsearch.com/site/petalbot)"
66.249.75.192 - - [09/Sep/2021:21:55:56 +0000] "GET /STABILITYCHAMBER21CFR(ECOFRIENDLYCFCFREECOOLINGREFRIGERANT).html HTTP/1.1" 404 262 "-" "Mozilla/5.0 (Linux; Android 6.0.1; Nexus 5X Build/MMB29P) AppleWebKit/537.36 (KHTML, like Gecko) Chrome/92.0.4515.119 Mobile Safari/537.36 (compatible; Googlebot/2.1; +http://www.google.com/bot.html)"
37.120.236.3 - - [09/Sep/2021:21:57:04 +0000] "GET /ThankYou/ HTTP/1.0" 404 207 "http://scienocraft.com/ThankYou/" "Mozilla/5.0 (Windows NT 6.1; Win64; x64) AppleWebKit/537.36 (KHTML, like Gecko) Chrome/90.0.4427.0 Safari/537.36"
37.120.236.3 - - [09/Sep/2021:21:57:05 +0000] "GET / HTTP/1.0" 200 63934 "http://scienocraft.com/" "Mozilla/5.0 (Windows NT 6.1; Win64; x64) AppleWebKit/537.36 (KHTML, like Gecko) Chrome/90.0.4427.0 Safari/537.36"
37.120.236.3 - - [09/Sep/2021:21:57:06 +0000] "GET /ContactUs HTTP/1.0" 404 207 "https://www.scienocraft.com/ContactUs" "Mozilla/5.0 (Windows NT 6.1; Win64; x64) AppleWebKit/537.36 (KHTML, like Gecko) Chrome/90.0.4427.0 Safari/537.36"
66.249.75.192 - - [09/Sep/2021:21:58:30 +0000] "GET /VACUUMOVENRECTANGULAR.html HTTP/1.1" 404 224 "-" "Mozilla/5.0 (Linux; Android 6.0.1; Nexus 5X Build/MMB29P) AppleWebKit/537.36 (KHTML, like Gecko) Chrome/92.0.4515.119 Mobile Safari/537.36 (compatible; Googlebot/2.1; +http://www.google.com/bot.html)"
207.46.13.148 - - [09/Sep/2021:22:03:46 +0000] "GET /MAGNETICSTIRRER.html HTTP/1.1" 404 218 "-" "Mozilla/5.0 (compatible; bingbot/2.0; +http://www.bing.com/bingbot.htm)"
114.119.137.249 - - [09/Sep/2021:22:06:19 +0000] "GET /enquiry.php?pname=SEED%20GERMINATOR%20DUAL%20CHAMBER/STI-193 HTTP/1.1" 200 61714 "-" "Mozilla/5.0 (Linux; Android 7.0;) AppleWebKit/537.36 (KHTML, like Gecko) Mobile Safari/537.36 (compatible; PetalBot;+https://webmaster.petalsearch.com/site/petalbot)"
66.249.75.192 - - [09/Sep/2021:22:15:47 +0000] "GET /STABILITYCHAMBER21CFR(ECOFRIENDLYCFCFREECOOLINGREFRIGERANT).html HTTP/1.1" 404 262 "-" "Mozilla/5.0 (compatible; Googlebot/2.1; +http://www.google.com/bot.html)"
66.249.75.223 - - [09/Sep/2021:22:22:48 +0000] "GET /DIGITALMOISTUREBALANCE.html HTTP/1.1" 404 225 "-" "Mozilla/5.0 (Linux; Android 6.0.1; Nexus 5X Build/MMB29P) AppleWebKit/537.36 (KHTML, like Gecko) Chrome/92.0.4515.119 Mobile Safari/537.36 (compatible; Googlebot/2.1; +http://www.google.com/bot.html)"
66.249.69.222 - - [09/Sep/2021:22:47:07 +0000] "GET /robots.txt HTTP/1.1" 404 208 "-" "Mozilla/5.0 (compatible; Googlebot/2.1; +http://www.google.com/bot.html)"
66.249.69.221 - - [09/Sep/2021:22:47:08 +0000] "GET /KJELDAHLDISTILLATIONANDDIGESTIONCOMBINED.html HTTP/1.1" 404 243 "-" "Mozilla/5.0 (Linux; Android 6.0.1; Nexus 5X Build/MMB29P) AppleWebKit/537.36 (KHTML, like Gecko) Chrome/92.0.4515.119 Mobile Safari/537.36 (compatible; Googlebot/2.1; +http://www.google.com/bot.html)"
54.36.149.94 - - [09/Sep/2021:22:54:01 +0000] "GET /robots.txt HTTP/1.1" 404 208 "-" "Mozilla/5.0 (compatible; AhrefsBot/7.0; +http://ahrefs.com/robot/)"
54.36.148.139 - - [09/Sep/2021:22:54:02 +0000] "GET /MUFFLEFURNACEMAXTEMP1200degC.html HTTP/1.1" 404 231 "-" "Mozilla/5.0 (compatible; AhrefsBot/7.0; +http://ahrefs.com/robot/)"
185.191.171.11 - - [09/Sep/2021:23:16:27 +0000] "GET /robots.txt HTTP/1.1" 404 208 "-" "Mozilla/5.0 (compatible; SemrushBot/7~bl; +http://www.semrush.com/bot.html)"
185.191.171.12 - - [09/Sep/2021:23:16:28 +0000] "GET /all-products.php?maincategory=Shakers HTTP/1.1" 200 54562 "-" "Mozilla/5.0 (compatible; SemrushBot/7~bl; +http://www.semrush.com/bot.html)"
114.119.137.3 - - [09/Sep/2021:23:18:34 +0000] "GET /enquiry.php?pname=FUME%20HOOD/STI-230 HTTP/1.1" 200 61695 "-" "Mozilla/5.0 (Linux; Android 7.0;) AppleWebKit/537.36 (KHTML, like Gecko) Mobile Safari/537.36 (compatible; PetalBot;+https://webmaster.petalsearch.com/site/petalbot)"
54.36.149.81 - - [09/Sep/2021:23:33:15 +0000] "GET /WRISTACTIONSHAKER.html HTTP/1.1" 404 220 "-" "Mozilla/5.0 (compatible; AhrefsBot/7.0; +http://ahrefs.com/robot/)"
114.119.137.249 - - [09/Sep/2021:23:48:13 +0000] "GET /ICEFLAKER.html HTTP/1.1" 404 212 "-" "Mozilla/5.0 (Linux; Android 7.0;) AppleWebKit/537.36 (KHTML, like Gecko) Mobile Safari/537.36 (compatible; PetalBot;+https://webmaster.petalsearch.com/site/petalbot)"
114.119.137.252 - - [09/Sep/2021:23:55:08 +0000] "GET /all-products.php?maincategory=Incubators HTTP/1.1" 200 55769 "-" "Mozilla/5.0 (Linux; Android 7.0;) AppleWebKit/537.36 (KHTML, like Gecko) Mobile Safari/537.36 (compatible; PetalBot;+https://webmaster.petalsearch.com/site/petalbot)"
185.191.171.35 - - [09/Sep/2021:23:59:10 +0000] "GET /submit-enquiry.php HTTP/1.1" 200 192 "-" "Mozilla/5.0 (compatible; SemrushBot/7~bl; +http://www.semrush.com/bot.html)"
77.245.215.131 - - [10/Sep/2021:00:01:01 +0000] "GET /ThankYou HTTP/1.1" 404 206 "-" "Mozilla/5.0 (Windows NT 6.1; Win64; x64; rv:72.0) Gecko/20100101 Firefox/72.0"
77.245.215.131 - - [10/Sep/2021:00:01:03 +0000] "GET /ThankYou HTTP/1.1" 404 206 "-" "Mozilla/5.0 (Windows NT 6.1; Win64; x64; rv:72.0) Gecko/20100101 Firefox/72.0"
114.119.137.252 - - [10/Sep/2021:00:04:53 +0000] "GET /enquiry.php?pname=HUMIDITY%20CHAMBER%20(HEATING)/STI-197%20B HTTP/1.1" 200 61714 "-" "Mozilla/5.0 (Linux; Android 7.0;) AppleWebKit/537.36 (KHTML, like Gecko) Mobile Safari/537.36 (compatible; PetalBot;+https://webmaster.petalsearch.com/site/petalbot)"
146.66.178.78 - - [10/Sep/2021:00:05:13 +0000] "GET /ThankYou/ HTTP/1.0" 404 207 "http://scienocraft.com/ThankYou/" "Mozilla/5.0 (Windows NT 10.0; Win64; x64) AppleWebKit/537.36 (KHTML, like Gecko) Chrome/83.0.4103.34 Safari/537.36 Edg/83.0.478.25"
146.66.178.78 - - [10/Sep/2021:00:05:13 +0000] "GET / HTTP/1.0" 200 63934 "http://scienocraft.com/" "Mozilla/5.0 (Windows NT 10.0; Win64; x64) AppleWebKit/537.36 (KHTML, like Gecko) Chrome/83.0.4103.34 Safari/537.36 Edg/83.0.478.25"
191.101.31.25 - - [10/Sep/2021:00:07:19 +0000] "GET /ThankYou/ HTTP/1.0" 404 207 "http://scienocraft.com/ThankYou/" "Mozilla/5.0 (Windows NT 6.1; Win64; x64) AppleWebKit/537.36 (KHTML, like Gecko) Chrome/90.0.4430.93 Safari/537.36"
191.101.31.25 - - [10/Sep/2021:00:07:23 +0000] "GET / HTTP/1.0" 200 63934 "http://scienocraft.com/" "Mozilla/5.0 (Windows NT 6.1; Win64; x64) AppleWebKit/537.36 (KHTML, like Gecko) Chrome/90.0.4430.93 Safari/537.36"
191.101.31.25 - - [10/Sep/2021:00:07:25 +0000] "GET /ContactUs HTTP/1.0" 404 207 "https://www.scienocraft.com/ContactUs" "Mozilla/5.0 (Windows NT 6.1; Win64; x64) AppleWebKit/537.36 (KHTML, like Gecko) Chrome/90.0.4430.93 Safari/537.36"
191.101.31.25 - - [10/Sep/2021:00:07:27 +0000] "GET /ContactUs HTTP/1.0" 404 207 "https://www.scienocraft.com/ContactUs" "Mozilla/5.0 (Windows NT 6.1; Win64; x64) AppleWebKit/537.36 (KHTML, like Gecko) Chrome/90.0.4430.93 Safari/537.36"
114.119.137.252 - - [10/Sep/2021:00:16:23 +0000] "GET /enquiry.php?pname=BENCH%20AUTOCLAVE%20PORTABLE%20AUTOMATIC%20/STI-113 HTTP/1.1" 200 61721 "-" "Mozilla/5.0 (Linux; Android 7.0;) AppleWebKit/537.36 (KHTML, like Gecko) Mobile Safari/537.36 (compatible; PetalBot;+https://webmaster.petalsearch.com/site/petalbot)"
66.249.75.223 - - [10/Sep/2021:00:17:25 +0000] "GET /DIGITALMOISTUREBALANCE.html HTTP/1.1" 404 225 "-" "Mozilla/5.0 (compatible; Googlebot/2.1; +http://www.google.com/bot.html)"
42.236.10.73 - - [10/Sep/2021:00:24:49 +0000] "GET / HTTP/1.1" 200 63934 "http://www.scienocraft.com/" "-"
114.119.137.45 - - [10/Sep/2021:00:26:48 +0000] "GET /enquiry.php?pname=DIGITAL%20COLONY%20COUNTER/STI-213 HTTP/1.1" 200 61708 "-" "Mozilla/5.0 (Linux; Android 7.0;) AppleWebKit/537.36 (KHTML, like Gecko) Mobile Safari/537.36 (compatible; PetalBot;+https://webmaster.petalsearch.com/site/petalbot)"
189.109.236.166 - - [10/Sep/2021:00:39:58 +0000] "GET / HTTP/1.1" 200 63934 "-" "Mozilla/5.0 (Windows NT 10.0; Win64; x64) AppleWebKit/537.36 (KHTML, like Gecko) Chrome/85.0.4183.121 Safari/537.36"
189.109.236.166 - - [10/Sep/2021:00:40:05 +0000] "GET /enquiry.php HTTP/1.1" 200 61678 "-" "Mozilla/5.0 (Windows NT 10.0; Win64; x64) AppleWebKit/537.36 (KHTML, like Gecko) Chrome/85.0.4183.121 Safari/537.36"
189.109.236.166 - - [10/Sep/2021:00:40:08 +0000] "POST /submit-enquiry.php HTTP/1.1" 200 139 "-" "Mozilla/5.0 (Windows NT 10.0; Win64; x64) AppleWebKit/537.36 (KHTML, like Gecko) Chrome/85.0.4183.121 Safari/537.36"
189.109.236.166 - - [10/Sep/2021:00:40:11 +0000] "POST /submit-enquiry.php HTTP/1.1" 200 139 "-" "Mozilla/5.0 (Windows NT 10.0; Win64; x64) AppleWebKit/537.36 (KHTML, like Gecko) Chrome/85.0.4183.121 Safari/537.36"
189.109.236.166 - - [10/Sep/2021:00:40:19 +0000] "GET /products-catalogue.php HTTP/1.1" 200 80159 "-" "Mozilla/5.0 (Windows NT 10.0; Win64; x64) AppleWebKit/537.36 (KHTML, like Gecko) Chrome/85.0.4183.121 Safari/537.36"
85.10.201.122 - - [10/Sep/2021:00:48:07 +0000] "GET /slideshow/css/chopslider.css HTTP/1.1" 200 3425 "http://scienocraft.com/" "Mozilla/5.0 (Windows NT 10.0; Win64; x64) AppleWebKit/537.36 (KHTML, like Gecko) Chrome/92.0.4515.131 Safari/537.36"
85.10.201.122 - - [10/Sep/2021:00:48:07 +0000] "GET / HTTP/1.1" 200 63934 "-" "Mozilla/5.0 (Windows NT 10.0; Win64; x64) AppleWebKit/537.36 (KHTML, like Gecko) Chrome/92.0.4515.131 Safari/537.36"
85.10.201.122 - - [10/Sep/2021:00:48:07 +0000] "GET /home-right-menu/demo/demo.css HTTP/1.1" 200 940 "http://scienocraft.com/" "Mozilla/5.0 (Windows NT 10.0; Win64; x64) AppleWebKit/537.36 (KHTML, like Gecko) Chrome/92.0.4515.131 Safari/537.36"
85.10.201.122 - - [10/Sep/2021:00:48:07 +0000] "GET /menu/css/skins/red.css HTTP/1.1" 200 3318 "http://scienocraft.com/" "Mozilla/5.0 (Windows NT 10.0; Win64; x64) AppleWebKit/537.36 (KHTML, like Gecko) Chrome/92.0.4515.131 Safari/537.36"
85.10.201.122 - - [10/Sep/2021:00:48:07 +0000] "GET /menu/css/dcmegamenu.css HTTP/1.1" 200 2350 "http://scienocraft.com/" "Mozilla/5.0 (Windows NT 10.0; Win64; x64) AppleWebKit/537.36 (KHTML, like Gecko) Chrome/92.0.4515.131 Safari/537.36"
85.10.201.122 - - [10/Sep/2021:00:48:07 +0000] "GET /style.css HTTP/1.1" 200 10311 "http://scienocraft.com/" "Mozilla/5.0 (Windows NT 10.0; Win64; x64) AppleWebKit/537.36 (KHTML, like Gecko) Chrome/92.0.4515.131 Safari/537.36"
85.10.201.122 - - [10/Sep/2021:00:48:07 +0000] "GET /menu/css/skins/white.css HTTP/1.1" 200 3337 "http://scienocraft.com/" "Mozilla/5.0 (Windows NT 10.0; Win64; x64) AppleWebKit/537.36 (KHTML, like Gecko) Chrome/92.0.4515.131 Safari/537.36"
85.10.201.122 - - [10/Sep/2021:00:48:07 +0000] "GET /slideshow/js/jquery.id.chopslider-2.2.0.free.min.js HTTP/1.1" 200 43739 "http://scienocraft.com/" "Mozilla/5.0 (Windows NT 10.0; Win64; x64) AppleWebKit/537.36 (KHTML, like Gecko) Chrome/92.0.4515.131 Safari/537.36"
85.10.201.122 - - [10/Sep/2021:00:48:07 +0000] "GET /slideshow/js/main.js HTTP/1.1" 200 962 "http://scienocraft.com/" "Mozilla/5.0 (Windows NT 10.0; Win64; x64) AppleWebKit/537.36 (KHTML, like Gecko) Chrome/92.0.4515.131 Safari/537.36"
85.10.201.122 - - [10/Sep/2021:00:48:07 +0000] "GET /menu/js/jquery.hoverIntent.minified.js HTTP/1.1" 200 1606 "http://scienocraft.com/" "Mozilla/5.0 (Windows NT 10.0; Win64; x64) AppleWebKit/537.36 (KHTML, like Gecko) Chrome/92.0.4515.131 Safari/537.36"
85.10.201.122 - - [10/Sep/2021:00:48:07 +0000] "GET /menu/js/jquery.dcmegamenu.1.2.js HTTP/1.1" 200 4832 "http://scienocraft.com/" "Mozilla/5.0 (Windows NT 10.0; Win64; x64) AppleWebKit/537.36 (KHTML, like Gecko) Chrome/92.0.4515.131 Safari/537.36"
85.10.201.122 - - [10/Sep/2021:00:48:07 +0000] "GET /slideshow/js/jquery.id.cstransitions-1.2.min.js HTTP/1.1" 200 72462 "http://scienocraft.com/" "Mozilla/5.0 (Windows NT 10.0; Win64; x64) AppleWebKit/537.36 (KHTML, like Gecko) Chrome/92.0.4515.131 Safari/537.36"
85.10.201.122 - - [10/Sep/2021:00:48:08 +0000] "GET /slideshow/slide_images/1.jpg HTTP/1.1" 200 55698 "http://scienocraft.com/" "Mozilla/5.0 (Windows NT 10.0; Win64; x64) AppleWebKit/537.36 (KHTML, like Gecko) Chrome/92.0.4515.131 Safari/537.36"
85.10.201.122 - - [10/Sep/2021:00:48:08 +0000] "GET /slideshow/slide_images/2.jpg HTTP/1.1" 200 54289 "http://scienocraft.com/" "Mozilla/5.0 (Windows NT 10.0; Win64; x64) AppleWebKit/537.36 (KHTML, like Gecko) Chrome/92.0.4515.131 Safari/537.36"
85.10.201.122 - - [10/Sep/2021:00:48:07 +0000] "GET /slideshow/slide_images/9.jpg HTTP/1.1" 200 218806 "http://scienocraft.com/" "Mozilla/5.0 (Windows NT 10.0; Win64; x64) AppleWebKit/537.36 (KHTML, like Gecko) Chrome/92.0.4515.131 Safari/537.36"
85.10.201.122 - - [10/Sep/2021:00:48:08 +0000] "GET /images/logo.png HTTP/1.1" 200 39326 "http://scienocraft.com/style.css" "Mozilla/5.0 (Windows NT 10.0; Win64; x64) AppleWebKit/537.36 (KHTML, like Gecko) Chrome/92.0.4515.131 Safari/537.36"
85.10.201.122 - - [10/Sep/2021:00:48:08 +0000] "GET /slideshow/slide_images/5.jpg HTTP/1.1" 200 57184 "http://scienocraft.com/" "Mozilla/5.0 (Windows NT 10.0; Win64; x64) AppleWebKit/537.36 (KHTML, like Gecko) Chrome/92.0.4515.131 Safari/537.36"
85.10.201.122 - - [10/Sep/2021:00:48:08 +0000] "GET /menu/css/skins/red.css HTTP/1.1" 200 3318 "http://scienocraft.com/menu/css/skins/red.css" "Mozilla/5.0 (Windows NT 10.0; Win64; x64) AppleWebKit/537.36 (KHTML, like Gecko) Chrome/92.0.4515.131 Safari/537.36"
85.10.201.122 - - [10/Sep/2021:00:48:08 +0000] "GET /menu/css/skins/images/bg_red.png HTTP/1.1" 200 12330 "http://scienocraft.com/menu/css/skins/red.css" "Mozilla/5.0 (Windows NT 10.0; Win64; x64) AppleWebKit/537.36 (KHTML, like Gecko) Chrome/92.0.4515.131 Safari/537.36"
85.10.201.122 - - [10/Sep/2021:00:48:08 +0000] "GET /images/hdrBg.png HTTP/1.1" 200 10655 "http://scienocraft.com/style.css" "Mozilla/5.0 (Windows NT 10.0; Win64; x64) AppleWebKit/537.36 (KHTML, like Gecko) Chrome/92.0.4515.131 Safari/537.36"
85.10.201.122 - - [10/Sep/2021:00:48:08 +0000] "GET /slideshow/slide_images/8.jpg HTTP/1.1" 200 214287 "http://scienocraft.com/" "Mozilla/5.0 (Windows NT 10.0; Win64; x64) AppleWebKit/537.36 (KHTML, like Gecko) Chrome/92.0.4515.131 Safari/537.36"
85.10.201.122 - - [10/Sep/2021:00:48:08 +0000] "GET /slideshow/images/podium.png HTTP/1.1" 200 23317 "http://scienocraft.com/slideshow/css/chopslider.css" "Mozilla/5.0 (Windows NT 10.0; Win64; x64) AppleWebKit/537.36 (KHTML, like Gecko) Chrome/92.0.4515.131 Safari/537.36"
85.10.201.122 - - [10/Sep/2021:00:48:08 +0000] "GET /slideshow/images/shadow.png HTTP/1.1" 200 7683 "http://scienocraft.com/slideshow/css/chopslider.css" "Mozilla/5.0 (Windows NT 10.0; Win64; x64) AppleWebKit/537.36 (KHTML, like Gecko) Chrome/92.0.4515.131 Safari/537.36"
85.10.201.122 - - [10/Sep/2021:00:48:08 +0000] "GET /slideshow/images/sl-control.png HTTP/1.1" 200 3006 "http://scienocraft.com/slideshow/css/chopslider.css" "Mozilla/5.0 (Windows NT 10.0; Win64; x64) AppleWebKit/537.36 (KHTML, like Gecko) Chrome/92.0.4515.131 Safari/537.36"
85.10.201.122 - - [10/Sep/2021:00:48:08 +0000] "GET /slideshow/images/navi.png HTTP/1.1" 200 1576 "http://scienocraft.com/slideshow/css/chopslider.css" "Mozilla/5.0 (Windows NT 10.0; Win64; x64) AppleWebKit/537.36 (KHTML, like Gecko) Chrome/92.0.4515.131 Safari/537.36"
85.10.201.122 - - [10/Sep/2021:00:48:08 +0000] "GET /menu/css/skins/images/bg_sub.png HTTP/1.1" 200 8848 "http://scienocraft.com/menu/css/skins/red.css" "Mozilla/5.0 (Windows NT 10.0; Win64; x64) AppleWebKit/537.36 (KHTML, like Gecko) Chrome/92.0.4515.131 Safari/537.36"
85.10.201.122 - - [10/Sep/2021:00:48:08 +0000] "GET /menu/css/skins/images/bg_mega_hdr.png HTTP/1.1" 200 2984 "http://scienocraft.com/menu/css/skins/red.css" "Mozilla/5.0 (Windows NT 10.0; Win64; x64) AppleWebKit/537.36 (KHTML, like Gecko) Chrome/92.0.4515.131 Safari/537.36"
85.10.201.122 - - [10/Sep/2021:00:48:08 +0000] "GET /menu/css/skins/images/arrow_off.png HTTP/1.1" 200 168 "http://scienocraft.com/menu/css/skins/red.css" "Mozilla/5.0 (Windows NT 10.0; Win64; x64) AppleWebKit/537.36 (KHTML, like Gecko) Chrome/92.0.4515.131 Safari/537.36"
85.10.201.122 - - [10/Sep/2021:00:48:08 +0000] "GET /slideshow/slide_images/7.jpg HTTP/1.1" 200 289484 "http://scienocraft.com/" "Mozilla/5.0 (Windows NT 10.0; Win64; x64) AppleWebKit/537.36 (KHTML, like Gecko) Chrome/92.0.4515.131 Safari/537.36"
85.10.201.122 - - [10/Sep/2021:00:48:08 +0000] "GET /menu/css/skins/images/arrow.png HTTP/1.1" 200 237 "http://scienocraft.com/menu/css/skins/red.css" "Mozilla/5.0 (Windows NT 10.0; Win64; x64) AppleWebKit/537.36 (KHTML, like Gecko) Chrome/92.0.4515.131 Safari/537.36"
85.10.201.122 - - [10/Sep/2021:00:48:08 +0000] "GET /menu/css/skins/images/bg_sub_left.png HTTP/1.1" 200 719 "http://scienocraft.com/menu/css/skins/red.css" "Mozilla/5.0 (Windows NT 10.0; Win64; x64) AppleWebKit/537.36 (KHTML, like Gecko) Chrome/92.0.4515.131 Safari/537.36"
85.10.201.122 - - [10/Sep/2021:00:48:08 +0000] "GET /slideshow/slide_images/3.jpg HTTP/1.1" 200 66152 "http://scienocraft.com/" "Mozilla/5.0 (Windows NT 10.0; Win64; x64) AppleWebKit/537.36 (KHTML, like Gecko) Chrome/92.0.4515.131 Safari/537.36"
85.10.201.122 - - [10/Sep/2021:00:48:08 +0000] "GET /slideshow/slide_images/4.jpg HTTP/1.1" 200 57483 "http://scienocraft.com/" "Mozilla/5.0 (Windows NT 10.0; Win64; x64) AppleWebKit/537.36 (KHTML, like Gecko) Chrome/92.0.4515.131 Safari/537.36"
85.10.201.122 - - [10/Sep/2021:00:48:08 +0000] "GET /slideshow/slide_images/10.jpg HTTP/1.1" 200 88431 "http://scienocraft.com/" "Mozilla/5.0 (Windows NT 10.0; Win64; x64) AppleWebKit/537.36 (KHTML, like Gecko) Chrome/92.0.4515.131 Safari/537.36"
85.10.201.122 - - [10/Sep/2021:00:48:08 +0000] "GET /galleryimg/d3a3925237fb7c68063de73cda8dd209.jpg HTTP/1.1" 200 22450 "http://scienocraft.com/" "Mozilla/5.0 (Windows NT 10.0; Win64; x64) AppleWebKit/537.36 (KHTML, like Gecko) Chrome/92.0.4515.131 Safari/537.36"
85.10.201.122 - - [10/Sep/2021:00:48:08 +0000] "GET /galleryimg/b09ccf468f4ad1b9dd71716a97226ab0.jpg HTTP/1.1" 200 17840 "http://scienocraft.com/" "Mozilla/5.0 (Windows NT 10.0; Win64; x64) AppleWebKit/537.36 (KHTML, like Gecko) Chrome/92.0.4515.131 Safari/537.36"
85.10.201.122 - - [10/Sep/2021:00:48:08 +0000] "GET /galleryimg/01a2c951ee4f6adf9c5f1196fc456156.jpg HTTP/1.1" 200 51145 "http://scienocraft.com/" "Mozilla/5.0 (Windows NT 10.0; Win64; x64) AppleWebKit/537.36 (KHTML, like Gecko) Chrome/92.0.4515.131 Safari/537.36"
85.10.201.122 - - [10/Sep/2021:00:48:08 +0000] "GET /galleryimg/76c41dae07c37a1a805472d6cbec3912.jpg HTTP/1.1" 200 9919 "http://scienocraft.com/" "Mozilla/5.0 (Windows NT 10.0; Win64; x64) AppleWebKit/537.36 (KHTML, like Gecko) Chrome/92.0.4515.131 Safari/537.36"
85.10.201.122 - - [10/Sep/2021:00:48:08 +0000] "GET /galleryimg/c9ba59b540a324113e7238461135676c.png HTTP/1.1" 200 37091 "http://scienocraft.com/" "Mozilla/5.0 (Windows NT 10.0; Win64; x64) AppleWebKit/537.36 (KHTML, like Gecko) Chrome/92.0.4515.131 Safari/537.36"
85.10.201.122 - - [10/Sep/2021:00:48:08 +0000] "GET /galleryimg/2d0b44034f1808c4f3eba762e554364e.jpg HTTP/1.1" 200 15754 "http://scienocraft.com/" "Mozilla/5.0 (Windows NT 10.0; Win64; x64) AppleWebKit/537.36 (KHTML, like Gecko) Chrome/92.0.4515.131 Safari/537.36"
85.10.201.122 - - [10/Sep/2021:00:48:09 +0000] "GET /galleryimg/1c66bd33489bfd15756d2787eead2f4a.png HTTP/1.1" 200 132326 "http://scienocraft.com/" "Mozilla/5.0 (Windows NT 10.0; Win64; x64) AppleWebKit/537.36 (KHTML, like Gecko) Chrome/92.0.4515.131 Safari/537.36"
85.10.201.122 - - [10/Sep/2021:00:48:09 +0000] "GET /galleryimg/47467d9e32ed9eda0c36d6b71bf9de6c.jpg HTTP/1.1" 200 36374 "http://scienocraft.com/" "Mozilla/5.0 (Windows NT 10.0; Win64; x64) AppleWebKit/537.36 (KHTML, like Gecko) Chrome/92.0.4515.131 Safari/537.36"
85.10.201.122 - - [10/Sep/2021:00:48:09 +0000] "GET /galleryimg/cff3a39079eb64c46636c6c70852cd26.jpg HTTP/1.1" 200 74488 "http://scienocraft.com/" "Mozilla/5.0 (Windows NT 10.0; Win64; x64) AppleWebKit/537.36 (KHTML, like Gecko) Chrome/92.0.4515.131 Safari/537.36"
85.10.201.122 - - [10/Sep/2021:00:48:09 +0000] "GET /galleryimg/e3c1ec12e8698e9e63dd5b77d245b828.jpg HTTP/1.1" 200 48637 "http://scienocraft.com/" "Mozilla/5.0 (Windows NT 10.0; Win64; x64) AppleWebKit/537.36 (KHTML, like Gecko) Chrome/92.0.4515.131 Safari/537.36"
85.10.201.122 - - [10/Sep/2021:00:48:09 +0000] "GET /galleryimg/c53597be4f7ca24e2f9a840590c388e9.png HTTP/1.1" 200 233609 "http://scienocraft.com/" "Mozilla/5.0 (Windows NT 10.0; Win64; x64) AppleWebKit/537.36 (KHTML, like Gecko) Chrome/92.0.4515.131 Safari/537.36"
85.10.201.122 - - [10/Sep/2021:00:48:09 +0000] "GET /galleryimg/a85a8e1ca674a5ab053361a54f89356f.jpg HTTP/1.1" 200 193140 "http://scienocraft.com/" "Mozilla/5.0 (Windows NT 10.0; Win64; x64) AppleWebKit/537.36 (KHTML, like Gecko) Chrome/92.0.4515.131 Safari/537.36"
85.10.201.122 - - [10/Sep/2021:00:48:09 +0000] "GET /images/Catalog-Icon.jpg HTTP/1.1" 200 33821 "http://scienocraft.com/" "Mozilla/5.0 (Windows NT 10.0; Win64; x64) AppleWebKit/537.36 (KHTML, like Gecko) Chrome/92.0.4515.131 Safari/537.36"
85.10.201.122 - - [10/Sep/2021:00:48:09 +0000] "GET /images/awards-banner.jpg HTTP/1.1" 200 39595 "http://scienocraft.com/" "Mozilla/5.0 (Windows NT 10.0; Win64; x64) AppleWebKit/537.36 (KHTML, like Gecko) Chrome/92.0.4515.131 Safari/537.36"
85.10.201.122 - - [10/Sep/2021:00:48:09 +0000] "GET /images/corporate-prasentation.jpg HTTP/1.1" 200 34150 "http://scienocraft.com/" "Mozilla/5.0 (Windows NT 10.0; Win64; x64) AppleWebKit/537.36 (KHTML, like Gecko) Chrome/92.0.4515.131 Safari/537.36"
85.10.201.122 - - [10/Sep/2021:00:48:09 +0000] "GET /images/facebook.png HTTP/1.1" 200 2418 "http://scienocraft.com/" "Mozilla/5.0 (Windows NT 10.0; Win64; x64) AppleWebKit/537.36 (KHTML, like Gecko) Chrome/92.0.4515.131 Safari/537.36"
85.10.201.122 - - [10/Sep/2021:00:48:09 +0000] "GET /images/Twitter.png HTTP/1.1" 200 2479 "http://scienocraft.com/" "Mozilla/5.0 (Windows NT 10.0; Win64; x64) AppleWebKit/537.36 (KHTML, like Gecko) Chrome/92.0.4515.131 Safari/537.36"
85.10.201.122 - - [10/Sep/2021:00:48:09 +0000] "GET /images/RSS.png HTTP/1.1" 200 3206 "http://scienocraft.com/" "Mozilla/5.0 (Windows NT 10.0; Win64; x64) AppleWebKit/537.36 (KHTML, like Gecko) Chrome/92.0.4515.131 Safari/537.36"
85.10.201.122 - - [10/Sep/2021:00:48:13 +0000] "GET /slideshow/slide_images/9.jpg HTTP/1.1" 200 218806 "http://scienocraft.com/" "Mozilla/5.0 (Windows NT 10.0; Win64; x64) AppleWebKit/537.36 (KHTML, like Gecko) Chrome/92.0.4515.131 Safari/537.36"
85.10.201.122 - - [10/Sep/2021:00:48:13 +0000] "GET /slideshow/slide_images/1.jpg HTTP/1.1" 200 55698 "http://scienocraft.com/" "Mozilla/5.0 (Windows NT 10.0; Win64; x64) AppleWebKit/537.36 (KHTML, like Gecko) Chrome/92.0.4515.131 Safari/537.36"
114.119.137.45 - - [10/Sep/2021:01:00:32 +0000] "GET /enquiry.php?pname=UNIVERSAL%20SHAKING%20MACHINE%20(MULTIPURPOSE)/STI-364 HTTP/1.1" 200 61726 "-" "Mozilla/5.0 (Linux; Android 7.0;) AppleWebKit/537.36 (KHTML, like Gecko) Mobile Safari/537.36 (compatible; PetalBot;+https://webmaster.petalsearch.com/site/petalbot)"
66.249.75.192 - - [10/Sep/2021:01:03:11 +0000] "GET /galleryimg/2222bc759b687597fd2576d04833d8dc.png HTTP/1.1" 200 66434 "-" "Googlebot-Image/1.0"
40.77.167.44 - - [10/Sep/2021:01:05:06 +0000] "GET /robots.txt HTTP/1.1" 404 208 "-" "Mozilla/5.0 (compatible; bingbot/2.0; +http://www.bing.com/bingbot.htm)"
40.77.167.44 - - [10/Sep/2021:01:05:07 +0000] "GET /robots.txt HTTP/1.1" 404 208 "-" "Mozilla/5.0 (compatible; bingbot/2.0; +http://www.bing.com/bingbot.htm)"
207.46.13.148 - - [10/Sep/2021:01:05:35 +0000] "GET /VORTEXSHAKER(TESTTUBESHAKER)ADVANCED.html HTTP/1.1" 404 239 "-" "Mozilla/5.0 (compatible; bingbot/2.0; +http://www.bing.com/bingbot.htm)"
80.251.153.12 - - [10/Sep/2021:01:08:41 +0000] "GET /ThankYou/ HTTP/1.0" 404 207 "https://scienocraft.com/ThankYou/" "Mozilla/5.0 (Windows NT 6.3; Win64; x64) AppleWebKit/537.36 (KHTML, like Gecko) Chrome/90.0.4430.85 Safari/537.36"
80.251.153.12 - - [10/Sep/2021:01:08:41 +0000] "GET / HTTP/1.0" 200 63934 "https://scienocraft.com/" "Mozilla/5.0 (Windows NT 6.3; Win64; x64) AppleWebKit/537.36 (KHTML, like Gecko) Chrome/90.0.4430.85 Safari/537.36"
80.251.153.12 - - [10/Sep/2021:01:08:43 +0000] "GET /ContactUs HTTP/1.0" 404 207 "https://www.scienocraft.com/ContactUs" "Mozilla/5.0 (Windows NT 6.3; Win64; x64) AppleWebKit/537.36 (KHTML, like Gecko) Chrome/90.0.4430.85 Safari/537.36"
66.249.69.220 - - [10/Sep/2021:01:11:26 +0000] "GET /BIOSAFETYCABINETCLASSIIA.html HTTP/1.1" 404 227 "-" "Mozilla/5.0 (Linux; Android 6.0.1; Nexus 5X Build/MMB29P) AppleWebKit/537.36 (KHTML, like Gecko) Chrome/92.0.4515.119 Mobile Safari/537.36 (compatible; Googlebot/2.1; +http://www.google.com/bot.html)"
114.119.137.249 - - [10/Sep/2021:01:15:14 +0000] "GET /enquiry.php?pname=ULTRA%20LOW%20TEMPERATURE%20LIQUID%20BATH/STI-138(III) HTTP/1.1" 200 61724 "-" "Mozilla/5.0 (Linux; Android 7.0;) AppleWebKit/537.36 (KHTML, like Gecko) Mobile Safari/537.36 (compatible; PetalBot;+https://webmaster.petalsearch.com/site/petalbot)"
114.119.137.238 - - [10/Sep/2021:01:28:14 +0000] "GET /HYBRIDIZTIONINCUBATORCOOLING.html HTTP/1.1" 404 231 "-" "Mozilla/5.0 (Linux; Android 7.0;) AppleWebKit/537.36 (KHTML, like Gecko) Mobile Safari/537.36 (compatible; PetalBot;+https://webmaster.petalsearch.com/site/petalbot)"
114.119.137.252 - - [10/Sep/2021:01:35:03 +0000] "GET /all-products.php?maincategory=TEST%20CHAMBERS HTTP/1.1" 200 54488 "-" "Mozilla/5.0 (Linux; Android 7.0;) AppleWebKit/537.36 (KHTML, like Gecko) Mobile Safari/537.36 (compatible; PetalBot;+https://webmaster.petalsearch.com/site/petalbot)"
46.161.11.21 - - [10/Sep/2021:01:37:33 +0000] "GET /ThankYou/ HTTP/1.0" 404 207 "http://scienocraft.com/ThankYou/" "Mozilla/5.0 (Windows NT 6.1; WOW64) AppleWebKit/537.36 (KHTML, like Gecko) Chrome/90.0.4430.93 Safari/537.36"
46.161.11.21 - - [10/Sep/2021:01:37:34 +0000] "GET / HTTP/1.0" 200 63934 "http://scienocraft.com/" "Mozilla/5.0 (Windows NT 6.1; WOW64) AppleWebKit/537.36 (KHTML, like Gecko) Chrome/90.0.4430.93 Safari/537.36"
66.249.75.221 - - [10/Sep/2021:01:38:05 +0000] "GET /galleryimg/5f77c8e4211dad5d79a508f90d7c5ff8.png HTTP/1.1" 200 21452 "-" "Googlebot-Image/1.0"
34.211.103.84 - - [10/Sep/2021:01:39:25 +0000] "GET / HTTP/1.1" 200 63934 "-" "Mozilla/5.0 (Windows NT 10.0; Win64; x64)AppleWebKit/537.36 (KHTML, like Gecko) Chrome/66.0.3359.181 Safari/537.36"
216.131.114.144 - - [10/Sep/2021:01:40:44 +0000] "GET /enquiry.php HTTP/1.0" 200 61678 "https://scienocraft.com/enquiry.php" "Mozilla/5.0 (Windows NT 10.0; Win64; x64) AppleWebKit/537.36 (KHTML, like Gecko) Chrome/90.0.4430.93 Safari/537.36"
216.131.114.144 - - [10/Sep/2021:01:40:45 +0000] "POST /submit-enquiry.php HTTP/1.0" 200 139 "https://scienocraft.com/enquiry.php" "Mozilla/5.0 (Windows NT 10.0; Win64; x64) AppleWebKit/537.36 (KHTML, like Gecko) Chrome/90.0.4430.93 Safari/537.36"
216.131.114.145 - - [10/Sep/2021:01:40:48 +0000] "GET /ThankYou HTTP/1.0" 404 206 "https://www.scienocraft.com/ThankYou" "Mozilla/5.0 (Windows NT 10.0; Win64; x64) AppleWebKit/537.36 (KHTML, like Gecko) Chrome/90.0.4430.93 Safari/537.36"
40.77.167.44 - - [10/Sep/2021:01:42:24 +0000] "GET /robots.txt HTTP/1.1" 404 208 "-" "Mozilla/5.0 (compatible; bingbot/2.0; +http://www.bing.com/bingbot.htm)"
40.77.167.44 - - [10/Sep/2021:01:42:25 +0000] "GET /robots.txt HTTP/1.1" 404 208 "-" "Mozilla/5.0 (compatible; bingbot/2.0; +http://www.bing.com/bingbot.htm)"
40.77.167.78 - - [10/Sep/2021:01:43:08 +0000] "GET /all-products.php?maincategory=Autoclave-%20%20%20%20%20%20%20%20%20%20%20%20%20%20%20%20%20%20%20%20%20%20%20%20%20%20%20%20%20%20%20%20%20%20%20%20%20%20%20%20%20%20%20%20%20%20%20%20%20%20%20%20%20%20%20%20%20%20%20%20%20%20%20%20%20%20%20%20%20%20%20%20%20%20%20%20%20%20%20%20%20%20%20%20%20%20%20%20%20%20%20%20%20%20%20%20%20%20%20%20%20%20%20%20%20%20%20%20%20%20%20%20%20Sterilization%20Equipments HTTP/1.1" 200 60657 "-" "Mozilla/5.0 (compatible; bingbot/2.0; +http://www.bing.com/bingbot.htm)"
114.119.137.43 - - [10/Sep/2021:01:45:59 +0000] "GET /enquiry.php?pname=VACUUM%20ROTARY%20EVAPORATOR%20AUTO%20DIGITAL/STI-414%20B HTTP/1.1" 200 61725 "-" "Mozilla/5.0 (Linux; Android 7.0;) AppleWebKit/537.36 (KHTML, like Gecko) Mobile Safari/537.36 (compatible; PetalBot;+https://webmaster.petalsearch.com/site/petalbot)"
66.249.69.219 - - [10/Sep/2021:01:57:44 +0000] "GET /BIOSAFETYCABINETCLASSIIA.html HTTP/1.1" 404 227 "-" "Mozilla/5.0 (Linux; Android 6.0.1; Nexus 5X Build/MMB29P) AppleWebKit/537.36 (KHTML, like Gecko) Chrome/92.0.4515.119 Mobile Safari/537.36 (compatible; Googlebot/2.1; +http://www.google.com/bot.html)"
47.31.136.240 - - [10/Sep/2021:02:15:32 +0000] "GET / HTTP/1.1" 200 63934 "-" "Mozilla/5.0 (Windows NT 6.1) AppleWebKit/537.36 (KHTML, like Gecko) Chrome/92.0.4515.159 Safari/537.36"
47.31.136.240 - - [10/Sep/2021:02:15:32 +0000] "GET /slideshow/css/chopslider.css HTTP/1.1" 200 3425 "https://scienocraft.com/" "Mozilla/5.0 (Windows NT 6.1) AppleWebKit/537.36 (KHTML, like Gecko) Chrome/92.0.4515.159 Safari/537.36"
47.31.136.240 - - [10/Sep/2021:02:15:32 +0000] "GET /style.css HTTP/1.1" 200 10311 "https://scienocraft.com/" "Mozilla/5.0 (Windows NT 6.1) AppleWebKit/537.36 (KHTML, like Gecko) Chrome/92.0.4515.159 Safari/537.36"
47.31.136.240 - - [10/Sep/2021:02:15:32 +0000] "GET /home-right-menu/demo/demo.css HTTP/1.1" 200 940 "https://scienocraft.com/" "Mozilla/5.0 (Windows NT 6.1) AppleWebKit/537.36 (KHTML, like Gecko) Chrome/92.0.4515.159 Safari/537.36"
47.31.136.240 - - [10/Sep/2021:02:15:32 +0000] "GET /menu/css/dcmegamenu.css HTTP/1.1" 200 2350 "https://scienocraft.com/" "Mozilla/5.0 (Windows NT 6.1) AppleWebKit/537.36 (KHTML, like Gecko) Chrome/92.0.4515.159 Safari/537.36"
47.31.136.240 - - [10/Sep/2021:02:15:32 +0000] "GET /menu/css/skins/red.css HTTP/1.1" 200 3318 "https://scienocraft.com/" "Mozilla/5.0 (Windows NT 6.1) AppleWebKit/537.36 (KHTML, like Gecko) Chrome/92.0.4515.159 Safari/537.36"
47.31.136.240 - - [10/Sep/2021:02:15:32 +0000] "GET /menu/css/skins/white.css HTTP/1.1" 200 3337 "https://scienocraft.com/" "Mozilla/5.0 (Windows NT 6.1) AppleWebKit/537.36 (KHTML, like Gecko) Chrome/92.0.4515.159 Safari/537.36"
47.31.136.240 - - [10/Sep/2021:02:15:32 +0000] "GET /slideshow/js/main.js HTTP/1.1" 200 962 "https://scienocraft.com/" "Mozilla/5.0 (Windows NT 6.1) AppleWebKit/537.36 (KHTML, like Gecko) Chrome/92.0.4515.159 Safari/537.36"
47.31.136.240 - - [10/Sep/2021:02:15:32 +0000] "GET /slideshow/js/jquery.id.cstransitions-1.2.min.js HTTP/1.1" 200 72462 "https://scienocraft.com/" "Mozilla/5.0 (Windows NT 6.1) AppleWebKit/537.36 (KHTML, like Gecko) Chrome/92.0.4515.159 Safari/537.36"
47.31.136.240 - - [10/Sep/2021:02:15:32 +0000] "GET /menu/js/jquery.hoverIntent.minified.js HTTP/1.1" 200 1606 "https://scienocraft.com/" "Mozilla/5.0 (Windows NT 6.1) AppleWebKit/537.36 (KHTML, like Gecko) Chrome/92.0.4515.159 Safari/537.36"
47.31.136.240 - - [10/Sep/2021:02:15:32 +0000] "GET /slideshow/js/jquery.id.chopslider-2.2.0.free.min.js HTTP/1.1" 200 43739 "https://scienocraft.com/" "Mozilla/5.0 (Windows NT 6.1) AppleWebKit/537.36 (KHTML, like Gecko) Chrome/92.0.4515.159 Safari/537.36"
47.31.136.240 - - [10/Sep/2021:02:15:32 +0000] "GET /menu/js/jquery.dcmegamenu.1.2.js HTTP/1.1" 200 4832 "https://scienocraft.com/" "Mozilla/5.0 (Windows NT 6.1) AppleWebKit/537.36 (KHTML, like Gecko) Chrome/92.0.4515.159 Safari/537.36"
47.31.136.240 - - [10/Sep/2021:02:15:33 +0000] "GET /slideshow/slide_images/1.jpg HTTP/1.1" 200 55698 "https://scienocraft.com/" "Mozilla/5.0 (Windows NT 6.1) AppleWebKit/537.36 (KHTML, like Gecko) Chrome/92.0.4515.159 Safari/537.36"
47.31.136.240 - - [10/Sep/2021:02:15:34 +0000] "GET /slideshow/slide_images/5.jpg HTTP/1.1" 200 57184 "https://scienocraft.com/" "Mozilla/5.0 (Windows NT 6.1) AppleWebKit/537.36 (KHTML, like Gecko) Chrome/92.0.4515.159 Safari/537.36"
47.31.136.240 - - [10/Sep/2021:02:15:34 +0000] "GET /slideshow/slide_images/3.jpg HTTP/1.1" 200 66152 "https://scienocraft.com/" "Mozilla/5.0 (Windows NT 6.1) AppleWebKit/537.36 (KHTML, like Gecko) Chrome/92.0.4515.159 Safari/537.36"
47.31.136.240 - - [10/Sep/2021:02:15:33 +0000] "GET /slideshow/slide_images/9.jpg HTTP/1.1" 200 218806 "https://scienocraft.com/" "Mozilla/5.0 (Windows NT 6.1) AppleWebKit/537.36 (KHTML, like Gecko) Chrome/92.0.4515.159 Safari/537.36"
47.31.136.240 - - [10/Sep/2021:02:15:34 +0000] "GET /slideshow/slide_images/2.jpg HTTP/1.1" 200 54289 "https://scienocraft.com/" "Mozilla/5.0 (Windows NT 6.1) AppleWebKit/537.36 (KHTML, like Gecko) Chrome/92.0.4515.159 Safari/537.36"
47.31.136.240 - - [10/Sep/2021:02:15:34 +0000] "GET /slideshow/slide_images/8.jpg HTTP/1.1" 200 214287 "https://scienocraft.com/" "Mozilla/5.0 (Windows NT 6.1) AppleWebKit/537.36 (KHTML, like Gecko) Chrome/92.0.4515.159 Safari/537.36"
47.31.136.240 - - [10/Sep/2021:02:15:34 +0000] "GET /slideshow/slide_images/4.jpg HTTP/1.1" 200 57483 "https://scienocraft.com/" "Mozilla/5.0 (Windows NT 6.1) AppleWebKit/537.36 (KHTML, like Gecko) Chrome/92.0.4515.159 Safari/537.36"
47.31.136.240 - - [10/Sep/2021:02:15:34 +0000] "GET /slideshow/slide_images/10.jpg HTTP/1.1" 200 88431 "https://scienocraft.com/" "Mozilla/5.0 (Windows NT 6.1) AppleWebKit/537.36 (KHTML, like Gecko) Chrome/92.0.4515.159 Safari/537.36"
47.31.136.240 - - [10/Sep/2021:02:15:34 +0000] "GET /galleryimg/d3a3925237fb7c68063de73cda8dd209.jpg HTTP/1.1" 200 22450 "https://scienocraft.com/" "Mozilla/5.0 (Windows NT 6.1) AppleWebKit/537.36 (KHTML, like Gecko) Chrome/92.0.4515.159 Safari/537.36"
47.31.136.240 - - [10/Sep/2021:02:15:35 +0000] "GET /galleryimg/b09ccf468f4ad1b9dd71716a97226ab0.jpg HTTP/1.1" 200 17840 "https://scienocraft.com/" "Mozilla/5.0 (Windows NT 6.1) AppleWebKit/537.36 (KHTML, like Gecko) Chrome/92.0.4515.159 Safari/537.36"
47.31.136.240 - - [10/Sep/2021:02:15:35 +0000] "GET /galleryimg/01a2c951ee4f6adf9c5f1196fc456156.jpg HTTP/1.1" 200 51145 "https://scienocraft.com/" "Mozilla/5.0 (Windows NT 6.1) AppleWebKit/537.36 (KHTML, like Gecko) Chrome/92.0.4515.159 Safari/537.36"
47.31.136.240 - - [10/Sep/2021:02:15:35 +0000] "GET /galleryimg/c9ba59b540a324113e7238461135676c.png HTTP/1.1" 200 37091 "https://scienocraft.com/" "Mozilla/5.0 (Windows NT 6.1) AppleWebKit/537.36 (KHTML, like Gecko) Chrome/92.0.4515.159 Safari/537.36"
47.31.136.240 - - [10/Sep/2021:02:15:35 +0000] "GET /galleryimg/76c41dae07c37a1a805472d6cbec3912.jpg HTTP/1.1" 200 9919 "https://scienocraft.com/" "Mozilla/5.0 (Windows NT 6.1) AppleWebKit/537.36 (KHTML, like Gecko) Chrome/92.0.4515.159 Safari/537.36"
47.31.136.240 - - [10/Sep/2021:02:15:35 +0000] "GET /menu/css/skins/images/bg_sub_left.png HTTP/1.1" 200 719 "https://scienocraft.com/menu/css/skins/red.css" "Mozilla/5.0 (Windows NT 6.1) AppleWebKit/537.36 (KHTML, like Gecko) Chrome/92.0.4515.159 Safari/537.36"
47.31.136.240 - - [10/Sep/2021:02:15:34 +0000] "GET /slideshow/slide_images/7.jpg HTTP/1.1" 200 289484 "https://scienocraft.com/" "Mozilla/5.0 (Windows NT 6.1) AppleWebKit/537.36 (KHTML, like Gecko) Chrome/92.0.4515.159 Safari/537.36"
47.31.136.240 - - [10/Sep/2021:02:15:35 +0000] "GET /menu/css/skins/images/bg_sub.png HTTP/1.1" 200 8848 "https://scienocraft.com/menu/css/skins/red.css" "Mozilla/5.0 (Windows NT 6.1) AppleWebKit/537.36 (KHTML, like Gecko) Chrome/92.0.4515.159 Safari/537.36"
47.31.136.240 - - [10/Sep/2021:02:15:35 +0000] "GET /menu/css/skins/images/bg_mega_hdr.png HTTP/1.1" 200 2984 "https://scienocraft.com/menu/css/skins/red.css" "Mozilla/5.0 (Windows NT 6.1) AppleWebKit/537.36 (KHTML, like Gecko) Chrome/92.0.4515.159 Safari/537.36"
47.31.136.240 - - [10/Sep/2021:02:15:35 +0000] "GET /menu/css/skins/images/arrow_off.png HTTP/1.1" 200 168 "https://scienocraft.com/menu/css/skins/red.css" "Mozilla/5.0 (Windows NT 6.1) AppleWebKit/537.36 (KHTML, like Gecko) Chrome/92.0.4515.159 Safari/537.36"
47.31.136.240 - - [10/Sep/2021:02:15:35 +0000] "GET /galleryimg/2d0b44034f1808c4f3eba762e554364e.jpg HTTP/1.1" 200 15754 "https://scienocraft.com/" "Mozilla/5.0 (Windows NT 6.1) AppleWebKit/537.36 (KHTML, like Gecko) Chrome/92.0.4515.159 Safari/537.36"
47.31.136.240 - - [10/Sep/2021:02:15:35 +0000] "GET /galleryimg/1c66bd33489bfd15756d2787eead2f4a.png HTTP/1.1" 200 132326 "https://scienocraft.com/" "Mozilla/5.0 (Windows NT 6.1) AppleWebKit/537.36 (KHTML, like Gecko) Chrome/92.0.4515.159 Safari/537.36"
47.31.136.240 - - [10/Sep/2021:02:15:35 +0000] "GET /galleryimg/cff3a39079eb64c46636c6c70852cd26.jpg HTTP/1.1" 200 74488 "https://scienocraft.com/" "Mozilla/5.0 (Windows NT 6.1) AppleWebKit/537.36 (KHTML, like Gecko) Chrome/92.0.4515.159 Safari/537.36"
47.31.136.240 - - [10/Sep/2021:02:15:35 +0000] "GET /galleryimg/47467d9e32ed9eda0c36d6b71bf9de6c.jpg HTTP/1.1" 200 36374 "https://scienocraft.com/" "Mozilla/5.0 (Windows NT 6.1) AppleWebKit/537.36 (KHTML, like Gecko) Chrome/92.0.4515.159 Safari/537.36"
47.31.136.240 - - [10/Sep/2021:02:15:35 +0000] "GET /images/Catalog-Icon.jpg HTTP/1.1" 200 33821 "https://scienocraft.com/" "Mozilla/5.0 (Windows NT 6.1) AppleWebKit/537.36 (KHTML, like Gecko) Chrome/92.0.4515.159 Safari/537.36"
47.31.136.240 - - [10/Sep/2021:02:15:35 +0000] "GET /galleryimg/e3c1ec12e8698e9e63dd5b77d245b828.jpg HTTP/1.1" 200 48637 "https://scienocraft.com/" "Mozilla/5.0 (Windows NT 6.1) AppleWebKit/537.36 (KHTML, like Gecko) Chrome/92.0.4515.159 Safari/537.36"
47.31.136.240 - - [10/Sep/2021:02:15:35 +0000] "GET /images/awards-banner.jpg HTTP/1.1" 200 39595 "https://scienocraft.com/" "Mozilla/5.0 (Windows NT 6.1) AppleWebKit/537.36 (KHTML, like Gecko) Chrome/92.0.4515.159 Safari/537.36"
47.31.136.240 - - [10/Sep/2021:02:15:35 +0000] "GET /images/corporate-prasentation.jpg HTTP/1.1" 200 34150 "https://scienocraft.com/" "Mozilla/5.0 (Windows NT 6.1) AppleWebKit/537.36 (KHTML, like Gecko) Chrome/92.0.4515.159 Safari/537.36"
47.31.136.240 - - [10/Sep/2021:02:15:36 +0000] "GET /images/facebook.png HTTP/1.1" 200 2418 "https://scienocraft.com/" "Mozilla/5.0 (Windows NT 6.1) AppleWebKit/537.36 (KHTML, like Gecko) Chrome/92.0.4515.159 Safari/537.36"
47.31.136.240 - - [10/Sep/2021:02:15:36 +0000] "GET /images/Twitter.png HTTP/1.1" 200 2479 "https://scienocraft.com/" "Mozilla/5.0 (Windows NT 6.1) AppleWebKit/537.36 (KHTML, like Gecko) Chrome/92.0.4515.159 Safari/537.36"
47.31.136.240 - - [10/Sep/2021:02:15:36 +0000] "GET /images/RSS.png HTTP/1.1" 200 3206 "https://scienocraft.com/" "Mozilla/5.0 (Windows NT 6.1) AppleWebKit/537.36 (KHTML, like Gecko) Chrome/92.0.4515.159 Safari/537.36"
47.31.136.240 - - [10/Sep/2021:02:15:35 +0000] "GET /galleryimg/c53597be4f7ca24e2f9a840590c388e9.png HTTP/1.1" 200 233609 "https://scienocraft.com/" "Mozilla/5.0 (Windows NT 6.1) AppleWebKit/537.36 (KHTML, like Gecko) Chrome/92.0.4515.159 Safari/537.36"
47.31.136.240 - - [10/Sep/2021:02:15:36 +0000] "GET /images/logo.png HTTP/1.1" 200 39326 "https://scienocraft.com/style.css" "Mozilla/5.0 (Windows NT 6.1) AppleWebKit/537.36 (KHTML, like Gecko) Chrome/92.0.4515.159 Safari/537.36"
47.31.136.240 - - [10/Sep/2021:02:15:36 +0000] "GET /menu/css/skins/images/bg_red.png HTTP/1.1" 200 12330 "https://scienocraft.com/menu/css/skins/red.css" "Mozilla/5.0 (Windows NT 6.1) AppleWebKit/537.36 (KHTML, like Gecko) Chrome/92.0.4515.159 Safari/537.36"
47.31.136.240 - - [10/Sep/2021:02:15:36 +0000] "GET /images/hdrBg.png HTTP/1.1" 200 10655 "https://scienocraft.com/style.css" "Mozilla/5.0 (Windows NT 6.1) AppleWebKit/537.36 (KHTML, like Gecko) Chrome/92.0.4515.159 Safari/537.36"
47.31.136.240 - - [10/Sep/2021:02:15:36 +0000] "GET /menu/css/skins/red.css HTTP/1.1" 200 3318 "https://scienocraft.com/menu/css/skins/red.css" "Mozilla/5.0 (Windows NT 6.1) AppleWebKit/537.36 (KHTML, like Gecko) Chrome/92.0.4515.159 Safari/537.36"
47.31.136.240 - - [10/Sep/2021:02:15:35 +0000] "GET /galleryimg/a85a8e1ca674a5ab053361a54f89356f.jpg HTTP/1.1" 200 193140 "https://scienocraft.com/" "Mozilla/5.0 (Windows NT 6.1) AppleWebKit/537.36 (KHTML, like Gecko) Chrome/92.0.4515.159 Safari/537.36"
47.31.136.240 - - [10/Sep/2021:02:15:36 +0000] "GET /slideshow/images/podium.png HTTP/1.1" 200 23317 "https://scienocraft.com/slideshow/css/chopslider.css" "Mozilla/5.0 (Windows NT 6.1) AppleWebKit/537.36 (KHTML, like Gecko) Chrome/92.0.4515.159 Safari/537.36"
47.31.136.240 - - [10/Sep/2021:02:15:36 +0000] "GET /slideshow/images/shadow.png HTTP/1.1" 200 7683 "https://scienocraft.com/slideshow/css/chopslider.css" "Mozilla/5.0 (Windows NT 6.1) AppleWebKit/537.36 (KHTML, like Gecko) Chrome/92.0.4515.159 Safari/537.36"
47.31.136.240 - - [10/Sep/2021:02:15:36 +0000] "GET /slideshow/images/sl-control.png HTTP/1.1" 200 3006 "https://scienocraft.com/slideshow/css/chopslider.css" "Mozilla/5.0 (Windows NT 6.1) AppleWebKit/537.36 (KHTML, like Gecko) Chrome/92.0.4515.159 Safari/537.36"
47.31.136.240 - - [10/Sep/2021:02:15:36 +0000] "GET /slideshow/images/navi.png HTTP/1.1" 200 1576 "https://scienocraft.com/slideshow/css/chopslider.css" "Mozilla/5.0 (Windows NT 6.1) AppleWebKit/537.36 (KHTML, like Gecko) Chrome/92.0.4515.159 Safari/537.36"
47.31.136.240 - - [10/Sep/2021:02:15:36 +0000] "GET /menu/css/skins/images/arrow.png HTTP/1.1" 200 237 "https://scienocraft.com/menu/css/skins/red.css" "Mozilla/5.0 (Windows NT 6.1) AppleWebKit/537.36 (KHTML, like Gecko) Chrome/92.0.4515.159 Safari/537.36"
47.31.136.240 - - [10/Sep/2021:02:15:37 +0000] "GET /favicon.ico HTTP/1.1" 404 209 "https://scienocraft.com/" "Mozilla/5.0 (Windows NT 6.1) AppleWebKit/537.36 (KHTML, like Gecko) Chrome/92.0.4515.159 Safari/537.36"
47.31.136.240 - - [10/Sep/2021:02:15:39 +0000] "GET /menucss/menu.css HTTP/1.1" 404 214 "https://scienocraft.com/certification.php" "Mozilla/5.0 (Windows NT 6.1) AppleWebKit/537.36 (KHTML, like Gecko) Chrome/92.0.4515.159 Safari/537.36"
47.31.136.240 - - [10/Sep/2021:02:15:39 +0000] "GET /galleryimg//thumb HTTP/1.1" 404 214 "https://scienocraft.com/certification.php" "Mozilla/5.0 (Windows NT 6.1) AppleWebKit/537.36 (KHTML, like Gecko) Chrome/92.0.4515.159 Safari/537.36"
47.31.136.240 - - [10/Sep/2021:02:15:42 +0000] "GET /AboutUs HTTP/1.1" 404 205 "https://scienocraft.com/" "Mozilla/5.0 (Windows NT 6.1) AppleWebKit/537.36 (KHTML, like Gecko) Chrome/92.0.4515.159 Safari/537.36"
47.31.136.240 - - [10/Sep/2021:02:15:42 +0000] "GET /favicon.ico HTTP/1.1" 404 209 "https://www.scienocraft.com/AboutUs" "Mozilla/5.0 (Windows NT 6.1) AppleWebKit/537.36 (KHTML, like Gecko) Chrome/92.0.4515.159 Safari/537.36"
47.31.136.240 - - [10/Sep/2021:02:15:44 +0000] "GET /menucss/menu.css HTTP/1.1" 404 214 "https://scienocraft.com/certification.php" "Mozilla/5.0 (Windows NT 6.1) AppleWebKit/537.36 (KHTML, like Gecko) Chrome/92.0.4515.159 Safari/537.36"
