42.236.10.114 - - [14/Sep/2021:18:07:36 +0000] "GET /menu/css/skins/white.css HTTP/1.1" 200 3337 "https://scienocraft.com/" "Mozilla/5.0 (Linux; U; Android 8.1.0; zh-CN; EML-AL00 Build/HUAWEIEML-AL00) AppleWebKit/537.36 (KHTML, like Gecko) Version/4.0 Chrome/57.0.2987.108 baidu.sogo.uc.UCBrowser/11.9.4.974 UWS/2.13.1.48 Mobile Safari/537.36 AliApp(DingTalk/4.5.11) com.alibaba.android.rimet/10487439 Channel/227200 language/zh-CN"
42.236.10.84 - - [14/Sep/2021:18:07:36 +0000] "GET /slideshow/js/jquery.id.chopslider-2.2.0.free.min.js HTTP/1.1" 200 43739 "https://scienocraft.com/" "Mozilla/5.0 (Linux; U; Android 8.1.0; zh-CN; EML-AL00 Build/HUAWEIEML-AL00) AppleWebKit/537.36 (KHTML, like Gecko) Version/4.0 Chrome/57.0.2987.108 baidu.sogo.uc.UCBrowser/11.9.4.974 UWS/2.13.1.48 Mobile Safari/537.36 AliApp(DingTalk/4.5.11) com.alibaba.android.rimet/10487439 Channel/227200 language/zh-CN"
42.236.10.114 - - [14/Sep/2021:18:07:36 +0000] "GET /slideshow/js/jquery.id.cstransitions-1.2.min.js HTTP/1.1" 200 72462 "https://scienocraft.com/" "Mozilla/5.0 (Linux; U; Android 8.1.0; zh-CN; EML-AL00 Build/HUAWEIEML-AL00) AppleWebKit/537.36 (KHTML, like Gecko) Version/4.0 Chrome/57.0.2987.108 baidu.sogo.uc.UCBrowser/11.9.4.974 UWS/2.13.1.48 Mobile Safari/537.36 AliApp(DingTalk/4.5.11) com.alibaba.android.rimet/10487439 Channel/227200 language/zh-CN"
42.236.10.114 - - [14/Sep/2021:18:07:36 +0000] "GET /slideshow/js/main.js HTTP/1.1" 200 962 "https://scienocraft.com/" "Mozilla/5.0 (Linux; U; Android 8.1.0; zh-CN; EML-AL00 Build/HUAWEIEML-AL00) AppleWebKit/537.36 (KHTML, like Gecko) Version/4.0 Chrome/57.0.2987.108 baidu.sogo.uc.UCBrowser/11.9.4.974 UWS/2.13.1.48 Mobile Safari/537.36 AliApp(DingTalk/4.5.11) com.alibaba.android.rimet/10487439 Channel/227200 language/zh-CN"
42.236.10.114 - - [14/Sep/2021:18:07:37 +0000] "GET /menu/js/jquery.hoverIntent.minified.js HTTP/1.1" 200 1606 "https://scienocraft.com/" "Mozilla/5.0 (Linux; U; Android 8.1.0; zh-CN; EML-AL00 Build/HUAWEIEML-AL00) AppleWebKit/537.36 (KHTML, like Gecko) Version/4.0 Chrome/57.0.2987.108 baidu.sogo.uc.UCBrowser/11.9.4.974 UWS/2.13.1.48 Mobile Safari/537.36 AliApp(DingTalk/4.5.11) com.alibaba.android.rimet/10487439 Channel/227200 language/zh-CN"
42.236.10.84 - - [14/Sep/2021:18:07:37 +0000] "GET /menu/js/jquery.dcmegamenu.1.2.js HTTP/1.1" 200 4832 "https://scienocraft.com/" "Mozilla/5.0 (Linux; U; Android 8.1.0; zh-CN; EML-AL00 Build/HUAWEIEML-AL00) AppleWebKit/537.36 (KHTML, like Gecko) Version/4.0 Chrome/57.0.2987.108 baidu.sogo.uc.UCBrowser/11.9.4.974 UWS/2.13.1.48 Mobile Safari/537.36 AliApp(DingTalk/4.5.11) com.alibaba.android.rimet/10487439 Channel/227200 language/zh-CN"
42.236.10.114 - - [14/Sep/2021:18:07:37 +0000] "GET /slideshow/slide_images/1.jpg HTTP/1.1" 200 55698 "https://scienocraft.com/" "Mozilla/5.0 (Linux; U; Android 8.1.0; zh-CN; EML-AL00 Build/HUAWEIEML-AL00) AppleWebKit/537.36 (KHTML, like Gecko) Version/4.0 Chrome/57.0.2987.108 baidu.sogo.uc.UCBrowser/11.9.4.974 UWS/2.13.1.48 Mobile Safari/537.36 AliApp(DingTalk/4.5.11) com.alibaba.android.rimet/10487439 Channel/227200 language/zh-CN"
42.236.10.117 - - [14/Sep/2021:18:07:38 +0000] "GET /slideshow/slide_images/5.jpg HTTP/1.1" 200 57184 "https://scienocraft.com/" "Mozilla/5.0 (Linux; U; Android 8.1.0; zh-CN; EML-AL00 Build/HUAWEIEML-AL00) AppleWebKit/537.36 (KHTML, like Gecko) Version/4.0 Chrome/57.0.2987.108 baidu.sogo.uc.UCBrowser/11.9.4.974 UWS/2.13.1.48 Mobile Safari/537.36 AliApp(DingTalk/4.5.11) com.alibaba.android.rimet/10487439 Channel/227200 language/zh-CN"
42.236.10.84 - - [14/Sep/2021:18:07:37 +0000] "GET /slideshow/slide_images/9.jpg HTTP/1.1" 200 218806 "https://scienocraft.com/" "Mozilla/5.0 (Linux; U; Android 8.1.0; zh-CN; EML-AL00 Build/HUAWEIEML-AL00) AppleWebKit/537.36 (KHTML, like Gecko) Version/4.0 Chrome/57.0.2987.108 baidu.sogo.uc.UCBrowser/11.9.4.974 UWS/2.13.1.48 Mobile Safari/537.36 AliApp(DingTalk/4.5.11) com.alibaba.android.rimet/10487439 Channel/227200 language/zh-CN"
42.236.10.114 - - [14/Sep/2021:18:07:38 +0000] "GET /slideshow/slide_images/3.jpg HTTP/1.1" 200 66152 "https://scienocraft.com/" "Mozilla/5.0 (Linux; U; Android 8.1.0; zh-CN; EML-AL00 Build/HUAWEIEML-AL00) AppleWebKit/537.36 (KHTML, like Gecko) Version/4.0 Chrome/57.0.2987.108 baidu.sogo.uc.UCBrowser/11.9.4.974 UWS/2.13.1.48 Mobile Safari/537.36 AliApp(DingTalk/4.5.11) com.alibaba.android.rimet/10487439 Channel/227200 language/zh-CN"
42.236.10.78 - - [14/Sep/2021:18:07:38 +0000] "GET /slideshow/slide_images/2.jpg HTTP/1.1" 200 54289 "https://scienocraft.com/" "Mozilla/5.0 (Linux; U; Android 8.1.0; zh-CN; EML-AL00 Build/HUAWEIEML-AL00) AppleWebKit/537.36 (KHTML, like Gecko) Version/4.0 Chrome/57.0.2987.108 baidu.sogo.uc.UCBrowser/11.9.4.974 UWS/2.13.1.48 Mobile Safari/537.36 AliApp(DingTalk/4.5.11) com.alibaba.android.rimet/10487439 Channel/227200 language/zh-CN"
42.236.10.125 - - [14/Sep/2021:18:07:38 +0000] "GET /slideshow/slide_images/8.jpg HTTP/1.1" 200 214287 "https://scienocraft.com/" "Mozilla/5.0 (Linux; U; Android 8.1.0; zh-CN; EML-AL00 Build/HUAWEIEML-AL00) AppleWebKit/537.36 (KHTML, like Gecko) Version/4.0 Chrome/57.0.2987.108 baidu.sogo.uc.UCBrowser/11.9.4.974 UWS/2.13.1.48 Mobile Safari/537.36 AliApp(DingTalk/4.5.11) com.alibaba.android.rimet/10487439 Channel/227200 language/zh-CN"
42.236.10.114 - - [14/Sep/2021:18:07:39 +0000] "GET /images/logo.png HTTP/1.1" 200 39326 "https://scienocraft.com/style.css" "Mozilla/5.0 (Linux; U; Android 8.1.0; zh-CN; EML-AL00 Build/HUAWEIEML-AL00) AppleWebKit/537.36 (KHTML, like Gecko) Version/4.0 Chrome/57.0.2987.108 baidu.sogo.uc.UCBrowser/11.9.4.974 UWS/2.13.1.48 Mobile Safari/537.36 AliApp(DingTalk/4.5.11) com.alibaba.android.rimet/10487439 Channel/227200 language/zh-CN"
42.236.10.93 - - [14/Sep/2021:18:07:38 +0000] "GET /slideshow/slide_images/7.jpg HTTP/1.1" 200 289484 "https://scienocraft.com/" "Mozilla/5.0 (Linux; U; Android 8.1.0; zh-CN; EML-AL00 Build/HUAWEIEML-AL00) AppleWebKit/537.36 (KHTML, like Gecko) Version/4.0 Chrome/57.0.2987.108 baidu.sogo.uc.UCBrowser/11.9.4.974 UWS/2.13.1.48 Mobile Safari/537.36 AliApp(DingTalk/4.5.11) com.alibaba.android.rimet/10487439 Channel/227200 language/zh-CN"
42.236.10.78 - - [14/Sep/2021:18:07:39 +0000] "GET /slideshow/slide_images/4.jpg HTTP/1.1" 200 57483 "https://scienocraft.com/" "Mozilla/5.0 (Linux; U; Android 8.1.0; zh-CN; EML-AL00 Build/HUAWEIEML-AL00) AppleWebKit/537.36 (KHTML, like Gecko) Version/4.0 Chrome/57.0.2987.108 baidu.sogo.uc.UCBrowser/11.9.4.974 UWS/2.13.1.48 Mobile Safari/537.36 AliApp(DingTalk/4.5.11) com.alibaba.android.rimet/10487439 Channel/227200 language/zh-CN"
42.236.10.117 - - [14/Sep/2021:18:07:39 +0000] "GET /slideshow/slide_images/10.jpg HTTP/1.1" 200 88431 "https://scienocraft.com/" "Mozilla/5.0 (Linux; U; Android 8.1.0; zh-CN; EML-AL00 Build/HUAWEIEML-AL00) AppleWebKit/537.36 (KHTML, like Gecko) Version/4.0 Chrome/57.0.2987.108 baidu.sogo.uc.UCBrowser/11.9.4.974 UWS/2.13.1.48 Mobile Safari/537.36 AliApp(DingTalk/4.5.11) com.alibaba.android.rimet/10487439 Channel/227200 language/zh-CN"
42.236.10.84 - - [14/Sep/2021:18:07:39 +0000] "GET /galleryimg/d3a3925237fb7c68063de73cda8dd209.jpg HTTP/1.1" 200 22450 "https://scienocraft.com/" "Mozilla/5.0 (Linux; U; Android 8.1.0; zh-CN; EML-AL00 Build/HUAWEIEML-AL00) AppleWebKit/537.36 (KHTML, like Gecko) Version/4.0 Chrome/57.0.2987.108 baidu.sogo.uc.UCBrowser/11.9.4.974 UWS/2.13.1.48 Mobile Safari/537.36 AliApp(DingTalk/4.5.11) com.alibaba.android.rimet/10487439 Channel/227200 language/zh-CN"
180.163.220.5 - - [14/Sep/2021:18:07:40 +0000] "GET / HTTP/1.1" 200 63934 "http://baidu.com/" "Mozilla/5.0 (Linux; U; Android 8.1.0; zh-CN; EML-AL00 Build/HUAWEIEML-AL00) AppleWebKit/537.36 (KHTML, like Gecko) Version/4.0 Chrome/57.0.2987.108 baidu.sogo.uc.UCBrowser/11.9.4.974 UWS/2.13.1.48 Mobile Safari/537.36 AliApp(DingTalk/4.5.11) com.alibaba.android.rimet/10487439 Channel/227200 language/zh-CN"
42.236.10.117 - - [14/Sep/2021:18:07:40 +0000] "GET /galleryimg/b09ccf468f4ad1b9dd71716a97226ab0.jpg HTTP/1.1" 200 17840 "https://scienocraft.com/" "Mozilla/5.0 (Linux; U; Android 8.1.0; zh-CN; EML-AL00 Build/HUAWEIEML-AL00) AppleWebKit/537.36 (KHTML, like Gecko) Version/4.0 Chrome/57.0.2987.108 baidu.sogo.uc.UCBrowser/11.9.4.974 UWS/2.13.1.48 Mobile Safari/537.36 AliApp(DingTalk/4.5.11) com.alibaba.android.rimet/10487439 Channel/227200 language/zh-CN"
42.236.10.125 - - [14/Sep/2021:18:07:40 +0000] "GET /galleryimg/c9ba59b540a324113e7238461135676c.png HTTP/1.1" 200 37091 "https://scienocraft.com/" "Mozilla/5.0 (Linux; U; Android 8.1.0; zh-CN; EML-AL00 Build/HUAWEIEML-AL00) AppleWebKit/537.36 (KHTML, like Gecko) Version/4.0 Chrome/57.0.2987.108 baidu.sogo.uc.UCBrowser/11.9.4.974 UWS/2.13.1.48 Mobile Safari/537.36 AliApp(DingTalk/4.5.11) com.alibaba.android.rimet/10487439 Channel/227200 language/zh-CN"
42.236.10.84 - - [14/Sep/2021:18:07:40 +0000] "GET /galleryimg/01a2c951ee4f6adf9c5f1196fc456156.jpg HTTP/1.1" 200 51145 "https://scienocraft.com/" "Mozilla/5.0 (Linux; U; Android 8.1.0; zh-CN; EML-AL00 Build/HUAWEIEML-AL00) AppleWebKit/537.36 (KHTML, like Gecko) Version/4.0 Chrome/57.0.2987.108 baidu.sogo.uc.UCBrowser/11.9.4.974 UWS/2.13.1.48 Mobile Safari/537.36 AliApp(DingTalk/4.5.11) com.alibaba.android.rimet/10487439 Channel/227200 language/zh-CN"
42.236.10.93 - - [14/Sep/2021:18:07:40 +0000] "GET /galleryimg/76c41dae07c37a1a805472d6cbec3912.jpg HTTP/1.1" 200 9919 "https://scienocraft.com/" "Mozilla/5.0 (Linux; U; Android 8.1.0; zh-CN; EML-AL00 Build/HUAWEIEML-AL00) AppleWebKit/537.36 (KHTML, like Gecko) Version/4.0 Chrome/57.0.2987.108 baidu.sogo.uc.UCBrowser/11.9.4.974 UWS/2.13.1.48 Mobile Safari/537.36 AliApp(DingTalk/4.5.11) com.alibaba.android.rimet/10487439 Channel/227200 language/zh-CN"
42.236.10.78 - - [14/Sep/2021:18:07:40 +0000] "GET /galleryimg/2d0b44034f1808c4f3eba762e554364e.jpg HTTP/1.1" 200 15754 "https://scienocraft.com/" "Mozilla/5.0 (Linux; U; Android 8.1.0; zh-CN; EML-AL00 Build/HUAWEIEML-AL00) AppleWebKit/537.36 (KHTML, like Gecko) Version/4.0 Chrome/57.0.2987.108 baidu.sogo.uc.UCBrowser/11.9.4.974 UWS/2.13.1.48 Mobile Safari/537.36 AliApp(DingTalk/4.5.11) com.alibaba.android.rimet/10487439 Channel/227200 language/zh-CN"
42.236.10.114 - - [14/Sep/2021:18:07:40 +0000] "GET /galleryimg/1c66bd33489bfd15756d2787eead2f4a.png HTTP/1.1" 200 132326 "https://scienocraft.com/" "Mozilla/5.0 (Linux; U; Android 8.1.0; zh-CN; EML-AL00 Build/HUAWEIEML-AL00) AppleWebKit/537.36 (KHTML, like Gecko) Version/4.0 Chrome/57.0.2987.108 baidu.sogo.uc.UCBrowser/11.9.4.974 UWS/2.13.1.48 Mobile Safari/537.36 AliApp(DingTalk/4.5.11) com.alibaba.android.rimet/10487439 Channel/227200 language/zh-CN"
42.236.10.125 - - [14/Sep/2021:18:07:41 +0000] "GET /galleryimg/47467d9e32ed9eda0c36d6b71bf9de6c.jpg HTTP/1.1" 200 36374 "https://scienocraft.com/" "Mozilla/5.0 (Linux; U; Android 8.1.0; zh-CN; EML-AL00 Build/HUAWEIEML-AL00) AppleWebKit/537.36 (KHTML, like Gecko) Version/4.0 Chrome/57.0.2987.108 baidu.sogo.uc.UCBrowser/11.9.4.974 UWS/2.13.1.48 Mobile Safari/537.36 AliApp(DingTalk/4.5.11) com.alibaba.android.rimet/10487439 Channel/227200 language/zh-CN"
42.236.10.117 - - [14/Sep/2021:18:07:41 +0000] "GET /galleryimg/a85a8e1ca674a5ab053361a54f89356f.jpg HTTP/1.1" 200 193140 "https://scienocraft.com/" "Mozilla/5.0 (Linux; U; Android 8.1.0; zh-CN; EML-AL00 Build/HUAWEIEML-AL00) AppleWebKit/537.36 (KHTML, like Gecko) Version/4.0 Chrome/57.0.2987.108 baidu.sogo.uc.UCBrowser/11.9.4.974 UWS/2.13.1.48 Mobile Safari/537.36 AliApp(DingTalk/4.5.11) com.alibaba.android.rimet/10487439 Channel/227200 language/zh-CN"
42.236.10.84 - - [14/Sep/2021:18:07:41 +0000] "GET /galleryimg/cff3a39079eb64c46636c6c70852cd26.jpg HTTP/1.1" 200 74488 "https://scienocraft.com/" "Mozilla/5.0 (Linux; U; Android 8.1.0; zh-CN; EML-AL00 Build/HUAWEIEML-AL00) AppleWebKit/537.36 (KHTML, like Gecko) Version/4.0 Chrome/57.0.2987.108 baidu.sogo.uc.UCBrowser/11.9.4.974 UWS/2.13.1.48 Mobile Safari/537.36 AliApp(DingTalk/4.5.11) com.alibaba.android.rimet/10487439 Channel/227200 language/zh-CN"
42.236.10.93 - - [14/Sep/2021:18:07:41 +0000] "GET /galleryimg/e3c1ec12e8698e9e63dd5b77d245b828.jpg HTTP/1.1" 200 48637 "https://scienocraft.com/" "Mozilla/5.0 (Linux; U; Android 8.1.0; zh-CN; EML-AL00 Build/HUAWEIEML-AL00) AppleWebKit/537.36 (KHTML, like Gecko) Version/4.0 Chrome/57.0.2987.108 baidu.sogo.uc.UCBrowser/11.9.4.974 UWS/2.13.1.48 Mobile Safari/537.36 AliApp(DingTalk/4.5.11) com.alibaba.android.rimet/10487439 Channel/227200 language/zh-CN"
42.236.10.78 - - [14/Sep/2021:18:07:41 +0000] "GET /galleryimg/c53597be4f7ca24e2f9a840590c388e9.png HTTP/1.1" 200 233609 "https://scienocraft.com/" "Mozilla/5.0 (Linux; U; Android 8.1.0; zh-CN; EML-AL00 Build/HUAWEIEML-AL00) AppleWebKit/537.36 (KHTML, like Gecko) Version/4.0 Chrome/57.0.2987.108 baidu.sogo.uc.UCBrowser/11.9.4.974 UWS/2.13.1.48 Mobile Safari/537.36 AliApp(DingTalk/4.5.11) com.alibaba.android.rimet/10487439 Channel/227200 language/zh-CN"
42.236.10.114 - - [14/Sep/2021:18:07:41 +0000] "GET /images/Catalog-Icon.jpg HTTP/1.1" 200 33821 "https://scienocraft.com/" "Mozilla/5.0 (Linux; U; Android 8.1.0; zh-CN; EML-AL00 Build/HUAWEIEML-AL00) AppleWebKit/537.36 (KHTML, like Gecko) Version/4.0 Chrome/57.0.2987.108 baidu.sogo.uc.UCBrowser/11.9.4.974 UWS/2.13.1.48 Mobile Safari/537.36 AliApp(DingTalk/4.5.11) com.alibaba.android.rimet/10487439 Channel/227200 language/zh-CN"
42.236.10.125 - - [14/Sep/2021:18:07:41 +0000] "GET /images/facebook.png HTTP/1.1" 200 2418 "https://scienocraft.com/" "Mozilla/5.0 (Linux; U; Android 8.1.0; zh-CN; EML-AL00 Build/HUAWEIEML-AL00) AppleWebKit/537.36 (KHTML, like Gecko) Version/4.0 Chrome/57.0.2987.108 baidu.sogo.uc.UCBrowser/11.9.4.974 UWS/2.13.1.48 Mobile Safari/537.36 AliApp(DingTalk/4.5.11) com.alibaba.android.rimet/10487439 Channel/227200 language/zh-CN"
42.236.10.84 - - [14/Sep/2021:18:07:41 +0000] "GET /images/awards-banner.jpg HTTP/1.1" 200 39595 "https://scienocraft.com/" "Mozilla/5.0 (Linux; U; Android 8.1.0; zh-CN; EML-AL00 Build/HUAWEIEML-AL00) AppleWebKit/537.36 (KHTML, like Gecko) Version/4.0 Chrome/57.0.2987.108 baidu.sogo.uc.UCBrowser/11.9.4.974 UWS/2.13.1.48 Mobile Safari/537.36 AliApp(DingTalk/4.5.11) com.alibaba.android.rimet/10487439 Channel/227200 language/zh-CN"
42.236.10.93 - - [14/Sep/2021:18:07:41 +0000] "GET /images/corporate-prasentation.jpg HTTP/1.1" 200 34150 "https://scienocraft.com/" "Mozilla/5.0 (Linux; U; Android 8.1.0; zh-CN; EML-AL00 Build/HUAWEIEML-AL00) AppleWebKit/537.36 (KHTML, like Gecko) Version/4.0 Chrome/57.0.2987.108 baidu.sogo.uc.UCBrowser/11.9.4.974 UWS/2.13.1.48 Mobile Safari/537.36 AliApp(DingTalk/4.5.11) com.alibaba.android.rimet/10487439 Channel/227200 language/zh-CN"
42.236.10.84 - - [14/Sep/2021:18:07:42 +0000] "GET /images/Twitter.png HTTP/1.1" 200 2479 "https://scienocraft.com/" "Mozilla/5.0 (Linux; U; Android 8.1.0; zh-CN; EML-AL00 Build/HUAWEIEML-AL00) AppleWebKit/537.36 (KHTML, like Gecko) Version/4.0 Chrome/57.0.2987.108 baidu.sogo.uc.UCBrowser/11.9.4.974 UWS/2.13.1.48 Mobile Safari/537.36 AliApp(DingTalk/4.5.11) com.alibaba.android.rimet/10487439 Channel/227200 language/zh-CN"
42.236.10.78 - - [14/Sep/2021:18:07:42 +0000] "GET /images/RSS.png HTTP/1.1" 200 3206 "https://scienocraft.com/" "Mozilla/5.0 (Linux; U; Android 8.1.0; zh-CN; EML-AL00 Build/HUAWEIEML-AL00) AppleWebKit/537.36 (KHTML, like Gecko) Version/4.0 Chrome/57.0.2987.108 baidu.sogo.uc.UCBrowser/11.9.4.974 UWS/2.13.1.48 Mobile Safari/537.36 AliApp(DingTalk/4.5.11) com.alibaba.android.rimet/10487439 Channel/227200 language/zh-CN"
180.163.220.4 - - [14/Sep/2021:18:07:50 +0000] "GET /slideshow/css/chopslider.css HTTP/1.1" 200 3425 "https://scienocraft.com/" "Mozilla/5.0 (Linux; U; Android 8.1.0; zh-CN; EML-AL00 Build/HUAWEIEML-AL00) AppleWebKit/537.36 (KHTML, like Gecko) Version/4.0 Chrome/57.0.2987.108 baidu.sogo.uc.UCBrowser/11.9.4.974 UWS/2.13.1.48 Mobile Safari/537.36 AliApp(DingTalk/4.5.11) com.alibaba.android.rimet/10487439 Channel/227200 language/zh-CN"
180.163.220.5 - - [14/Sep/2021:18:07:50 +0000] "GET /style.css HTTP/1.1" 200 10311 "https://scienocraft.com/" "Mozilla/5.0 (Linux; U; Android 8.1.0; zh-CN; EML-AL00 Build/HUAWEIEML-AL00) AppleWebKit/537.36 (KHTML, like Gecko) Version/4.0 Chrome/57.0.2987.108 baidu.sogo.uc.UCBrowser/11.9.4.974 UWS/2.13.1.48 Mobile Safari/537.36 AliApp(DingTalk/4.5.11) com.alibaba.android.rimet/10487439 Channel/227200 language/zh-CN"
180.163.220.67 - - [14/Sep/2021:18:07:50 +0000] "GET /menu/css/skins/red.css HTTP/1.1" 200 3318 "https://scienocraft.com/" "Mozilla/5.0 (Linux; U; Android 8.1.0; zh-CN; EML-AL00 Build/HUAWEIEML-AL00) AppleWebKit/537.36 (KHTML, like Gecko) Version/4.0 Chrome/57.0.2987.108 baidu.sogo.uc.UCBrowser/11.9.4.974 UWS/2.13.1.48 Mobile Safari/537.36 AliApp(DingTalk/4.5.11) com.alibaba.android.rimet/10487439 Channel/227200 language/zh-CN"
180.163.220.67 - - [14/Sep/2021:18:07:50 +0000] "GET /menu/css/dcmegamenu.css HTTP/1.1" 200 2350 "https://scienocraft.com/" "Mozilla/5.0 (Linux; U; Android 8.1.0; zh-CN; EML-AL00 Build/HUAWEIEML-AL00) AppleWebKit/537.36 (KHTML, like Gecko) Version/4.0 Chrome/57.0.2987.108 baidu.sogo.uc.UCBrowser/11.9.4.974 UWS/2.13.1.48 Mobile Safari/537.36 AliApp(DingTalk/4.5.11) com.alibaba.android.rimet/10487439 Channel/227200 language/zh-CN"
180.163.220.4 - - [14/Sep/2021:18:07:50 +0000] "GET /home-right-menu/demo/demo.css HTTP/1.1" 200 940 "https://scienocraft.com/" "Mozilla/5.0 (Linux; U; Android 8.1.0; zh-CN; EML-AL00 Build/HUAWEIEML-AL00) AppleWebKit/537.36 (KHTML, like Gecko) Version/4.0 Chrome/57.0.2987.108 baidu.sogo.uc.UCBrowser/11.9.4.974 UWS/2.13.1.48 Mobile Safari/537.36 AliApp(DingTalk/4.5.11) com.alibaba.android.rimet/10487439 Channel/227200 language/zh-CN"
180.163.220.5 - - [14/Sep/2021:18:07:50 +0000] "GET /menu/css/skins/white.css HTTP/1.1" 200 3337 "https://scienocraft.com/" "Mozilla/5.0 (Linux; U; Android 8.1.0; zh-CN; EML-AL00 Build/HUAWEIEML-AL00) AppleWebKit/537.36 (KHTML, like Gecko) Version/4.0 Chrome/57.0.2987.108 baidu.sogo.uc.UCBrowser/11.9.4.974 UWS/2.13.1.48 Mobile Safari/537.36 AliApp(DingTalk/4.5.11) com.alibaba.android.rimet/10487439 Channel/227200 language/zh-CN"
180.163.220.4 - - [14/Sep/2021:18:07:51 +0000] "GET /slideshow/js/jquery.id.chopslider-2.2.0.free.min.js HTTP/1.1" 200 43739 "https://scienocraft.com/" "Mozilla/5.0 (Linux; U; Android 8.1.0; zh-CN; EML-AL00 Build/HUAWEIEML-AL00) AppleWebKit/537.36 (KHTML, like Gecko) Version/4.0 Chrome/57.0.2987.108 baidu.sogo.uc.UCBrowser/11.9.4.974 UWS/2.13.1.48 Mobile Safari/537.36 AliApp(DingTalk/4.5.11) com.alibaba.android.rimet/10487439 Channel/227200 language/zh-CN"
180.163.220.5 - - [14/Sep/2021:18:07:51 +0000] "GET /slideshow/js/jquery.id.cstransitions-1.2.min.js HTTP/1.1" 200 72462 "https://scienocraft.com/" "Mozilla/5.0 (Linux; U; Android 8.1.0; zh-CN; EML-AL00 Build/HUAWEIEML-AL00) AppleWebKit/537.36 (KHTML, like Gecko) Version/4.0 Chrome/57.0.2987.108 baidu.sogo.uc.UCBrowser/11.9.4.974 UWS/2.13.1.48 Mobile Safari/537.36 AliApp(DingTalk/4.5.11) com.alibaba.android.rimet/10487439 Channel/227200 language/zh-CN"
180.163.220.4 - - [14/Sep/2021:18:07:51 +0000] "GET /slideshow/js/main.js HTTP/1.1" 200 962 "https://scienocraft.com/" "Mozilla/5.0 (Linux; U; Android 8.1.0; zh-CN; EML-AL00 Build/HUAWEIEML-AL00) AppleWebKit/537.36 (KHTML, like Gecko) Version/4.0 Chrome/57.0.2987.108 baidu.sogo.uc.UCBrowser/11.9.4.974 UWS/2.13.1.48 Mobile Safari/537.36 AliApp(DingTalk/4.5.11) com.alibaba.android.rimet/10487439 Channel/227200 language/zh-CN"
180.163.220.67 - - [14/Sep/2021:18:07:51 +0000] "GET /menu/js/jquery.hoverIntent.minified.js HTTP/1.1" 200 1606 "https://scienocraft.com/" "Mozilla/5.0 (Linux; U; Android 8.1.0; zh-CN; EML-AL00 Build/HUAWEIEML-AL00) AppleWebKit/537.36 (KHTML, like Gecko) Version/4.0 Chrome/57.0.2987.108 baidu.sogo.uc.UCBrowser/11.9.4.974 UWS/2.13.1.48 Mobile Safari/537.36 AliApp(DingTalk/4.5.11) com.alibaba.android.rimet/10487439 Channel/227200 language/zh-CN"
180.163.220.67 - - [14/Sep/2021:18:07:51 +0000] "GET /menu/js/jquery.dcmegamenu.1.2.js HTTP/1.1" 200 4832 "https://scienocraft.com/" "Mozilla/5.0 (Linux; U; Android 8.1.0; zh-CN; EML-AL00 Build/HUAWEIEML-AL00) AppleWebKit/537.36 (KHTML, like Gecko) Version/4.0 Chrome/57.0.2987.108 baidu.sogo.uc.UCBrowser/11.9.4.974 UWS/2.13.1.48 Mobile Safari/537.36 AliApp(DingTalk/4.5.11) com.alibaba.android.rimet/10487439 Channel/227200 language/zh-CN"
180.163.220.67 - - [14/Sep/2021:18:07:51 +0000] "GET /slideshow/slide_images/5.jpg HTTP/1.1" 200 57184 "https://scienocraft.com/" "Mozilla/5.0 (Linux; U; Android 8.1.0; zh-CN; EML-AL00 Build/HUAWEIEML-AL00) AppleWebKit/537.36 (KHTML, like Gecko) Version/4.0 Chrome/57.0.2987.108 baidu.sogo.uc.UCBrowser/11.9.4.974 UWS/2.13.1.48 Mobile Safari/537.36 AliApp(DingTalk/4.5.11) com.alibaba.android.rimet/10487439 Channel/227200 language/zh-CN"
180.163.220.4 - - [14/Sep/2021:18:07:51 +0000] "GET /slideshow/slide_images/1.jpg HTTP/1.1" 200 55698 "https://scienocraft.com/" "Mozilla/5.0 (Linux; U; Android 8.1.0; zh-CN; EML-AL00 Build/HUAWEIEML-AL00) AppleWebKit/537.36 (KHTML, like Gecko) Version/4.0 Chrome/57.0.2987.108 baidu.sogo.uc.UCBrowser/11.9.4.974 UWS/2.13.1.48 Mobile Safari/537.36 AliApp(DingTalk/4.5.11) com.alibaba.android.rimet/10487439 Channel/227200 language/zh-CN"
180.163.220.5 - - [14/Sep/2021:18:07:51 +0000] "GET /slideshow/slide_images/2.jpg HTTP/1.1" 200 54289 "https://scienocraft.com/" "Mozilla/5.0 (Linux; U; Android 8.1.0; zh-CN; EML-AL00 Build/HUAWEIEML-AL00) AppleWebKit/537.36 (KHTML, like Gecko) Version/4.0 Chrome/57.0.2987.108 baidu.sogo.uc.UCBrowser/11.9.4.974 UWS/2.13.1.48 Mobile Safari/537.36 AliApp(DingTalk/4.5.11) com.alibaba.android.rimet/10487439 Channel/227200 language/zh-CN"
180.163.220.5 - - [14/Sep/2021:18:07:51 +0000] "GET /slideshow/slide_images/9.jpg HTTP/1.1" 200 218806 "https://scienocraft.com/" "Mozilla/5.0 (Linux; U; Android 8.1.0; zh-CN; EML-AL00 Build/HUAWEIEML-AL00) AppleWebKit/537.36 (KHTML, like Gecko) Version/4.0 Chrome/57.0.2987.108 baidu.sogo.uc.UCBrowser/11.9.4.974 UWS/2.13.1.48 Mobile Safari/537.36 AliApp(DingTalk/4.5.11) com.alibaba.android.rimet/10487439 Channel/227200 language/zh-CN"
180.163.220.5 - - [14/Sep/2021:18:07:52 +0000] "GET /slideshow/slide_images/3.jpg HTTP/1.1" 200 66152 "https://scienocraft.com/" "Mozilla/5.0 (Linux; U; Android 8.1.0; zh-CN; EML-AL00 Build/HUAWEIEML-AL00) AppleWebKit/537.36 (KHTML, like Gecko) Version/4.0 Chrome/57.0.2987.108 baidu.sogo.uc.UCBrowser/11.9.4.974 UWS/2.13.1.48 Mobile Safari/537.36 AliApp(DingTalk/4.5.11) com.alibaba.android.rimet/10487439 Channel/227200 language/zh-CN"
180.163.220.67 - - [14/Sep/2021:18:07:51 +0000] "GET /slideshow/slide_images/8.jpg HTTP/1.1" 200 214287 "https://scienocraft.com/" "Mozilla/5.0 (Linux; U; Android 8.1.0; zh-CN; EML-AL00 Build/HUAWEIEML-AL00) AppleWebKit/537.36 (KHTML, like Gecko) Version/4.0 Chrome/57.0.2987.108 baidu.sogo.uc.UCBrowser/11.9.4.974 UWS/2.13.1.48 Mobile Safari/537.36 AliApp(DingTalk/4.5.11) com.alibaba.android.rimet/10487439 Channel/227200 language/zh-CN"
180.163.220.4 - - [14/Sep/2021:18:07:52 +0000] "GET /slideshow/slide_images/7.jpg HTTP/1.1" 200 289484 "https://scienocraft.com/" "Mozilla/5.0 (Linux; U; Android 8.1.0; zh-CN; EML-AL00 Build/HUAWEIEML-AL00) AppleWebKit/537.36 (KHTML, like Gecko) Version/4.0 Chrome/57.0.2987.108 baidu.sogo.uc.UCBrowser/11.9.4.974 UWS/2.13.1.48 Mobile Safari/537.36 AliApp(DingTalk/4.5.11) com.alibaba.android.rimet/10487439 Channel/227200 language/zh-CN"
180.163.220.5 - - [14/Sep/2021:18:07:52 +0000] "GET /images/logo.png HTTP/1.1" 200 39326 "https://scienocraft.com/style.css" "Mozilla/5.0 (Linux; U; Android 8.1.0; zh-CN; EML-AL00 Build/HUAWEIEML-AL00) AppleWebKit/537.36 (KHTML, like Gecko) Version/4.0 Chrome/57.0.2987.108 baidu.sogo.uc.UCBrowser/11.9.4.974 UWS/2.13.1.48 Mobile Safari/537.36 AliApp(DingTalk/4.5.11) com.alibaba.android.rimet/10487439 Channel/227200 language/zh-CN"
180.163.220.4 - - [14/Sep/2021:18:07:52 +0000] "GET /slideshow/slide_images/4.jpg HTTP/1.1" 200 57483 "https://scienocraft.com/" "Mozilla/5.0 (Linux; U; Android 8.1.0; zh-CN; EML-AL00 Build/HUAWEIEML-AL00) AppleWebKit/537.36 (KHTML, like Gecko) Version/4.0 Chrome/57.0.2987.108 baidu.sogo.uc.UCBrowser/11.9.4.974 UWS/2.13.1.48 Mobile Safari/537.36 AliApp(DingTalk/4.5.11) com.alibaba.android.rimet/10487439 Channel/227200 language/zh-CN"
180.163.220.67 - - [14/Sep/2021:18:07:52 +0000] "GET /slideshow/slide_images/10.jpg HTTP/1.1" 200 88431 "https://scienocraft.com/" "Mozilla/5.0 (Linux; U; Android 8.1.0; zh-CN; EML-AL00 Build/HUAWEIEML-AL00) AppleWebKit/537.36 (KHTML, like Gecko) Version/4.0 Chrome/57.0.2987.108 baidu.sogo.uc.UCBrowser/11.9.4.974 UWS/2.13.1.48 Mobile Safari/537.36 AliApp(DingTalk/4.5.11) com.alibaba.android.rimet/10487439 Channel/227200 language/zh-CN"
180.163.220.67 - - [14/Sep/2021:18:07:53 +0000] "GET /galleryimg/d3a3925237fb7c68063de73cda8dd209.jpg HTTP/1.1" 200 22450 "https://scienocraft.com/" "Mozilla/5.0 (Linux; U; Android 8.1.0; zh-CN; EML-AL00 Build/HUAWEIEML-AL00) AppleWebKit/537.36 (KHTML, like Gecko) Version/4.0 Chrome/57.0.2987.108 baidu.sogo.uc.UCBrowser/11.9.4.974 UWS/2.13.1.48 Mobile Safari/537.36 AliApp(DingTalk/4.5.11) com.alibaba.android.rimet/10487439 Channel/227200 language/zh-CN"
66.249.79.159 - - [14/Sep/2021:18:15:38 +0000] "GET /ContactUs HTTP/1.1" 200 49509 "-" "Mozilla/5.0 (Linux; Android 6.0.1; Nexus 5X Build/MMB29P) AppleWebKit/537.36 (KHTML, like Gecko) Chrome/93.0.4577.83 Mobile Safari/537.36 (compatible; Googlebot/2.1; +http://www.google.com/bot.html)"
18.159.196.172 - - [14/Sep/2021:18:18:23 +0000] "GET /.well-known/acme-challenge/aa-mjhvWQEiOSosdEVHda_daKbIVAR9pdQlZGbH_hd8 HTTP/1.1" 404 268 "-" "Mozilla/5.0 (compatible; Let's Encrypt validation server; +https://www.letsencrypt.org)"
34.219.87.132 - - [14/Sep/2021:18:18:23 +0000] "GET /.well-known/acme-challenge/aa-mjhvWQEiOSosdEVHda_daKbIVAR9pdQlZGbH_hd8 HTTP/1.1" 404 268 "-" "Mozilla/5.0 (compatible; Let's Encrypt validation server; +https://www.letsencrypt.org)"
3.19.56.43 - - [14/Sep/2021:18:18:23 +0000] "GET /.well-known/acme-challenge/aa-mjhvWQEiOSosdEVHda_daKbIVAR9pdQlZGbH_hd8 HTTP/1.1" 404 268 "-" "Mozilla/5.0 (compatible; Let's Encrypt validation server; +https://www.letsencrypt.org)"
66.133.109.36 - - [14/Sep/2021:18:18:23 +0000] "GET /.well-known/acme-challenge/aa-mjhvWQEiOSosdEVHda_daKbIVAR9pdQlZGbH_hd8 HTTP/1.1" 404 268 "-" "Mozilla/5.0 (compatible; Let's Encrypt validation server; +https://www.letsencrypt.org)"
49.7.20.116 - - [14/Sep/2021:18:27:45 +0000] "GET / HTTP/1.1" 200 63934 "-" "Sogou web spider/4.0(+http://www.sogou.com/docs/help/webmasters.htm#07)"
5.255.231.19 - - [14/Sep/2021:18:34:46 +0000] "GET /robots.txt HTTP/1.1" 404 208 "-" "Mozilla/5.0 (compatible; YandexBot/3.0; +http://yandex.com/bots)"
5.255.253.170 - - [14/Sep/2021:18:34:46 +0000] "GET /robots.txt HTTP/1.1" 301 242 "-" "Mozilla/5.0 (compatible; YandexBot/3.0; +http://yandex.com/bots)"
5.255.231.19 - - [14/Sep/2021:18:34:47 +0000] "GET /robots.txt HTTP/1.1" 404 208 "-" "Mozilla/5.0 (compatible; YandexBot/3.0; +http://yandex.com/bots)"
5.255.231.19 - - [14/Sep/2021:18:34:49 +0000] "GET / HTTP/1.1" 200 63934 "-" "Mozilla/5.0 (compatible; YandexBot/3.0; +http://yandex.com/bots)"
5.255.253.88 - - [14/Sep/2021:18:34:51 +0000] "GET / HTTP/1.1" 301 232 "-" "Mozilla/5.0 (compatible; YandexBot/3.0; +http://yandex.com/bots)"
35.227.58.9 - - [14/Sep/2021:18:35:19 +0000] "GET /robots.txt HTTP/1.0" 301 242 "-" "ZoominfoBot (zoominfobot at zoominfo dot com)"
35.227.58.9 - - [14/Sep/2021:18:35:20 +0000] "GET /robots.txt HTTP/1.1" 404 208 "-" "ZoominfoBot (zoominfobot at zoominfo dot com)"
35.227.58.9 - - [14/Sep/2021:18:35:21 +0000] "GET /LAMINARHORIZONTALMICROCONTROLLERLCDDISPLAY.html HTTP/1.0" 301 279 "-" "ZoominfoBot (zoominfobot at zoominfo dot com)"
66.249.79.158 - - [14/Sep/2021:18:41:55 +0000] "GET / HTTP/1.1" 200 63934 "-" "Mozilla/5.0 (compatible; Googlebot/2.1; +http://www.google.com/bot.html)"
66.249.79.158 - - [14/Sep/2021:18:41:58 +0000] "GET /slideshow/js/jquery.id.cstransitions-1.2.min.js HTTP/1.1" 200 72462 "https://scienocraft.com/" "Mozilla/5.0 AppleWebKit/537.36 (KHTML, like Gecko; compatible; Googlebot/2.1; +http://www.google.com/bot.html) Chrome/92.0.4515.119 Safari/537.36"
35.227.58.9 - - [14/Sep/2021:18:45:42 +0000] "GET /LAMINARFLOWBENCHVERTICAL.html HTTP/1.0" 301 261 "-" "ZoominfoBot (zoominfobot at zoominfo dot com)"
35.227.58.9 - - [14/Sep/2021:18:46:10 +0000] "GET /AUTOCLAVEVERTICALDELUXEMODEL.html HTTP/1.0" 301 265 "-" "ZoominfoBot (zoominfobot at zoominfo dot com)"
35.227.58.9 - - [14/Sep/2021:18:46:32 +0000] "GET /AboutUs HTTP/1.0" 301 239 "-" "ZoominfoBot (zoominfobot at zoominfo dot com)"
216.131.111.149 - - [14/Sep/2021:18:48:15 +0000] "GET /enquiry.php HTTP/1.0" 200 61678 "https://scienocraft.com/enquiry.php" "Mozilla/5.0 (Windows NT 10.0; Win64; x64) AppleWebKit/537.36 (KHTML, like Gecko) Chrome/90.0.4430.72 Safari/537.36 Edg/90.0.818.39"
216.131.111.149 - - [14/Sep/2021:18:48:17 +0000] "POST /submit-enquiry.php HTTP/1.0" 200 139 "https://scienocraft.com/enquiry.php" "Mozilla/5.0 (Windows NT 10.0; Win64; x64) AppleWebKit/537.36 (KHTML, like Gecko) Chrome/90.0.4430.72 Safari/537.36 Edg/90.0.818.39"
216.131.111.150 - - [14/Sep/2021:18:48:20 +0000] "GET /ThankYou HTTP/1.0" 301 240 "https://www.scienocraft.com/ThankYou" "Mozilla/5.0 (Windows NT 10.0; Win64; x64) AppleWebKit/537.36 (KHTML, like Gecko) Chrome/90.0.4430.72 Safari/537.36 Edg/90.0.818.39"
216.131.111.150 - - [14/Sep/2021:18:48:21 +0000] "GET /ThankYou HTTP/1.0" 200 47516 "https://scienocraft.com/ThankYou" "Mozilla/5.0 (Windows NT 10.0; Win64; x64) AppleWebKit/537.36 (KHTML, like Gecko) Chrome/90.0.4430.72 Safari/537.36 Edg/90.0.818.39"
35.227.58.9 - - [14/Sep/2021:18:48:37 +0000] "GET /PrivacyPolicy HTTP/1.0" 301 245 "-" "ZoominfoBot (zoominfobot at zoominfo dot com)"
35.227.58.9 - - [14/Sep/2021:18:48:57 +0000] "GET /robots.txt HTTP/1.0" 404 208 "-" "ZoominfoBot (zoominfobot at zoominfo dot com)"
35.227.58.9 - - [14/Sep/2021:18:48:58 +0000] "GET /all-products.php?maincategory=TEST%20CHAMBERS HTTP/1.0" 200 54488 "-" "ZoominfoBot (zoominfobot at zoominfo dot com)"
35.227.58.9 - - [14/Sep/2021:18:49:06 +0000] "GET /all-products.php?maincategory=Lab%20Equipments%20(Heating) HTTP/1.0" 200 52596 "-" "ZoominfoBot (zoominfobot at zoominfo dot com)"
35.227.58.9 - - [14/Sep/2021:18:49:11 +0000] "GET /all-products.php?maincategory=Environmental%20Chambers HTTP/1.0" 200 52172 "-" "ZoominfoBot (zoominfobot at zoominfo dot com)"
35.227.58.9 - - [14/Sep/2021:18:49:15 +0000] "GET /all-products.php?maincategory=Cooling%20Equipment HTTP/1.0" 200 50929 "-" "ZoominfoBot (zoominfobot at zoominfo dot com)"
35.227.58.9 - - [14/Sep/2021:18:49:19 +0000] "GET /products-catalogue.php HTTP/1.0" 200 80159 "-" "ZoominfoBot (zoominfobot at zoominfo dot com)"
114.119.137.252 - - [14/Sep/2021:18:50:13 +0000] "GET /HORIZONTALMODELGLASSDISTILLATION.html HTTP/1.1" 301 269 "-" "Mozilla/5.0 (Linux; Android 7.0;) AppleWebKit/537.36 (KHTML, like Gecko) Mobile Safari/537.36 (compatible; PetalBot;+https://webmaster.petalsearch.com/site/petalbot)"
114.119.137.252 - - [14/Sep/2021:18:50:15 +0000] "GET /HORIZONTALMODELGLASSDISTILLATION.html HTTP/1.1" 200 54083 "-" "Mozilla/5.0 (Linux; Android 7.0;) AppleWebKit/537.36 (KHTML, like Gecko) Mobile Safari/537.36 (compatible; PetalBot;+https://webmaster.petalsearch.com/site/petalbot)"
49.7.20.116 - - [14/Sep/2021:18:54:00 +0000] "GET / HTTP/1.1" 200 63934 "-" "Sogou web spider/4.0(+http://www.sogou.com/docs/help/webmasters.htm#07)"
35.227.58.9 - - [14/Sep/2021:18:54:19 +0000] "GET /ExhibitionandAwards HTTP/1.0" 301 251 "-" "ZoominfoBot (zoominfobot at zoominfo dot com)"
35.227.58.9 - - [14/Sep/2021:18:58:41 +0000] "GET /all-products.php?maincategory=General%20Laboratory%20Equipments HTTP/1.0" 200 57565 "-" "ZoominfoBot (zoominfobot at zoominfo dot com)"
35.227.58.9 - - [14/Sep/2021:19:00:52 +0000] "GET /AUTOCLAVEVERTICALGMPMODEL.html HTTP/1.0" 301 262 "-" "ZoominfoBot (zoominfobot at zoominfo dot com)"
35.227.58.9 - - [14/Sep/2021:19:01:37 +0000] "GET /AUTOCLAVEVERTICALSTANDARDMODEL.html HTTP/1.0" 301 267 "-" "ZoominfoBot (zoominfobot at zoominfo dot com)"
35.227.58.9 - - [14/Sep/2021:19:01:47 +0000] "GET /index.php HTTP/1.0" 200 63934 "-" "ZoominfoBot (zoominfobot at zoominfo dot com)"
35.227.58.9 - - [14/Sep/2021:19:01:56 +0000] "GET /Sitemap HTTP/1.0" 301 239 "-" "ZoominfoBot (zoominfobot at zoominfo dot com)"
114.119.137.31 - - [14/Sep/2021:19:05:18 +0000] "GET /HYBRIDIZTIONINCUBATORHEATING.html HTTP/1.1" 301 265 "-" "Mozilla/5.0 (Linux; Android 7.0;) AppleWebKit/537.36 (KHTML, like Gecko) Mobile Safari/537.36 (compatible; PetalBot;+https://webmaster.petalsearch.com/site/petalbot)"
114.119.137.31 - - [14/Sep/2021:19:05:21 +0000] "GET /HYBRIDIZTIONINCUBATORHEATING.html HTTP/1.1" 200 56112 "-" "Mozilla/5.0 (Linux; Android 7.0;) AppleWebKit/537.36 (KHTML, like Gecko) Mobile Safari/537.36 (compatible; PetalBot;+https://webmaster.petalsearch.com/site/petalbot)"
114.119.137.43 - - [14/Sep/2021:19:10:04 +0000] "GET /KJELDAHLDIGESTIONUNIT(TUBEHEATINGBLOCK).html HTTP/1.1" 301 276 "-" "Mozilla/5.0 (Linux; Android 7.0;) AppleWebKit/537.36 (KHTML, like Gecko) Mobile Safari/537.36 (compatible; PetalBot;+https://webmaster.petalsearch.com/site/petalbot)"
114.119.137.43 - - [14/Sep/2021:19:10:04 +0000] "GET /KJELDAHLDIGESTIONUNIT(TUBEHEATINGBLOCK).html HTTP/1.1" 200 54855 "-" "Mozilla/5.0 (Linux; Android 7.0;) AppleWebKit/537.36 (KHTML, like Gecko) Mobile Safari/537.36 (compatible; PetalBot;+https://webmaster.petalsearch.com/site/petalbot)"
35.227.58.9 - - [14/Sep/2021:19:11:38 +0000] "GET /robots.txt HTTP/1.0" 301 246 "-" "ZoominfoBot (zoominfobot at zoominfo dot com)"
35.227.58.9 - - [14/Sep/2021:19:11:39 +0000] "GET /robots.txt HTTP/1.1" 301 242 "-" "ZoominfoBot (zoominfobot at zoominfo dot com)"
35.227.58.9 - - [14/Sep/2021:19:11:40 +0000] "GET /robots.txt HTTP/1.1" 404 208 "-" "ZoominfoBot (zoominfobot at zoominfo dot com)"
35.227.58.9 - - [14/Sep/2021:19:11:40 +0000] "GET /AboutUs HTTP/1.0" 301 243 "-" "ZoominfoBot (zoominfobot at zoominfo dot com)"
35.227.58.9 - - [14/Sep/2021:19:11:41 +0000] "GET /AboutUs HTTP/1.0" 301 239 "-" "ZoominfoBot (zoominfobot at zoominfo dot com)"
35.227.58.9 - - [14/Sep/2021:19:12:48 +0000] "GET /all-products.php?maincategory=Vacuum%20Equipments HTTP/1.0" 200 52157 "-" "ZoominfoBot (zoominfobot at zoominfo dot com)"
35.227.58.9 - - [14/Sep/2021:19:13:11 +0000] "GET /all-products.php?maincategory=Clean%20Room%20Benches HTTP/1.0" 200 54299 "-" "ZoominfoBot (zoominfobot at zoominfo dot com)"
114.119.137.238 - - [14/Sep/2021:19:14:52 +0000] "GET /enquiry.php?pname=INSPISATOR%20BATH/STI-141 HTTP/1.1" 200 61701 "-" "Mozilla/5.0 (Linux; Android 7.0;) AppleWebKit/537.36 (KHTML, like Gecko) Mobile Safari/537.36 (compatible; PetalBot;+https://webmaster.petalsearch.com/site/petalbot)"
35.227.58.9 - - [14/Sep/2021:19:16:01 +0000] "GET /AUTOCLAVEVERTICALDOUBLEWALLSEMIAUTO.html HTTP/1.0" 301 272 "-" "ZoominfoBot (zoominfobot at zoominfo dot com)"
35.227.58.9 - - [14/Sep/2021:19:18:16 +0000] "GET /all-products.php?maincategory=Water(Liquid)%20Bath%20Equipments HTTP/1.0" 200 55830 "-" "ZoominfoBot (zoominfobot at zoominfo dot com)"
18.192.36.99 - - [14/Sep/2021:19:18:22 +0000] "GET /.well-known/acme-challenge/8-s-nmtz4_kzHPBHSy8Ru7Oo_7D_C32rNC59sHnG1Qg HTTP/1.1" 404 268 "-" "Mozilla/5.0 (compatible; Let's Encrypt validation server; +https://www.letsencrypt.org)"
34.219.87.132 - - [14/Sep/2021:19:18:22 +0000] "GET /.well-known/acme-challenge/8-s-nmtz4_kzHPBHSy8Ru7Oo_7D_C32rNC59sHnG1Qg HTTP/1.1" 404 268 "-" "Mozilla/5.0 (compatible; Let's Encrypt validation server; +https://www.letsencrypt.org)"
18.116.86.117 - - [14/Sep/2021:19:18:22 +0000] "GET /.well-known/acme-challenge/8-s-nmtz4_kzHPBHSy8Ru7Oo_7D_C32rNC59sHnG1Qg HTTP/1.1" 404 268 "-" "Mozilla/5.0 (compatible; Let's Encrypt validation server; +https://www.letsencrypt.org)"
64.78.149.164 - - [14/Sep/2021:19:18:22 +0000] "GET /.well-known/acme-challenge/8-s-nmtz4_kzHPBHSy8Ru7Oo_7D_C32rNC59sHnG1Qg HTTP/1.1" 404 268 "-" "Mozilla/5.0 (compatible; Let's Encrypt validation server; +https://www.letsencrypt.org)"
35.227.58.9 - - [14/Sep/2021:19:18:57 +0000] "GET /all-products.php?maincategory=Distillation%20Equipments HTTP/1.0" 200 55816 "-" "ZoominfoBot (zoominfobot at zoominfo dot com)"
114.119.137.238 - - [14/Sep/2021:19:19:37 +0000] "GET /QUARTZDISTILLATIONSTI256.html HTTP/1.1" 301 261 "-" "Mozilla/5.0 (Linux; Android 7.0;) AppleWebKit/537.36 (KHTML, like Gecko) Mobile Safari/537.36 (compatible; PetalBot;+https://webmaster.petalsearch.com/site/petalbot)"
114.119.137.238 - - [14/Sep/2021:19:19:38 +0000] "GET /QUARTZDISTILLATIONSTI256.html HTTP/1.1" 200 57483 "-" "Mozilla/5.0 (Linux; Android 7.0;) AppleWebKit/537.36 (KHTML, like Gecko) Mobile Safari/537.36 (compatible; PetalBot;+https://webmaster.petalsearch.com/site/petalbot)"
35.227.58.9 - - [14/Sep/2021:19:22:13 +0000] "GET /TermsandConditions HTTP/1.0" 301 250 "-" "ZoominfoBot (zoominfobot at zoominfo dot com)"
35.227.58.9 - - [14/Sep/2021:19:23:37 +0000] "GET /LAMINARFLOWBENCHHORIZONTAL.html HTTP/1.0" 301 263 "-" "ZoominfoBot (zoominfobot at zoominfo dot com)"
114.119.137.45 - - [14/Sep/2021:19:24:38 +0000] "GET /INCINERATORPORTABLE(BIOMEDICALWASTEDISPOSAL).html HTTP/1.1" 301 281 "-" "Mozilla/5.0 (Linux; Android 7.0;) AppleWebKit/537.36 (KHTML, like Gecko) Mobile Safari/537.36 (compatible; PetalBot;+https://webmaster.petalsearch.com/site/petalbot)"
114.119.137.45 - - [14/Sep/2021:19:24:41 +0000] "GET /INCINERATORPORTABLE(BIOMEDICALWASTEDISPOSAL).html HTTP/1.1" 200 60340 "-" "Mozilla/5.0 (Linux; Android 7.0;) AppleWebKit/537.36 (KHTML, like Gecko) Mobile Safari/537.36 (compatible; PetalBot;+https://webmaster.petalsearch.com/site/petalbot)"
35.227.58.9 - - [14/Sep/2021:19:28:17 +0000] "GET /ContactUs HTTP/1.0" 301 241 "-" "ZoominfoBot (zoominfobot at zoominfo dot com)"
35.227.58.9 - - [14/Sep/2021:19:33:45 +0000] "GET /all-products.php?maincategory=Incubators HTTP/1.0" 200 55769 "-" "ZoominfoBot (zoominfobot at zoominfo dot com)"
114.119.137.38 - - [14/Sep/2021:19:34:33 +0000] "GET /enquiry.php?pname=BOTTLE%20WASHING%20MACHINE%20(LAB%20MODEL)/STI-205 HTTP/1.1" 301 300 "-" "Mozilla/5.0 (Linux; Android 7.0;) AppleWebKit/537.36 (KHTML, like Gecko) Mobile Safari/537.36 (compatible; PetalBot;+https://webmaster.petalsearch.com/site/petalbot)"
114.119.137.38 - - [14/Sep/2021:19:34:33 +0000] "GET /enquiry.php?pname=BOTTLE%20WASHING%20MACHINE%20(LAB%20MODEL)/STI-205 HTTP/1.1" 200 61720 "-" "Mozilla/5.0 (Linux; Android 7.0;) AppleWebKit/537.36 (KHTML, like Gecko) Mobile Safari/537.36 (compatible; PetalBot;+https://webmaster.petalsearch.com/site/petalbot)"
35.227.58.9 - - [14/Sep/2021:19:34:37 +0000] "GET /all-products.php?maincategory=Shakers HTTP/1.0" 200 54562 "-" "ZoominfoBot (zoominfobot at zoominfo dot com)"
35.227.58.9 - - [14/Sep/2021:19:35:42 +0000] "GET /all-products.php?maincategory=Autoclave-%20%20%20%20%20%20%20%20%20%20%20%20%20%20%20%20%20%20%20%20%20%20%20%20%20%20%20%20%20%20%20%20%20%20%20%20%20%20%20%20%20%20%20%20%20%20%20%20%20%20%20%20%20%20%20%20%20%20%20%20%20%20%20%20%20%20%20%20%20%20%20%20%20%20%20%20%20%20%20%20%20%20%20%20%20%20%20%20%20%20%20%20%20%20%20%20%20%20%20%20%20%20%20%20%20%20%20%20%20%20%20%20%20Sterilization%20Equipments HTTP/1.0" 200 60657 "-" "ZoominfoBot (zoominfobot at zoominfo dot com)"
114.119.137.31 - - [14/Sep/2021:19:39:28 +0000] "GET /enquiry.php?pname=AUTOCLAVE%20VERTICAL%20GMP%20MODEL/STI-115%20C HTTP/1.1" 301 300 "-" "Mozilla/5.0 (Linux; Android 7.0;) AppleWebKit/537.36 (KHTML, like Gecko) Mobile Safari/537.36 (compatible; PetalBot;+https://webmaster.petalsearch.com/site/petalbot)"
114.119.137.31 - - [14/Sep/2021:19:39:31 +0000] "GET /enquiry.php?pname=AUTOCLAVE%20VERTICAL%20GMP%20MODEL/STI-115%20C HTTP/1.1" 301 296 "-" "Mozilla/5.0 (Linux; Android 7.0;) AppleWebKit/537.36 (KHTML, like Gecko) Mobile Safari/537.36 (compatible; PetalBot;+https://webmaster.petalsearch.com/site/petalbot)"
114.119.137.31 - - [14/Sep/2021:19:39:33 +0000] "GET /enquiry.php?pname=AUTOCLAVE%20VERTICAL%20GMP%20MODEL/STI-115%20C HTTP/1.1" 200 61716 "-" "Mozilla/5.0 (Linux; Android 7.0;) AppleWebKit/537.36 (KHTML, like Gecko) Mobile Safari/537.36 (compatible; PetalBot;+https://webmaster.petalsearch.com/site/petalbot)"
49.7.20.116 - - [14/Sep/2021:19:43:39 +0000] "GET / HTTP/1.1" 200 63934 "-" "Sogou web spider/4.0(+http://www.sogou.com/docs/help/webmasters.htm#07)"
114.119.133.245 - - [14/Sep/2021:19:44:26 +0000] "GET /OILBATH.html HTTP/1.1" 301 244 "-" "Mozilla/5.0 (Linux; Android 7.0;) AppleWebKit/537.36 (KHTML, like Gecko) Mobile Safari/537.36 (compatible; PetalBot;+https://webmaster.petalsearch.com/site/petalbot)"
114.119.133.245 - - [14/Sep/2021:19:44:29 +0000] "GET /OILBATH.html HTTP/1.1" 200 55338 "-" "Mozilla/5.0 (Linux; Android 7.0;) AppleWebKit/537.36 (KHTML, like Gecko) Mobile Safari/537.36 (compatible; PetalBot;+https://webmaster.petalsearch.com/site/petalbot)"
66.249.79.128 - - [14/Sep/2021:19:46:27 +0000] "GET /VACUUMDRYINGCHAMBER(RECTANGULAR).html HTTP/1.1" 200 57683 "-" "Mozilla/5.0 (Linux; Android 6.0.1; Nexus 5X Build/MMB29P) AppleWebKit/537.36 (KHTML, like Gecko) Chrome/93.0.4577.83 Mobile Safari/537.36 (compatible; Googlebot/2.1; +http://www.google.com/bot.html)"
35.227.58.9 - - [14/Sep/2021:19:46:43 +0000] "GET /Disclaimer HTTP/1.0" 301 242 "-" "ZoominfoBot (zoominfobot at zoominfo dot com)"
114.119.137.38 - - [14/Sep/2021:19:49:14 +0000] "GET /all-products.php?maincategory=Vacuum%20Equipments HTTP/1.1" 301 285 "-" "Mozilla/5.0 (Linux; Android 7.0;) AppleWebKit/537.36 (KHTML, like Gecko) Mobile Safari/537.36 (compatible; PetalBot;+https://webmaster.petalsearch.com/site/petalbot)"
114.119.137.38 - - [14/Sep/2021:19:49:14 +0000] "GET /all-products.php?maincategory=Vacuum%20Equipments HTTP/1.1" 301 281 "-" "Mozilla/5.0 (Linux; Android 7.0;) AppleWebKit/537.36 (KHTML, like Gecko) Mobile Safari/537.36 (compatible; PetalBot;+https://webmaster.petalsearch.com/site/petalbot)"
114.119.137.38 - - [14/Sep/2021:19:49:15 +0000] "GET /all-products.php?maincategory=Vacuum%20Equipments HTTP/1.1" 200 52157 "-" "Mozilla/5.0 (Linux; Android 7.0;) AppleWebKit/537.36 (KHTML, like Gecko) Mobile Safari/537.36 (compatible; PetalBot;+https://webmaster.petalsearch.com/site/petalbot)"
114.119.137.3 - - [14/Sep/2021:19:54:09 +0000] "GET /DOUBLEDOORHPSTEAMSTERILIZERHORIZONTAL.html HTTP/1.1" 200 62164 "-" "Mozilla/5.0 (Linux; Android 7.0;) AppleWebKit/537.36 (KHTML, like Gecko) Mobile Safari/537.36 (compatible; PetalBot;+https://webmaster.petalsearch.com/site/petalbot)"
54.36.148.228 - - [14/Sep/2021:19:55:10 +0000] "GET /robots.txt HTTP/1.1" 404 208 "-" "Mozilla/5.0 (compatible; AhrefsBot/7.0; +http://ahrefs.com/robot/)"
54.36.149.11 - - [14/Sep/2021:19:55:11 +0000] "GET / HTTP/1.1" 200 63934 "-" "Mozilla/5.0 (compatible; AhrefsBot/7.0; +http://ahrefs.com/robot/)"
114.119.133.245 - - [14/Sep/2021:20:02:24 +0000] "GET /enquiry.php?pname=WALK%20IN%20COLD%20CHAMBER/STI-199 HTTP/1.1" 301 284 "-" "Mozilla/5.0 (Linux; Android 7.0;) AppleWebKit/537.36 (KHTML, like Gecko) Mobile Safari/537.36 (compatible; PetalBot;+https://webmaster.petalsearch.com/site/petalbot)"
114.119.133.245 - - [14/Sep/2021:20:02:27 +0000] "GET /enquiry.php?pname=WALK%20IN%20COLD%20CHAMBER/STI-199 HTTP/1.1" 200 61706 "-" "Mozilla/5.0 (Linux; Android 7.0;) AppleWebKit/537.36 (KHTML, like Gecko) Mobile Safari/537.36 (compatible; PetalBot;+https://webmaster.petalsearch.com/site/petalbot)"
49.7.20.116 - - [14/Sep/2021:20:07:37 +0000] "GET / HTTP/1.1" 200 63934 "-" "Sogou web spider/4.0(+http://www.sogou.com/docs/help/webmasters.htm#07)"
114.119.137.38 - - [14/Sep/2021:20:10:02 +0000] "GET /all-products.php?maincategory=General%20Laboratory%20Equipments HTTP/1.1" 301 295 "-" "Mozilla/5.0 (Linux; Android 7.0;) AppleWebKit/537.36 (KHTML, like Gecko) Mobile Safari/537.36 (compatible; PetalBot;+https://webmaster.petalsearch.com/site/petalbot)"
114.119.137.38 - - [14/Sep/2021:20:10:04 +0000] "GET /all-products.php?maincategory=General%20Laboratory%20Equipments HTTP/1.1" 200 57565 "-" "Mozilla/5.0 (Linux; Android 7.0;) AppleWebKit/537.36 (KHTML, like Gecko) Mobile Safari/537.36 (compatible; PetalBot;+https://webmaster.petalsearch.com/site/petalbot)"
17.121.113.87 - - [14/Sep/2021:20:15:04 +0000] "GET /galleryimg/50aeb09c4467afc35eb1bf32d467f50f.jpg HTTP/1.1" 200 49352 "-" "Mozilla/5.0 (Macintosh; Intel Mac OS X 10_15_5) AppleWebKit/605.1.15 (KHTML, like Gecko) Version/13.1.1 Safari/605.1.15 (Applebot/0.1; +http://www.apple.com/go/applebot)"
18.116.86.117 - - [14/Sep/2021:20:18:23 +0000] "GET /.well-known/acme-challenge/YbN0pTIRWo6iMeBeWmSvbMyP3MmZqZSS96WJNmmlsNo HTTP/1.1" 404 268 "-" "Mozilla/5.0 (compatible; Let's Encrypt validation server; +https://www.letsencrypt.org)"
52.39.4.59 - - [14/Sep/2021:20:18:23 +0000] "GET /.well-known/acme-challenge/YbN0pTIRWo6iMeBeWmSvbMyP3MmZqZSS96WJNmmlsNo HTTP/1.1" 404 268 "-" "Mozilla/5.0 (compatible; Let's Encrypt validation server; +https://www.letsencrypt.org)"
18.159.196.172 - - [14/Sep/2021:20:18:23 +0000] "GET /.well-known/acme-challenge/YbN0pTIRWo6iMeBeWmSvbMyP3MmZqZSS96WJNmmlsNo HTTP/1.1" 404 268 "-" "Mozilla/5.0 (compatible; Let's Encrypt validation server; +https://www.letsencrypt.org)"
66.133.109.36 - - [14/Sep/2021:20:18:23 +0000] "GET /.well-known/acme-challenge/YbN0pTIRWo6iMeBeWmSvbMyP3MmZqZSS96WJNmmlsNo HTTP/1.1" 404 268 "-" "Mozilla/5.0 (compatible; Let's Encrypt validation server; +https://www.letsencrypt.org)"
5.255.253.170 - - [14/Sep/2021:20:31:46 +0000] "GET /TISSUEFLOTATIONBATH.html HTTP/1.1" 200 50815 "-" "Mozilla/5.0 (compatible; YandexBot/3.0; +http://yandex.com/bots)"
34.69.21.253 - - [14/Sep/2021:20:42:45 +0000] "GET /.env HTTP/1.1" 404 202 "-" "Mozilla/5.0 (X11; Linux x86_64) AppleWebKit/537.36 (KHTML, like Gecko) Chrome/81.0.4044.129 Safari/537.36"
34.69.21.253 - - [14/Sep/2021:20:42:47 +0000] "POST / HTTP/1.1" 200 63934 "-" "Mozilla/5.0 (X11; Linux x86_64) AppleWebKit/537.36 (KHTML, like Gecko) Chrome/81.0.4044.129 Safari/537.36"
66.249.79.236 - - [14/Sep/2021:20:46:15 +0000] "GET /robots.txt HTTP/1.1" 301 246 "-" "Mozilla/5.0 (compatible; Googlebot/2.1; +http://www.google.com/bot.html)"
66.249.79.248 - - [14/Sep/2021:20:46:16 +0000] "GET /robots.txt HTTP/1.1" 301 242 "-" "Mozilla/5.0 (compatible; Googlebot/2.1; +http://www.google.com/bot.html)"
66.249.79.159 - - [14/Sep/2021:20:46:17 +0000] "GET /robots.txt HTTP/1.1" 404 208 "-" "Mozilla/5.0 (compatible; Googlebot/2.1; +http://www.google.com/bot.html)"
66.249.79.240 - - [14/Sep/2021:20:46:17 +0000] "GET / HTTP/1.1" 301 236 "-" "Mozilla/5.0 (Linux; Android 6.0.1; Nexus 5X Build/MMB29P) AppleWebKit/537.36 (KHTML, like Gecko) Chrome/93.0.4577.83 Mobile Safari/537.36 (compatible; Googlebot/2.1; +http://www.google.com/bot.html)"
66.249.79.252 - - [14/Sep/2021:20:46:19 +0000] "GET / HTTP/1.1" 301 232 "-" "Mozilla/5.0 (Linux; Android 6.0.1; Nexus 5X Build/MMB29P) AppleWebKit/537.36 (KHTML, like Gecko) Chrome/93.0.4577.83 Mobile Safari/537.36 (compatible; Googlebot/2.1; +http://www.google.com/bot.html)"
66.249.79.158 - - [14/Sep/2021:20:58:27 +0000] "GET /WAGNERSSHAKINGMACHINE.html HTTP/1.1" 200 50501 "-" "Mozilla/5.0 (Linux; Android 6.0.1; Nexus 5X Build/MMB29P) AppleWebKit/537.36 (KHTML, like Gecko) Chrome/93.0.4577.83 Mobile Safari/537.36 (compatible; Googlebot/2.1; +http://www.google.com/bot.html)"
216.244.66.229 - - [14/Sep/2021:20:59:19 +0000] "GET /robots.txt HTTP/1.1" 301 242 "-" "Mozilla/5.0 (compatible; DotBot/1.2; +https://opensiteexplorer.org/dotbot; help@moz.com)"
216.244.66.229 - - [14/Sep/2021:20:59:20 +0000] "GET /robots.txt HTTP/1.1" 404 208 "-" "Mozilla/5.0 (compatible; DotBot/1.2; +https://opensiteexplorer.org/dotbot; help@moz.com)"
66.249.79.248 - - [14/Sep/2021:21:03:17 +0000] "GET /AUTOCLAVEVERTICALGMPMODEL.html HTTP/1.1" 301 262 "-" "Mozilla/5.0 (Linux; Android 6.0.1; Nexus 5X Build/MMB29P) AppleWebKit/537.36 (KHTML, like Gecko) Chrome/93.0.4577.83 Mobile Safari/537.36 (compatible; Googlebot/2.1; +http://www.google.com/bot.html)"
66.249.79.158 - - [14/Sep/2021:21:03:18 +0000] "GET /AUTOCLAVEVERTICALGMPMODEL.html HTTP/1.1" 200 64155 "-" "Mozilla/5.0 (Linux; Android 6.0.1; Nexus 5X Build/MMB29P) AppleWebKit/537.36 (KHTML, like Gecko) Chrome/93.0.4577.83 Mobile Safari/537.36 (compatible; Googlebot/2.1; +http://www.google.com/bot.html)"
216.244.66.229 - - [14/Sep/2021:21:05:04 +0000] "GET /enquiry.php?pname=DYNAMIC%20PASS%20BOX/%20STI-236%20B HTTP/1.1" 200 61705 "-" "Mozilla/5.0 (compatible; DotBot/1.2; +https://opensiteexplorer.org/dotbot; help@moz.com)"
114.119.137.238 - - [14/Sep/2021:21:11:55 +0000] "GET /certification.php HTTP/1.1" 200 47752 "-" "Mozilla/5.0 (Linux; Android 7.0;) AppleWebKit/537.36 (KHTML, like Gecko) Mobile Safari/537.36 (compatible; PetalBot;+https://webmaster.petalsearch.com/site/petalbot)"
49.7.20.116 - - [14/Sep/2021:21:18:05 +0000] "GET / HTTP/1.1" 200 63934 "-" "Sogou web spider/4.0(+http://www.sogou.com/docs/help/webmasters.htm#07)"
3.120.130.29 - - [14/Sep/2021:21:18:32 +0000] "GET /.well-known/acme-challenge/FohKr_8Ttfui6Om5H6hdzfEueEmXvAgtHFYU9otG9T0 HTTP/1.1" 404 268 "-" "Mozilla/5.0 (compatible; Let's Encrypt validation server; +https://www.letsencrypt.org)"
34.219.87.132 - - [14/Sep/2021:21:18:32 +0000] "GET /.well-known/acme-challenge/FohKr_8Ttfui6Om5H6hdzfEueEmXvAgtHFYU9otG9T0 HTTP/1.1" 404 268 "-" "Mozilla/5.0 (compatible; Let's Encrypt validation server; +https://www.letsencrypt.org)"
3.142.122.14 - - [14/Sep/2021:21:18:32 +0000] "GET /.well-known/acme-challenge/FohKr_8Ttfui6Om5H6hdzfEueEmXvAgtHFYU9otG9T0 HTTP/1.1" 404 268 "-" "Mozilla/5.0 (compatible; Let's Encrypt validation server; +https://www.letsencrypt.org)"
64.78.149.164 - - [14/Sep/2021:21:18:32 +0000] "GET /.well-known/acme-challenge/FohKr_8Ttfui6Om5H6hdzfEueEmXvAgtHFYU9otG9T0 HTTP/1.1" 404 268 "-" "Mozilla/5.0 (compatible; Let's Encrypt validation server; +https://www.letsencrypt.org)"
