18.116.86.117 - - [13/Sep/2021:20:18:57 +0000] "GET /.well-known/acme-challenge/AohZI3CQuzG_K9OTV6vf-uNQPXjsCuiAKLsM_gEanvA HTTP/1.1" 404 268 "-" "Mozilla/5.0 (compatible; Let's Encrypt validation server; +https://www.letsencrypt.org)"
66.133.109.36 - - [13/Sep/2021:20:18:57 +0000] "GET /.well-known/acme-challenge/AohZI3CQuzG_K9OTV6vf-uNQPXjsCuiAKLsM_gEanvA HTTP/1.1" 404 268 "-" "Mozilla/5.0 (compatible; Let's Encrypt validation server; +https://www.letsencrypt.org)"
52.39.4.59 - - [13/Sep/2021:20:18:57 +0000] "GET /.well-known/acme-challenge/AohZI3CQuzG_K9OTV6vf-uNQPXjsCuiAKLsM_gEanvA HTTP/1.1" 404 268 "-" "Mozilla/5.0 (compatible; Let's Encrypt validation server; +https://www.letsencrypt.org)"
144.86.173.131 - - [13/Sep/2021:20:20:45 +0000] "GET / HTTP/1.1" 200 63934 "-" "Expanse, a Palo Alto Networks company, searches across the global IPv4 space multiple times per day to identify customers' presences on the Internet. If you would like to be excluded from our scans, please send IP addresses/domains to: scaninfo@paloaltonetworks.com"
66.249.79.159 - - [13/Sep/2021:20:36:55 +0000] "GET /robots.txt HTTP/1.1" 404 208 "-" "Mozilla/5.0 (compatible; Googlebot/2.1; +http://www.google.com/bot.html)"
66.249.79.159 - - [13/Sep/2021:20:36:56 +0000] "GET /MASHINGBATH.html HTTP/1.1" 200 51710 "-" "Mozilla/5.0 (Linux; Android 6.0.1; Nexus 5X Build/MMB29P) AppleWebKit/537.36 (KHTML, like Gecko) Chrome/92.0.4515.119 Mobile Safari/537.36 (compatible; Googlebot/2.1; +http://www.google.com/bot.html)"
114.119.158.189 - - [13/Sep/2021:20:40:21 +0000] "GET /robots.txt HTTP/1.1" 301 242 "-" "Mozilla/5.0 (compatible;PetalBot;+https://webmaster.petalsearch.com/site/petalbot)"
114.119.158.189 - - [13/Sep/2021:20:40:22 +0000] "GET /robots.txt HTTP/1.1" 404 208 "-" "Mozilla/5.0 (compatible;PetalBot;+https://webmaster.petalsearch.com/site/petalbot)"
66.249.79.128 - - [13/Sep/2021:20:41:47 +0000] "GET /menucss/menu.css HTTP/1.1" 404 214 "https://scienocraft.com/MASHINGBATH.html" "Mozilla/5.0 (Linux; Android 6.0.1; Nexus 5X Build/MMB29P) AppleWebKit/537.36 (KHTML, like Gecko) Chrome/92.0.4515.119 Mobile Safari/537.36 (compatible; Googlebot/2.1; +http://www.google.com/bot.html)"
77.75.76.170 - - [13/Sep/2021:21:07:00 +0000] "GET /robots.txt HTTP/1.1" 404 208 "-" "Mozilla/5.0 (compatible; SeznamBot/3.2; +http://napoveda.seznam.cz/en/seznambot-intro/)"
77.75.76.170 - - [13/Sep/2021:21:07:03 +0000] "GET /CEMENTAUTOCLAVE.html HTTP/1.1" 200 51540 "-" "Mozilla/5.0 (compatible; SeznamBot/3.2; +http://napoveda.seznam.cz/en/seznambot-intro/)"
18.159.196.172 - - [13/Sep/2021:21:18:41 +0000] "GET /.well-known/acme-challenge/jyBkCDKXZGtQIhmfJaOLS7kLnCKMES1d6Wonnuo947s HTTP/1.1" 404 268 "-" "Mozilla/5.0 (compatible; Let's Encrypt validation server; +https://www.letsencrypt.org)"
3.19.56.43 - - [13/Sep/2021:21:18:41 +0000] "GET /.well-known/acme-challenge/jyBkCDKXZGtQIhmfJaOLS7kLnCKMES1d6Wonnuo947s HTTP/1.1" 404 268 "-" "Mozilla/5.0 (compatible; Let's Encrypt validation server; +https://www.letsencrypt.org)"
52.39.4.59 - - [13/Sep/2021:21:18:41 +0000] "GET /.well-known/acme-challenge/jyBkCDKXZGtQIhmfJaOLS7kLnCKMES1d6Wonnuo947s HTTP/1.1" 404 268 "-" "Mozilla/5.0 (compatible; Let's Encrypt validation server; +https://www.letsencrypt.org)"
66.133.109.36 - - [13/Sep/2021:21:18:42 +0000] "GET /.well-known/acme-challenge/jyBkCDKXZGtQIhmfJaOLS7kLnCKMES1d6Wonnuo947s HTTP/1.1" 404 268 "-" "Mozilla/5.0 (compatible; Let's Encrypt validation server; +https://www.letsencrypt.org)"
114.119.137.31 - - [13/Sep/2021:21:19:37 +0000] "GET /enquiry.php?pname=INSPISATOR%20BATH/STI-141 HTTP/1.1" 301 275 "-" "Mozilla/5.0 (Linux; Android 7.0;) AppleWebKit/537.36 (KHTML, like Gecko) Mobile Safari/537.36 (compatible; PetalBot;+https://webmaster.petalsearch.com/site/petalbot)"
114.119.137.31 - - [13/Sep/2021:21:19:37 +0000] "GET /enquiry.php?pname=INSPISATOR%20BATH/STI-141 HTTP/1.1" 200 61701 "-" "Mozilla/5.0 (Linux; Android 7.0;) AppleWebKit/537.36 (KHTML, like Gecko) Mobile Safari/537.36 (compatible; PetalBot;+https://webmaster.petalsearch.com/site/petalbot)"
114.119.137.252 - - [13/Sep/2021:21:29:51 +0000] "GET /BENCHAUTOCLAVEPORTABLEAUTOMATIC.html HTTP/1.1" 301 268 "-" "Mozilla/5.0 (Linux; Android 7.0;) AppleWebKit/537.36 (KHTML, like Gecko) Mobile Safari/537.36 (compatible; PetalBot;+https://webmaster.petalsearch.com/site/petalbot)"
114.119.137.252 - - [13/Sep/2021:21:29:52 +0000] "GET /BENCHAUTOCLAVEPORTABLEAUTOMATIC.html HTTP/1.1" 200 52024 "-" "Mozilla/5.0 (Linux; Android 7.0;) AppleWebKit/537.36 (KHTML, like Gecko) Mobile Safari/537.36 (compatible; PetalBot;+https://webmaster.petalsearch.com/site/petalbot)"
114.119.148.242 - - [13/Sep/2021:21:41:41 +0000] "GET /robots.txt HTTP/1.1" 404 208 "-" "Mozilla/5.0 (compatible;PetalBot;+https://webmaster.petalsearch.com/site/petalbot)"
77.88.5.83 - - [13/Sep/2021:21:55:30 +0000] "GET /ULTRALOWTEMPERATURECHAMBERMINUS80DEGC.html HTTP/1.1" 200 60369 "-" "Mozilla/5.0 (compatible; YandexBot/3.0; +http://yandex.com/bots)"
54.36.148.162 - - [13/Sep/2021:22:02:11 +0000] "GET / HTTP/1.1" 200 63934 "-" "Mozilla/5.0 (compatible; AhrefsBot/7.0; +http://ahrefs.com/robot/)"
72.14.199.252 - - [13/Sep/2021:22:02:47 +0000] "GET /apple-app-site-association HTTP/1.1" 301 258 "-" "AdsBot-Google (+http://www.google.com/adsbot.html)"
72.14.199.94 - - [13/Sep/2021:22:02:51 +0000] "GET /apple-app-site-association HTTP/1.1" 200 46411 "-" "AdsBot-Google (+http://www.google.com/adsbot.html)"
77.75.77.32 - - [13/Sep/2021:22:09:18 +0000] "GET /robots.txt HTTP/1.1" 404 208 "-" "Mozilla/5.0 (compatible; SeznamBot/3.2; +http://napoveda.seznam.cz/en/seznambot-intro/)"
77.75.77.32 - - [13/Sep/2021:22:09:20 +0000] "GET /HPAUTOCLAVEVERTICALTRIPLEWALLSEMIAUTO.html HTTP/1.1" 200 59775 "-" "Mozilla/5.0 (compatible; SeznamBot/3.2; +http://napoveda.seznam.cz/en/seznambot-intro/)"
77.75.77.32 - - [13/Sep/2021:22:09:23 +0000] "GET /VACUUMOVENCYLINDERICAL.html HTTP/1.1" 200 57397 "-" "Mozilla/5.0 (compatible; SeznamBot/3.2; +http://napoveda.seznam.cz/en/seznambot-intro/)"
72.14.199.250 - - [13/Sep/2021:22:14:52 +0000] "GET /.well-known/apple-app-site-association HTTP/1.1" 301 270 "-" "AdsBot-Google (+http://www.google.com/adsbot.html)"
72.14.199.94 - - [13/Sep/2021:22:14:53 +0000] "GET /.well-known/apple-app-site-association HTTP/1.1" 404 236 "-" "AdsBot-Google (+http://www.google.com/adsbot.html)"
18.192.36.99 - - [13/Sep/2021:22:18:30 +0000] "GET /.well-known/acme-challenge/5_81ZYDm0TApuXqjtDa9DcR44-ZHReSErC6n8t7_4l8 HTTP/1.1" 404 268 "-" "Mozilla/5.0 (compatible; Let's Encrypt validation server; +https://www.letsencrypt.org)"
34.221.255.206 - - [13/Sep/2021:22:18:30 +0000] "GET /.well-known/acme-challenge/5_81ZYDm0TApuXqjtDa9DcR44-ZHReSErC6n8t7_4l8 HTTP/1.1" 404 268 "-" "Mozilla/5.0 (compatible; Let's Encrypt validation server; +https://www.letsencrypt.org)"
18.116.86.117 - - [13/Sep/2021:22:18:30 +0000] "GET /.well-known/acme-challenge/5_81ZYDm0TApuXqjtDa9DcR44-ZHReSErC6n8t7_4l8 HTTP/1.1" 404 268 "-" "Mozilla/5.0 (compatible; Let's Encrypt validation server; +https://www.letsencrypt.org)"
66.133.109.36 - - [13/Sep/2021:22:18:30 +0000] "GET /.well-known/acme-challenge/5_81ZYDm0TApuXqjtDa9DcR44-ZHReSErC6n8t7_4l8 HTTP/1.1" 404 268 "-" "Mozilla/5.0 (compatible; Let's Encrypt validation server; +https://www.letsencrypt.org)"
114.119.137.249 - - [13/Sep/2021:22:21:53 +0000] "GET /enquiry.php?pname=UNIVERSAL%20SHAKING%20MACHINE%20(MULTIPURPOSE)/STI-364 HTTP/1.1" 200 61726 "-" "Mozilla/5.0 (Linux; Android 7.0;) AppleWebKit/537.36 (KHTML, like Gecko) Mobile Safari/537.36 (compatible; PetalBot;+https://webmaster.petalsearch.com/site/petalbot)"
114.119.137.45 - - [13/Sep/2021:22:48:10 +0000] "GET /enquiry.php?pname=EGG%20INCUBATOR%20Or%20POULTRY%20INCUBATOR/ HTTP/1.1" 301 293 "-" "Mozilla/5.0 (Linux; Android 7.0;) AppleWebKit/537.36 (KHTML, like Gecko) Mobile Safari/537.36 (compatible; PetalBot;+https://webmaster.petalsearch.com/site/petalbot)"
114.119.137.45 - - [13/Sep/2021:22:48:10 +0000] "GET /enquiry.php?pname=EGG%20INCUBATOR%20Or%20POULTRY%20INCUBATOR/ HTTP/1.1" 200 61713 "-" "Mozilla/5.0 (Linux; Android 7.0;) AppleWebKit/537.36 (KHTML, like Gecko) Mobile Safari/537.36 (compatible; PetalBot;+https://webmaster.petalsearch.com/site/petalbot)"
114.119.137.43 - - [13/Sep/2021:23:00:36 +0000] "GET /enquiry.php?pname=WATER%20BATH%20HIGH%20PRECISION/STI-136 HTTP/1.1" 301 289 "-" "Mozilla/5.0 (Linux; Android 7.0;) AppleWebKit/537.36 (KHTML, like Gecko) Mobile Safari/537.36 (compatible; PetalBot;+https://webmaster.petalsearch.com/site/petalbot)"
114.119.137.43 - - [13/Sep/2021:23:00:36 +0000] "GET /enquiry.php?pname=WATER%20BATH%20HIGH%20PRECISION/STI-136 HTTP/1.1" 200 61711 "-" "Mozilla/5.0 (Linux; Android 7.0;) AppleWebKit/537.36 (KHTML, like Gecko) Mobile Safari/537.36 (compatible; PetalBot;+https://webmaster.petalsearch.com/site/petalbot)"
77.75.78.163 - - [13/Sep/2021:23:00:58 +0000] "GET /robots.txt HTTP/1.1" 404 208 "-" "Mozilla/5.0 (compatible; SeznamBot/3.2; +http://napoveda.seznam.cz/en/seznambot-intro/)"
77.75.78.163 - - [13/Sep/2021:23:01:00 +0000] "GET /ULTRASONICBATHSONICATOR.html HTTP/1.1" 200 54898 "-" "Mozilla/5.0 (compatible; SeznamBot/3.2; +http://napoveda.seznam.cz/en/seznambot-intro/)"
114.119.137.38 - - [13/Sep/2021:23:06:28 +0000] "GET /STABILITYCHAMBER.html HTTP/1.1" 301 253 "-" "Mozilla/5.0 (Linux; Android 7.0;) AppleWebKit/537.36 (KHTML, like Gecko) Mobile Safari/537.36 (compatible; PetalBot;+https://webmaster.petalsearch.com/site/petalbot)"
114.119.137.38 - - [13/Sep/2021:23:06:28 +0000] "GET /STABILITYCHAMBER.html HTTP/1.1" 200 59642 "-" "Mozilla/5.0 (Linux; Android 7.0;) AppleWebKit/537.36 (KHTML, like Gecko) Mobile Safari/537.36 (compatible; PetalBot;+https://webmaster.petalsearch.com/site/petalbot)"
3.120.130.29 - - [13/Sep/2021:23:18:24 +0000] "GET /.well-known/acme-challenge/xbtdafeErLkuzmxpAUBeRHD7hZtYNP8eU4BGxu0-AHw HTTP/1.1" 404 268 "-" "Mozilla/5.0 (compatible; Let's Encrypt validation server; +https://www.letsencrypt.org)"
3.19.56.43 - - [13/Sep/2021:23:18:24 +0000] "GET /.well-known/acme-challenge/xbtdafeErLkuzmxpAUBeRHD7hZtYNP8eU4BGxu0-AHw HTTP/1.1" 404 268 "-" "Mozilla/5.0 (compatible; Let's Encrypt validation server; +https://www.letsencrypt.org)"
34.221.255.206 - - [13/Sep/2021:23:18:24 +0000] "GET /.well-known/acme-challenge/xbtdafeErLkuzmxpAUBeRHD7hZtYNP8eU4BGxu0-AHw HTTP/1.1" 404 268 "-" "Mozilla/5.0 (compatible; Let's Encrypt validation server; +https://www.letsencrypt.org)"
66.133.109.36 - - [13/Sep/2021:23:18:24 +0000] "GET /.well-known/acme-challenge/xbtdafeErLkuzmxpAUBeRHD7hZtYNP8eU4BGxu0-AHw HTTP/1.1" 404 268 "-" "Mozilla/5.0 (compatible; Let's Encrypt validation server; +https://www.letsencrypt.org)"
72.14.199.65 - - [13/Sep/2021:23:28:06 +0000] "GET /menu/css/skins/red.css HTTP/1.1" 200 3318 "https://scienocraft.com/apple-app-site-association" "AdsBot-Google (+http://www.google.com/adsbot.html)"
72.14.199.65 - - [13/Sep/2021:23:28:07 +0000] "GET /menu/css/dcmegamenu.css HTTP/1.1" 200 2350 "https://scienocraft.com/apple-app-site-association" "AdsBot-Google (+http://www.google.com/adsbot.html)"
72.14.199.65 - - [13/Sep/2021:23:28:08 +0000] "GET /style.css HTTP/1.1" 200 10311 "https://scienocraft.com/apple-app-site-association" "AdsBot-Google (+http://www.google.com/adsbot.html)"
72.14.199.95 - - [13/Sep/2021:23:28:09 +0000] "GET /menucss/menu.css HTTP/1.1" 404 214 "https://scienocraft.com/apple-app-site-association" "AdsBot-Google (+http://www.google.com/adsbot.html)"
72.14.199.94 - - [13/Sep/2021:23:28:11 +0000] "GET /menu/js/jquery.dcmegamenu.1.2.js HTTP/1.1" 200 4832 "https://scienocraft.com/apple-app-site-association" "AdsBot-Google (+http://www.google.com/adsbot.html)"
72.14.199.94 - - [13/Sep/2021:23:28:15 +0000] "GET /menu/js/jquery.hoverIntent.minified.js HTTP/1.1" 200 1606 "https://scienocraft.com/apple-app-site-association" "AdsBot-Google (+http://www.google.com/adsbot.html)"
72.14.199.94 - - [13/Sep/2021:23:28:22 +0000] "GET /menu/css/skins/white.css HTTP/1.1" 200 3337 "https://scienocraft.com/apple-app-site-association" "AdsBot-Google (+http://www.google.com/adsbot.html)"
114.119.137.45 - - [13/Sep/2021:23:36:34 +0000] "GET /enquiry.php?pname=VACUUM%20CUM%20PRESSURE%20PUMP%20(MONO%20BLOCK)/STI-410 HTTP/1.1" 200 61723 "-" "Mozilla/5.0 (Linux; Android 7.0;) AppleWebKit/537.36 (KHTML, like Gecko) Mobile Safari/537.36 (compatible; PetalBot;+https://webmaster.petalsearch.com/site/petalbot)"
114.119.137.249 - - [13/Sep/2021:23:51:03 +0000] "GET /enquiry.php?pname=MORTUARY%20CABINET/STI-185 HTTP/1.1" 301 276 "-" "Mozilla/5.0 (Linux; Android 7.0;) AppleWebKit/537.36 (KHTML, like Gecko) Mobile Safari/537.36 (compatible; PetalBot;+https://webmaster.petalsearch.com/site/petalbot)"
114.119.137.249 - - [13/Sep/2021:23:51:04 +0000] "GET /enquiry.php?pname=MORTUARY%20CABINET/STI-185 HTTP/1.1" 200 61702 "-" "Mozilla/5.0 (Linux; Android 7.0;) AppleWebKit/537.36 (KHTML, like Gecko) Mobile Safari/537.36 (compatible; PetalBot;+https://webmaster.petalsearch.com/site/petalbot)"
114.119.137.31 - - [13/Sep/2021:23:56:46 +0000] "GET /enquiry.php?pname=HOT%20AIR%20OVEN/STI-275%20STI-277 HTTP/1.1" 200 61706 "-" "Mozilla/5.0 (Linux; Android 7.0;) AppleWebKit/537.36 (KHTML, like Gecko) Mobile Safari/537.36 (compatible; PetalBot;+https://webmaster.petalsearch.com/site/petalbot)"
114.119.137.31 - - [14/Sep/2021:00:13:32 +0000] "GET /FREEZEDRYER.html HTTP/1.1" 301 248 "-" "Mozilla/5.0 (Linux; Android 7.0;) AppleWebKit/537.36 (KHTML, like Gecko) Mobile Safari/537.36 (compatible; PetalBot;+https://webmaster.petalsearch.com/site/petalbot)"
114.119.137.31 - - [14/Sep/2021:00:13:33 +0000] "GET /FREEZEDRYER.html HTTP/1.1" 200 59134 "-" "Mozilla/5.0 (Linux; Android 7.0;) AppleWebKit/537.36 (KHTML, like Gecko) Mobile Safari/537.36 (compatible; PetalBot;+https://webmaster.petalsearch.com/site/petalbot)"
54.36.148.63 - - [14/Sep/2021:00:15:52 +0000] "GET /BLOODBANKREFRIGERATOR.html HTTP/1.1" 200 60076 "-" "Mozilla/5.0 (compatible; AhrefsBot/7.0; +http://ahrefs.com/robot/)"
18.192.36.99 - - [14/Sep/2021:00:18:37 +0000] "GET /.well-known/acme-challenge/tDqBOpAOykR4zLmDsBSXsACGRpzXIRMEFtsRuJ99_DM HTTP/1.1" 404 268 "-" "Mozilla/5.0 (compatible; Let's Encrypt validation server; +https://www.letsencrypt.org)"
3.142.122.14 - - [14/Sep/2021:00:18:37 +0000] "GET /.well-known/acme-challenge/tDqBOpAOykR4zLmDsBSXsACGRpzXIRMEFtsRuJ99_DM HTTP/1.1" 404 268 "-" "Mozilla/5.0 (compatible; Let's Encrypt validation server; +https://www.letsencrypt.org)"
64.78.149.164 - - [14/Sep/2021:00:18:37 +0000] "GET /.well-known/acme-challenge/tDqBOpAOykR4zLmDsBSXsACGRpzXIRMEFtsRuJ99_DM HTTP/1.1" 404 268 "-" "Mozilla/5.0 (compatible; Let's Encrypt validation server; +https://www.letsencrypt.org)"
34.219.87.132 - - [14/Sep/2021:00:18:37 +0000] "GET /.well-known/acme-challenge/tDqBOpAOykR4zLmDsBSXsACGRpzXIRMEFtsRuJ99_DM HTTP/1.1" 404 268 "-" "Mozilla/5.0 (compatible; Let's Encrypt validation server; +https://www.letsencrypt.org)"
114.119.137.38 - - [14/Sep/2021:00:27:16 +0000] "GET /enquiry.php?pname=BENCH%20AUTOCLAVE%20PORTABLE%20AUTOMATIC%20/STI-113 HTTP/1.1" 301 301 "-" "Mozilla/5.0 (Linux; Android 7.0;) AppleWebKit/537.36 (KHTML, like Gecko) Mobile Safari/537.36 (compatible; PetalBot;+https://webmaster.petalsearch.com/site/petalbot)"
114.119.137.38 - - [14/Sep/2021:00:27:16 +0000] "GET /enquiry.php?pname=BENCH%20AUTOCLAVE%20PORTABLE%20AUTOMATIC%20/STI-113 HTTP/1.1" 200 61721 "-" "Mozilla/5.0 (Linux; Android 7.0;) AppleWebKit/537.36 (KHTML, like Gecko) Mobile Safari/537.36 (compatible; PetalBot;+https://webmaster.petalsearch.com/site/petalbot)"
45.138.145.136 - - [14/Sep/2021:00:27:47 +0000] "GET /ThankYou/ HTTP/1.0" 301 241 "http://scienocraft.com/ThankYou/" "Mozilla/5.0 (Windows NT 10.0) AppleWebKit/537.36 (KHTML, like Gecko) Chrome/90.0.4430.85 Safari/537.36 Edg/90.0.818.46"
45.138.145.136 - - [14/Sep/2021:00:27:48 +0000] "GET /ThankYou/ HTTP/1.0" 404 207 "https://scienocraft.com/ThankYou/" "Mozilla/5.0 (Windows NT 10.0) AppleWebKit/537.36 (KHTML, like Gecko) Chrome/90.0.4430.85 Safari/537.36 Edg/90.0.818.46"
45.138.145.136 - - [14/Sep/2021:00:27:49 +0000] "GET / HTTP/1.0" 200 63934 "https://scienocraft.com/" "Mozilla/5.0 (Windows NT 10.0) AppleWebKit/537.36 (KHTML, like Gecko) Chrome/90.0.4430.85 Safari/537.36 Edg/90.0.818.46"
66.249.79.159 - - [14/Sep/2021:00:29:30 +0000] "GET / HTTP/1.1" 200 63934 "-" "Mozilla/5.0 (Linux; Android 6.0.1; Nexus 5X Build/MMB29P) AppleWebKit/537.36 (KHTML, like Gecko) Chrome/93.0.4577.82 Mobile Safari/537.36 (compatible; Googlebot/2.1; +http://www.google.com/bot.html)"
66.249.79.159 - - [14/Sep/2021:00:30:00 +0000] "GET /slideshow/css/chopslider.css HTTP/1.1" 200 3425 "https://scienocraft.com/" "Mozilla/5.0 (Linux; Android 6.0.1; Nexus 5X Build/MMB29P) AppleWebKit/537.36 (KHTML, like Gecko) Chrome/92.0.4515.119 Mobile Safari/537.36 (compatible; Googlebot/2.1; +http://www.google.com/bot.html)"
77.75.76.161 - - [14/Sep/2021:00:40:31 +0000] "GET /robots.txt HTTP/1.1" 404 208 "-" "Mozilla/5.0 (compatible; SeznamBot/3.2; +http://napoveda.seznam.cz/en/seznambot-intro/)"
77.75.76.161 - - [14/Sep/2021:00:40:33 +0000] "GET /WRISTACTIONSHAKER.html HTTP/1.1" 200 50761 "-" "Mozilla/5.0 (compatible; SeznamBot/3.2; +http://napoveda.seznam.cz/en/seznambot-intro/)"
114.119.137.38 - - [14/Sep/2021:00:49:50 +0000] "GET /enquiry.php?pname=LAMINAR%20FLOW%20BENCH%20HORIZONTAL/STI-231%20A HTTP/1.1" 301 297 "-" "Mozilla/5.0 (Linux; Android 7.0;) AppleWebKit/537.36 (KHTML, like Gecko) Mobile Safari/537.36 (compatible; PetalBot;+https://webmaster.petalsearch.com/site/petalbot)"
114.119.137.38 - - [14/Sep/2021:00:49:51 +0000] "GET /enquiry.php?pname=LAMINAR%20FLOW%20BENCH%20HORIZONTAL/STI-231%20A HTTP/1.1" 200 61717 "-" "Mozilla/5.0 (Linux; Android 7.0;) AppleWebKit/537.36 (KHTML, like Gecko) Mobile Safari/537.36 (compatible; PetalBot;+https://webmaster.petalsearch.com/site/petalbot)"
207.46.13.168 - - [14/Sep/2021:00:56:04 +0000] "GET /LAMINARVERTICALMICROCONTROLLERLCDDISPLAY.html HTTP/1.1" 301 281 "-" "Mozilla/5.0 (compatible; bingbot/2.0; +http://www.bing.com/bingbot.htm)"
114.119.137.43 - - [14/Sep/2021:00:56:56 +0000] "GET /enquiry.php?pname=MAGNETIC%20STIRRER/STI-312%20A HTTP/1.1" 200 61704 "-" "Mozilla/5.0 (Linux; Android 7.0;) AppleWebKit/537.36 (KHTML, like Gecko) Mobile Safari/537.36 (compatible; PetalBot;+https://webmaster.petalsearch.com/site/petalbot)"
114.119.137.252 - - [14/Sep/2021:01:04:05 +0000] "GET /enquiry.php?pname=SALT%20SPRAY%20CHAMBER/STI-194 HTTP/1.1" 200 61704 "-" "Mozilla/5.0 (Linux; Android 7.0;) AppleWebKit/537.36 (KHTML, like Gecko) Mobile Safari/537.36 (compatible; PetalBot;+https://webmaster.petalsearch.com/site/petalbot)"
92.38.136.69 - - [14/Sep/2021:01:09:30 +0000] "GET /ThankYou/ HTTP/1.0" 301 241 "http://scienocraft.com/ThankYou/" "Mozilla/5.0 (Windows NT 10.0; ) AppleWebKit/537.36 (KHTML, like Gecko) Chrome/83.0.4103.34 Safari/537.36 Edg/83.0.478.25"
92.38.136.69 - - [14/Sep/2021:01:09:31 +0000] "GET /ThankYou/ HTTP/1.0" 404 207 "https://scienocraft.com/ThankYou/" "Mozilla/5.0 (Windows NT 10.0; ) AppleWebKit/537.36 (KHTML, like Gecko) Chrome/83.0.4103.34 Safari/537.36 Edg/83.0.478.25"
92.38.136.69 - - [14/Sep/2021:01:09:32 +0000] "GET / HTTP/1.0" 200 63934 "https://scienocraft.com/" "Mozilla/5.0 (Windows NT 10.0; ) AppleWebKit/537.36 (KHTML, like Gecko) Chrome/83.0.4103.34 Safari/537.36 Edg/83.0.478.25"
92.38.136.69 - - [14/Sep/2021:01:09:34 +0000] "GET /ContactUs HTTP/1.0" 301 241 "https://www.scienocraft.com/ContactUs" "Mozilla/5.0 (Windows NT 10.0; ) AppleWebKit/537.36 (KHTML, like Gecko) Chrome/83.0.4103.34 Safari/537.36 Edg/83.0.478.25"
92.38.136.69 - - [14/Sep/2021:01:09:35 +0000] "GET /ContactUs HTTP/1.0" 200 49509 "https://scienocraft.com/ContactUs" "Mozilla/5.0 (Windows NT 10.0; ) AppleWebKit/537.36 (KHTML, like Gecko) Chrome/83.0.4103.34 Safari/537.36 Edg/83.0.478.25"
114.119.137.31 - - [14/Sep/2021:01:11:14 +0000] "GET /enquiry.php?pname=HIGH%20LOW%20THERMAL%20CHAMBER%20WITH%20HUMIDITY%20ARRANGEMENT/STI-197%20C HTTP/1.1" 200 61738 "-" "Mozilla/5.0 (Linux; Android 7.0;) AppleWebKit/537.36 (KHTML, like Gecko) Mobile Safari/537.36 (compatible; PetalBot;+https://webmaster.petalsearch.com/site/petalbot)"
37.0.10.46 - - [14/Sep/2021:01:17:37 +0000] "GET /wp-admin/css/ HTTP/1.1" 301 245 "binance.com" "Mozilla/5.0 (Windows NT 10.0; Win64; x64) AppleWebKit/537.36 (KHTML, like Gecko) Chrome/90.0.4430.85 Safari/537.36"
37.0.10.46 - - [14/Sep/2021:01:17:43 +0000] "GET /wp-admin/css/ HTTP/1.1" 404 211 "binance.com" "Mozilla/5.0 (Windows NT 10.0; Win64; x64) AppleWebKit/537.36 (KHTML, like Gecko) Chrome/90.0.4430.85 Safari/537.36"
37.0.10.46 - - [14/Sep/2021:01:17:48 +0000] "GET /.well-known/ HTTP/1.1" 301 244 "binance.com" "Mozilla/5.0 (Windows NT 10.0; Win64; x64) AppleWebKit/537.36 (KHTML, like Gecko) Chrome/90.0.4430.85 Safari/537.36"
37.0.10.46 - - [14/Sep/2021:01:17:53 +0000] "GET /.well-known/ HTTP/1.1" 404 210 "binance.com" "Mozilla/5.0 (Windows NT 10.0; Win64; x64) AppleWebKit/537.36 (KHTML, like Gecko) Chrome/90.0.4430.85 Safari/537.36"
37.0.10.46 - - [14/Sep/2021:01:18:02 +0000] "GET /sites/default/files/ HTTP/1.1" 301 252 "binance.com" "Mozilla/5.0 (Windows NT 10.0; Win64; x64) AppleWebKit/537.36 (KHTML, like Gecko) Chrome/90.0.4430.85 Safari/537.36"
37.0.10.46 - - [14/Sep/2021:01:18:07 +0000] "GET /sites/default/files/ HTTP/1.1" 404 218 "binance.com" "Mozilla/5.0 (Windows NT 10.0; Win64; x64) AppleWebKit/537.36 (KHTML, like Gecko) Chrome/90.0.4430.85 Safari/537.36"
37.0.10.46 - - [14/Sep/2021:01:18:11 +0000] "GET /admin/controller/extension/extension/ HTTP/1.1" 301 269 "binance.com" "Mozilla/5.0 (Windows NT 10.0; Win64; x64) AppleWebKit/537.36 (KHTML, like Gecko) Chrome/90.0.4430.85 Safari/537.36"
37.0.10.46 - - [14/Sep/2021:01:18:15 +0000] "GET /admin/controller/extension/extension/ HTTP/1.1" 404 235 "binance.com" "Mozilla/5.0 (Windows NT 10.0; Win64; x64) AppleWebKit/537.36 (KHTML, like Gecko) Chrome/90.0.4430.85 Safari/537.36"
37.0.10.46 - - [14/Sep/2021:01:18:19 +0000] "GET /uploads/ HTTP/1.1" 301 240 "binance.com" "Mozilla/5.0 (Windows NT 10.0; Win64; x64) AppleWebKit/537.36 (KHTML, like Gecko) Chrome/90.0.4430.85 Safari/537.36"
37.0.10.46 - - [14/Sep/2021:01:18:22 +0000] "GET /uploads/ HTTP/1.1" 404 206 "binance.com" "Mozilla/5.0 (Windows NT 10.0; Win64; x64) AppleWebKit/537.36 (KHTML, like Gecko) Chrome/90.0.4430.85 Safari/537.36"
37.0.10.46 - - [14/Sep/2021:01:18:24 +0000] "GET /images/ HTTP/1.1" 301 239 "binance.com" "Mozilla/5.0 (Windows NT 10.0; Win64; x64) AppleWebKit/537.36 (KHTML, like Gecko) Chrome/90.0.4430.85 Safari/537.36"
37.0.10.46 - - [14/Sep/2021:01:18:26 +0000] "GET /images/ HTTP/1.1" 403 216 "binance.com" "Mozilla/5.0 (Windows NT 10.0; Win64; x64) AppleWebKit/537.36 (KHTML, like Gecko) Chrome/90.0.4430.85 Safari/537.36"
18.192.36.99 - - [14/Sep/2021:01:18:29 +0000] "GET /.well-known/acme-challenge/Mi1CwbqcAOMaUr-aSsrnrZrhFMFvK0aw1qBD0TcSa8c HTTP/1.1" 404 268 "-" "Mozilla/5.0 (compatible; Let's Encrypt validation server; +https://www.letsencrypt.org)"
18.116.86.117 - - [14/Sep/2021:01:18:29 +0000] "GET /.well-known/acme-challenge/Mi1CwbqcAOMaUr-aSsrnrZrhFMFvK0aw1qBD0TcSa8c HTTP/1.1" 404 268 "-" "Mozilla/5.0 (compatible; Let's Encrypt validation server; +https://www.letsencrypt.org)"
34.221.255.206 - - [14/Sep/2021:01:18:29 +0000] "GET /.well-known/acme-challenge/Mi1CwbqcAOMaUr-aSsrnrZrhFMFvK0aw1qBD0TcSa8c HTTP/1.1" 404 268 "-" "Mozilla/5.0 (compatible; Let's Encrypt validation server; +https://www.letsencrypt.org)"
66.133.109.36 - - [14/Sep/2021:01:18:31 +0000] "GET /.well-known/acme-challenge/Mi1CwbqcAOMaUr-aSsrnrZrhFMFvK0aw1qBD0TcSa8c HTTP/1.1" 404 268 "-" "Mozilla/5.0 (compatible; Let's Encrypt validation server; +https://www.letsencrypt.org)"
54.212.153.15 - - [14/Sep/2021:01:18:39 +0000] "GET / HTTP/1.1" 301 232 "-" "Mozilla/5.0 (Windows NT 10.0; Win64; x64)AppleWebKit/537.36 (KHTML, like Gecko) Chrome/66.0.3359.181 Safari/537.36"
54.212.153.15 - - [14/Sep/2021:01:18:40 +0000] "GET / HTTP/1.1" 200 63934 "-" "Mozilla/5.0 (Windows NT 10.0; Win64; x64)AppleWebKit/537.36 (KHTML, like Gecko) Chrome/66.0.3359.181 Safari/537.36"
54.212.153.15 - - [14/Sep/2021:01:18:41 +0000] "GET / HTTP/1.1" 200 63934 "-" "Mozilla/5.0 (Windows NT 10.0; Win64; x64)AppleWebKit/537.36 (KHTML, like Gecko) Chrome/66.0.3359.181 Safari/537.36"
66.249.79.128 - - [14/Sep/2021:01:22:03 +0000] "GET /STABILITYCHAMBER21CFR(ECOFRIENDLYCFCFREECOOLINGREFRIGERANT).html HTTP/1.1" 200 59014 "-" "Mozilla/5.0 (Linux; Android 6.0.1; Nexus 5X Build/MMB29P) AppleWebKit/537.36 (KHTML, like Gecko) Chrome/93.0.4577.83 Mobile Safari/537.36 (compatible; Googlebot/2.1; +http://www.google.com/bot.html)"
34.209.164.189 - - [14/Sep/2021:01:24:00 +0000] "GET / HTTP/1.1" 200 63934 "-" "Mozilla/5.0 (X11; Linux x86_64) AppleWebKit/537.36 (KHTML, like Gecko) Chrome/83.0.4103.97 Safari/537.36"
34.212.25.44 - - [14/Sep/2021:01:24:29 +0000] "GET / HTTP/1.1" 200 63934 "-" "Mozilla/5.0 (X11; Linux x86_64) AppleWebKit/537.36 (KHTML, like Gecko) Chrome/83.0.4103.97 Safari/537.36"
77.75.76.164 - - [14/Sep/2021:01:25:43 +0000] "GET /robots.txt HTTP/1.1" 404 208 "-" "Mozilla/5.0 (compatible; SeznamBot/3.2; +http://napoveda.seznam.cz/en/seznambot-intro/)"
77.75.76.164 - - [14/Sep/2021:01:25:45 +0000] "GET /FUMEHOOD.html HTTP/1.1" 200 59371 "-" "Mozilla/5.0 (compatible; SeznamBot/3.2; +http://napoveda.seznam.cz/en/seznambot-intro/)"
5.102.173.71 - - [14/Sep/2021:01:28:43 +0000] "GET /robots.txt HTTP/1.1" 301 246 "-" "Mozilla/5.0 (compatible; MojeekBot/0.10; +https://www.mojeek.com/bot.html)"
5.102.173.71 - - [14/Sep/2021:01:28:43 +0000] "GET /LAMINARHORIZONTALMICROCONTROLLERLCDDISPLAY.html HTTP/1.1" 301 283 "-" "Mozilla/5.0 (compatible; MojeekBot/0.10; +https://www.mojeek.com/bot.html)"
114.119.137.45 - - [14/Sep/2021:01:29:22 +0000] "GET /enquiry.php?pname=CONDITIONING%20CHAMBER%20OR%20HIGH%20LOW%20THERMAL%20CHAMBER/STI-181%20A HTTP/1.1" 301 322 "-" "Mozilla/5.0 (Linux; Android 7.0;) AppleWebKit/537.36 (KHTML, like Gecko) Mobile Safari/537.36 (compatible; PetalBot;+https://webmaster.petalsearch.com/site/petalbot)"
114.119.137.45 - - [14/Sep/2021:01:29:23 +0000] "GET /enquiry.php?pname=CONDITIONING%20CHAMBER%20OR%20HIGH%20LOW%20THERMAL%20CHAMBER/STI-181%20A HTTP/1.1" 200 61736 "-" "Mozilla/5.0 (Linux; Android 7.0;) AppleWebKit/537.36 (KHTML, like Gecko) Mobile Safari/537.36 (compatible; PetalBot;+https://webmaster.petalsearch.com/site/petalbot)"
54.36.148.172 - - [14/Sep/2021:01:37:45 +0000] "GET /robots.txt HTTP/1.1" 404 208 "-" "Mozilla/5.0 (compatible; AhrefsBot/7.0; +http://ahrefs.com/robot/)"
54.36.148.96 - - [14/Sep/2021:01:37:46 +0000] "GET /BODINCUBATORGMP.html HTTP/1.1" 200 61393 "-" "Mozilla/5.0 (compatible; AhrefsBot/7.0; +http://ahrefs.com/robot/)"
66.249.79.159 - - [14/Sep/2021:01:43:59 +0000] "GET / HTTP/1.1" 200 63934 "-" "Mozilla/5.0 (compatible; Googlebot/2.1; +http://www.google.com/bot.html)"
123.125.109.110 - - [14/Sep/2021:01:44:25 +0000] "GET / HTTP/1.1" 301 232 "-" "Sogou web spider/4.0(+http://www.sogou.com/docs/help/webmasters.htm#07)"
216.131.111.149 - - [14/Sep/2021:01:46:46 +0000] "GET /enquiry.php HTTP/1.0" 200 61678 "https://scienocraft.com/enquiry.php" "Mozilla/5.0 (Windows NT 6.3; Win64; x64) AppleWebKit/537.36 (KHTML, like Gecko) Chrome/90.0.4430.72 Safari/537.36"
216.131.111.149 - - [14/Sep/2021:01:46:47 +0000] "POST /submit-enquiry.php HTTP/1.0" 200 139 "https://scienocraft.com/enquiry.php" "Mozilla/5.0 (Windows NT 6.3; Win64; x64) AppleWebKit/537.36 (KHTML, like Gecko) Chrome/90.0.4430.72 Safari/537.36"
216.131.111.149 - - [14/Sep/2021:01:46:51 +0000] "GET /ThankYou HTTP/1.0" 301 240 "https://www.scienocraft.com/ThankYou" "Mozilla/5.0 (Windows NT 6.3; Win64; x64) AppleWebKit/537.36 (KHTML, like Gecko) Chrome/90.0.4430.72 Safari/537.36"
216.131.111.149 - - [14/Sep/2021:01:46:52 +0000] "GET /ThankYou HTTP/1.0" 200 47516 "https://scienocraft.com/ThankYou" "Mozilla/5.0 (Windows NT 6.3; Win64; x64) AppleWebKit/537.36 (KHTML, like Gecko) Chrome/90.0.4430.72 Safari/537.36"
34.74.161.255 - - [14/Sep/2021:01:52:44 +0000] "GET /robots.txt HTTP/1.0" 301 246 "-" "ZoominfoBot (zoominfobot at zoominfo dot com)"
34.74.161.255 - - [14/Sep/2021:01:52:45 +0000] "GET /robots.txt HTTP/1.1" 301 242 "-" "ZoominfoBot (zoominfobot at zoominfo dot com)"
34.74.161.255 - - [14/Sep/2021:01:52:46 +0000] "GET /robots.txt HTTP/1.1" 404 208 "-" "ZoominfoBot (zoominfobot at zoominfo dot com)"
34.74.161.255 - - [14/Sep/2021:01:52:47 +0000] "GET / HTTP/1.0" 301 236 "-" "ZoominfoBot (zoominfobot at zoominfo dot com)"
34.74.161.255 - - [14/Sep/2021:01:52:47 +0000] "GET /robots.txt HTTP/1.0" 301 242 "-" "ZoominfoBot (zoominfobot at zoominfo dot com)"
34.74.161.255 - - [14/Sep/2021:01:52:47 +0000] "GET /robots.txt HTTP/1.1" 404 208 "-" "ZoominfoBot (zoominfobot at zoominfo dot com)"
34.74.161.255 - - [14/Sep/2021:01:52:48 +0000] "GET / HTTP/1.0" 301 232 "-" "ZoominfoBot (zoominfobot at zoominfo dot com)"
34.74.161.255 - - [14/Sep/2021:01:56:05 +0000] "GET /robots.txt HTTP/1.0" 301 242 "-" "ZoominfoBot (zoominfobot at zoominfo dot com)"
34.74.161.255 - - [14/Sep/2021:01:56:07 +0000] "GET /robots.txt HTTP/1.1" 404 208 "-" "ZoominfoBot (zoominfobot at zoominfo dot com)"
34.74.161.255 - - [14/Sep/2021:01:56:07 +0000] "GET / HTTP/1.0" 301 232 "-" "ZoominfoBot (zoominfobot at zoominfo dot com)"
34.74.161.255 - - [14/Sep/2021:01:56:07 +0000] "GET /robots.txt HTTP/1.0" 404 208 "-" "ZoominfoBot (zoominfobot at zoominfo dot com)"
34.74.161.255 - - [14/Sep/2021:01:56:08 +0000] "GET / HTTP/1.0" 200 63934 "-" "ZoominfoBot (zoominfobot at zoominfo dot com)"
66.249.79.158 - - [14/Sep/2021:01:57:44 +0000] "GET /INSPISATORBATH.html HTTP/1.1" 200 51499 "-" "Mozilla/5.0 (Linux; Android 6.0.1; Nexus 5X Build/MMB29P) AppleWebKit/537.36 (KHTML, like Gecko) Chrome/93.0.4577.83 Mobile Safari/537.36 (compatible; Googlebot/2.1; +http://www.google.com/bot.html)"
123.125.109.110 - - [14/Sep/2021:01:58:53 +0000] "GET / HTTP/1.1" 200 63934 "-" "Sogou web spider/4.0(+http://www.sogou.com/docs/help/webmasters.htm#07)"
114.119.137.252 - - [14/Sep/2021:02:00:30 +0000] "GET /enquiry.php?pname=AUTOCLAVE%20PORTABLE%20SINGLE%20n%20DOUBLE%20WALLED%20/STI-112 HTTP/1.1" 301 312 "-" "Mozilla/5.0 (Linux; Android 7.0;) AppleWebKit/537.36 (KHTML, like Gecko) Mobile Safari/537.36 (compatible; PetalBot;+https://webmaster.petalsearch.com/site/petalbot)"
114.119.137.252 - - [14/Sep/2021:02:00:31 +0000] "GET /enquiry.php?pname=AUTOCLAVE%20PORTABLE%20SINGLE%20n%20DOUBLE%20WALLED%20/STI-112 HTTP/1.1" 200 61728 "-" "Mozilla/5.0 (Linux; Android 7.0;) AppleWebKit/537.36 (KHTML, like Gecko) Mobile Safari/537.36 (compatible; PetalBot;+https://webmaster.petalsearch.com/site/petalbot)"
18.159.196.172 - - [14/Sep/2021:02:18:28 +0000] "GET /.well-known/acme-challenge/QC2Xr8li9NEvEKKcv_GM9ExaLKpGsCr6HvZgjkDwPMc HTTP/1.1" 404 268 "-" "Mozilla/5.0 (compatible; Let's Encrypt validation server; +https://www.letsencrypt.org)"
18.116.86.117 - - [14/Sep/2021:02:18:28 +0000] "GET /.well-known/acme-challenge/QC2Xr8li9NEvEKKcv_GM9ExaLKpGsCr6HvZgjkDwPMc HTTP/1.1" 404 268 "-" "Mozilla/5.0 (compatible; Let's Encrypt validation server; +https://www.letsencrypt.org)"
34.219.87.132 - - [14/Sep/2021:02:18:28 +0000] "GET /.well-known/acme-challenge/QC2Xr8li9NEvEKKcv_GM9ExaLKpGsCr6HvZgjkDwPMc HTTP/1.1" 404 268 "-" "Mozilla/5.0 (compatible; Let's Encrypt validation server; +https://www.letsencrypt.org)"
66.133.109.36 - - [14/Sep/2021:02:18:29 +0000] "GET /.well-known/acme-challenge/QC2Xr8li9NEvEKKcv_GM9ExaLKpGsCr6HvZgjkDwPMc HTTP/1.1" 404 268 "-" "Mozilla/5.0 (compatible; Let's Encrypt validation server; +https://www.letsencrypt.org)"
66.249.79.128 - - [14/Sep/2021:02:24:05 +0000] "GET /galleryimg/046d4b01f141ff950e1b35fae72459d7.png HTTP/1.1" 200 189076 "-" "Googlebot-Image/1.0"
5.9.18.62 - - [14/Sep/2021:02:24:10 +0000] "GET /robots.txt HTTP/1.1" 301 246 "-" "Mozilla/5.0 (compatible; DataForSeoBot/1.0; +https://dataforseo.com/dataforseo-bot)"
5.9.18.62 - - [14/Sep/2021:02:24:11 +0000] "GET /robots.txt HTTP/1.1" 301 242 "-" "Mozilla/5.0 (compatible; DataForSeoBot/1.0; +https://dataforseo.com/dataforseo-bot)"
5.9.18.62 - - [14/Sep/2021:02:24:11 +0000] "GET /robots.txt HTTP/1.1" 404 208 "-" "Mozilla/5.0 (compatible; DataForSeoBot/1.0; +https://dataforseo.com/dataforseo-bot)"
5.9.18.62 - - [14/Sep/2021:02:24:12 +0000] "GET / HTTP/1.1" 301 236 "-" "Mozilla/5.0 (compatible; DataForSeoBot/1.0; +https://dataforseo.com/dataforseo-bot)"
116.202.192.62 - - [14/Sep/2021:02:24:12 +0000] "GET /robots.txt HTTP/1.1" 301 246 "-" "Mozilla/5.0 (compatible; DataForSeoBot/1.0; +https://dataforseo.com/dataforseo-bot)"
116.202.192.62 - - [14/Sep/2021:02:24:12 +0000] "GET /robots.txt HTTP/1.1" 301 242 "-" "Mozilla/5.0 (compatible; DataForSeoBot/1.0; +https://dataforseo.com/dataforseo-bot)"
116.202.192.62 - - [14/Sep/2021:02:24:13 +0000] "GET /robots.txt HTTP/1.1" 404 208 "-" "Mozilla/5.0 (compatible; DataForSeoBot/1.0; +https://dataforseo.com/dataforseo-bot)"
116.202.192.62 - - [14/Sep/2021:02:24:13 +0000] "GET /sitemap.xml HTTP/1.1" 301 247 "-" "Mozilla/5.0 (compatible; DataForSeoBot/1.0; +https://dataforseo.com/dataforseo-bot)"
116.202.192.62 - - [14/Sep/2021:02:24:14 +0000] "GET /sitemap.xml HTTP/1.1" 301 243 "-" "Mozilla/5.0 (compatible; DataForSeoBot/1.0; +https://dataforseo.com/dataforseo-bot)"
116.202.192.62 - - [14/Sep/2021:02:24:14 +0000] "GET /sitemap.xml HTTP/1.1" 404 209 "-" "Mozilla/5.0 (compatible; DataForSeoBot/1.0; +https://dataforseo.com/dataforseo-bot)"
77.75.78.169 - - [14/Sep/2021:02:34:24 +0000] "GET /robots.txt HTTP/1.1" 404 208 "-" "Mozilla/5.0 (compatible; SeznamBot/3.2; +http://napoveda.seznam.cz/en/seznambot-intro/)"
77.75.78.169 - - [14/Sep/2021:02:34:26 +0000] "GET /LAMINARVERTICALMICROCONTROLLERLCDDISPLAY.html HTTP/1.1" 200 63676 "-" "Mozilla/5.0 (compatible; SeznamBot/3.2; +http://napoveda.seznam.cz/en/seznambot-intro/)"
114.119.137.249 - - [14/Sep/2021:02:41:41 +0000] "GET /enquiry.php?pname=WET%20SIEVE%20SHAKER%20(YODER%20TYPE)/STI-374 HTTP/1.1" 200 61715 "-" "Mozilla/5.0 (Linux; Android 7.0;) AppleWebKit/537.36 (KHTML, like Gecko) Mobile Safari/537.36 (compatible; PetalBot;+https://webmaster.petalsearch.com/site/petalbot)"
66.249.79.158 - - [14/Sep/2021:02:47:54 +0000] "GET /galleryimg/6fd4a23c6d8432f0f7ce21c945d2187f.jpg HTTP/1.1" 304 - "-" "Googlebot-Image/1.0"
54.36.148.163 - - [14/Sep/2021:02:54:46 +0000] "GET /ROTARYVACUUMPUMPSTI-409A.html HTTP/1.1" 200 55361 "-" "Mozilla/5.0 (compatible; AhrefsBot/7.0; +http://ahrefs.com/robot/)"
114.119.137.252 - - [14/Sep/2021:03:00:48 +0000] "GET /BOMBCALORIMETER(DIGITAL).html HTTP/1.1" 301 261 "-" "Mozilla/5.0 (Linux; Android 7.0;) AppleWebKit/537.36 (KHTML, like Gecko) Mobile Safari/537.36 (compatible; PetalBot;+https://webmaster.petalsearch.com/site/petalbot)"
114.119.137.252 - - [14/Sep/2021:03:00:49 +0000] "GET /BOMBCALORIMETER(DIGITAL).html HTTP/1.1" 200 53511 "-" "Mozilla/5.0 (Linux; Android 7.0;) AppleWebKit/537.36 (KHTML, like Gecko) Mobile Safari/537.36 (compatible; PetalBot;+https://webmaster.petalsearch.com/site/petalbot)"
77.75.78.163 - - [14/Sep/2021:03:07:03 +0000] "GET /robots.txt HTTP/1.1" 404 208 "-" "Mozilla/5.0 (compatible; SeznamBot/3.2; +http://napoveda.seznam.cz/en/seznambot-intro/)"
77.75.78.163 - - [14/Sep/2021:03:07:05 +0000] "GET /BIOLOGICALSAFETYCABINETTOTALCONTAINMENTCABINETCLASSIII.html HTTP/1.1" 200 63228 "-" "Mozilla/5.0 (compatible; SeznamBot/3.2; +http://napoveda.seznam.cz/en/seznambot-intro/)"
114.119.137.249 - - [14/Sep/2021:03:07:22 +0000] "GET /enquiry.php?pname=MASHING%20BATH/STI-348 HTTP/1.1" 301 272 "-" "Mozilla/5.0 (Linux; Android 7.0;) AppleWebKit/537.36 (KHTML, like Gecko) Mobile Safari/537.36 (compatible; PetalBot;+https://webmaster.petalsearch.com/site/petalbot)"
114.119.137.249 - - [14/Sep/2021:03:07:24 +0000] "GET /enquiry.php?pname=MASHING%20BATH/STI-348 HTTP/1.1" 200 61698 "-" "Mozilla/5.0 (Linux; Android 7.0;) AppleWebKit/537.36 (KHTML, like Gecko) Mobile Safari/537.36 (compatible; PetalBot;+https://webmaster.petalsearch.com/site/petalbot)"
118.184.177.83 - - [14/Sep/2021:03:08:40 +0000] "GET / HTTP/1.1" 301 236 "-" "Sogou web spider/4.0(+http://www.sogou.com/docs/help/webmasters.htm#07)"
118.184.177.83 - - [14/Sep/2021:03:08:42 +0000] "GET / HTTP/1.1" 301 232 "-" "Sogou web spider/4.0(+http://www.sogou.com/docs/help/webmasters.htm#07)"
118.184.177.83 - - [14/Sep/2021:03:09:48 +0000] "GET / HTTP/1.1" 200 63934 "-" "Sogou web spider/4.0(+http://www.sogou.com/docs/help/webmasters.htm#07)"
49.7.20.116 - - [14/Sep/2021:03:10:03 +0000] "GET / HTTP/1.1" 301 236 "-" "Sogou web spider/4.0(+http://www.sogou.com/docs/help/webmasters.htm#07)"
18.159.196.172 - - [14/Sep/2021:03:18:27 +0000] "GET /.well-known/acme-challenge/q7e9HM7JOtMMAEF7cyPWhp6nqukCVwquEvRdh9KvNwE HTTP/1.1" 404 268 "-" "Mozilla/5.0 (compatible; Let's Encrypt validation server; +https://www.letsencrypt.org)"
3.19.56.43 - - [14/Sep/2021:03:18:27 +0000] "GET /.well-known/acme-challenge/q7e9HM7JOtMMAEF7cyPWhp6nqukCVwquEvRdh9KvNwE HTTP/1.1" 404 268 "-" "Mozilla/5.0 (compatible; Let's Encrypt validation server; +https://www.letsencrypt.org)"
64.78.149.164 - - [14/Sep/2021:03:18:27 +0000] "GET /.well-known/acme-challenge/q7e9HM7JOtMMAEF7cyPWhp6nqukCVwquEvRdh9KvNwE HTTP/1.1" 404 268 "-" "Mozilla/5.0 (compatible; Let's Encrypt validation server; +https://www.letsencrypt.org)"
34.221.255.206 - - [14/Sep/2021:03:18:27 +0000] "GET /.well-known/acme-challenge/q7e9HM7JOtMMAEF7cyPWhp6nqukCVwquEvRdh9KvNwE HTTP/1.1" 404 268 "-" "Mozilla/5.0 (compatible; Let's Encrypt validation server; +https://www.letsencrypt.org)"
17.121.114.95 - - [14/Sep/2021:03:26:21 +0000] "GET /robots.txt HTTP/1.1" 404 208 "-" "Mozilla/5.0 (Macintosh; Intel Mac OS X 10_15_5) AppleWebKit/605.1.15 (KHTML, like Gecko) Version/13.1.1 Safari/605.1.15 (Applebot/0.1; +http://www.apple.com/go/applebot)"
17.121.114.95 - - [14/Sep/2021:03:26:21 +0000] "GET /galleryimg/ff7cc3f81bc37ab72793d95272341007.png HTTP/1.1" 200 41071 "-" "Mozilla/5.0 (Macintosh; Intel Mac OS X 10_15_5) AppleWebKit/605.1.15 (KHTML, like Gecko) Version/13.1.1 Safari/605.1.15 (Applebot/0.1; +http://www.apple.com/go/applebot)"
114.119.137.3 - - [14/Sep/2021:03:30:18 +0000] "GET /enquiry.php?pname=EGG%20INCUBATOR%20Or%20POULTRY%20INCUBATOR/ HTTP/1.1" 200 61713 "-" "Mozilla/5.0 (Linux; Android 7.0;) AppleWebKit/537.36 (KHTML, like Gecko) Mobile Safari/537.36 (compatible; PetalBot;+https://webmaster.petalsearch.com/site/petalbot)"
114.119.137.238 - - [14/Sep/2021:03:41:14 +0000] "GET /enquiry.php?pname=H%20P%20AUTOCLAVE%20VERTICAL%20TRIPLE%20WALL%20SEMI%20AUTO%20/STI%20-116%20B HTTP/1.1" 200 61734 "-" "Mozilla/5.0 (Linux; Android 7.0;) AppleWebKit/537.36 (KHTML, like Gecko) Mobile Safari/537.36 (compatible; PetalBot;+https://webmaster.petalsearch.com/site/petalbot)"
49.7.20.116 - - [14/Sep/2021:03:44:21 +0000] "GET / HTTP/1.1" 301 236 "-" "Sogou web spider/4.0(+http://www.sogou.com/docs/help/webmasters.htm#07)"
114.119.137.249 - - [14/Sep/2021:03:47:44 +0000] "GET /enquiry.php?pname=LAMINAR%20VERTICAL%20MICRO%20CONTROLLER%20LCD%20DISPLAY/%20STI-231%20B HTTP/1.1" 301 320 "-" "Mozilla/5.0 (Linux; Android 7.0;) AppleWebKit/537.36 (KHTML, like Gecko) Mobile Safari/537.36 (compatible; PetalBot;+https://webmaster.petalsearch.com/site/petalbot)"
114.119.137.249 - - [14/Sep/2021:03:47:45 +0000] "GET /enquiry.php?pname=LAMINAR%20VERTICAL%20MICRO%20CONTROLLER%20LCD%20DISPLAY/%20STI-231%20B HTTP/1.1" 200 61734 "-" "Mozilla/5.0 (Linux; Android 7.0;) AppleWebKit/537.36 (KHTML, like Gecko) Mobile Safari/537.36 (compatible; PetalBot;+https://webmaster.petalsearch.com/site/petalbot)"
114.119.137.43 - - [14/Sep/2021:03:53:45 +0000] "GET /MORTUARYCABINET.html HTTP/1.1" 301 252 "-" "Mozilla/5.0 (Linux; Android 7.0;) AppleWebKit/537.36 (KHTML, like Gecko) Mobile Safari/537.36 (compatible; PetalBot;+https://webmaster.petalsearch.com/site/petalbot)"
114.119.137.43 - - [14/Sep/2021:03:53:46 +0000] "GET /MORTUARYCABINET.html HTTP/1.1" 200 56228 "-" "Mozilla/5.0 (Linux; Android 7.0;) AppleWebKit/537.36 (KHTML, like Gecko) Mobile Safari/537.36 (compatible; PetalBot;+https://webmaster.petalsearch.com/site/petalbot)"
131.220.6.152 - - [14/Sep/2021:04:03:21 +0000] "GET / HTTP/1.1" 200 63934 "-" "Mozilla/5.0 (X11; Linux x86_64) AppleWebKit/537.36 (KHTML, like Gecko) Chrome/79.0.3945.79 Safari/537.36"
114.119.137.3 - - [14/Sep/2021:04:05:40 +0000] "GET /GLASSBEADSTERILIZER(Squareshaped).html HTTP/1.1" 301 270 "-" "Mozilla/5.0 (Linux; Android 7.0;) AppleWebKit/537.36 (KHTML, like Gecko) Mobile Safari/537.36 (compatible; PetalBot;+https://webmaster.petalsearch.com/site/petalbot)"
114.119.137.3 - - [14/Sep/2021:04:05:41 +0000] "GET /GLASSBEADSTERILIZER(Squareshaped).html HTTP/1.1" 200 51473 "-" "Mozilla/5.0 (Linux; Android 7.0;) AppleWebKit/537.36 (KHTML, like Gecko) Mobile Safari/537.36 (compatible; PetalBot;+https://webmaster.petalsearch.com/site/petalbot)"
18.192.36.99 - - [14/Sep/2021:04:18:23 +0000] "GET /.well-known/acme-challenge/6b9NECseSD9SjiEL7eNkJoibFuw-gXca9ddLT0X5Oqw HTTP/1.1" 404 268 "-" "Mozilla/5.0 (compatible; Let's Encrypt validation server; +https://www.letsencrypt.org)"
3.19.56.43 - - [14/Sep/2021:04:18:23 +0000] "GET /.well-known/acme-challenge/6b9NECseSD9SjiEL7eNkJoibFuw-gXca9ddLT0X5Oqw HTTP/1.1" 404 268 "-" "Mozilla/5.0 (compatible; Let's Encrypt validation server; +https://www.letsencrypt.org)"
34.221.255.206 - - [14/Sep/2021:04:18:24 +0000] "GET /.well-known/acme-challenge/6b9NECseSD9SjiEL7eNkJoibFuw-gXca9ddLT0X5Oqw HTTP/1.1" 404 268 "-" "Mozilla/5.0 (compatible; Let's Encrypt validation server; +https://www.letsencrypt.org)"
66.133.109.36 - - [14/Sep/2021:04:18:24 +0000] "GET /.well-known/acme-challenge/6b9NECseSD9SjiEL7eNkJoibFuw-gXca9ddLT0X5Oqw HTTP/1.1" 404 268 "-" "Mozilla/5.0 (compatible; Let's Encrypt validation server; +https://www.letsencrypt.org)"
77.75.78.160 - - [14/Sep/2021:04:20:29 +0000] "GET /robots.txt HTTP/1.1" 404 208 "-" "Mozilla/5.0 (compatible; SeznamBot/3.2; +http://napoveda.seznam.cz/en/seznambot-intro/)"
77.75.78.160 - - [14/Sep/2021:04:20:31 +0000] "GET /SALTSPRAYCHAMBER.html HTTP/1.1" 200 60694 "-" "Mozilla/5.0 (compatible; SeznamBot/3.2; +http://napoveda.seznam.cz/en/seznambot-intro/)"
114.119.137.43 - - [14/Sep/2021:04:20:37 +0000] "GET /BENCHAUTOCLAVEPORTABLEAUTOMATIC.html HTTP/1.1" 200 52024 "-" "Mozilla/5.0 (Linux; Android 7.0;) AppleWebKit/537.36 (KHTML, like Gecko) Mobile Safari/537.36 (compatible; PetalBot;+https://webmaster.petalsearch.com/site/petalbot)"
114.119.137.43 - - [14/Sep/2021:04:31:54 +0000] "GET /MICROKJELDAHLDIGESTIONUNIT.html HTTP/1.1" 301 263 "-" "Mozilla/5.0 (Linux; Android 7.0;) AppleWebKit/537.36 (KHTML, like Gecko) Mobile Safari/537.36 (compatible; PetalBot;+https://webmaster.petalsearch.com/site/petalbot)"
114.119.137.43 - - [14/Sep/2021:04:31:55 +0000] "GET /MICROKJELDAHLDIGESTIONUNIT.html HTTP/1.1" 200 52297 "-" "Mozilla/5.0 (Linux; Android 7.0;) AppleWebKit/537.36 (KHTML, like Gecko) Mobile Safari/537.36 (compatible; PetalBot;+https://webmaster.petalsearch.com/site/petalbot)"
54.36.148.94 - - [14/Sep/2021:04:41:59 +0000] "GET /MICROKJELDAHLDIGESTIONUNIT.html HTTP/1.1" 200 52297 "-" "Mozilla/5.0 (compatible; AhrefsBot/7.0; +http://ahrefs.com/robot/)"
114.119.137.31 - - [14/Sep/2021:04:42:28 +0000] "GET /enquiry.php?pname=H%20P%20AUTOCLAVE%20VERTICAL%20TRIPLE%20WALL%20AUTO%20PURGING%20n%20EXHAUST/STI%20-116%20C HTTP/1.1" 200 61746 "-" "Mozilla/5.0 (Linux; Android 7.0;) AppleWebKit/537.36 (KHTML, like Gecko) Mobile Safari/537.36 (compatible; PetalBot;+https://webmaster.petalsearch.com/site/petalbot)"
114.119.137.3 - - [14/Sep/2021:04:51:28 +0000] "GET /enquiry.php?pname=SEED%20GERMINATOR%20DUAL%20CHAMBER/STI-193 HTTP/1.1" 200 61714 "-" "Mozilla/5.0 (Linux; Android 7.0;) AppleWebKit/537.36 (KHTML, like Gecko) Mobile Safari/537.36 (compatible; PetalBot;+https://webmaster.petalsearch.com/site/petalbot)"
17.121.113.62 - - [14/Sep/2021:04:55:23 +0000] "GET /galleryimg/5f77c8e4211dad5d79a508f90d7c5ff8.png HTTP/1.1" 200 21452 "-" "Mozilla/5.0 (Macintosh; Intel Mac OS X 10_15_5) AppleWebKit/605.1.15 (KHTML, like Gecko) Version/13.1.1 Safari/605.1.15 (Applebot/0.1; +http://www.apple.com/go/applebot)"
114.119.137.3 - - [14/Sep/2021:04:57:39 +0000] "GET /enquiry.php?pname=DYNAMIC%20PASS%20BOX/%20STI-236%20B HTTP/1.1" 301 285 "-" "Mozilla/5.0 (Linux; Android 7.0;) AppleWebKit/537.36 (KHTML, like Gecko) Mobile Safari/537.36 (compatible; PetalBot;+https://webmaster.petalsearch.com/site/petalbot)"
114.119.137.3 - - [14/Sep/2021:04:57:39 +0000] "GET /enquiry.php?pname=DYNAMIC%20PASS%20BOX/%20STI-236%20B HTTP/1.1" 200 61705 "-" "Mozilla/5.0 (Linux; Android 7.0;) AppleWebKit/537.36 (KHTML, like Gecko) Mobile Safari/537.36 (compatible; PetalBot;+https://webmaster.petalsearch.com/site/petalbot)"
34.96.130.17 - - [14/Sep/2021:05:00:52 +0000] "GET / HTTP/1.1" 301 232 "-" "Expanse indexes the network perimeters of our customers. If you have any questions or concerns, please reach out to: scaninfo@expanseinc.com"
114.119.137.238 - - [14/Sep/2021:05:04:49 +0000] "GET /MUFFLEFURNACE1450degCMAX.html HTTP/1.1" 200 56058 "-" "Mozilla/5.0 (Linux; Android 7.0;) AppleWebKit/537.36 (KHTML, like Gecko) Mobile Safari/537.36 (compatible; PetalBot;+https://webmaster.petalsearch.com/site/petalbot)"
114.119.133.245 - - [14/Sep/2021:05:10:40 +0000] "GET /index.php HTTP/1.1" 301 241 "-" "Mozilla/5.0 (Linux; Android 7.0;) AppleWebKit/537.36 (KHTML, like Gecko) Mobile Safari/537.36 (compatible; PetalBot;+https://webmaster.petalsearch.com/site/petalbot)"
114.119.133.245 - - [14/Sep/2021:05:10:41 +0000] "GET /index.php HTTP/1.1" 200 63934 "-" "Mozilla/5.0 (Linux; Android 7.0;) AppleWebKit/537.36 (KHTML, like Gecko) Mobile Safari/537.36 (compatible; PetalBot;+https://webmaster.petalsearch.com/site/petalbot)"
3.120.130.29 - - [14/Sep/2021:05:18:24 +0000] "GET /.well-known/acme-challenge/JuS1BpSgkTGw-IsTxIudVI54z1M8c7PvozKNNzEh0q0 HTTP/1.1" 404 268 "-" "Mozilla/5.0 (compatible; Let's Encrypt validation server; +https://www.letsencrypt.org)"
18.116.86.117 - - [14/Sep/2021:05:18:24 +0000] "GET /.well-known/acme-challenge/JuS1BpSgkTGw-IsTxIudVI54z1M8c7PvozKNNzEh0q0 HTTP/1.1" 404 268 "-" "Mozilla/5.0 (compatible; Let's Encrypt validation server; +https://www.letsencrypt.org)"
66.133.109.36 - - [14/Sep/2021:05:18:24 +0000] "GET /.well-known/acme-challenge/JuS1BpSgkTGw-IsTxIudVI54z1M8c7PvozKNNzEh0q0 HTTP/1.1" 404 268 "-" "Mozilla/5.0 (compatible; Let's Encrypt validation server; +https://www.letsencrypt.org)"
34.219.87.132 - - [14/Sep/2021:05:18:24 +0000] "GET /.well-known/acme-challenge/JuS1BpSgkTGw-IsTxIudVI54z1M8c7PvozKNNzEh0q0 HTTP/1.1" 404 268 "-" "Mozilla/5.0 (compatible; Let's Encrypt validation server; +https://www.letsencrypt.org)"
77.75.79.32 - - [14/Sep/2021:05:22:01 +0000] "GET /robots.txt HTTP/1.1" 404 208 "-" "Mozilla/5.0 (compatible; SeznamBot/3.2; +http://napoveda.seznam.cz/en/seznambot-intro/)"
77.75.79.32 - - [14/Sep/2021:05:22:03 +0000] "GET /AUTOCLAVEVERTICALDOUBLEWALLSEMIAUTO.html HTTP/1.1" 200 61766 "-" "Mozilla/5.0 (compatible; SeznamBot/3.2; +http://napoveda.seznam.cz/en/seznambot-intro/)"
66.249.79.158 - - [14/Sep/2021:05:24:05 +0000] "GET /images/corporate-prasentation.jpg HTTP/1.1" 304 - "-" "Googlebot-Image/1.0"
114.119.137.45 - - [14/Sep/2021:05:34:29 +0000] "GET /ROTARYVACUUMPUMPSTI-409A.html HTTP/1.1" 301 261 "-" "Mozilla/5.0 (Linux; Android 7.0;) AppleWebKit/537.36 (KHTML, like Gecko) Mobile Safari/537.36 (compatible; PetalBot;+https://webmaster.petalsearch.com/site/petalbot)"
114.119.137.45 - - [14/Sep/2021:05:34:31 +0000] "GET /ROTARYVACUUMPUMPSTI-409A.html HTTP/1.1" 200 55361 "-" "Mozilla/5.0 (Linux; Android 7.0;) AppleWebKit/537.36 (KHTML, like Gecko) Mobile Safari/537.36 (compatible; PetalBot;+https://webmaster.petalsearch.com/site/petalbot)"
114.119.133.245 - - [14/Sep/2021:05:41:17 +0000] "GET /AUTOCLAVEVERTICALDOUBLEWALLAUTOPURGINGnEXHAUST.html HTTP/1.1" 301 283 "-" "Mozilla/5.0 (Linux; Android 7.0;) AppleWebKit/537.36 (KHTML, like Gecko) Mobile Safari/537.36 (compatible; PetalBot;+https://webmaster.petalsearch.com/site/petalbot)"
114.119.133.245 - - [14/Sep/2021:05:41:19 +0000] "GET /AUTOCLAVEVERTICALDOUBLEWALLAUTOPURGINGnEXHAUST.html HTTP/1.1" 200 62628 "-" "Mozilla/5.0 (Linux; Android 7.0;) AppleWebKit/537.36 (KHTML, like Gecko) Mobile Safari/537.36 (compatible; PetalBot;+https://webmaster.petalsearch.com/site/petalbot)"
93.100.153.142 - - [14/Sep/2021:05:41:33 +0000] "GET /ThankYou/ HTTP/1.0" 301 241 "http://scienocraft.com/ThankYou/" "Mozilla/5.0 (Windows NT 6.1; Win64; x64) AppleWebKit/537.36 (KHTML, like Gecko) Chrome/90.0.4427.0 Safari/537.36"
93.100.153.142 - - [14/Sep/2021:05:41:34 +0000] "GET /ThankYou/ HTTP/1.0" 404 207 "https://scienocraft.com/ThankYou/" "Mozilla/5.0 (Windows NT 6.1; Win64; x64) AppleWebKit/537.36 (KHTML, like Gecko) Chrome/90.0.4427.0 Safari/537.36"
93.100.153.142 - - [14/Sep/2021:05:41:37 +0000] "GET / HTTP/1.0" 200 63934 "https://scienocraft.com/" "Mozilla/5.0 (Windows NT 6.1; Win64; x64) AppleWebKit/537.36 (KHTML, like Gecko) Chrome/90.0.4427.0 Safari/537.36"
93.100.153.142 - - [14/Sep/2021:05:41:41 +0000] "GET /ContactUs HTTP/1.0" 301 241 "https://www.scienocraft.com/ContactUs" "Mozilla/5.0 (Windows NT 6.1; Win64; x64) AppleWebKit/537.36 (KHTML, like Gecko) Chrome/90.0.4427.0 Safari/537.36"
54.36.148.90 - - [14/Sep/2021:05:45:18 +0000] "GET /robots.txt HTTP/1.1" 301 246 "-" "Mozilla/5.0 (compatible; AhrefsBot/7.0; +http://ahrefs.com/robot/)"
54.36.148.90 - - [14/Sep/2021:05:45:18 +0000] "GET /robots.txt HTTP/1.1" 301 242 "-" "Mozilla/5.0 (compatible; AhrefsBot/7.0; +http://ahrefs.com/robot/)"
54.36.148.90 - - [14/Sep/2021:05:45:19 +0000] "GET /robots.txt HTTP/1.1" 404 208 "-" "Mozilla/5.0 (compatible; AhrefsBot/7.0; +http://ahrefs.com/robot/)"
54.36.148.51 - - [14/Sep/2021:05:45:19 +0000] "GET /all-products.php?maincategory=Shakers HTTP/1.1" 301 273 "-" "Mozilla/5.0 (compatible; AhrefsBot/7.0; +http://ahrefs.com/robot/)"
92.118.160.1 - - [14/Sep/2021:05:48:56 +0000] "GET / HTTP/1.1" 301 232 "http://74.208.80.106:80/" "Go http package"
