47.31.136.240 - - [10/Sep/2021:02:21:12 +0000] "GET /galleryimg/d477bf43c1a7aeaa9da228ac9de904d6.png HTTP/1.1" 200 34738 "https://scienocraft.com/all-products.php?maincategory=Autoclave-%20%20%20%20%20%20%20%20%20%20%20%20%20%20%20%20%20%20%20%20%20%20%20%20%20%20%20%20%20%20%20%20%20%20%20%20%20%20%20%20%20%20%20%20%20%20%20%20%20%20%20%20%20%20%20%20%20%20%20%20%20%20%20%20%20%20%20%20%20%20%20%20%20%20%20%20%20%20%20%20%20%20%20%20%20%20%20%20%20%20%20%20%20%20%20%20%20%20%20%20%20%20%20%20%20%20%20%20%20%20%20%20%20Sterilization%20Equipments" "Mozilla/5.0 (Windows NT 6.1) AppleWebKit/537.36 (KHTML, like Gecko) Chrome/92.0.4515.159 Safari/537.36"
47.31.136.240 - - [10/Sep/2021:02:21:12 +0000] "GET /galleryimg/2afd52f12729c621c427ce94213ab290.png HTTP/1.1" 200 91278 "https://scienocraft.com/all-products.php?maincategory=Autoclave-%20%20%20%20%20%20%20%20%20%20%20%20%20%20%20%20%20%20%20%20%20%20%20%20%20%20%20%20%20%20%20%20%20%20%20%20%20%20%20%20%20%20%20%20%20%20%20%20%20%20%20%20%20%20%20%20%20%20%20%20%20%20%20%20%20%20%20%20%20%20%20%20%20%20%20%20%20%20%20%20%20%20%20%20%20%20%20%20%20%20%20%20%20%20%20%20%20%20%20%20%20%20%20%20%20%20%20%20%20%20%20%20%20Sterilization%20Equipments" "Mozilla/5.0 (Windows NT 6.1) AppleWebKit/537.36 (KHTML, like Gecko) Chrome/92.0.4515.159 Safari/537.36"
47.31.136.240 - - [10/Sep/2021:02:21:12 +0000] "GET /galleryimg/28d42593f78cb7f8476858a625082059.png HTTP/1.1" 200 56196 "https://scienocraft.com/all-products.php?maincategory=Autoclave-%20%20%20%20%20%20%20%20%20%20%20%20%20%20%20%20%20%20%20%20%20%20%20%20%20%20%20%20%20%20%20%20%20%20%20%20%20%20%20%20%20%20%20%20%20%20%20%20%20%20%20%20%20%20%20%20%20%20%20%20%20%20%20%20%20%20%20%20%20%20%20%20%20%20%20%20%20%20%20%20%20%20%20%20%20%20%20%20%20%20%20%20%20%20%20%20%20%20%20%20%20%20%20%20%20%20%20%20%20%20%20%20%20Sterilization%20Equipments" "Mozilla/5.0 (Windows NT 6.1) AppleWebKit/537.36 (KHTML, like Gecko) Chrome/92.0.4515.159 Safari/537.36"
47.31.136.240 - - [10/Sep/2021:02:21:11 +0000] "GET /galleryimg/1cc45e358ce817794f28ae08bfbb1732.bmp HTTP/1.1" 200 438030 "https://scienocraft.com/all-products.php?maincategory=Autoclave-%20%20%20%20%20%20%20%20%20%20%20%20%20%20%20%20%20%20%20%20%20%20%20%20%20%20%20%20%20%20%20%20%20%20%20%20%20%20%20%20%20%20%20%20%20%20%20%20%20%20%20%20%20%20%20%20%20%20%20%20%20%20%20%20%20%20%20%20%20%20%20%20%20%20%20%20%20%20%20%20%20%20%20%20%20%20%20%20%20%20%20%20%20%20%20%20%20%20%20%20%20%20%20%20%20%20%20%20%20%20%20%20%20Sterilization%20Equipments" "Mozilla/5.0 (Windows NT 6.1) AppleWebKit/537.36 (KHTML, like Gecko) Chrome/92.0.4515.159 Safari/537.36"
47.31.136.240 - - [10/Sep/2021:02:21:13 +0000] "GET /index.php HTTP/1.1" 200 63934 "https://scienocraft.com/all-products.php?maincategory=Autoclave-%20%20%20%20%20%20%20%20%20%20%20%20%20%20%20%20%20%20%20%20%20%20%20%20%20%20%20%20%20%20%20%20%20%20%20%20%20%20%20%20%20%20%20%20%20%20%20%20%20%20%20%20%20%20%20%20%20%20%20%20%20%20%20%20%20%20%20%20%20%20%20%20%20%20%20%20%20%20%20%20%20%20%20%20%20%20%20%20%20%20%20%20%20%20%20%20%20%20%20%20%20%20%20%20%20%20%20%20%20%20%20%20%20Sterilization%20Equipments" "Mozilla/5.0 (Windows NT 6.1) AppleWebKit/537.36 (KHTML, like Gecko) Chrome/92.0.4515.159 Safari/537.36"
216.244.66.229 - - [10/Sep/2021:02:26:56 +0000] "GET /robots.txt HTTP/1.1" 301 242 "-" "Mozilla/5.0 (compatible; DotBot/1.2; +https://opensiteexplorer.org/dotbot; help@moz.com)"
216.244.66.229 - - [10/Sep/2021:02:26:57 +0000] "GET /robots.txt HTTP/1.1" 404 208 "-" "Mozilla/5.0 (compatible; DotBot/1.2; +https://opensiteexplorer.org/dotbot; help@moz.com)"
216.244.66.229 - - [10/Sep/2021:02:32:37 +0000] "GET /enquiry.php?pname=SLIDE%20WARMING%20PLATE/STI-381 HTTP/1.1" 200 61705 "-" "Mozilla/5.0 (compatible; DotBot/1.2; +https://opensiteexplorer.org/dotbot; help@moz.com)"
216.244.66.229 - - [10/Sep/2021:02:32:48 +0000] "GET /enquiry.php?pname=BLOOD%20BANK%20REFRIGERATOR/STI-160 HTTP/1.1" 200 61709 "-" "Mozilla/5.0 (compatible; DotBot/1.2; +https://opensiteexplorer.org/dotbot; help@moz.com)"
114.119.137.3 - - [10/Sep/2021:02:40:07 +0000] "GET /enquiry.php?pname=B%20O%20D%20INCUBATOR%20MICRO%20BASED%20LCD%20CONTROL%20SINGLE%20PANEL/%20STI-178%20A HTTP/1.1" 200 61741 "-" "Mozilla/5.0 (Linux; Android 7.0;) AppleWebKit/537.36 (KHTML, like Gecko) Mobile Safari/537.36 (compatible; PetalBot;+https://webmaster.petalsearch.com/site/petalbot)"
118.184.177.83 - - [10/Sep/2021:02:47:30 +0000] "GET / HTTP/1.1" 200 63934 "-" "Sogou web spider/4.0(+http://www.sogou.com/docs/help/webmasters.htm#07)"
114.119.133.245 - - [10/Sep/2021:02:48:46 +0000] "GET /enquiry.php?pname=GYRATORY%20SIEVE%20SHAKER/STI-373 HTTP/1.1" 301 283 "-" "Mozilla/5.0 (Linux; Android 7.0;) AppleWebKit/537.36 (KHTML, like Gecko) Mobile Safari/537.36 (compatible; PetalBot;+https://webmaster.petalsearch.com/site/petalbot)"
114.119.133.245 - - [10/Sep/2021:02:48:46 +0000] "GET /enquiry.php?pname=GYRATORY%20SIEVE%20SHAKER/STI-373 HTTP/1.1" 200 61707 "-" "Mozilla/5.0 (Linux; Android 7.0;) AppleWebKit/537.36 (KHTML, like Gecko) Mobile Safari/537.36 (compatible; PetalBot;+https://webmaster.petalsearch.com/site/petalbot)"
40.77.167.44 - - [10/Sep/2021:02:52:23 +0000] "GET /robots.txt HTTP/1.1" 301 242 "-" "Mozilla/5.0 (compatible; bingbot/2.0; +http://www.bing.com/bingbot.htm)"
40.77.167.44 - - [10/Sep/2021:02:52:24 +0000] "GET /robots.txt HTTP/1.1" 404 208 "-" "Mozilla/5.0 (compatible; bingbot/2.0; +http://www.bing.com/bingbot.htm)"
207.46.13.73 - - [10/Sep/2021:02:52:31 +0000] "GET /GROWTHCHAMBER(ENVIRONMENTALCHAMBER).html HTTP/1.1" 301 272 "-" "Mozilla/5.0 (compatible; bingbot/2.0; +http://www.bing.com/bingbot.htm)"
66.249.75.223 - - [10/Sep/2021:02:55:25 +0000] "GET /ROCKERSHAKERGELPLATFORMSHAKER.html HTTP/1.1" 200 50116 "-" "Mozilla/5.0 (Linux; Android 6.0.1; Nexus 5X Build/MMB29P) AppleWebKit/537.36 (KHTML, like Gecko) Chrome/92.0.4515.119 Mobile Safari/537.36 (compatible; Googlebot/2.1; +http://www.google.com/bot.html)"
91.122.98.76 - - [10/Sep/2021:02:57:38 +0000] "GET /enquiry.php HTTP/1.0" 200 61678 "https://scienocraft.com/enquiry.php" "Mozilla/5.0 (Windows NT 6.1; Win64; x64) AppleWebKit/537.36 (KHTML, like Gecko) Chrome/90.0.4427.0 Safari/537.36"
91.122.98.76 - - [10/Sep/2021:02:57:39 +0000] "POST /submit-enquiry.php HTTP/1.0" 200 139 "https://scienocraft.com/enquiry.php" "Mozilla/5.0 (Windows NT 6.1; Win64; x64) AppleWebKit/537.36 (KHTML, like Gecko) Chrome/90.0.4427.0 Safari/537.36"
91.122.98.76 - - [10/Sep/2021:02:57:43 +0000] "GET /ThankYou HTTP/1.0" 301 240 "https://www.scienocraft.com/ThankYou" "Mozilla/5.0 (Windows NT 6.1; Win64; x64) AppleWebKit/537.36 (KHTML, like Gecko) Chrome/90.0.4427.0 Safari/537.36"
91.122.98.76 - - [10/Sep/2021:02:57:44 +0000] "GET /ThankYou HTTP/1.0" 200 47516 "https://scienocraft.com/ThankYou" "Mozilla/5.0 (Windows NT 6.1; Win64; x64) AppleWebKit/537.36 (KHTML, like Gecko) Chrome/90.0.4427.0 Safari/537.36"
91.122.98.76 - - [10/Sep/2021:02:57:45 +0000] "GET /ThankYou HTTP/1.0" 200 47516 "https://scienocraft.com/ThankYou" "Mozilla/5.0 (Windows NT 6.1; Win64; x64) AppleWebKit/537.36 (KHTML, like Gecko) Chrome/90.0.4427.0 Safari/537.36"
52.48.205.242 - - [10/Sep/2021:02:57:48 +0000] "GET / HTTP/1.1" 301 232 "-" "Mozilla/5.0 (Macintosh; Intel Mac OS X 10_15_6) AppleWebKit/537.36 (KHTML, like Gecko) Chrome/84.0.4147.105 Safari/537.36"
52.48.205.242 - - [10/Sep/2021:02:57:48 +0000] "GET / HTTP/1.1" 200 63934 "-" "Mozilla/5.0 (Macintosh; Intel Mac OS X 10_15_6) AppleWebKit/537.36 (KHTML, like Gecko) Chrome/84.0.4147.105 Safari/537.36"
52.48.205.242 - - [10/Sep/2021:02:57:50 +0000] "GET /ContactUs HTTP/1.1" 301 241 "https://scienocraft.com/" "Mozilla/5.0 (Macintosh; Intel Mac OS X 10_15_6) AppleWebKit/537.36 (KHTML, like Gecko) Chrome/84.0.4147.105 Safari/537.36"
52.48.205.242 - - [10/Sep/2021:02:57:50 +0000] "GET /PrivacyPolicy HTTP/1.1" 301 245 "https://scienocraft.com/" "Mozilla/5.0 (Macintosh; Intel Mac OS X 10_15_6) AppleWebKit/537.36 (KHTML, like Gecko) Chrome/84.0.4147.105 Safari/537.36"
52.48.205.242 - - [10/Sep/2021:02:57:50 +0000] "GET /ContactUs HTTP/1.1" 200 49509 "https://scienocraft.com/" "Mozilla/5.0 (Macintosh; Intel Mac OS X 10_15_6) AppleWebKit/537.36 (KHTML, like Gecko) Chrome/84.0.4147.105 Safari/537.36"
52.48.205.242 - - [10/Sep/2021:02:57:51 +0000] "GET /PrivacyPolicy HTTP/1.1" 200 46411 "https://scienocraft.com/" "Mozilla/5.0 (Macintosh; Intel Mac OS X 10_15_6) AppleWebKit/537.36 (KHTML, like Gecko) Chrome/84.0.4147.105 Safari/537.36"
114.119.137.3 - - [10/Sep/2021:02:59:15 +0000] "GET /enquiry.php?pname=FRONT%20LOADING%20AUTOCLAVE%20AUTO%20%20%20/%20STI-121 HTTP/1.1" 200 61718 "-" "Mozilla/5.0 (Linux; Android 7.0;) AppleWebKit/537.36 (KHTML, like Gecko) Mobile Safari/537.36 (compatible; PetalBot;+https://webmaster.petalsearch.com/site/petalbot)"
188.122.82.146 - - [10/Sep/2021:03:01:47 +0000] "GET /ThankYou/ HTTP/1.0" 301 241 "http://scienocraft.com/ThankYou/" "Mozilla/5.0 (Windows NT 10.0; WOW64) AppleWebKit/537.36 (KHTML, like Gecko) Chrome/90.0.4400.8 Safari/537.36"
188.122.82.146 - - [10/Sep/2021:03:01:48 +0000] "GET /ThankYou/ HTTP/1.0" 404 207 "https://scienocraft.com/ThankYou/" "Mozilla/5.0 (Windows NT 10.0; WOW64) AppleWebKit/537.36 (KHTML, like Gecko) Chrome/90.0.4400.8 Safari/537.36"
188.122.82.146 - - [10/Sep/2021:03:01:49 +0000] "GET / HTTP/1.0" 200 63934 "https://scienocraft.com/" "Mozilla/5.0 (Windows NT 10.0; WOW64) AppleWebKit/537.36 (KHTML, like Gecko) Chrome/90.0.4400.8 Safari/537.36"
188.122.82.146 - - [10/Sep/2021:03:01:53 +0000] "GET /ContactUs HTTP/1.0" 301 241 "https://www.scienocraft.com/ContactUs" "Mozilla/5.0 (Windows NT 10.0; WOW64) AppleWebKit/537.36 (KHTML, like Gecko) Chrome/90.0.4400.8 Safari/537.36"
188.122.82.146 - - [10/Sep/2021:03:01:54 +0000] "GET /ContactUs HTTP/1.0" 200 49509 "https://scienocraft.com/ContactUs" "Mozilla/5.0 (Windows NT 10.0; WOW64) AppleWebKit/537.36 (KHTML, like Gecko) Chrome/90.0.4400.8 Safari/537.36"
114.119.137.45 - - [10/Sep/2021:03:08:34 +0000] "GET /enquiry.php?pname=SOXHLET%20EXTRACTION%20UNIT%20/STI-382 HTTP/1.1" 301 288 "-" "Mozilla/5.0 (Linux; Android 7.0;) AppleWebKit/537.36 (KHTML, like Gecko) Mobile Safari/537.36 (compatible; PetalBot;+https://webmaster.petalsearch.com/site/petalbot)"
114.119.137.45 - - [10/Sep/2021:03:08:34 +0000] "GET /enquiry.php?pname=SOXHLET%20EXTRACTION%20UNIT%20/STI-382 HTTP/1.1" 200 61710 "-" "Mozilla/5.0 (Linux; Android 7.0;) AppleWebKit/537.36 (KHTML, like Gecko) Mobile Safari/537.36 (compatible; PetalBot;+https://webmaster.petalsearch.com/site/petalbot)"
40.77.167.44 - - [10/Sep/2021:03:17:14 +0000] "GET /robots.txt HTTP/1.1" 404 208 "-" "Mozilla/5.0 (compatible; bingbot/2.0; +http://www.bing.com/bingbot.htm)"
40.77.167.44 - - [10/Sep/2021:03:17:15 +0000] "GET /robots.txt HTTP/1.1" 404 208 "-" "Mozilla/5.0 (compatible; bingbot/2.0; +http://www.bing.com/bingbot.htm)"
207.46.13.73 - - [10/Sep/2021:03:17:23 +0000] "GET /GROWTHCHAMBER(ENVIRONMENTALCHAMBER).html HTTP/1.1" 200 59830 "-" "Mozilla/5.0 (compatible; bingbot/2.0; +http://www.bing.com/bingbot.htm)"
114.119.137.238 - - [10/Sep/2021:03:18:06 +0000] "GET /enquiry.php?pname=DE%20HUMIDIFIER/STI-217 HTTP/1.1" 200 61699 "-" "Mozilla/5.0 (Linux; Android 7.0;) AppleWebKit/537.36 (KHTML, like Gecko) Mobile Safari/537.36 (compatible; PetalBot;+https://webmaster.petalsearch.com/site/petalbot)"
66.249.75.221 - - [10/Sep/2021:03:23:37 +0000] "GET /VACUUMOVENRECTANGULAR.html HTTP/1.1" 200 57720 "-" "Mozilla/5.0 (compatible; Googlebot/2.1; +http://www.google.com/bot.html)"
66.249.75.223 - - [10/Sep/2021:03:23:53 +0000] "GET /HOTAIROVENHIGHTEMP.html HTTP/1.1" 200 61257 "-" "Mozilla/5.0 (compatible; Googlebot/2.1; +http://www.google.com/bot.html)"
114.119.133.245 - - [10/Sep/2021:03:35:18 +0000] "GET /all-products.php?maincategory=Autoclave-%20%20%20%20%20%20%20%20%20%20%20%20%20%20%20%20%20%20%20%20%20%20%20%20%20%20%20%20%20%20%20%20%20%20%20%20%20%20%20%20%20%20%20%20%20%20%20%20%20%20%20%20%20%20%20%20%20%20%20%20%20%20%20%20%20%20%20%20%20%20%20%20%20%20%20%20%20%20%20%20%20%20%20%20%20%20%20%20%20%20%20%20%20%20%20%20%20%20%20%20%20%20%20%20%20%20%20%20%20%20%20%20%20Sterilization%20Equipments HTTP/1.1" 200 60657 "-" "Mozilla/5.0 (Linux; Android 7.0;) AppleWebKit/537.36 (KHTML, like Gecko) Mobile Safari/537.36 (compatible; PetalBot;+https://webmaster.petalsearch.com/site/petalbot)"
40.77.167.78 - - [10/Sep/2021:03:39:49 +0000] "GET /CODDIGESTIONAPPARATUS.html HTTP/1.1" 301 258 "-" "Mozilla/5.0 (compatible; bingbot/2.0; +http://www.bing.com/bingbot.htm)"
88.198.50.113 - - [10/Sep/2021:03:52:15 +0000] "GET / HTTP/1.1" 301 232 "-" "Mozilla/5.0 (Windows NT 10.0; Win64; x64) AppleWebKit/537.36 (KHTML, like Gecko) Chrome/92.0.4515.131 Safari/537.36"
88.198.50.113 - - [10/Sep/2021:03:52:16 +0000] "GET / HTTP/1.1" 200 63934 "-" "Mozilla/5.0 (Windows NT 10.0; Win64; x64) AppleWebKit/537.36 (KHTML, like Gecko) Chrome/92.0.4515.131 Safari/537.36"
88.198.50.113 - - [10/Sep/2021:03:52:16 +0000] "GET /slideshow/css/chopslider.css HTTP/1.1" 200 3425 "https://scienocraft.com/" "Mozilla/5.0 (Windows NT 10.0; Win64; x64) AppleWebKit/537.36 (KHTML, like Gecko) Chrome/92.0.4515.131 Safari/537.36"
88.198.50.113 - - [10/Sep/2021:03:52:16 +0000] "GET /home-right-menu/demo/demo.css HTTP/1.1" 200 940 "https://scienocraft.com/" "Mozilla/5.0 (Windows NT 10.0; Win64; x64) AppleWebKit/537.36 (KHTML, like Gecko) Chrome/92.0.4515.131 Safari/537.36"
88.198.50.113 - - [10/Sep/2021:03:52:16 +0000] "GET /style.css HTTP/1.1" 200 10311 "https://scienocraft.com/" "Mozilla/5.0 (Windows NT 10.0; Win64; x64) AppleWebKit/537.36 (KHTML, like Gecko) Chrome/92.0.4515.131 Safari/537.36"
88.198.50.113 - - [10/Sep/2021:03:52:16 +0000] "GET /menu/css/dcmegamenu.css HTTP/1.1" 200 2350 "https://scienocraft.com/" "Mozilla/5.0 (Windows NT 10.0; Win64; x64) AppleWebKit/537.36 (KHTML, like Gecko) Chrome/92.0.4515.131 Safari/537.36"
88.198.50.113 - - [10/Sep/2021:03:52:16 +0000] "GET /menu/css/skins/red.css HTTP/1.1" 200 3318 "https://scienocraft.com/" "Mozilla/5.0 (Windows NT 10.0; Win64; x64) AppleWebKit/537.36 (KHTML, like Gecko) Chrome/92.0.4515.131 Safari/537.36"
88.198.50.113 - - [10/Sep/2021:03:52:16 +0000] "GET /menu/css/skins/white.css HTTP/1.1" 200 3337 "https://scienocraft.com/" "Mozilla/5.0 (Windows NT 10.0; Win64; x64) AppleWebKit/537.36 (KHTML, like Gecko) Chrome/92.0.4515.131 Safari/537.36"
88.198.50.113 - - [10/Sep/2021:03:52:16 +0000] "GET /slideshow/js/jquery.id.chopslider-2.2.0.free.min.js HTTP/1.1" 200 43739 "https://scienocraft.com/" "Mozilla/5.0 (Windows NT 10.0; Win64; x64) AppleWebKit/537.36 (KHTML, like Gecko) Chrome/92.0.4515.131 Safari/537.36"
88.198.50.113 - - [10/Sep/2021:03:52:16 +0000] "GET /slideshow/js/main.js HTTP/1.1" 200 962 "https://scienocraft.com/" "Mozilla/5.0 (Windows NT 10.0; Win64; x64) AppleWebKit/537.36 (KHTML, like Gecko) Chrome/92.0.4515.131 Safari/537.36"
88.198.50.113 - - [10/Sep/2021:03:52:16 +0000] "GET /menu/js/jquery.hoverIntent.minified.js HTTP/1.1" 200 1606 "https://scienocraft.com/" "Mozilla/5.0 (Windows NT 10.0; Win64; x64) AppleWebKit/537.36 (KHTML, like Gecko) Chrome/92.0.4515.131 Safari/537.36"
88.198.50.113 - - [10/Sep/2021:03:52:16 +0000] "GET /menu/js/jquery.dcmegamenu.1.2.js HTTP/1.1" 200 4832 "https://scienocraft.com/" "Mozilla/5.0 (Windows NT 10.0; Win64; x64) AppleWebKit/537.36 (KHTML, like Gecko) Chrome/92.0.4515.131 Safari/537.36"
88.198.50.113 - - [10/Sep/2021:03:52:16 +0000] "GET /slideshow/js/jquery.id.cstransitions-1.2.min.js HTTP/1.1" 200 72462 "https://scienocraft.com/" "Mozilla/5.0 (Windows NT 10.0; Win64; x64) AppleWebKit/537.36 (KHTML, like Gecko) Chrome/92.0.4515.131 Safari/537.36"
88.198.50.113 - - [10/Sep/2021:03:52:17 +0000] "GET /slideshow/slide_images/2.jpg HTTP/1.1" 200 54289 "https://scienocraft.com/" "Mozilla/5.0 (Windows NT 10.0; Win64; x64) AppleWebKit/537.36 (KHTML, like Gecko) Chrome/92.0.4515.131 Safari/537.36"
88.198.50.113 - - [10/Sep/2021:03:52:17 +0000] "GET /slideshow/slide_images/9.jpg HTTP/1.1" 200 218806 "https://scienocraft.com/" "Mozilla/5.0 (Windows NT 10.0; Win64; x64) AppleWebKit/537.36 (KHTML, like Gecko) Chrome/92.0.4515.131 Safari/537.36"
88.198.50.113 - - [10/Sep/2021:03:52:17 +0000] "GET /slideshow/slide_images/5.jpg HTTP/1.1" 200 57184 "https://scienocraft.com/" "Mozilla/5.0 (Windows NT 10.0; Win64; x64) AppleWebKit/537.36 (KHTML, like Gecko) Chrome/92.0.4515.131 Safari/537.36"
88.198.50.113 - - [10/Sep/2021:03:52:17 +0000] "GET /images/logo.png HTTP/1.1" 200 39326 "https://scienocraft.com/style.css" "Mozilla/5.0 (Windows NT 10.0; Win64; x64) AppleWebKit/537.36 (KHTML, like Gecko) Chrome/92.0.4515.131 Safari/537.36"
88.198.50.113 - - [10/Sep/2021:03:52:17 +0000] "GET /slideshow/slide_images/1.jpg HTTP/1.1" 200 55698 "https://scienocraft.com/" "Mozilla/5.0 (Windows NT 10.0; Win64; x64) AppleWebKit/537.36 (KHTML, like Gecko) Chrome/92.0.4515.131 Safari/537.36"
88.198.50.113 - - [10/Sep/2021:03:52:17 +0000] "GET /menu/css/skins/images/bg_red.png HTTP/1.1" 200 12330 "https://scienocraft.com/menu/css/skins/red.css" "Mozilla/5.0 (Windows NT 10.0; Win64; x64) AppleWebKit/537.36 (KHTML, like Gecko) Chrome/92.0.4515.131 Safari/537.36"
88.198.50.113 - - [10/Sep/2021:03:52:17 +0000] "GET /slideshow/slide_images/8.jpg HTTP/1.1" 200 214287 "https://scienocraft.com/" "Mozilla/5.0 (Windows NT 10.0; Win64; x64) AppleWebKit/537.36 (KHTML, like Gecko) Chrome/92.0.4515.131 Safari/537.36"
88.198.50.113 - - [10/Sep/2021:03:52:17 +0000] "GET /images/hdrBg.png HTTP/1.1" 200 10655 "https://scienocraft.com/style.css" "Mozilla/5.0 (Windows NT 10.0; Win64; x64) AppleWebKit/537.36 (KHTML, like Gecko) Chrome/92.0.4515.131 Safari/537.36"
88.198.50.113 - - [10/Sep/2021:03:52:17 +0000] "GET /slideshow/images/podium.png HTTP/1.1" 200 23317 "https://scienocraft.com/slideshow/css/chopslider.css" "Mozilla/5.0 (Windows NT 10.0; Win64; x64) AppleWebKit/537.36 (KHTML, like Gecko) Chrome/92.0.4515.131 Safari/537.36"
88.198.50.113 - - [10/Sep/2021:03:52:17 +0000] "GET /menu/css/skins/red.css HTTP/1.1" 200 3318 "https://scienocraft.com/menu/css/skins/red.css" "Mozilla/5.0 (Windows NT 10.0; Win64; x64) AppleWebKit/537.36 (KHTML, like Gecko) Chrome/92.0.4515.131 Safari/537.36"
88.198.50.113 - - [10/Sep/2021:03:52:17 +0000] "GET /slideshow/slide_images/7.jpg HTTP/1.1" 200 289484 "https://scienocraft.com/" "Mozilla/5.0 (Windows NT 10.0; Win64; x64) AppleWebKit/537.36 (KHTML, like Gecko) Chrome/92.0.4515.131 Safari/537.36"
88.198.50.113 - - [10/Sep/2021:03:52:17 +0000] "GET /slideshow/images/shadow.png HTTP/1.1" 200 7683 "https://scienocraft.com/slideshow/css/chopslider.css" "Mozilla/5.0 (Windows NT 10.0; Win64; x64) AppleWebKit/537.36 (KHTML, like Gecko) Chrome/92.0.4515.131 Safari/537.36"
88.198.50.113 - - [10/Sep/2021:03:52:17 +0000] "GET /slideshow/images/navi.png HTTP/1.1" 200 1576 "https://scienocraft.com/slideshow/css/chopslider.css" "Mozilla/5.0 (Windows NT 10.0; Win64; x64) AppleWebKit/537.36 (KHTML, like Gecko) Chrome/92.0.4515.131 Safari/537.36"
88.198.50.113 - - [10/Sep/2021:03:52:17 +0000] "GET /slideshow/images/sl-control.png HTTP/1.1" 200 3006 "https://scienocraft.com/slideshow/css/chopslider.css" "Mozilla/5.0 (Windows NT 10.0; Win64; x64) AppleWebKit/537.36 (KHTML, like Gecko) Chrome/92.0.4515.131 Safari/537.36"
88.198.50.113 - - [10/Sep/2021:03:52:17 +0000] "GET /menu/css/skins/images/arrow.png HTTP/1.1" 200 237 "https://scienocraft.com/menu/css/skins/red.css" "Mozilla/5.0 (Windows NT 10.0; Win64; x64) AppleWebKit/537.36 (KHTML, like Gecko) Chrome/92.0.4515.131 Safari/537.36"
88.198.50.113 - - [10/Sep/2021:03:52:17 +0000] "GET /menu/css/skins/images/bg_sub_left.png HTTP/1.1" 200 719 "https://scienocraft.com/menu/css/skins/red.css" "Mozilla/5.0 (Windows NT 10.0; Win64; x64) AppleWebKit/537.36 (KHTML, like Gecko) Chrome/92.0.4515.131 Safari/537.36"
88.198.50.113 - - [10/Sep/2021:03:52:17 +0000] "GET /menu/css/skins/images/bg_sub.png HTTP/1.1" 200 8848 "https://scienocraft.com/menu/css/skins/red.css" "Mozilla/5.0 (Windows NT 10.0; Win64; x64) AppleWebKit/537.36 (KHTML, like Gecko) Chrome/92.0.4515.131 Safari/537.36"
88.198.50.113 - - [10/Sep/2021:03:52:18 +0000] "GET /menu/css/skins/images/arrow_off.png HTTP/1.1" 200 168 "https://scienocraft.com/menu/css/skins/red.css" "Mozilla/5.0 (Windows NT 10.0; Win64; x64) AppleWebKit/537.36 (KHTML, like Gecko) Chrome/92.0.4515.131 Safari/537.36"
88.198.50.113 - - [10/Sep/2021:03:52:18 +0000] "GET /menu/css/skins/images/bg_mega_hdr.png HTTP/1.1" 200 2984 "https://scienocraft.com/menu/css/skins/red.css" "Mozilla/5.0 (Windows NT 10.0; Win64; x64) AppleWebKit/537.36 (KHTML, like Gecko) Chrome/92.0.4515.131 Safari/537.36"
88.198.50.113 - - [10/Sep/2021:03:52:18 +0000] "GET /slideshow/slide_images/4.jpg HTTP/1.1" 200 57483 "https://scienocraft.com/" "Mozilla/5.0 (Windows NT 10.0; Win64; x64) AppleWebKit/537.36 (KHTML, like Gecko) Chrome/92.0.4515.131 Safari/537.36"
88.198.50.113 - - [10/Sep/2021:03:52:18 +0000] "GET /slideshow/slide_images/3.jpg HTTP/1.1" 200 66152 "https://scienocraft.com/" "Mozilla/5.0 (Windows NT 10.0; Win64; x64) AppleWebKit/537.36 (KHTML, like Gecko) Chrome/92.0.4515.131 Safari/537.36"
88.198.50.113 - - [10/Sep/2021:03:52:18 +0000] "GET /slideshow/slide_images/10.jpg HTTP/1.1" 200 88431 "https://scienocraft.com/" "Mozilla/5.0 (Windows NT 10.0; Win64; x64) AppleWebKit/537.36 (KHTML, like Gecko) Chrome/92.0.4515.131 Safari/537.36"
88.198.50.113 - - [10/Sep/2021:03:52:18 +0000] "GET /galleryimg/d3a3925237fb7c68063de73cda8dd209.jpg HTTP/1.1" 200 22450 "https://scienocraft.com/" "Mozilla/5.0 (Windows NT 10.0; Win64; x64) AppleWebKit/537.36 (KHTML, like Gecko) Chrome/92.0.4515.131 Safari/537.36"
88.198.50.113 - - [10/Sep/2021:03:52:18 +0000] "GET /galleryimg/b09ccf468f4ad1b9dd71716a97226ab0.jpg HTTP/1.1" 200 17840 "https://scienocraft.com/" "Mozilla/5.0 (Windows NT 10.0; Win64; x64) AppleWebKit/537.36 (KHTML, like Gecko) Chrome/92.0.4515.131 Safari/537.36"
88.198.50.113 - - [10/Sep/2021:03:52:18 +0000] "GET /galleryimg/01a2c951ee4f6adf9c5f1196fc456156.jpg HTTP/1.1" 200 51145 "https://scienocraft.com/" "Mozilla/5.0 (Windows NT 10.0; Win64; x64) AppleWebKit/537.36 (KHTML, like Gecko) Chrome/92.0.4515.131 Safari/537.36"
88.198.50.113 - - [10/Sep/2021:03:52:18 +0000] "GET /galleryimg/c9ba59b540a324113e7238461135676c.png HTTP/1.1" 200 37091 "https://scienocraft.com/" "Mozilla/5.0 (Windows NT 10.0; Win64; x64) AppleWebKit/537.36 (KHTML, like Gecko) Chrome/92.0.4515.131 Safari/537.36"
88.198.50.113 - - [10/Sep/2021:03:52:18 +0000] "GET /galleryimg/76c41dae07c37a1a805472d6cbec3912.jpg HTTP/1.1" 200 9919 "https://scienocraft.com/" "Mozilla/5.0 (Windows NT 10.0; Win64; x64) AppleWebKit/537.36 (KHTML, like Gecko) Chrome/92.0.4515.131 Safari/537.36"
88.198.50.113 - - [10/Sep/2021:03:52:18 +0000] "GET /galleryimg/2d0b44034f1808c4f3eba762e554364e.jpg HTTP/1.1" 200 15754 "https://scienocraft.com/" "Mozilla/5.0 (Windows NT 10.0; Win64; x64) AppleWebKit/537.36 (KHTML, like Gecko) Chrome/92.0.4515.131 Safari/537.36"
88.198.50.113 - - [10/Sep/2021:03:52:18 +0000] "GET /galleryimg/47467d9e32ed9eda0c36d6b71bf9de6c.jpg HTTP/1.1" 200 36374 "https://scienocraft.com/" "Mozilla/5.0 (Windows NT 10.0; Win64; x64) AppleWebKit/537.36 (KHTML, like Gecko) Chrome/92.0.4515.131 Safari/537.36"
88.198.50.113 - - [10/Sep/2021:03:52:18 +0000] "GET /galleryimg/cff3a39079eb64c46636c6c70852cd26.jpg HTTP/1.1" 200 74488 "https://scienocraft.com/" "Mozilla/5.0 (Windows NT 10.0; Win64; x64) AppleWebKit/537.36 (KHTML, like Gecko) Chrome/92.0.4515.131 Safari/537.36"
88.198.50.113 - - [10/Sep/2021:03:52:18 +0000] "GET /galleryimg/c53597be4f7ca24e2f9a840590c388e9.png HTTP/1.1" 200 233609 "https://scienocraft.com/" "Mozilla/5.0 (Windows NT 10.0; Win64; x64) AppleWebKit/537.36 (KHTML, like Gecko) Chrome/92.0.4515.131 Safari/537.36"
88.198.50.113 - - [10/Sep/2021:03:52:18 +0000] "GET /galleryimg/e3c1ec12e8698e9e63dd5b77d245b828.jpg HTTP/1.1" 200 48637 "https://scienocraft.com/" "Mozilla/5.0 (Windows NT 10.0; Win64; x64) AppleWebKit/537.36 (KHTML, like Gecko) Chrome/92.0.4515.131 Safari/537.36"
88.198.50.113 - - [10/Sep/2021:03:52:18 +0000] "GET /galleryimg/1c66bd33489bfd15756d2787eead2f4a.png HTTP/1.1" 200 132326 "https://scienocraft.com/" "Mozilla/5.0 (Windows NT 10.0; Win64; x64) AppleWebKit/537.36 (KHTML, like Gecko) Chrome/92.0.4515.131 Safari/537.36"
88.198.50.113 - - [10/Sep/2021:03:52:18 +0000] "GET /images/Catalog-Icon.jpg HTTP/1.1" 200 33821 "https://scienocraft.com/" "Mozilla/5.0 (Windows NT 10.0; Win64; x64) AppleWebKit/537.36 (KHTML, like Gecko) Chrome/92.0.4515.131 Safari/537.36"
88.198.50.113 - - [10/Sep/2021:03:52:18 +0000] "GET /images/awards-banner.jpg HTTP/1.1" 200 39595 "https://scienocraft.com/" "Mozilla/5.0 (Windows NT 10.0; Win64; x64) AppleWebKit/537.36 (KHTML, like Gecko) Chrome/92.0.4515.131 Safari/537.36"
88.198.50.113 - - [10/Sep/2021:03:52:18 +0000] "GET /images/corporate-prasentation.jpg HTTP/1.1" 200 34150 "https://scienocraft.com/" "Mozilla/5.0 (Windows NT 10.0; Win64; x64) AppleWebKit/537.36 (KHTML, like Gecko) Chrome/92.0.4515.131 Safari/537.36"
88.198.50.113 - - [10/Sep/2021:03:52:18 +0000] "GET /images/facebook.png HTTP/1.1" 200 2418 "https://scienocraft.com/" "Mozilla/5.0 (Windows NT 10.0; Win64; x64) AppleWebKit/537.36 (KHTML, like Gecko) Chrome/92.0.4515.131 Safari/537.36"
88.198.50.113 - - [10/Sep/2021:03:52:18 +0000] "GET /galleryimg/a85a8e1ca674a5ab053361a54f89356f.jpg HTTP/1.1" 200 193140 "https://scienocraft.com/" "Mozilla/5.0 (Windows NT 10.0; Win64; x64) AppleWebKit/537.36 (KHTML, like Gecko) Chrome/92.0.4515.131 Safari/537.36"
88.198.50.113 - - [10/Sep/2021:03:52:18 +0000] "GET /images/RSS.png HTTP/1.1" 200 3206 "https://scienocraft.com/" "Mozilla/5.0 (Windows NT 10.0; Win64; x64) AppleWebKit/537.36 (KHTML, like Gecko) Chrome/92.0.4515.131 Safari/537.36"
88.198.50.113 - - [10/Sep/2021:03:52:18 +0000] "GET /images/Twitter.png HTTP/1.1" 200 2479 "https://scienocraft.com/" "Mozilla/5.0 (Windows NT 10.0; Win64; x64) AppleWebKit/537.36 (KHTML, like Gecko) Chrome/92.0.4515.131 Safari/537.36"
88.198.50.113 - - [10/Sep/2021:03:52:22 +0000] "GET /slideshow/slide_images/1.jpg HTTP/1.1" 200 55698 "https://scienocraft.com/" "Mozilla/5.0 (Windows NT 10.0; Win64; x64) AppleWebKit/537.36 (KHTML, like Gecko) Chrome/92.0.4515.131 Safari/537.36"
88.198.50.113 - - [10/Sep/2021:03:52:22 +0000] "GET /slideshow/slide_images/9.jpg HTTP/1.1" 200 218806 "https://scienocraft.com/" "Mozilla/5.0 (Windows NT 10.0; Win64; x64) AppleWebKit/537.36 (KHTML, like Gecko) Chrome/92.0.4515.131 Safari/537.36"
114.119.137.43 - - [10/Sep/2021:03:53:48 +0000] "GET /CO2INCUBATORAIRJACKETEDHEATINGCUMHUMIDITY.html HTTP/1.1" 301 278 "-" "Mozilla/5.0 (Linux; Android 7.0;) AppleWebKit/537.36 (KHTML, like Gecko) Mobile Safari/537.36 (compatible; PetalBot;+https://webmaster.petalsearch.com/site/petalbot)"
114.119.137.43 - - [10/Sep/2021:03:53:49 +0000] "GET /CO2INCUBATORAIRJACKETEDHEATINGCUMHUMIDITY.html HTTP/1.1" 200 60548 "-" "Mozilla/5.0 (Linux; Android 7.0;) AppleWebKit/537.36 (KHTML, like Gecko) Mobile Safari/537.36 (compatible; PetalBot;+https://webmaster.petalsearch.com/site/petalbot)"
114.119.137.3 - - [10/Sep/2021:04:03:50 +0000] "GET /FRONTLOADINGAUTOCLAVE-VACUUM,STERILIZATION,DRYCYCLE.html HTTP/1.1" 200 54982 "-" "Mozilla/5.0 (Linux; Android 7.0;) AppleWebKit/537.36 (KHTML, like Gecko) Mobile Safari/537.36 (compatible; PetalBot;+https://webmaster.petalsearch.com/site/petalbot)"
131.220.6.152 - - [10/Sep/2021:04:05:37 +0000] "GET / HTTP/1.1" 200 63934 "-" "Mozilla/5.0 (X11; Linux x86_64) AppleWebKit/537.36 (KHTML, like Gecko) Chrome/79.0.3945.79 Safari/537.36"
54.36.148.95 - - [10/Sep/2021:04:06:32 +0000] "GET / HTTP/1.1" 200 63934 "-" "Mozilla/5.0 (compatible; AhrefsBot/7.0; +http://ahrefs.com/robot/)"
114.119.137.252 - - [10/Sep/2021:04:12:07 +0000] "GET /enquiry.php?pname=STABILITY%20CHAMBER/STI-198 HTTP/1.1" 200 61703 "-" "Mozilla/5.0 (Linux; Android 7.0;) AppleWebKit/537.36 (KHTML, like Gecko) Mobile Safari/537.36 (compatible; PetalBot;+https://webmaster.petalsearch.com/site/petalbot)"
45.148.125.196 - - [10/Sep/2021:04:21:29 +0000] "GET /ThankYou/ HTTP/1.0" 301 241 "http://scienocraft.com/ThankYou/" "Mozilla/5.0 (Windows NT 6.3; Win64; x64) AppleWebKit/537.36 (KHTML, like Gecko) Chrome/90.0.4430.93 Safari/537.36"
45.148.125.196 - - [10/Sep/2021:04:21:30 +0000] "GET /ThankYou/ HTTP/1.0" 404 207 "https://scienocraft.com/ThankYou/" "Mozilla/5.0 (Windows NT 6.3; Win64; x64) AppleWebKit/537.36 (KHTML, like Gecko) Chrome/90.0.4430.93 Safari/537.36"
45.148.125.196 - - [10/Sep/2021:04:21:31 +0000] "GET / HTTP/1.0" 200 63934 "https://scienocraft.com/" "Mozilla/5.0 (Windows NT 6.3; Win64; x64) AppleWebKit/537.36 (KHTML, like Gecko) Chrome/90.0.4430.93 Safari/537.36"
45.148.125.196 - - [10/Sep/2021:04:21:32 +0000] "GET /ContactUs HTTP/1.0" 301 241 "https://www.scienocraft.com/ContactUs" "Mozilla/5.0 (Windows NT 6.3; Win64; x64) AppleWebKit/537.36 (KHTML, like Gecko) Chrome/90.0.4430.93 Safari/537.36"
45.148.125.196 - - [10/Sep/2021:04:21:33 +0000] "GET /ContactUs HTTP/1.0" 200 49509 "https://scienocraft.com/ContactUs" "Mozilla/5.0 (Windows NT 6.3; Win64; x64) AppleWebKit/537.36 (KHTML, like Gecko) Chrome/90.0.4430.93 Safari/537.36"
114.119.137.45 - - [10/Sep/2021:04:22:19 +0000] "GET /enquiry.php?pname=KJELDAHL%20DIGESTION%20UNIT%20%20%20/STI-384 HTTP/1.1" 200 61712 "-" "Mozilla/5.0 (Linux; Android 7.0;) AppleWebKit/537.36 (KHTML, like Gecko) Mobile Safari/537.36 (compatible; PetalBot;+https://webmaster.petalsearch.com/site/petalbot)"
185.191.171.1 - - [10/Sep/2021:04:32:22 +0000] "GET /robots.txt HTTP/1.1" 404 208 "-" "Mozilla/5.0 (compatible; SemrushBot/7~bl; +http://www.semrush.com/bot.html)"
185.191.171.23 - - [10/Sep/2021:04:32:24 +0000] "GET /all-products.php?maincategory=TEST%20CHAMBERS HTTP/1.1" 200 54488 "-" "Mozilla/5.0 (compatible; SemrushBot/7~bl; +http://www.semrush.com/bot.html)"
66.249.75.221 - - [10/Sep/2021:04:42:15 +0000] "GET /robots.txt HTTP/1.1" 404 208 "-" "Mozilla/5.0 (compatible; Googlebot/2.1; +http://www.google.com/bot.html)"
66.249.75.223 - - [10/Sep/2021:04:42:16 +0000] "GET /BIOSAFETYCABINETCLASSIIA.html HTTP/1.1" 200 64274 "-" "Mozilla/5.0 (compatible; Googlebot/2.1; +http://www.google.com/bot.html)"
5.102.173.71 - - [10/Sep/2021:04:44:31 +0000] "GET /robots.txt HTTP/1.1" 301 246 "-" "Mozilla/5.0 (compatible; MojeekBot/0.10; +https://www.mojeek.com/bot.html)"
5.102.173.71 - - [10/Sep/2021:04:44:31 +0000] "GET /AUTOCLAVEVERTICALSTANDARDMODEL.html HTTP/1.1" 301 271 "-" "Mozilla/5.0 (compatible; MojeekBot/0.10; +https://www.mojeek.com/bot.html)"
20.51.215.173 - - [10/Sep/2021:04:45:23 +0000] "GET /.env HTTP/1.1" 404 202 "-" "Mozilla/5.0 (Linux; U; Android 4.4.2; en-US; HM NOTE 1W Build/KOT49H) AppleWebKit/534.30 (KHTML, like Gecko) Version/4.0 UCBrowser/11.0.5.850 U3/0.8.0 Mobile Safari/534.30"
20.51.215.173 - - [10/Sep/2021:04:45:37 +0000] "POST / HTTP/1.1" 200 63934 "-" "Mozilla/5.0 (Linux; U; Android 4.4.2; en-US; HM NOTE 1W Build/KOT49H) AppleWebKit/534.30 (KHTML, like Gecko) Version/4.0 UCBrowser/11.0.5.850 U3/0.8.0 Mobile Safari/534.30"
20.51.215.173 - - [10/Sep/2021:04:45:52 +0000] "GET /vendor/phpunit/phpunit/src/Util/PHP/eval-stdin.php HTTP/1.1" 404 248 "-" "python-requests/2.26.0"
114.119.137.252 - - [10/Sep/2021:04:50:16 +0000] "GET /robots.txt HTTP/1.1" 404 208 "-" "Mozilla/5.0 (compatible;PetalBot;+https://webmaster.petalsearch.com/site/petalbot)"
66.249.75.223 - - [10/Sep/2021:04:52:10 +0000] "GET /WATERDISTILLATIONAPPARATUS(DELUXEMODEL).html HTTP/1.1" 200 53920 "-" "Mozilla/5.0 (compatible; Googlebot/2.1; +http://www.google.com/bot.html)"
114.119.137.238 - - [10/Sep/2021:04:58:03 +0000] "GET /enquiry.php?pname=GROWTH%20CHAMBER%20(ENVIRONMENTAL%20CHAMBER)/STI-186 HTTP/1.1" 301 302 "-" "Mozilla/5.0 (Linux; Android 7.0;) AppleWebKit/537.36 (KHTML, like Gecko) Mobile Safari/537.36 (compatible; PetalBot;+https://webmaster.petalsearch.com/site/petalbot)"
114.119.137.238 - - [10/Sep/2021:04:58:04 +0000] "GET /enquiry.php?pname=GROWTH%20CHAMBER%20(ENVIRONMENTAL%20CHAMBER)/STI-186 HTTP/1.1" 200 61724 "-" "Mozilla/5.0 (Linux; Android 7.0;) AppleWebKit/537.36 (KHTML, like Gecko) Mobile Safari/537.36 (compatible; PetalBot;+https://webmaster.petalsearch.com/site/petalbot)"
114.119.137.3 - - [10/Sep/2021:05:08:32 +0000] "GET /MULTIMAGNETICSTIRRER.html HTTP/1.1" 301 257 "-" "Mozilla/5.0 (Linux; Android 7.0;) AppleWebKit/537.36 (KHTML, like Gecko) Mobile Safari/537.36 (compatible; PetalBot;+https://webmaster.petalsearch.com/site/petalbot)"
114.119.137.3 - - [10/Sep/2021:05:08:32 +0000] "GET /MULTIMAGNETICSTIRRER.html HTTP/1.1" 200 54119 "-" "Mozilla/5.0 (Linux; Android 7.0;) AppleWebKit/537.36 (KHTML, like Gecko) Mobile Safari/537.36 (compatible; PetalBot;+https://webmaster.petalsearch.com/site/petalbot)"
207.46.13.171 - - [10/Sep/2021:05:10:08 +0000] "GET /FRONTLOADINGAUTOCLAVEAUTO.html HTTP/1.1" 200 58927 "-" "Mozilla/5.0 (compatible; bingbot/2.0; +http://www.bing.com/bingbot.htm)"
114.119.137.238 - - [10/Sep/2021:05:16:06 +0000] "GET /VACUUMCUMPRESSUREPUMP(MONOBLOCK).html HTTP/1.1" 301 269 "-" "Mozilla/5.0 (Linux; Android 7.0;) AppleWebKit/537.36 (KHTML, like Gecko) Mobile Safari/537.36 (compatible; PetalBot;+https://webmaster.petalsearch.com/site/petalbot)"
114.119.137.238 - - [10/Sep/2021:05:16:06 +0000] "GET /VACUUMCUMPRESSUREPUMP(MONOBLOCK).html HTTP/1.1" 200 51828 "-" "Mozilla/5.0 (Linux; Android 7.0;) AppleWebKit/537.36 (KHTML, like Gecko) Mobile Safari/537.36 (compatible; PetalBot;+https://webmaster.petalsearch.com/site/petalbot)"
114.119.137.252 - - [10/Sep/2021:05:25:07 +0000] "GET /enquiry.php?pname=DIGITAL%20COLONY%20COUNTER/STI-213 HTTP/1.1" 301 284 "-" "Mozilla/5.0 (Linux; Android 7.0;) AppleWebKit/537.36 (KHTML, like Gecko) Mobile Safari/537.36 (compatible; PetalBot;+https://webmaster.petalsearch.com/site/petalbot)"
114.119.137.252 - - [10/Sep/2021:05:25:08 +0000] "GET /enquiry.php?pname=DIGITAL%20COLONY%20COUNTER/STI-213 HTTP/1.1" 200 61708 "-" "Mozilla/5.0 (Linux; Android 7.0;) AppleWebKit/537.36 (KHTML, like Gecko) Mobile Safari/537.36 (compatible; PetalBot;+https://webmaster.petalsearch.com/site/petalbot)"
17.121.114.95 - - [10/Sep/2021:05:33:47 +0000] "GET /robots.txt HTTP/1.1" 404 208 "-" "Mozilla/5.0 (Macintosh; Intel Mac OS X 10_15_5) AppleWebKit/605.1.15 (KHTML, like Gecko) Version/13.1.1 Safari/605.1.15 (Applebot/0.1; +http://www.apple.com/go/applebot)"
17.121.114.95 - - [10/Sep/2021:05:33:48 +0000] "GET /slideshow/slide_images/1.jpg HTTP/1.1" 200 55698 "-" "Mozilla/5.0 (Macintosh; Intel Mac OS X 10_15_5) AppleWebKit/605.1.15 (KHTML, like Gecko) Version/13.1.1 Safari/605.1.15 (Applebot/0.1; +http://www.apple.com/go/applebot)"
114.119.137.3 - - [10/Sep/2021:05:34:22 +0000] "GET /LABPULVERISORDISCTYPE.html HTTP/1.1" 301 258 "-" "Mozilla/5.0 (Linux; Android 7.0;) AppleWebKit/537.36 (KHTML, like Gecko) Mobile Safari/537.36 (compatible; PetalBot;+https://webmaster.petalsearch.com/site/petalbot)"
114.119.137.3 - - [10/Sep/2021:05:34:22 +0000] "GET /LABPULVERISORDISCTYPE.html HTTP/1.1" 200 50405 "-" "Mozilla/5.0 (Linux; Android 7.0;) AppleWebKit/537.36 (KHTML, like Gecko) Mobile Safari/537.36 (compatible; PetalBot;+https://webmaster.petalsearch.com/site/petalbot)"
157.55.39.18 - - [10/Sep/2021:05:44:10 +0000] "GET /robots.txt HTTP/1.1" 301 242 "-" "Mozilla/5.0 (compatible; bingbot/2.0; +http://www.bing.com/bingbot.htm)"
157.55.39.18 - - [10/Sep/2021:05:44:11 +0000] "GET /robots.txt HTTP/1.1" 404 208 "-" "Mozilla/5.0 (compatible; bingbot/2.0; +http://www.bing.com/bingbot.htm)"
40.77.167.57 - - [10/Sep/2021:05:45:21 +0000] "GET /certification.php HTTP/1.1" 301 249 "-" "Mozilla/5.0 (compatible; bingbot/2.0; +http://www.bing.com/bingbot.htm)"
40.77.167.57 - - [10/Sep/2021:05:45:22 +0000] "GET /certification.php HTTP/1.1" 200 47752 "-" "Mozilla/5.0 (compatible; bingbot/2.0; +http://www.bing.com/bingbot.htm)"
103.209.65.12 - - [10/Sep/2021:05:45:37 +0000] "GET /ThankYou/ HTTP/1.0" 301 241 "http://scienocraft.com/ThankYou/" "Mozilla/5.0 (Windows NT 6.1; Win64; x64) AppleWebKit/537.36 (KHTML, like Gecko) Chrome/90.0.4430.93 Safari/537.36"
66.249.75.192 - - [10/Sep/2021:05:46:10 +0000] "GET /certification.php HTTP/1.1" 200 47752 "-" "Mozilla/5.0 (compatible; Googlebot/2.1; +http://www.google.com/bot.html)"
114.119.137.38 - - [10/Sep/2021:05:53:20 +0000] "GET /enquiry.php?pname=CONDITIONING%20CHAMBER%20OR%20HIGH%20LOW%20THERMAL%20CHAMBER/STI-181%20A HTTP/1.1" 200 61736 "-" "Mozilla/5.0 (Linux; Android 7.0;) AppleWebKit/537.36 (KHTML, like Gecko) Mobile Safari/537.36 (compatible; PetalBot;+https://webmaster.petalsearch.com/site/petalbot)"
66.249.75.192 - - [10/Sep/2021:06:03:52 +0000] "GET / HTTP/1.1" 200 63934 "-" "Mozilla/5.0 (compatible; Googlebot/2.1; +http://www.google.com/bot.html)"
207.46.13.171 - - [10/Sep/2021:06:09:54 +0000] "GET /SALTSPRAYCHAMBER.html HTTP/1.1" 200 60694 "-" "Mozilla/5.0 (compatible; bingbot/2.0; +http://www.bing.com/bingbot.htm)"
114.119.133.245 - - [10/Sep/2021:06:18:08 +0000] "GET /enquiry.php?pname=H.P.%20RECTANGULAR%20HORIZONTAL%20STERLIZER%20/(STI-119) HTTP/1.1" 200 61726 "-" "Mozilla/5.0 (Linux; Android 7.0;) AppleWebKit/537.36 (KHTML, like Gecko) Mobile Safari/537.36 (compatible; PetalBot;+https://webmaster.petalsearch.com/site/petalbot)"
207.46.13.171 - - [10/Sep/2021:06:23:05 +0000] "GET /ROTARYFLASKSHAKER.html HTTP/1.1" 301 254 "-" "Mozilla/5.0 (compatible; bingbot/2.0; +http://www.bing.com/bingbot.htm)"
114.119.137.238 - - [10/Sep/2021:06:38:17 +0000] "GET /enquiry.php?pname=TISSUE%20FLOTATION%20BATH/STI-139 HTTP/1.1" 301 283 "-" "Mozilla/5.0 (Linux; Android 7.0;) AppleWebKit/537.36 (KHTML, like Gecko) Mobile Safari/537.36 (compatible; PetalBot;+https://webmaster.petalsearch.com/site/petalbot)"
114.119.137.238 - - [10/Sep/2021:06:38:17 +0000] "GET /enquiry.php?pname=TISSUE%20FLOTATION%20BATH/STI-139 HTTP/1.1" 200 61707 "-" "Mozilla/5.0 (Linux; Android 7.0;) AppleWebKit/537.36 (KHTML, like Gecko) Mobile Safari/537.36 (compatible; PetalBot;+https://webmaster.petalsearch.com/site/petalbot)"
34.139.195.53 - - [10/Sep/2021:06:44:00 +0000] "GET /robots.txt HTTP/1.0" 301 246 "-" "ZoominfoBot (zoominfobot at zoominfo dot com)"
34.139.195.53 - - [10/Sep/2021:06:44:01 +0000] "GET /robots.txt HTTP/1.1" 301 242 "-" "ZoominfoBot (zoominfobot at zoominfo dot com)"
34.139.195.53 - - [10/Sep/2021:06:44:02 +0000] "GET /robots.txt HTTP/1.1" 404 208 "-" "ZoominfoBot (zoominfobot at zoominfo dot com)"
34.139.195.53 - - [10/Sep/2021:06:44:02 +0000] "GET / HTTP/1.0" 301 236 "-" "ZoominfoBot (zoominfobot at zoominfo dot com)"
34.139.195.53 - - [10/Sep/2021:06:44:03 +0000] "GET /robots.txt HTTP/1.0" 301 242 "-" "ZoominfoBot (zoominfobot at zoominfo dot com)"
34.139.195.53 - - [10/Sep/2021:06:44:03 +0000] "GET /robots.txt HTTP/1.1" 404 208 "-" "ZoominfoBot (zoominfobot at zoominfo dot com)"
34.139.195.53 - - [10/Sep/2021:06:44:04 +0000] "GET / HTTP/1.0" 301 232 "-" "ZoominfoBot (zoominfobot at zoominfo dot com)"
17.121.115.142 - - [10/Sep/2021:06:44:19 +0000] "GET /images/products.jpg HTTP/1.1" 200 38275 "-" "Mozilla/5.0 (Macintosh; Intel Mac OS X 10_15_5) AppleWebKit/605.1.15 (KHTML, like Gecko) Version/13.1.1 Safari/605.1.15 (Applebot/0.1; +http://www.apple.com/go/applebot)"
114.119.137.43 - - [10/Sep/2021:06:45:16 +0000] "GET /AUTOCLAVEVERTICALDOUBLEWALLSEMIAUTO.html HTTP/1.1" 301 272 "-" "Mozilla/5.0 (Linux; Android 7.0;) AppleWebKit/537.36 (KHTML, like Gecko) Mobile Safari/537.36 (compatible; PetalBot;+https://webmaster.petalsearch.com/site/petalbot)"
114.119.137.43 - - [10/Sep/2021:06:45:16 +0000] "GET /AUTOCLAVEVERTICALDOUBLEWALLSEMIAUTO.html HTTP/1.1" 200 61766 "-" "Mozilla/5.0 (Linux; Android 7.0;) AppleWebKit/537.36 (KHTML, like Gecko) Mobile Safari/537.36 (compatible; PetalBot;+https://webmaster.petalsearch.com/site/petalbot)"
34.139.195.53 - - [10/Sep/2021:06:48:08 +0000] "GET /robots.txt HTTP/1.0" 301 242 "-" "ZoominfoBot (zoominfobot at zoominfo dot com)"
34.139.195.53 - - [10/Sep/2021:06:48:09 +0000] "GET /robots.txt HTTP/1.1" 404 208 "-" "ZoominfoBot (zoominfobot at zoominfo dot com)"
34.139.195.53 - - [10/Sep/2021:06:48:09 +0000] "GET / HTTP/1.0" 301 232 "-" "ZoominfoBot (zoominfobot at zoominfo dot com)"
34.139.195.53 - - [10/Sep/2021:06:48:10 +0000] "GET /robots.txt HTTP/1.0" 404 208 "-" "ZoominfoBot (zoominfobot at zoominfo dot com)"
34.139.195.53 - - [10/Sep/2021:06:48:11 +0000] "GET / HTTP/1.0" 200 63934 "-" "ZoominfoBot (zoominfobot at zoominfo dot com)"
114.119.133.245 - - [10/Sep/2021:06:56:05 +0000] "GET /enquiry.php?pname=HUMIDITY%20CUM%20TEMPERATURE%20CONTROLLED%20CHAMBER%20ECO%20FRIENDLY%20COOLING/STI-197A HTTP/1.1" 301 337 "-" "Mozilla/5.0 (Linux; Android 7.0;) AppleWebKit/537.36 (KHTML, like Gecko) Mobile Safari/537.36 (compatible; PetalBot;+https://webmaster.petalsearch.com/site/petalbot)"
114.119.133.245 - - [10/Sep/2021:06:56:06 +0000] "GET /enquiry.php?pname=HUMIDITY%20CUM%20TEMPERATURE%20CONTROLLED%20CHAMBER%20ECO%20FRIENDLY%20COOLING/STI-197A HTTP/1.1" 200 61751 "-" "Mozilla/5.0 (Linux; Android 7.0;) AppleWebKit/537.36 (KHTML, like Gecko) Mobile Safari/537.36 (compatible; PetalBot;+https://webmaster.petalsearch.com/site/petalbot)"
216.131.114.133 - - [10/Sep/2021:06:57:31 +0000] "GET /enquiry.php HTTP/1.0" 200 61678 "https://scienocraft.com/enquiry.php" "Mozilla/5.0 (Windows NT 10.0; Win64; x64) AppleWebKit/537.36 (KHTML, like Gecko) Chrome/90.0.4430.72 Safari/537.36 Edg/90.0.818.39"
216.131.114.133 - - [10/Sep/2021:06:57:34 +0000] "POST /submit-enquiry.php HTTP/1.0" 200 139 "https://scienocraft.com/enquiry.php" "Mozilla/5.0 (Windows NT 10.0; Win64; x64) AppleWebKit/537.36 (KHTML, like Gecko) Chrome/90.0.4430.72 Safari/537.36 Edg/90.0.818.39"
216.131.114.133 - - [10/Sep/2021:06:57:37 +0000] "GET /ThankYou HTTP/1.0" 301 240 "https://www.scienocraft.com/ThankYou" "Mozilla/5.0 (Windows NT 10.0; Win64; x64) AppleWebKit/537.36 (KHTML, like Gecko) Chrome/90.0.4430.72 Safari/537.36 Edg/90.0.818.39"
216.131.114.133 - - [10/Sep/2021:06:57:38 +0000] "GET /ThankYou HTTP/1.0" 200 47516 "https://scienocraft.com/ThankYou" "Mozilla/5.0 (Windows NT 10.0; Win64; x64) AppleWebKit/537.36 (KHTML, like Gecko) Chrome/90.0.4430.72 Safari/537.36 Edg/90.0.818.39"
66.249.75.223 - - [10/Sep/2021:06:58:24 +0000] "GET /menucss/menu.css HTTP/1.1" 404 214 "https://scienocraft.com/certification.php" "Mozilla/5.0 AppleWebKit/537.36 (KHTML, like Gecko; compatible; Googlebot/2.1; +http://www.google.com/bot.html) Chrome/92.0.4515.119 Safari/537.36"
54.36.148.209 - - [10/Sep/2021:07:03:58 +0000] "GET /UNIVERSALSHAKINGMACHINE(MULTIPURPOSE).html HTTP/1.1" 200 50402 "-" "Mozilla/5.0 (compatible; AhrefsBot/7.0; +http://ahrefs.com/robot/)"
103.216.82.43 - - [10/Sep/2021:07:20:42 +0000] "GET /ThankYou/ HTTP/1.0" 301 241 "http://scienocraft.com/ThankYou/" "Mozilla/5.0 (Windows NT 10.0; WOW64) AppleWebKit/537.36 (KHTML, like Gecko) Chrome/90.0.4430.72 Safari/537.36"
114.119.137.249 - - [10/Sep/2021:07:23:19 +0000] "GET /enquiry.php?pname=SIEVE%20SHAKER%20(TABLE%20TOP)/STI-370 HTTP/1.1" 200 61710 "-" "Mozilla/5.0 (Linux; Android 7.0;) AppleWebKit/537.36 (KHTML, like Gecko) Mobile Safari/537.36 (compatible; PetalBot;+https://webmaster.petalsearch.com/site/petalbot)"
49.7.20.116 - - [10/Sep/2021:07:30:48 +0000] "GET / HTTP/1.1" 301 236 "-" "Sogou web spider/4.0(+http://www.sogou.com/docs/help/webmasters.htm#07)"
84.244.20.250 - - [10/Sep/2021:07:45:54 +0000] "GET /ThankYou/ HTTP/1.0" 301 241 "http://scienocraft.com/ThankYou/" "Mozilla/5.0 (Windows NT 10.0; Win64; x64) AppleWebKit/537.36 (KHTML, like Gecko) Chrome/90.0.4430.85 Safari/537.36"
84.244.20.250 - - [10/Sep/2021:07:45:55 +0000] "GET /ThankYou/ HTTP/1.0" 404 207 "https://scienocraft.com/ThankYou/" "Mozilla/5.0 (Windows NT 10.0; Win64; x64) AppleWebKit/537.36 (KHTML, like Gecko) Chrome/90.0.4430.85 Safari/537.36"
84.244.20.250 - - [10/Sep/2021:07:45:56 +0000] "GET / HTTP/1.0" 200 63934 "https://scienocraft.com/" "Mozilla/5.0 (Windows NT 10.0; Win64; x64) AppleWebKit/537.36 (KHTML, like Gecko) Chrome/90.0.4430.85 Safari/537.36"
84.244.20.250 - - [10/Sep/2021:07:45:58 +0000] "GET /ContactUs HTTP/1.0" 301 241 "https://www.scienocraft.com/ContactUs" "Mozilla/5.0 (Windows NT 10.0; Win64; x64) AppleWebKit/537.36 (KHTML, like Gecko) Chrome/90.0.4430.85 Safari/537.36"
84.244.20.250 - - [10/Sep/2021:07:45:59 +0000] "GET /ContactUs HTTP/1.0" 200 49509 "https://scienocraft.com/ContactUs" "Mozilla/5.0 (Windows NT 10.0; Win64; x64) AppleWebKit/537.36 (KHTML, like Gecko) Chrome/90.0.4430.85 Safari/537.36"
82.165.84.60 - - [10/Sep/2021:07:54:37 +0000] "GET /backup/ HTTP/1.1" 301 239 "-" "-"
82.165.84.60 - - [10/Sep/2021:07:54:37 +0000] "GET /backup/ HTTP/1.1" 404 205 "-" "-"
185.191.171.13 - - [10/Sep/2021:08:11:34 +0000] "GET /robots.txt HTTP/1.1" 404 208 "-" "Mozilla/5.0 (compatible; SemrushBot/7~bl; +http://www.semrush.com/bot.html)"
185.191.171.15 - - [10/Sep/2021:08:11:35 +0000] "GET /all-products.php?maincategory=General%20Laboratory%20Equipments HTTP/1.1" 200 57565 "-" "Mozilla/5.0 (compatible; SemrushBot/7~bl; +http://www.semrush.com/bot.html)"
17.121.114.141 - - [10/Sep/2021:08:15:10 +0000] "GET /INSPISATORBATH.html HTTP/1.1" 200 51499 "-" "Mozilla/5.0 (Macintosh; Intel Mac OS X 10_15_5) AppleWebKit/605.1.15 (KHTML, like Gecko) Version/13.1.1 Safari/605.1.15 (Applebot/0.1; +http://www.apple.com/go/applebot)"
66.249.75.221 - - [10/Sep/2021:08:16:08 +0000] "GET /menucss/menu.css HTTP/1.1" 404 214 "https://scienocraft.com/BIOSAFETYCABINETCLASSIIA.html" "Mozilla/5.0 AppleWebKit/537.36 (KHTML, like Gecko; compatible; Googlebot/2.1; +http://www.google.com/bot.html) Chrome/92.0.4515.119 Safari/537.36"
66.249.75.221 - - [10/Sep/2021:08:16:34 +0000] "GET /slideshow/css/chopslider.css HTTP/1.1" 200 3425 "https://scienocraft.com/" "Mozilla/5.0 AppleWebKit/537.36 (KHTML, like Gecko; compatible; Googlebot/2.1; +http://www.google.com/bot.html) Chrome/92.0.4515.119 Safari/537.36"
66.249.75.223 - - [10/Sep/2021:08:16:35 +0000] "GET /slideshow/js/jquery.id.chopslider-2.2.0.free.min.js HTTP/1.1" 200 43739 "https://scienocraft.com/" "Mozilla/5.0 AppleWebKit/537.36 (KHTML, like Gecko; compatible; Googlebot/2.1; +http://www.google.com/bot.html) Chrome/92.0.4515.119 Safari/537.36"
49.7.20.116 - - [10/Sep/2021:08:23:09 +0000] "GET / HTTP/1.1" 301 236 "-" "Sogou web spider/4.0(+http://www.sogou.com/docs/help/webmasters.htm#07)"
49.7.20.113 - - [10/Sep/2021:08:23:13 +0000] "GET / HTTP/1.1" 301 232 "-" "Sogou web spider/4.0(+http://www.sogou.com/docs/help/webmasters.htm#07)"
91.189.181.22 - - [10/Sep/2021:08:30:58 +0000] "GET /ThankYou/ HTTP/1.0" 301 241 "http://scienocraft.com/ThankYou/" "Mozilla/5.0 (Windows NT 6.1) AppleWebKit/537.36 (KHTML, like Gecko) Chrome/90.0.4430.72 Safari/537.36"
91.189.181.22 - - [10/Sep/2021:08:30:59 +0000] "GET /ThankYou/ HTTP/1.0" 404 207 "https://scienocraft.com/ThankYou/" "Mozilla/5.0 (Windows NT 6.1) AppleWebKit/537.36 (KHTML, like Gecko) Chrome/90.0.4430.72 Safari/537.36"
91.189.181.22 - - [10/Sep/2021:08:30:59 +0000] "GET / HTTP/1.0" 200 63934 "https://scienocraft.com/" "Mozilla/5.0 (Windows NT 6.1) AppleWebKit/537.36 (KHTML, like Gecko) Chrome/90.0.4430.72 Safari/537.36"
91.189.181.22 - - [10/Sep/2021:08:31:01 +0000] "GET /ContactUs HTTP/1.0" 301 241 "https://www.scienocraft.com/ContactUs" "Mozilla/5.0 (Windows NT 6.1) AppleWebKit/537.36 (KHTML, like Gecko) Chrome/90.0.4430.72 Safari/537.36"
91.189.181.22 - - [10/Sep/2021:08:31:01 +0000] "GET /ContactUs HTTP/1.0" 200 49509 "https://scienocraft.com/ContactUs" "Mozilla/5.0 (Windows NT 6.1) AppleWebKit/537.36 (KHTML, like Gecko) Chrome/90.0.4430.72 Safari/537.36"
117.97.133.21 - - [10/Sep/2021:08:39:33 +0000] "GET /slideshow/css/chopslider.css HTTP/1.1" 200 3425 "https://scienocraft.com/" "Mozilla/5.0 (Windows NT 6.3; Win64; x64) AppleWebKit/537.36 (KHTML, like Gecko) Chrome/93.0.4577.63 Safari/537.36"
117.97.133.21 - - [10/Sep/2021:08:39:33 +0000] "GET / HTTP/1.1" 200 63934 "https://www.google.com/" "Mozilla/5.0 (Windows NT 6.3; Win64; x64) AppleWebKit/537.36 (KHTML, like Gecko) Chrome/93.0.4577.63 Safari/537.36"
117.97.133.21 - - [10/Sep/2021:08:39:33 +0000] "GET /slideshow/js/jquery.id.chopslider-2.2.0.free.min.js HTTP/1.1" 200 43739 "https://scienocraft.com/" "Mozilla/5.0 (Windows NT 6.3; Win64; x64) AppleWebKit/537.36 (KHTML, like Gecko) Chrome/93.0.4577.63 Safari/537.36"
117.97.133.21 - - [10/Sep/2021:08:39:33 +0000] "GET /style.css HTTP/1.1" 200 10311 "https://scienocraft.com/" "Mozilla/5.0 (Windows NT 6.3; Win64; x64) AppleWebKit/537.36 (KHTML, like Gecko) Chrome/93.0.4577.63 Safari/537.36"
117.97.133.21 - - [10/Sep/2021:08:39:33 +0000] "GET /home-right-menu/demo/demo.css HTTP/1.1" 200 940 "https://scienocraft.com/" "Mozilla/5.0 (Windows NT 6.3; Win64; x64) AppleWebKit/537.36 (KHTML, like Gecko) Chrome/93.0.4577.63 Safari/537.36"
117.97.133.21 - - [10/Sep/2021:08:39:33 +0000] "GET /menu/css/dcmegamenu.css HTTP/1.1" 200 2350 "https://scienocraft.com/" "Mozilla/5.0 (Windows NT 6.3; Win64; x64) AppleWebKit/537.36 (KHTML, like Gecko) Chrome/93.0.4577.63 Safari/537.36"
117.97.133.21 - - [10/Sep/2021:08:39:33 +0000] "GET /menu/css/skins/red.css HTTP/1.1" 200 3318 "https://scienocraft.com/" "Mozilla/5.0 (Windows NT 6.3; Win64; x64) AppleWebKit/537.36 (KHTML, like Gecko) Chrome/93.0.4577.63 Safari/537.36"
117.97.133.21 - - [10/Sep/2021:08:39:33 +0000] "GET /menu/css/skins/white.css HTTP/1.1" 200 3337 "https://scienocraft.com/" "Mozilla/5.0 (Windows NT 6.3; Win64; x64) AppleWebKit/537.36 (KHTML, like Gecko) Chrome/93.0.4577.63 Safari/537.36"
117.97.133.21 - - [10/Sep/2021:08:39:35 +0000] "GET /slideshow/js/main.js HTTP/1.1" 200 962 "https://scienocraft.com/" "Mozilla/5.0 (Windows NT 6.3; Win64; x64) AppleWebKit/537.36 (KHTML, like Gecko) Chrome/93.0.4577.63 Safari/537.36"
117.97.133.21 - - [10/Sep/2021:08:39:35 +0000] "GET /menu/js/jquery.hoverIntent.minified.js HTTP/1.1" 200 1606 "https://scienocraft.com/" "Mozilla/5.0 (Windows NT 6.3; Win64; x64) AppleWebKit/537.36 (KHTML, like Gecko) Chrome/93.0.4577.63 Safari/537.36"
