66.249.64.240 - - [10/Sep/2021:12:30:25 +0000] "GET /AUTOCLAVEVERTICALSTANDARDMODEL.html HTTP/1.1" 301 267 "-" "Mozilla/5.0 (compatible; Googlebot/2.1; +http://www.google.com/bot.html)"
66.249.64.240 - - [10/Sep/2021:12:30:25 +0000] "GET /EGGINCUBATOROrPOULTRYINCUBATOR.html HTTP/1.1" 301 267 "-" "Mozilla/5.0 (compatible; Googlebot/2.1; +http://www.google.com/bot.html)"
66.249.64.240 - - [10/Sep/2021:12:30:26 +0000] "GET /EGGINCUBATOROrPOULTRYINCUBATOR.html HTTP/1.1" 301 267 "-" "Mozilla/5.0 (Linux; Android 6.0.1; Nexus 5X Build/MMB29P) AppleWebKit/537.36 (KHTML, like Gecko) Chrome/92.0.4515.119 Mobile Safari/537.36 (compatible; Googlebot/2.1; +http://www.google.com/bot.html)"
66.249.64.240 - - [10/Sep/2021:12:30:26 +0000] "GET /VACUUMPUMPOILFREEDIAPHRAGMTYPE.html HTTP/1.1" 301 267 "-" "Mozilla/5.0 (compatible; Googlebot/2.1; +http://www.google.com/bot.html)"
66.249.64.240 - - [10/Sep/2021:12:30:27 +0000] "GET /HPSTERILIZERVERTICALTRIPLEWALL.html HTTP/1.1" 301 267 "-" "Mozilla/5.0 (Linux; Android 6.0.1; Nexus 5X Build/MMB29P) AppleWebKit/537.36 (KHTML, like Gecko) Chrome/92.0.4515.119 Mobile Safari/537.36 (compatible; Googlebot/2.1; +http://www.google.com/bot.html)"
66.249.64.240 - - [10/Sep/2021:12:30:27 +0000] "GET /ORBITALINCUBATORSHAKER(HEATING).html HTTP/1.1" 301 268 "-" "Mozilla/5.0 (Linux; Android 6.0.1; Nexus 5X Build/MMB29P) AppleWebKit/537.36 (KHTML, like Gecko) Chrome/92.0.4515.119 Mobile Safari/537.36 (compatible; Googlebot/2.1; +http://www.google.com/bot.html)"
66.249.64.240 - - [10/Sep/2021:12:30:28 +0000] "GET /CO2INCUBATORAIRJACKETED-HEATING.html HTTP/1.1" 301 268 "-" "Mozilla/5.0 (Linux; Android 6.0.1; Nexus 5X Build/MMB29P) AppleWebKit/537.36 (KHTML, like Gecko) Chrome/92.0.4515.119 Mobile Safari/537.36 (compatible; Googlebot/2.1; +http://www.google.com/bot.html)"
66.249.70.106 - - [10/Sep/2021:12:30:28 +0000] "GET /HPSTERILIZERVERTICALTRIPLEWALL.html HTTP/1.1" 200 61012 "-" "Mozilla/5.0 (compatible; Googlebot/2.1; +http://www.google.com/bot.html)"
66.249.64.240 - - [10/Sep/2021:12:30:29 +0000] "GET /SEEDGERMINATORDUALCHAMBERSTI192.html HTTP/1.1" 301 268 "-" "Mozilla/5.0 (compatible; Googlebot/2.1; +http://www.google.com/bot.html)"
66.249.64.240 - - [10/Sep/2021:12:30:29 +0000] "GET /SEEDGERMINATORDUALCHAMBERSTI192.html HTTP/1.1" 301 268 "-" "Mozilla/5.0 (Linux; Android 6.0.1; Nexus 5X Build/MMB29P) AppleWebKit/537.36 (KHTML, like Gecko) Chrome/92.0.4515.119 Mobile Safari/537.36 (compatible; Googlebot/2.1; +http://www.google.com/bot.html)"
66.249.64.240 - - [10/Sep/2021:12:30:30 +0000] "GET /CO2INCUBATORAIRJACKETED-HEATING.html HTTP/1.1" 301 268 "-" "Mozilla/5.0 (compatible; Googlebot/2.1; +http://www.google.com/bot.html)"
66.249.70.108 - - [10/Sep/2021:12:30:31 +0000] "GET /VACUUMPUMPOILFREEDIAPHRAGMTYPE.html HTTP/1.1" 200 50459 "-" "Mozilla/5.0 (Linux; Android 6.0.1; Nexus 5X Build/MMB29P) AppleWebKit/537.36 (KHTML, like Gecko) Chrome/92.0.4515.119 Mobile Safari/537.36 (compatible; Googlebot/2.1; +http://www.google.com/bot.html)"
66.249.64.240 - - [10/Sep/2021:12:30:32 +0000] "GET /ORBITALINCUBATORSHAKER(HEATING).html HTTP/1.1" 301 268 "-" "Mozilla/5.0 (compatible; Googlebot/2.1; +http://www.google.com/bot.html)"
66.249.64.240 - - [10/Sep/2021:12:30:33 +0000] "GET /HORIZONTALMODELGLASSDISTILLATION.html HTTP/1.1" 301 269 "-" "Mozilla/5.0 (Linux; Android 6.0.1; Nexus 5X Build/MMB29P) AppleWebKit/537.36 (KHTML, like Gecko) Chrome/92.0.4515.119 Mobile Safari/537.36 (compatible; Googlebot/2.1; +http://www.google.com/bot.html)"
66.249.70.108 - - [10/Sep/2021:12:30:33 +0000] "GET /AUTOCLAVEVERTICALSTANDARDMODEL.html HTTP/1.1" 200 64504 "-" "Mozilla/5.0 (compatible; Googlebot/2.1; +http://www.google.com/bot.html)"
66.249.70.108 - - [10/Sep/2021:12:30:34 +0000] "GET /EGGINCUBATOROrPOULTRYINCUBATOR.html HTTP/1.1" 200 56526 "-" "Mozilla/5.0 (compatible; Googlebot/2.1; +http://www.google.com/bot.html)"
66.249.70.106 - - [10/Sep/2021:12:30:35 +0000] "GET /EGGINCUBATOROrPOULTRYINCUBATOR.html HTTP/1.1" 200 56526 "-" "Mozilla/5.0 (Linux; Android 6.0.1; Nexus 5X Build/MMB29P) AppleWebKit/537.36 (KHTML, like Gecko) Chrome/92.0.4515.119 Mobile Safari/537.36 (compatible; Googlebot/2.1; +http://www.google.com/bot.html)"
66.249.70.106 - - [10/Sep/2021:12:30:36 +0000] "GET /VACUUMPUMPOILFREEDIAPHRAGMTYPE.html HTTP/1.1" 200 50459 "-" "Mozilla/5.0 (compatible; Googlebot/2.1; +http://www.google.com/bot.html)"
66.249.70.108 - - [10/Sep/2021:12:30:37 +0000] "GET /HPSTERILIZERVERTICALTRIPLEWALL.html HTTP/1.1" 200 61012 "-" "Mozilla/5.0 (Linux; Android 6.0.1; Nexus 5X Build/MMB29P) AppleWebKit/537.36 (KHTML, like Gecko) Chrome/92.0.4515.119 Mobile Safari/537.36 (compatible; Googlebot/2.1; +http://www.google.com/bot.html)"
66.249.70.108 - - [10/Sep/2021:12:30:38 +0000] "GET /ORBITALINCUBATORSHAKER(HEATING).html HTTP/1.1" 200 59084 "-" "Mozilla/5.0 (Linux; Android 6.0.1; Nexus 5X Build/MMB29P) AppleWebKit/537.36 (KHTML, like Gecko) Chrome/92.0.4515.119 Mobile Safari/537.36 (compatible; Googlebot/2.1; +http://www.google.com/bot.html)"
66.249.70.108 - - [10/Sep/2021:12:30:38 +0000] "GET /CO2INCUBATORAIRJACKETED-HEATING.html HTTP/1.1" 200 58935 "-" "Mozilla/5.0 (Linux; Android 6.0.1; Nexus 5X Build/MMB29P) AppleWebKit/537.36 (KHTML, like Gecko) Chrome/92.0.4515.119 Mobile Safari/537.36 (compatible; Googlebot/2.1; +http://www.google.com/bot.html)"
66.249.64.240 - - [10/Sep/2021:12:30:40 +0000] "GET /HORIZONTALMODELGLASSDISTILLATION.html HTTP/1.1" 301 269 "-" "Mozilla/5.0 (compatible; Googlebot/2.1; +http://www.google.com/bot.html)"
66.249.70.108 - - [10/Sep/2021:12:30:40 +0000] "GET /SEEDGERMINATORDUALCHAMBERSTI192.html HTTP/1.1" 200 59912 "-" "Mozilla/5.0 (compatible; Googlebot/2.1; +http://www.google.com/bot.html)"
66.249.70.108 - - [10/Sep/2021:12:30:41 +0000] "GET /SEEDGERMINATORDUALCHAMBERSTI192.html HTTP/1.1" 200 59912 "-" "Mozilla/5.0 (Linux; Android 6.0.1; Nexus 5X Build/MMB29P) AppleWebKit/537.36 (KHTML, like Gecko) Chrome/92.0.4515.119 Mobile Safari/537.36 (compatible; Googlebot/2.1; +http://www.google.com/bot.html)"
66.249.70.108 - - [10/Sep/2021:12:30:41 +0000] "GET /CO2INCUBATORAIRJACKETED-HEATING.html HTTP/1.1" 200 58935 "-" "Mozilla/5.0 (compatible; Googlebot/2.1; +http://www.google.com/bot.html)"
66.249.64.240 - - [10/Sep/2021:12:30:42 +0000] "GET /VACUUMCUMPRESSUREPUMP(MONOBLOCK).html HTTP/1.1" 301 269 "-" "Mozilla/5.0 (Linux; Android 6.0.1; Nexus 5X Build/MMB29P) AppleWebKit/537.36 (KHTML, like Gecko) Chrome/92.0.4515.119 Mobile Safari/537.36 (compatible; Googlebot/2.1; +http://www.google.com/bot.html)"
66.249.70.106 - - [10/Sep/2021:12:30:43 +0000] "GET /ORBITALINCUBATORSHAKER(HEATING).html HTTP/1.1" 200 59084 "-" "Mozilla/5.0 (compatible; Googlebot/2.1; +http://www.google.com/bot.html)"
66.249.70.106 - - [10/Sep/2021:12:30:44 +0000] "GET /HORIZONTALMODELGLASSDISTILLATION.html HTTP/1.1" 200 54083 "-" "Mozilla/5.0 (Linux; Android 6.0.1; Nexus 5X Build/MMB29P) AppleWebKit/537.36 (KHTML, like Gecko) Chrome/92.0.4515.119 Mobile Safari/537.36 (compatible; Googlebot/2.1; +http://www.google.com/bot.html)"
66.249.64.240 - - [10/Sep/2021:12:30:45 +0000] "GET /VACUUMCUMPRESSUREPUMP(MONOBLOCK).html HTTP/1.1" 301 269 "-" "Mozilla/5.0 (compatible; Googlebot/2.1; +http://www.google.com/bot.html)"
66.249.64.240 - - [10/Sep/2021:12:30:46 +0000] "GET /WATERBATHSHAKERSTI-135A(HEATING).html HTTP/1.1" 301 269 "-" "Mozilla/5.0 (compatible; Googlebot/2.1; +http://www.google.com/bot.html)"
66.249.64.240 - - [10/Sep/2021:12:30:46 +0000] "GET /WATERBATHSHAKERSTI-135A(HEATING).html HTTP/1.1" 301 269 "-" "Mozilla/5.0 (Linux; Android 6.0.1; Nexus 5X Build/MMB29P) AppleWebKit/537.36 (KHTML, like Gecko) Chrome/92.0.4515.119 Mobile Safari/537.36 (compatible; Googlebot/2.1; +http://www.google.com/bot.html)"
66.249.64.240 - - [10/Sep/2021:12:30:47 +0000] "GET /CIRCULATORYBATHSTI-138(I)HEATING.html HTTP/1.1" 301 269 "-" "Mozilla/5.0 (compatible; Googlebot/2.1; +http://www.google.com/bot.html)"
66.249.64.240 - - [10/Sep/2021:12:30:47 +0000] "GET /CIRCULATORYBATHSTI-138(I)HEATING.html HTTP/1.1" 301 269 "-" "Mozilla/5.0 (Linux; Android 6.0.1; Nexus 5X Build/MMB29P) AppleWebKit/537.36 (KHTML, like Gecko) Chrome/92.0.4515.119 Mobile Safari/537.36 (compatible; Googlebot/2.1; +http://www.google.com/bot.html)"
66.249.64.240 - - [10/Sep/2021:12:30:48 +0000] "GET /VACUUMDRYINGCHAMBER(RECTANGULAR).html HTTP/1.1" 301 269 "-" "Mozilla/5.0 (compatible; Googlebot/2.1; +http://www.google.com/bot.html)"
66.249.64.240 - - [10/Sep/2021:12:30:48 +0000] "GET /VACUUMDRYINGCHAMBER(RECTANGULAR).html HTTP/1.1" 301 269 "-" "Mozilla/5.0 (Linux; Android 6.0.1; Nexus 5X Build/MMB29P) AppleWebKit/537.36 (KHTML, like Gecko) Chrome/92.0.4515.119 Mobile Safari/537.36 (compatible; Googlebot/2.1; +http://www.google.com/bot.html)"
66.249.70.108 - - [10/Sep/2021:12:30:50 +0000] "GET /HORIZONTALMODELGLASSDISTILLATION.html HTTP/1.1" 200 54083 "-" "Mozilla/5.0 (compatible; Googlebot/2.1; +http://www.google.com/bot.html)"
66.249.64.240 - - [10/Sep/2021:12:30:51 +0000] "GET /WATERSTILLMANESTYTYPEWALLMOUNTING.html HTTP/1.1" 301 270 "-" "Mozilla/5.0 (compatible; Googlebot/2.1; +http://www.google.com/bot.html)"
66.249.64.240 - - [10/Sep/2021:12:30:51 +0000] "GET /VACUUMROTARYEVAPORATORAUTODIGITAL.html HTTP/1.1" 301 270 "-" "Mozilla/5.0 (Linux; Android 6.0.1; Nexus 5X Build/MMB29P) AppleWebKit/537.36 (KHTML, like Gecko) Chrome/92.0.4515.119 Mobile Safari/537.36 (compatible; Googlebot/2.1; +http://www.google.com/bot.html)"
66.249.64.240 - - [10/Sep/2021:12:30:52 +0000] "GET /VACUUMROTARYEVAPORATORAUTODIGITAL.html HTTP/1.1" 301 270 "-" "Mozilla/5.0 (compatible; Googlebot/2.1; +http://www.google.com/bot.html)"
66.249.70.106 - - [10/Sep/2021:12:30:53 +0000] "GET /VACUUMCUMPRESSUREPUMP(MONOBLOCK).html HTTP/1.1" 200 51828 "-" "Mozilla/5.0 (Linux; Android 6.0.1; Nexus 5X Build/MMB29P) AppleWebKit/537.36 (KHTML, like Gecko) Chrome/92.0.4515.119 Mobile Safari/537.36 (compatible; Googlebot/2.1; +http://www.google.com/bot.html)"
66.249.64.240 - - [10/Sep/2021:12:30:54 +0000] "GET /GLASSBEADSTERILIZER(Squareshaped).html HTTP/1.1" 301 270 "-" "Mozilla/5.0 (compatible; Googlebot/2.1; +http://www.google.com/bot.html)"
66.249.64.240 - - [10/Sep/2021:12:30:54 +0000] "GET /GLASSBEADSTERILIZER(Squareshaped).html HTTP/1.1" 301 270 "-" "Mozilla/5.0 (Linux; Android 6.0.1; Nexus 5X Build/MMB29P) AppleWebKit/537.36 (KHTML, like Gecko) Chrome/92.0.4515.119 Mobile Safari/537.36 (compatible; Googlebot/2.1; +http://www.google.com/bot.html)"
66.249.70.108 - - [10/Sep/2021:12:30:56 +0000] "GET /VACUUMCUMPRESSUREPUMP(MONOBLOCK).html HTTP/1.1" 200 51828 "-" "Mozilla/5.0 (compatible; Googlebot/2.1; +http://www.google.com/bot.html)"
66.249.70.108 - - [10/Sep/2021:12:30:57 +0000] "GET /WATERBATHSHAKERSTI-135A(HEATING).html HTTP/1.1" 200 62039 "-" "Mozilla/5.0 (compatible; Googlebot/2.1; +http://www.google.com/bot.html)"
66.249.70.106 - - [10/Sep/2021:12:30:57 +0000] "GET /WATERBATHSHAKERSTI-135A(HEATING).html HTTP/1.1" 200 62039 "-" "Mozilla/5.0 (Linux; Android 6.0.1; Nexus 5X Build/MMB29P) AppleWebKit/537.36 (KHTML, like Gecko) Chrome/92.0.4515.119 Mobile Safari/537.36 (compatible; Googlebot/2.1; +http://www.google.com/bot.html)"
66.249.70.106 - - [10/Sep/2021:12:30:58 +0000] "GET /CIRCULATORYBATHSTI-138(I)HEATING.html HTTP/1.1" 200 59668 "-" "Mozilla/5.0 (compatible; Googlebot/2.1; +http://www.google.com/bot.html)"
66.249.70.106 - - [10/Sep/2021:12:30:59 +0000] "GET /CIRCULATORYBATHSTI-138(I)HEATING.html HTTP/1.1" 200 59668 "-" "Mozilla/5.0 (Linux; Android 6.0.1; Nexus 5X Build/MMB29P) AppleWebKit/537.36 (KHTML, like Gecko) Chrome/92.0.4515.119 Mobile Safari/537.36 (compatible; Googlebot/2.1; +http://www.google.com/bot.html)"
66.249.70.106 - - [10/Sep/2021:12:31:00 +0000] "GET /VACUUMDRYINGCHAMBER(RECTANGULAR).html HTTP/1.1" 200 57683 "-" "Mozilla/5.0 (compatible; Googlebot/2.1; +http://www.google.com/bot.html)"
66.249.70.108 - - [10/Sep/2021:12:31:00 +0000] "GET /VACUUMDRYINGCHAMBER(RECTANGULAR).html HTTP/1.1" 200 57683 "-" "Mozilla/5.0 (Linux; Android 6.0.1; Nexus 5X Build/MMB29P) AppleWebKit/537.36 (KHTML, like Gecko) Chrome/92.0.4515.119 Mobile Safari/537.36 (compatible; Googlebot/2.1; +http://www.google.com/bot.html)"
66.249.64.244 - - [10/Sep/2021:12:31:02 +0000] "GET /WATERSTILLMANESTYTYPEWALLMOUNTING.html HTTP/1.1" 301 270 "-" "Mozilla/5.0 (Linux; Android 6.0.1; Nexus 5X Build/MMB29P) AppleWebKit/537.36 (KHTML, like Gecko) Chrome/92.0.4515.119 Mobile Safari/537.36 (compatible; Googlebot/2.1; +http://www.google.com/bot.html)"
66.249.70.110 - - [10/Sep/2021:12:31:03 +0000] "GET /WATERSTILLMANESTYTYPEWALLMOUNTING.html HTTP/1.1" 200 55597 "-" "Mozilla/5.0 (compatible; Googlebot/2.1; +http://www.google.com/bot.html)"
66.249.70.106 - - [10/Sep/2021:12:31:04 +0000] "GET /VACUUMROTARYEVAPORATORAUTODIGITAL.html HTTP/1.1" 200 57766 "-" "Mozilla/5.0 (Linux; Android 6.0.1; Nexus 5X Build/MMB29P) AppleWebKit/537.36 (KHTML, like Gecko) Chrome/92.0.4515.119 Mobile Safari/537.36 (compatible; Googlebot/2.1; +http://www.google.com/bot.html)"
66.249.70.106 - - [10/Sep/2021:12:31:05 +0000] "GET /VACUUMROTARYEVAPORATORAUTODIGITAL.html HTTP/1.1" 200 57766 "-" "Mozilla/5.0 (compatible; Googlebot/2.1; +http://www.google.com/bot.html)"
66.249.64.242 - - [10/Sep/2021:12:31:06 +0000] "GET /H.P.RECTANGULARHORIZONTALSTERLIZER.html HTTP/1.1" 301 271 "-" "Mozilla/5.0 (compatible; Googlebot/2.1; +http://www.google.com/bot.html)"
66.249.70.106 - - [10/Sep/2021:12:31:07 +0000] "GET /GLASSBEADSTERILIZER(Squareshaped).html HTTP/1.1" 200 51473 "-" "Mozilla/5.0 (compatible; Googlebot/2.1; +http://www.google.com/bot.html)"
66.249.70.108 - - [10/Sep/2021:12:31:08 +0000] "GET /GLASSBEADSTERILIZER(Squareshaped).html HTTP/1.1" 200 51473 "-" "Mozilla/5.0 (Linux; Android 6.0.1; Nexus 5X Build/MMB29P) AppleWebKit/537.36 (KHTML, like Gecko) Chrome/92.0.4515.119 Mobile Safari/537.36 (compatible; Googlebot/2.1; +http://www.google.com/bot.html)"
66.249.64.242 - - [10/Sep/2021:12:31:09 +0000] "GET /H.P.RECTANGULARHORIZONTALSTERLIZER.html HTTP/1.1" 301 271 "-" "Mozilla/5.0 (Linux; Android 6.0.1; Nexus 5X Build/MMB29P) AppleWebKit/537.36 (KHTML, like Gecko) Chrome/92.0.4515.119 Mobile Safari/537.36 (compatible; Googlebot/2.1; +http://www.google.com/bot.html)"
66.249.64.240 - - [10/Sep/2021:12:31:11 +0000] "GET /GROWTHCHAMBER(ENVIRONMENTALCHAMBER).html HTTP/1.1" 301 272 "-" "Mozilla/5.0 (Linux; Android 6.0.1; Nexus 5X Build/MMB29P) AppleWebKit/537.36 (KHTML, like Gecko) Chrome/92.0.4515.119 Mobile Safari/537.36 (compatible; Googlebot/2.1; +http://www.google.com/bot.html)"
66.249.64.240 - - [10/Sep/2021:12:31:11 +0000] "GET /GROWTHCHAMBER(ENVIRONMENTALCHAMBER).html HTTP/1.1" 301 272 "-" "Mozilla/5.0 (compatible; Googlebot/2.1; +http://www.google.com/bot.html)"
66.249.64.240 - - [10/Sep/2021:12:31:12 +0000] "GET /WATERSTILLBARNSTEADTYPETABLEPATTERN.html HTTP/1.1" 301 272 "-" "Mozilla/5.0 (Linux; Android 6.0.1; Nexus 5X Build/MMB29P) AppleWebKit/537.36 (KHTML, like Gecko) Chrome/92.0.4515.119 Mobile Safari/537.36 (compatible; Googlebot/2.1; +http://www.google.com/bot.html)"
66.249.64.240 - - [10/Sep/2021:12:31:13 +0000] "GET /FRONTLOADINGAUTOCLAVE(DRYCYCLE)AUTO.html HTTP/1.1" 301 272 "-" "Mozilla/5.0 (Linux; Android 6.0.1; Nexus 5X Build/MMB29P) AppleWebKit/537.36 (KHTML, like Gecko) Chrome/92.0.4515.119 Mobile Safari/537.36 (compatible; Googlebot/2.1; +http://www.google.com/bot.html)"
66.249.64.240 - - [10/Sep/2021:12:31:14 +0000] "GET /FRONTLOADINGAUTOCLAVE(DRYCYCLE)AUTO.html HTTP/1.1" 301 272 "-" "Mozilla/5.0 (compatible; Googlebot/2.1; +http://www.google.com/bot.html)"
66.249.64.240 - - [10/Sep/2021:12:31:14 +0000] "GET /BOTTLEWASHINGMACHINEWITHSOAKINGTANK.html HTTP/1.1" 301 272 "-" "Mozilla/5.0 (compatible; Googlebot/2.1; +http://www.google.com/bot.html)"
66.249.70.106 - - [10/Sep/2021:12:31:16 +0000] "GET /WATERSTILLMANESTYTYPEWALLMOUNTING.html HTTP/1.1" 200 55597 "-" "Mozilla/5.0 (Linux; Android 6.0.1; Nexus 5X Build/MMB29P) AppleWebKit/537.36 (KHTML, like Gecko) Chrome/92.0.4515.119 Mobile Safari/537.36 (compatible; Googlebot/2.1; +http://www.google.com/bot.html)"
66.249.64.240 - - [10/Sep/2021:12:31:16 +0000] "GET /WATERSTILLBARNSTEADTYPETABLEPATTERN.html HTTP/1.1" 301 272 "-" "Mozilla/5.0 (compatible; Googlebot/2.1; +http://www.google.com/bot.html)"
66.249.64.240 - - [10/Sep/2021:12:31:17 +0000] "GET /AUTOCLAVEVERTICALDOUBLEWALLSEMIAUTO.html HTTP/1.1" 301 272 "-" "Mozilla/5.0 (compatible; Googlebot/2.1; +http://www.google.com/bot.html)"
66.249.64.240 - - [10/Sep/2021:12:31:18 +0000] "GET /VACUUMOVENRECTANGULAR.html HTTP/1.1" 301 258 "-" "Mozilla/5.0 (compatible; Googlebot/2.1; +http://www.google.com/bot.html)"
66.249.70.106 - - [10/Sep/2021:12:31:18 +0000] "GET /H.P.RECTANGULARHORIZONTALSTERLIZER.html HTTP/1.1" 200 61067 "-" "Mozilla/5.0 (compatible; Googlebot/2.1; +http://www.google.com/bot.html)"
66.249.64.240 - - [10/Sep/2021:12:31:19 +0000] "GET /BOTTLEWASHINGMACHINEWITHSOAKINGTANK.html HTTP/1.1" 301 272 "-" "Mozilla/5.0 (Linux; Android 6.0.1; Nexus 5X Build/MMB29P) AppleWebKit/537.36 (KHTML, like Gecko) Chrome/92.0.4515.119 Mobile Safari/537.36 (compatible; Googlebot/2.1; +http://www.google.com/bot.html)"
66.249.64.240 - - [10/Sep/2021:12:31:20 +0000] "GET /AUTOCLAVEVERTICALDOUBLEWALLSEMIAUTO.html HTTP/1.1" 301 272 "-" "Mozilla/5.0 (Linux; Android 6.0.1; Nexus 5X Build/MMB29P) AppleWebKit/537.36 (KHTML, like Gecko) Chrome/92.0.4515.119 Mobile Safari/537.36 (compatible; Googlebot/2.1; +http://www.google.com/bot.html)"
66.249.70.106 - - [10/Sep/2021:12:31:22 +0000] "GET /H.P.RECTANGULARHORIZONTALSTERLIZER.html HTTP/1.1" 200 61067 "-" "Mozilla/5.0 (Linux; Android 6.0.1; Nexus 5X Build/MMB29P) AppleWebKit/537.36 (KHTML, like Gecko) Chrome/92.0.4515.119 Mobile Safari/537.36 (compatible; Googlebot/2.1; +http://www.google.com/bot.html)"
66.249.70.106 - - [10/Sep/2021:12:31:23 +0000] "GET /GROWTHCHAMBER(ENVIRONMENTALCHAMBER).html HTTP/1.1" 200 59830 "-" "Mozilla/5.0 (Linux; Android 6.0.1; Nexus 5X Build/MMB29P) AppleWebKit/537.36 (KHTML, like Gecko) Chrome/92.0.4515.119 Mobile Safari/537.36 (compatible; Googlebot/2.1; +http://www.google.com/bot.html)"
66.249.70.106 - - [10/Sep/2021:12:31:23 +0000] "GET /GROWTHCHAMBER(ENVIRONMENTALCHAMBER).html HTTP/1.1" 200 59830 "-" "Mozilla/5.0 (compatible; Googlebot/2.1; +http://www.google.com/bot.html)"
66.249.70.106 - - [10/Sep/2021:12:31:24 +0000] "GET /WATERSTILLBARNSTEADTYPETABLEPATTERN.html HTTP/1.1" 200 55223 "-" "Mozilla/5.0 (Linux; Android 6.0.1; Nexus 5X Build/MMB29P) AppleWebKit/537.36 (KHTML, like Gecko) Chrome/92.0.4515.119 Mobile Safari/537.36 (compatible; Googlebot/2.1; +http://www.google.com/bot.html)"
66.249.70.106 - - [10/Sep/2021:12:31:24 +0000] "GET /FRONTLOADINGAUTOCLAVE(DRYCYCLE)AUTO.html HTTP/1.1" 200 53969 "-" "Mozilla/5.0 (Linux; Android 6.0.1; Nexus 5X Build/MMB29P) AppleWebKit/537.36 (KHTML, like Gecko) Chrome/92.0.4515.119 Mobile Safari/537.36 (compatible; Googlebot/2.1; +http://www.google.com/bot.html)"
66.249.70.106 - - [10/Sep/2021:12:31:27 +0000] "GET /FRONTLOADINGAUTOCLAVE(DRYCYCLE)AUTO.html HTTP/1.1" 200 53969 "-" "Mozilla/5.0 (compatible; Googlebot/2.1; +http://www.google.com/bot.html)"
66.249.70.106 - - [10/Sep/2021:12:31:28 +0000] "GET /BOTTLEWASHINGMACHINEWITHSOAKINGTANK.html HTTP/1.1" 200 51761 "-" "Mozilla/5.0 (compatible; Googlebot/2.1; +http://www.google.com/bot.html)"
66.249.64.240 - - [10/Sep/2021:12:31:29 +0000] "GET /HPSTEAMSTERILIZERHORIZONTALSEMIAUTO.html HTTP/1.1" 301 272 "-" "Mozilla/5.0 (Linux; Android 6.0.1; Nexus 5X Build/MMB29P) AppleWebKit/537.36 (KHTML, like Gecko) Chrome/92.0.4515.119 Mobile Safari/537.36 (compatible; Googlebot/2.1; +http://www.google.com/bot.html)"
66.249.70.106 - - [10/Sep/2021:12:31:29 +0000] "GET /WATERSTILLBARNSTEADTYPETABLEPATTERN.html HTTP/1.1" 200 55223 "-" "Mozilla/5.0 (compatible; Googlebot/2.1; +http://www.google.com/bot.html)"
66.249.70.106 - - [10/Sep/2021:12:31:32 +0000] "GET /AUTOCLAVEVERTICALDOUBLEWALLSEMIAUTO.html HTTP/1.1" 200 61766 "-" "Mozilla/5.0 (compatible; Googlebot/2.1; +http://www.google.com/bot.html)"
66.249.64.240 - - [10/Sep/2021:12:31:32 +0000] "GET /HPSTEAMSTERILIZERHORIZONTALSEMIAUTO.html HTTP/1.1" 301 272 "-" "Mozilla/5.0 (compatible; Googlebot/2.1; +http://www.google.com/bot.html)"
66.249.64.240 - - [10/Sep/2021:12:31:33 +0000] "GET /SEEDGERMINATORSINGLECHAMBER(COOLING).html HTTP/1.1" 301 273 "-" "Mozilla/5.0 (Linux; Android 6.0.1; Nexus 5X Build/MMB29P) AppleWebKit/537.36 (KHTML, like Gecko) Chrome/92.0.4515.119 Mobile Safari/537.36 (compatible; Googlebot/2.1; +http://www.google.com/bot.html)"
66.249.70.106 - - [10/Sep/2021:12:31:34 +0000] "GET /BOTTLEWASHINGMACHINEWITHSOAKINGTANK.html HTTP/1.1" 200 51761 "-" "Mozilla/5.0 (Linux; Android 6.0.1; Nexus 5X Build/MMB29P) AppleWebKit/537.36 (KHTML, like Gecko) Chrome/92.0.4515.119 Mobile Safari/537.36 (compatible; Googlebot/2.1; +http://www.google.com/bot.html)"
66.249.70.106 - - [10/Sep/2021:12:31:34 +0000] "GET /AUTOCLAVEVERTICALDOUBLEWALLSEMIAUTO.html HTTP/1.1" 200 61766 "-" "Mozilla/5.0 (Linux; Android 6.0.1; Nexus 5X Build/MMB29P) AppleWebKit/537.36 (KHTML, like Gecko) Chrome/92.0.4515.119 Mobile Safari/537.36 (compatible; Googlebot/2.1; +http://www.google.com/bot.html)"
66.249.64.240 - - [10/Sep/2021:12:31:36 +0000] "GET /VORTEXSHAKER(TESTTUBESHAKER)ADVANCED.html HTTP/1.1" 301 273 "-" "Mozilla/5.0 (compatible; Googlebot/2.1; +http://www.google.com/bot.html)"
66.249.64.240 - - [10/Sep/2021:12:31:36 +0000] "GET /SEEDGERMINATORSINGLECHAMBER(COOLING).html HTTP/1.1" 301 273 "-" "Mozilla/5.0 (compatible; Googlebot/2.1; +http://www.google.com/bot.html)"
66.249.64.240 - - [10/Sep/2021:12:31:37 +0000] "GET /SEEDGERMINATORSINGLECHAMBER(HEATING).html HTTP/1.1" 301 273 "-" "Mozilla/5.0 (Linux; Android 6.0.1; Nexus 5X Build/MMB29P) AppleWebKit/537.36 (KHTML, like Gecko) Chrome/92.0.4515.119 Mobile Safari/537.36 (compatible; Googlebot/2.1; +http://www.google.com/bot.html)"
66.249.64.240 - - [10/Sep/2021:12:31:37 +0000] "GET /AUTOCLAVEPORTABLESINGLEnDOUBLEWALLED.html HTTP/1.1" 301 273 "-" "Mozilla/5.0 (compatible; Googlebot/2.1; +http://www.google.com/bot.html)"
66.249.64.240 - - [10/Sep/2021:12:31:38 +0000] "GET /AUTOCLAVEPORTABLESINGLEnDOUBLEWALLED.html HTTP/1.1" 301 273 "-" "Mozilla/5.0 (Linux; Android 6.0.1; Nexus 5X Build/MMB29P) AppleWebKit/537.36 (KHTML, like Gecko) Chrome/92.0.4515.119 Mobile Safari/537.36 (compatible; Googlebot/2.1; +http://www.google.com/bot.html)"
66.249.64.240 - - [10/Sep/2021:12:31:38 +0000] "GET /SEEDGERMINATORSINGLECHAMBER(HEATING).html HTTP/1.1" 301 273 "-" "Mozilla/5.0 (compatible; Googlebot/2.1; +http://www.google.com/bot.html)"
66.249.64.240 - - [10/Sep/2021:12:31:39 +0000] "GET /VORTEXSHAKER(TESTTUBESHAKER)ADVANCED.html HTTP/1.1" 301 273 "-" "Mozilla/5.0 (Linux; Android 6.0.1; Nexus 5X Build/MMB29P) AppleWebKit/537.36 (KHTML, like Gecko) Chrome/92.0.4515.119 Mobile Safari/537.36 (compatible; Googlebot/2.1; +http://www.google.com/bot.html)"
66.249.70.106 - - [10/Sep/2021:12:31:40 +0000] "GET /HPSTEAMSTERILIZERHORIZONTALSEMIAUTO.html HTTP/1.1" 200 62055 "-" "Mozilla/5.0 (Linux; Android 6.0.1; Nexus 5X Build/MMB29P) AppleWebKit/537.36 (KHTML, like Gecko) Chrome/92.0.4515.119 Mobile Safari/537.36 (compatible; Googlebot/2.1; +http://www.google.com/bot.html)"
66.249.64.240 - - [10/Sep/2021:12:31:41 +0000] "GET /ORBITALINCUBATORSHAKERBENCHTOPHEATING.html HTTP/1.1" 301 274 "-" "Mozilla/5.0 (compatible; Googlebot/2.1; +http://www.google.com/bot.html)"
66.249.64.240 - - [10/Sep/2021:12:31:41 +0000] "GET /ULTRALOWTEMPERATURECHAMBERMINUS80DEGC.html HTTP/1.1" 301 274 "-" "Mozilla/5.0 (Linux; Android 6.0.1; Nexus 5X Build/MMB29P) AppleWebKit/537.36 (KHTML, like Gecko) Chrome/92.0.4515.119 Mobile Safari/537.36 (compatible; Googlebot/2.1; +http://www.google.com/bot.html)"
66.249.70.106 - - [10/Sep/2021:12:31:42 +0000] "GET /HPSTEAMSTERILIZERHORIZONTALSEMIAUTO.html HTTP/1.1" 200 62055 "-" "Mozilla/5.0 (compatible; Googlebot/2.1; +http://www.google.com/bot.html)"
66.249.70.106 - - [10/Sep/2021:12:31:43 +0000] "GET /SEEDGERMINATORSINGLECHAMBER(COOLING).html HTTP/1.1" 200 58912 "-" "Mozilla/5.0 (Linux; Android 6.0.1; Nexus 5X Build/MMB29P) AppleWebKit/537.36 (KHTML, like Gecko) Chrome/92.0.4515.119 Mobile Safari/537.36 (compatible; Googlebot/2.1; +http://www.google.com/bot.html)"
66.249.64.240 - - [10/Sep/2021:12:31:43 +0000] "GET /ORBITALINCUBATORSHAKERHEATINGnCOOLING.html HTTP/1.1" 301 274 "-" "Mozilla/5.0 (compatible; Googlebot/2.1; +http://www.google.com/bot.html)"
66.249.64.240 - - [10/Sep/2021:12:31:44 +0000] "GET /ORBITALINCUBATORSHAKERHEATINGnCOOLING.html HTTP/1.1" 301 274 "-" "Mozilla/5.0 (Linux; Android 6.0.1; Nexus 5X Build/MMB29P) AppleWebKit/537.36 (KHTML, like Gecko) Chrome/92.0.4515.119 Mobile Safari/537.36 (compatible; Googlebot/2.1; +http://www.google.com/bot.html)"
66.249.70.108 - - [10/Sep/2021:12:31:45 +0000] "GET /VORTEXSHAKER(TESTTUBESHAKER)ADVANCED.html HTTP/1.1" 200 50502 "-" "Mozilla/5.0 (compatible; Googlebot/2.1; +http://www.google.com/bot.html)"
66.249.70.108 - - [10/Sep/2021:12:31:46 +0000] "GET /SEEDGERMINATORSINGLECHAMBER(COOLING).html HTTP/1.1" 200 58912 "-" "Mozilla/5.0 (compatible; Googlebot/2.1; +http://www.google.com/bot.html)"
66.249.70.106 - - [10/Sep/2021:12:31:46 +0000] "GET /SEEDGERMINATORSINGLECHAMBER(HEATING).html HTTP/1.1" 200 58183 "-" "Mozilla/5.0 (Linux; Android 6.0.1; Nexus 5X Build/MMB29P) AppleWebKit/537.36 (KHTML, like Gecko) Chrome/92.0.4515.119 Mobile Safari/537.36 (compatible; Googlebot/2.1; +http://www.google.com/bot.html)"
66.249.70.108 - - [10/Sep/2021:12:31:47 +0000] "GET /AUTOCLAVEPORTABLESINGLEnDOUBLEWALLED.html HTTP/1.1" 200 51959 "-" "Mozilla/5.0 (compatible; Googlebot/2.1; +http://www.google.com/bot.html)"
66.249.70.106 - - [10/Sep/2021:12:31:48 +0000] "GET /AUTOCLAVEPORTABLESINGLEnDOUBLEWALLED.html HTTP/1.1" 200 51959 "-" "Mozilla/5.0 (Linux; Android 6.0.1; Nexus 5X Build/MMB29P) AppleWebKit/537.36 (KHTML, like Gecko) Chrome/92.0.4515.119 Mobile Safari/537.36 (compatible; Googlebot/2.1; +http://www.google.com/bot.html)"
66.249.70.106 - - [10/Sep/2021:12:31:49 +0000] "GET /SEEDGERMINATORSINGLECHAMBER(HEATING).html HTTP/1.1" 200 58183 "-" "Mozilla/5.0 (compatible; Googlebot/2.1; +http://www.google.com/bot.html)"
66.249.70.106 - - [10/Sep/2021:12:31:49 +0000] "GET /VORTEXSHAKER(TESTTUBESHAKER)ADVANCED.html HTTP/1.1" 200 50502 "-" "Mozilla/5.0 (Linux; Android 6.0.1; Nexus 5X Build/MMB29P) AppleWebKit/537.36 (KHTML, like Gecko) Chrome/92.0.4515.119 Mobile Safari/537.36 (compatible; Googlebot/2.1; +http://www.google.com/bot.html)"
66.249.64.240 - - [10/Sep/2021:12:31:51 +0000] "GET /ULTRALOWTEMPERATURECHAMBERMINUS80DEGC.html HTTP/1.1" 301 274 "-" "Mozilla/5.0 (compatible; Googlebot/2.1; +http://www.google.com/bot.html)"
66.249.70.108 - - [10/Sep/2021:12:31:51 +0000] "GET /ORBITALINCUBATORSHAKERBENCHTOPHEATING.html HTTP/1.1" 200 57677 "-" "Mozilla/5.0 (compatible; Googlebot/2.1; +http://www.google.com/bot.html)"
66.249.70.106 - - [10/Sep/2021:12:31:52 +0000] "GET /ULTRALOWTEMPERATURECHAMBERMINUS80DEGC.html HTTP/1.1" 200 60369 "-" "Mozilla/5.0 (Linux; Android 6.0.1; Nexus 5X Build/MMB29P) AppleWebKit/537.36 (KHTML, like Gecko) Chrome/92.0.4515.119 Mobile Safari/537.36 (compatible; Googlebot/2.1; +http://www.google.com/bot.html)"
66.249.64.240 - - [10/Sep/2021:12:31:53 +0000] "GET /UNIVERSALSHAKINGMACHINE(MULTIPURPOSE).html HTTP/1.1" 301 274 "-" "Mozilla/5.0 (Linux; Android 6.0.1; Nexus 5X Build/MMB29P) AppleWebKit/537.36 (KHTML, like Gecko) Chrome/92.0.4515.119 Mobile Safari/537.36 (compatible; Googlebot/2.1; +http://www.google.com/bot.html)"
66.249.64.240 - - [10/Sep/2021:12:31:53 +0000] "GET /HPAUTOCLAVEVERTICALTRIPLEWALLSEMIAUTO.html HTTP/1.1" 301 274 "-" "Mozilla/5.0 (Linux; Android 6.0.1; Nexus 5X Build/MMB29P) AppleWebKit/537.36 (KHTML, like Gecko) Chrome/92.0.4515.119 Mobile Safari/537.36 (compatible; Googlebot/2.1; +http://www.google.com/bot.html)"
66.249.70.108 - - [10/Sep/2021:12:31:54 +0000] "GET /ORBITALINCUBATORSHAKERHEATINGnCOOLING.html HTTP/1.1" 200 59751 "-" "Mozilla/5.0 (compatible; Googlebot/2.1; +http://www.google.com/bot.html)"
66.249.70.108 - - [10/Sep/2021:12:31:55 +0000] "GET /ORBITALINCUBATORSHAKERHEATINGnCOOLING.html HTTP/1.1" 200 59751 "-" "Mozilla/5.0 (Linux; Android 6.0.1; Nexus 5X Build/MMB29P) AppleWebKit/537.36 (KHTML, like Gecko) Chrome/92.0.4515.119 Mobile Safari/537.36 (compatible; Googlebot/2.1; +http://www.google.com/bot.html)"
66.249.64.240 - - [10/Sep/2021:12:31:55 +0000] "GET /UNIVERSALSHAKINGMACHINE(MULTIPURPOSE).html HTTP/1.1" 301 274 "-" "Mozilla/5.0 (compatible; Googlebot/2.1; +http://www.google.com/bot.html)"
66.249.64.240 - - [10/Sep/2021:12:31:56 +0000] "GET /ORBITALINCUBATORSHAKERBENCHTOPCOOLING.html HTTP/1.1" 301 274 "-" "Mozilla/5.0 (compatible; Googlebot/2.1; +http://www.google.com/bot.html)"
66.249.64.240 - - [10/Sep/2021:12:31:56 +0000] "GET /DOUBLEDOORHPSTEAMSTERILIZERHORIZONTAL.html HTTP/1.1" 301 274 "-" "Mozilla/5.0 (Linux; Android 6.0.1; Nexus 5X Build/MMB29P) AppleWebKit/537.36 (KHTML, like Gecko) Chrome/92.0.4515.119 Mobile Safari/537.36 (compatible; Googlebot/2.1; +http://www.google.com/bot.html)"
66.249.64.240 - - [10/Sep/2021:12:31:57 +0000] "GET /ORBITALINCUBATORSHAKERBENCHTOPCOOLING.html HTTP/1.1" 301 274 "-" "Mozilla/5.0 (Linux; Android 6.0.1; Nexus 5X Build/MMB29P) AppleWebKit/537.36 (KHTML, like Gecko) Chrome/92.0.4515.119 Mobile Safari/537.36 (compatible; Googlebot/2.1; +http://www.google.com/bot.html)"
66.249.64.240 - - [10/Sep/2021:12:31:58 +0000] "GET /HPAUTOCLAVEVERTICALTRIPLEWALLSEMIAUTO.html HTTP/1.1" 301 274 "-" "Mozilla/5.0 (compatible; Googlebot/2.1; +http://www.google.com/bot.html)"
66.249.64.240 - - [10/Sep/2021:12:31:58 +0000] "GET /DOUBLEDOORHPSTEAMSTERILIZERHORIZONTAL.html HTTP/1.1" 301 274 "-" "Mozilla/5.0 (compatible; Googlebot/2.1; +http://www.google.com/bot.html)"
66.249.64.240 - - [10/Sep/2021:12:31:59 +0000] "GET /ORBITALINCUBATORSHAKERBENCHTOPHEATING.html HTTP/1.1" 301 274 "-" "Mozilla/5.0 (Linux; Android 6.0.1; Nexus 5X Build/MMB29P) AppleWebKit/537.36 (KHTML, like Gecko) Chrome/92.0.4515.119 Mobile Safari/537.36 (compatible; Googlebot/2.1; +http://www.google.com/bot.html)"
66.249.70.106 - - [10/Sep/2021:12:32:00 +0000] "GET /ULTRALOWTEMPERATURECHAMBERMINUS80DEGC.html HTTP/1.1" 200 60369 "-" "Mozilla/5.0 (compatible; Googlebot/2.1; +http://www.google.com/bot.html)"
66.249.64.242 - - [10/Sep/2021:12:32:01 +0000] "GET /UVCABINETACYRLICSHEETSHOCKPROOFSTI-405.html HTTP/1.1" 301 275 "-" "Mozilla/5.0 (Linux; Android 6.0.1; Nexus 5X Build/MMB29P) AppleWebKit/537.36 (KHTML, like Gecko) Chrome/92.0.4515.119 Mobile Safari/537.36 (compatible; Googlebot/2.1; +http://www.google.com/bot.html)"
66.249.64.240 - - [10/Sep/2021:12:32:02 +0000] "GET /UVCABINETACYRLICSHEETSHOCKPROOFSTI-405.html HTTP/1.1" 301 275 "-" "Mozilla/5.0 (compatible; Googlebot/2.1; +http://www.google.com/bot.html)"
66.249.70.106 - - [10/Sep/2021:12:32:02 +0000] "GET /UNIVERSALSHAKINGMACHINE(MULTIPURPOSE).html HTTP/1.1" 200 50402 "-" "Mozilla/5.0 (Linux; Android 6.0.1; Nexus 5X Build/MMB29P) AppleWebKit/537.36 (KHTML, like Gecko) Chrome/92.0.4515.119 Mobile Safari/537.36 (compatible; Googlebot/2.1; +http://www.google.com/bot.html)"
66.249.70.106 - - [10/Sep/2021:12:32:03 +0000] "GET /HPAUTOCLAVEVERTICALTRIPLEWALLSEMIAUTO.html HTTP/1.1" 200 59775 "-" "Mozilla/5.0 (Linux; Android 6.0.1; Nexus 5X Build/MMB29P) AppleWebKit/537.36 (KHTML, like Gecko) Chrome/92.0.4515.119 Mobile Safari/537.36 (compatible; Googlebot/2.1; +http://www.google.com/bot.html)"
66.249.64.240 - - [10/Sep/2021:12:32:04 +0000] "GET /HPSTEAMSTERILIZERHORIZONTALCYLINDRICAL.html HTTP/1.1" 301 275 "-" "Mozilla/5.0 (compatible; Googlebot/2.1; +http://www.google.com/bot.html)"
66.249.64.242 - - [10/Sep/2021:12:32:04 +0000] "GET /HPSTEAMSTERILIZERHORIZONTALCYLINDRICAL.html HTTP/1.1" 301 275 "-" "Mozilla/5.0 (Linux; Android 6.0.1; Nexus 5X Build/MMB29P) AppleWebKit/537.36 (KHTML, like Gecko) Chrome/92.0.4515.119 Mobile Safari/537.36 (compatible; Googlebot/2.1; +http://www.google.com/bot.html)"
66.249.70.106 - - [10/Sep/2021:12:32:05 +0000] "GET /UNIVERSALSHAKINGMACHINE(MULTIPURPOSE).html HTTP/1.1" 200 50402 "-" "Mozilla/5.0 (compatible; Googlebot/2.1; +http://www.google.com/bot.html)"
66.249.70.106 - - [10/Sep/2021:12:32:06 +0000] "GET /ORBITALINCUBATORSHAKERBENCHTOPCOOLING.html HTTP/1.1" 200 58586 "-" "Mozilla/5.0 (compatible; Googlebot/2.1; +http://www.google.com/bot.html)"
66.249.70.106 - - [10/Sep/2021:12:32:06 +0000] "GET /DOUBLEDOORHPSTEAMSTERILIZERHORIZONTAL.html HTTP/1.1" 200 62164 "-" "Mozilla/5.0 (Linux; Android 6.0.1; Nexus 5X Build/MMB29P) AppleWebKit/537.36 (KHTML, like Gecko) Chrome/92.0.4515.119 Mobile Safari/537.36 (compatible; Googlebot/2.1; +http://www.google.com/bot.html)"
66.249.70.106 - - [10/Sep/2021:12:32:07 +0000] "GET /ORBITALINCUBATORSHAKERBENCHTOPCOOLING.html HTTP/1.1" 200 58586 "-" "Mozilla/5.0 (Linux; Android 6.0.1; Nexus 5X Build/MMB29P) AppleWebKit/537.36 (KHTML, like Gecko) Chrome/92.0.4515.119 Mobile Safari/537.36 (compatible; Googlebot/2.1; +http://www.google.com/bot.html)"
66.249.70.106 - - [10/Sep/2021:12:32:08 +0000] "GET /HPAUTOCLAVEVERTICALTRIPLEWALLSEMIAUTO.html HTTP/1.1" 200 59775 "-" "Mozilla/5.0 (compatible; Googlebot/2.1; +http://www.google.com/bot.html)"
66.249.70.106 - - [10/Sep/2021:12:32:08 +0000] "GET /DOUBLEDOORHPSTEAMSTERILIZERHORIZONTAL.html HTTP/1.1" 200 62164 "-" "Mozilla/5.0 (compatible; Googlebot/2.1; +http://www.google.com/bot.html)"
66.249.70.106 - - [10/Sep/2021:12:32:09 +0000] "GET /ORBITALINCUBATORSHAKERBENCHTOPHEATING.html HTTP/1.1" 200 57677 "-" "Mozilla/5.0 (Linux; Android 6.0.1; Nexus 5X Build/MMB29P) AppleWebKit/537.36 (KHTML, like Gecko) Chrome/92.0.4515.119 Mobile Safari/537.36 (compatible; Googlebot/2.1; +http://www.google.com/bot.html)"
66.249.64.242 - - [10/Sep/2021:12:32:10 +0000] "GET /WATERDISTILLATIONAPPARATUS(DELUXEMODEL).html HTTP/1.1" 301 276 "-" "Mozilla/5.0 (compatible; Googlebot/2.1; +http://www.google.com/bot.html)"
66.249.70.106 - - [10/Sep/2021:12:32:10 +0000] "GET /UVCABINETACYRLICSHEETSHOCKPROOFSTI-405.html HTTP/1.1" 200 50101 "-" "Mozilla/5.0 (Linux; Android 6.0.1; Nexus 5X Build/MMB29P) AppleWebKit/537.36 (KHTML, like Gecko) Chrome/92.0.4515.119 Mobile Safari/537.36 (compatible; Googlebot/2.1; +http://www.google.com/bot.html)"
66.249.70.106 - - [10/Sep/2021:12:32:11 +0000] "GET /UVCABINETACYRLICSHEETSHOCKPROOFSTI-405.html HTTP/1.1" 200 50101 "-" "Mozilla/5.0 (compatible; Googlebot/2.1; +http://www.google.com/bot.html)"
66.249.64.242 - - [10/Sep/2021:12:32:11 +0000] "GET /WATERDISTILLATIONAPPARATUS(DELUXEMODEL).html HTTP/1.1" 301 276 "-" "Mozilla/5.0 (Linux; Android 6.0.1; Nexus 5X Build/MMB29P) AppleWebKit/537.36 (KHTML, like Gecko) Chrome/92.0.4515.119 Mobile Safari/537.36 (compatible; Googlebot/2.1; +http://www.google.com/bot.html)"
66.249.64.240 - - [10/Sep/2021:12:32:13 +0000] "GET /BENCHAUTOCLAVEPORTABLEAUTOMATIC.html HTTP/1.1" 301 268 "-" "Mozilla/5.0 (compatible; Googlebot/2.1; +http://www.google.com/bot.html)"
66.249.65.112 - - [10/Sep/2021:12:32:14 +0000] "GET /HPSTEAMSTERILIZERHORIZONTALCYLINDRICAL.html HTTP/1.1" 200 63495 "-" "Mozilla/5.0 (compatible; Googlebot/2.1; +http://www.google.com/bot.html)"
66.249.70.106 - - [10/Sep/2021:12:32:14 +0000] "GET /HPSTEAMSTERILIZERHORIZONTALCYLINDRICAL.html HTTP/1.1" 200 63495 "-" "Mozilla/5.0 (Linux; Android 6.0.1; Nexus 5X Build/MMB29P) AppleWebKit/537.36 (KHTML, like Gecko) Chrome/92.0.4515.119 Mobile Safari/537.36 (compatible; Googlebot/2.1; +http://www.google.com/bot.html)"
66.249.64.240 - - [10/Sep/2021:12:32:15 +0000] "GET /KJELDAHLDIGESTIONUNIT(TUBEHEATINGBLOCK).html HTTP/1.1" 301 276 "-" "Mozilla/5.0 (compatible; Googlebot/2.1; +http://www.google.com/bot.html)"
66.249.64.240 - - [10/Sep/2021:12:32:16 +0000] "GET /KJELDAHLDIGESTIONUNIT(TUBEHEATINGBLOCK).html HTTP/1.1" 301 276 "-" "Mozilla/5.0 (Linux; Android 6.0.1; Nexus 5X Build/MMB29P) AppleWebKit/537.36 (KHTML, like Gecko) Chrome/92.0.4515.119 Mobile Safari/537.36 (compatible; Googlebot/2.1; +http://www.google.com/bot.html)"
66.249.64.240 - - [10/Sep/2021:12:32:17 +0000] "GET /KJELDAHLDISTILLATIONANDDIGESTIONCOMBINED.html HTTP/1.1" 301 277 "-" "Mozilla/5.0 (compatible; Googlebot/2.1; +http://www.google.com/bot.html)"
66.249.64.240 - - [10/Sep/2021:12:32:17 +0000] "GET /KJELDAHLDISTILLATIONANDDIGESTIONCOMBINED.html HTTP/1.1" 301 277 "-" "Mozilla/5.0 (Linux; Android 6.0.1; Nexus 5X Build/MMB29P) AppleWebKit/537.36 (KHTML, like Gecko) Chrome/92.0.4515.119 Mobile Safari/537.36 (compatible; Googlebot/2.1; +http://www.google.com/bot.html)"
66.249.64.240 - - [10/Sep/2021:12:32:18 +0000] "GET /LAMINARVERTICALMICROCONTROLLERLCDDISPLAY.html HTTP/1.1" 301 277 "-" "Mozilla/5.0 (Linux; Android 6.0.1; Nexus 5X Build/MMB29P) AppleWebKit/537.36 (KHTML, like Gecko) Chrome/92.0.4515.119 Mobile Safari/537.36 (compatible; Googlebot/2.1; +http://www.google.com/bot.html)"
66.249.64.240 - - [10/Sep/2021:12:32:18 +0000] "GET /LAMINARVERTICALMICROCONTROLLERLCDDISPLAY.html HTTP/1.1" 301 277 "-" "Mozilla/5.0 (compatible; Googlebot/2.1; +http://www.google.com/bot.html)"
66.249.64.240 - - [10/Sep/2021:12:32:19 +0000] "GET /CO2INCUBATORAIRJACKETEDHEATINGCUMHUMIDITY.html HTTP/1.1" 301 278 "-" "Mozilla/5.0 (compatible; Googlebot/2.1; +http://www.google.com/bot.html)"
66.249.70.106 - - [10/Sep/2021:12:32:20 +0000] "GET /WATERDISTILLATIONAPPARATUS(DELUXEMODEL).html HTTP/1.1" 200 53920 "-" "Mozilla/5.0 (compatible; Googlebot/2.1; +http://www.google.com/bot.html)"
66.249.64.240 - - [10/Sep/2021:12:32:21 +0000] "GET /CO2INCUBATORAIRJACKETEDHEATINGCUMHUMIDITY.html HTTP/1.1" 301 278 "-" "Mozilla/5.0 (Linux; Android 6.0.1; Nexus 5X Build/MMB29P) AppleWebKit/537.36 (KHTML, like Gecko) Chrome/92.0.4515.119 Mobile Safari/537.36 (compatible; Googlebot/2.1; +http://www.google.com/bot.html)"
66.249.64.240 - - [10/Sep/2021:12:32:22 +0000] "GET /CONDITIONINGCHAMBERORHIGHLOWTHERMALCHAMBER.html HTTP/1.1" 301 279 "-" "Mozilla/5.0 (Linux; Android 6.0.1; Nexus 5X Build/MMB29P) AppleWebKit/537.36 (KHTML, like Gecko) Chrome/92.0.4515.119 Mobile Safari/537.36 (compatible; Googlebot/2.1; +http://www.google.com/bot.html)"
66.249.70.106 - - [10/Sep/2021:12:32:22 +0000] "GET /WATERDISTILLATIONAPPARATUS(DELUXEMODEL).html HTTP/1.1" 200 53920 "-" "Mozilla/5.0 (Linux; Android 6.0.1; Nexus 5X Build/MMB29P) AppleWebKit/537.36 (KHTML, like Gecko) Chrome/92.0.4515.119 Mobile Safari/537.36 (compatible; Googlebot/2.1; +http://www.google.com/bot.html)"
66.249.70.106 - - [10/Sep/2021:12:32:23 +0000] "GET /BENCHAUTOCLAVEPORTABLEAUTOMATIC.html HTTP/1.1" 200 52024 "-" "Mozilla/5.0 (compatible; Googlebot/2.1; +http://www.google.com/bot.html)"
66.249.64.240 - - [10/Sep/2021:12:32:23 +0000] "GET /CONDITIONINGCHAMBERORHIGHLOWTHERMALCHAMBER.html HTTP/1.1" 301 279 "-" "Mozilla/5.0 (compatible; Googlebot/2.1; +http://www.google.com/bot.html)"
66.249.64.240 - - [10/Sep/2021:12:32:24 +0000] "GET /LAMINARHORIZONTALMICROCONTROLLERLCDDISPLAY.html HTTP/1.1" 301 279 "-" "Mozilla/5.0 (Linux; Android 6.0.1; Nexus 5X Build/MMB29P) AppleWebKit/537.36 (KHTML, like Gecko) Chrome/92.0.4515.119 Mobile Safari/537.36 (compatible; Googlebot/2.1; +http://www.google.com/bot.html)"
66.249.70.106 - - [10/Sep/2021:12:32:24 +0000] "GET /KJELDAHLDIGESTIONUNIT(TUBEHEATINGBLOCK).html HTTP/1.1" 200 54855 "-" "Mozilla/5.0 (compatible; Googlebot/2.1; +http://www.google.com/bot.html)"
66.249.70.106 - - [10/Sep/2021:12:32:25 +0000] "GET /KJELDAHLDIGESTIONUNIT(TUBEHEATINGBLOCK).html HTTP/1.1" 200 54855 "-" "Mozilla/5.0 (Linux; Android 6.0.1; Nexus 5X Build/MMB29P) AppleWebKit/537.36 (KHTML, like Gecko) Chrome/92.0.4515.119 Mobile Safari/537.36 (compatible; Googlebot/2.1; +http://www.google.com/bot.html)"
66.249.70.106 - - [10/Sep/2021:12:32:26 +0000] "GET /KJELDAHLDISTILLATIONANDDIGESTIONCOMBINED.html HTTP/1.1" 200 54464 "-" "Mozilla/5.0 (compatible; Googlebot/2.1; +http://www.google.com/bot.html)"
66.249.70.106 - - [10/Sep/2021:12:32:26 +0000] "GET /KJELDAHLDISTILLATIONANDDIGESTIONCOMBINED.html HTTP/1.1" 200 54464 "-" "Mozilla/5.0 (Linux; Android 6.0.1; Nexus 5X Build/MMB29P) AppleWebKit/537.36 (KHTML, like Gecko) Chrome/92.0.4515.119 Mobile Safari/537.36 (compatible; Googlebot/2.1; +http://www.google.com/bot.html)"
66.249.70.106 - - [10/Sep/2021:12:32:27 +0000] "GET /LAMINARVERTICALMICROCONTROLLERLCDDISPLAY.html HTTP/1.1" 200 63676 "-" "Mozilla/5.0 (Linux; Android 6.0.1; Nexus 5X Build/MMB29P) AppleWebKit/537.36 (KHTML, like Gecko) Chrome/92.0.4515.119 Mobile Safari/537.36 (compatible; Googlebot/2.1; +http://www.google.com/bot.html)"
66.249.70.106 - - [10/Sep/2021:12:32:27 +0000] "GET /LAMINARVERTICALMICROCONTROLLERLCDDISPLAY.html HTTP/1.1" 200 63676 "-" "Mozilla/5.0 (compatible; Googlebot/2.1; +http://www.google.com/bot.html)"
66.249.70.106 - - [10/Sep/2021:12:32:28 +0000] "GET /CO2INCUBATORAIRJACKETEDHEATINGCUMHUMIDITY.html HTTP/1.1" 200 60548 "-" "Mozilla/5.0 (compatible; Googlebot/2.1; +http://www.google.com/bot.html)"
66.249.64.240 - - [10/Sep/2021:12:32:29 +0000] "GET /LAMINARHORIZONTALMICROCONTROLLERLCDDISPLAY.html HTTP/1.1" 301 279 "-" "Mozilla/5.0 (compatible; Googlebot/2.1; +http://www.google.com/bot.html)"
66.249.70.108 - - [10/Sep/2021:12:32:30 +0000] "GET /CO2INCUBATORAIRJACKETEDHEATINGCUMHUMIDITY.html HTTP/1.1" 200 60548 "-" "Mozilla/5.0 (Linux; Android 6.0.1; Nexus 5X Build/MMB29P) AppleWebKit/537.36 (KHTML, like Gecko) Chrome/92.0.4515.119 Mobile Safari/537.36 (compatible; Googlebot/2.1; +http://www.google.com/bot.html)"
66.249.70.108 - - [10/Sep/2021:12:32:31 +0000] "GET /CONDITIONINGCHAMBERORHIGHLOWTHERMALCHAMBER.html HTTP/1.1" 200 58426 "-" "Mozilla/5.0 (Linux; Android 6.0.1; Nexus 5X Build/MMB29P) AppleWebKit/537.36 (KHTML, like Gecko) Chrome/92.0.4515.119 Mobile Safari/537.36 (compatible; Googlebot/2.1; +http://www.google.com/bot.html)"
66.249.64.240 - - [10/Sep/2021:12:32:32 +0000] "GET /BODINCUBATORMICROBASEDLCDCONTROLSINGLEPANEL.html HTTP/1.1" 301 280 "-" "Mozilla/5.0 (compatible; Googlebot/2.1; +http://www.google.com/bot.html)"
66.249.64.240 - - [10/Sep/2021:12:32:32 +0000] "GET /BODINCUBATORMICROBASEDLCDCONTROLSINGLEPANEL.html HTTP/1.1" 301 280 "-" "Mozilla/5.0 (Linux; Android 6.0.1; Nexus 5X Build/MMB29P) AppleWebKit/537.36 (KHTML, like Gecko) Chrome/92.0.4515.119 Mobile Safari/537.36 (compatible; Googlebot/2.1; +http://www.google.com/bot.html)"
77.75.76.167 - - [10/Sep/2021:12:32:32 +0000] "GET /robots.txt HTTP/1.1" 404 208 "-" "Mozilla/5.0 (compatible; SeznamBot/3.2; +http://napoveda.seznam.cz/en/seznambot-intro/)"
66.249.70.106 - - [10/Sep/2021:12:32:34 +0000] "GET /CONDITIONINGCHAMBERORHIGHLOWTHERMALCHAMBER.html HTTP/1.1" 200 58426 "-" "Mozilla/5.0 (compatible; Googlebot/2.1; +http://www.google.com/bot.html)"
66.249.70.106 - - [10/Sep/2021:12:32:35 +0000] "GET /LAMINARHORIZONTALMICROCONTROLLERLCDDISPLAY.html HTTP/1.1" 200 66597 "-" "Mozilla/5.0 (Linux; Android 6.0.1; Nexus 5X Build/MMB29P) AppleWebKit/537.36 (KHTML, like Gecko) Chrome/92.0.4515.119 Mobile Safari/537.36 (compatible; Googlebot/2.1; +http://www.google.com/bot.html)"
77.75.76.167 - - [10/Sep/2021:12:32:35 +0000] "GET /WRISTACTIONSHAKER.html HTTP/1.1" 200 50761 "-" "Mozilla/5.0 (compatible; SeznamBot/3.2; +http://napoveda.seznam.cz/en/seznambot-intro/)"
66.249.64.240 - - [10/Sep/2021:12:32:35 +0000] "GET /INCINERATORPORTABLE(BIOMEDICALWASTEDISPOSAL).html HTTP/1.1" 301 281 "-" "Mozilla/5.0 (Linux; Android 6.0.1; Nexus 5X Build/MMB29P) AppleWebKit/537.36 (KHTML, like Gecko) Chrome/92.0.4515.119 Mobile Safari/537.36 (compatible; Googlebot/2.1; +http://www.google.com/bot.html)"
66.249.64.240 - - [10/Sep/2021:12:32:36 +0000] "GET /INCINERATORPORTABLE(BIOMEDICALWASTEDISPOSAL).html HTTP/1.1" 301 281 "-" "Mozilla/5.0 (compatible; Googlebot/2.1; +http://www.google.com/bot.html)"
66.249.64.240 - - [10/Sep/2021:12:32:37 +0000] "GET /HIGHLOWTHERMALCHAMBERWITHHUMIDITYARRANGEMENT.html HTTP/1.1" 301 281 "-" "Mozilla/5.0 (compatible; Googlebot/2.1; +http://www.google.com/bot.html)"
66.249.64.240 - - [10/Sep/2021:12:32:37 +0000] "GET /HIGHLOWTHERMALCHAMBERWITHHUMIDITYARRANGEMENT.html HTTP/1.1" 301 281 "-" "Mozilla/5.0 (Linux; Android 6.0.1; Nexus 5X Build/MMB29P) AppleWebKit/537.36 (KHTML, like Gecko) Chrome/92.0.4515.119 Mobile Safari/537.36 (compatible; Googlebot/2.1; +http://www.google.com/bot.html)"
77.75.76.167 - - [10/Sep/2021:12:32:37 +0000] "GET /robots.txt HTTP/1.1" 301 246 "-" "Mozilla/5.0 (compatible; SeznamBot/3.2; +http://napoveda.seznam.cz/en/seznambot-intro/)"
66.249.64.240 - - [10/Sep/2021:12:32:38 +0000] "GET /AUTOCLAVEVERTICALDOUBLEWALLAUTOPURGINGnEXHAUST.html HTTP/1.1" 301 283 "-" "Mozilla/5.0 (compatible; Googlebot/2.1; +http://www.google.com/bot.html)"
66.249.64.240 - - [10/Sep/2021:12:32:38 +0000] "GET /AUTOCLAVEVERTICALDOUBLEWALLAUTOPURGINGnEXHAUST.html HTTP/1.1" 301 283 "-" "Mozilla/5.0 (Linux; Android 6.0.1; Nexus 5X Build/MMB29P) AppleWebKit/537.36 (KHTML, like Gecko) Chrome/92.0.4515.119 Mobile Safari/537.36 (compatible; Googlebot/2.1; +http://www.google.com/bot.html)"
66.249.64.240 - - [10/Sep/2021:12:32:39 +0000] "GET /HPSTEAMSTERILIZERHORIZONTALAUTOPURGINGnEXHAUST.html HTTP/1.1" 301 283 "-" "Mozilla/5.0 (Linux; Android 6.0.1; Nexus 5X Build/MMB29P) AppleWebKit/537.36 (KHTML, like Gecko) Chrome/92.0.4515.119 Mobile Safari/537.36 (compatible; Googlebot/2.1; +http://www.google.com/bot.html)"
77.75.76.167 - - [10/Sep/2021:12:32:39 +0000] "GET /robots.txt HTTP/1.1" 301 242 "-" "Mozilla/5.0 (compatible; SeznamBot/3.2; +http://napoveda.seznam.cz/en/seznambot-intro/)"
77.75.76.167 - - [10/Sep/2021:12:32:40 +0000] "GET /AboutUs HTTP/1.1" 301 243 "-" "Mozilla/5.0 (compatible; SeznamBot/3.2; +http://napoveda.seznam.cz/en/seznambot-intro/)"
66.249.70.108 - - [10/Sep/2021:12:32:40 +0000] "GET /LAMINARHORIZONTALMICROCONTROLLERLCDDISPLAY.html HTTP/1.1" 200 66597 "-" "Mozilla/5.0 (compatible; Googlebot/2.1; +http://www.google.com/bot.html)"
66.249.64.240 - - [10/Sep/2021:12:32:41 +0000] "GET /HPSTEAMSTERILIZERHORIZONTALAUTOPURGINGnEXHAUST.html HTTP/1.1" 301 283 "-" "Mozilla/5.0 (compatible; Googlebot/2.1; +http://www.google.com/bot.html)"
66.249.64.240 - - [10/Sep/2021:12:32:41 +0000] "GET /HPAUTOCLAVEVERTICALTRIPLEWALLAUTOPURGINGnEXHAUST.html HTTP/1.1" 301 285 "-" "Mozilla/5.0 (compatible; Googlebot/2.1; +http://www.google.com/bot.html)"
66.249.70.106 - - [10/Sep/2021:12:32:43 +0000] "GET /BODINCUBATORMICROBASEDLCDCONTROLSINGLEPANEL.html HTTP/1.1" 200 61443 "-" "Mozilla/5.0 (compatible; Googlebot/2.1; +http://www.google.com/bot.html)"
66.249.70.106 - - [10/Sep/2021:12:32:44 +0000] "GET /BODINCUBATORMICROBASEDLCDCONTROLSINGLEPANEL.html HTTP/1.1" 200 61443 "-" "Mozilla/5.0 (Linux; Android 6.0.1; Nexus 5X Build/MMB29P) AppleWebKit/537.36 (KHTML, like Gecko) Chrome/92.0.4515.119 Mobile Safari/537.36 (compatible; Googlebot/2.1; +http://www.google.com/bot.html)"
66.249.64.240 - - [10/Sep/2021:12:32:44 +0000] "GET /HPAUTOCLAVEVERTICALTRIPLEWALLAUTOPURGINGnEXHAUST.html HTTP/1.1" 301 285 "-" "Mozilla/5.0 (Linux; Android 6.0.1; Nexus 5X Build/MMB29P) AppleWebKit/537.36 (KHTML, like Gecko) Chrome/92.0.4515.119 Mobile Safari/537.36 (compatible; Googlebot/2.1; +http://www.google.com/bot.html)"
66.249.64.240 - - [10/Sep/2021:12:32:45 +0000] "GET /FRONTLOADINGAUTOCLAVE-VACUUM,STERILIZATION,DRYCYCLE.html HTTP/1.1" 301 288 "-" "Mozilla/5.0 (compatible; Googlebot/2.1; +http://www.google.com/bot.html)"
66.249.70.108 - - [10/Sep/2021:12:32:46 +0000] "GET /INCINERATORPORTABLE(BIOMEDICALWASTEDISPOSAL).html HTTP/1.1" 200 60340 "-" "Mozilla/5.0 (Linux; Android 6.0.1; Nexus 5X Build/MMB29P) AppleWebKit/537.36 (KHTML, like Gecko) Chrome/92.0.4515.119 Mobile Safari/537.36 (compatible; Googlebot/2.1; +http://www.google.com/bot.html)"
66.249.70.106 - - [10/Sep/2021:12:32:47 +0000] "GET /INCINERATORPORTABLE(BIOMEDICALWASTEDISPOSAL).html HTTP/1.1" 200 60340 "-" "Mozilla/5.0 (compatible; Googlebot/2.1; +http://www.google.com/bot.html)"
66.249.70.108 - - [10/Sep/2021:12:32:48 +0000] "GET /HIGHLOWTHERMALCHAMBERWITHHUMIDITYARRANGEMENT.html HTTP/1.1" 200 54293 "-" "Mozilla/5.0 (compatible; Googlebot/2.1; +http://www.google.com/bot.html)"
66.249.70.106 - - [10/Sep/2021:12:32:49 +0000] "GET /HIGHLOWTHERMALCHAMBERWITHHUMIDITYARRANGEMENT.html HTTP/1.1" 200 54293 "-" "Mozilla/5.0 (Linux; Android 6.0.1; Nexus 5X Build/MMB29P) AppleWebKit/537.36 (KHTML, like Gecko) Chrome/92.0.4515.119 Mobile Safari/537.36 (compatible; Googlebot/2.1; +http://www.google.com/bot.html)"
66.249.70.106 - - [10/Sep/2021:12:32:50 +0000] "GET /AUTOCLAVEVERTICALDOUBLEWALLAUTOPURGINGnEXHAUST.html HTTP/1.1" 200 62628 "-" "Mozilla/5.0 (compatible; Googlebot/2.1; +http://www.google.com/bot.html)"
66.249.70.108 - - [10/Sep/2021:12:32:51 +0000] "GET /AUTOCLAVEVERTICALDOUBLEWALLAUTOPURGINGnEXHAUST.html HTTP/1.1" 200 62628 "-" "Mozilla/5.0 (Linux; Android 6.0.1; Nexus 5X Build/MMB29P) AppleWebKit/537.36 (KHTML, like Gecko) Chrome/92.0.4515.119 Mobile Safari/537.36 (compatible; Googlebot/2.1; +http://www.google.com/bot.html)"
66.249.70.108 - - [10/Sep/2021:12:32:51 +0000] "GET /HPSTEAMSTERILIZERHORIZONTALAUTOPURGINGnEXHAUST.html HTTP/1.1" 200 62412 "-" "Mozilla/5.0 (Linux; Android 6.0.1; Nexus 5X Build/MMB29P) AppleWebKit/537.36 (KHTML, like Gecko) Chrome/92.0.4515.119 Mobile Safari/537.36 (compatible; Googlebot/2.1; +http://www.google.com/bot.html)"
66.249.64.240 - - [10/Sep/2021:12:32:53 +0000] "GET /FRONTLOADINGAUTOCLAVE-VACUUM,STERILIZATION,DRYCYCLE.html HTTP/1.1" 301 288 "-" "Mozilla/5.0 (Linux; Android 6.0.1; Nexus 5X Build/MMB29P) AppleWebKit/537.36 (KHTML, like Gecko) Chrome/92.0.4515.119 Mobile Safari/537.36 (compatible; Googlebot/2.1; +http://www.google.com/bot.html)"
66.249.70.108 - - [10/Sep/2021:12:32:53 +0000] "GET /HPSTEAMSTERILIZERHORIZONTALAUTOPURGINGnEXHAUST.html HTTP/1.1" 200 62412 "-" "Mozilla/5.0 (compatible; Googlebot/2.1; +http://www.google.com/bot.html)"
66.249.70.106 - - [10/Sep/2021:12:32:54 +0000] "GET /HPAUTOCLAVEVERTICALTRIPLEWALLAUTOPURGINGnEXHAUST.html HTTP/1.1" 200 60906 "-" "Mozilla/5.0 (compatible; Googlebot/2.1; +http://www.google.com/bot.html)"
