157.38.4.231 - - [29/Jul/2021:07:05:45 +0000] "GET / HTTP/1.1" 200 7854 "https://shrihanumanlottery.com/" "Mozilla/5.0 (Linux; U; Android 8.1.0; en-us; CPH1909 Build/O11019) AppleWebKit/537.36 (KHTML, like Gecko) Chrome/77.0.3865.116 Mobile Safari/537.36 HeyTapBrowser/15.7.8.1"
51.75.95.101 - - [29/Jul/2021:07:06:27 +0000] "GET / HTTP/1.1" 200 7854 "-" "Mozilla/5.0 (Windows NT 10.0; Win64; x64; rv:89.0) Gecko/20100101 Firefox/89.0"
51.75.95.101 - - [29/Jul/2021:07:06:27 +0000] "GET /ads.txt HTTP/1.1" 404 205 "-" "Mozilla/5.0 (Windows NT 10.0; Win64; x64; rv:89.0) Gecko/20100101 Firefox/89.0"
157.38.4.231 - - [29/Jul/2021:07:07:14 +0000] "GET / HTTP/1.1" 200 7854 "-" "Mozilla/5.0 (Linux; U; Android 8.1.0; en-us; CPH1909 Build/O11019) AppleWebKit/537.36 (KHTML, like Gecko) Chrome/77.0.3865.116 Mobile Safari/537.36 HeyTapBrowser/15.7.8.1"
157.38.4.231 - - [29/Jul/2021:07:07:15 +0000] "GET /img/favicon2.png HTTP/1.1" 404 214 "https://shrihanumanlottery.com/" "Mozilla/5.0 (Linux; U; Android 8.1.0; en-us; CPH1909 Build/O11019) AppleWebKit/537.36 (KHTML, like Gecko) Chrome/77.0.3865.116 Mobile Safari/537.36 HeyTapBrowser/15.7.8.1"
157.38.4.231 - - [29/Jul/2021:07:07:17 +0000] "GET / HTTP/1.1" 200 7854 "https://shrihanumanlottery.com/" "Mozilla/5.0 (Linux; U; Android 8.1.0; en-us; CPH1909 Build/O11019) AppleWebKit/537.36 (KHTML, like Gecko) Chrome/77.0.3865.116 Mobile Safari/537.36 HeyTapBrowser/15.7.8.1"
157.38.4.231 - - [29/Jul/2021:07:07:19 +0000] "GET / HTTP/1.1" 200 7854 "https://shrihanumanlottery.com/" "Mozilla/5.0 (Linux; U; Android 8.1.0; en-us; CPH1909 Build/O11019) AppleWebKit/537.36 (KHTML, like Gecko) Chrome/77.0.3865.116 Mobile Safari/537.36 HeyTapBrowser/15.7.8.1"
157.38.4.231 - - [29/Jul/2021:07:07:21 +0000] "GET / HTTP/1.1" 200 7854 "https://shrihanumanlottery.com/" "Mozilla/5.0 (Linux; U; Android 8.1.0; en-us; CPH1909 Build/O11019) AppleWebKit/537.36 (KHTML, like Gecko) Chrome/77.0.3865.116 Mobile Safari/537.36 HeyTapBrowser/15.7.8.1"
157.38.4.231 - - [29/Jul/2021:07:07:23 +0000] "GET / HTTP/1.1" 200 7854 "https://shrihanumanlottery.com/" "Mozilla/5.0 (Linux; U; Android 8.1.0; en-us; CPH1909 Build/O11019) AppleWebKit/537.36 (KHTML, like Gecko) Chrome/77.0.3865.116 Mobile Safari/537.36 HeyTapBrowser/15.7.8.1"
157.38.4.231 - - [29/Jul/2021:07:07:25 +0000] "GET / HTTP/1.1" 200 7854 "https://shrihanumanlottery.com/" "Mozilla/5.0 (Linux; U; Android 8.1.0; en-us; CPH1909 Build/O11019) AppleWebKit/537.36 (KHTML, like Gecko) Chrome/77.0.3865.116 Mobile Safari/537.36 HeyTapBrowser/15.7.8.1"
157.38.4.231 - - [29/Jul/2021:07:07:30 +0000] "GET / HTTP/1.1" 200 7854 "https://shrihanumanlottery.com/" "Mozilla/5.0 (Linux; U; Android 8.1.0; en-us; CPH1909 Build/O11019) AppleWebKit/537.36 (KHTML, like Gecko) Chrome/77.0.3865.116 Mobile Safari/537.36 HeyTapBrowser/15.7.8.1"
157.38.4.231 - - [29/Jul/2021:07:07:32 +0000] "GET / HTTP/1.1" 200 7854 "https://shrihanumanlottery.com/" "Mozilla/5.0 (Linux; U; Android 8.1.0; en-us; CPH1909 Build/O11019) AppleWebKit/537.36 (KHTML, like Gecko) Chrome/77.0.3865.116 Mobile Safari/537.36 HeyTapBrowser/15.7.8.1"
157.38.4.231 - - [29/Jul/2021:07:07:34 +0000] "GET / HTTP/1.1" 200 7854 "https://shrihanumanlottery.com/" "Mozilla/5.0 (Linux; U; Android 8.1.0; en-us; CPH1909 Build/O11019) AppleWebKit/537.36 (KHTML, like Gecko) Chrome/77.0.3865.116 Mobile Safari/537.36 HeyTapBrowser/15.7.8.1"
157.38.4.231 - - [29/Jul/2021:07:07:36 +0000] "GET / HTTP/1.1" 200 7854 "https://shrihanumanlottery.com/" "Mozilla/5.0 (Linux; U; Android 8.1.0; en-us; CPH1909 Build/O11019) AppleWebKit/537.36 (KHTML, like Gecko) Chrome/77.0.3865.116 Mobile Safari/537.36 HeyTapBrowser/15.7.8.1"
157.38.4.231 - - [29/Jul/2021:07:07:40 +0000] "GET / HTTP/1.1" 200 7854 "https://shrihanumanlottery.com/" "Mozilla/5.0 (Linux; U; Android 8.1.0; en-us; CPH1909 Build/O11019) AppleWebKit/537.36 (KHTML, like Gecko) Chrome/77.0.3865.116 Mobile Safari/537.36 HeyTapBrowser/15.7.8.1"
157.38.4.231 - - [29/Jul/2021:07:07:46 +0000] "GET / HTTP/1.1" 200 7854 "https://shrihanumanlottery.com/" "Mozilla/5.0 (Linux; U; Android 8.1.0; en-us; CPH1909 Build/O11019) AppleWebKit/537.36 (KHTML, like Gecko) Chrome/77.0.3865.116 Mobile Safari/537.36 HeyTapBrowser/15.7.8.1"
157.38.4.231 - - [29/Jul/2021:07:07:48 +0000] "GET / HTTP/1.1" 200 7854 "https://shrihanumanlottery.com/" "Mozilla/5.0 (Linux; U; Android 8.1.0; en-us; CPH1909 Build/O11019) AppleWebKit/537.36 (KHTML, like Gecko) Chrome/77.0.3865.116 Mobile Safari/537.36 HeyTapBrowser/15.7.8.1"
157.38.4.231 - - [29/Jul/2021:07:07:50 +0000] "GET / HTTP/1.1" 200 7854 "https://shrihanumanlottery.com/" "Mozilla/5.0 (Linux; U; Android 8.1.0; en-us; CPH1909 Build/O11019) AppleWebKit/537.36 (KHTML, like Gecko) Chrome/77.0.3865.116 Mobile Safari/537.36 HeyTapBrowser/15.7.8.1"
157.38.4.231 - - [29/Jul/2021:07:07:52 +0000] "GET / HTTP/1.1" 200 7854 "https://shrihanumanlottery.com/" "Mozilla/5.0 (Linux; U; Android 8.1.0; en-us; CPH1909 Build/O11019) AppleWebKit/537.36 (KHTML, like Gecko) Chrome/77.0.3865.116 Mobile Safari/537.36 HeyTapBrowser/15.7.8.1"
157.38.4.231 - - [29/Jul/2021:07:07:55 +0000] "GET / HTTP/1.1" 200 7854 "https://shrihanumanlottery.com/" "Mozilla/5.0 (Linux; U; Android 8.1.0; en-us; CPH1909 Build/O11019) AppleWebKit/537.36 (KHTML, like Gecko) Chrome/77.0.3865.116 Mobile Safari/537.36 HeyTapBrowser/15.7.8.1"
157.38.4.231 - - [29/Jul/2021:07:07:56 +0000] "GET / HTTP/1.1" 200 7854 "https://shrihanumanlottery.com/" "Mozilla/5.0 (Linux; U; Android 8.1.0; en-us; CPH1909 Build/O11019) AppleWebKit/537.36 (KHTML, like Gecko) Chrome/77.0.3865.116 Mobile Safari/537.36 HeyTapBrowser/15.7.8.1"
157.38.4.231 - - [29/Jul/2021:07:07:58 +0000] "GET / HTTP/1.1" 200 7854 "https://shrihanumanlottery.com/" "Mozilla/5.0 (Linux; U; Android 8.1.0; en-us; CPH1909 Build/O11019) AppleWebKit/537.36 (KHTML, like Gecko) Chrome/77.0.3865.116 Mobile Safari/537.36 HeyTapBrowser/15.7.8.1"
157.38.4.231 - - [29/Jul/2021:07:08:01 +0000] "GET / HTTP/1.1" 200 7854 "https://shrihanumanlottery.com/" "Mozilla/5.0 (Linux; U; Android 8.1.0; en-us; CPH1909 Build/O11019) AppleWebKit/537.36 (KHTML, like Gecko) Chrome/77.0.3865.116 Mobile Safari/537.36 HeyTapBrowser/15.7.8.1"
157.38.4.231 - - [29/Jul/2021:07:08:02 +0000] "GET / HTTP/1.1" 200 7854 "https://shrihanumanlottery.com/" "Mozilla/5.0 (Linux; U; Android 8.1.0; en-us; CPH1909 Build/O11019) AppleWebKit/537.36 (KHTML, like Gecko) Chrome/77.0.3865.116 Mobile Safari/537.36 HeyTapBrowser/15.7.8.1"
157.38.4.231 - - [29/Jul/2021:07:08:04 +0000] "GET / HTTP/1.1" 200 7854 "https://shrihanumanlottery.com/" "Mozilla/5.0 (Linux; U; Android 8.1.0; en-us; CPH1909 Build/O11019) AppleWebKit/537.36 (KHTML, like Gecko) Chrome/77.0.3865.116 Mobile Safari/537.36 HeyTapBrowser/15.7.8.1"
106.206.162.55 - - [29/Jul/2021:07:08:05 +0000] "GET / HTTP/1.1" 200 7854 "-" "Mozilla/5.0 (Linux; Android 10; M2010J19SI) AppleWebKit/537.36 (KHTML, like Gecko) Chrome/83.0.4103.101 Mobile Safari/537.36"
157.38.4.231 - - [29/Jul/2021:07:08:06 +0000] "GET / HTTP/1.1" 200 7854 "https://shrihanumanlottery.com/" "Mozilla/5.0 (Linux; U; Android 8.1.0; en-us; CPH1909 Build/O11019) AppleWebKit/537.36 (KHTML, like Gecko) Chrome/77.0.3865.116 Mobile Safari/537.36 HeyTapBrowser/15.7.8.1"
157.38.4.231 - - [29/Jul/2021:07:08:09 +0000] "GET / HTTP/1.1" 200 7854 "https://shrihanumanlottery.com/" "Mozilla/5.0 (Linux; U; Android 8.1.0; en-us; CPH1909 Build/O11019) AppleWebKit/537.36 (KHTML, like Gecko) Chrome/77.0.3865.116 Mobile Safari/537.36 HeyTapBrowser/15.7.8.1"
106.206.162.55 - - [29/Jul/2021:07:08:10 +0000] "GET / HTTP/1.1" 200 7854 "http://shrihanumanlottery.com/" "Mozilla/5.0 (Linux; Android 10; M2010J19SI) AppleWebKit/537.36 (KHTML, like Gecko) Chrome/83.0.4103.101 Mobile Safari/537.36"
157.38.4.231 - - [29/Jul/2021:07:08:11 +0000] "GET / HTTP/1.1" 200 7854 "https://shrihanumanlottery.com/" "Mozilla/5.0 (Linux; U; Android 8.1.0; en-us; CPH1909 Build/O11019) AppleWebKit/537.36 (KHTML, like Gecko) Chrome/77.0.3865.116 Mobile Safari/537.36 HeyTapBrowser/15.7.8.1"
157.38.4.231 - - [29/Jul/2021:07:08:13 +0000] "GET / HTTP/1.1" 200 7854 "https://shrihanumanlottery.com/" "Mozilla/5.0 (Linux; U; Android 8.1.0; en-us; CPH1909 Build/O11019) AppleWebKit/537.36 (KHTML, like Gecko) Chrome/77.0.3865.116 Mobile Safari/537.36 HeyTapBrowser/15.7.8.1"
106.206.162.55 - - [29/Jul/2021:07:08:15 +0000] "GET / HTTP/1.1" 200 7854 "http://shrihanumanlottery.com/" "Mozilla/5.0 (Linux; Android 10; M2010J19SI) AppleWebKit/537.36 (KHTML, like Gecko) Chrome/83.0.4103.101 Mobile Safari/537.36"
106.206.162.55 - - [29/Jul/2021:07:08:17 +0000] "GET / HTTP/1.1" 200 7854 "http://shrihanumanlottery.com/" "Mozilla/5.0 (Linux; Android 10; M2010J19SI) AppleWebKit/537.36 (KHTML, like Gecko) Chrome/83.0.4103.101 Mobile Safari/537.36"
157.38.4.231 - - [29/Jul/2021:07:08:17 +0000] "GET / HTTP/1.1" 200 7854 "https://shrihanumanlottery.com/" "Mozilla/5.0 (Linux; U; Android 8.1.0; en-us; CPH1909 Build/O11019) AppleWebKit/537.36 (KHTML, like Gecko) Chrome/77.0.3865.116 Mobile Safari/537.36 HeyTapBrowser/15.7.8.1"
106.206.162.55 - - [29/Jul/2021:07:08:18 +0000] "GET / HTTP/1.1" 200 7854 "http://shrihanumanlottery.com/" "Mozilla/5.0 (Linux; Android 10; M2010J19SI) AppleWebKit/537.36 (KHTML, like Gecko) Chrome/83.0.4103.101 Mobile Safari/537.36"
106.206.162.55 - - [29/Jul/2021:07:08:20 +0000] "GET / HTTP/1.1" 200 7854 "http://shrihanumanlottery.com/" "Mozilla/5.0 (Linux; Android 10; M2010J19SI) AppleWebKit/537.36 (KHTML, like Gecko) Chrome/83.0.4103.101 Mobile Safari/537.36"
157.38.4.231 - - [29/Jul/2021:07:08:24 +0000] "GET / HTTP/1.1" 200 7854 "https://shrihanumanlottery.com/" "Mozilla/5.0 (Linux; U; Android 8.1.0; en-us; CPH1909 Build/O11019) AppleWebKit/537.36 (KHTML, like Gecko) Chrome/77.0.3865.116 Mobile Safari/537.36 HeyTapBrowser/15.7.8.1"
106.206.162.55 - - [29/Jul/2021:07:08:24 +0000] "GET / HTTP/1.1" 200 7854 "http://shrihanumanlottery.com/" "Mozilla/5.0 (Linux; Android 10; M2010J19SI) AppleWebKit/537.36 (KHTML, like Gecko) Chrome/83.0.4103.101 Mobile Safari/537.36"
157.38.4.231 - - [29/Jul/2021:07:08:27 +0000] "GET / HTTP/1.1" 200 7854 "https://shrihanumanlottery.com/" "Mozilla/5.0 (Linux; U; Android 8.1.0; en-us; CPH1909 Build/O11019) AppleWebKit/537.36 (KHTML, like Gecko) Chrome/77.0.3865.116 Mobile Safari/537.36 HeyTapBrowser/15.7.8.1"
27.63.107.186 - - [29/Jul/2021:07:08:28 +0000] "GET /secureadmin/admin/ HTTP/1.1" 200 6754 "-" "Mozilla/5.0 (Linux; U; Android 10; hi-in; CPH1969 Build/QP1A.190711.020) AppleWebKit/537.36 (KHTML, like Gecko) Chrome/77.0.3865.116 Mobile Safari/537.36 HeyTapBrowser/45.7.8.1"
106.206.162.55 - - [29/Jul/2021:07:08:29 +0000] "GET / HTTP/1.1" 200 7854 "http://shrihanumanlottery.com/" "Mozilla/5.0 (Linux; Android 10; M2010J19SI) AppleWebKit/537.36 (KHTML, like Gecko) Chrome/83.0.4103.101 Mobile Safari/537.36"
157.38.4.231 - - [29/Jul/2021:07:08:29 +0000] "GET / HTTP/1.1" 200 7854 "https://shrihanumanlottery.com/" "Mozilla/5.0 (Linux; U; Android 8.1.0; en-us; CPH1909 Build/O11019) AppleWebKit/537.36 (KHTML, like Gecko) Chrome/77.0.3865.116 Mobile Safari/537.36 HeyTapBrowser/15.7.8.1"
27.63.107.186 - - [29/Jul/2021:07:08:30 +0000] "GET /secureadmin/admin/menuContent.html HTTP/1.1" 404 232 "http://shrihanumanlottery.com/secureadmin/admin/" "Mozilla/5.0 (Linux; U; Android 10; hi-in; CPH1969 Build/QP1A.190711.020) AppleWebKit/537.36 (KHTML, like Gecko) Chrome/77.0.3865.116 Mobile Safari/537.36 HeyTapBrowser/45.7.8.1"
27.63.107.186 - - [29/Jul/2021:07:08:30 +0000] "GET /favicon.ico HTTP/1.1" 404 209 "http://shrihanumanlottery.com/secureadmin/admin/" "Mozilla/5.0 (Linux; U; Android 10; hi-in; CPH1969 Build/QP1A.190711.020) AppleWebKit/537.36 (KHTML, like Gecko) Chrome/77.0.3865.116 Mobile Safari/537.36 HeyTapBrowser/45.7.8.1"
157.38.4.231 - - [29/Jul/2021:07:08:31 +0000] "GET / HTTP/1.1" 200 7854 "https://shrihanumanlottery.com/" "Mozilla/5.0 (Linux; U; Android 8.1.0; en-us; CPH1909 Build/O11019) AppleWebKit/537.36 (KHTML, like Gecko) Chrome/77.0.3865.116 Mobile Safari/537.36 HeyTapBrowser/15.7.8.1"
106.206.162.55 - - [29/Jul/2021:07:08:34 +0000] "GET / HTTP/1.1" 200 7854 "http://shrihanumanlottery.com/" "Mozilla/5.0 (Linux; Android 10; M2010J19SI) AppleWebKit/537.36 (KHTML, like Gecko) Chrome/83.0.4103.101 Mobile Safari/537.36"
157.38.4.231 - - [29/Jul/2021:07:08:34 +0000] "GET / HTTP/1.1" 200 7854 "https://shrihanumanlottery.com/" "Mozilla/5.0 (Linux; U; Android 8.1.0; en-us; CPH1909 Build/O11019) AppleWebKit/537.36 (KHTML, like Gecko) Chrome/77.0.3865.116 Mobile Safari/537.36 HeyTapBrowser/15.7.8.1"
157.38.4.231 - - [29/Jul/2021:07:08:36 +0000] "GET / HTTP/1.1" 200 7854 "https://shrihanumanlottery.com/" "Mozilla/5.0 (Linux; U; Android 8.1.0; en-us; CPH1909 Build/O11019) AppleWebKit/537.36 (KHTML, like Gecko) Chrome/77.0.3865.116 Mobile Safari/537.36 HeyTapBrowser/15.7.8.1"
157.38.4.231 - - [29/Jul/2021:07:08:39 +0000] "GET / HTTP/1.1" 200 7854 "https://shrihanumanlottery.com/" "Mozilla/5.0 (Linux; U; Android 8.1.0; en-us; CPH1909 Build/O11019) AppleWebKit/537.36 (KHTML, like Gecko) Chrome/77.0.3865.116 Mobile Safari/537.36 HeyTapBrowser/15.7.8.1"
157.38.4.231 - - [29/Jul/2021:07:08:41 +0000] "GET / HTTP/1.1" 200 7854 "https://shrihanumanlottery.com/" "Mozilla/5.0 (Linux; U; Android 8.1.0; en-us; CPH1909 Build/O11019) AppleWebKit/537.36 (KHTML, like Gecko) Chrome/77.0.3865.116 Mobile Safari/537.36 HeyTapBrowser/15.7.8.1"
106.206.162.55 - - [29/Jul/2021:07:08:44 +0000] "GET / HTTP/1.1" 200 7854 "http://shrihanumanlottery.com/" "Mozilla/5.0 (Linux; Android 10; M2010J19SI) AppleWebKit/537.36 (KHTML, like Gecko) Chrome/83.0.4103.101 Mobile Safari/537.36"
157.38.4.231 - - [29/Jul/2021:07:08:48 +0000] "GET / HTTP/1.1" 200 7854 "https://shrihanumanlottery.com/" "Mozilla/5.0 (Linux; U; Android 8.1.0; en-us; CPH1909 Build/O11019) AppleWebKit/537.36 (KHTML, like Gecko) Chrome/77.0.3865.116 Mobile Safari/537.36 HeyTapBrowser/15.7.8.1"
27.63.107.186 - - [29/Jul/2021:07:08:49 +0000] "POST /secureadmin/admin/loginsuccess.php HTTP/1.1" 302 - "http://shrihanumanlottery.com/secureadmin/admin/" "Mozilla/5.0 (Linux; U; Android 10; hi-in; CPH1969 Build/QP1A.190711.020) AppleWebKit/537.36 (KHTML, like Gecko) Chrome/77.0.3865.116 Mobile Safari/537.36 HeyTapBrowser/45.7.8.1"
27.63.107.186 - - [29/Jul/2021:07:08:49 +0000] "GET /secureadmin/admin/add-results.php?message=success HTTP/1.1" 200 15564 "http://shrihanumanlottery.com/secureadmin/admin/" "Mozilla/5.0 (Linux; U; Android 10; hi-in; CPH1969 Build/QP1A.190711.020) AppleWebKit/537.36 (KHTML, like Gecko) Chrome/77.0.3865.116 Mobile Safari/537.36 HeyTapBrowser/45.7.8.1"
27.63.107.186 - - [29/Jul/2021:07:08:49 +0000] "GET /secureadmin/admin/menuContent.html HTTP/1.1" 404 232 "http://shrihanumanlottery.com/secureadmin/admin/add-results.php?message=success" "Mozilla/5.0 (Linux; U; Android 10; hi-in; CPH1969 Build/QP1A.190711.020) AppleWebKit/537.36 (KHTML, like Gecko) Chrome/77.0.3865.116 Mobile Safari/537.36 HeyTapBrowser/45.7.8.1"
106.206.162.55 - - [29/Jul/2021:07:08:58 +0000] "GET / HTTP/1.1" 200 7854 "http://shrihanumanlottery.com/" "Mozilla/5.0 (Linux; Android 10; M2010J19SI) AppleWebKit/537.36 (KHTML, like Gecko) Chrome/83.0.4103.101 Mobile Safari/537.36"
223.238.169.18 - - [29/Jul/2021:07:08:58 +0000] "POST /secureadmin/admin/processProduct.php?action=addPageContent HTTP/1.1" 200 138 "http://shrihanumanlottery.com/secureadmin/admin/add-results.php?message=success" "Mozilla/5.0 (Linux; U; Android 10; hi-in; CPH1969 Build/QP1A.190711.020) AppleWebKit/537.36 (KHTML, like Gecko) Chrome/77.0.3865.116 Mobile Safari/537.36 HeyTapBrowser/45.7.8.1"
223.238.169.18 - - [29/Jul/2021:07:09:00 +0000] "GET /secureadmin/admin/add-results.php HTTP/1.1" 200 16169 "http://shrihanumanlottery.com/secureadmin/admin/processProduct.php?action=addPageContent" "Mozilla/5.0 (Linux; U; Android 10; hi-in; CPH1969 Build/QP1A.190711.020) AppleWebKit/537.36 (KHTML, like Gecko) Chrome/77.0.3865.116 Mobile Safari/537.36 HeyTapBrowser/45.7.8.1"
223.238.169.18 - - [29/Jul/2021:07:09:00 +0000] "GET /secureadmin/admin/menuContent.html HTTP/1.1" 404 232 "http://shrihanumanlottery.com/secureadmin/admin/add-results.php" "Mozilla/5.0 (Linux; U; Android 10; hi-in; CPH1969 Build/QP1A.190711.020) AppleWebKit/537.36 (KHTML, like Gecko) Chrome/77.0.3865.116 Mobile Safari/537.36 HeyTapBrowser/45.7.8.1"
223.238.169.18 - - [29/Jul/2021:07:09:03 +0000] "GET / HTTP/1.1" 200 7968 "-" "Mozilla/5.0 (Linux; Android 10; CPH1969) AppleWebKit/537.36 (KHTML, like Gecko) Chrome/81.0.4044.138 Mobile Safari/537.36"
106.206.162.55 - - [29/Jul/2021:07:09:04 +0000] "GET / HTTP/1.1" 200 7968 "http://shrihanumanlottery.com/" "Mozilla/5.0 (Linux; Android 10; M2010J19SI) AppleWebKit/537.36 (KHTML, like Gecko) Chrome/83.0.4103.101 Mobile Safari/537.36"
223.238.169.18 - - [29/Jul/2021:07:09:04 +0000] "GET /img/favicon2.png HTTP/1.1" 404 214 "https://shrihanumanlottery.com/" "Mozilla/5.0 (Linux; Android 10; CPH1969) AppleWebKit/537.36 (KHTML, like Gecko) Chrome/81.0.4044.138 Mobile Safari/537.36"
157.47.206.91 - - [29/Jul/2021:07:09:06 +0000] "GET / HTTP/1.1" 200 7968 "https://www.google.com/" "Mozilla/5.0 (Linux; Android 10; CPH2185) AppleWebKit/537.36 (KHTML, like Gecko) Chrome/83.0.4103.106 Mobile Safari/537.36"
157.47.206.91 - - [29/Jul/2021:07:09:06 +0000] "GET /css/style.css HTTP/1.1" 200 2122 "https://shrihanumanlottery.com/" "Mozilla/5.0 (Linux; Android 10; CPH2185) AppleWebKit/537.36 (KHTML, like Gecko) Chrome/83.0.4103.106 Mobile Safari/537.36"
157.47.206.91 - - [29/Jul/2021:07:09:06 +0000] "GET /images/shrihanuman.gif HTTP/1.1" 200 160010 "https://shrihanumanlottery.com/" "Mozilla/5.0 (Linux; Android 10; CPH2185) AppleWebKit/537.36 (KHTML, like Gecko) Chrome/83.0.4103.106 Mobile Safari/537.36"
157.47.206.91 - - [29/Jul/2021:07:09:06 +0000] "GET /img/star12.gif HTTP/1.1" 200 10588 "https://shrihanumanlottery.com/css/style.css" "Mozilla/5.0 (Linux; Android 10; CPH2185) AppleWebKit/537.36 (KHTML, like Gecko) Chrome/83.0.4103.106 Mobile Safari/537.36"
157.47.206.91 - - [29/Jul/2021:07:09:06 +0000] "GET /galleryimg/6547081shrihanumanji.jpg HTTP/1.1" 200 104888 "https://shrihanumanlottery.com/" "Mozilla/5.0 (Linux; Android 10; CPH2185) AppleWebKit/537.36 (KHTML, like Gecko) Chrome/83.0.4103.106 Mobile Safari/537.36"
157.47.206.91 - - [29/Jul/2021:07:09:07 +0000] "GET /img/favicon2.png HTTP/1.1" 404 214 "https://shrihanumanlottery.com/" "Mozilla/5.0 (Linux; Android 10; CPH2185) AppleWebKit/537.36 (KHTML, like Gecko) Chrome/83.0.4103.106 Mobile Safari/537.36"
157.38.4.231 - - [29/Jul/2021:07:09:12 +0000] "GET / HTTP/1.1" 200 7968 "https://shrihanumanlottery.com/" "Mozilla/5.0 (Linux; U; Android 8.1.0; en-us; CPH1909 Build/O11019) AppleWebKit/537.36 (KHTML, like Gecko) Chrome/77.0.3865.116 Mobile Safari/537.36 HeyTapBrowser/15.7.8.1"
223.238.169.18 - - [29/Jul/2021:07:09:13 +0000] "GET / HTTP/1.1" 200 7968 "https://shrihanumanlottery.com/" "Mozilla/5.0 (Linux; Android 10; CPH1969) AppleWebKit/537.36 (KHTML, like Gecko) Chrome/81.0.4044.138 Mobile Safari/537.36"
45.114.145.83 - - [29/Jul/2021:07:09:57 +0000] "GET / HTTP/1.1" 200 7968 "https://www.google.com/" "Mozilla/5.0 (Linux; Android 11; V2037) AppleWebKit/537.36 (KHTML, like Gecko) Chrome/91.0.4472.120 Mobile Safari/537.36"
45.114.145.83 - - [29/Jul/2021:07:09:58 +0000] "GET /img/favicon2.png HTTP/1.1" 404 214 "https://shrihanumanlottery.com/" "Mozilla/5.0 (Linux; Android 11; V2037) AppleWebKit/537.36 (KHTML, like Gecko) Chrome/91.0.4472.120 Mobile Safari/537.36"
157.55.39.88 - - [29/Jul/2021:07:10:42 +0000] "GET /results2020.php HTTP/1.1" 200 518071 "-" "Mozilla/5.0 (compatible; bingbot/2.0; +http://www.bing.com/bingbot.htm)"
157.47.192.128 - - [29/Jul/2021:07:16:20 +0000] "GET / HTTP/1.1" 200 7968 "https://www.google.com/" "Mozilla/5.0 (Linux; Android 10; CPH2001) AppleWebKit/537.36 (KHTML, like Gecko) Chrome/81.0.4044.138 Mobile Safari/537.36"
1.39.222.111 - - [29/Jul/2021:07:17:52 +0000] "GET / HTTP/1.1" 200 7968 "https://www.google.com/" "Mozilla/5.0 (Linux; Android 9; vivo 1907) AppleWebKit/537.36 (KHTML, like Gecko) Chrome/74.0.3729.136 Mobile Safari/537.36"
1.39.222.111 - - [29/Jul/2021:07:17:52 +0000] "GET /images/shrihanuman.gif HTTP/1.1" 200 160010 "https://shrihanumanlottery.com/" "Mozilla/5.0 (Linux; Android 9; vivo 1907) AppleWebKit/537.36 (KHTML, like Gecko) Chrome/74.0.3729.136 Mobile Safari/537.36"
1.39.222.111 - - [29/Jul/2021:07:17:52 +0000] "GET /galleryimg/6547081shrihanumanji.jpg HTTP/1.1" 200 104888 "https://shrihanumanlottery.com/" "Mozilla/5.0 (Linux; Android 9; vivo 1907) AppleWebKit/537.36 (KHTML, like Gecko) Chrome/74.0.3729.136 Mobile Safari/537.36"
1.39.222.111 - - [29/Jul/2021:07:17:54 +0000] "GET /img/favicon2.png HTTP/1.1" 404 214 "https://shrihanumanlottery.com/" "Mozilla/5.0 (Linux; Android 9; vivo 1907) AppleWebKit/537.36 (KHTML, like Gecko) Chrome/74.0.3729.136 Mobile Safari/537.36"
114.119.161.177 - - [29/Jul/2021:07:25:09 +0000] "GET /robots.txt HTTP/1.1" 404 208 "-" "Mozilla/5.0 (compatible;PetalBot;+https://webmaster.petalsearch.com/site/petalbot)"
157.47.253.37 - - [29/Jul/2021:07:26:36 +0000] "GET / HTTP/1.1" 200 7968 "https://www.google.com/" "Mozilla/5.0 (Linux; Android 9; vivo 1906) AppleWebKit/537.36 (KHTML, like Gecko) Chrome/91.0.4472.101 Mobile Safari/537.36"
157.47.253.37 - - [29/Jul/2021:07:26:37 +0000] "GET /img/favicon2.png HTTP/1.1" 404 214 "https://shrihanumanlottery.com/" "Mozilla/5.0 (Linux; Android 9; vivo 1906) AppleWebKit/537.36 (KHTML, like Gecko) Chrome/91.0.4472.101 Mobile Safari/537.36"
27.63.104.210 - - [29/Jul/2021:07:28:20 +0000] "GET / HTTP/1.1" 200 7968 "-" "Mozilla/5.0 (Linux; Android 10; CPH1969) AppleWebKit/537.36 (KHTML, like Gecko) Chrome/81.0.4044.138 Mobile Safari/537.36"
27.63.104.210 - - [29/Jul/2021:07:28:21 +0000] "GET /img/favicon2.png HTTP/1.1" 404 214 "https://shrihanumanlottery.com/" "Mozilla/5.0 (Linux; Android 10; CPH1969) AppleWebKit/537.36 (KHTML, like Gecko) Chrome/81.0.4044.138 Mobile Safari/537.36"
42.107.224.15 - - [29/Jul/2021:07:30:46 +0000] "GET / HTTP/1.1" 200 7968 "-" "Mozilla/5.0 (Linux; Android 4.4.2; SM-G355H Build/KOT49H) AppleWebKit/537.36 (KHTML, like Gecko) Chrome/40.0.2214.109 Mobile Safari/537.36"
42.107.224.15 - - [29/Jul/2021:07:30:46 +0000] "GET /images/shrihanuman.gif HTTP/1.1" 206 1 "https://shrihanumanlottery.com/" "Mozilla/5.0 (Linux; Android 4.4.2; SM-G355H Build/KOT49H) AppleWebKit/537.36 (KHTML, like Gecko) Chrome/40.0.2214.109 Mobile Safari/537.36"
42.107.224.15 - - [29/Jul/2021:07:30:46 +0000] "GET /images/shrihanuman.gif HTTP/1.1" 206 78090 "https://shrihanumanlottery.com/" "Mozilla/5.0 (Linux; Android 4.4.2; SM-G355H Build/KOT49H) AppleWebKit/537.36 (KHTML, like Gecko) Chrome/40.0.2214.109 Mobile Safari/537.36"
157.38.108.110 - - [29/Jul/2021:07:34:36 +0000] "GET / HTTP/1.1" 200 7968 "-" "Mozilla/5.0 (Linux; U; Android 8.1.0; en-us; CPH1909 Build/O11019) AppleWebKit/537.36 (KHTML, like Gecko) Chrome/77.0.3865.116 Mobile Safari/537.36 HeyTapBrowser/15.7.8.1"
157.38.108.110 - - [29/Jul/2021:07:34:38 +0000] "GET /img/favicon2.png HTTP/1.1" 404 214 "https://shrihanumanlottery.com/" "Mozilla/5.0 (Linux; U; Android 8.1.0; en-us; CPH1909 Build/O11019) AppleWebKit/537.36 (KHTML, like Gecko) Chrome/77.0.3865.116 Mobile Safari/537.36 HeyTapBrowser/15.7.8.1"
157.38.108.110 - - [29/Jul/2021:07:34:41 +0000] "GET / HTTP/1.1" 200 7968 "https://shrihanumanlottery.com/" "Mozilla/5.0 (Linux; U; Android 8.1.0; en-us; CPH1909 Build/O11019) AppleWebKit/537.36 (KHTML, like Gecko) Chrome/77.0.3865.116 Mobile Safari/537.36 HeyTapBrowser/15.7.8.1"
157.38.108.110 - - [29/Jul/2021:07:34:52 +0000] "GET / HTTP/1.1" 200 7968 "https://shrihanumanlottery.com/" "Mozilla/5.0 (Linux; U; Android 8.1.0; en-us; CPH1909 Build/O11019) AppleWebKit/537.36 (KHTML, like Gecko) Chrome/77.0.3865.116 Mobile Safari/537.36 HeyTapBrowser/15.7.8.1"
157.38.108.110 - - [29/Jul/2021:07:35:01 +0000] "GET / HTTP/1.1" 200 7968 "https://shrihanumanlottery.com/" "Mozilla/5.0 (Linux; U; Android 8.1.0; en-us; CPH1909 Build/O11019) AppleWebKit/537.36 (KHTML, like Gecko) Chrome/77.0.3865.116 Mobile Safari/537.36 HeyTapBrowser/15.7.8.1"
157.38.108.110 - - [29/Jul/2021:07:35:04 +0000] "GET / HTTP/1.1" 200 7968 "https://shrihanumanlottery.com/" "Mozilla/5.0 (Linux; U; Android 8.1.0; en-us; CPH1909 Build/O11019) AppleWebKit/537.36 (KHTML, like Gecko) Chrome/77.0.3865.116 Mobile Safari/537.36 HeyTapBrowser/15.7.8.1"
157.38.108.110 - - [29/Jul/2021:07:35:13 +0000] "GET / HTTP/1.1" 200 7968 "https://shrihanumanlottery.com/" "Mozilla/5.0 (Linux; U; Android 8.1.0; en-us; CPH1909 Build/O11019) AppleWebKit/537.36 (KHTML, like Gecko) Chrome/77.0.3865.116 Mobile Safari/537.36 HeyTapBrowser/15.7.8.1"
157.38.108.110 - - [29/Jul/2021:07:35:31 +0000] "GET / HTTP/1.1" 200 7968 "https://shrihanumanlottery.com/" "Mozilla/5.0 (Linux; U; Android 8.1.0; en-us; CPH1909 Build/O11019) AppleWebKit/537.36 (KHTML, like Gecko) Chrome/77.0.3865.116 Mobile Safari/537.36 HeyTapBrowser/15.7.8.1"
157.38.108.110 - - [29/Jul/2021:07:35:33 +0000] "GET / HTTP/1.1" 200 7968 "https://shrihanumanlottery.com/" "Mozilla/5.0 (Linux; U; Android 8.1.0; en-us; CPH1909 Build/O11019) AppleWebKit/537.36 (KHTML, like Gecko) Chrome/77.0.3865.116 Mobile Safari/537.36 HeyTapBrowser/15.7.8.1"
157.38.108.110 - - [29/Jul/2021:07:35:35 +0000] "GET / HTTP/1.1" 200 7968 "https://shrihanumanlottery.com/" "Mozilla/5.0 (Linux; U; Android 8.1.0; en-us; CPH1909 Build/O11019) AppleWebKit/537.36 (KHTML, like Gecko) Chrome/77.0.3865.116 Mobile Safari/537.36 HeyTapBrowser/15.7.8.1"
157.38.108.110 - - [29/Jul/2021:07:35:37 +0000] "GET / HTTP/1.1" 200 7968 "https://shrihanumanlottery.com/" "Mozilla/5.0 (Linux; U; Android 8.1.0; en-us; CPH1909 Build/O11019) AppleWebKit/537.36 (KHTML, like Gecko) Chrome/77.0.3865.116 Mobile Safari/537.36 HeyTapBrowser/15.7.8.1"
157.38.108.110 - - [29/Jul/2021:07:35:39 +0000] "GET / HTTP/1.1" 200 7968 "https://shrihanumanlottery.com/" "Mozilla/5.0 (Linux; U; Android 8.1.0; en-us; CPH1909 Build/O11019) AppleWebKit/537.36 (KHTML, like Gecko) Chrome/77.0.3865.116 Mobile Safari/537.36 HeyTapBrowser/15.7.8.1"
157.38.108.110 - - [29/Jul/2021:07:35:40 +0000] "GET / HTTP/1.1" 200 7968 "https://shrihanumanlottery.com/" "Mozilla/5.0 (Linux; U; Android 8.1.0; en-us; CPH1909 Build/O11019) AppleWebKit/537.36 (KHTML, like Gecko) Chrome/77.0.3865.116 Mobile Safari/537.36 HeyTapBrowser/15.7.8.1"
157.38.108.110 - - [29/Jul/2021:07:35:42 +0000] "GET / HTTP/1.1" 200 7968 "https://shrihanumanlottery.com/" "Mozilla/5.0 (Linux; U; Android 8.1.0; en-us; CPH1909 Build/O11019) AppleWebKit/537.36 (KHTML, like Gecko) Chrome/77.0.3865.116 Mobile Safari/537.36 HeyTapBrowser/15.7.8.1"
157.38.108.110 - - [29/Jul/2021:07:35:44 +0000] "GET / HTTP/1.1" 200 7968 "https://shrihanumanlottery.com/" "Mozilla/5.0 (Linux; U; Android 8.1.0; en-us; CPH1909 Build/O11019) AppleWebKit/537.36 (KHTML, like Gecko) Chrome/77.0.3865.116 Mobile Safari/537.36 HeyTapBrowser/15.7.8.1"
157.38.108.110 - - [29/Jul/2021:07:35:45 +0000] "GET / HTTP/1.1" 200 7968 "https://shrihanumanlottery.com/" "Mozilla/5.0 (Linux; U; Android 8.1.0; en-us; CPH1909 Build/O11019) AppleWebKit/537.36 (KHTML, like Gecko) Chrome/77.0.3865.116 Mobile Safari/537.36 HeyTapBrowser/15.7.8.1"
157.47.208.45 - - [29/Jul/2021:07:36:21 +0000] "GET / HTTP/1.1" 200 7968 "https://www.google.com/" "Mozilla/5.0 (Linux; Android 10; Nokia 2.4) AppleWebKit/537.36 (KHTML, like Gecko) Chrome/81.0.4044.138 Mobile Safari/537.36"
157.47.208.45 - - [29/Jul/2021:07:36:21 +0000] "GET /img/favicon2.png HTTP/1.1" 404 214 "https://shrihanumanlottery.com/" "Mozilla/5.0 (Linux; Android 10; Nokia 2.4) AppleWebKit/537.36 (KHTML, like Gecko) Chrome/81.0.4044.138 Mobile Safari/537.36"
157.38.108.110 - - [29/Jul/2021:07:37:14 +0000] "GET / HTTP/1.1" 200 7968 "-" "Mozilla/5.0 (Linux; U; Android 8.1.0; en-us; CPH1909 Build/O11019) AppleWebKit/537.36 (KHTML, like Gecko) Chrome/77.0.3865.116 Mobile Safari/537.36 HeyTapBrowser/15.7.8.1"
157.38.108.110 - - [29/Jul/2021:07:37:15 +0000] "GET /img/favicon2.png HTTP/1.1" 404 214 "https://shrihanumanlottery.com/" "Mozilla/5.0 (Linux; U; Android 8.1.0; en-us; CPH1909 Build/O11019) AppleWebKit/537.36 (KHTML, like Gecko) Chrome/77.0.3865.116 Mobile Safari/537.36 HeyTapBrowser/15.7.8.1"
157.38.108.110 - - [29/Jul/2021:07:37:18 +0000] "GET / HTTP/1.1" 200 7968 "https://shrihanumanlottery.com/" "Mozilla/5.0 (Linux; U; Android 8.1.0; en-us; CPH1909 Build/O11019) AppleWebKit/537.36 (KHTML, like Gecko) Chrome/77.0.3865.116 Mobile Safari/537.36 HeyTapBrowser/15.7.8.1"
157.38.108.110 - - [29/Jul/2021:07:37:19 +0000] "GET / HTTP/1.1" 200 7968 "https://shrihanumanlottery.com/" "Mozilla/5.0 (Linux; U; Android 8.1.0; en-us; CPH1909 Build/O11019) AppleWebKit/537.36 (KHTML, like Gecko) Chrome/77.0.3865.116 Mobile Safari/537.36 HeyTapBrowser/15.7.8.1"
157.38.108.110 - - [29/Jul/2021:07:37:22 +0000] "GET / HTTP/1.1" 200 7968 "https://shrihanumanlottery.com/" "Mozilla/5.0 (Linux; U; Android 8.1.0; en-us; CPH1909 Build/O11019) AppleWebKit/537.36 (KHTML, like Gecko) Chrome/77.0.3865.116 Mobile Safari/537.36 HeyTapBrowser/15.7.8.1"
157.38.108.110 - - [29/Jul/2021:07:37:24 +0000] "GET / HTTP/1.1" 200 7968 "https://shrihanumanlottery.com/" "Mozilla/5.0 (Linux; U; Android 8.1.0; en-us; CPH1909 Build/O11019) AppleWebKit/537.36 (KHTML, like Gecko) Chrome/77.0.3865.116 Mobile Safari/537.36 HeyTapBrowser/15.7.8.1"
157.38.108.110 - - [29/Jul/2021:07:37:26 +0000] "GET / HTTP/1.1" 200 7968 "https://shrihanumanlottery.com/" "Mozilla/5.0 (Linux; U; Android 8.1.0; en-us; CPH1909 Build/O11019) AppleWebKit/537.36 (KHTML, like Gecko) Chrome/77.0.3865.116 Mobile Safari/537.36 HeyTapBrowser/15.7.8.1"
157.38.108.110 - - [29/Jul/2021:07:37:28 +0000] "GET / HTTP/1.1" 200 7968 "https://shrihanumanlottery.com/" "Mozilla/5.0 (Linux; U; Android 8.1.0; en-us; CPH1909 Build/O11019) AppleWebKit/537.36 (KHTML, like Gecko) Chrome/77.0.3865.116 Mobile Safari/537.36 HeyTapBrowser/15.7.8.1"
157.38.108.110 - - [29/Jul/2021:07:37:29 +0000] "GET / HTTP/1.1" 200 7968 "https://shrihanumanlottery.com/" "Mozilla/5.0 (Linux; U; Android 8.1.0; en-us; CPH1909 Build/O11019) AppleWebKit/537.36 (KHTML, like Gecko) Chrome/77.0.3865.116 Mobile Safari/537.36 HeyTapBrowser/15.7.8.1"
157.38.108.110 - - [29/Jul/2021:07:37:36 +0000] "GET / HTTP/1.1" 200 7968 "https://shrihanumanlottery.com/" "Mozilla/5.0 (Linux; U; Android 8.1.0; en-us; CPH1909 Build/O11019) AppleWebKit/537.36 (KHTML, like Gecko) Chrome/77.0.3865.116 Mobile Safari/537.36 HeyTapBrowser/15.7.8.1"
157.38.108.110 - - [29/Jul/2021:07:37:38 +0000] "GET / HTTP/1.1" 200 7968 "https://shrihanumanlottery.com/" "Mozilla/5.0 (Linux; U; Android 8.1.0; en-us; CPH1909 Build/O11019) AppleWebKit/537.36 (KHTML, like Gecko) Chrome/77.0.3865.116 Mobile Safari/537.36 HeyTapBrowser/15.7.8.1"
157.38.108.110 - - [29/Jul/2021:07:37:40 +0000] "GET / HTTP/1.1" 200 7968 "https://shrihanumanlottery.com/" "Mozilla/5.0 (Linux; U; Android 8.1.0; en-us; CPH1909 Build/O11019) AppleWebKit/537.36 (KHTML, like Gecko) Chrome/77.0.3865.116 Mobile Safari/537.36 HeyTapBrowser/15.7.8.1"
157.38.108.110 - - [29/Jul/2021:07:37:43 +0000] "GET / HTTP/1.1" 200 7968 "https://shrihanumanlottery.com/" "Mozilla/5.0 (Linux; U; Android 8.1.0; en-us; CPH1909 Build/O11019) AppleWebKit/537.36 (KHTML, like Gecko) Chrome/77.0.3865.116 Mobile Safari/537.36 HeyTapBrowser/15.7.8.1"
157.38.108.110 - - [29/Jul/2021:07:37:44 +0000] "GET / HTTP/1.1" 200 7968 "https://shrihanumanlottery.com/" "Mozilla/5.0 (Linux; U; Android 8.1.0; en-us; CPH1909 Build/O11019) AppleWebKit/537.36 (KHTML, like Gecko) Chrome/77.0.3865.116 Mobile Safari/537.36 HeyTapBrowser/15.7.8.1"
157.38.108.110 - - [29/Jul/2021:07:37:45 +0000] "GET / HTTP/1.1" 200 7968 "https://shrihanumanlottery.com/" "Mozilla/5.0 (Linux; U; Android 8.1.0; en-us; CPH1909 Build/O11019) AppleWebKit/537.36 (KHTML, like Gecko) Chrome/77.0.3865.116 Mobile Safari/537.36 HeyTapBrowser/15.7.8.1"
157.38.108.110 - - [29/Jul/2021:07:37:59 +0000] "GET / HTTP/1.1" 200 7968 "https://shrihanumanlottery.com/" "Mozilla/5.0 (Linux; U; Android 8.1.0; en-us; CPH1909 Build/O11019) AppleWebKit/537.36 (KHTML, like Gecko) Chrome/77.0.3865.116 Mobile Safari/537.36 HeyTapBrowser/15.7.8.1"
27.63.104.210 - - [29/Jul/2021:07:38:02 +0000] "GET /secureadmin/admin/ HTTP/1.1" 200 6754 "-" "Mozilla/5.0 (Linux; U; Android 10; hi-in; CPH1969 Build/QP1A.190711.020) AppleWebKit/537.36 (KHTML, like Gecko) Chrome/77.0.3865.116 Mobile Safari/537.36 HeyTapBrowser/45.7.8.1"
27.63.104.210 - - [29/Jul/2021:07:38:04 +0000] "GET /secureadmin/admin/menuContent.html HTTP/1.1" 404 232 "http://shrihanumanlottery.com/secureadmin/admin/" "Mozilla/5.0 (Linux; U; Android 10; hi-in; CPH1969 Build/QP1A.190711.020) AppleWebKit/537.36 (KHTML, like Gecko) Chrome/77.0.3865.116 Mobile Safari/537.36 HeyTapBrowser/45.7.8.1"
27.63.104.210 - - [29/Jul/2021:07:38:04 +0000] "GET /favicon.ico HTTP/1.1" 404 209 "http://shrihanumanlottery.com/secureadmin/admin/" "Mozilla/5.0 (Linux; U; Android 10; hi-in; CPH1969 Build/QP1A.190711.020) AppleWebKit/537.36 (KHTML, like Gecko) Chrome/77.0.3865.116 Mobile Safari/537.36 HeyTapBrowser/45.7.8.1"
223.238.169.18 - - [29/Jul/2021:07:38:11 +0000] "POST /secureadmin/admin/loginsuccess.php HTTP/1.1" 302 - "http://shrihanumanlottery.com/secureadmin/admin/" "Mozilla/5.0 (Linux; U; Android 10; hi-in; CPH1969 Build/QP1A.190711.020) AppleWebKit/537.36 (KHTML, like Gecko) Chrome/77.0.3865.116 Mobile Safari/537.36 HeyTapBrowser/45.7.8.1"
223.238.169.18 - - [29/Jul/2021:07:38:11 +0000] "GET /secureadmin/admin/add-results.php?message=success HTTP/1.1" 200 16169 "http://shrihanumanlottery.com/secureadmin/admin/" "Mozilla/5.0 (Linux; U; Android 10; hi-in; CPH1969 Build/QP1A.190711.020) AppleWebKit/537.36 (KHTML, like Gecko) Chrome/77.0.3865.116 Mobile Safari/537.36 HeyTapBrowser/45.7.8.1"
223.238.169.18 - - [29/Jul/2021:07:38:12 +0000] "GET /secureadmin/admin/menuContent.html HTTP/1.1" 404 232 "http://shrihanumanlottery.com/secureadmin/admin/add-results.php?message=success" "Mozilla/5.0 (Linux; U; Android 10; hi-in; CPH1969 Build/QP1A.190711.020) AppleWebKit/537.36 (KHTML, like Gecko) Chrome/77.0.3865.116 Mobile Safari/537.36 HeyTapBrowser/45.7.8.1"
27.63.104.210 - - [29/Jul/2021:07:38:19 +0000] "POST /secureadmin/admin/processProduct.php?action=addPageContent HTTP/1.1" 200 138 "http://shrihanumanlottery.com/secureadmin/admin/add-results.php?message=success" "Mozilla/5.0 (Linux; U; Android 10; hi-in; CPH1969 Build/QP1A.190711.020) AppleWebKit/537.36 (KHTML, like Gecko) Chrome/77.0.3865.116 Mobile Safari/537.36 HeyTapBrowser/45.7.8.1"
27.63.104.210 - - [29/Jul/2021:07:38:20 +0000] "GET /secureadmin/admin/add-results.php HTTP/1.1" 200 16774 "http://shrihanumanlottery.com/secureadmin/admin/processProduct.php?action=addPageContent" "Mozilla/5.0 (Linux; U; Android 10; hi-in; CPH1969 Build/QP1A.190711.020) AppleWebKit/537.36 (KHTML, like Gecko) Chrome/77.0.3865.116 Mobile Safari/537.36 HeyTapBrowser/45.7.8.1"
27.63.104.210 - - [29/Jul/2021:07:38:21 +0000] "GET /secureadmin/admin/menuContent.html HTTP/1.1" 404 232 "http://shrihanumanlottery.com/secureadmin/admin/add-results.php" "Mozilla/5.0 (Linux; U; Android 10; hi-in; CPH1969 Build/QP1A.190711.020) AppleWebKit/537.36 (KHTML, like Gecko) Chrome/77.0.3865.116 Mobile Safari/537.36 HeyTapBrowser/45.7.8.1"
157.38.108.110 - - [29/Jul/2021:07:38:21 +0000] "GET / HTTP/1.1" 200 8082 "https://shrihanumanlottery.com/" "Mozilla/5.0 (Linux; U; Android 8.1.0; en-us; CPH1909 Build/O11019) AppleWebKit/537.36 (KHTML, like Gecko) Chrome/77.0.3865.116 Mobile Safari/537.36 HeyTapBrowser/15.7.8.1"
223.238.169.18 - - [29/Jul/2021:07:38:24 +0000] "GET / HTTP/1.1" 200 8082 "-" "Mozilla/5.0 (Linux; Android 10; CPH1969) AppleWebKit/537.36 (KHTML, like Gecko) Chrome/81.0.4044.138 Mobile Safari/537.36"
223.238.169.18 - - [29/Jul/2021:07:38:24 +0000] "GET / HTTP/1.1" 200 8082 "-" "Mozilla/5.0 (Linux; Android 10; CPH1969) AppleWebKit/537.36 (KHTML, like Gecko) Chrome/81.0.4044.138 Mobile Safari/537.36"
223.238.169.18 - - [29/Jul/2021:07:38:24 +0000] "GET /img/favicon2.png HTTP/1.1" 404 214 "https://shrihanumanlottery.com/" "Mozilla/5.0 (Linux; Android 10; CPH1969) AppleWebKit/537.36 (KHTML, like Gecko) Chrome/81.0.4044.138 Mobile Safari/537.36"
223.238.169.18 - - [29/Jul/2021:07:38:24 +0000] "GET /img/favicon2.png HTTP/1.1" 404 214 "https://shrihanumanlottery.com/" "Mozilla/5.0 (Linux; Android 10; CPH1969) AppleWebKit/537.36 (KHTML, like Gecko) Chrome/81.0.4044.138 Mobile Safari/537.36"
106.206.162.55 - - [29/Jul/2021:07:39:40 +0000] "GET / HTTP/1.1" 200 8082 "-" "Mozilla/5.0 (Linux; Android 10; M2010J19SI) AppleWebKit/537.36 (KHTML, like Gecko) Chrome/83.0.4103.101 Mobile Safari/537.36"
106.206.162.55 - - [29/Jul/2021:07:39:41 +0000] "GET /img/favicon2.png HTTP/1.1" 404 214 "http://shrihanumanlottery.com/" "Mozilla/5.0 (Linux; Android 10; M2010J19SI) AppleWebKit/537.36 (KHTML, like Gecko) Chrome/83.0.4103.101 Mobile Safari/537.36"
106.206.162.55 - - [29/Jul/2021:07:39:41 +0000] "GET /img/favicon2.png HTTP/1.1" 404 214 "http://shrihanumanlottery.com/" "Mozilla/5.0 (Linux; Android 10; M2010J19SI) AppleWebKit/537.36 (KHTML, like Gecko) Chrome/83.0.4103.101 Mobile Safari/537.36"
157.47.192.128 - - [29/Jul/2021:07:41:26 +0000] "GET / HTTP/1.1" 200 8082 "https://shrihanumanlottery.com/" "Mozilla/5.0 (Linux; Android 10; CPH2001) AppleWebKit/537.36 (KHTML, like Gecko) Chrome/81.0.4044.138 Mobile Safari/537.36"
106.206.162.55 - - [29/Jul/2021:07:41:26 +0000] "GET / HTTP/1.1" 200 8082 "-" "Mozilla/5.0 (Linux; Android 10; M2010J19SI) AppleWebKit/537.36 (KHTML, like Gecko) Chrome/83.0.4103.101 Mobile Safari/537.36"
223.228.225.147 - - [29/Jul/2021:07:42:05 +0000] "GET / HTTP/1.1" 200 8082 "https://www.google.com/" "Mozilla/5.0 (Linux; Android 8.1.0; vivo 1807) AppleWebKit/537.36 (KHTML, like Gecko) Chrome/91.0.4472.120 Mobile Safari/537.36"
223.228.225.147 - - [29/Jul/2021:07:42:05 +0000] "GET /images/shrihanuman.gif HTTP/1.1" 200 160010 "https://shrihanumanlottery.com/" "Mozilla/5.0 (Linux; Android 8.1.0; vivo 1807) AppleWebKit/537.36 (KHTML, like Gecko) Chrome/91.0.4472.120 Mobile Safari/537.36"
223.228.225.147 - - [29/Jul/2021:07:42:05 +0000] "GET /galleryimg/6547081shrihanumanji.jpg HTTP/1.1" 200 104888 "https://shrihanumanlottery.com/" "Mozilla/5.0 (Linux; Android 8.1.0; vivo 1807) AppleWebKit/537.36 (KHTML, like Gecko) Chrome/91.0.4472.120 Mobile Safari/537.36"
223.228.225.147 - - [29/Jul/2021:07:42:07 +0000] "GET /img/favicon2.png HTTP/1.1" 404 214 "https://shrihanumanlottery.com/" "Mozilla/5.0 (Linux; Android 8.1.0; vivo 1807) AppleWebKit/537.36 (KHTML, like Gecko) Chrome/91.0.4472.120 Mobile Safari/537.36"
157.55.39.88 - - [29/Jul/2021:07:42:35 +0000] "GET /results2020.php HTTP/1.1" 200 518071 "-" "Mozilla/5.0 (compatible; bingbot/2.0; +http://www.bing.com/bingbot.htm)"
157.47.192.128 - - [29/Jul/2021:07:47:07 +0000] "GET / HTTP/1.1" 200 8082 "https://www.google.com/" "Mozilla/5.0 (Linux; Android 10; CPH2001) AppleWebKit/537.36 (KHTML, like Gecko) Chrome/81.0.4044.138 Mobile Safari/537.36"
171.79.183.242 - - [29/Jul/2021:07:48:22 +0000] "GET / HTTP/1.1" 200 8082 "-" "Mozilla/5.0 (Linux; Android 10; SAMSUNG SM-M022G Build/QP1A.190711.020; wv) AppleWebKit/537.36 (KHTML, like Gecko) Version/4.0 SamsungBrowser/7.4 Chrome/81.0.4044.138 Mobile Safari/537.36"
171.79.183.242 - - [29/Jul/2021:07:48:22 +0000] "GET /images/shrihanuman.gif HTTP/1.1" 200 160010 "https://shrihanumanlottery.com/" "Mozilla/5.0 (Linux; Android 10; SAMSUNG SM-M022G Build/QP1A.190711.020; wv) AppleWebKit/537.36 (KHTML, like Gecko) Version/4.0 SamsungBrowser/7.4 Chrome/81.0.4044.138 Mobile Safari/537.36"
171.79.183.242 - - [29/Jul/2021:07:48:23 +0000] "GET /img/favicon2.png HTTP/1.1" 404 214 "https://shrihanumanlottery.com/" "Mozilla/5.0 (Linux; Android 10; SAMSUNG SM-M022G Build/QP1A.190711.020; wv) AppleWebKit/537.36 (KHTML, like Gecko) Version/4.0 SamsungBrowser/7.4 Chrome/81.0.4044.138 Mobile Safari/537.36"
157.38.222.48 - - [29/Jul/2021:07:52:02 +0000] "GET / HTTP/1.1" 200 8082 "https://www.google.com/" "Mozilla/5.0 (Linux; Android 6.0.1; CPH1701) AppleWebKit/537.36 (KHTML, like Gecko) Chrome/90.0.4430.210 Mobile Safari/537.36"
157.38.222.48 - - [29/Jul/2021:07:52:02 +0000] "GET /css/style.css HTTP/1.1" 200 2122 "-" "Mozilla/5.0 (Linux; Android 6.0.1; CPH1701) AppleWebKit/537.36 (KHTML, like Gecko) Chrome/90.0.4430.210 Mobile Safari/537.36"
157.38.222.48 - - [29/Jul/2021:07:52:03 +0000] "GET /galleryimg/6547081shrihanumanji.jpg HTTP/1.1" 200 104888 "https://shrihanumanlottery.com/" "Mozilla/5.0 (Linux; Android 6.0.1; CPH1701) AppleWebKit/537.36 (KHTML, like Gecko) Chrome/90.0.4430.210 Mobile Safari/537.36"
157.38.222.48 - - [29/Jul/2021:07:52:03 +0000] "GET /images/shrihanuman.gif HTTP/1.1" 200 160010 "https://shrihanumanlottery.com/" "Mozilla/5.0 (Linux; Android 6.0.1; CPH1701) AppleWebKit/537.36 (KHTML, like Gecko) Chrome/90.0.4430.210 Mobile Safari/537.36"
157.38.222.48 - - [29/Jul/2021:07:52:03 +0000] "GET /img/star12.gif HTTP/1.1" 200 10588 "https://shrihanumanlottery.com/css/style.css" "Mozilla/5.0 (Linux; Android 6.0.1; CPH1701) AppleWebKit/537.36 (KHTML, like Gecko) Chrome/90.0.4430.210 Mobile Safari/537.36"
157.38.222.48 - - [29/Jul/2021:07:52:03 +0000] "GET /img/favicon2.png HTTP/1.1" 404 214 "https://shrihanumanlottery.com/" "Mozilla/5.0 (Linux; Android 6.0.1; CPH1701) AppleWebKit/537.36 (KHTML, like Gecko) Chrome/90.0.4430.210 Mobile Safari/537.36"
171.79.183.242 - - [29/Jul/2021:08:04:12 +0000] "GET / HTTP/1.1" 200 8082 "-" "Mozilla/5.0 (Linux; Android 10; SAMSUNG SM-M022G Build/QP1A.190711.020; wv) AppleWebKit/537.36 (KHTML, like Gecko) Version/4.0 SamsungBrowser/7.4 Chrome/81.0.4044.138 Mobile Safari/537.36"
171.79.188.39 - - [29/Jul/2021:08:06:13 +0000] "GET / HTTP/1.1" 200 8082 "https://www.google.com/" "Mozilla/5.0 (Linux; Android 5.1.1; SM-J200G) AppleWebKit/537.36 (KHTML, like Gecko) Chrome/89.0.4389.105 Mobile Safari/537.36"
171.79.188.39 - - [29/Jul/2021:08:06:15 +0000] "GET /img/favicon2.png HTTP/1.1" 404 214 "https://shrihanumanlottery.com/" "Mozilla/5.0 (Linux; Android 5.1.1; SM-J200G) AppleWebKit/537.36 (KHTML, like Gecko) Chrome/89.0.4389.105 Mobile Safari/537.36"
157.38.118.16 - - [29/Jul/2021:08:06:59 +0000] "GET / HTTP/1.1" 200 8082 "https://www.google.com/" "Mozilla/5.0 (Linux; Android 10; V2029) AppleWebKit/537.36 (KHTML, like Gecko) Chrome/80.0.3987.99 Mobile Safari/537.36"
157.38.118.16 - - [29/Jul/2021:08:06:59 +0000] "GET /img/star12.gif HTTP/1.1" 304 - "https://shrihanumanlottery.com/css/style.css" "Mozilla/5.0 (Linux; Android 10; V2029) AppleWebKit/537.36 (KHTML, like Gecko) Chrome/80.0.3987.99 Mobile Safari/537.36"
157.38.118.16 - - [29/Jul/2021:08:06:59 +0000] "GET /img/favicon2.png HTTP/1.1" 404 214 "https://shrihanumanlottery.com/" "Mozilla/5.0 (Linux; Android 10; V2029) AppleWebKit/537.36 (KHTML, like Gecko) Chrome/80.0.3987.99 Mobile Safari/537.36"
157.38.118.16 - - [29/Jul/2021:08:07:13 +0000] "GET / HTTP/1.1" 200 8082 "https://shrihanumanlottery.com/" "Mozilla/5.0 (Linux; Android 10; V2029) AppleWebKit/537.36 (KHTML, like Gecko) Chrome/80.0.3987.99 Mobile Safari/537.36"
27.63.104.210 - - [29/Jul/2021:08:07:35 +0000] "GET / HTTP/1.1" 200 8082 "-" "Mozilla/5.0 (Linux; Android 10; CPH1969) AppleWebKit/537.36 (KHTML, like Gecko) Chrome/81.0.4044.138 Mobile Safari/537.36"
223.238.169.18 - - [29/Jul/2021:08:07:36 +0000] "GET / HTTP/1.1" 200 8082 "-" "Mozilla/5.0 (Linux; Android 10; CPH1969) AppleWebKit/537.36 (KHTML, like Gecko) Chrome/81.0.4044.138 Mobile Safari/537.36"
223.238.169.18 - - [29/Jul/2021:08:07:36 +0000] "GET /img/favicon2.png HTTP/1.1" 404 214 "https://shrihanumanlottery.com/" "Mozilla/5.0 (Linux; Android 10; CPH1969) AppleWebKit/537.36 (KHTML, like Gecko) Chrome/81.0.4044.138 Mobile Safari/537.36"
27.63.104.210 - - [29/Jul/2021:08:07:36 +0000] "GET /img/favicon2.png HTTP/1.1" 404 214 "https://shrihanumanlottery.com/" "Mozilla/5.0 (Linux; Android 10; CPH1969) AppleWebKit/537.36 (KHTML, like Gecko) Chrome/81.0.4044.138 Mobile Safari/537.36"
27.63.104.210 - - [29/Jul/2021:08:07:41 +0000] "GET / HTTP/1.1" 200 8082 "https://shrihanumanlottery.com/" "Mozilla/5.0 (Linux; Android 10; CPH1969) AppleWebKit/537.36 (KHTML, like Gecko) Chrome/81.0.4044.138 Mobile Safari/537.36"
27.63.104.210 - - [29/Jul/2021:08:07:44 +0000] "GET / HTTP/1.1" 200 8082 "https://shrihanumanlottery.com/" "Mozilla/5.0 (Linux; Android 10; CPH1969) AppleWebKit/537.36 (KHTML, like Gecko) Chrome/81.0.4044.138 Mobile Safari/537.36"
27.63.104.210 - - [29/Jul/2021:08:07:47 +0000] "GET / HTTP/1.1" 200 8082 "https://shrihanumanlottery.com/" "Mozilla/5.0 (Linux; Android 10; CPH1969) AppleWebKit/537.36 (KHTML, like Gecko) Chrome/81.0.4044.138 Mobile Safari/537.36"
27.63.104.210 - - [29/Jul/2021:08:07:52 +0000] "GET / HTTP/1.1" 200 8082 "https://shrihanumanlottery.com/" "Mozilla/5.0 (Linux; Android 10; CPH1969) AppleWebKit/537.36 (KHTML, like Gecko) Chrome/81.0.4044.138 Mobile Safari/537.36"
27.63.104.210 - - [29/Jul/2021:08:07:54 +0000] "GET / HTTP/1.1" 200 8082 "https://shrihanumanlottery.com/" "Mozilla/5.0 (Linux; Android 10; CPH1969) AppleWebKit/537.36 (KHTML, like Gecko) Chrome/81.0.4044.138 Mobile Safari/537.36"
106.79.192.218 - - [29/Jul/2021:08:08:25 +0000] "GET /secureadmin/admin/add-results.php HTTP/1.1" 302 738 "http://shrihanumanlottery.com/secureadmin/admin/add-contentpages.php" "Mozilla/5.0 (Linux; Android 11; vivo 1907) AppleWebKit/537.36 (KHTML, like Gecko) Chrome/83.0.4103.106 Mobile Safari/537.36"
106.79.192.218 - - [29/Jul/2021:08:08:27 +0000] "GET /favicon.ico HTTP/1.1" 404 209 "http://shrihanumanlottery.com/secureadmin/admin/index.php" "Mozilla/5.0 (Linux; Android 11; vivo 1907) AppleWebKit/537.36 (KHTML, like Gecko) Chrome/83.0.4103.106 Mobile Safari/537.36"
106.79.192.218 - - [29/Jul/2021:08:08:29 +0000] "POST /secureadmin/admin/loginsuccess.php HTTP/1.1" 302 - "http://shrihanumanlottery.com/secureadmin/admin/index.php" "Mozilla/5.0 (Linux; Android 11; vivo 1907) AppleWebKit/537.36 (KHTML, like Gecko) Chrome/83.0.4103.106 Mobile Safari/537.36"
106.79.192.218 - - [29/Jul/2021:08:08:29 +0000] "GET /secureadmin/admin/index.php?message=failed HTTP/1.1" 200 6877 "http://shrihanumanlottery.com/secureadmin/admin/index.php" "Mozilla/5.0 (Linux; Android 11; vivo 1907) AppleWebKit/537.36 (KHTML, like Gecko) Chrome/83.0.4103.106 Mobile Safari/537.36"
106.79.192.218 - - [29/Jul/2021:08:08:31 +0000] "GET /secureadmin/admin/menuContent.html HTTP/1.1" 404 232 "http://shrihanumanlottery.com/secureadmin/admin/index.php?message=failed" "Mozilla/5.0 (Linux; Android 11; vivo 1907) AppleWebKit/537.36 (KHTML, like Gecko) Chrome/83.0.4103.106 Mobile Safari/537.36"
106.79.192.218 - - [29/Jul/2021:08:08:35 +0000] "POST /secureadmin/admin/loginsuccess.php HTTP/1.1" 302 - "http://shrihanumanlottery.com/secureadmin/admin/index.php?message=failed" "Mozilla/5.0 (Linux; Android 11; vivo 1907) AppleWebKit/537.36 (KHTML, like Gecko) Chrome/83.0.4103.106 Mobile Safari/537.36"
106.79.192.218 - - [29/Jul/2021:08:08:35 +0000] "GET /secureadmin/admin/add-results.php?message=success HTTP/1.1" 200 16774 "http://shrihanumanlottery.com/secureadmin/admin/index.php?message=failed" "Mozilla/5.0 (Linux; Android 11; vivo 1907) AppleWebKit/537.36 (KHTML, like Gecko) Chrome/83.0.4103.106 Mobile Safari/537.36"
106.79.192.218 - - [29/Jul/2021:08:08:36 +0000] "GET /secureadmin/admin/menuContent.html HTTP/1.1" 404 232 "http://shrihanumanlottery.com/secureadmin/admin/add-results.php?message=success" "Mozilla/5.0 (Linux; Android 11; vivo 1907) AppleWebKit/537.36 (KHTML, like Gecko) Chrome/83.0.4103.106 Mobile Safari/537.36"
27.63.104.210 - - [29/Jul/2021:08:08:40 +0000] "GET / HTTP/1.1" 200 8082 "https://shrihanumanlottery.com/" "Mozilla/5.0 (Linux; Android 10; CPH1969) AppleWebKit/537.36 (KHTML, like Gecko) Chrome/81.0.4044.138 Mobile Safari/537.36"
106.79.192.218 - - [29/Jul/2021:08:08:41 +0000] "GET /img/favicon2.png HTTP/1.1" 404 214 "http://shrihanumanlottery.com/index.php" "Mozilla/5.0 (Linux; Android 11; vivo 1907) AppleWebKit/537.36 (KHTML, like Gecko) Chrome/83.0.4103.106 Mobile Safari/537.36"
106.79.192.218 - - [29/Jul/2021:08:08:45 +0000] "GET /index.php HTTP/1.1" 200 8082 "-" "Mozilla/5.0 (Linux; Android 11; vivo 1907) AppleWebKit/537.36 (KHTML, like Gecko) Chrome/83.0.4103.106 Mobile Safari/537.36"
106.206.162.55 - - [29/Jul/2021:08:08:59 +0000] "GET / HTTP/1.1" 200 8082 "-" "Mozilla/5.0 (Linux; Android 10; M2010J19SI) AppleWebKit/537.36 (KHTML, like Gecko) Chrome/83.0.4103.101 Mobile Safari/537.36"
106.206.162.55 - - [29/Jul/2021:08:09:00 +0000] "GET /img/favicon2.png HTTP/1.1" 404 214 "http://shrihanumanlottery.com/" "Mozilla/5.0 (Linux; Android 10; M2010J19SI) AppleWebKit/537.36 (KHTML, like Gecko) Chrome/83.0.4103.101 Mobile Safari/537.36"
106.206.162.55 - - [29/Jul/2021:08:09:00 +0000] "GET /img/favicon2.png HTTP/1.1" 404 214 "http://shrihanumanlottery.com/" "Mozilla/5.0 (Linux; Android 10; M2010J19SI) AppleWebKit/537.36 (KHTML, like Gecko) Chrome/83.0.4103.101 Mobile Safari/537.36"
106.206.162.55 - - [29/Jul/2021:08:09:09 +0000] "GET / HTTP/1.1" 200 8082 "http://shrihanumanlottery.com/" "Mozilla/5.0 (Linux; Android 10; M2010J19SI) AppleWebKit/537.36 (KHTML, like Gecko) Chrome/83.0.4103.101 Mobile Safari/537.36"
106.206.162.55 - - [29/Jul/2021:08:09:14 +0000] "GET / HTTP/1.1" 200 8082 "http://shrihanumanlottery.com/" "Mozilla/5.0 (Linux; Android 10; M2010J19SI) AppleWebKit/537.36 (KHTML, like Gecko) Chrome/83.0.4103.101 Mobile Safari/537.36"
106.79.192.218 - - [29/Jul/2021:08:09:19 +0000] "POST /secureadmin/admin/processProduct.php?action=addPageContent HTTP/1.1" 200 138 "http://shrihanumanlottery.com/secureadmin/admin/add-results.php?message=success" "Mozilla/5.0 (Linux; Android 11; vivo 1907) AppleWebKit/537.36 (KHTML, like Gecko) Chrome/83.0.4103.106 Mobile Safari/537.36"
