106.198.150.22 - - [27/Jul/2021:02:11:05 +0000] "GET /secureadmin/admin/js/chart-plugins/jqplot.pointLabels.min.js HTTP/1.1" 200 6430 "http://shrihanumanlottery.com/secureadmin/admin/" "Mozilla/5.0 (Linux; Android 10; Mi A2) AppleWebKit/537.36 (KHTML, like Gecko) Chrome/91.0.4472.120 Mobile Safari/537.36"
106.198.215.166 - - [27/Jul/2021:02:11:05 +0000] "GET /secureadmin/admin/js/chart-plugins/jqplot.meterGaugeRenderer.min.js HTTP/1.1" 200 20122 "http://shrihanumanlottery.com/secureadmin/admin/" "Mozilla/5.0 (Linux; Android 10; Mi A2) AppleWebKit/537.36 (KHTML, like Gecko) Chrome/91.0.4472.120 Mobile Safari/537.36"
106.198.215.166 - - [27/Jul/2021:02:11:05 +0000] "GET /secureadmin/admin/js/custom-scripts.js HTTP/1.1" 200 52120 "http://shrihanumanlottery.com/secureadmin/admin/" "Mozilla/5.0 (Linux; Android 10; Mi A2) AppleWebKit/537.36 (KHTML, like Gecko) Chrome/91.0.4472.120 Mobile Safari/537.36"
106.198.150.22 - - [27/Jul/2021:02:11:06 +0000] "GET /secureadmin/admin/images/sprite-icons/icon-black.png HTTP/1.1" 200 145045 "http://shrihanumanlottery.com/secureadmin/admin/css/styles.css" "Mozilla/5.0 (Linux; Android 10; Mi A2) AppleWebKit/537.36 (KHTML, like Gecko) Chrome/91.0.4472.120 Mobile Safari/537.36"
106.198.215.166 - - [27/Jul/2021:02:11:06 +0000] "GET /secureadmin/admin/images/sprite-icons/layout-icons.png HTTP/1.1" 200 25561 "http://shrihanumanlottery.com/secureadmin/admin/css/styles.css" "Mozilla/5.0 (Linux; Android 10; Mi A2) AppleWebKit/537.36 (KHTML, like Gecko) Chrome/91.0.4472.120 Mobile Safari/537.36"
106.198.215.166 - - [27/Jul/2021:02:11:06 +0000] "GET /secureadmin/admin/images/sprite.png HTTP/1.1" 200 13026 "http://shrihanumanlottery.com/secureadmin/admin/css/form.css" "Mozilla/5.0 (Linux; Android 10; Mi A2) AppleWebKit/537.36 (KHTML, like Gecko) Chrome/91.0.4472.120 Mobile Safari/537.36"
106.198.150.22 - - [27/Jul/2021:02:11:06 +0000] "GET /secureadmin/admin/menuContent.html HTTP/1.1" 404 232 "http://shrihanumanlottery.com/secureadmin/admin/" "Mozilla/5.0 (Linux; Android 10; Mi A2) AppleWebKit/537.36 (KHTML, like Gecko) Chrome/91.0.4472.120 Mobile Safari/537.36"
106.198.150.22 - - [27/Jul/2021:02:11:06 +0000] "GET /secureadmin/admin/images/logo-bingo.png HTTP/1.1" 200 12832 "http://shrihanumanlottery.com/secureadmin/admin/" "Mozilla/5.0 (Linux; Android 10; Mi A2) AppleWebKit/537.36 (KHTML, like Gecko) Chrome/91.0.4472.120 Mobile Safari/537.36"
106.198.215.166 - - [27/Jul/2021:02:11:06 +0000] "GET /secureadmin/admin/images/details_open.png HTTP/1.1" 200 881 "http://shrihanumanlottery.com/secureadmin/admin/" "Mozilla/5.0 (Linux; Android 10; Mi A2) AppleWebKit/537.36 (KHTML, like Gecko) Chrome/91.0.4472.120 Mobile Safari/537.36"
106.198.150.22 - - [27/Jul/2021:02:11:06 +0000] "GET /favicon.ico HTTP/1.1" 404 209 "http://shrihanumanlottery.com/secureadmin/admin/" "Mozilla/5.0 (Linux; Android 10; Mi A2) AppleWebKit/537.36 (KHTML, like Gecko) Chrome/91.0.4472.120 Mobile Safari/537.36"
106.198.150.22 - - [27/Jul/2021:02:11:20 +0000] "POST /secureadmin/admin/loginsuccess.php HTTP/1.1" 302 - "http://shrihanumanlottery.com/secureadmin/admin/" "Mozilla/5.0 (Linux; Android 10; Mi A2) AppleWebKit/537.36 (KHTML, like Gecko) Chrome/91.0.4472.120 Mobile Safari/537.36"
106.198.150.22 - - [27/Jul/2021:02:11:20 +0000] "GET /secureadmin/admin/add-results.php?message=success HTTP/1.1" 200 12539 "http://shrihanumanlottery.com/secureadmin/admin/" "Mozilla/5.0 (Linux; Android 10; Mi A2) AppleWebKit/537.36 (KHTML, like Gecko) Chrome/91.0.4472.120 Mobile Safari/537.36"
106.198.150.22 - - [27/Jul/2021:02:11:20 +0000] "GET /secureadmin/admin/gen_validatorv4.js HTTP/1.1" 200 32085 "http://shrihanumanlottery.com/secureadmin/admin/add-results.php?message=success" "Mozilla/5.0 (Linux; Android 10; Mi A2) AppleWebKit/537.36 (KHTML, like Gecko) Chrome/91.0.4472.120 Mobile Safari/537.36"
106.198.150.22 - - [27/Jul/2021:02:11:21 +0000] "GET /secureadmin/admin/images/layout-sprite.png HTTP/1.1" 200 6176 "http://shrihanumanlottery.com/secureadmin/admin/css/themes.css" "Mozilla/5.0 (Linux; Android 10; Mi A2) AppleWebKit/537.36 (KHTML, like Gecko) Chrome/91.0.4472.120 Mobile Safari/537.36"
106.198.150.22 - - [27/Jul/2021:02:11:21 +0000] "GET /secureadmin/admin/images/button-sprite.png HTTP/1.1" 200 4118 "http://shrihanumanlottery.com/secureadmin/admin/css/styles.css" "Mozilla/5.0 (Linux; Android 10; Mi A2) AppleWebKit/537.36 (KHTML, like Gecko) Chrome/91.0.4472.120 Mobile Safari/537.36"
106.198.150.22 - - [27/Jul/2021:02:11:21 +0000] "GET /secureadmin/admin/images/chosen-sprite.png HTTP/1.1" 200 559 "http://shrihanumanlottery.com/secureadmin/admin/css/form.css" "Mozilla/5.0 (Linux; Android 10; Mi A2) AppleWebKit/537.36 (KHTML, like Gecko) Chrome/91.0.4472.120 Mobile Safari/537.36"
106.198.215.166 - - [27/Jul/2021:02:11:21 +0000] "GET /secureadmin/admin/images/sprite-icons/icons-color.png HTTP/1.1" 200 184047 "http://shrihanumanlottery.com/secureadmin/admin/css/styles.css" "Mozilla/5.0 (Linux; Android 10; Mi A2) AppleWebKit/537.36 (KHTML, like Gecko) Chrome/91.0.4472.120 Mobile Safari/537.36"
106.198.150.22 - - [27/Jul/2021:02:11:21 +0000] "GET /secureadmin/admin/images/sprite-icons/icons-a.png HTTP/1.1" 200 27070 "http://shrihanumanlottery.com/secureadmin/admin/css/data-table.css" "Mozilla/5.0 (Linux; Android 10; Mi A2) AppleWebKit/537.36 (KHTML, like Gecko) Chrome/91.0.4472.120 Mobile Safari/537.36"
106.198.150.22 - - [27/Jul/2021:02:11:21 +0000] "GET /secureadmin/admin/menuContent.html HTTP/1.1" 404 232 "http://shrihanumanlottery.com/secureadmin/admin/add-results.php?message=success" "Mozilla/5.0 (Linux; Android 10; Mi A2) AppleWebKit/537.36 (KHTML, like Gecko) Chrome/91.0.4472.120 Mobile Safari/537.36"
106.198.150.22 - - [27/Jul/2021:02:11:21 +0000] "GET /secureadmin/admin/images/logo.png HTTP/1.1" 200 12829 "http://shrihanumanlottery.com/secureadmin/admin/add-results.php?message=success" "Mozilla/5.0 (Linux; Android 10; Mi A2) AppleWebKit/537.36 (KHTML, like Gecko) Chrome/91.0.4472.120 Mobile Safari/537.36"
106.198.215.166 - - [27/Jul/2021:02:11:21 +0000] "GET /secureadmin/admin/images/user_thumb.png HTTP/1.1" 200 1549 "http://shrihanumanlottery.com/secureadmin/admin/add-results.php?message=success" "Mozilla/5.0 (Linux; Android 10; Mi A2) AppleWebKit/537.36 (KHTML, like Gecko) Chrome/91.0.4472.120 Mobile Safari/537.36"
106.198.150.22 - - [27/Jul/2021:02:11:21 +0000] "GET /secureadmin/admin/images/dot.png HTTP/1.1" 200 2791 "http://shrihanumanlottery.com/secureadmin/admin/css/styles.css" "Mozilla/5.0 (Linux; Android 10; Mi A2) AppleWebKit/537.36 (KHTML, like Gecko) Chrome/91.0.4472.120 Mobile Safari/537.36"
106.198.150.22 - - [27/Jul/2021:02:11:21 +0000] "GET /secureadmin/admin/images/tbl-img/sort_both.png HTTP/1.1" 200 2910 "http://shrihanumanlottery.com/secureadmin/admin/css/data-table.css" "Mozilla/5.0 (Linux; Android 10; Mi A2) AppleWebKit/537.36 (KHTML, like Gecko) Chrome/91.0.4472.120 Mobile Safari/537.36"
106.198.150.22 - - [27/Jul/2021:02:11:21 +0000] "GET /secureadmin/admin/images/tbl-img/sort_asc.png HTTP/1.1" 200 2929 "http://shrihanumanlottery.com/secureadmin/admin/css/data-table.css" "Mozilla/5.0 (Linux; Android 10; Mi A2) AppleWebKit/537.36 (KHTML, like Gecko) Chrome/91.0.4472.120 Mobile Safari/537.36"
106.198.215.166 - - [27/Jul/2021:02:11:27 +0000] "GET /secureadmin/admin/ HTTP/1.1" 200 6754 "-" "WhatsApp/2.21.13.28 A"
106.207.154.208 - - [27/Jul/2021:02:11:45 +0000] "GET /secureadmin/admin/ HTTP/1.1" 200 6754 "-" "WhatsApp/2.21.14.24 A"
106.205.206.119 - - [27/Jul/2021:02:11:57 +0000] "GET /secureadmin/admin/ HTTP/1.1" 200 6754 "-" "Mozilla/5.0 (Linux; U; Android 10; hi-in; CPH1969 Build/QP1A.190711.020) AppleWebKit/537.36 (KHTML, like Gecko) Chrome/77.0.3865.116 Mobile Safari/537.36 HeyTapBrowser/45.7.8.1"
106.206.169.73 - - [27/Jul/2021:02:11:58 +0000] "GET / HTTP/1.1" 200 6802 "-" "Mozilla/5.0 (Linux; Android 8.1.0; CPH1803) AppleWebKit/537.36 (KHTML, like Gecko) Chrome/90.0.4430.210 Mobile Safari/537.36"
106.205.206.119 - - [27/Jul/2021:02:11:58 +0000] "GET /secureadmin/admin/css/reset.css HTTP/1.1" 200 1153 "http://shrihanumanlottery.com/secureadmin/admin/" "Mozilla/5.0 (Linux; U; Android 10; hi-in; CPH1969 Build/QP1A.190711.020) AppleWebKit/537.36 (KHTML, like Gecko) Chrome/77.0.3865.116 Mobile Safari/537.36 HeyTapBrowser/45.7.8.1"
106.205.206.119 - - [27/Jul/2021:02:11:58 +0000] "GET /secureadmin/admin/css/layout.css HTTP/1.1" 200 13733 "http://shrihanumanlottery.com/secureadmin/admin/" "Mozilla/5.0 (Linux; U; Android 10; hi-in; CPH1969 Build/QP1A.190711.020) AppleWebKit/537.36 (KHTML, like Gecko) Chrome/77.0.3865.116 Mobile Safari/537.36 HeyTapBrowser/45.7.8.1"
106.205.206.119 - - [27/Jul/2021:02:11:58 +0000] "GET /secureadmin/admin/css/themes.css HTTP/1.1" 200 5578 "http://shrihanumanlottery.com/secureadmin/admin/" "Mozilla/5.0 (Linux; U; Android 10; hi-in; CPH1969 Build/QP1A.190711.020) AppleWebKit/537.36 (KHTML, like Gecko) Chrome/77.0.3865.116 Mobile Safari/537.36 HeyTapBrowser/45.7.8.1"
106.205.206.119 - - [27/Jul/2021:02:11:58 +0000] "GET /secureadmin/admin/css/typography.css HTTP/1.1" 200 7960 "http://shrihanumanlottery.com/secureadmin/admin/" "Mozilla/5.0 (Linux; U; Android 10; hi-in; CPH1969 Build/QP1A.190711.020) AppleWebKit/537.36 (KHTML, like Gecko) Chrome/77.0.3865.116 Mobile Safari/537.36 HeyTapBrowser/45.7.8.1"
106.205.206.119 - - [27/Jul/2021:02:11:58 +0000] "GET /secureadmin/admin/css/jquery.jqplot.css HTTP/1.1" 200 6821 "http://shrihanumanlottery.com/secureadmin/admin/" "Mozilla/5.0 (Linux; U; Android 10; hi-in; CPH1969 Build/QP1A.190711.020) AppleWebKit/537.36 (KHTML, like Gecko) Chrome/77.0.3865.116 Mobile Safari/537.36 HeyTapBrowser/45.7.8.1"
106.205.206.119 - - [27/Jul/2021:02:11:58 +0000] "GET /secureadmin/admin/css/data-table.css HTTP/1.1" 200 20839 "http://shrihanumanlottery.com/secureadmin/admin/" "Mozilla/5.0 (Linux; U; Android 10; hi-in; CPH1969 Build/QP1A.190711.020) AppleWebKit/537.36 (KHTML, like Gecko) Chrome/77.0.3865.116 Mobile Safari/537.36 HeyTapBrowser/45.7.8.1"
106.205.206.119 - - [27/Jul/2021:02:11:58 +0000] "GET /secureadmin/admin/css/bootstrap.css HTTP/1.1" 200 2681 "http://shrihanumanlottery.com/secureadmin/admin/" "Mozilla/5.0 (Linux; U; Android 10; hi-in; CPH1969 Build/QP1A.190711.020) AppleWebKit/537.36 (KHTML, like Gecko) Chrome/77.0.3865.116 Mobile Safari/537.36 HeyTapBrowser/45.7.8.1"
106.205.206.119 - - [27/Jul/2021:02:11:58 +0000] "GET /secureadmin/admin/css/jquery-ui-1.8.18.custom.css HTTP/1.1" 200 45653 "http://shrihanumanlottery.com/secureadmin/admin/" "Mozilla/5.0 (Linux; U; Android 10; hi-in; CPH1969 Build/QP1A.190711.020) AppleWebKit/537.36 (KHTML, like Gecko) Chrome/77.0.3865.116 Mobile Safari/537.36 HeyTapBrowser/45.7.8.1"
106.205.206.119 - - [27/Jul/2021:02:11:58 +0000] "GET /secureadmin/admin/css/wizard.css HTTP/1.1" 200 10412 "http://shrihanumanlottery.com/secureadmin/admin/" "Mozilla/5.0 (Linux; U; Android 10; hi-in; CPH1969 Build/QP1A.190711.020) AppleWebKit/537.36 (KHTML, like Gecko) Chrome/77.0.3865.116 Mobile Safari/537.36 HeyTapBrowser/45.7.8.1"
106.205.206.119 - - [27/Jul/2021:02:11:58 +0000] "GET /secureadmin/admin/css/form.css HTTP/1.1" 200 27337 "http://shrihanumanlottery.com/secureadmin/admin/" "Mozilla/5.0 (Linux; U; Android 10; hi-in; CPH1969 Build/QP1A.190711.020) AppleWebKit/537.36 (KHTML, like Gecko) Chrome/77.0.3865.116 Mobile Safari/537.36 HeyTapBrowser/45.7.8.1"
106.205.206.119 - - [27/Jul/2021:02:11:58 +0000] "GET /secureadmin/admin/js/jquery.ui.touch-punch.js HTTP/1.1" 200 4593 "http://shrihanumanlottery.com/secureadmin/admin/" "Mozilla/5.0 (Linux; U; Android 10; hi-in; CPH1969 Build/QP1A.190711.020) AppleWebKit/537.36 (KHTML, like Gecko) Chrome/77.0.3865.116 Mobile Safari/537.36 HeyTapBrowser/45.7.8.1"
106.205.206.119 - - [27/Jul/2021:02:11:58 +0000] "GET /secureadmin/admin/css/shCore.css HTTP/1.1" 200 9456 "http://shrihanumanlottery.com/secureadmin/admin/" "Mozilla/5.0 (Linux; U; Android 10; hi-in; CPH1969 Build/QP1A.190711.020) AppleWebKit/537.36 (KHTML, like Gecko) Chrome/77.0.3865.116 Mobile Safari/537.36 HeyTapBrowser/45.7.8.1"
106.205.206.119 - - [27/Jul/2021:02:11:58 +0000] "GET /secureadmin/admin/js/chosen.jquery.js HTTP/1.1" 200 35454 "http://shrihanumanlottery.com/secureadmin/admin/" "Mozilla/5.0 (Linux; U; Android 10; hi-in; CPH1969 Build/QP1A.190711.020) AppleWebKit/537.36 (KHTML, like Gecko) Chrome/77.0.3865.116 Mobile Safari/537.36 HeyTapBrowser/45.7.8.1"
106.205.206.119 - - [27/Jul/2021:02:11:58 +0000] "GET /secureadmin/admin/css/styles.css HTTP/1.1" 200 198360 "http://shrihanumanlottery.com/secureadmin/admin/" "Mozilla/5.0 (Linux; U; Android 10; hi-in; CPH1969 Build/QP1A.190711.020) AppleWebKit/537.36 (KHTML, like Gecko) Chrome/77.0.3865.116 Mobile Safari/537.36 HeyTapBrowser/45.7.8.1"
106.205.206.119 - - [27/Jul/2021:02:11:58 +0000] "GET /secureadmin/admin/js/bootstrap-dropdown.js HTTP/1.1" 200 2649 "http://shrihanumanlottery.com/secureadmin/admin/" "Mozilla/5.0 (Linux; U; Android 10; hi-in; CPH1969 Build/QP1A.190711.020) AppleWebKit/537.36 (KHTML, like Gecko) Chrome/77.0.3865.116 Mobile Safari/537.36 HeyTapBrowser/45.7.8.1"
106.205.206.119 - - [27/Jul/2021:02:11:59 +0000] "GET /secureadmin/admin/js/bootstrap-colorpicker.js HTTP/1.1" 200 12816 "http://shrihanumanlottery.com/secureadmin/admin/" "Mozilla/5.0 (Linux; U; Android 10; hi-in; CPH1969 Build/QP1A.190711.020) AppleWebKit/537.36 (KHTML, like Gecko) Chrome/77.0.3865.116 Mobile Safari/537.36 HeyTapBrowser/45.7.8.1"
106.205.206.119 - - [27/Jul/2021:02:11:59 +0000] "GET /secureadmin/admin/js/selectToUISlider.jQuery.js HTTP/1.1" 200 8560 "http://shrihanumanlottery.com/secureadmin/admin/" "Mozilla/5.0 (Linux; U; Android 10; hi-in; CPH1969 Build/QP1A.190711.020) AppleWebKit/537.36 (KHTML, like Gecko) Chrome/77.0.3865.116 Mobile Safari/537.36 HeyTapBrowser/45.7.8.1"
106.205.206.119 - - [27/Jul/2021:02:11:58 +0000] "GET /secureadmin/admin/css/sprite.css HTTP/1.1" 200 76938 "http://shrihanumanlottery.com/secureadmin/admin/" "Mozilla/5.0 (Linux; U; Android 10; hi-in; CPH1969 Build/QP1A.190711.020) AppleWebKit/537.36 (KHTML, like Gecko) Chrome/77.0.3865.116 Mobile Safari/537.36 HeyTapBrowser/45.7.8.1"
106.205.206.119 - - [27/Jul/2021:02:11:58 +0000] "GET /secureadmin/admin/css/gradient.css HTTP/1.1" 200 58469 "http://shrihanumanlottery.com/secureadmin/admin/" "Mozilla/5.0 (Linux; U; Android 10; hi-in; CPH1969 Build/QP1A.190711.020) AppleWebKit/537.36 (KHTML, like Gecko) Chrome/77.0.3865.116 Mobile Safari/537.36 HeyTapBrowser/45.7.8.1"
106.205.206.119 - - [27/Jul/2021:02:11:58 +0000] "GET /secureadmin/admin/css/ui-elements.css HTTP/1.1" 200 66064 "http://shrihanumanlottery.com/secureadmin/admin/" "Mozilla/5.0 (Linux; U; Android 10; hi-in; CPH1969 Build/QP1A.190711.020) AppleWebKit/537.36 (KHTML, like Gecko) Chrome/77.0.3865.116 Mobile Safari/537.36 HeyTapBrowser/45.7.8.1"
106.205.206.119 - - [27/Jul/2021:02:11:59 +0000] "GET /secureadmin/admin/js/jquery.tagsinput.js HTTP/1.1" 200 11891 "http://shrihanumanlottery.com/secureadmin/admin/" "Mozilla/5.0 (Linux; U; Android 10; hi-in; CPH1969 Build/QP1A.190711.020) AppleWebKit/537.36 (KHTML, like Gecko) Chrome/77.0.3865.116 Mobile Safari/537.36 HeyTapBrowser/45.7.8.1"
106.205.206.119 - - [27/Jul/2021:02:11:59 +0000] "GET /secureadmin/admin/js/sticky.full.js HTTP/1.1" 200 2722 "http://shrihanumanlottery.com/secureadmin/admin/" "Mozilla/5.0 (Linux; U; Android 10; hi-in; CPH1969 Build/QP1A.190711.020) AppleWebKit/537.36 (KHTML, like Gecko) Chrome/77.0.3865.116 Mobile Safari/537.36 HeyTapBrowser/45.7.8.1"
106.205.206.119 - - [27/Jul/2021:02:11:59 +0000] "GET /secureadmin/admin/js/fg.menu.js HTTP/1.1" 200 23731 "http://shrihanumanlottery.com/secureadmin/admin/" "Mozilla/5.0 (Linux; U; Android 10; hi-in; CPH1969 Build/QP1A.190711.020) AppleWebKit/537.36 (KHTML, like Gecko) Chrome/77.0.3865.116 Mobile Safari/537.36 HeyTapBrowser/45.7.8.1"
106.205.206.119 - - [27/Jul/2021:02:11:59 +0000] "GET /secureadmin/admin/js/uniform.jquery.js HTTP/1.1" 200 20277 "http://shrihanumanlottery.com/secureadmin/admin/" "Mozilla/5.0 (Linux; U; Android 10; hi-in; CPH1969 Build/QP1A.190711.020) AppleWebKit/537.36 (KHTML, like Gecko) Chrome/77.0.3865.116 Mobile Safari/537.36 HeyTapBrowser/45.7.8.1"
106.205.206.119 - - [27/Jul/2021:02:11:59 +0000] "GET /secureadmin/admin/js/jquery.tipsy.js HTTP/1.1" 200 9324 "http://shrihanumanlottery.com/secureadmin/admin/" "Mozilla/5.0 (Linux; U; Android 10; hi-in; CPH1969 Build/QP1A.190711.020) AppleWebKit/537.36 (KHTML, like Gecko) Chrome/77.0.3865.116 Mobile Safari/537.36 HeyTapBrowser/45.7.8.1"
106.205.206.119 - - [27/Jul/2021:02:11:58 +0000] "GET /secureadmin/admin/js/jquery-1.7.1.min.js HTTP/1.1" 200 93871 "http://shrihanumanlottery.com/secureadmin/admin/" "Mozilla/5.0 (Linux; U; Android 10; hi-in; CPH1969 Build/QP1A.190711.020) AppleWebKit/537.36 (KHTML, like Gecko) Chrome/77.0.3865.116 Mobile Safari/537.36 HeyTapBrowser/45.7.8.1"
106.205.206.119 - - [27/Jul/2021:02:11:58 +0000] "GET /secureadmin/admin/js/jquery-ui-1.8.18.custom.min.js HTTP/1.1" 200 255475 "http://shrihanumanlottery.com/secureadmin/admin/" "Mozilla/5.0 (Linux; U; Android 10; hi-in; CPH1969 Build/QP1A.190711.020) AppleWebKit/537.36 (KHTML, like Gecko) Chrome/77.0.3865.116 Mobile Safari/537.36 HeyTapBrowser/45.7.8.1"
106.205.206.119 - - [27/Jul/2021:02:11:59 +0000] "GET /secureadmin/admin/js/jquery.peity.js HTTP/1.1" 200 5095 "http://shrihanumanlottery.com/secureadmin/admin/" "Mozilla/5.0 (Linux; U; Android 10; hi-in; CPH1969 Build/QP1A.190711.020) AppleWebKit/537.36 (KHTML, like Gecko) Chrome/77.0.3865.116 Mobile Safari/537.36 HeyTapBrowser/45.7.8.1"
106.205.206.119 - - [27/Jul/2021:02:11:59 +0000] "GET /secureadmin/admin/js/jquery.cleditor.js HTTP/1.1" 200 35664 "http://shrihanumanlottery.com/secureadmin/admin/" "Mozilla/5.0 (Linux; U; Android 10; hi-in; CPH1969 Build/QP1A.190711.020) AppleWebKit/537.36 (KHTML, like Gecko) Chrome/77.0.3865.116 Mobile Safari/537.36 HeyTapBrowser/45.7.8.1"
106.205.206.119 - - [27/Jul/2021:02:11:59 +0000] "GET /secureadmin/admin/js/jquery.noty.js HTTP/1.1" 200 7131 "http://shrihanumanlottery.com/secureadmin/admin/" "Mozilla/5.0 (Linux; U; Android 10; hi-in; CPH1969 Build/QP1A.190711.020) AppleWebKit/537.36 (KHTML, like Gecko) Chrome/77.0.3865.116 Mobile Safari/537.36 HeyTapBrowser/45.7.8.1"
106.205.206.119 - - [27/Jul/2021:02:11:59 +0000] "GET /secureadmin/admin/js/jquery.simplemodal.js HTTP/1.1" 200 9469 "http://shrihanumanlottery.com/secureadmin/admin/" "Mozilla/5.0 (Linux; U; Android 10; hi-in; CPH1969 Build/QP1A.190711.020) AppleWebKit/537.36 (KHTML, like Gecko) Chrome/77.0.3865.116 Mobile Safari/537.36 HeyTapBrowser/45.7.8.1"
106.205.206.119 - - [27/Jul/2021:02:11:59 +0000] "GET /secureadmin/admin/js/jquery.colorbox-min.js HTTP/1.1" 200 9514 "http://shrihanumanlottery.com/secureadmin/admin/" "Mozilla/5.0 (Linux; U; Android 10; hi-in; CPH1969 Build/QP1A.190711.020) AppleWebKit/537.36 (KHTML, like Gecko) Chrome/77.0.3865.116 Mobile Safari/537.36 HeyTapBrowser/45.7.8.1"
106.205.206.119 - - [27/Jul/2021:02:11:59 +0000] "GET /secureadmin/admin/js/jquery.jBreadCrumb.1.1.js HTTP/1.1" 200 7663 "http://shrihanumanlottery.com/secureadmin/admin/" "Mozilla/5.0 (Linux; U; Android 10; hi-in; CPH1969 Build/QP1A.190711.020) AppleWebKit/537.36 (KHTML, like Gecko) Chrome/77.0.3865.116 Mobile Safari/537.36 HeyTapBrowser/45.7.8.1"
106.205.206.119 - - [27/Jul/2021:02:11:59 +0000] "GET /secureadmin/admin/js/jquery.multiFieldExtender.min.js HTTP/1.1" 200 4633 "http://shrihanumanlottery.com/secureadmin/admin/" "Mozilla/5.0 (Linux; U; Android 10; hi-in; CPH1969 Build/QP1A.190711.020) AppleWebKit/537.36 (KHTML, like Gecko) Chrome/77.0.3865.116 Mobile Safari/537.36 HeyTapBrowser/45.7.8.1"
106.205.206.119 - - [27/Jul/2021:02:11:59 +0000] "GET /secureadmin/admin/js/jquery.confirm.js HTTP/1.1" 200 1236 "http://shrihanumanlottery.com/secureadmin/admin/" "Mozilla/5.0 (Linux; U; Android 10; hi-in; CPH1969 Build/QP1A.190711.020) AppleWebKit/537.36 (KHTML, like Gecko) Chrome/77.0.3865.116 Mobile Safari/537.36 HeyTapBrowser/45.7.8.1"
106.205.206.119 - - [27/Jul/2021:02:11:59 +0000] "GET /secureadmin/admin/js/jquery.idTabs.min.js HTTP/1.1" 200 3060 "http://shrihanumanlottery.com/secureadmin/admin/" "Mozilla/5.0 (Linux; U; Android 10; hi-in; CPH1969 Build/QP1A.190711.020) AppleWebKit/537.36 (KHTML, like Gecko) Chrome/77.0.3865.116 Mobile Safari/537.36 HeyTapBrowser/45.7.8.1"
106.205.206.119 - - [27/Jul/2021:02:11:59 +0000] "GET /secureadmin/admin/js/elfinder.min.js HTTP/1.1" 200 59538 "http://shrihanumanlottery.com/secureadmin/admin/" "Mozilla/5.0 (Linux; U; Android 10; hi-in; CPH1969 Build/QP1A.190711.020) AppleWebKit/537.36 (KHTML, like Gecko) Chrome/77.0.3865.116 Mobile Safari/537.36 HeyTapBrowser/45.7.8.1"
106.205.206.119 - - [27/Jul/2021:02:11:59 +0000] "GET /secureadmin/admin/js/accordion.jquery.js HTTP/1.1" 200 3388 "http://shrihanumanlottery.com/secureadmin/admin/" "Mozilla/5.0 (Linux; U; Android 10; hi-in; CPH1969 Build/QP1A.190711.020) AppleWebKit/537.36 (KHTML, like Gecko) Chrome/77.0.3865.116 Mobile Safari/537.36 HeyTapBrowser/45.7.8.1"
106.205.206.119 - - [27/Jul/2021:02:11:59 +0000] "GET /secureadmin/admin/js/autogrow.jquery.js HTTP/1.1" 200 1465 "http://shrihanumanlottery.com/secureadmin/admin/" "Mozilla/5.0 (Linux; U; Android 10; hi-in; CPH1969 Build/QP1A.190711.020) AppleWebKit/537.36 (KHTML, like Gecko) Chrome/77.0.3865.116 Mobile Safari/537.36 HeyTapBrowser/45.7.8.1"
106.205.206.119 - - [27/Jul/2021:02:11:59 +0000] "GET /secureadmin/admin/js/check-all.jquery.js HTTP/1.1" 200 3145 "http://shrihanumanlottery.com/secureadmin/admin/" "Mozilla/5.0 (Linux; U; Android 10; hi-in; CPH1969 Build/QP1A.190711.020) AppleWebKit/537.36 (KHTML, like Gecko) Chrome/77.0.3865.116 Mobile Safari/537.36 HeyTapBrowser/45.7.8.1"
106.205.206.119 - - [27/Jul/2021:02:11:59 +0000] "GET /secureadmin/admin/js/TableTools.min.js HTTP/1.1" 200 31776 "http://shrihanumanlottery.com/secureadmin/admin/" "Mozilla/5.0 (Linux; U; Android 10; hi-in; CPH1969 Build/QP1A.190711.020) AppleWebKit/537.36 (KHTML, like Gecko) Chrome/77.0.3865.116 Mobile Safari/537.36 HeyTapBrowser/45.7.8.1"
106.205.206.119 - - [27/Jul/2021:02:11:59 +0000] "GET /secureadmin/admin/js/ZeroClipboard.js HTTP/1.1" 200 11408 "http://shrihanumanlottery.com/secureadmin/admin/" "Mozilla/5.0 (Linux; U; Android 10; hi-in; CPH1969 Build/QP1A.190711.020) AppleWebKit/537.36 (KHTML, like Gecko) Chrome/77.0.3865.116 Mobile Safari/537.36 HeyTapBrowser/45.7.8.1"
106.205.206.119 - - [27/Jul/2021:02:11:59 +0000] "GET /secureadmin/admin/js/jeditable.jquery.js HTTP/1.1" 200 24894 "http://shrihanumanlottery.com/secureadmin/admin/" "Mozilla/5.0 (Linux; U; Android 10; hi-in; CPH1969 Build/QP1A.190711.020) AppleWebKit/537.36 (KHTML, like Gecko) Chrome/77.0.3865.116 Mobile Safari/537.36 HeyTapBrowser/45.7.8.1"
106.205.206.119 - - [27/Jul/2021:02:11:59 +0000] "GET /secureadmin/admin/js/input-limiter.jquery.js HTTP/1.1" 200 4960 "http://shrihanumanlottery.com/secureadmin/admin/" "Mozilla/5.0 (Linux; U; Android 10; hi-in; CPH1969 Build/QP1A.190711.020) AppleWebKit/537.36 (KHTML, like Gecko) Chrome/77.0.3865.116 Mobile Safari/537.36 HeyTapBrowser/45.7.8.1"
106.205.206.119 - - [27/Jul/2021:02:11:59 +0000] "GET /secureadmin/admin/js/duallist.jquery.js HTTP/1.1" 200 7211 "http://shrihanumanlottery.com/secureadmin/admin/" "Mozilla/5.0 (Linux; U; Android 10; hi-in; CPH1969 Build/QP1A.190711.020) AppleWebKit/537.36 (KHTML, like Gecko) Chrome/77.0.3865.116 Mobile Safari/537.36 HeyTapBrowser/45.7.8.1"
106.205.206.119 - - [27/Jul/2021:02:11:59 +0000] "GET /secureadmin/admin/js/full-calendar.jquery.js HTTP/1.1" 200 50013 "http://shrihanumanlottery.com/secureadmin/admin/" "Mozilla/5.0 (Linux; U; Android 10; hi-in; CPH1969 Build/QP1A.190711.020) AppleWebKit/537.36 (KHTML, like Gecko) Chrome/77.0.3865.116 Mobile Safari/537.36 HeyTapBrowser/45.7.8.1"
106.205.206.119 - - [27/Jul/2021:02:11:59 +0000] "GET /secureadmin/admin/js/easing.jquery.js HTTP/1.1" 200 8301 "http://shrihanumanlottery.com/secureadmin/admin/" "Mozilla/5.0 (Linux; U; Android 10; hi-in; CPH1969 Build/QP1A.190711.020) AppleWebKit/537.36 (KHTML, like Gecko) Chrome/77.0.3865.116 Mobile Safari/537.36 HeyTapBrowser/45.7.8.1"
106.205.206.119 - - [27/Jul/2021:02:11:59 +0000] "GET /secureadmin/admin/js/iphone-style-checkbox.jquery.js HTTP/1.1" 200 10240 "http://shrihanumanlottery.com/secureadmin/admin/" "Mozilla/5.0 (Linux; U; Android 10; hi-in; CPH1969 Build/QP1A.190711.020) AppleWebKit/537.36 (KHTML, like Gecko) Chrome/77.0.3865.116 Mobile Safari/537.36 HeyTapBrowser/45.7.8.1"
106.205.206.119 - - [27/Jul/2021:02:11:59 +0000] "GET /secureadmin/admin/js/inputmask.jquery.js HTTP/1.1" 200 7106 "http://shrihanumanlottery.com/secureadmin/admin/" "Mozilla/5.0 (Linux; U; Android 10; hi-in; CPH1969 Build/QP1A.190711.020) AppleWebKit/537.36 (KHTML, like Gecko) Chrome/77.0.3865.116 Mobile Safari/537.36 HeyTapBrowser/45.7.8.1"
106.205.206.119 - - [27/Jul/2021:02:11:59 +0000] "GET /secureadmin/admin/js/meta-data.jquery.js HTTP/1.1" 200 4076 "http://shrihanumanlottery.com/secureadmin/admin/" "Mozilla/5.0 (Linux; U; Android 10; hi-in; CPH1969 Build/QP1A.190711.020) AppleWebKit/537.36 (KHTML, like Gecko) Chrome/77.0.3865.116 Mobile Safari/537.36 HeyTapBrowser/45.7.8.1"
106.205.206.119 - - [27/Jul/2021:02:11:59 +0000] "GET /secureadmin/admin/js/quicksand.jquery.js HTTP/1.1" 200 15003 "http://shrihanumanlottery.com/secureadmin/admin/" "Mozilla/5.0 (Linux; U; Android 10; hi-in; CPH1969 Build/QP1A.190711.020) AppleWebKit/537.36 (KHTML, like Gecko) Chrome/77.0.3865.116 Mobile Safari/537.36 HeyTapBrowser/45.7.8.1"
106.205.206.119 - - [27/Jul/2021:02:11:59 +0000] "GET /secureadmin/admin/js/raty.jquery.js HTTP/1.1" 200 12443 "http://shrihanumanlottery.com/secureadmin/admin/" "Mozilla/5.0 (Linux; U; Android 10; hi-in; CPH1969 Build/QP1A.190711.020) AppleWebKit/537.36 (KHTML, like Gecko) Chrome/77.0.3865.116 Mobile Safari/537.36 HeyTapBrowser/45.7.8.1"
106.205.206.119 - - [27/Jul/2021:02:11:59 +0000] "GET /secureadmin/admin/js/smart-wizard.jquery.js HTTP/1.1" 200 4855 "http://shrihanumanlottery.com/secureadmin/admin/" "Mozilla/5.0 (Linux; U; Android 10; hi-in; CPH1969 Build/QP1A.190711.020) AppleWebKit/537.36 (KHTML, like Gecko) Chrome/77.0.3865.116 Mobile Safari/537.36 HeyTapBrowser/45.7.8.1"
106.205.206.119 - - [27/Jul/2021:02:11:59 +0000] "GET /secureadmin/admin/js/stepy.jquery.js HTTP/1.1" 200 4859 "http://shrihanumanlottery.com/secureadmin/admin/" "Mozilla/5.0 (Linux; U; Android 10; hi-in; CPH1969 Build/QP1A.190711.020) AppleWebKit/537.36 (KHTML, like Gecko) Chrome/77.0.3865.116 Mobile Safari/537.36 HeyTapBrowser/45.7.8.1"
106.205.206.119 - - [27/Jul/2021:02:11:59 +0000] "GET /secureadmin/admin/js/ui-accordion.jquery.js HTTP/1.1" 200 8685 "http://shrihanumanlottery.com/secureadmin/admin/" "Mozilla/5.0 (Linux; U; Android 10; hi-in; CPH1969 Build/QP1A.190711.020) AppleWebKit/537.36 (KHTML, like Gecko) Chrome/77.0.3865.116 Mobile Safari/537.36 HeyTapBrowser/45.7.8.1"
106.205.206.119 - - [27/Jul/2021:02:11:59 +0000] "GET /secureadmin/admin/js/treeview.jquery.js HTTP/1.1" 200 8519 "http://shrihanumanlottery.com/secureadmin/admin/" "Mozilla/5.0 (Linux; U; Android 10; hi-in; CPH1969 Build/QP1A.190711.020) AppleWebKit/537.36 (KHTML, like Gecko) Chrome/77.0.3865.116 Mobile Safari/537.36 HeyTapBrowser/45.7.8.1"
106.205.206.119 - - [27/Jul/2021:02:11:59 +0000] "GET /secureadmin/admin/js/vaidation.jquery.js HTTP/1.1" 200 21683 "http://shrihanumanlottery.com/secureadmin/admin/" "Mozilla/5.0 (Linux; U; Android 10; hi-in; CPH1969 Build/QP1A.190711.020) AppleWebKit/537.36 (KHTML, like Gecko) Chrome/77.0.3865.116 Mobile Safari/537.36 HeyTapBrowser/45.7.8.1"
106.205.206.119 - - [27/Jul/2021:02:11:59 +0000] "GET /secureadmin/admin/js/mosaic.1.0.1.min.js HTTP/1.1" 200 2014 "http://shrihanumanlottery.com/secureadmin/admin/" "Mozilla/5.0 (Linux; U; Android 10; hi-in; CPH1969 Build/QP1A.190711.020) AppleWebKit/537.36 (KHTML, like Gecko) Chrome/77.0.3865.116 Mobile Safari/537.36 HeyTapBrowser/45.7.8.1"
106.205.206.119 - - [27/Jul/2021:02:11:59 +0000] "GET /secureadmin/admin/js/jquery.cookie.js HTTP/1.1" 200 4246 "http://shrihanumanlottery.com/secureadmin/admin/" "Mozilla/5.0 (Linux; U; Android 10; hi-in; CPH1969 Build/QP1A.190711.020) AppleWebKit/537.36 (KHTML, like Gecko) Chrome/77.0.3865.116 Mobile Safari/537.36 HeyTapBrowser/45.7.8.1"
106.205.206.119 - - [27/Jul/2021:02:11:59 +0000] "GET /secureadmin/admin/js/jquery.autocomplete.min.js HTTP/1.1" 200 14091 "http://shrihanumanlottery.com/secureadmin/admin/" "Mozilla/5.0 (Linux; U; Android 10; hi-in; CPH1969 Build/QP1A.190711.020) AppleWebKit/537.36 (KHTML, like Gecko) Chrome/77.0.3865.116 Mobile Safari/537.36 HeyTapBrowser/45.7.8.1"
106.205.206.119 - - [27/Jul/2021:02:11:59 +0000] "GET /secureadmin/admin/js/jquery.collapse.js HTTP/1.1" 200 5717 "http://shrihanumanlottery.com/secureadmin/admin/" "Mozilla/5.0 (Linux; U; Android 10; hi-in; CPH1969 Build/QP1A.190711.020) AppleWebKit/537.36 (KHTML, like Gecko) Chrome/77.0.3865.116 Mobile Safari/537.36 HeyTapBrowser/45.7.8.1"
106.205.206.119 - - [27/Jul/2021:02:11:59 +0000] "GET /secureadmin/admin/js/localdata.js HTTP/1.1" 200 15038 "http://shrihanumanlottery.com/secureadmin/admin/" "Mozilla/5.0 (Linux; U; Android 10; hi-in; CPH1969 Build/QP1A.190711.020) AppleWebKit/537.36 (KHTML, like Gecko) Chrome/77.0.3865.116 Mobile Safari/537.36 HeyTapBrowser/45.7.8.1"
106.205.206.119 - - [27/Jul/2021:02:11:59 +0000] "GET /secureadmin/admin/js/excanvas.min.js HTTP/1.1" 200 21698 "http://shrihanumanlottery.com/secureadmin/admin/" "Mozilla/5.0 (Linux; U; Android 10; hi-in; CPH1969 Build/QP1A.190711.020) AppleWebKit/537.36 (KHTML, like Gecko) Chrome/77.0.3865.116 Mobile Safari/537.36 HeyTapBrowser/45.7.8.1"
106.205.206.119 - - [27/Jul/2021:02:11:59 +0000] "GET /secureadmin/admin/js/chart-plugins/jqplot.dateAxisRenderer.min.js HTTP/1.1" 200 11554 "http://shrihanumanlottery.com/secureadmin/admin/" "Mozilla/5.0 (Linux; U; Android 10; hi-in; CPH1969 Build/QP1A.190711.020) AppleWebKit/537.36 (KHTML, like Gecko) Chrome/77.0.3865.116 Mobile Safari/537.36 HeyTapBrowser/45.7.8.1"
106.205.206.119 - - [27/Jul/2021:02:11:59 +0000] "GET /secureadmin/admin/js/chart-plugins/jqplot.cursor.min.js HTTP/1.1" 200 20732 "http://shrihanumanlottery.com/secureadmin/admin/" "Mozilla/5.0 (Linux; U; Android 10; hi-in; CPH1969 Build/QP1A.190711.020) AppleWebKit/537.36 (KHTML, like Gecko) Chrome/77.0.3865.116 Mobile Safari/537.36 HeyTapBrowser/45.7.8.1"
106.205.206.119 - - [27/Jul/2021:02:11:59 +0000] "GET /secureadmin/admin/js/chart-plugins/jqplot.logAxisRenderer.min.js HTTP/1.1" 200 9497 "http://shrihanumanlottery.com/secureadmin/admin/" "Mozilla/5.0 (Linux; U; Android 10; hi-in; CPH1969 Build/QP1A.190711.020) AppleWebKit/537.36 (KHTML, like Gecko) Chrome/77.0.3865.116 Mobile Safari/537.36 HeyTapBrowser/45.7.8.1"
106.205.206.119 - - [27/Jul/2021:02:11:59 +0000] "GET /secureadmin/admin/js/chart-plugins/jqplot.canvasTextRenderer.min.js HTTP/1.1" 200 17994 "http://shrihanumanlottery.com/secureadmin/admin/" "Mozilla/5.0 (Linux; U; Android 10; hi-in; CPH1969 Build/QP1A.190711.020) AppleWebKit/537.36 (KHTML, like Gecko) Chrome/77.0.3865.116 Mobile Safari/537.36 HeyTapBrowser/45.7.8.1"
106.205.206.119 - - [27/Jul/2021:02:11:59 +0000] "GET /secureadmin/admin/js/chart-plugins/jqplot.canvasAxisTickRenderer.min.js HTTP/1.1" 200 5207 "http://shrihanumanlottery.com/secureadmin/admin/" "Mozilla/5.0 (Linux; U; Android 10; hi-in; CPH1969 Build/QP1A.190711.020) AppleWebKit/537.36 (KHTML, like Gecko) Chrome/77.0.3865.116 Mobile Safari/537.36 HeyTapBrowser/45.7.8.1"
106.205.206.119 - - [27/Jul/2021:02:11:59 +0000] "GET /secureadmin/admin/js/chart-plugins/jqplot.pieRenderer.min.js HTTP/1.1" 200 15695 "http://shrihanumanlottery.com/secureadmin/admin/" "Mozilla/5.0 (Linux; U; Android 10; hi-in; CPH1969 Build/QP1A.190711.020) AppleWebKit/537.36 (KHTML, like Gecko) Chrome/77.0.3865.116 Mobile Safari/537.36 HeyTapBrowser/45.7.8.1"
106.205.206.119 - - [27/Jul/2021:02:11:59 +0000] "GET /secureadmin/admin/js/jquery.jqplot.min.js HTTP/1.1" 200 165613 "http://shrihanumanlottery.com/secureadmin/admin/" "Mozilla/5.0 (Linux; U; Android 10; hi-in; CPH1969 Build/QP1A.190711.020) AppleWebKit/537.36 (KHTML, like Gecko) Chrome/77.0.3865.116 Mobile Safari/537.36 HeyTapBrowser/45.7.8.1"
106.205.206.119 - - [27/Jul/2021:02:11:59 +0000] "GET /secureadmin/admin/js/chart-plugins/jqplot.highlighter.min.js HTTP/1.1" 200 9374 "http://shrihanumanlottery.com/secureadmin/admin/" "Mozilla/5.0 (Linux; U; Android 10; hi-in; CPH1969 Build/QP1A.190711.020) AppleWebKit/537.36 (KHTML, like Gecko) Chrome/77.0.3865.116 Mobile Safari/537.36 HeyTapBrowser/45.7.8.1"
106.205.206.119 - - [27/Jul/2021:02:11:59 +0000] "GET /secureadmin/admin/js/chart-plugins/jqplot.barRenderer.min.js HTTP/1.1" 200 14858 "http://shrihanumanlottery.com/secureadmin/admin/" "Mozilla/5.0 (Linux; U; Android 10; hi-in; CPH1969 Build/QP1A.190711.020) AppleWebKit/537.36 (KHTML, like Gecko) Chrome/77.0.3865.116 Mobile Safari/537.36 HeyTapBrowser/45.7.8.1"
106.205.206.119 - - [27/Jul/2021:02:11:59 +0000] "GET /secureadmin/admin/js/chart-plugins/jqplot.categoryAxisRenderer.min.js HTTP/1.1" 200 11421 "http://shrihanumanlottery.com/secureadmin/admin/" "Mozilla/5.0 (Linux; U; Android 10; hi-in; CPH1969 Build/QP1A.190711.020) AppleWebKit/537.36 (KHTML, like Gecko) Chrome/77.0.3865.116 Mobile Safari/537.36 HeyTapBrowser/45.7.8.1"
106.205.206.119 - - [27/Jul/2021:02:11:59 +0000] "GET /secureadmin/admin/js/chart-plugins/jqplot.pointLabels.min.js HTTP/1.1" 200 6430 "http://shrihanumanlottery.com/secureadmin/admin/" "Mozilla/5.0 (Linux; U; Android 10; hi-in; CPH1969 Build/QP1A.190711.020) AppleWebKit/537.36 (KHTML, like Gecko) Chrome/77.0.3865.116 Mobile Safari/537.36 HeyTapBrowser/45.7.8.1"
106.205.206.119 - - [27/Jul/2021:02:11:59 +0000] "GET /secureadmin/admin/js/chart-plugins/jqplot.meterGaugeRenderer.min.js HTTP/1.1" 200 20122 "http://shrihanumanlottery.com/secureadmin/admin/" "Mozilla/5.0 (Linux; U; Android 10; hi-in; CPH1969 Build/QP1A.190711.020) AppleWebKit/537.36 (KHTML, like Gecko) Chrome/77.0.3865.116 Mobile Safari/537.36 HeyTapBrowser/45.7.8.1"
106.205.206.119 - - [27/Jul/2021:02:11:59 +0000] "GET /secureadmin/admin/js/custom-scripts.js HTTP/1.1" 200 52120 "http://shrihanumanlottery.com/secureadmin/admin/" "Mozilla/5.0 (Linux; U; Android 10; hi-in; CPH1969 Build/QP1A.190711.020) AppleWebKit/537.36 (KHTML, like Gecko) Chrome/77.0.3865.116 Mobile Safari/537.36 HeyTapBrowser/45.7.8.1"
106.205.206.119 - - [27/Jul/2021:02:11:59 +0000] "GET /secureadmin/admin/js/data-table.jquery.js HTTP/1.1" 200 372889 "http://shrihanumanlottery.com/secureadmin/admin/" "Mozilla/5.0 (Linux; U; Android 10; hi-in; CPH1969 Build/QP1A.190711.020) AppleWebKit/537.36 (KHTML, like Gecko) Chrome/77.0.3865.116 Mobile Safari/537.36 HeyTapBrowser/45.7.8.1"
106.205.206.119 - - [27/Jul/2021:02:11:59 +0000] "GET /secureadmin/admin/images/logo-bingo.png HTTP/1.1" 200 12832 "http://shrihanumanlottery.com/secureadmin/admin/" "Mozilla/5.0 (Linux; U; Android 10; hi-in; CPH1969 Build/QP1A.190711.020) AppleWebKit/537.36 (KHTML, like Gecko) Chrome/77.0.3865.116 Mobile Safari/537.36 HeyTapBrowser/45.7.8.1"
106.206.169.73 - - [27/Jul/2021:02:12:00 +0000] "GET /results.php?year=2020 HTTP/1.1" 200 2137 "http://www.shrihanumanlottery.com/" "Mozilla/5.0 (Linux; Android 8.1.0; CPH1803) AppleWebKit/537.36 (KHTML, like Gecko) Chrome/90.0.4430.210 Mobile Safari/537.36"
106.205.206.119 - - [27/Jul/2021:02:12:01 +0000] "GET /secureadmin/admin/images/sprite-icons/layout-icons.png HTTP/1.1" 200 25561 "http://shrihanumanlottery.com/secureadmin/admin/css/styles.css" "Mozilla/5.0 (Linux; U; Android 10; hi-in; CPH1969 Build/QP1A.190711.020) AppleWebKit/537.36 (KHTML, like Gecko) Chrome/77.0.3865.116 Mobile Safari/537.36 HeyTapBrowser/45.7.8.1"
106.205.206.119 - - [27/Jul/2021:02:12:01 +0000] "GET /secureadmin/admin/images/sprite-icons/icon-black.png HTTP/1.1" 200 145045 "http://shrihanumanlottery.com/secureadmin/admin/css/styles.css" "Mozilla/5.0 (Linux; U; Android 10; hi-in; CPH1969 Build/QP1A.190711.020) AppleWebKit/537.36 (KHTML, like Gecko) Chrome/77.0.3865.116 Mobile Safari/537.36 HeyTapBrowser/45.7.8.1"
106.205.206.119 - - [27/Jul/2021:02:12:01 +0000] "GET /secureadmin/admin/images/colorbox-img/overlay.png HTTP/1.1" 200 182 "http://shrihanumanlottery.com/secureadmin/admin/css/ui-elements.css" "Mozilla/5.0 (Linux; U; Android 10; hi-in; CPH1969 Build/QP1A.190711.020) AppleWebKit/537.36 (KHTML, like Gecko) Chrome/77.0.3865.116 Mobile Safari/537.36 HeyTapBrowser/45.7.8.1"
106.205.206.119 - - [27/Jul/2021:02:12:01 +0000] "GET /secureadmin/admin/images/sprite.png HTTP/1.1" 200 13026 "http://shrihanumanlottery.com/secureadmin/admin/css/form.css" "Mozilla/5.0 (Linux; U; Android 10; hi-in; CPH1969 Build/QP1A.190711.020) AppleWebKit/537.36 (KHTML, like Gecko) Chrome/77.0.3865.116 Mobile Safari/537.36 HeyTapBrowser/45.7.8.1"
106.205.206.119 - - [27/Jul/2021:02:12:01 +0000] "GET /secureadmin/admin/menuContent.html HTTP/1.1" 404 232 "http://shrihanumanlottery.com/secureadmin/admin/" "Mozilla/5.0 (Linux; U; Android 10; hi-in; CPH1969 Build/QP1A.190711.020) AppleWebKit/537.36 (KHTML, like Gecko) Chrome/77.0.3865.116 Mobile Safari/537.36 HeyTapBrowser/45.7.8.1"
106.205.206.119 - - [27/Jul/2021:02:12:01 +0000] "GET /secureadmin/admin/images/colorbox-img/border.png HTTP/1.1" 200 112 "http://shrihanumanlottery.com/secureadmin/admin/css/ui-elements.css" "Mozilla/5.0 (Linux; U; Android 10; hi-in; CPH1969 Build/QP1A.190711.020) AppleWebKit/537.36 (KHTML, like Gecko) Chrome/77.0.3865.116 Mobile Safari/537.36 HeyTapBrowser/45.7.8.1"
106.205.206.119 - - [27/Jul/2021:02:12:01 +0000] "GET /secureadmin/admin/images/colorbox-img/controls.png HTTP/1.1" 200 2893 "http://shrihanumanlottery.com/secureadmin/admin/css/ui-elements.css" "Mozilla/5.0 (Linux; U; Android 10; hi-in; CPH1969 Build/QP1A.190711.020) AppleWebKit/537.36 (KHTML, like Gecko) Chrome/77.0.3865.116 Mobile Safari/537.36 HeyTapBrowser/45.7.8.1"
106.205.206.119 - - [27/Jul/2021:02:12:01 +0000] "GET /secureadmin/admin/images/details_open.png HTTP/1.1" 200 881 "http://shrihanumanlottery.com/secureadmin/admin/" "Mozilla/5.0 (Linux; U; Android 10; hi-in; CPH1969 Build/QP1A.190711.020) AppleWebKit/537.36 (KHTML, like Gecko) Chrome/77.0.3865.116 Mobile Safari/537.36 HeyTapBrowser/45.7.8.1"
106.205.206.119 - - [27/Jul/2021:02:12:02 +0000] "GET /favicon.ico HTTP/1.1" 404 209 "http://shrihanumanlottery.com/secureadmin/admin/" "Mozilla/5.0 (Linux; U; Android 10; hi-in; CPH1969 Build/QP1A.190711.020) AppleWebKit/537.36 (KHTML, like Gecko) Chrome/77.0.3865.116 Mobile Safari/537.36 HeyTapBrowser/45.7.8.1"
106.206.169.73 - - [27/Jul/2021:02:12:04 +0000] "GET /results.php?year=2020 HTTP/1.1" 200 2137 "http://www.shrihanumanlottery.com/" "Mozilla/5.0 (Linux; Android 8.1.0; CPH1803) AppleWebKit/537.36 (KHTML, like Gecko) Chrome/90.0.4430.210 Mobile Safari/537.36"
106.79.202.52 - - [27/Jul/2021:02:12:42 +0000] "GET /secureadmin/admin/ HTTP/1.1" 200 6754 "-" "Mozilla/5.0 (Linux; Android 11; vivo 1907) AppleWebKit/537.36 (KHTML, like Gecko) Chrome/83.0.4103.106 Mobile Safari/537.36"
106.79.202.52 - - [27/Jul/2021:02:12:42 +0000] "GET /secureadmin/admin/css/reset.css HTTP/1.1" 200 1153 "http://shrihanumanlottery.com/secureadmin/admin/" "Mozilla/5.0 (Linux; Android 11; vivo 1907) AppleWebKit/537.36 (KHTML, like Gecko) Chrome/83.0.4103.106 Mobile Safari/537.36"
106.79.202.52 - - [27/Jul/2021:02:12:42 +0000] "GET /secureadmin/admin/css/layout.css HTTP/1.1" 200 13733 "http://shrihanumanlottery.com/secureadmin/admin/" "Mozilla/5.0 (Linux; Android 11; vivo 1907) AppleWebKit/537.36 (KHTML, like Gecko) Chrome/83.0.4103.106 Mobile Safari/537.36"
106.79.202.52 - - [27/Jul/2021:02:12:43 +0000] "GET /secureadmin/admin/css/typography.css HTTP/1.1" 200 7960 "http://shrihanumanlottery.com/secureadmin/admin/" "Mozilla/5.0 (Linux; Android 11; vivo 1907) AppleWebKit/537.36 (KHTML, like Gecko) Chrome/83.0.4103.106 Mobile Safari/537.36"
106.79.202.52 - - [27/Jul/2021:02:12:43 +0000] "GET /secureadmin/admin/css/themes.css HTTP/1.1" 200 5578 "http://shrihanumanlottery.com/secureadmin/admin/" "Mozilla/5.0 (Linux; Android 11; vivo 1907) AppleWebKit/537.36 (KHTML, like Gecko) Chrome/83.0.4103.106 Mobile Safari/537.36"
106.79.202.52 - - [27/Jul/2021:02:12:43 +0000] "GET /secureadmin/admin/css/shCore.css HTTP/1.1" 200 9456 "http://shrihanumanlottery.com/secureadmin/admin/" "Mozilla/5.0 (Linux; Android 11; vivo 1907) AppleWebKit/537.36 (KHTML, like Gecko) Chrome/83.0.4103.106 Mobile Safari/537.36"
106.79.202.52 - - [27/Jul/2021:02:12:43 +0000] "GET /secureadmin/admin/css/bootstrap.css HTTP/1.1" 200 2681 "http://shrihanumanlottery.com/secureadmin/admin/" "Mozilla/5.0 (Linux; Android 11; vivo 1907) AppleWebKit/537.36 (KHTML, like Gecko) Chrome/83.0.4103.106 Mobile Safari/537.36"
106.79.202.52 - - [27/Jul/2021:02:12:43 +0000] "GET /secureadmin/admin/css/jquery.jqplot.css HTTP/1.1" 200 6821 "http://shrihanumanlottery.com/secureadmin/admin/" "Mozilla/5.0 (Linux; Android 11; vivo 1907) AppleWebKit/537.36 (KHTML, like Gecko) Chrome/83.0.4103.106 Mobile Safari/537.36"
106.79.202.52 - - [27/Jul/2021:02:12:43 +0000] "GET /secureadmin/admin/css/jquery-ui-1.8.18.custom.css HTTP/1.1" 200 45653 "http://shrihanumanlottery.com/secureadmin/admin/" "Mozilla/5.0 (Linux; Android 11; vivo 1907) AppleWebKit/537.36 (KHTML, like Gecko) Chrome/83.0.4103.106 Mobile Safari/537.36"
106.79.202.52 - - [27/Jul/2021:02:12:43 +0000] "GET /secureadmin/admin/css/data-table.css HTTP/1.1" 200 20839 "http://shrihanumanlottery.com/secureadmin/admin/" "Mozilla/5.0 (Linux; Android 11; vivo 1907) AppleWebKit/537.36 (KHTML, like Gecko) Chrome/83.0.4103.106 Mobile Safari/537.36"
106.79.202.52 - - [27/Jul/2021:02:12:43 +0000] "GET /secureadmin/admin/css/form.css HTTP/1.1" 200 27337 "http://shrihanumanlottery.com/secureadmin/admin/" "Mozilla/5.0 (Linux; Android 11; vivo 1907) AppleWebKit/537.36 (KHTML, like Gecko) Chrome/83.0.4103.106 Mobile Safari/537.36"
106.79.202.52 - - [27/Jul/2021:02:12:43 +0000] "GET /secureadmin/admin/css/ui-elements.css HTTP/1.1" 200 66064 "http://shrihanumanlottery.com/secureadmin/admin/" "Mozilla/5.0 (Linux; Android 11; vivo 1907) AppleWebKit/537.36 (KHTML, like Gecko) Chrome/83.0.4103.106 Mobile Safari/537.36"
106.79.202.52 - - [27/Jul/2021:02:12:43 +0000] "GET /secureadmin/admin/css/wizard.css HTTP/1.1" 200 10412 "http://shrihanumanlottery.com/secureadmin/admin/" "Mozilla/5.0 (Linux; Android 11; vivo 1907) AppleWebKit/537.36 (KHTML, like Gecko) Chrome/83.0.4103.106 Mobile Safari/537.36"
106.79.202.52 - - [27/Jul/2021:02:12:43 +0000] "GET /secureadmin/admin/css/styles.css HTTP/1.1" 200 198360 "http://shrihanumanlottery.com/secureadmin/admin/" "Mozilla/5.0 (Linux; Android 11; vivo 1907) AppleWebKit/537.36 (KHTML, like Gecko) Chrome/83.0.4103.106 Mobile Safari/537.36"
106.79.202.52 - - [27/Jul/2021:02:12:43 +0000] "GET /secureadmin/admin/css/sprite.css HTTP/1.1" 200 76938 "http://shrihanumanlottery.com/secureadmin/admin/" "Mozilla/5.0 (Linux; Android 11; vivo 1907) AppleWebKit/537.36 (KHTML, like Gecko) Chrome/83.0.4103.106 Mobile Safari/537.36"
106.79.202.52 - - [27/Jul/2021:02:12:43 +0000] "GET /secureadmin/admin/css/gradient.css HTTP/1.1" 200 58469 "http://shrihanumanlottery.com/secureadmin/admin/" "Mozilla/5.0 (Linux; Android 11; vivo 1907) AppleWebKit/537.36 (KHTML, like Gecko) Chrome/83.0.4103.106 Mobile Safari/537.36"
106.79.202.52 - - [27/Jul/2021:02:12:43 +0000] "GET /secureadmin/admin/js/jquery-1.7.1.min.js HTTP/1.1" 200 93871 "http://shrihanumanlottery.com/secureadmin/admin/" "Mozilla/5.0 (Linux; Android 11; vivo 1907) AppleWebKit/537.36 (KHTML, like Gecko) Chrome/83.0.4103.106 Mobile Safari/537.36"
106.205.206.119 - - [27/Jul/2021:02:12:43 +0000] "POST /secureadmin/admin/loginsuccess.php HTTP/1.1" 302 - "http://shrihanumanlottery.com/secureadmin/admin/" "Mozilla/5.0 (Linux; U; Android 10; hi-in; CPH1969 Build/QP1A.190711.020) AppleWebKit/537.36 (KHTML, like Gecko) Chrome/77.0.3865.116 Mobile Safari/537.36 HeyTapBrowser/45.7.8.1"
106.205.206.119 - - [27/Jul/2021:02:12:43 +0000] "GET /secureadmin/admin/add-results.php?message=success HTTP/1.1" 200 12539 "http://shrihanumanlottery.com/secureadmin/admin/" "Mozilla/5.0 (Linux; U; Android 10; hi-in; CPH1969 Build/QP1A.190711.020) AppleWebKit/537.36 (KHTML, like Gecko) Chrome/77.0.3865.116 Mobile Safari/537.36 HeyTapBrowser/45.7.8.1"
106.79.202.52 - - [27/Jul/2021:02:12:43 +0000] "GET /secureadmin/admin/js/jquery.ui.touch-punch.js HTTP/1.1" 200 4593 "http://shrihanumanlottery.com/secureadmin/admin/" "Mozilla/5.0 (Linux; Android 11; vivo 1907) AppleWebKit/537.36 (KHTML, like Gecko) Chrome/83.0.4103.106 Mobile Safari/537.36"
106.79.202.52 - - [27/Jul/2021:02:12:43 +0000] "GET /secureadmin/admin/js/jquery-ui-1.8.18.custom.min.js HTTP/1.1" 200 255475 "http://shrihanumanlottery.com/secureadmin/admin/" "Mozilla/5.0 (Linux; Android 11; vivo 1907) AppleWebKit/537.36 (KHTML, like Gecko) Chrome/83.0.4103.106 Mobile Safari/537.36"
106.205.206.119 - - [27/Jul/2021:02:12:43 +0000] "GET /secureadmin/admin/gen_validatorv4.js HTTP/1.1" 200 32085 "http://shrihanumanlottery.com/secureadmin/admin/add-results.php?message=success" "Mozilla/5.0 (Linux; U; Android 10; hi-in; CPH1969 Build/QP1A.190711.020) AppleWebKit/537.36 (KHTML, like Gecko) Chrome/77.0.3865.116 Mobile Safari/537.36 HeyTapBrowser/45.7.8.1"
106.79.202.52 - - [27/Jul/2021:02:12:44 +0000] "GET /secureadmin/admin/js/chosen.jquery.js HTTP/1.1" 200 35454 "http://shrihanumanlottery.com/secureadmin/admin/" "Mozilla/5.0 (Linux; Android 11; vivo 1907) AppleWebKit/537.36 (KHTML, like Gecko) Chrome/83.0.4103.106 Mobile Safari/537.36"
106.205.206.119 - - [27/Jul/2021:02:12:44 +0000] "GET /secureadmin/admin/images/user_thumb.png HTTP/1.1" 200 1549 "http://shrihanumanlottery.com/secureadmin/admin/add-results.php?message=success" "Mozilla/5.0 (Linux; U; Android 10; hi-in; CPH1969 Build/QP1A.190711.020) AppleWebKit/537.36 (KHTML, like Gecko) Chrome/77.0.3865.116 Mobile Safari/537.36 HeyTapBrowser/45.7.8.1"
106.205.206.119 - - [27/Jul/2021:02:12:44 +0000] "GET /secureadmin/admin/images/logo.png HTTP/1.1" 200 12829 "http://shrihanumanlottery.com/secureadmin/admin/add-results.php?message=success" "Mozilla/5.0 (Linux; U; Android 10; hi-in; CPH1969 Build/QP1A.190711.020) AppleWebKit/537.36 (KHTML, like Gecko) Chrome/77.0.3865.116 Mobile Safari/537.36 HeyTapBrowser/45.7.8.1"
106.79.202.52 - - [27/Jul/2021:02:12:44 +0000] "GET /secureadmin/admin/js/bootstrap-dropdown.js HTTP/1.1" 200 2649 "http://shrihanumanlottery.com/secureadmin/admin/" "Mozilla/5.0 (Linux; Android 11; vivo 1907) AppleWebKit/537.36 (KHTML, like Gecko) Chrome/83.0.4103.106 Mobile Safari/537.36"
106.79.202.52 - - [27/Jul/2021:02:12:44 +0000] "GET /secureadmin/admin/js/uniform.jquery.js HTTP/1.1" 200 20277 "http://shrihanumanlottery.com/secureadmin/admin/" "Mozilla/5.0 (Linux; Android 11; vivo 1907) AppleWebKit/537.36 (KHTML, like Gecko) Chrome/83.0.4103.106 Mobile Safari/537.36"
106.205.206.119 - - [27/Jul/2021:02:12:44 +0000] "GET /secureadmin/admin/images/dot.png HTTP/1.1" 200 2791 "http://shrihanumanlottery.com/secureadmin/admin/css/styles.css" "Mozilla/5.0 (Linux; U; Android 10; hi-in; CPH1969 Build/QP1A.190711.020) AppleWebKit/537.36 (KHTML, like Gecko) Chrome/77.0.3865.116 Mobile Safari/537.36 HeyTapBrowser/45.7.8.1"
106.205.206.119 - - [27/Jul/2021:02:12:44 +0000] "GET /secureadmin/admin/images/layout-sprite.png HTTP/1.1" 200 6176 "http://shrihanumanlottery.com/secureadmin/admin/css/themes.css" "Mozilla/5.0 (Linux; U; Android 10; hi-in; CPH1969 Build/QP1A.190711.020) AppleWebKit/537.36 (KHTML, like Gecko) Chrome/77.0.3865.116 Mobile Safari/537.36 HeyTapBrowser/45.7.8.1"
106.79.202.52 - - [27/Jul/2021:02:12:44 +0000] "GET /secureadmin/admin/js/sticky.full.js HTTP/1.1" 200 2722 "http://shrihanumanlottery.com/secureadmin/admin/" "Mozilla/5.0 (Linux; Android 11; vivo 1907) AppleWebKit/537.36 (KHTML, like Gecko) Chrome/83.0.4103.106 Mobile Safari/537.36"
106.79.202.52 - - [27/Jul/2021:02:12:44 +0000] "GET /secureadmin/admin/js/bootstrap-colorpicker.js HTTP/1.1" 200 12816 "http://shrihanumanlottery.com/secureadmin/admin/" "Mozilla/5.0 (Linux; Android 11; vivo 1907) AppleWebKit/537.36 (KHTML, like Gecko) Chrome/83.0.4103.106 Mobile Safari/537.36"
106.79.202.52 - - [27/Jul/2021:02:12:44 +0000] "GET /secureadmin/admin/js/jquery.noty.js HTTP/1.1" 200 7131 "http://shrihanumanlottery.com/secureadmin/admin/" "Mozilla/5.0 (Linux; Android 11; vivo 1907) AppleWebKit/537.36 (KHTML, like Gecko) Chrome/83.0.4103.106 Mobile Safari/537.36"
106.205.206.119 - - [27/Jul/2021:02:12:44 +0000] "GET /secureadmin/admin/images/button-sprite.png HTTP/1.1" 200 4118 "http://shrihanumanlottery.com/secureadmin/admin/css/styles.css" "Mozilla/5.0 (Linux; U; Android 10; hi-in; CPH1969 Build/QP1A.190711.020) AppleWebKit/537.36 (KHTML, like Gecko) Chrome/77.0.3865.116 Mobile Safari/537.36 HeyTapBrowser/45.7.8.1"
106.79.202.52 - - [27/Jul/2021:02:12:44 +0000] "GET /secureadmin/admin/js/selectToUISlider.jQuery.js HTTP/1.1" 200 8560 "http://shrihanumanlottery.com/secureadmin/admin/" "Mozilla/5.0 (Linux; Android 11; vivo 1907) AppleWebKit/537.36 (KHTML, like Gecko) Chrome/83.0.4103.106 Mobile Safari/537.36"
106.205.206.119 - - [27/Jul/2021:02:12:44 +0000] "GET /secureadmin/admin/images/chosen-sprite.png HTTP/1.1" 200 559 "http://shrihanumanlottery.com/secureadmin/admin/css/form.css" "Mozilla/5.0 (Linux; U; Android 10; hi-in; CPH1969 Build/QP1A.190711.020) AppleWebKit/537.36 (KHTML, like Gecko) Chrome/77.0.3865.116 Mobile Safari/537.36 HeyTapBrowser/45.7.8.1"
106.79.202.52 - - [27/Jul/2021:02:12:44 +0000] "GET /secureadmin/admin/js/fg.menu.js HTTP/1.1" 200 23731 "http://shrihanumanlottery.com/secureadmin/admin/" "Mozilla/5.0 (Linux; Android 11; vivo 1907) AppleWebKit/537.36 (KHTML, like Gecko) Chrome/83.0.4103.106 Mobile Safari/537.36"
