106.207.133.168 - - [27/Jul/2021:08:11:07 +0000] "GET /css/style.css HTTP/1.1" 304 - "http://shrihanumanlottery.com/" "Mozilla/5.0 (Linux; Android 6.0; Lenovo A7000-a Build/MRA58K) AppleWebKit/537.36 (KHTML, like Gecko) Chrome/46.0.2490.76 Mobile Safari/537.36"
106.207.133.168 - - [27/Jul/2021:08:11:07 +0000] "GET /images/shrihanuman.gif HTTP/1.1" 304 - "http://shrihanumanlottery.com/" "Mozilla/5.0 (Linux; Android 6.0; Lenovo A7000-a Build/MRA58K) AppleWebKit/537.36 (KHTML, like Gecko) Chrome/46.0.2490.76 Mobile Safari/537.36"
106.207.133.168 - - [27/Jul/2021:08:11:07 +0000] "GET /galleryimg/6547081shrihanumanji.jpg HTTP/1.1" 304 - "http://shrihanumanlottery.com/" "Mozilla/5.0 (Linux; Android 6.0; Lenovo A7000-a Build/MRA58K) AppleWebKit/537.36 (KHTML, like Gecko) Chrome/46.0.2490.76 Mobile Safari/537.36"
106.207.133.168 - - [27/Jul/2021:08:11:08 +0000] "GET /img/star12.gif HTTP/1.1" 304 - "http://shrihanumanlottery.com/" "Mozilla/5.0 (Linux; Android 6.0; Lenovo A7000-a Build/MRA58K) AppleWebKit/537.36 (KHTML, like Gecko) Chrome/46.0.2490.76 Mobile Safari/537.36"
106.206.162.55 - - [27/Jul/2021:08:11:08 +0000] "GET / HTTP/1.1" 200 7655 "http://shrihanumanlottery.com/" "Mozilla/5.0 (Linux; Android 10; M2010J19SI) AppleWebKit/537.36 (KHTML, like Gecko) Chrome/83.0.4103.101 Mobile Safari/537.36"
106.206.162.55 - - [27/Jul/2021:08:11:09 +0000] "GET / HTTP/1.1" 200 7655 "http://shrihanumanlottery.com/" "Mozilla/5.0 (Linux; Android 10; M2010J19SI) AppleWebKit/537.36 (KHTML, like Gecko) Chrome/83.0.4103.101 Mobile Safari/537.36"
106.207.133.168 - - [27/Jul/2021:08:11:10 +0000] "GET / HTTP/1.1" 200 7655 "-" "Mozilla/5.0 (Linux; Android 6.0; Lenovo A7000-a Build/MRA58K) AppleWebKit/537.36 (KHTML, like Gecko) Chrome/46.0.2490.76 Mobile Safari/537.36"
106.207.133.168 - - [27/Jul/2021:08:11:10 +0000] "GET /css/style.css HTTP/1.1" 304 - "http://shrihanumanlottery.com/" "Mozilla/5.0 (Linux; Android 6.0; Lenovo A7000-a Build/MRA58K) AppleWebKit/537.36 (KHTML, like Gecko) Chrome/46.0.2490.76 Mobile Safari/537.36"
106.207.133.168 - - [27/Jul/2021:08:11:10 +0000] "GET /images/shrihanuman.gif HTTP/1.1" 304 - "http://shrihanumanlottery.com/" "Mozilla/5.0 (Linux; Android 6.0; Lenovo A7000-a Build/MRA58K) AppleWebKit/537.36 (KHTML, like Gecko) Chrome/46.0.2490.76 Mobile Safari/537.36"
106.207.133.168 - - [27/Jul/2021:08:11:10 +0000] "GET /galleryimg/6547081shrihanumanji.jpg HTTP/1.1" 304 - "http://shrihanumanlottery.com/" "Mozilla/5.0 (Linux; Android 6.0; Lenovo A7000-a Build/MRA58K) AppleWebKit/537.36 (KHTML, like Gecko) Chrome/46.0.2490.76 Mobile Safari/537.36"
106.207.133.168 - - [27/Jul/2021:08:11:10 +0000] "GET /img/star12.gif HTTP/1.1" 304 - "http://shrihanumanlottery.com/" "Mozilla/5.0 (Linux; Android 6.0; Lenovo A7000-a Build/MRA58K) AppleWebKit/537.36 (KHTML, like Gecko) Chrome/46.0.2490.76 Mobile Safari/537.36"
106.206.162.55 - - [27/Jul/2021:08:11:11 +0000] "GET / HTTP/1.1" 200 7655 "http://shrihanumanlottery.com/" "Mozilla/5.0 (Linux; Android 10; M2010J19SI) AppleWebKit/537.36 (KHTML, like Gecko) Chrome/83.0.4103.101 Mobile Safari/537.36"
106.206.162.55 - - [27/Jul/2021:08:11:13 +0000] "GET / HTTP/1.1" 200 7655 "http://shrihanumanlottery.com/" "Mozilla/5.0 (Linux; Android 10; M2010J19SI) AppleWebKit/537.36 (KHTML, like Gecko) Chrome/83.0.4103.101 Mobile Safari/537.36"
106.207.133.168 - - [27/Jul/2021:08:11:14 +0000] "GET / HTTP/1.1" 200 7655 "http://shrihanumanlottery.com/" "Mozilla/5.0 (Linux; Android 6.0; Lenovo A7000-a Build/MRA58K) AppleWebKit/537.36 (KHTML, like Gecko) Chrome/46.0.2490.76 Mobile Safari/537.36"
106.207.133.168 - - [27/Jul/2021:08:11:14 +0000] "GET /css/style.css HTTP/1.1" 304 - "http://shrihanumanlottery.com/" "Mozilla/5.0 (Linux; Android 6.0; Lenovo A7000-a Build/MRA58K) AppleWebKit/537.36 (KHTML, like Gecko) Chrome/46.0.2490.76 Mobile Safari/537.36"
106.207.133.168 - - [27/Jul/2021:08:11:14 +0000] "GET /images/shrihanuman.gif HTTP/1.1" 304 - "http://shrihanumanlottery.com/" "Mozilla/5.0 (Linux; Android 6.0; Lenovo A7000-a Build/MRA58K) AppleWebKit/537.36 (KHTML, like Gecko) Chrome/46.0.2490.76 Mobile Safari/537.36"
106.207.133.168 - - [27/Jul/2021:08:11:14 +0000] "GET /galleryimg/6547081shrihanumanji.jpg HTTP/1.1" 304 - "http://shrihanumanlottery.com/" "Mozilla/5.0 (Linux; Android 6.0; Lenovo A7000-a Build/MRA58K) AppleWebKit/537.36 (KHTML, like Gecko) Chrome/46.0.2490.76 Mobile Safari/537.36"
106.207.133.168 - - [27/Jul/2021:08:11:15 +0000] "GET /img/star12.gif HTTP/1.1" 304 - "http://shrihanumanlottery.com/" "Mozilla/5.0 (Linux; Android 6.0; Lenovo A7000-a Build/MRA58K) AppleWebKit/537.36 (KHTML, like Gecko) Chrome/46.0.2490.76 Mobile Safari/537.36"
106.207.133.168 - - [27/Jul/2021:08:11:16 +0000] "GET / HTTP/1.1" 200 7655 "http://shrihanumanlottery.com/" "Mozilla/5.0 (Linux; Android 6.0; Lenovo A7000-a Build/MRA58K) AppleWebKit/537.36 (KHTML, like Gecko) Chrome/46.0.2490.76 Mobile Safari/537.36"
106.206.162.55 - - [27/Jul/2021:08:11:16 +0000] "GET / HTTP/1.1" 200 7655 "http://shrihanumanlottery.com/" "Mozilla/5.0 (Linux; Android 10; M2010J19SI) AppleWebKit/537.36 (KHTML, like Gecko) Chrome/83.0.4103.101 Mobile Safari/537.36"
106.207.133.168 - - [27/Jul/2021:08:11:16 +0000] "GET /css/style.css HTTP/1.1" 304 - "http://shrihanumanlottery.com/" "Mozilla/5.0 (Linux; Android 6.0; Lenovo A7000-a Build/MRA58K) AppleWebKit/537.36 (KHTML, like Gecko) Chrome/46.0.2490.76 Mobile Safari/537.36"
106.207.133.168 - - [27/Jul/2021:08:11:16 +0000] "GET /images/shrihanuman.gif HTTP/1.1" 304 - "http://shrihanumanlottery.com/" "Mozilla/5.0 (Linux; Android 6.0; Lenovo A7000-a Build/MRA58K) AppleWebKit/537.36 (KHTML, like Gecko) Chrome/46.0.2490.76 Mobile Safari/537.36"
106.207.133.168 - - [27/Jul/2021:08:11:16 +0000] "GET /galleryimg/6547081shrihanumanji.jpg HTTP/1.1" 304 - "http://shrihanumanlottery.com/" "Mozilla/5.0 (Linux; Android 6.0; Lenovo A7000-a Build/MRA58K) AppleWebKit/537.36 (KHTML, like Gecko) Chrome/46.0.2490.76 Mobile Safari/537.36"
106.207.133.168 - - [27/Jul/2021:08:11:16 +0000] "GET /img/star12.gif HTTP/1.1" 304 - "http://shrihanumanlottery.com/" "Mozilla/5.0 (Linux; Android 6.0; Lenovo A7000-a Build/MRA58K) AppleWebKit/537.36 (KHTML, like Gecko) Chrome/46.0.2490.76 Mobile Safari/537.36"
106.206.162.55 - - [27/Jul/2021:08:11:18 +0000] "GET / HTTP/1.1" 200 7655 "http://shrihanumanlottery.com/" "Mozilla/5.0 (Linux; Android 10; M2010J19SI) AppleWebKit/537.36 (KHTML, like Gecko) Chrome/83.0.4103.101 Mobile Safari/537.36"
106.207.133.168 - - [27/Jul/2021:08:11:20 +0000] "GET / HTTP/1.1" 200 7655 "http://shrihanumanlottery.com/" "Mozilla/5.0 (Linux; Android 6.0; Lenovo A7000-a Build/MRA58K) AppleWebKit/537.36 (KHTML, like Gecko) Chrome/46.0.2490.76 Mobile Safari/537.36"
106.207.133.168 - - [27/Jul/2021:08:11:20 +0000] "GET /css/style.css HTTP/1.1" 304 - "http://shrihanumanlottery.com/" "Mozilla/5.0 (Linux; Android 6.0; Lenovo A7000-a Build/MRA58K) AppleWebKit/537.36 (KHTML, like Gecko) Chrome/46.0.2490.76 Mobile Safari/537.36"
106.207.133.168 - - [27/Jul/2021:08:11:20 +0000] "GET /images/shrihanuman.gif HTTP/1.1" 304 - "http://shrihanumanlottery.com/" "Mozilla/5.0 (Linux; Android 6.0; Lenovo A7000-a Build/MRA58K) AppleWebKit/537.36 (KHTML, like Gecko) Chrome/46.0.2490.76 Mobile Safari/537.36"
106.207.133.168 - - [27/Jul/2021:08:11:20 +0000] "GET /galleryimg/6547081shrihanumanji.jpg HTTP/1.1" 304 - "http://shrihanumanlottery.com/" "Mozilla/5.0 (Linux; Android 6.0; Lenovo A7000-a Build/MRA58K) AppleWebKit/537.36 (KHTML, like Gecko) Chrome/46.0.2490.76 Mobile Safari/537.36"
106.206.162.55 - - [27/Jul/2021:08:11:20 +0000] "GET / HTTP/1.1" 200 7655 "http://shrihanumanlottery.com/" "Mozilla/5.0 (Linux; Android 10; M2010J19SI) AppleWebKit/537.36 (KHTML, like Gecko) Chrome/83.0.4103.101 Mobile Safari/537.36"
106.207.133.168 - - [27/Jul/2021:08:11:20 +0000] "GET /img/star12.gif HTTP/1.1" 304 - "http://shrihanumanlottery.com/" "Mozilla/5.0 (Linux; Android 6.0; Lenovo A7000-a Build/MRA58K) AppleWebKit/537.36 (KHTML, like Gecko) Chrome/46.0.2490.76 Mobile Safari/537.36"
106.207.133.168 - - [27/Jul/2021:08:11:21 +0000] "GET / HTTP/1.1" 200 7655 "http://shrihanumanlottery.com/" "Mozilla/5.0 (Linux; Android 6.0; Lenovo A7000-a Build/MRA58K) AppleWebKit/537.36 (KHTML, like Gecko) Chrome/46.0.2490.76 Mobile Safari/537.36"
106.207.133.168 - - [27/Jul/2021:08:11:22 +0000] "GET /images/shrihanuman.gif HTTP/1.1" 304 - "http://shrihanumanlottery.com/" "Mozilla/5.0 (Linux; Android 6.0; Lenovo A7000-a Build/MRA58K) AppleWebKit/537.36 (KHTML, like Gecko) Chrome/46.0.2490.76 Mobile Safari/537.36"
106.207.133.168 - - [27/Jul/2021:08:11:22 +0000] "GET /css/style.css HTTP/1.1" 304 - "http://shrihanumanlottery.com/" "Mozilla/5.0 (Linux; Android 6.0; Lenovo A7000-a Build/MRA58K) AppleWebKit/537.36 (KHTML, like Gecko) Chrome/46.0.2490.76 Mobile Safari/537.36"
106.207.133.168 - - [27/Jul/2021:08:11:22 +0000] "GET /galleryimg/6547081shrihanumanji.jpg HTTP/1.1" 304 - "http://shrihanumanlottery.com/" "Mozilla/5.0 (Linux; Android 6.0; Lenovo A7000-a Build/MRA58K) AppleWebKit/537.36 (KHTML, like Gecko) Chrome/46.0.2490.76 Mobile Safari/537.36"
106.207.133.168 - - [27/Jul/2021:08:11:22 +0000] "GET /img/star12.gif HTTP/1.1" 304 - "http://shrihanumanlottery.com/" "Mozilla/5.0 (Linux; Android 6.0; Lenovo A7000-a Build/MRA58K) AppleWebKit/537.36 (KHTML, like Gecko) Chrome/46.0.2490.76 Mobile Safari/537.36"
106.206.162.55 - - [27/Jul/2021:08:11:22 +0000] "GET / HTTP/1.1" 200 7655 "http://shrihanumanlottery.com/" "Mozilla/5.0 (Linux; Android 10; M2010J19SI) AppleWebKit/537.36 (KHTML, like Gecko) Chrome/83.0.4103.101 Mobile Safari/537.36"
106.206.162.55 - - [27/Jul/2021:08:11:25 +0000] "GET / HTTP/1.1" 200 7655 "http://shrihanumanlottery.com/" "Mozilla/5.0 (Linux; Android 10; M2010J19SI) AppleWebKit/537.36 (KHTML, like Gecko) Chrome/83.0.4103.101 Mobile Safari/537.36"
106.207.133.168 - - [27/Jul/2021:08:11:25 +0000] "GET / HTTP/1.1" 200 7655 "http://shrihanumanlottery.com/" "Mozilla/5.0 (Linux; Android 6.0; Lenovo A7000-a Build/MRA58K) AppleWebKit/537.36 (KHTML, like Gecko) Chrome/46.0.2490.76 Mobile Safari/537.36"
106.207.133.168 - - [27/Jul/2021:08:11:25 +0000] "GET /css/style.css HTTP/1.1" 304 - "http://shrihanumanlottery.com/" "Mozilla/5.0 (Linux; Android 6.0; Lenovo A7000-a Build/MRA58K) AppleWebKit/537.36 (KHTML, like Gecko) Chrome/46.0.2490.76 Mobile Safari/537.36"
106.207.133.168 - - [27/Jul/2021:08:11:25 +0000] "GET /images/shrihanuman.gif HTTP/1.1" 304 - "http://shrihanumanlottery.com/" "Mozilla/5.0 (Linux; Android 6.0; Lenovo A7000-a Build/MRA58K) AppleWebKit/537.36 (KHTML, like Gecko) Chrome/46.0.2490.76 Mobile Safari/537.36"
106.207.133.168 - - [27/Jul/2021:08:11:25 +0000] "GET /galleryimg/6547081shrihanumanji.jpg HTTP/1.1" 304 - "http://shrihanumanlottery.com/" "Mozilla/5.0 (Linux; Android 6.0; Lenovo A7000-a Build/MRA58K) AppleWebKit/537.36 (KHTML, like Gecko) Chrome/46.0.2490.76 Mobile Safari/537.36"
106.207.133.168 - - [27/Jul/2021:08:11:26 +0000] "GET /img/star12.gif HTTP/1.1" 304 - "http://shrihanumanlottery.com/" "Mozilla/5.0 (Linux; Android 6.0; Lenovo A7000-a Build/MRA58K) AppleWebKit/537.36 (KHTML, like Gecko) Chrome/46.0.2490.76 Mobile Safari/537.36"
106.207.133.168 - - [27/Jul/2021:08:11:27 +0000] "GET / HTTP/1.1" 200 7655 "http://shrihanumanlottery.com/" "Mozilla/5.0 (Linux; Android 6.0; Lenovo A7000-a Build/MRA58K) AppleWebKit/537.36 (KHTML, like Gecko) Chrome/46.0.2490.76 Mobile Safari/537.36"
106.207.133.168 - - [27/Jul/2021:08:11:27 +0000] "GET /css/style.css HTTP/1.1" 304 - "http://shrihanumanlottery.com/" "Mozilla/5.0 (Linux; Android 6.0; Lenovo A7000-a Build/MRA58K) AppleWebKit/537.36 (KHTML, like Gecko) Chrome/46.0.2490.76 Mobile Safari/537.36"
106.207.133.168 - - [27/Jul/2021:08:11:27 +0000] "GET /images/shrihanuman.gif HTTP/1.1" 304 - "http://shrihanumanlottery.com/" "Mozilla/5.0 (Linux; Android 6.0; Lenovo A7000-a Build/MRA58K) AppleWebKit/537.36 (KHTML, like Gecko) Chrome/46.0.2490.76 Mobile Safari/537.36"
106.207.133.168 - - [27/Jul/2021:08:11:27 +0000] "GET /galleryimg/6547081shrihanumanji.jpg HTTP/1.1" 304 - "http://shrihanumanlottery.com/" "Mozilla/5.0 (Linux; Android 6.0; Lenovo A7000-a Build/MRA58K) AppleWebKit/537.36 (KHTML, like Gecko) Chrome/46.0.2490.76 Mobile Safari/537.36"
106.206.162.55 - - [27/Jul/2021:08:11:27 +0000] "GET / HTTP/1.1" 200 7655 "http://shrihanumanlottery.com/" "Mozilla/5.0 (Linux; Android 10; M2010J19SI) AppleWebKit/537.36 (KHTML, like Gecko) Chrome/83.0.4103.101 Mobile Safari/537.36"
106.207.133.168 - - [27/Jul/2021:08:11:27 +0000] "GET /img/star12.gif HTTP/1.1" 304 - "http://shrihanumanlottery.com/" "Mozilla/5.0 (Linux; Android 6.0; Lenovo A7000-a Build/MRA58K) AppleWebKit/537.36 (KHTML, like Gecko) Chrome/46.0.2490.76 Mobile Safari/537.36"
106.206.162.55 - - [27/Jul/2021:08:11:29 +0000] "GET / HTTP/1.1" 200 7655 "http://shrihanumanlottery.com/" "Mozilla/5.0 (Linux; Android 10; M2010J19SI) AppleWebKit/537.36 (KHTML, like Gecko) Chrome/83.0.4103.101 Mobile Safari/537.36"
106.206.162.55 - - [27/Jul/2021:08:11:31 +0000] "GET / HTTP/1.1" 200 7655 "http://shrihanumanlottery.com/" "Mozilla/5.0 (Linux; Android 10; M2010J19SI) AppleWebKit/537.36 (KHTML, like Gecko) Chrome/83.0.4103.101 Mobile Safari/537.36"
106.206.162.55 - - [27/Jul/2021:08:11:33 +0000] "GET / HTTP/1.1" 200 7655 "http://shrihanumanlottery.com/" "Mozilla/5.0 (Linux; Android 10; M2010J19SI) AppleWebKit/537.36 (KHTML, like Gecko) Chrome/83.0.4103.101 Mobile Safari/537.36"
106.206.162.55 - - [27/Jul/2021:08:11:36 +0000] "GET / HTTP/1.1" 200 7655 "http://shrihanumanlottery.com/" "Mozilla/5.0 (Linux; Android 10; M2010J19SI) AppleWebKit/537.36 (KHTML, like Gecko) Chrome/83.0.4103.101 Mobile Safari/537.36"
106.207.133.168 - - [27/Jul/2021:08:11:36 +0000] "GET / HTTP/1.1" 200 7655 "-" "Mozilla/5.0 (Linux; Android 6.0; Lenovo A7000-a Build/MRA58K) AppleWebKit/537.36 (KHTML, like Gecko) Chrome/46.0.2490.76 Mobile Safari/537.36"
223.238.197.65 - - [27/Jul/2021:08:11:37 +0000] "GET / HTTP/1.1" 200 7655 "-" "Mozilla/5.0 (Linux; U; Android 10; hi-in; CPH1969 Build/QP1A.190711.020) AppleWebKit/537.36 (KHTML, like Gecko) Chrome/77.0.3865.116 Mobile Safari/537.36 HeyTapBrowser/45.7.8.1"
223.238.197.65 - - [27/Jul/2021:08:11:38 +0000] "GET /img/favicon2.png HTTP/1.1" 404 214 "http://shrihanumanlottery.com/" "Mozilla/5.0 (Linux; U; Android 10; hi-in; CPH1969 Build/QP1A.190711.020) AppleWebKit/537.36 (KHTML, like Gecko) Chrome/77.0.3865.116 Mobile Safari/537.36 HeyTapBrowser/45.7.8.1"
42.105.48.93 - - [27/Jul/2021:08:11:40 +0000] "GET / HTTP/1.1" 200 7655 "-" "Mozilla/5.0 (Linux; Android 7.0; en-us; TECNO IN5 Build/NRD90M;) AppleWebKit/537.36 (KHTML, like Gecko) Version/4.0 Chrome/55.0.2883.91 Mobile Safari/537.36"
42.105.48.93 - - [27/Jul/2021:08:11:41 +0000] "GET /img/favicon2.png HTTP/1.1" 404 214 "http://shrihanumanlottery.com/" "Mozilla/5.0 (Linux; Android 7.0; en-us; TECNO IN5 Build/NRD90M;) AppleWebKit/537.36 (KHTML, like Gecko) Version/4.0 Chrome/55.0.2883.91 Mobile Safari/537.36"
106.206.162.55 - - [27/Jul/2021:08:11:41 +0000] "GET / HTTP/1.1" 200 7655 "http://shrihanumanlottery.com/" "Mozilla/5.0 (Linux; Android 10; M2010J19SI) AppleWebKit/537.36 (KHTML, like Gecko) Chrome/83.0.4103.101 Mobile Safari/537.36"
106.207.133.168 - - [27/Jul/2021:08:11:44 +0000] "GET / HTTP/1.1" 200 7655 "-" "Mozilla/5.0 (Linux; Android 6.0; Lenovo A7000-a Build/MRA58K) AppleWebKit/537.36 (KHTML, like Gecko) Chrome/46.0.2490.76 Mobile Safari/537.36"
106.207.133.168 - - [27/Jul/2021:08:11:45 +0000] "GET /images/shrihanuman.gif HTTP/1.1" 304 - "http://shrihanumanlottery.com/" "Mozilla/5.0 (Linux; Android 6.0; Lenovo A7000-a Build/MRA58K) AppleWebKit/537.36 (KHTML, like Gecko) Chrome/46.0.2490.76 Mobile Safari/537.36"
106.207.133.168 - - [27/Jul/2021:08:11:45 +0000] "GET /css/style.css HTTP/1.1" 304 - "http://shrihanumanlottery.com/" "Mozilla/5.0 (Linux; Android 6.0; Lenovo A7000-a Build/MRA58K) AppleWebKit/537.36 (KHTML, like Gecko) Chrome/46.0.2490.76 Mobile Safari/537.36"
106.207.133.168 - - [27/Jul/2021:08:11:45 +0000] "GET /galleryimg/6547081shrihanumanji.jpg HTTP/1.1" 304 - "http://shrihanumanlottery.com/" "Mozilla/5.0 (Linux; Android 6.0; Lenovo A7000-a Build/MRA58K) AppleWebKit/537.36 (KHTML, like Gecko) Chrome/46.0.2490.76 Mobile Safari/537.36"
106.206.162.55 - - [27/Jul/2021:08:11:45 +0000] "GET / HTTP/1.1" 200 7655 "http://shrihanumanlottery.com/" "Mozilla/5.0 (Linux; Android 10; M2010J19SI) AppleWebKit/537.36 (KHTML, like Gecko) Chrome/83.0.4103.101 Mobile Safari/537.36"
106.207.133.168 - - [27/Jul/2021:08:11:45 +0000] "GET /img/star12.gif HTTP/1.1" 304 - "http://shrihanumanlottery.com/" "Mozilla/5.0 (Linux; Android 6.0; Lenovo A7000-a Build/MRA58K) AppleWebKit/537.36 (KHTML, like Gecko) Chrome/46.0.2490.76 Mobile Safari/537.36"
106.207.133.168 - - [27/Jul/2021:08:11:47 +0000] "GET / HTTP/1.1" 200 7655 "-" "Mozilla/5.0 (Linux; Android 6.0; Lenovo A7000-a Build/MRA58K) AppleWebKit/537.36 (KHTML, like Gecko) Chrome/46.0.2490.76 Mobile Safari/537.36"
106.207.133.168 - - [27/Jul/2021:08:11:47 +0000] "GET /images/shrihanuman.gif HTTP/1.1" 304 - "http://shrihanumanlottery.com/" "Mozilla/5.0 (Linux; Android 6.0; Lenovo A7000-a Build/MRA58K) AppleWebKit/537.36 (KHTML, like Gecko) Chrome/46.0.2490.76 Mobile Safari/537.36"
106.207.133.168 - - [27/Jul/2021:08:11:47 +0000] "GET /css/style.css HTTP/1.1" 304 - "http://shrihanumanlottery.com/" "Mozilla/5.0 (Linux; Android 6.0; Lenovo A7000-a Build/MRA58K) AppleWebKit/537.36 (KHTML, like Gecko) Chrome/46.0.2490.76 Mobile Safari/537.36"
106.207.133.168 - - [27/Jul/2021:08:11:47 +0000] "GET /galleryimg/6547081shrihanumanji.jpg HTTP/1.1" 304 - "http://shrihanumanlottery.com/" "Mozilla/5.0 (Linux; Android 6.0; Lenovo A7000-a Build/MRA58K) AppleWebKit/537.36 (KHTML, like Gecko) Chrome/46.0.2490.76 Mobile Safari/537.36"
106.207.133.168 - - [27/Jul/2021:08:11:47 +0000] "GET /img/star12.gif HTTP/1.1" 304 - "http://shrihanumanlottery.com/" "Mozilla/5.0 (Linux; Android 6.0; Lenovo A7000-a Build/MRA58K) AppleWebKit/537.36 (KHTML, like Gecko) Chrome/46.0.2490.76 Mobile Safari/537.36"
106.206.162.55 - - [27/Jul/2021:08:11:48 +0000] "GET / HTTP/1.1" 200 7655 "http://shrihanumanlottery.com/" "Mozilla/5.0 (Linux; Android 10; M2010J19SI) AppleWebKit/537.36 (KHTML, like Gecko) Chrome/83.0.4103.101 Mobile Safari/537.36"
106.207.133.168 - - [27/Jul/2021:08:11:49 +0000] "GET / HTTP/1.1" 200 7655 "-" "Mozilla/5.0 (Linux; Android 6.0; Lenovo A7000-a Build/MRA58K) AppleWebKit/537.36 (KHTML, like Gecko) Chrome/46.0.2490.76 Mobile Safari/537.36"
106.207.133.168 - - [27/Jul/2021:08:11:49 +0000] "GET /images/shrihanuman.gif HTTP/1.1" 304 - "http://shrihanumanlottery.com/" "Mozilla/5.0 (Linux; Android 6.0; Lenovo A7000-a Build/MRA58K) AppleWebKit/537.36 (KHTML, like Gecko) Chrome/46.0.2490.76 Mobile Safari/537.36"
106.207.133.168 - - [27/Jul/2021:08:11:49 +0000] "GET /css/style.css HTTP/1.1" 304 - "http://shrihanumanlottery.com/" "Mozilla/5.0 (Linux; Android 6.0; Lenovo A7000-a Build/MRA58K) AppleWebKit/537.36 (KHTML, like Gecko) Chrome/46.0.2490.76 Mobile Safari/537.36"
106.207.133.168 - - [27/Jul/2021:08:11:49 +0000] "GET /galleryimg/6547081shrihanumanji.jpg HTTP/1.1" 304 - "http://shrihanumanlottery.com/" "Mozilla/5.0 (Linux; Android 6.0; Lenovo A7000-a Build/MRA58K) AppleWebKit/537.36 (KHTML, like Gecko) Chrome/46.0.2490.76 Mobile Safari/537.36"
106.207.133.168 - - [27/Jul/2021:08:11:49 +0000] "GET /img/star12.gif HTTP/1.1" 304 - "http://shrihanumanlottery.com/" "Mozilla/5.0 (Linux; Android 6.0; Lenovo A7000-a Build/MRA58K) AppleWebKit/537.36 (KHTML, like Gecko) Chrome/46.0.2490.76 Mobile Safari/537.36"
106.206.162.55 - - [27/Jul/2021:08:11:49 +0000] "GET / HTTP/1.1" 200 7655 "http://shrihanumanlottery.com/" "Mozilla/5.0 (Linux; Android 10; M2010J19SI) AppleWebKit/537.36 (KHTML, like Gecko) Chrome/83.0.4103.101 Mobile Safari/537.36"
106.206.162.55 - - [27/Jul/2021:08:11:51 +0000] "GET / HTTP/1.1" 200 7655 "http://shrihanumanlottery.com/" "Mozilla/5.0 (Linux; Android 10; M2010J19SI) AppleWebKit/537.36 (KHTML, like Gecko) Chrome/83.0.4103.101 Mobile Safari/537.36"
106.206.162.55 - - [27/Jul/2021:08:11:54 +0000] "GET / HTTP/1.1" 200 7655 "http://shrihanumanlottery.com/" "Mozilla/5.0 (Linux; Android 10; M2010J19SI) AppleWebKit/537.36 (KHTML, like Gecko) Chrome/83.0.4103.101 Mobile Safari/537.36"
106.207.133.168 - - [27/Jul/2021:08:11:57 +0000] "GET / HTTP/1.1" 200 7655 "-" "Mozilla/5.0 (Linux; Android 6.0; Lenovo A7000-a Build/MRA58K) AppleWebKit/537.36 (KHTML, like Gecko) Chrome/46.0.2490.76 Mobile Safari/537.36"
106.206.162.55 - - [27/Jul/2021:08:11:57 +0000] "GET / HTTP/1.1" 200 7655 "http://shrihanumanlottery.com/" "Mozilla/5.0 (Linux; Android 10; M2010J19SI) AppleWebKit/537.36 (KHTML, like Gecko) Chrome/83.0.4103.101 Mobile Safari/537.36"
106.206.162.55 - - [27/Jul/2021:08:12:00 +0000] "GET / HTTP/1.1" 200 7655 "http://shrihanumanlottery.com/" "Mozilla/5.0 (Linux; Android 10; M2010J19SI) AppleWebKit/537.36 (KHTML, like Gecko) Chrome/83.0.4103.101 Mobile Safari/537.36"
106.207.133.168 - - [27/Jul/2021:08:12:02 +0000] "GET / HTTP/1.1" 200 7655 "-" "Mozilla/5.0 (Linux; Android 6.0; Lenovo A7000-a Build/MRA58K) AppleWebKit/537.36 (KHTML, like Gecko) Chrome/46.0.2490.76 Mobile Safari/537.36"
106.207.133.168 - - [27/Jul/2021:08:12:02 +0000] "GET /css/style.css HTTP/1.1" 304 - "http://shrihanumanlottery.com/" "Mozilla/5.0 (Linux; Android 6.0; Lenovo A7000-a Build/MRA58K) AppleWebKit/537.36 (KHTML, like Gecko) Chrome/46.0.2490.76 Mobile Safari/537.36"
106.207.133.168 - - [27/Jul/2021:08:12:02 +0000] "GET /images/shrihanuman.gif HTTP/1.1" 304 - "http://shrihanumanlottery.com/" "Mozilla/5.0 (Linux; Android 6.0; Lenovo A7000-a Build/MRA58K) AppleWebKit/537.36 (KHTML, like Gecko) Chrome/46.0.2490.76 Mobile Safari/537.36"
106.207.133.168 - - [27/Jul/2021:08:12:02 +0000] "GET /galleryimg/6547081shrihanumanji.jpg HTTP/1.1" 304 - "http://shrihanumanlottery.com/" "Mozilla/5.0 (Linux; Android 6.0; Lenovo A7000-a Build/MRA58K) AppleWebKit/537.36 (KHTML, like Gecko) Chrome/46.0.2490.76 Mobile Safari/537.36"
106.207.133.168 - - [27/Jul/2021:08:12:02 +0000] "GET /img/star12.gif HTTP/1.1" 304 - "http://shrihanumanlottery.com/" "Mozilla/5.0 (Linux; Android 6.0; Lenovo A7000-a Build/MRA58K) AppleWebKit/537.36 (KHTML, like Gecko) Chrome/46.0.2490.76 Mobile Safari/537.36"
106.206.162.55 - - [27/Jul/2021:08:12:02 +0000] "GET / HTTP/1.1" 200 7655 "http://shrihanumanlottery.com/" "Mozilla/5.0 (Linux; Android 10; M2010J19SI) AppleWebKit/537.36 (KHTML, like Gecko) Chrome/83.0.4103.101 Mobile Safari/537.36"
106.207.133.168 - - [27/Jul/2021:08:12:03 +0000] "GET / HTTP/1.1" 200 7655 "-" "Mozilla/5.0 (Linux; Android 6.0; Lenovo A7000-a Build/MRA58K) AppleWebKit/537.36 (KHTML, like Gecko) Chrome/46.0.2490.76 Mobile Safari/537.36"
106.207.133.168 - - [27/Jul/2021:08:12:04 +0000] "GET /css/style.css HTTP/1.1" 304 - "http://shrihanumanlottery.com/" "Mozilla/5.0 (Linux; Android 6.0; Lenovo A7000-a Build/MRA58K) AppleWebKit/537.36 (KHTML, like Gecko) Chrome/46.0.2490.76 Mobile Safari/537.36"
106.207.133.168 - - [27/Jul/2021:08:12:04 +0000] "GET /images/shrihanuman.gif HTTP/1.1" 304 - "http://shrihanumanlottery.com/" "Mozilla/5.0 (Linux; Android 6.0; Lenovo A7000-a Build/MRA58K) AppleWebKit/537.36 (KHTML, like Gecko) Chrome/46.0.2490.76 Mobile Safari/537.36"
106.207.133.168 - - [27/Jul/2021:08:12:04 +0000] "GET /galleryimg/6547081shrihanumanji.jpg HTTP/1.1" 304 - "http://shrihanumanlottery.com/" "Mozilla/5.0 (Linux; Android 6.0; Lenovo A7000-a Build/MRA58K) AppleWebKit/537.36 (KHTML, like Gecko) Chrome/46.0.2490.76 Mobile Safari/537.36"
106.207.133.168 - - [27/Jul/2021:08:12:04 +0000] "GET /img/star12.gif HTTP/1.1" 304 - "http://shrihanumanlottery.com/" "Mozilla/5.0 (Linux; Android 6.0; Lenovo A7000-a Build/MRA58K) AppleWebKit/537.36 (KHTML, like Gecko) Chrome/46.0.2490.76 Mobile Safari/537.36"
106.206.162.55 - - [27/Jul/2021:08:12:05 +0000] "GET / HTTP/1.1" 200 7655 "http://shrihanumanlottery.com/" "Mozilla/5.0 (Linux; Android 10; M2010J19SI) AppleWebKit/537.36 (KHTML, like Gecko) Chrome/83.0.4103.101 Mobile Safari/537.36"
106.207.133.168 - - [27/Jul/2021:08:12:05 +0000] "GET / HTTP/1.1" 200 7655 "-" "Mozilla/5.0 (Linux; Android 6.0; Lenovo A7000-a Build/MRA58K) AppleWebKit/537.36 (KHTML, like Gecko) Chrome/46.0.2490.76 Mobile Safari/537.36"
106.207.133.168 - - [27/Jul/2021:08:12:05 +0000] "GET /images/shrihanuman.gif HTTP/1.1" 304 - "http://shrihanumanlottery.com/" "Mozilla/5.0 (Linux; Android 6.0; Lenovo A7000-a Build/MRA58K) AppleWebKit/537.36 (KHTML, like Gecko) Chrome/46.0.2490.76 Mobile Safari/537.36"
106.207.133.168 - - [27/Jul/2021:08:12:05 +0000] "GET /css/style.css HTTP/1.1" 304 - "http://shrihanumanlottery.com/" "Mozilla/5.0 (Linux; Android 6.0; Lenovo A7000-a Build/MRA58K) AppleWebKit/537.36 (KHTML, like Gecko) Chrome/46.0.2490.76 Mobile Safari/537.36"
106.207.133.168 - - [27/Jul/2021:08:12:05 +0000] "GET /galleryimg/6547081shrihanumanji.jpg HTTP/1.1" 304 - "http://shrihanumanlottery.com/" "Mozilla/5.0 (Linux; Android 6.0; Lenovo A7000-a Build/MRA58K) AppleWebKit/537.36 (KHTML, like Gecko) Chrome/46.0.2490.76 Mobile Safari/537.36"
106.207.133.168 - - [27/Jul/2021:08:12:06 +0000] "GET /img/star12.gif HTTP/1.1" 304 - "http://shrihanumanlottery.com/" "Mozilla/5.0 (Linux; Android 6.0; Lenovo A7000-a Build/MRA58K) AppleWebKit/537.36 (KHTML, like Gecko) Chrome/46.0.2490.76 Mobile Safari/537.36"
223.238.197.65 - - [27/Jul/2021:08:12:06 +0000] "GET /secureadmin/admin/ HTTP/1.1" 200 6754 "-" "Mozilla/5.0 (Linux; U; Android 10; hi-in; CPH1969 Build/QP1A.190711.020) AppleWebKit/537.36 (KHTML, like Gecko) Chrome/77.0.3865.116 Mobile Safari/537.36 HeyTapBrowser/45.7.8.1"
223.238.197.65 - - [27/Jul/2021:08:12:06 +0000] "GET /secureadmin/admin/menuContent.html HTTP/1.1" 404 232 "http://shrihanumanlottery.com/secureadmin/admin/" "Mozilla/5.0 (Linux; U; Android 10; hi-in; CPH1969 Build/QP1A.190711.020) AppleWebKit/537.36 (KHTML, like Gecko) Chrome/77.0.3865.116 Mobile Safari/537.36 HeyTapBrowser/45.7.8.1"
223.238.197.65 - - [27/Jul/2021:08:12:06 +0000] "GET /favicon.ico HTTP/1.1" 404 209 "http://shrihanumanlottery.com/secureadmin/admin/" "Mozilla/5.0 (Linux; U; Android 10; hi-in; CPH1969 Build/QP1A.190711.020) AppleWebKit/537.36 (KHTML, like Gecko) Chrome/77.0.3865.116 Mobile Safari/537.36 HeyTapBrowser/45.7.8.1"
106.206.162.55 - - [27/Jul/2021:08:12:07 +0000] "GET / HTTP/1.1" 200 7655 "http://shrihanumanlottery.com/" "Mozilla/5.0 (Linux; Android 10; M2010J19SI) AppleWebKit/537.36 (KHTML, like Gecko) Chrome/83.0.4103.101 Mobile Safari/537.36"
106.206.162.55 - - [27/Jul/2021:08:12:09 +0000] "GET / HTTP/1.1" 200 7655 "http://shrihanumanlottery.com/" "Mozilla/5.0 (Linux; Android 10; M2010J19SI) AppleWebKit/537.36 (KHTML, like Gecko) Chrome/83.0.4103.101 Mobile Safari/537.36"
106.207.133.168 - - [27/Jul/2021:08:12:10 +0000] "GET / HTTP/1.1" 200 7655 "-" "Mozilla/5.0 (Linux; Android 6.0; Lenovo A7000-a Build/MRA58K) AppleWebKit/537.36 (KHTML, like Gecko) Chrome/46.0.2490.76 Mobile Safari/537.36"
106.207.133.168 - - [27/Jul/2021:08:12:10 +0000] "GET /images/shrihanuman.gif HTTP/1.1" 304 - "http://shrihanumanlottery.com/" "Mozilla/5.0 (Linux; Android 6.0; Lenovo A7000-a Build/MRA58K) AppleWebKit/537.36 (KHTML, like Gecko) Chrome/46.0.2490.76 Mobile Safari/537.36"
106.207.133.168 - - [27/Jul/2021:08:12:10 +0000] "GET /css/style.css HTTP/1.1" 304 - "http://shrihanumanlottery.com/" "Mozilla/5.0 (Linux; Android 6.0; Lenovo A7000-a Build/MRA58K) AppleWebKit/537.36 (KHTML, like Gecko) Chrome/46.0.2490.76 Mobile Safari/537.36"
106.207.133.168 - - [27/Jul/2021:08:12:10 +0000] "GET /galleryimg/6547081shrihanumanji.jpg HTTP/1.1" 304 - "http://shrihanumanlottery.com/" "Mozilla/5.0 (Linux; Android 6.0; Lenovo A7000-a Build/MRA58K) AppleWebKit/537.36 (KHTML, like Gecko) Chrome/46.0.2490.76 Mobile Safari/537.36"
106.207.133.168 - - [27/Jul/2021:08:12:10 +0000] "GET /img/star12.gif HTTP/1.1" 304 - "http://shrihanumanlottery.com/" "Mozilla/5.0 (Linux; Android 6.0; Lenovo A7000-a Build/MRA58K) AppleWebKit/537.36 (KHTML, like Gecko) Chrome/46.0.2490.76 Mobile Safari/537.36"
106.206.162.55 - - [27/Jul/2021:08:12:11 +0000] "GET / HTTP/1.1" 200 7655 "http://shrihanumanlottery.com/" "Mozilla/5.0 (Linux; Android 10; M2010J19SI) AppleWebKit/537.36 (KHTML, like Gecko) Chrome/83.0.4103.101 Mobile Safari/537.36"
106.207.133.168 - - [27/Jul/2021:08:12:12 +0000] "GET / HTTP/1.1" 200 7655 "-" "Mozilla/5.0 (Linux; Android 6.0; Lenovo A7000-a Build/MRA58K) AppleWebKit/537.36 (KHTML, like Gecko) Chrome/46.0.2490.76 Mobile Safari/537.36"
106.207.133.168 - - [27/Jul/2021:08:12:12 +0000] "GET /images/shrihanuman.gif HTTP/1.1" 304 - "http://shrihanumanlottery.com/" "Mozilla/5.0 (Linux; Android 6.0; Lenovo A7000-a Build/MRA58K) AppleWebKit/537.36 (KHTML, like Gecko) Chrome/46.0.2490.76 Mobile Safari/537.36"
106.207.133.168 - - [27/Jul/2021:08:12:12 +0000] "GET /css/style.css HTTP/1.1" 304 - "http://shrihanumanlottery.com/" "Mozilla/5.0 (Linux; Android 6.0; Lenovo A7000-a Build/MRA58K) AppleWebKit/537.36 (KHTML, like Gecko) Chrome/46.0.2490.76 Mobile Safari/537.36"
106.207.133.168 - - [27/Jul/2021:08:12:12 +0000] "GET /galleryimg/6547081shrihanumanji.jpg HTTP/1.1" 304 - "http://shrihanumanlottery.com/" "Mozilla/5.0 (Linux; Android 6.0; Lenovo A7000-a Build/MRA58K) AppleWebKit/537.36 (KHTML, like Gecko) Chrome/46.0.2490.76 Mobile Safari/537.36"
106.207.133.168 - - [27/Jul/2021:08:12:12 +0000] "GET /img/star12.gif HTTP/1.1" 304 - "http://shrihanumanlottery.com/" "Mozilla/5.0 (Linux; Android 6.0; Lenovo A7000-a Build/MRA58K) AppleWebKit/537.36 (KHTML, like Gecko) Chrome/46.0.2490.76 Mobile Safari/537.36"
106.207.133.168 - - [27/Jul/2021:08:12:14 +0000] "GET / HTTP/1.1" 200 7655 "-" "Mozilla/5.0 (Linux; Android 6.0; Lenovo A7000-a Build/MRA58K) AppleWebKit/537.36 (KHTML, like Gecko) Chrome/46.0.2490.76 Mobile Safari/537.36"
106.206.162.55 - - [27/Jul/2021:08:12:14 +0000] "GET / HTTP/1.1" 200 7655 "http://shrihanumanlottery.com/" "Mozilla/5.0 (Linux; Android 10; M2010J19SI) AppleWebKit/537.36 (KHTML, like Gecko) Chrome/83.0.4103.101 Mobile Safari/537.36"
106.207.133.168 - - [27/Jul/2021:08:12:14 +0000] "GET /css/style.css HTTP/1.1" 304 - "http://shrihanumanlottery.com/" "Mozilla/5.0 (Linux; Android 6.0; Lenovo A7000-a Build/MRA58K) AppleWebKit/537.36 (KHTML, like Gecko) Chrome/46.0.2490.76 Mobile Safari/537.36"
106.207.133.168 - - [27/Jul/2021:08:12:14 +0000] "GET /images/shrihanuman.gif HTTP/1.1" 304 - "http://shrihanumanlottery.com/" "Mozilla/5.0 (Linux; Android 6.0; Lenovo A7000-a Build/MRA58K) AppleWebKit/537.36 (KHTML, like Gecko) Chrome/46.0.2490.76 Mobile Safari/537.36"
106.207.133.168 - - [27/Jul/2021:08:12:14 +0000] "GET /galleryimg/6547081shrihanumanji.jpg HTTP/1.1" 304 - "http://shrihanumanlottery.com/" "Mozilla/5.0 (Linux; Android 6.0; Lenovo A7000-a Build/MRA58K) AppleWebKit/537.36 (KHTML, like Gecko) Chrome/46.0.2490.76 Mobile Safari/537.36"
106.207.133.168 - - [27/Jul/2021:08:12:14 +0000] "GET /img/star12.gif HTTP/1.1" 304 - "http://shrihanumanlottery.com/" "Mozilla/5.0 (Linux; Android 6.0; Lenovo A7000-a Build/MRA58K) AppleWebKit/537.36 (KHTML, like Gecko) Chrome/46.0.2490.76 Mobile Safari/537.36"
106.206.162.55 - - [27/Jul/2021:08:12:16 +0000] "GET / HTTP/1.1" 200 7655 "http://shrihanumanlottery.com/" "Mozilla/5.0 (Linux; Android 10; M2010J19SI) AppleWebKit/537.36 (KHTML, like Gecko) Chrome/83.0.4103.101 Mobile Safari/537.36"
106.206.162.55 - - [27/Jul/2021:08:12:18 +0000] "GET / HTTP/1.1" 200 7655 "http://shrihanumanlottery.com/" "Mozilla/5.0 (Linux; Android 10; M2010J19SI) AppleWebKit/537.36 (KHTML, like Gecko) Chrome/83.0.4103.101 Mobile Safari/537.36"
106.206.162.55 - - [27/Jul/2021:08:12:20 +0000] "GET / HTTP/1.1" 200 7655 "http://shrihanumanlottery.com/" "Mozilla/5.0 (Linux; Android 10; M2010J19SI) AppleWebKit/537.36 (KHTML, like Gecko) Chrome/83.0.4103.101 Mobile Safari/537.36"
223.238.197.65 - - [27/Jul/2021:08:12:21 +0000] "POST /secureadmin/admin/loginsuccess.php HTTP/1.1" 302 - "http://shrihanumanlottery.com/secureadmin/admin/" "Mozilla/5.0 (Linux; U; Android 10; hi-in; CPH1969 Build/QP1A.190711.020) AppleWebKit/537.36 (KHTML, like Gecko) Chrome/77.0.3865.116 Mobile Safari/537.36 HeyTapBrowser/45.7.8.1"
223.238.197.65 - - [27/Jul/2021:08:12:21 +0000] "GET /secureadmin/admin/add-results.php?message=success HTTP/1.1" 200 16776 "http://shrihanumanlottery.com/secureadmin/admin/" "Mozilla/5.0 (Linux; U; Android 10; hi-in; CPH1969 Build/QP1A.190711.020) AppleWebKit/537.36 (KHTML, like Gecko) Chrome/77.0.3865.116 Mobile Safari/537.36 HeyTapBrowser/45.7.8.1"
223.238.197.65 - - [27/Jul/2021:08:12:21 +0000] "GET /secureadmin/admin/menuContent.html HTTP/1.1" 404 232 "http://shrihanumanlottery.com/secureadmin/admin/add-results.php?message=success" "Mozilla/5.0 (Linux; U; Android 10; hi-in; CPH1969 Build/QP1A.190711.020) AppleWebKit/537.36 (KHTML, like Gecko) Chrome/77.0.3865.116 Mobile Safari/537.36 HeyTapBrowser/45.7.8.1"
106.206.162.55 - - [27/Jul/2021:08:12:22 +0000] "GET / HTTP/1.1" 200 7655 "http://shrihanumanlottery.com/" "Mozilla/5.0 (Linux; Android 10; M2010J19SI) AppleWebKit/537.36 (KHTML, like Gecko) Chrome/83.0.4103.101 Mobile Safari/537.36"
106.207.133.168 - - [27/Jul/2021:08:12:23 +0000] "GET / HTTP/1.1" 200 7655 "-" "Mozilla/5.0 (Linux; Android 6.0; Lenovo A7000-a Build/MRA58K) AppleWebKit/537.36 (KHTML, like Gecko) Chrome/46.0.2490.76 Mobile Safari/537.36"
106.207.133.168 - - [27/Jul/2021:08:12:24 +0000] "GET /css/style.css HTTP/1.1" 304 - "http://shrihanumanlottery.com/" "Mozilla/5.0 (Linux; Android 6.0; Lenovo A7000-a Build/MRA58K) AppleWebKit/537.36 (KHTML, like Gecko) Chrome/46.0.2490.76 Mobile Safari/537.36"
106.207.133.168 - - [27/Jul/2021:08:12:24 +0000] "GET /images/shrihanuman.gif HTTP/1.1" 304 - "http://shrihanumanlottery.com/" "Mozilla/5.0 (Linux; Android 6.0; Lenovo A7000-a Build/MRA58K) AppleWebKit/537.36 (KHTML, like Gecko) Chrome/46.0.2490.76 Mobile Safari/537.36"
106.207.133.168 - - [27/Jul/2021:08:12:24 +0000] "GET /galleryimg/6547081shrihanumanji.jpg HTTP/1.1" 304 - "http://shrihanumanlottery.com/" "Mozilla/5.0 (Linux; Android 6.0; Lenovo A7000-a Build/MRA58K) AppleWebKit/537.36 (KHTML, like Gecko) Chrome/46.0.2490.76 Mobile Safari/537.36"
106.207.133.168 - - [27/Jul/2021:08:12:24 +0000] "GET /img/star12.gif HTTP/1.1" 304 - "http://shrihanumanlottery.com/" "Mozilla/5.0 (Linux; Android 6.0; Lenovo A7000-a Build/MRA58K) AppleWebKit/537.36 (KHTML, like Gecko) Chrome/46.0.2490.76 Mobile Safari/537.36"
106.206.162.55 - - [27/Jul/2021:08:12:24 +0000] "GET / HTTP/1.1" 200 7655 "http://shrihanumanlottery.com/" "Mozilla/5.0 (Linux; Android 10; M2010J19SI) AppleWebKit/537.36 (KHTML, like Gecko) Chrome/83.0.4103.101 Mobile Safari/537.36"
106.207.133.168 - - [27/Jul/2021:08:12:25 +0000] "GET / HTTP/1.1" 200 7655 "-" "Mozilla/5.0 (Linux; Android 6.0; Lenovo A7000-a Build/MRA58K) AppleWebKit/537.36 (KHTML, like Gecko) Chrome/46.0.2490.76 Mobile Safari/537.36"
106.207.133.168 - - [27/Jul/2021:08:12:25 +0000] "GET /css/style.css HTTP/1.1" 304 - "http://shrihanumanlottery.com/" "Mozilla/5.0 (Linux; Android 6.0; Lenovo A7000-a Build/MRA58K) AppleWebKit/537.36 (KHTML, like Gecko) Chrome/46.0.2490.76 Mobile Safari/537.36"
106.207.133.168 - - [27/Jul/2021:08:12:25 +0000] "GET /images/shrihanuman.gif HTTP/1.1" 304 - "http://shrihanumanlottery.com/" "Mozilla/5.0 (Linux; Android 6.0; Lenovo A7000-a Build/MRA58K) AppleWebKit/537.36 (KHTML, like Gecko) Chrome/46.0.2490.76 Mobile Safari/537.36"
106.207.133.168 - - [27/Jul/2021:08:12:25 +0000] "GET /galleryimg/6547081shrihanumanji.jpg HTTP/1.1" 304 - "http://shrihanumanlottery.com/" "Mozilla/5.0 (Linux; Android 6.0; Lenovo A7000-a Build/MRA58K) AppleWebKit/537.36 (KHTML, like Gecko) Chrome/46.0.2490.76 Mobile Safari/537.36"
106.207.133.168 - - [27/Jul/2021:08:12:25 +0000] "GET /img/star12.gif HTTP/1.1" 304 - "http://shrihanumanlottery.com/" "Mozilla/5.0 (Linux; Android 6.0; Lenovo A7000-a Build/MRA58K) AppleWebKit/537.36 (KHTML, like Gecko) Chrome/46.0.2490.76 Mobile Safari/537.36"
106.206.162.55 - - [27/Jul/2021:08:12:26 +0000] "GET / HTTP/1.1" 200 7655 "http://shrihanumanlottery.com/" "Mozilla/5.0 (Linux; Android 10; M2010J19SI) AppleWebKit/537.36 (KHTML, like Gecko) Chrome/83.0.4103.101 Mobile Safari/537.36"
42.105.48.93 - - [27/Jul/2021:08:12:26 +0000] "GET / HTTP/1.1" 200 7655 "-" "Mozilla/5.0 (Linux; Android 7.0; en-us; TECNO IN5 Build/NRD90M;) AppleWebKit/537.36 (KHTML, like Gecko) Version/4.0 Chrome/55.0.2883.91 Mobile Safari/537.36"
106.207.133.168 - - [27/Jul/2021:08:12:27 +0000] "GET / HTTP/1.1" 200 7655 "-" "Mozilla/5.0 (Linux; Android 6.0; Lenovo A7000-a Build/MRA58K) AppleWebKit/537.36 (KHTML, like Gecko) Chrome/46.0.2490.76 Mobile Safari/537.36"
106.207.133.168 - - [27/Jul/2021:08:12:27 +0000] "GET /images/shrihanuman.gif HTTP/1.1" 304 - "http://shrihanumanlottery.com/" "Mozilla/5.0 (Linux; Android 6.0; Lenovo A7000-a Build/MRA58K) AppleWebKit/537.36 (KHTML, like Gecko) Chrome/46.0.2490.76 Mobile Safari/537.36"
106.207.133.168 - - [27/Jul/2021:08:12:27 +0000] "GET /css/style.css HTTP/1.1" 304 - "http://shrihanumanlottery.com/" "Mozilla/5.0 (Linux; Android 6.0; Lenovo A7000-a Build/MRA58K) AppleWebKit/537.36 (KHTML, like Gecko) Chrome/46.0.2490.76 Mobile Safari/537.36"
106.207.133.168 - - [27/Jul/2021:08:12:27 +0000] "GET /galleryimg/6547081shrihanumanji.jpg HTTP/1.1" 304 - "http://shrihanumanlottery.com/" "Mozilla/5.0 (Linux; Android 6.0; Lenovo A7000-a Build/MRA58K) AppleWebKit/537.36 (KHTML, like Gecko) Chrome/46.0.2490.76 Mobile Safari/537.36"
106.207.133.168 - - [27/Jul/2021:08:12:27 +0000] "GET /img/star12.gif HTTP/1.1" 304 - "http://shrihanumanlottery.com/" "Mozilla/5.0 (Linux; Android 6.0; Lenovo A7000-a Build/MRA58K) AppleWebKit/537.36 (KHTML, like Gecko) Chrome/46.0.2490.76 Mobile Safari/537.36"
106.207.133.168 - - [27/Jul/2021:08:12:29 +0000] "GET / HTTP/1.1" 200 7655 "-" "Mozilla/5.0 (Linux; Android 6.0; Lenovo A7000-a Build/MRA58K) AppleWebKit/537.36 (KHTML, like Gecko) Chrome/46.0.2490.76 Mobile Safari/537.36"
106.207.133.168 - - [27/Jul/2021:08:12:29 +0000] "GET /css/style.css HTTP/1.1" 304 - "http://shrihanumanlottery.com/" "Mozilla/5.0 (Linux; Android 6.0; Lenovo A7000-a Build/MRA58K) AppleWebKit/537.36 (KHTML, like Gecko) Chrome/46.0.2490.76 Mobile Safari/537.36"
106.207.133.168 - - [27/Jul/2021:08:12:29 +0000] "GET /images/shrihanuman.gif HTTP/1.1" 304 - "http://shrihanumanlottery.com/" "Mozilla/5.0 (Linux; Android 6.0; Lenovo A7000-a Build/MRA58K) AppleWebKit/537.36 (KHTML, like Gecko) Chrome/46.0.2490.76 Mobile Safari/537.36"
106.207.133.168 - - [27/Jul/2021:08:12:29 +0000] "GET /galleryimg/6547081shrihanumanji.jpg HTTP/1.1" 304 - "http://shrihanumanlottery.com/" "Mozilla/5.0 (Linux; Android 6.0; Lenovo A7000-a Build/MRA58K) AppleWebKit/537.36 (KHTML, like Gecko) Chrome/46.0.2490.76 Mobile Safari/537.36"
106.207.133.168 - - [27/Jul/2021:08:12:30 +0000] "GET /img/star12.gif HTTP/1.1" 304 - "http://shrihanumanlottery.com/" "Mozilla/5.0 (Linux; Android 6.0; Lenovo A7000-a Build/MRA58K) AppleWebKit/537.36 (KHTML, like Gecko) Chrome/46.0.2490.76 Mobile Safari/537.36"
106.206.162.55 - - [27/Jul/2021:08:12:30 +0000] "GET / HTTP/1.1" 200 7655 "-" "Mozilla/5.0 (Linux; Android 10; M2010J19SI) AppleWebKit/537.36 (KHTML, like Gecko) Chrome/83.0.4103.101 Mobile Safari/537.36"
223.238.197.65 - - [27/Jul/2021:08:12:31 +0000] "POST /secureadmin/admin/processProduct.php?action=addPageContent HTTP/1.1" 200 138 "http://shrihanumanlottery.com/secureadmin/admin/add-results.php?message=success" "Mozilla/5.0 (Linux; U; Android 10; hi-in; CPH1969 Build/QP1A.190711.020) AppleWebKit/537.36 (KHTML, like Gecko) Chrome/77.0.3865.116 Mobile Safari/537.36 HeyTapBrowser/45.7.8.1"
223.238.197.65 - - [27/Jul/2021:08:12:32 +0000] "GET /secureadmin/admin/add-results.php HTTP/1.1" 200 17382 "http://shrihanumanlottery.com/secureadmin/admin/processProduct.php?action=addPageContent" "Mozilla/5.0 (Linux; U; Android 10; hi-in; CPH1969 Build/QP1A.190711.020) AppleWebKit/537.36 (KHTML, like Gecko) Chrome/77.0.3865.116 Mobile Safari/537.36 HeyTapBrowser/45.7.8.1"
106.206.162.55 - - [27/Jul/2021:08:12:32 +0000] "GET / HTTP/1.1" 200 7793 "http://shrihanumanlottery.com/" "Mozilla/5.0 (Linux; Android 10; M2010J19SI) AppleWebKit/537.36 (KHTML, like Gecko) Chrome/83.0.4103.101 Mobile Safari/537.36"
223.238.197.65 - - [27/Jul/2021:08:12:33 +0000] "GET /secureadmin/admin/menuContent.html HTTP/1.1" 404 232 "http://shrihanumanlottery.com/secureadmin/admin/add-results.php" "Mozilla/5.0 (Linux; U; Android 10; hi-in; CPH1969 Build/QP1A.190711.020) AppleWebKit/537.36 (KHTML, like Gecko) Chrome/77.0.3865.116 Mobile Safari/537.36 HeyTapBrowser/45.7.8.1"
106.207.133.168 - - [27/Jul/2021:08:12:40 +0000] "GET / HTTP/1.1" 200 7793 "-" "Mozilla/5.0 (Linux; Android 6.0; Lenovo A7000-a Build/MRA58K) AppleWebKit/537.36 (KHTML, like Gecko) Chrome/46.0.2490.76 Mobile Safari/537.36"
106.207.133.168 - - [27/Jul/2021:08:12:40 +0000] "GET /css/style.css HTTP/1.1" 304 - "http://shrihanumanlottery.com/" "Mozilla/5.0 (Linux; Android 6.0; Lenovo A7000-a Build/MRA58K) AppleWebKit/537.36 (KHTML, like Gecko) Chrome/46.0.2490.76 Mobile Safari/537.36"
106.207.133.168 - - [27/Jul/2021:08:12:40 +0000] "GET /images/shrihanuman.gif HTTP/1.1" 304 - "http://shrihanumanlottery.com/" "Mozilla/5.0 (Linux; Android 6.0; Lenovo A7000-a Build/MRA58K) AppleWebKit/537.36 (KHTML, like Gecko) Chrome/46.0.2490.76 Mobile Safari/537.36"
106.207.133.168 - - [27/Jul/2021:08:12:40 +0000] "GET /galleryimg/6547081shrihanumanji.jpg HTTP/1.1" 304 - "http://shrihanumanlottery.com/" "Mozilla/5.0 (Linux; Android 6.0; Lenovo A7000-a Build/MRA58K) AppleWebKit/537.36 (KHTML, like Gecko) Chrome/46.0.2490.76 Mobile Safari/537.36"
223.238.197.65 - - [27/Jul/2021:08:12:40 +0000] "GET / HTTP/1.1" 200 7793 "-" "Mozilla/5.0 (Linux; U; Android 10; hi-in; CPH1969 Build/QP1A.190711.020) AppleWebKit/537.36 (KHTML, like Gecko) Chrome/77.0.3865.116 Mobile Safari/537.36 HeyTapBrowser/45.7.8.1"
106.207.133.168 - - [27/Jul/2021:08:12:40 +0000] "GET /img/star12.gif HTTP/1.1" 304 - "http://shrihanumanlottery.com/" "Mozilla/5.0 (Linux; Android 6.0; Lenovo A7000-a Build/MRA58K) AppleWebKit/537.36 (KHTML, like Gecko) Chrome/46.0.2490.76 Mobile Safari/537.36"
223.238.197.65 - - [27/Jul/2021:08:12:40 +0000] "GET /img/favicon2.png HTTP/1.1" 404 214 "http://shrihanumanlottery.com/" "Mozilla/5.0 (Linux; U; Android 10; hi-in; CPH1969 Build/QP1A.190711.020) AppleWebKit/537.36 (KHTML, like Gecko) Chrome/77.0.3865.116 Mobile Safari/537.36 HeyTapBrowser/45.7.8.1"
106.207.133.168 - - [27/Jul/2021:08:12:42 +0000] "GET / HTTP/1.1" 200 7793 "-" "Mozilla/5.0 (Linux; Android 6.0; Lenovo A7000-a Build/MRA58K) AppleWebKit/537.36 (KHTML, like Gecko) Chrome/46.0.2490.76 Mobile Safari/537.36"
106.207.133.168 - - [27/Jul/2021:08:12:42 +0000] "GET /css/style.css HTTP/1.1" 304 - "http://shrihanumanlottery.com/" "Mozilla/5.0 (Linux; Android 6.0; Lenovo A7000-a Build/MRA58K) AppleWebKit/537.36 (KHTML, like Gecko) Chrome/46.0.2490.76 Mobile Safari/537.36"
106.207.133.168 - - [27/Jul/2021:08:12:42 +0000] "GET /images/shrihanuman.gif HTTP/1.1" 304 - "http://shrihanumanlottery.com/" "Mozilla/5.0 (Linux; Android 6.0; Lenovo A7000-a Build/MRA58K) AppleWebKit/537.36 (KHTML, like Gecko) Chrome/46.0.2490.76 Mobile Safari/537.36"
106.207.133.168 - - [27/Jul/2021:08:12:42 +0000] "GET /galleryimg/6547081shrihanumanji.jpg HTTP/1.1" 304 - "http://shrihanumanlottery.com/" "Mozilla/5.0 (Linux; Android 6.0; Lenovo A7000-a Build/MRA58K) AppleWebKit/537.36 (KHTML, like Gecko) Chrome/46.0.2490.76 Mobile Safari/537.36"
106.207.133.168 - - [27/Jul/2021:08:12:42 +0000] "GET /img/star12.gif HTTP/1.1" 304 - "http://shrihanumanlottery.com/" "Mozilla/5.0 (Linux; Android 6.0; Lenovo A7000-a Build/MRA58K) AppleWebKit/537.36 (KHTML, like Gecko) Chrome/46.0.2490.76 Mobile Safari/537.36"
42.105.48.93 - - [27/Jul/2021:08:13:09 +0000] "GET / HTTP/1.1" 200 7793 "-" "Mozilla/5.0 (Linux; Android 7.0; en-us; TECNO IN5 Build/NRD90M;) AppleWebKit/537.36 (KHTML, like Gecko) Version/4.0 Chrome/55.0.2883.91 Mobile Safari/537.36"
223.238.197.65 - - [27/Jul/2021:08:37:20 +0000] "GET /secureadmin/admin/ HTTP/1.1" 200 6754 "-" "Mozilla/5.0 (Linux; U; Android 10; hi-in; CPH1969 Build/QP1A.190711.020) AppleWebKit/537.36 (KHTML, like Gecko) Chrome/77.0.3865.116 Mobile Safari/537.36 HeyTapBrowser/45.7.8.1"
223.238.197.65 - - [27/Jul/2021:08:37:20 +0000] "GET /secureadmin/admin/menuContent.html HTTP/1.1" 404 232 "http://shrihanumanlottery.com/secureadmin/admin/" "Mozilla/5.0 (Linux; U; Android 10; hi-in; CPH1969 Build/QP1A.190711.020) AppleWebKit/537.36 (KHTML, like Gecko) Chrome/77.0.3865.116 Mobile Safari/537.36 HeyTapBrowser/45.7.8.1"
223.238.197.65 - - [27/Jul/2021:08:37:21 +0000] "GET /favicon.ico HTTP/1.1" 404 209 "http://shrihanumanlottery.com/secureadmin/admin/" "Mozilla/5.0 (Linux; U; Android 10; hi-in; CPH1969 Build/QP1A.190711.020) AppleWebKit/537.36 (KHTML, like Gecko) Chrome/77.0.3865.116 Mobile Safari/537.36 HeyTapBrowser/45.7.8.1"
223.238.197.65 - - [27/Jul/2021:08:37:28 +0000] "POST /secureadmin/admin/loginsuccess.php HTTP/1.1" 302 - "http://shrihanumanlottery.com/secureadmin/admin/" "Mozilla/5.0 (Linux; U; Android 10; hi-in; CPH1969 Build/QP1A.190711.020) AppleWebKit/537.36 (KHTML, like Gecko) Chrome/77.0.3865.116 Mobile Safari/537.36 HeyTapBrowser/45.7.8.1"
223.238.197.65 - - [27/Jul/2021:08:37:28 +0000] "GET /secureadmin/admin/add-results.php?message=success HTTP/1.1" 200 17382 "http://shrihanumanlottery.com/secureadmin/admin/" "Mozilla/5.0 (Linux; U; Android 10; hi-in; CPH1969 Build/QP1A.190711.020) AppleWebKit/537.36 (KHTML, like Gecko) Chrome/77.0.3865.116 Mobile Safari/537.36 HeyTapBrowser/45.7.8.1"
223.238.197.65 - - [27/Jul/2021:08:37:29 +0000] "GET /secureadmin/admin/menuContent.html HTTP/1.1" 404 232 "http://shrihanumanlottery.com/secureadmin/admin/add-results.php?message=success" "Mozilla/5.0 (Linux; U; Android 10; hi-in; CPH1969 Build/QP1A.190711.020) AppleWebKit/537.36 (KHTML, like Gecko) Chrome/77.0.3865.116 Mobile Safari/537.36 HeyTapBrowser/45.7.8.1"
223.238.197.65 - - [27/Jul/2021:08:37:41 +0000] "POST /secureadmin/admin/processProduct.php?action=addPageContent HTTP/1.1" 200 138 "http://shrihanumanlottery.com/secureadmin/admin/add-results.php?message=success" "Mozilla/5.0 (Linux; U; Android 10; hi-in; CPH1969 Build/QP1A.190711.020) AppleWebKit/537.36 (KHTML, like Gecko) Chrome/77.0.3865.116 Mobile Safari/537.36 HeyTapBrowser/45.7.8.1"
223.238.197.65 - - [27/Jul/2021:08:37:42 +0000] "GET /secureadmin/admin/add-results.php HTTP/1.1" 200 17987 "http://shrihanumanlottery.com/secureadmin/admin/processProduct.php?action=addPageContent" "Mozilla/5.0 (Linux; U; Android 10; hi-in; CPH1969 Build/QP1A.190711.020) AppleWebKit/537.36 (KHTML, like Gecko) Chrome/77.0.3865.116 Mobile Safari/537.36 HeyTapBrowser/45.7.8.1"
223.238.197.65 - - [27/Jul/2021:08:37:43 +0000] "GET /secureadmin/admin/menuContent.html HTTP/1.1" 404 232 "http://shrihanumanlottery.com/secureadmin/admin/add-results.php" "Mozilla/5.0 (Linux; U; Android 10; hi-in; CPH1969 Build/QP1A.190711.020) AppleWebKit/537.36 (KHTML, like Gecko) Chrome/77.0.3865.116 Mobile Safari/537.36 HeyTapBrowser/45.7.8.1"
223.238.197.65 - - [27/Jul/2021:08:37:46 +0000] "GET / HTTP/1.1" 200 7907 "-" "Mozilla/5.0 (Linux; U; Android 10; hi-in; CPH1969 Build/QP1A.190711.020) AppleWebKit/537.36 (KHTML, like Gecko) Chrome/77.0.3865.116 Mobile Safari/537.36 HeyTapBrowser/45.7.8.1"
223.238.197.65 - - [27/Jul/2021:08:37:46 +0000] "GET /img/favicon2.png HTTP/1.1" 404 214 "http://shrihanumanlottery.com/" "Mozilla/5.0 (Linux; U; Android 10; hi-in; CPH1969 Build/QP1A.190711.020) AppleWebKit/537.36 (KHTML, like Gecko) Chrome/77.0.3865.116 Mobile Safari/537.36 HeyTapBrowser/45.7.8.1"
106.207.143.147 - - [27/Jul/2021:08:39:54 +0000] "GET / HTTP/1.1" 200 7907 "-" "Mozilla/5.0 (Linux; Android 6.0; Lenovo A7000-a Build/MRA58K) AppleWebKit/537.36 (KHTML, like Gecko) Chrome/46.0.2490.76 Mobile Safari/537.36"
106.207.143.147 - - [27/Jul/2021:08:39:54 +0000] "GET /css/style.css HTTP/1.1" 200 2122 "http://shrihanumanlottery.com/" "Mozilla/5.0 (Linux; Android 6.0; Lenovo A7000-a Build/MRA58K) AppleWebKit/537.36 (KHTML, like Gecko) Chrome/46.0.2490.76 Mobile Safari/537.36"
106.207.143.147 - - [27/Jul/2021:08:39:54 +0000] "GET /galleryimg/6547081shrihanumanji.jpg HTTP/1.1" 200 104888 "http://shrihanumanlottery.com/" "Mozilla/5.0 (Linux; Android 6.0; Lenovo A7000-a Build/MRA58K) AppleWebKit/537.36 (KHTML, like Gecko) Chrome/46.0.2490.76 Mobile Safari/537.36"
106.207.143.147 - - [27/Jul/2021:08:39:54 +0000] "GET /images/shrihanuman.gif HTTP/1.1" 200 160010 "http://shrihanumanlottery.com/" "Mozilla/5.0 (Linux; Android 6.0; Lenovo A7000-a Build/MRA58K) AppleWebKit/537.36 (KHTML, like Gecko) Chrome/46.0.2490.76 Mobile Safari/537.36"
106.207.143.147 - - [27/Jul/2021:08:39:55 +0000] "GET /img/star12.gif HTTP/1.1" 200 10588 "http://shrihanumanlottery.com/css/style.css" "Mozilla/5.0 (Linux; Android 6.0; Lenovo A7000-a Build/MRA58K) AppleWebKit/537.36 (KHTML, like Gecko) Chrome/46.0.2490.76 Mobile Safari/537.36"
106.207.143.147 - - [27/Jul/2021:08:39:55 +0000] "GET /img/favicon2.png HTTP/1.1" 404 214 "http://shrihanumanlottery.com/" "Mozilla/5.0 (Linux; Android 6.0; Lenovo A7000-a Build/MRA58K) AppleWebKit/537.36 (KHTML, like Gecko) Chrome/46.0.2490.76 Mobile Safari/537.36"
42.105.48.87 - - [27/Jul/2021:08:54:21 +0000] "GET / HTTP/1.1" 200 7907 "-" "Mozilla/5.0 (Linux; Android 7.0; en-us; TECNO IN5 Build/NRD90M;) AppleWebKit/537.36 (KHTML, like Gecko) Version/4.0 Chrome/55.0.2883.91 Mobile Safari/537.36"
42.105.48.87 - - [27/Jul/2021:08:54:22 +0000] "GET /img/favicon2.png HTTP/1.1" 404 214 "http://shrihanumanlottery.com/" "Mozilla/5.0 (Linux; Android 7.0; en-us; TECNO IN5 Build/NRD90M;) AppleWebKit/537.36 (KHTML, like Gecko) Version/4.0 Chrome/55.0.2883.91 Mobile Safari/537.36"
