223.238.197.63 - - [27/Jul/2021:08:54:35 +0000] "GET / HTTP/1.1" 200 7907 "-" "Mozilla/5.0 (Linux; U; Android 10; hi-in; CPH1969 Build/QP1A.190711.020) AppleWebKit/537.36 (KHTML, like Gecko) Chrome/77.0.3865.116 Mobile Safari/537.36 HeyTapBrowser/45.7.8.1"
223.238.197.63 - - [27/Jul/2021:08:54:36 +0000] "GET /img/favicon2.png HTTP/1.1" 404 214 "http://shrihanumanlottery.com/" "Mozilla/5.0 (Linux; U; Android 10; hi-in; CPH1969 Build/QP1A.190711.020) AppleWebKit/537.36 (KHTML, like Gecko) Chrome/77.0.3865.116 Mobile Safari/537.36 HeyTapBrowser/45.7.8.1"
223.238.197.63 - - [27/Jul/2021:09:07:12 +0000] "GET / HTTP/1.1" 200 7907 "-" "Mozilla/5.0 (Linux; U; Android 10; hi-in; CPH1969 Build/QP1A.190711.020) AppleWebKit/537.36 (KHTML, like Gecko) Chrome/77.0.3865.116 Mobile Safari/537.36 HeyTapBrowser/45.7.8.1"
223.238.197.63 - - [27/Jul/2021:09:07:12 +0000] "GET /img/favicon2.png HTTP/1.1" 404 214 "http://shrihanumanlottery.com/" "Mozilla/5.0 (Linux; U; Android 10; hi-in; CPH1969 Build/QP1A.190711.020) AppleWebKit/537.36 (KHTML, like Gecko) Chrome/77.0.3865.116 Mobile Safari/537.36 HeyTapBrowser/45.7.8.1"
106.207.161.106 - - [27/Jul/2021:09:08:35 +0000] "GET / HTTP/1.1" 200 7907 "-" "Mozilla/5.0 (Linux; Android 6.0; Lenovo A7000-a Build/MRA58K) AppleWebKit/537.36 (KHTML, like Gecko) Chrome/46.0.2490.76 Mobile Safari/537.36"
106.207.161.106 - - [27/Jul/2021:09:08:38 +0000] "GET /img/favicon2.png HTTP/1.1" 404 214 "http://shrihanumanlottery.com/" "Mozilla/5.0 (Linux; Android 6.0; Lenovo A7000-a Build/MRA58K) AppleWebKit/537.36 (KHTML, like Gecko) Chrome/46.0.2490.76 Mobile Safari/537.36"
106.207.161.106 - - [27/Jul/2021:09:08:53 +0000] "GET / HTTP/1.1" 200 7907 "-" "Mozilla/5.0 (Linux; Android 6.0; Lenovo A7000-a Build/MRA58K) AppleWebKit/537.36 (KHTML, like Gecko) Chrome/46.0.2490.76 Mobile Safari/537.36"
106.207.161.106 - - [27/Jul/2021:09:08:56 +0000] "GET /css/style.css HTTP/1.1" 304 - "http://shrihanumanlottery.com/" "Mozilla/5.0 (Linux; Android 6.0; Lenovo A7000-a Build/MRA58K) AppleWebKit/537.36 (KHTML, like Gecko) Chrome/46.0.2490.76 Mobile Safari/537.36"
106.207.161.106 - - [27/Jul/2021:09:08:56 +0000] "GET /images/shrihanuman.gif HTTP/1.1" 304 - "http://shrihanumanlottery.com/" "Mozilla/5.0 (Linux; Android 6.0; Lenovo A7000-a Build/MRA58K) AppleWebKit/537.36 (KHTML, like Gecko) Chrome/46.0.2490.76 Mobile Safari/537.36"
106.207.161.106 - - [27/Jul/2021:09:08:56 +0000] "GET /galleryimg/6547081shrihanumanji.jpg HTTP/1.1" 304 - "http://shrihanumanlottery.com/" "Mozilla/5.0 (Linux; Android 6.0; Lenovo A7000-a Build/MRA58K) AppleWebKit/537.36 (KHTML, like Gecko) Chrome/46.0.2490.76 Mobile Safari/537.36"
106.207.161.106 - - [27/Jul/2021:09:08:56 +0000] "GET /img/star12.gif HTTP/1.1" 304 - "http://shrihanumanlottery.com/" "Mozilla/5.0 (Linux; Android 6.0; Lenovo A7000-a Build/MRA58K) AppleWebKit/537.36 (KHTML, like Gecko) Chrome/46.0.2490.76 Mobile Safari/537.36"
106.207.161.106 - - [27/Jul/2021:09:08:58 +0000] "GET / HTTP/1.1" 200 7907 "-" "Mozilla/5.0 (Linux; Android 6.0; Lenovo A7000-a Build/MRA58K) AppleWebKit/537.36 (KHTML, like Gecko) Chrome/46.0.2490.76 Mobile Safari/537.36"
106.207.161.106 - - [27/Jul/2021:09:08:58 +0000] "GET /images/shrihanuman.gif HTTP/1.1" 304 - "http://shrihanumanlottery.com/" "Mozilla/5.0 (Linux; Android 6.0; Lenovo A7000-a Build/MRA58K) AppleWebKit/537.36 (KHTML, like Gecko) Chrome/46.0.2490.76 Mobile Safari/537.36"
106.207.161.106 - - [27/Jul/2021:09:08:58 +0000] "GET /css/style.css HTTP/1.1" 304 - "http://shrihanumanlottery.com/" "Mozilla/5.0 (Linux; Android 6.0; Lenovo A7000-a Build/MRA58K) AppleWebKit/537.36 (KHTML, like Gecko) Chrome/46.0.2490.76 Mobile Safari/537.36"
106.207.161.106 - - [27/Jul/2021:09:08:58 +0000] "GET /galleryimg/6547081shrihanumanji.jpg HTTP/1.1" 304 - "http://shrihanumanlottery.com/" "Mozilla/5.0 (Linux; Android 6.0; Lenovo A7000-a Build/MRA58K) AppleWebKit/537.36 (KHTML, like Gecko) Chrome/46.0.2490.76 Mobile Safari/537.36"
106.207.161.106 - - [27/Jul/2021:09:08:59 +0000] "GET /img/star12.gif HTTP/1.1" 304 - "http://shrihanumanlottery.com/" "Mozilla/5.0 (Linux; Android 6.0; Lenovo A7000-a Build/MRA58K) AppleWebKit/537.36 (KHTML, like Gecko) Chrome/46.0.2490.76 Mobile Safari/537.36"
106.207.161.106 - - [27/Jul/2021:09:09:06 +0000] "GET / HTTP/1.1" 200 7907 "-" "Mozilla/5.0 (Linux; Android 6.0; Lenovo A7000-a Build/MRA58K) AppleWebKit/537.36 (KHTML, like Gecko) Chrome/46.0.2490.76 Mobile Safari/537.36"
106.207.161.106 - - [27/Jul/2021:09:09:06 +0000] "GET /css/style.css HTTP/1.1" 304 - "http://shrihanumanlottery.com/" "Mozilla/5.0 (Linux; Android 6.0; Lenovo A7000-a Build/MRA58K) AppleWebKit/537.36 (KHTML, like Gecko) Chrome/46.0.2490.76 Mobile Safari/537.36"
106.207.161.106 - - [27/Jul/2021:09:09:06 +0000] "GET /images/shrihanuman.gif HTTP/1.1" 304 - "http://shrihanumanlottery.com/" "Mozilla/5.0 (Linux; Android 6.0; Lenovo A7000-a Build/MRA58K) AppleWebKit/537.36 (KHTML, like Gecko) Chrome/46.0.2490.76 Mobile Safari/537.36"
106.207.161.106 - - [27/Jul/2021:09:09:06 +0000] "GET /galleryimg/6547081shrihanumanji.jpg HTTP/1.1" 304 - "http://shrihanumanlottery.com/" "Mozilla/5.0 (Linux; Android 6.0; Lenovo A7000-a Build/MRA58K) AppleWebKit/537.36 (KHTML, like Gecko) Chrome/46.0.2490.76 Mobile Safari/537.36"
106.207.161.106 - - [27/Jul/2021:09:09:06 +0000] "GET /img/star12.gif HTTP/1.1" 304 - "http://shrihanumanlottery.com/" "Mozilla/5.0 (Linux; Android 6.0; Lenovo A7000-a Build/MRA58K) AppleWebKit/537.36 (KHTML, like Gecko) Chrome/46.0.2490.76 Mobile Safari/537.36"
106.207.161.106 - - [27/Jul/2021:09:09:09 +0000] "GET / HTTP/1.1" 200 7907 "-" "Mozilla/5.0 (Linux; Android 6.0; Lenovo A7000-a Build/MRA58K) AppleWebKit/537.36 (KHTML, like Gecko) Chrome/46.0.2490.76 Mobile Safari/537.36"
106.207.161.106 - - [27/Jul/2021:09:09:10 +0000] "GET /images/shrihanuman.gif HTTP/1.1" 304 - "http://shrihanumanlottery.com/" "Mozilla/5.0 (Linux; Android 6.0; Lenovo A7000-a Build/MRA58K) AppleWebKit/537.36 (KHTML, like Gecko) Chrome/46.0.2490.76 Mobile Safari/537.36"
106.207.161.106 - - [27/Jul/2021:09:09:10 +0000] "GET /css/style.css HTTP/1.1" 304 - "http://shrihanumanlottery.com/" "Mozilla/5.0 (Linux; Android 6.0; Lenovo A7000-a Build/MRA58K) AppleWebKit/537.36 (KHTML, like Gecko) Chrome/46.0.2490.76 Mobile Safari/537.36"
106.207.161.106 - - [27/Jul/2021:09:09:10 +0000] "GET /galleryimg/6547081shrihanumanji.jpg HTTP/1.1" 304 - "http://shrihanumanlottery.com/" "Mozilla/5.0 (Linux; Android 6.0; Lenovo A7000-a Build/MRA58K) AppleWebKit/537.36 (KHTML, like Gecko) Chrome/46.0.2490.76 Mobile Safari/537.36"
106.207.161.106 - - [27/Jul/2021:09:09:10 +0000] "GET /img/star12.gif HTTP/1.1" 304 - "http://shrihanumanlottery.com/" "Mozilla/5.0 (Linux; Android 6.0; Lenovo A7000-a Build/MRA58K) AppleWebKit/537.36 (KHTML, like Gecko) Chrome/46.0.2490.76 Mobile Safari/537.36"
106.207.161.106 - - [27/Jul/2021:09:09:22 +0000] "GET / HTTP/1.1" 200 7907 "-" "Mozilla/5.0 (Linux; Android 6.0; Lenovo A7000-a Build/MRA58K) AppleWebKit/537.36 (KHTML, like Gecko) Chrome/46.0.2490.76 Mobile Safari/537.36"
106.207.161.106 - - [27/Jul/2021:09:09:23 +0000] "GET /css/style.css HTTP/1.1" 304 - "http://shrihanumanlottery.com/" "Mozilla/5.0 (Linux; Android 6.0; Lenovo A7000-a Build/MRA58K) AppleWebKit/537.36 (KHTML, like Gecko) Chrome/46.0.2490.76 Mobile Safari/537.36"
106.207.161.106 - - [27/Jul/2021:09:09:23 +0000] "GET /images/shrihanuman.gif HTTP/1.1" 304 - "http://shrihanumanlottery.com/" "Mozilla/5.0 (Linux; Android 6.0; Lenovo A7000-a Build/MRA58K) AppleWebKit/537.36 (KHTML, like Gecko) Chrome/46.0.2490.76 Mobile Safari/537.36"
106.207.161.106 - - [27/Jul/2021:09:09:23 +0000] "GET /galleryimg/6547081shrihanumanji.jpg HTTP/1.1" 304 - "http://shrihanumanlottery.com/" "Mozilla/5.0 (Linux; Android 6.0; Lenovo A7000-a Build/MRA58K) AppleWebKit/537.36 (KHTML, like Gecko) Chrome/46.0.2490.76 Mobile Safari/537.36"
106.207.161.106 - - [27/Jul/2021:09:09:24 +0000] "GET /img/star12.gif HTTP/1.1" 304 - "http://shrihanumanlottery.com/" "Mozilla/5.0 (Linux; Android 6.0; Lenovo A7000-a Build/MRA58K) AppleWebKit/537.36 (KHTML, like Gecko) Chrome/46.0.2490.76 Mobile Safari/537.36"
106.207.161.106 - - [27/Jul/2021:09:09:25 +0000] "GET / HTTP/1.1" 200 7907 "-" "Mozilla/5.0 (Linux; Android 6.0; Lenovo A7000-a Build/MRA58K) AppleWebKit/537.36 (KHTML, like Gecko) Chrome/46.0.2490.76 Mobile Safari/537.36"
106.207.161.106 - - [27/Jul/2021:09:09:25 +0000] "GET /images/shrihanuman.gif HTTP/1.1" 304 - "http://shrihanumanlottery.com/" "Mozilla/5.0 (Linux; Android 6.0; Lenovo A7000-a Build/MRA58K) AppleWebKit/537.36 (KHTML, like Gecko) Chrome/46.0.2490.76 Mobile Safari/537.36"
106.207.161.106 - - [27/Jul/2021:09:09:25 +0000] "GET /css/style.css HTTP/1.1" 304 - "http://shrihanumanlottery.com/" "Mozilla/5.0 (Linux; Android 6.0; Lenovo A7000-a Build/MRA58K) AppleWebKit/537.36 (KHTML, like Gecko) Chrome/46.0.2490.76 Mobile Safari/537.36"
106.207.161.106 - - [27/Jul/2021:09:09:25 +0000] "GET /galleryimg/6547081shrihanumanji.jpg HTTP/1.1" 304 - "http://shrihanumanlottery.com/" "Mozilla/5.0 (Linux; Android 6.0; Lenovo A7000-a Build/MRA58K) AppleWebKit/537.36 (KHTML, like Gecko) Chrome/46.0.2490.76 Mobile Safari/537.36"
106.207.161.106 - - [27/Jul/2021:09:09:26 +0000] "GET /img/star12.gif HTTP/1.1" 304 - "http://shrihanumanlottery.com/" "Mozilla/5.0 (Linux; Android 6.0; Lenovo A7000-a Build/MRA58K) AppleWebKit/537.36 (KHTML, like Gecko) Chrome/46.0.2490.76 Mobile Safari/537.36"
223.238.197.63 - - [27/Jul/2021:09:09:37 +0000] "GET / HTTP/1.1" 200 7907 "-" "Mozilla/5.0 (Linux; U; Android 10; hi-in; CPH1969 Build/QP1A.190711.020) AppleWebKit/537.36 (KHTML, like Gecko) Chrome/77.0.3865.116 Mobile Safari/537.36 HeyTapBrowser/45.7.8.1"
223.238.197.63 - - [27/Jul/2021:09:09:37 +0000] "GET /img/favicon2.png HTTP/1.1" 404 214 "http://shrihanumanlottery.com/" "Mozilla/5.0 (Linux; U; Android 10; hi-in; CPH1969 Build/QP1A.190711.020) AppleWebKit/537.36 (KHTML, like Gecko) Chrome/77.0.3865.116 Mobile Safari/537.36 HeyTapBrowser/45.7.8.1"
223.238.197.63 - - [27/Jul/2021:09:09:41 +0000] "GET / HTTP/1.1" 200 7907 "http://shrihanumanlottery.com/" "Mozilla/5.0 (Linux; U; Android 10; hi-in; CPH1969 Build/QP1A.190711.020) AppleWebKit/537.36 (KHTML, like Gecko) Chrome/77.0.3865.116 Mobile Safari/537.36 HeyTapBrowser/45.7.8.1"
223.238.197.63 - - [27/Jul/2021:09:09:45 +0000] "GET /secureadmin/admin/ HTTP/1.1" 200 6754 "-" "Mozilla/5.0 (Linux; U; Android 10; hi-in; CPH1969 Build/QP1A.190711.020) AppleWebKit/537.36 (KHTML, like Gecko) Chrome/77.0.3865.116 Mobile Safari/537.36 HeyTapBrowser/45.7.8.1"
223.238.197.63 - - [27/Jul/2021:09:09:46 +0000] "GET /secureadmin/admin/menuContent.html HTTP/1.1" 404 232 "http://shrihanumanlottery.com/secureadmin/admin/" "Mozilla/5.0 (Linux; U; Android 10; hi-in; CPH1969 Build/QP1A.190711.020) AppleWebKit/537.36 (KHTML, like Gecko) Chrome/77.0.3865.116 Mobile Safari/537.36 HeyTapBrowser/45.7.8.1"
223.238.197.63 - - [27/Jul/2021:09:09:46 +0000] "GET /favicon.ico HTTP/1.1" 404 209 "http://shrihanumanlottery.com/secureadmin/admin/" "Mozilla/5.0 (Linux; U; Android 10; hi-in; CPH1969 Build/QP1A.190711.020) AppleWebKit/537.36 (KHTML, like Gecko) Chrome/77.0.3865.116 Mobile Safari/537.36 HeyTapBrowser/45.7.8.1"
223.238.197.63 - - [27/Jul/2021:09:09:57 +0000] "POST /secureadmin/admin/loginsuccess.php HTTP/1.1" 302 - "http://shrihanumanlottery.com/secureadmin/admin/" "Mozilla/5.0 (Linux; U; Android 10; hi-in; CPH1969 Build/QP1A.190711.020) AppleWebKit/537.36 (KHTML, like Gecko) Chrome/77.0.3865.116 Mobile Safari/537.36 HeyTapBrowser/45.7.8.1"
223.238.197.63 - - [27/Jul/2021:09:09:57 +0000] "GET /secureadmin/admin/add-results.php?message=success HTTP/1.1" 200 17987 "http://shrihanumanlottery.com/secureadmin/admin/" "Mozilla/5.0 (Linux; U; Android 10; hi-in; CPH1969 Build/QP1A.190711.020) AppleWebKit/537.36 (KHTML, like Gecko) Chrome/77.0.3865.116 Mobile Safari/537.36 HeyTapBrowser/45.7.8.1"
223.238.197.63 - - [27/Jul/2021:09:09:57 +0000] "GET /secureadmin/admin/menuContent.html HTTP/1.1" 404 232 "http://shrihanumanlottery.com/secureadmin/admin/add-results.php?message=success" "Mozilla/5.0 (Linux; U; Android 10; hi-in; CPH1969 Build/QP1A.190711.020) AppleWebKit/537.36 (KHTML, like Gecko) Chrome/77.0.3865.116 Mobile Safari/537.36 HeyTapBrowser/45.7.8.1"
106.207.161.106 - - [27/Jul/2021:09:09:58 +0000] "GET / HTTP/1.1" 200 7907 "-" "Mozilla/5.0 (Linux; Android 6.0; Lenovo A7000-a Build/MRA58K) AppleWebKit/537.36 (KHTML, like Gecko) Chrome/46.0.2490.76 Mobile Safari/537.36"
223.238.197.63 - - [27/Jul/2021:09:10:05 +0000] "POST /secureadmin/admin/processProduct.php?action=addPageContent HTTP/1.1" 200 138 "http://shrihanumanlottery.com/secureadmin/admin/add-results.php?message=success" "Mozilla/5.0 (Linux; U; Android 10; hi-in; CPH1969 Build/QP1A.190711.020) AppleWebKit/537.36 (KHTML, like Gecko) Chrome/77.0.3865.116 Mobile Safari/537.36 HeyTapBrowser/45.7.8.1"
223.238.197.63 - - [27/Jul/2021:09:10:06 +0000] "GET /secureadmin/admin/add-results.php HTTP/1.1" 200 18593 "http://shrihanumanlottery.com/secureadmin/admin/processProduct.php?action=addPageContent" "Mozilla/5.0 (Linux; U; Android 10; hi-in; CPH1969 Build/QP1A.190711.020) AppleWebKit/537.36 (KHTML, like Gecko) Chrome/77.0.3865.116 Mobile Safari/537.36 HeyTapBrowser/45.7.8.1"
223.238.197.63 - - [27/Jul/2021:09:10:07 +0000] "GET /secureadmin/admin/menuContent.html HTTP/1.1" 404 232 "http://shrihanumanlottery.com/secureadmin/admin/add-results.php" "Mozilla/5.0 (Linux; U; Android 10; hi-in; CPH1969 Build/QP1A.190711.020) AppleWebKit/537.36 (KHTML, like Gecko) Chrome/77.0.3865.116 Mobile Safari/537.36 HeyTapBrowser/45.7.8.1"
106.207.161.106 - - [27/Jul/2021:09:10:10 +0000] "GET / HTTP/1.1" 200 8021 "-" "Mozilla/5.0 (Linux; Android 6.0; Lenovo A7000-a Build/MRA58K) AppleWebKit/537.36 (KHTML, like Gecko) Chrome/46.0.2490.76 Mobile Safari/537.36"
106.207.161.106 - - [27/Jul/2021:09:10:10 +0000] "GET /css/style.css HTTP/1.1" 304 - "http://shrihanumanlottery.com/" "Mozilla/5.0 (Linux; Android 6.0; Lenovo A7000-a Build/MRA58K) AppleWebKit/537.36 (KHTML, like Gecko) Chrome/46.0.2490.76 Mobile Safari/537.36"
106.207.161.106 - - [27/Jul/2021:09:10:10 +0000] "GET /images/shrihanuman.gif HTTP/1.1" 304 - "http://shrihanumanlottery.com/" "Mozilla/5.0 (Linux; Android 6.0; Lenovo A7000-a Build/MRA58K) AppleWebKit/537.36 (KHTML, like Gecko) Chrome/46.0.2490.76 Mobile Safari/537.36"
106.207.161.106 - - [27/Jul/2021:09:10:10 +0000] "GET /galleryimg/6547081shrihanumanji.jpg HTTP/1.1" 304 - "http://shrihanumanlottery.com/" "Mozilla/5.0 (Linux; Android 6.0; Lenovo A7000-a Build/MRA58K) AppleWebKit/537.36 (KHTML, like Gecko) Chrome/46.0.2490.76 Mobile Safari/537.36"
106.207.161.106 - - [27/Jul/2021:09:10:10 +0000] "GET /img/star12.gif HTTP/1.1" 304 - "http://shrihanumanlottery.com/" "Mozilla/5.0 (Linux; Android 6.0; Lenovo A7000-a Build/MRA58K) AppleWebKit/537.36 (KHTML, like Gecko) Chrome/46.0.2490.76 Mobile Safari/537.36"
223.238.197.63 - - [27/Jul/2021:09:10:11 +0000] "GET / HTTP/1.1" 200 8021 "-" "Mozilla/5.0 (Linux; U; Android 10; hi-in; CPH1969 Build/QP1A.190711.020) AppleWebKit/537.36 (KHTML, like Gecko) Chrome/77.0.3865.116 Mobile Safari/537.36 HeyTapBrowser/45.7.8.1"
223.238.197.63 - - [27/Jul/2021:09:10:11 +0000] "GET /img/favicon2.png HTTP/1.1" 404 214 "http://shrihanumanlottery.com/" "Mozilla/5.0 (Linux; U; Android 10; hi-in; CPH1969 Build/QP1A.190711.020) AppleWebKit/537.36 (KHTML, like Gecko) Chrome/77.0.3865.116 Mobile Safari/537.36 HeyTapBrowser/45.7.8.1"
106.207.161.106 - - [27/Jul/2021:09:10:18 +0000] "GET / HTTP/1.1" 200 8021 "-" "Mozilla/5.0 (Linux; Android 6.0; Lenovo A7000-a Build/MRA58K) AppleWebKit/537.36 (KHTML, like Gecko) Chrome/46.0.2490.76 Mobile Safari/537.36"
106.207.161.106 - - [27/Jul/2021:09:10:19 +0000] "GET /css/style.css HTTP/1.1" 304 - "http://shrihanumanlottery.com/" "Mozilla/5.0 (Linux; Android 6.0; Lenovo A7000-a Build/MRA58K) AppleWebKit/537.36 (KHTML, like Gecko) Chrome/46.0.2490.76 Mobile Safari/537.36"
106.207.161.106 - - [27/Jul/2021:09:10:19 +0000] "GET /images/shrihanuman.gif HTTP/1.1" 304 - "http://shrihanumanlottery.com/" "Mozilla/5.0 (Linux; Android 6.0; Lenovo A7000-a Build/MRA58K) AppleWebKit/537.36 (KHTML, like Gecko) Chrome/46.0.2490.76 Mobile Safari/537.36"
106.207.161.106 - - [27/Jul/2021:09:10:19 +0000] "GET /galleryimg/6547081shrihanumanji.jpg HTTP/1.1" 304 - "http://shrihanumanlottery.com/" "Mozilla/5.0 (Linux; Android 6.0; Lenovo A7000-a Build/MRA58K) AppleWebKit/537.36 (KHTML, like Gecko) Chrome/46.0.2490.76 Mobile Safari/537.36"
106.207.161.106 - - [27/Jul/2021:09:10:19 +0000] "GET /img/star12.gif HTTP/1.1" 304 - "http://shrihanumanlottery.com/" "Mozilla/5.0 (Linux; Android 6.0; Lenovo A7000-a Build/MRA58K) AppleWebKit/537.36 (KHTML, like Gecko) Chrome/46.0.2490.76 Mobile Safari/537.36"
106.207.161.106 - - [27/Jul/2021:09:10:26 +0000] "GET / HTTP/1.1" 200 8021 "-" "Mozilla/5.0 (Linux; Android 6.0; Lenovo A7000-a Build/MRA58K) AppleWebKit/537.36 (KHTML, like Gecko) Chrome/46.0.2490.76 Mobile Safari/537.36"
106.207.161.106 - - [27/Jul/2021:09:10:26 +0000] "GET /css/style.css HTTP/1.1" 304 - "http://shrihanumanlottery.com/" "Mozilla/5.0 (Linux; Android 6.0; Lenovo A7000-a Build/MRA58K) AppleWebKit/537.36 (KHTML, like Gecko) Chrome/46.0.2490.76 Mobile Safari/537.36"
106.207.161.106 - - [27/Jul/2021:09:10:26 +0000] "GET /images/shrihanuman.gif HTTP/1.1" 304 - "http://shrihanumanlottery.com/" "Mozilla/5.0 (Linux; Android 6.0; Lenovo A7000-a Build/MRA58K) AppleWebKit/537.36 (KHTML, like Gecko) Chrome/46.0.2490.76 Mobile Safari/537.36"
106.207.161.106 - - [27/Jul/2021:09:10:26 +0000] "GET /galleryimg/6547081shrihanumanji.jpg HTTP/1.1" 304 - "http://shrihanumanlottery.com/" "Mozilla/5.0 (Linux; Android 6.0; Lenovo A7000-a Build/MRA58K) AppleWebKit/537.36 (KHTML, like Gecko) Chrome/46.0.2490.76 Mobile Safari/537.36"
106.207.161.106 - - [27/Jul/2021:09:10:26 +0000] "GET /img/star12.gif HTTP/1.1" 304 - "http://shrihanumanlottery.com/" "Mozilla/5.0 (Linux; Android 6.0; Lenovo A7000-a Build/MRA58K) AppleWebKit/537.36 (KHTML, like Gecko) Chrome/46.0.2490.76 Mobile Safari/537.36"
106.207.161.106 - - [27/Jul/2021:09:10:40 +0000] "GET / HTTP/1.1" 200 8021 "-" "Mozilla/5.0 (Linux; Android 6.0; Lenovo A7000-a Build/MRA58K) AppleWebKit/537.36 (KHTML, like Gecko) Chrome/46.0.2490.76 Mobile Safari/537.36"
223.238.197.63 - - [27/Jul/2021:09:11:50 +0000] "GET / HTTP/1.1" 200 8021 "-" "Mozilla/5.0 (Linux; U; Android 10; hi-in; CPH1969 Build/QP1A.190711.020) AppleWebKit/537.36 (KHTML, like Gecko) Chrome/77.0.3865.116 Mobile Safari/537.36 HeyTapBrowser/45.7.8.1"
223.238.197.63 - - [27/Jul/2021:09:11:50 +0000] "GET /img/favicon2.png HTTP/1.1" 404 214 "http://shrihanumanlottery.com/" "Mozilla/5.0 (Linux; U; Android 10; hi-in; CPH1969 Build/QP1A.190711.020) AppleWebKit/537.36 (KHTML, like Gecko) Chrome/77.0.3865.116 Mobile Safari/537.36 HeyTapBrowser/45.7.8.1"
106.207.170.116 - - [27/Jul/2021:09:16:05 +0000] "GET / HTTP/1.1" 200 8021 "-" "Mozilla/5.0 (Linux; Android 6.0; Lenovo A7000-a Build/MRA58K) AppleWebKit/537.36 (KHTML, like Gecko) Chrome/46.0.2490.76 Mobile Safari/537.36"
106.207.170.116 - - [27/Jul/2021:09:16:08 +0000] "GET /img/favicon2.png HTTP/1.1" 404 214 "http://shrihanumanlottery.com/" "Mozilla/5.0 (Linux; Android 6.0; Lenovo A7000-a Build/MRA58K) AppleWebKit/537.36 (KHTML, like Gecko) Chrome/46.0.2490.76 Mobile Safari/537.36"
106.207.170.116 - - [27/Jul/2021:09:17:18 +0000] "GET / HTTP/1.1" 200 8021 "-" "Mozilla/5.0 (Linux; Android 6.0; Lenovo A7000-a Build/MRA58K) AppleWebKit/537.36 (KHTML, like Gecko) Chrome/46.0.2490.76 Mobile Safari/537.36"
223.238.203.242 - - [27/Jul/2021:09:17:43 +0000] "GET / HTTP/1.1" 200 8021 "-" "Mozilla/5.0 (Linux; Android 9; Redmi Note 8) AppleWebKit/537.36 (KHTML, like Gecko) Chrome/91.0.4472.101 Mobile Safari/537.36"
223.238.203.242 - - [27/Jul/2021:09:17:43 +0000] "GET /css/style.css HTTP/1.1" 200 2122 "http://shrihanumanlottery.com/" "Mozilla/5.0 (Linux; Android 9; Redmi Note 8) AppleWebKit/537.36 (KHTML, like Gecko) Chrome/91.0.4472.101 Mobile Safari/537.36"
223.238.203.242 - - [27/Jul/2021:09:17:43 +0000] "GET /galleryimg/6547081shrihanumanji.jpg HTTP/1.1" 200 104888 "http://shrihanumanlottery.com/" "Mozilla/5.0 (Linux; Android 9; Redmi Note 8) AppleWebKit/537.36 (KHTML, like Gecko) Chrome/91.0.4472.101 Mobile Safari/537.36"
223.238.203.242 - - [27/Jul/2021:09:17:43 +0000] "GET /images/shrihanuman.gif HTTP/1.1" 200 160010 "http://shrihanumanlottery.com/" "Mozilla/5.0 (Linux; Android 9; Redmi Note 8) AppleWebKit/537.36 (KHTML, like Gecko) Chrome/91.0.4472.101 Mobile Safari/537.36"
223.238.203.242 - - [27/Jul/2021:09:17:44 +0000] "GET /img/star12.gif HTTP/1.1" 200 10588 "http://shrihanumanlottery.com/css/style.css" "Mozilla/5.0 (Linux; Android 9; Redmi Note 8) AppleWebKit/537.36 (KHTML, like Gecko) Chrome/91.0.4472.101 Mobile Safari/537.36"
223.238.203.242 - - [27/Jul/2021:09:17:44 +0000] "GET /img/favicon2.png HTTP/1.1" 404 214 "http://shrihanumanlottery.com/" "Mozilla/5.0 (Linux; Android 9; Redmi Note 8) AppleWebKit/537.36 (KHTML, like Gecko) Chrome/91.0.4472.101 Mobile Safari/537.36"
106.207.198.170 - - [27/Jul/2021:09:30:01 +0000] "GET / HTTP/1.1" 200 8021 "-" "Mozilla/5.0 (Linux; Android 6.0; Lenovo A7000-a Build/MRA58K) AppleWebKit/537.36 (KHTML, like Gecko) Chrome/46.0.2490.76 Mobile Safari/537.36"
106.207.198.170 - - [27/Jul/2021:09:30:01 +0000] "GET /img/favicon2.png HTTP/1.1" 404 214 "http://shrihanumanlottery.com/" "Mozilla/5.0 (Linux; Android 6.0; Lenovo A7000-a Build/MRA58K) AppleWebKit/537.36 (KHTML, like Gecko) Chrome/46.0.2490.76 Mobile Safari/537.36"
223.238.197.63 - - [27/Jul/2021:09:36:37 +0000] "GET /secureadmin/admin/ HTTP/1.1" 200 6754 "-" "Mozilla/5.0 (Linux; U; Android 10; hi-in; CPH1969 Build/QP1A.190711.020) AppleWebKit/537.36 (KHTML, like Gecko) Chrome/77.0.3865.116 Mobile Safari/537.36 HeyTapBrowser/45.7.8.1"
223.238.197.63 - - [27/Jul/2021:09:36:38 +0000] "GET /secureadmin/admin/menuContent.html HTTP/1.1" 404 232 "http://shrihanumanlottery.com/secureadmin/admin/" "Mozilla/5.0 (Linux; U; Android 10; hi-in; CPH1969 Build/QP1A.190711.020) AppleWebKit/537.36 (KHTML, like Gecko) Chrome/77.0.3865.116 Mobile Safari/537.36 HeyTapBrowser/45.7.8.1"
223.238.197.63 - - [27/Jul/2021:09:36:39 +0000] "GET /favicon.ico HTTP/1.1" 404 209 "http://shrihanumanlottery.com/secureadmin/admin/" "Mozilla/5.0 (Linux; U; Android 10; hi-in; CPH1969 Build/QP1A.190711.020) AppleWebKit/537.36 (KHTML, like Gecko) Chrome/77.0.3865.116 Mobile Safari/537.36 HeyTapBrowser/45.7.8.1"
223.238.197.63 - - [27/Jul/2021:09:36:47 +0000] "POST /secureadmin/admin/loginsuccess.php HTTP/1.1" 302 - "http://shrihanumanlottery.com/secureadmin/admin/" "Mozilla/5.0 (Linux; U; Android 10; hi-in; CPH1969 Build/QP1A.190711.020) AppleWebKit/537.36 (KHTML, like Gecko) Chrome/77.0.3865.116 Mobile Safari/537.36 HeyTapBrowser/45.7.8.1"
223.238.197.63 - - [27/Jul/2021:09:36:47 +0000] "GET /secureadmin/admin/add-results.php?message=success HTTP/1.1" 200 18593 "http://shrihanumanlottery.com/secureadmin/admin/" "Mozilla/5.0 (Linux; U; Android 10; hi-in; CPH1969 Build/QP1A.190711.020) AppleWebKit/537.36 (KHTML, like Gecko) Chrome/77.0.3865.116 Mobile Safari/537.36 HeyTapBrowser/45.7.8.1"
223.238.197.63 - - [27/Jul/2021:09:36:47 +0000] "GET /secureadmin/admin/menuContent.html HTTP/1.1" 404 232 "http://shrihanumanlottery.com/secureadmin/admin/add-results.php?message=success" "Mozilla/5.0 (Linux; U; Android 10; hi-in; CPH1969 Build/QP1A.190711.020) AppleWebKit/537.36 (KHTML, like Gecko) Chrome/77.0.3865.116 Mobile Safari/537.36 HeyTapBrowser/45.7.8.1"
223.238.197.63 - - [27/Jul/2021:09:37:14 +0000] "POST /secureadmin/admin/processProduct.php?action=addPageContent HTTP/1.1" 200 138 "http://shrihanumanlottery.com/secureadmin/admin/add-results.php?message=success" "Mozilla/5.0 (Linux; U; Android 10; hi-in; CPH1969 Build/QP1A.190711.020) AppleWebKit/537.36 (KHTML, like Gecko) Chrome/77.0.3865.116 Mobile Safari/537.36 HeyTapBrowser/45.7.8.1"
223.238.197.63 - - [27/Jul/2021:09:37:15 +0000] "GET /secureadmin/admin/add-results.php HTTP/1.1" 200 19199 "http://shrihanumanlottery.com/secureadmin/admin/processProduct.php?action=addPageContent" "Mozilla/5.0 (Linux; U; Android 10; hi-in; CPH1969 Build/QP1A.190711.020) AppleWebKit/537.36 (KHTML, like Gecko) Chrome/77.0.3865.116 Mobile Safari/537.36 HeyTapBrowser/45.7.8.1"
223.238.197.63 - - [27/Jul/2021:09:37:16 +0000] "GET /secureadmin/admin/menuContent.html HTTP/1.1" 404 232 "http://shrihanumanlottery.com/secureadmin/admin/add-results.php" "Mozilla/5.0 (Linux; U; Android 10; hi-in; CPH1969 Build/QP1A.190711.020) AppleWebKit/537.36 (KHTML, like Gecko) Chrome/77.0.3865.116 Mobile Safari/537.36 HeyTapBrowser/45.7.8.1"
223.238.197.63 - - [27/Jul/2021:09:37:20 +0000] "GET / HTTP/1.1" 200 8135 "-" "Mozilla/5.0 (Linux; U; Android 10; hi-in; CPH1969 Build/QP1A.190711.020) AppleWebKit/537.36 (KHTML, like Gecko) Chrome/77.0.3865.116 Mobile Safari/537.36 HeyTapBrowser/45.7.8.1"
223.238.197.63 - - [27/Jul/2021:09:37:20 +0000] "GET /img/favicon2.png HTTP/1.1" 404 214 "http://shrihanumanlottery.com/" "Mozilla/5.0 (Linux; U; Android 10; hi-in; CPH1969 Build/QP1A.190711.020) AppleWebKit/537.36 (KHTML, like Gecko) Chrome/77.0.3865.116 Mobile Safari/537.36 HeyTapBrowser/45.7.8.1"
223.238.197.63 - - [27/Jul/2021:09:39:28 +0000] "GET / HTTP/1.1" 200 8135 "http://shrihanumanlottery.com/" "Mozilla/5.0 (Linux; U; Android 10; hi-in; CPH1969 Build/QP1A.190711.020) AppleWebKit/537.36 (KHTML, like Gecko) Chrome/77.0.3865.116 Mobile Safari/537.36 HeyTapBrowser/45.7.8.1"
106.207.179.6 - - [27/Jul/2021:09:39:30 +0000] "GET / HTTP/1.1" 200 8135 "-" "Mozilla/5.0 (Linux; Android 6.0; Lenovo A7000-a Build/MRA58K) AppleWebKit/537.36 (KHTML, like Gecko) Chrome/46.0.2490.76 Mobile Safari/537.36"
106.207.179.6 - - [27/Jul/2021:09:39:30 +0000] "GET /img/favicon2.png HTTP/1.1" 404 214 "http://shrihanumanlottery.com/" "Mozilla/5.0 (Linux; Android 6.0; Lenovo A7000-a Build/MRA58K) AppleWebKit/537.36 (KHTML, like Gecko) Chrome/46.0.2490.76 Mobile Safari/537.36"
106.207.179.6 - - [27/Jul/2021:09:40:59 +0000] "GET / HTTP/1.1" 200 8135 "-" "Mozilla/5.0 (Linux; Android 6.0; Lenovo A7000-a Build/MRA58K) AppleWebKit/537.36 (KHTML, like Gecko) Chrome/46.0.2490.76 Mobile Safari/537.36"
106.207.179.6 - - [27/Jul/2021:09:42:14 +0000] "GET / HTTP/1.1" 200 8135 "-" "Mozilla/5.0 (Linux; Android 6.0; Lenovo A7000-a Build/MRA58K) AppleWebKit/537.36 (KHTML, like Gecko) Chrome/46.0.2490.76 Mobile Safari/537.36"
106.207.179.6 - - [27/Jul/2021:09:42:15 +0000] "GET /css/style.css HTTP/1.1" 304 - "http://shrihanumanlottery.com/" "Mozilla/5.0 (Linux; Android 6.0; Lenovo A7000-a Build/MRA58K) AppleWebKit/537.36 (KHTML, like Gecko) Chrome/46.0.2490.76 Mobile Safari/537.36"
106.207.179.6 - - [27/Jul/2021:09:42:15 +0000] "GET /images/shrihanuman.gif HTTP/1.1" 304 - "http://shrihanumanlottery.com/" "Mozilla/5.0 (Linux; Android 6.0; Lenovo A7000-a Build/MRA58K) AppleWebKit/537.36 (KHTML, like Gecko) Chrome/46.0.2490.76 Mobile Safari/537.36"
106.207.179.6 - - [27/Jul/2021:09:42:15 +0000] "GET /galleryimg/6547081shrihanumanji.jpg HTTP/1.1" 304 - "http://shrihanumanlottery.com/" "Mozilla/5.0 (Linux; Android 6.0; Lenovo A7000-a Build/MRA58K) AppleWebKit/537.36 (KHTML, like Gecko) Chrome/46.0.2490.76 Mobile Safari/537.36"
106.207.179.6 - - [27/Jul/2021:09:42:15 +0000] "GET /img/star12.gif HTTP/1.1" 304 - "http://shrihanumanlottery.com/" "Mozilla/5.0 (Linux; Android 6.0; Lenovo A7000-a Build/MRA58K) AppleWebKit/537.36 (KHTML, like Gecko) Chrome/46.0.2490.76 Mobile Safari/537.36"
223.238.197.63 - - [27/Jul/2021:09:43:45 +0000] "GET / HTTP/1.1" 200 8135 "-" "Mozilla/5.0 (Linux; U; Android 10; hi-in; CPH1969 Build/QP1A.190711.020) AppleWebKit/537.36 (KHTML, like Gecko) Chrome/77.0.3865.116 Mobile Safari/537.36 HeyTapBrowser/45.7.8.1"
223.238.197.63 - - [27/Jul/2021:09:43:45 +0000] "GET /img/favicon2.png HTTP/1.1" 404 214 "http://shrihanumanlottery.com/" "Mozilla/5.0 (Linux; U; Android 10; hi-in; CPH1969 Build/QP1A.190711.020) AppleWebKit/537.36 (KHTML, like Gecko) Chrome/77.0.3865.116 Mobile Safari/537.36 HeyTapBrowser/45.7.8.1"
223.238.197.63 - - [27/Jul/2021:09:43:51 +0000] "GET / HTTP/1.1" 200 8135 "http://shrihanumanlottery.com/" "Mozilla/5.0 (Linux; U; Android 10; hi-in; CPH1969 Build/QP1A.190711.020) AppleWebKit/537.36 (KHTML, like Gecko) Chrome/77.0.3865.116 Mobile Safari/537.36 HeyTapBrowser/45.7.8.1"
223.238.207.237 - - [27/Jul/2021:09:45:04 +0000] "GET / HTTP/1.1" 200 8135 "-" "Mozilla/5.0 (Linux; Android 9; Redmi Note 8) AppleWebKit/537.36 (KHTML, like Gecko) Chrome/91.0.4472.101 Mobile Safari/537.36"
223.238.207.237 - - [27/Jul/2021:09:45:04 +0000] "GET /img/favicon2.png HTTP/1.1" 404 214 "http://shrihanumanlottery.com/" "Mozilla/5.0 (Linux; Android 9; Redmi Note 8) AppleWebKit/537.36 (KHTML, like Gecko) Chrome/91.0.4472.101 Mobile Safari/537.36"
223.238.207.237 - - [27/Jul/2021:09:45:17 +0000] "GET /results.php?year=2020 HTTP/1.1" 200 3943 "http://shrihanumanlottery.com/" "Mozilla/5.0 (Linux; Android 9; Redmi Note 8) AppleWebKit/537.36 (KHTML, like Gecko) Chrome/91.0.4472.101 Mobile Safari/537.36"
223.238.207.237 - - [27/Jul/2021:09:45:17 +0000] "GET /images/back.png HTTP/1.1" 200 6711 "http://shrihanumanlottery.com/results.php?year=2020" "Mozilla/5.0 (Linux; Android 9; Redmi Note 8) AppleWebKit/537.36 (KHTML, like Gecko) Chrome/91.0.4472.101 Mobile Safari/537.36"
223.238.207.237 - - [27/Jul/2021:09:45:21 +0000] "GET /results.php?year=2020 HTTP/1.1" 200 3943 "http://shrihanumanlottery.com/" "Mozilla/5.0 (Linux; Android 9; Redmi Note 8) AppleWebKit/537.36 (KHTML, like Gecko) Chrome/91.0.4472.101 Mobile Safari/537.36"
223.238.207.237 - - [27/Jul/2021:09:45:37 +0000] "GET /results2018.php HTTP/1.1" 200 945854 "http://shrihanumanlottery.com/" "Mozilla/5.0 (Linux; Android 9; Redmi Note 8) AppleWebKit/537.36 (KHTML, like Gecko) Chrome/91.0.4472.101 Mobile Safari/537.36"
106.79.194.41 - - [27/Jul/2021:10:03:31 +0000] "GET /img/favicon2.png HTTP/1.1" 404 214 "http://shrihanumanlottery.com/results.php?year=2020" "Mozilla/5.0 (Linux; Android 11; vivo 1907) AppleWebKit/537.36 (KHTML, like Gecko) Chrome/83.0.4103.106 Mobile Safari/537.36"
42.105.48.238 - - [27/Jul/2021:10:06:07 +0000] "GET / HTTP/1.1" 200 8135 "-" "Mozilla/5.0 (Linux; Android 7.0; en-us; TECNO IN5 Build/NRD90M;) AppleWebKit/537.36 (KHTML, like Gecko) Version/4.0 Chrome/55.0.2883.91 Mobile Safari/537.36"
42.105.48.238 - - [27/Jul/2021:10:06:08 +0000] "GET /img/favicon2.png HTTP/1.1" 404 214 "http://shrihanumanlottery.com/" "Mozilla/5.0 (Linux; Android 7.0; en-us; TECNO IN5 Build/NRD90M;) AppleWebKit/537.36 (KHTML, like Gecko) Version/4.0 Chrome/55.0.2883.91 Mobile Safari/537.36"
223.189.151.61 - - [27/Jul/2021:10:06:15 +0000] "GET / HTTP/1.1" 200 8135 "-" "Mozilla/5.0 (Linux; U; Android 10; hi-in; CPH1969 Build/QP1A.190711.020) AppleWebKit/537.36 (KHTML, like Gecko) Chrome/77.0.3865.116 Mobile Safari/537.36 HeyTapBrowser/45.7.8.1"
223.189.151.61 - - [27/Jul/2021:10:06:15 +0000] "GET /img/favicon2.png HTTP/1.1" 404 214 "http://shrihanumanlottery.com/" "Mozilla/5.0 (Linux; U; Android 10; hi-in; CPH1969 Build/QP1A.190711.020) AppleWebKit/537.36 (KHTML, like Gecko) Chrome/77.0.3865.116 Mobile Safari/537.36 HeyTapBrowser/45.7.8.1"
223.189.151.61 - - [27/Jul/2021:10:07:19 +0000] "GET / HTTP/1.1" 200 8135 "-" "Mozilla/5.0 (Linux; U; Android 10; hi-in; CPH1969 Build/QP1A.190711.020) AppleWebKit/537.36 (KHTML, like Gecko) Chrome/77.0.3865.116 Mobile Safari/537.36 HeyTapBrowser/45.7.8.1"
223.189.151.61 - - [27/Jul/2021:10:07:19 +0000] "GET /secureadmin/admin/ HTTP/1.1" 200 6754 "-" "Mozilla/5.0 (Linux; U; Android 10; hi-in; CPH1969 Build/QP1A.190711.020) AppleWebKit/537.36 (KHTML, like Gecko) Chrome/77.0.3865.116 Mobile Safari/537.36 HeyTapBrowser/45.7.8.1"
223.189.151.61 - - [27/Jul/2021:10:07:19 +0000] "GET /img/favicon2.png HTTP/1.1" 404 214 "http://shrihanumanlottery.com/" "Mozilla/5.0 (Linux; U; Android 10; hi-in; CPH1969 Build/QP1A.190711.020) AppleWebKit/537.36 (KHTML, like Gecko) Chrome/77.0.3865.116 Mobile Safari/537.36 HeyTapBrowser/45.7.8.1"
223.189.151.61 - - [27/Jul/2021:10:07:19 +0000] "GET /secureadmin/admin/menuContent.html HTTP/1.1" 404 232 "http://shrihanumanlottery.com/secureadmin/admin/" "Mozilla/5.0 (Linux; U; Android 10; hi-in; CPH1969 Build/QP1A.190711.020) AppleWebKit/537.36 (KHTML, like Gecko) Chrome/77.0.3865.116 Mobile Safari/537.36 HeyTapBrowser/45.7.8.1"
223.189.151.61 - - [27/Jul/2021:10:07:20 +0000] "GET /favicon.ico HTTP/1.1" 404 209 "http://shrihanumanlottery.com/secureadmin/admin/" "Mozilla/5.0 (Linux; U; Android 10; hi-in; CPH1969 Build/QP1A.190711.020) AppleWebKit/537.36 (KHTML, like Gecko) Chrome/77.0.3865.116 Mobile Safari/537.36 HeyTapBrowser/45.7.8.1"
223.189.151.61 - - [27/Jul/2021:10:07:31 +0000] "POST /secureadmin/admin/loginsuccess.php HTTP/1.1" 302 - "http://shrihanumanlottery.com/secureadmin/admin/" "Mozilla/5.0 (Linux; U; Android 10; hi-in; CPH1969 Build/QP1A.190711.020) AppleWebKit/537.36 (KHTML, like Gecko) Chrome/77.0.3865.116 Mobile Safari/537.36 HeyTapBrowser/45.7.8.1"
223.189.151.61 - - [27/Jul/2021:10:07:31 +0000] "GET /secureadmin/admin/add-results.php?message=success HTTP/1.1" 200 19199 "http://shrihanumanlottery.com/secureadmin/admin/" "Mozilla/5.0 (Linux; U; Android 10; hi-in; CPH1969 Build/QP1A.190711.020) AppleWebKit/537.36 (KHTML, like Gecko) Chrome/77.0.3865.116 Mobile Safari/537.36 HeyTapBrowser/45.7.8.1"
223.189.151.61 - - [27/Jul/2021:10:07:31 +0000] "GET /secureadmin/admin/menuContent.html HTTP/1.1" 404 232 "http://shrihanumanlottery.com/secureadmin/admin/add-results.php?message=success" "Mozilla/5.0 (Linux; U; Android 10; hi-in; CPH1969 Build/QP1A.190711.020) AppleWebKit/537.36 (KHTML, like Gecko) Chrome/77.0.3865.116 Mobile Safari/537.36 HeyTapBrowser/45.7.8.1"
223.189.151.61 - - [27/Jul/2021:10:07:45 +0000] "POST /secureadmin/admin/processProduct.php?action=addPageContent HTTP/1.1" 200 138 "http://shrihanumanlottery.com/secureadmin/admin/add-results.php?message=success" "Mozilla/5.0 (Linux; U; Android 10; hi-in; CPH1969 Build/QP1A.190711.020) AppleWebKit/537.36 (KHTML, like Gecko) Chrome/77.0.3865.116 Mobile Safari/537.36 HeyTapBrowser/45.7.8.1"
223.189.151.61 - - [27/Jul/2021:10:07:46 +0000] "GET /secureadmin/admin/add-results.php HTTP/1.1" 200 19805 "http://shrihanumanlottery.com/secureadmin/admin/processProduct.php?action=addPageContent" "Mozilla/5.0 (Linux; U; Android 10; hi-in; CPH1969 Build/QP1A.190711.020) AppleWebKit/537.36 (KHTML, like Gecko) Chrome/77.0.3865.116 Mobile Safari/537.36 HeyTapBrowser/45.7.8.1"
223.189.151.61 - - [27/Jul/2021:10:07:47 +0000] "GET /secureadmin/admin/menuContent.html HTTP/1.1" 404 232 "http://shrihanumanlottery.com/secureadmin/admin/add-results.php" "Mozilla/5.0 (Linux; U; Android 10; hi-in; CPH1969 Build/QP1A.190711.020) AppleWebKit/537.36 (KHTML, like Gecko) Chrome/77.0.3865.116 Mobile Safari/537.36 HeyTapBrowser/45.7.8.1"
223.189.151.61 - - [27/Jul/2021:10:07:55 +0000] "GET / HTTP/1.1" 200 8249 "-" "Mozilla/5.0 (Linux; U; Android 10; hi-in; CPH1969 Build/QP1A.190711.020) AppleWebKit/537.36 (KHTML, like Gecko) Chrome/77.0.3865.116 Mobile Safari/537.36 HeyTapBrowser/45.7.8.1"
223.189.151.61 - - [27/Jul/2021:10:07:56 +0000] "GET /img/favicon2.png HTTP/1.1" 404 214 "http://shrihanumanlottery.com/" "Mozilla/5.0 (Linux; U; Android 10; hi-in; CPH1969 Build/QP1A.190711.020) AppleWebKit/537.36 (KHTML, like Gecko) Chrome/77.0.3865.116 Mobile Safari/537.36 HeyTapBrowser/45.7.8.1"
223.189.151.61 - - [27/Jul/2021:10:08:24 +0000] "GET / HTTP/1.1" 200 8249 "http://shrihanumanlottery.com/" "Mozilla/5.0 (Linux; U; Android 10; hi-in; CPH1969 Build/QP1A.190711.020) AppleWebKit/537.36 (KHTML, like Gecko) Chrome/77.0.3865.116 Mobile Safari/537.36 HeyTapBrowser/45.7.8.1"
223.189.151.61 - - [27/Jul/2021:10:09:00 +0000] "GET / HTTP/1.1" 200 8249 "-" "Mozilla/5.0 (Linux; U; Android 10; hi-in; CPH1969 Build/QP1A.190711.020) AppleWebKit/537.36 (KHTML, like Gecko) Chrome/77.0.3865.116 Mobile Safari/537.36 HeyTapBrowser/45.7.8.1"
223.189.151.61 - - [27/Jul/2021:10:09:01 +0000] "GET /img/favicon2.png HTTP/1.1" 404 214 "http://shrihanumanlottery.com/" "Mozilla/5.0 (Linux; U; Android 10; hi-in; CPH1969 Build/QP1A.190711.020) AppleWebKit/537.36 (KHTML, like Gecko) Chrome/77.0.3865.116 Mobile Safari/537.36 HeyTapBrowser/45.7.8.1"
106.206.162.55 - - [27/Jul/2021:10:09:03 +0000] "GET / HTTP/1.1" 200 8249 "-" "Mozilla/5.0 (Linux; Android 10; M2010J19SI) AppleWebKit/537.36 (KHTML, like Gecko) Chrome/83.0.4103.101 Mobile Safari/537.36"
106.206.162.55 - - [27/Jul/2021:10:09:04 +0000] "GET /img/favicon2.png HTTP/1.1" 404 214 "http://shrihanumanlottery.com/" "Mozilla/5.0 (Linux; Android 10; M2010J19SI) AppleWebKit/537.36 (KHTML, like Gecko) Chrome/83.0.4103.101 Mobile Safari/537.36"
223.189.151.61 - - [27/Jul/2021:10:09:12 +0000] "GET / HTTP/1.1" 200 8249 "http://shrihanumanlottery.com/" "Mozilla/5.0 (Linux; U; Android 10; hi-in; CPH1969 Build/QP1A.190711.020) AppleWebKit/537.36 (KHTML, like Gecko) Chrome/77.0.3865.116 Mobile Safari/537.36 HeyTapBrowser/45.7.8.1"
106.206.162.55 - - [27/Jul/2021:10:13:04 +0000] "GET / HTTP/1.1" 200 8249 "http://shrihanumanlottery.com/" "Mozilla/5.0 (Linux; Android 10; M2010J19SI) AppleWebKit/537.36 (KHTML, like Gecko) Chrome/83.0.4103.101 Mobile Safari/537.36"
106.207.156.28 - - [27/Jul/2021:10:32:10 +0000] "GET / HTTP/1.1" 200 8249 "-" "Mozilla/5.0 (Linux; Android 6.0; Lenovo A7000-a Build/MRA58K) AppleWebKit/537.36 (KHTML, like Gecko) Chrome/46.0.2490.76 Mobile Safari/537.36"
106.207.156.28 - - [27/Jul/2021:10:32:11 +0000] "GET /img/favicon2.png HTTP/1.1" 404 214 "http://shrihanumanlottery.com/" "Mozilla/5.0 (Linux; Android 6.0; Lenovo A7000-a Build/MRA58K) AppleWebKit/537.36 (KHTML, like Gecko) Chrome/46.0.2490.76 Mobile Safari/537.36"
106.207.156.28 - - [27/Jul/2021:10:33:14 +0000] "GET / HTTP/1.1" 200 8249 "-" "Mozilla/5.0 (Linux; Android 6.0; Lenovo A7000-a Build/MRA58K) AppleWebKit/537.36 (KHTML, like Gecko) Chrome/46.0.2490.76 Mobile Safari/537.36"
106.207.156.28 - - [27/Jul/2021:10:33:14 +0000] "GET /img/favicon2.png HTTP/1.1" 404 214 "http://shrihanumanlottery.com/" "Mozilla/5.0 (Linux; Android 6.0; Lenovo A7000-a Build/MRA58K) AppleWebKit/537.36 (KHTML, like Gecko) Chrome/46.0.2490.76 Mobile Safari/537.36"
106.207.156.28 - - [27/Jul/2021:10:36:21 +0000] "GET / HTTP/1.1" 200 8249 "-" "Mozilla/5.0 (Linux; Android 6.0; Lenovo A7000-a Build/MRA58K) AppleWebKit/537.36 (KHTML, like Gecko) Chrome/46.0.2490.76 Mobile Safari/537.36"
106.207.156.28 - - [27/Jul/2021:10:36:21 +0000] "GET /css/style.css HTTP/1.1" 304 - "http://shrihanumanlottery.com/" "Mozilla/5.0 (Linux; Android 6.0; Lenovo A7000-a Build/MRA58K) AppleWebKit/537.36 (KHTML, like Gecko) Chrome/46.0.2490.76 Mobile Safari/537.36"
106.207.156.28 - - [27/Jul/2021:10:36:21 +0000] "GET /images/shrihanuman.gif HTTP/1.1" 304 - "http://shrihanumanlottery.com/" "Mozilla/5.0 (Linux; Android 6.0; Lenovo A7000-a Build/MRA58K) AppleWebKit/537.36 (KHTML, like Gecko) Chrome/46.0.2490.76 Mobile Safari/537.36"
106.207.156.28 - - [27/Jul/2021:10:36:21 +0000] "GET /galleryimg/6547081shrihanumanji.jpg HTTP/1.1" 304 - "http://shrihanumanlottery.com/" "Mozilla/5.0 (Linux; Android 6.0; Lenovo A7000-a Build/MRA58K) AppleWebKit/537.36 (KHTML, like Gecko) Chrome/46.0.2490.76 Mobile Safari/537.36"
106.207.156.28 - - [27/Jul/2021:10:36:22 +0000] "GET /img/star12.gif HTTP/1.1" 304 - "http://shrihanumanlottery.com/" "Mozilla/5.0 (Linux; Android 6.0; Lenovo A7000-a Build/MRA58K) AppleWebKit/537.36 (KHTML, like Gecko) Chrome/46.0.2490.76 Mobile Safari/537.36"
106.207.156.28 - - [27/Jul/2021:10:36:25 +0000] "GET /results.php?year=2020 HTTP/1.1" 200 4100 "http://shrihanumanlottery.com/" "Mozilla/5.0 (Linux; Android 6.0; Lenovo A7000-a Build/MRA58K) AppleWebKit/537.36 (KHTML, like Gecko) Chrome/46.0.2490.76 Mobile Safari/537.36"
106.207.156.28 - - [27/Jul/2021:10:36:25 +0000] "GET /images/back.png HTTP/1.1" 200 6711 "http://shrihanumanlottery.com/results.php?year=2020" "Mozilla/5.0 (Linux; Android 6.0; Lenovo A7000-a Build/MRA58K) AppleWebKit/537.36 (KHTML, like Gecko) Chrome/46.0.2490.76 Mobile Safari/537.36"
223.189.151.61 - - [27/Jul/2021:10:36:33 +0000] "GET / HTTP/1.1" 200 8249 "-" "Mozilla/5.0 (Linux; U; Android 10; hi-in; CPH1969 Build/QP1A.190711.020) AppleWebKit/537.36 (KHTML, like Gecko) Chrome/77.0.3865.116 Mobile Safari/537.36 HeyTapBrowser/45.7.8.1"
223.189.151.61 - - [27/Jul/2021:10:36:34 +0000] "GET /img/favicon2.png HTTP/1.1" 404 214 "http://shrihanumanlottery.com/" "Mozilla/5.0 (Linux; U; Android 10; hi-in; CPH1969 Build/QP1A.190711.020) AppleWebKit/537.36 (KHTML, like Gecko) Chrome/77.0.3865.116 Mobile Safari/537.36 HeyTapBrowser/45.7.8.1"
106.207.156.28 - - [27/Jul/2021:10:36:36 +0000] "GET /results.php?year=2020 HTTP/1.1" 200 4100 "http://shrihanumanlottery.com/" "Mozilla/5.0 (Linux; Android 6.0; Lenovo A7000-a Build/MRA58K) AppleWebKit/537.36 (KHTML, like Gecko) Chrome/46.0.2490.76 Mobile Safari/537.36"
223.189.151.61 - - [27/Jul/2021:10:36:40 +0000] "GET /secureadmin/admin/ HTTP/1.1" 200 6754 "-" "Mozilla/5.0 (Linux; U; Android 10; hi-in; CPH1969 Build/QP1A.190711.020) AppleWebKit/537.36 (KHTML, like Gecko) Chrome/77.0.3865.116 Mobile Safari/537.36 HeyTapBrowser/45.7.8.1"
223.189.151.61 - - [27/Jul/2021:10:36:40 +0000] "GET /secureadmin/admin/menuContent.html HTTP/1.1" 404 232 "http://shrihanumanlottery.com/secureadmin/admin/" "Mozilla/5.0 (Linux; U; Android 10; hi-in; CPH1969 Build/QP1A.190711.020) AppleWebKit/537.36 (KHTML, like Gecko) Chrome/77.0.3865.116 Mobile Safari/537.36 HeyTapBrowser/45.7.8.1"
223.189.151.61 - - [27/Jul/2021:10:36:40 +0000] "GET /favicon.ico HTTP/1.1" 404 209 "http://shrihanumanlottery.com/secureadmin/admin/" "Mozilla/5.0 (Linux; U; Android 10; hi-in; CPH1969 Build/QP1A.190711.020) AppleWebKit/537.36 (KHTML, like Gecko) Chrome/77.0.3865.116 Mobile Safari/537.36 HeyTapBrowser/45.7.8.1"
106.207.156.28 - - [27/Jul/2021:10:36:43 +0000] "GET /results2019.php?year=2019 HTTP/1.1" 200 884024 "http://shrihanumanlottery.com/" "Mozilla/5.0 (Linux; Android 6.0; Lenovo A7000-a Build/MRA58K) AppleWebKit/537.36 (KHTML, like Gecko) Chrome/46.0.2490.76 Mobile Safari/537.36"
223.189.151.61 - - [27/Jul/2021:10:36:51 +0000] "POST /secureadmin/admin/loginsuccess.php HTTP/1.1" 302 - "http://shrihanumanlottery.com/secureadmin/admin/" "Mozilla/5.0 (Linux; U; Android 10; hi-in; CPH1969 Build/QP1A.190711.020) AppleWebKit/537.36 (KHTML, like Gecko) Chrome/77.0.3865.116 Mobile Safari/537.36 HeyTapBrowser/45.7.8.1"
223.189.151.61 - - [27/Jul/2021:10:36:51 +0000] "GET /secureadmin/admin/add-results.php?message=success HTTP/1.1" 200 19805 "http://shrihanumanlottery.com/secureadmin/admin/" "Mozilla/5.0 (Linux; U; Android 10; hi-in; CPH1969 Build/QP1A.190711.020) AppleWebKit/537.36 (KHTML, like Gecko) Chrome/77.0.3865.116 Mobile Safari/537.36 HeyTapBrowser/45.7.8.1"
223.189.151.61 - - [27/Jul/2021:10:36:51 +0000] "GET /secureadmin/admin/menuContent.html HTTP/1.1" 404 232 "http://shrihanumanlottery.com/secureadmin/admin/add-results.php?message=success" "Mozilla/5.0 (Linux; U; Android 10; hi-in; CPH1969 Build/QP1A.190711.020) AppleWebKit/537.36 (KHTML, like Gecko) Chrome/77.0.3865.116 Mobile Safari/537.36 HeyTapBrowser/45.7.8.1"
106.207.156.28 - - [27/Jul/2021:10:36:54 +0000] "GET / HTTP/1.1" 200 8249 "-" "Mozilla/5.0 (Linux; Android 6.0; Lenovo A7000-a Build/MRA58K) AppleWebKit/537.36 (KHTML, like Gecko) Chrome/46.0.2490.76 Mobile Safari/537.36"
106.207.156.28 - - [27/Jul/2021:10:37:19 +0000] "GET / HTTP/1.1" 200 8249 "-" "Mozilla/5.0 (Linux; Android 6.0; Lenovo A7000-a Build/MRA58K) AppleWebKit/537.36 (KHTML, like Gecko) Chrome/46.0.2490.76 Mobile Safari/537.36"
106.207.156.28 - - [27/Jul/2021:10:37:19 +0000] "GET /css/style.css HTTP/1.1" 304 - "http://shrihanumanlottery.com/" "Mozilla/5.0 (Linux; Android 6.0; Lenovo A7000-a Build/MRA58K) AppleWebKit/537.36 (KHTML, like Gecko) Chrome/46.0.2490.76 Mobile Safari/537.36"
106.207.156.28 - - [27/Jul/2021:10:37:19 +0000] "GET /images/shrihanuman.gif HTTP/1.1" 304 - "http://shrihanumanlottery.com/" "Mozilla/5.0 (Linux; Android 6.0; Lenovo A7000-a Build/MRA58K) AppleWebKit/537.36 (KHTML, like Gecko) Chrome/46.0.2490.76 Mobile Safari/537.36"
106.207.156.28 - - [27/Jul/2021:10:37:19 +0000] "GET /galleryimg/6547081shrihanumanji.jpg HTTP/1.1" 304 - "http://shrihanumanlottery.com/" "Mozilla/5.0 (Linux; Android 6.0; Lenovo A7000-a Build/MRA58K) AppleWebKit/537.36 (KHTML, like Gecko) Chrome/46.0.2490.76 Mobile Safari/537.36"
106.207.156.28 - - [27/Jul/2021:10:37:19 +0000] "GET /img/star12.gif HTTP/1.1" 304 - "http://shrihanumanlottery.com/" "Mozilla/5.0 (Linux; Android 6.0; Lenovo A7000-a Build/MRA58K) AppleWebKit/537.36 (KHTML, like Gecko) Chrome/46.0.2490.76 Mobile Safari/537.36"
223.189.151.61 - - [27/Jul/2021:10:37:23 +0000] "POST /secureadmin/admin/processProduct.php?action=addPageContent HTTP/1.1" 200 138 "http://shrihanumanlottery.com/secureadmin/admin/add-results.php?message=success" "Mozilla/5.0 (Linux; U; Android 10; hi-in; CPH1969 Build/QP1A.190711.020) AppleWebKit/537.36 (KHTML, like Gecko) Chrome/77.0.3865.116 Mobile Safari/537.36 HeyTapBrowser/45.7.8.1"
106.207.156.28 - - [27/Jul/2021:10:37:23 +0000] "GET / HTTP/1.1" 200 8363 "-" "Mozilla/5.0 (Linux; Android 6.0; Lenovo A7000-a Build/MRA58K) AppleWebKit/537.36 (KHTML, like Gecko) Chrome/46.0.2490.76 Mobile Safari/537.36"
106.207.156.28 - - [27/Jul/2021:10:37:23 +0000] "GET /css/style.css HTTP/1.1" 304 - "http://shrihanumanlottery.com/" "Mozilla/5.0 (Linux; Android 6.0; Lenovo A7000-a Build/MRA58K) AppleWebKit/537.36 (KHTML, like Gecko) Chrome/46.0.2490.76 Mobile Safari/537.36"
106.207.156.28 - - [27/Jul/2021:10:37:23 +0000] "GET /images/shrihanuman.gif HTTP/1.1" 304 - "http://shrihanumanlottery.com/" "Mozilla/5.0 (Linux; Android 6.0; Lenovo A7000-a Build/MRA58K) AppleWebKit/537.36 (KHTML, like Gecko) Chrome/46.0.2490.76 Mobile Safari/537.36"
106.207.156.28 - - [27/Jul/2021:10:37:23 +0000] "GET /galleryimg/6547081shrihanumanji.jpg HTTP/1.1" 304 - "http://shrihanumanlottery.com/" "Mozilla/5.0 (Linux; Android 6.0; Lenovo A7000-a Build/MRA58K) AppleWebKit/537.36 (KHTML, like Gecko) Chrome/46.0.2490.76 Mobile Safari/537.36"
106.207.156.28 - - [27/Jul/2021:10:37:23 +0000] "GET /img/star12.gif HTTP/1.1" 304 - "http://shrihanumanlottery.com/" "Mozilla/5.0 (Linux; Android 6.0; Lenovo A7000-a Build/MRA58K) AppleWebKit/537.36 (KHTML, like Gecko) Chrome/46.0.2490.76 Mobile Safari/537.36"
223.189.151.61 - - [27/Jul/2021:10:37:24 +0000] "GET /secureadmin/admin/add-results.php HTTP/1.1" 200 20411 "http://shrihanumanlottery.com/secureadmin/admin/processProduct.php?action=addPageContent" "Mozilla/5.0 (Linux; U; Android 10; hi-in; CPH1969 Build/QP1A.190711.020) AppleWebKit/537.36 (KHTML, like Gecko) Chrome/77.0.3865.116 Mobile Safari/537.36 HeyTapBrowser/45.7.8.1"
223.189.151.61 - - [27/Jul/2021:10:37:24 +0000] "GET /secureadmin/admin/menuContent.html HTTP/1.1" 404 232 "http://shrihanumanlottery.com/secureadmin/admin/add-results.php" "Mozilla/5.0 (Linux; U; Android 10; hi-in; CPH1969 Build/QP1A.190711.020) AppleWebKit/537.36 (KHTML, like Gecko) Chrome/77.0.3865.116 Mobile Safari/537.36 HeyTapBrowser/45.7.8.1"
106.207.156.28 - - [27/Jul/2021:10:37:26 +0000] "GET / HTTP/1.1" 200 8363 "-" "Mozilla/5.0 (Linux; Android 6.0; Lenovo A7000-a Build/MRA58K) AppleWebKit/537.36 (KHTML, like Gecko) Chrome/46.0.2490.76 Mobile Safari/537.36"
106.207.156.28 - - [27/Jul/2021:10:37:27 +0000] "GET /css/style.css HTTP/1.1" 304 - "http://shrihanumanlottery.com/" "Mozilla/5.0 (Linux; Android 6.0; Lenovo A7000-a Build/MRA58K) AppleWebKit/537.36 (KHTML, like Gecko) Chrome/46.0.2490.76 Mobile Safari/537.36"
106.207.156.28 - - [27/Jul/2021:10:37:27 +0000] "GET /images/shrihanuman.gif HTTP/1.1" 304 - "http://shrihanumanlottery.com/" "Mozilla/5.0 (Linux; Android 6.0; Lenovo A7000-a Build/MRA58K) AppleWebKit/537.36 (KHTML, like Gecko) Chrome/46.0.2490.76 Mobile Safari/537.36"
106.207.156.28 - - [27/Jul/2021:10:37:27 +0000] "GET /galleryimg/6547081shrihanumanji.jpg HTTP/1.1" 304 - "http://shrihanumanlottery.com/" "Mozilla/5.0 (Linux; Android 6.0; Lenovo A7000-a Build/MRA58K) AppleWebKit/537.36 (KHTML, like Gecko) Chrome/46.0.2490.76 Mobile Safari/537.36"
106.207.156.28 - - [27/Jul/2021:10:37:27 +0000] "GET /img/star12.gif HTTP/1.1" 304 - "http://shrihanumanlottery.com/" "Mozilla/5.0 (Linux; Android 6.0; Lenovo A7000-a Build/MRA58K) AppleWebKit/537.36 (KHTML, like Gecko) Chrome/46.0.2490.76 Mobile Safari/537.36"
106.207.156.28 - - [27/Jul/2021:10:37:28 +0000] "GET / HTTP/1.1" 200 8363 "-" "Mozilla/5.0 (Linux; Android 6.0; Lenovo A7000-a Build/MRA58K) AppleWebKit/537.36 (KHTML, like Gecko) Chrome/46.0.2490.76 Mobile Safari/537.36"
106.207.156.28 - - [27/Jul/2021:10:37:28 +0000] "GET /css/style.css HTTP/1.1" 304 - "http://shrihanumanlottery.com/" "Mozilla/5.0 (Linux; Android 6.0; Lenovo A7000-a Build/MRA58K) AppleWebKit/537.36 (KHTML, like Gecko) Chrome/46.0.2490.76 Mobile Safari/537.36"
106.207.156.28 - - [27/Jul/2021:10:37:28 +0000] "GET /images/shrihanuman.gif HTTP/1.1" 304 - "http://shrihanumanlottery.com/" "Mozilla/5.0 (Linux; Android 6.0; Lenovo A7000-a Build/MRA58K) AppleWebKit/537.36 (KHTML, like Gecko) Chrome/46.0.2490.76 Mobile Safari/537.36"
106.207.156.28 - - [27/Jul/2021:10:37:28 +0000] "GET /galleryimg/6547081shrihanumanji.jpg HTTP/1.1" 304 - "http://shrihanumanlottery.com/" "Mozilla/5.0 (Linux; Android 6.0; Lenovo A7000-a Build/MRA58K) AppleWebKit/537.36 (KHTML, like Gecko) Chrome/46.0.2490.76 Mobile Safari/537.36"
106.207.156.28 - - [27/Jul/2021:10:37:28 +0000] "GET /img/star12.gif HTTP/1.1" 304 - "http://shrihanumanlottery.com/" "Mozilla/5.0 (Linux; Android 6.0; Lenovo A7000-a Build/MRA58K) AppleWebKit/537.36 (KHTML, like Gecko) Chrome/46.0.2490.76 Mobile Safari/537.36"
223.189.151.61 - - [27/Jul/2021:10:37:28 +0000] "GET / HTTP/1.1" 200 8363 "-" "Mozilla/5.0 (Linux; U; Android 10; hi-in; CPH1969 Build/QP1A.190711.020) AppleWebKit/537.36 (KHTML, like Gecko) Chrome/77.0.3865.116 Mobile Safari/537.36 HeyTapBrowser/45.7.8.1"
