157.47.200.58 - - [28/Jul/2021:11:20:18 +0000] "GET / HTTP/1.1" 200 8925 "https://www.google.com/" "Mozilla/5.0 (Linux; Android 10; Nokia 2.4) AppleWebKit/537.36 (KHTML, like Gecko) Chrome/81.0.4044.138 Mobile Safari/537.36"
106.79.192.142 - - [28/Jul/2021:11:20:19 +0000] "POST /secureadmin/admin/processProduct.php?action=modifyPageContent HTTP/1.1" 200 146 "http://www.shrihanumanlottery.com/secureadmin/admin/add-contentpages.php" "Mozilla/5.0 (Windows NT 6.1; rv:89.0) Gecko/20100101 Firefox/89.0"
223.189.150.95 - - [28/Jul/2021:11:20:23 +0000] "GET / HTTP/1.1" 200 8953 "https://shrihanumanlottery.com/" "Mozilla/5.0 (Linux; Android 10; CPH1969) AppleWebKit/537.36 (KHTML, like Gecko) Chrome/81.0.4044.138 Mobile Safari/537.36"
223.189.150.95 - - [28/Jul/2021:11:20:24 +0000] "GET / HTTP/1.1" 200 8953 "https://shrihanumanlottery.com/" "Mozilla/5.0 (Linux; Android 10; CPH1969) AppleWebKit/537.36 (KHTML, like Gecko) Chrome/81.0.4044.138 Mobile Safari/537.36"
223.189.150.95 - - [28/Jul/2021:11:20:25 +0000] "GET / HTTP/1.1" 200 8953 "https://shrihanumanlottery.com/" "Mozilla/5.0 (Linux; Android 10; CPH1969) AppleWebKit/537.36 (KHTML, like Gecko) Chrome/81.0.4044.138 Mobile Safari/537.36"
223.189.150.95 - - [28/Jul/2021:11:20:30 +0000] "GET / HTTP/1.1" 200 8953 "https://shrihanumanlottery.com/" "Mozilla/5.0 (Linux; Android 10; CPH1969) AppleWebKit/537.36 (KHTML, like Gecko) Chrome/81.0.4044.138 Mobile Safari/537.36"
106.79.192.142 - - [28/Jul/2021:11:20:31 +0000] "GET /secureadmin/admin/add-contentpages.php HTTP/1.1" 200 11689 "http://www.shrihanumanlottery.com/secureadmin/admin/processProduct.php?action=modifyPageContent" "Mozilla/5.0 (Windows NT 6.1; rv:89.0) Gecko/20100101 Firefox/89.0"
106.79.192.142 - - [28/Jul/2021:11:20:31 +0000] "GET /secureadmin/admin/ckeditor/_source/core/loader.js?t=B5GJ5GG HTTP/1.1" 404 247 "http://www.shrihanumanlottery.com/secureadmin/admin/add-contentpages.php" "Mozilla/5.0 (Windows NT 6.1; rv:89.0) Gecko/20100101 Firefox/89.0"
106.79.192.142 - - [28/Jul/2021:11:20:32 +0000] "GET /secureadmin/admin/menuContent.html HTTP/1.1" 404 232 "http://www.shrihanumanlottery.com/secureadmin/admin/add-contentpages.php" "Mozilla/5.0 (Windows NT 6.1; rv:89.0) Gecko/20100101 Firefox/89.0"
223.189.150.95 - - [28/Jul/2021:11:20:32 +0000] "GET / HTTP/1.1" 200 8953 "https://shrihanumanlottery.com/" "Mozilla/5.0 (Linux; Android 10; CPH1969) AppleWebKit/537.36 (KHTML, like Gecko) Chrome/81.0.4044.138 Mobile Safari/537.36"
157.47.200.58 - - [28/Jul/2021:11:20:39 +0000] "GET /results.php?year=2021 HTTP/1.1" 200 6866 "https://shrihanumanlottery.com/" "Mozilla/5.0 (Linux; Android 10; Nokia 2.4) AppleWebKit/537.36 (KHTML, like Gecko) Chrome/81.0.4044.138 Mobile Safari/537.36"
106.79.192.142 - - [28/Jul/2021:11:20:52 +0000] "POST /secureadmin/admin/processProduct.php?action=modifyPageContent HTTP/1.1" 200 146 "http://www.shrihanumanlottery.com/secureadmin/admin/add-contentpages.php" "Mozilla/5.0 (Windows NT 6.1; rv:89.0) Gecko/20100101 Firefox/89.0"
223.189.150.95 - - [28/Jul/2021:11:20:54 +0000] "GET / HTTP/1.1" 200 8953 "https://www.google.com/" "Mozilla/5.0 (Linux; Android 10; CPH1969) AppleWebKit/537.36 (KHTML, like Gecko) Chrome/81.0.4044.138 Mobile Safari/537.36"
223.189.150.95 - - [28/Jul/2021:11:20:56 +0000] "GET / HTTP/1.1" 200 8953 "https://shrihanumanlottery.com/" "Mozilla/5.0 (Linux; Android 10; CPH1969) AppleWebKit/537.36 (KHTML, like Gecko) Chrome/81.0.4044.138 Mobile Safari/537.36"
106.79.192.142 - - [28/Jul/2021:11:21:04 +0000] "GET /secureadmin/admin/add-contentpages.php HTTP/1.1" 200 11689 "http://www.shrihanumanlottery.com/secureadmin/admin/processProduct.php?action=modifyPageContent" "Mozilla/5.0 (Windows NT 6.1; rv:89.0) Gecko/20100101 Firefox/89.0"
106.79.192.142 - - [28/Jul/2021:11:21:04 +0000] "GET /secureadmin/admin/ckeditor/_source/core/loader.js?t=B5GJ5GG HTTP/1.1" 404 247 "http://www.shrihanumanlottery.com/secureadmin/admin/add-contentpages.php" "Mozilla/5.0 (Windows NT 6.1; rv:89.0) Gecko/20100101 Firefox/89.0"
106.79.192.142 - - [28/Jul/2021:11:21:05 +0000] "GET /secureadmin/admin/menuContent.html HTTP/1.1" 404 232 "http://www.shrihanumanlottery.com/secureadmin/admin/add-contentpages.php" "Mozilla/5.0 (Windows NT 6.1; rv:89.0) Gecko/20100101 Firefox/89.0"
223.189.150.95 - - [28/Jul/2021:11:21:21 +0000] "GET / HTTP/1.1" 200 8953 "https://shrihanumanlottery.com/" "Mozilla/5.0 (Linux; Android 10; CPH1969) AppleWebKit/537.36 (KHTML, like Gecko) Chrome/81.0.4044.138 Mobile Safari/537.36"
223.189.150.95 - - [28/Jul/2021:11:21:31 +0000] "GET / HTTP/1.1" 200 8953 "https://shrihanumanlottery.com/" "Mozilla/5.0 (Linux; Android 10; CPH1969) AppleWebKit/537.36 (KHTML, like Gecko) Chrome/81.0.4044.138 Mobile Safari/537.36"
223.189.150.95 - - [28/Jul/2021:11:21:32 +0000] "GET / HTTP/1.1" 200 8953 "https://shrihanumanlottery.com/" "Mozilla/5.0 (Linux; Android 10; CPH1969) AppleWebKit/537.36 (KHTML, like Gecko) Chrome/81.0.4044.138 Mobile Safari/537.36"
223.189.150.95 - - [28/Jul/2021:11:21:35 +0000] "GET /results.php?year=2021 HTTP/1.1" 200 6866 "https://shrihanumanlottery.com/" "Mozilla/5.0 (Linux; Android 10; CPH1969) AppleWebKit/537.36 (KHTML, like Gecko) Chrome/81.0.4044.138 Mobile Safari/537.36"
223.189.150.95 - - [28/Jul/2021:11:21:42 +0000] "GET / HTTP/1.1" 200 8953 "https://shrihanumanlottery.com/" "Mozilla/5.0 (Linux; Android 10; CPH1969) AppleWebKit/537.36 (KHTML, like Gecko) Chrome/81.0.4044.138 Mobile Safari/537.36"
223.189.150.95 - - [28/Jul/2021:11:21:53 +0000] "GET / HTTP/1.1" 200 8953 "https://shrihanumanlottery.com/" "Mozilla/5.0 (Linux; Android 10; CPH1969) AppleWebKit/537.36 (KHTML, like Gecko) Chrome/81.0.4044.138 Mobile Safari/537.36"
223.189.150.95 - - [28/Jul/2021:11:22:00 +0000] "GET / HTTP/1.1" 200 8953 "https://shrihanumanlottery.com/" "Mozilla/5.0 (Linux; Android 10; CPH1969) AppleWebKit/537.36 (KHTML, like Gecko) Chrome/81.0.4044.138 Mobile Safari/537.36"
223.189.150.95 - - [28/Jul/2021:11:22:01 +0000] "GET / HTTP/1.1" 200 8953 "https://shrihanumanlottery.com/" "Mozilla/5.0 (Linux; Android 10; CPH1969) AppleWebKit/537.36 (KHTML, like Gecko) Chrome/81.0.4044.138 Mobile Safari/537.36"
223.189.150.95 - - [28/Jul/2021:11:22:05 +0000] "GET / HTTP/1.1" 200 8953 "https://shrihanumanlottery.com/" "Mozilla/5.0 (Linux; Android 10; CPH1969) AppleWebKit/537.36 (KHTML, like Gecko) Chrome/81.0.4044.138 Mobile Safari/537.36"
223.189.150.95 - - [28/Jul/2021:11:22:07 +0000] "GET / HTTP/1.1" 200 8953 "https://shrihanumanlottery.com/" "Mozilla/5.0 (Linux; Android 10; CPH1969) AppleWebKit/537.36 (KHTML, like Gecko) Chrome/81.0.4044.138 Mobile Safari/537.36"
106.79.192.142 - - [28/Jul/2021:11:22:18 +0000] "POST /secureadmin/admin/processProduct.php?action=modifyPageContent HTTP/1.1" 200 146 "http://www.shrihanumanlottery.com/secureadmin/admin/add-contentpages.php" "Mozilla/5.0 (Windows NT 6.1; rv:89.0) Gecko/20100101 Firefox/89.0"
106.79.192.142 - - [28/Jul/2021:11:22:20 +0000] "GET /secureadmin/admin/add-contentpages.php HTTP/1.1" 200 11689 "http://www.shrihanumanlottery.com/secureadmin/admin/processProduct.php?action=modifyPageContent" "Mozilla/5.0 (Windows NT 6.1; rv:89.0) Gecko/20100101 Firefox/89.0"
106.79.192.142 - - [28/Jul/2021:11:22:20 +0000] "GET /secureadmin/admin/ckeditor/_source/core/loader.js?t=B5GJ5GG HTTP/1.1" 404 247 "http://www.shrihanumanlottery.com/secureadmin/admin/add-contentpages.php" "Mozilla/5.0 (Windows NT 6.1; rv:89.0) Gecko/20100101 Firefox/89.0"
106.79.192.142 - - [28/Jul/2021:11:22:21 +0000] "GET /secureadmin/admin/menuContent.html HTTP/1.1" 404 232 "http://www.shrihanumanlottery.com/secureadmin/admin/add-contentpages.php" "Mozilla/5.0 (Windows NT 6.1; rv:89.0) Gecko/20100101 Firefox/89.0"
223.189.150.95 - - [28/Jul/2021:11:22:22 +0000] "GET / HTTP/1.1" 200 8953 "https://shrihanumanlottery.com/" "Mozilla/5.0 (Linux; Android 10; CPH1969) AppleWebKit/537.36 (KHTML, like Gecko) Chrome/81.0.4044.138 Mobile Safari/537.36"
223.189.150.95 - - [28/Jul/2021:11:22:28 +0000] "GET / HTTP/1.1" 200 8953 "https://shrihanumanlottery.com/" "Mozilla/5.0 (Linux; Android 10; CPH1969) AppleWebKit/537.36 (KHTML, like Gecko) Chrome/81.0.4044.138 Mobile Safari/537.36"
223.189.150.95 - - [28/Jul/2021:11:22:32 +0000] "GET / HTTP/1.1" 200 8953 "https://shrihanumanlottery.com/" "Mozilla/5.0 (Linux; Android 10; CPH1969) AppleWebKit/537.36 (KHTML, like Gecko) Chrome/81.0.4044.138 Mobile Safari/537.36"
223.189.150.95 - - [28/Jul/2021:11:22:34 +0000] "GET / HTTP/1.1" 200 8953 "https://shrihanumanlottery.com/" "Mozilla/5.0 (Linux; Android 10; CPH1969) AppleWebKit/537.36 (KHTML, like Gecko) Chrome/81.0.4044.138 Mobile Safari/537.36"
223.189.150.95 - - [28/Jul/2021:11:22:51 +0000] "GET / HTTP/1.1" 200 8953 "https://www.google.com/" "Mozilla/5.0 (Linux; Android 10; CPH1969) AppleWebKit/537.36 (KHTML, like Gecko) Chrome/81.0.4044.138 Mobile Safari/537.36"
223.189.150.95 - - [28/Jul/2021:11:22:54 +0000] "GET / HTTP/1.1" 200 8953 "https://shrihanumanlottery.com/" "Mozilla/5.0 (Linux; Android 10; CPH1969) AppleWebKit/537.36 (KHTML, like Gecko) Chrome/81.0.4044.138 Mobile Safari/537.36"
106.79.192.142 - - [28/Jul/2021:11:22:58 +0000] "GET /secureadmin/admin/add-contentpages.php HTTP/1.1" 200 11689 "http://www.shrihanumanlottery.com/secureadmin/admin/processProduct.php?action=modifyPageContent" "Mozilla/5.0 (Windows NT 6.1; rv:89.0) Gecko/20100101 Firefox/89.0"
223.189.150.95 - - [28/Jul/2021:11:23:11 +0000] "GET /results.php?year=2021 HTTP/1.1" 200 6866 "https://shrihanumanlottery.com/" "Mozilla/5.0 (Linux; Android 10; CPH1969) AppleWebKit/537.36 (KHTML, like Gecko) Chrome/81.0.4044.138 Mobile Safari/537.36"
157.38.202.139 - - [28/Jul/2021:11:23:51 +0000] "GET / HTTP/1.1" 200 8953 "https://www.google.com/" "Mozilla/5.0 (Linux; Android 8.1.0; CPH1909) AppleWebKit/537.36 (KHTML, like Gecko) Chrome/87.0.4280.101 Mobile Safari/537.36"
157.38.202.139 - - [28/Jul/2021:11:23:53 +0000] "GET /img/favicon2.png HTTP/1.1" 404 214 "https://shrihanumanlottery.com/" "Mozilla/5.0 (Linux; Android 8.1.0; CPH1909) AppleWebKit/537.36 (KHTML, like Gecko) Chrome/87.0.4280.101 Mobile Safari/537.36"
223.189.150.95 - - [28/Jul/2021:11:25:50 +0000] "GET / HTTP/1.1" 200 8953 "https://www.google.com/" "Mozilla/5.0 (Linux; Android 10; CPH1969) AppleWebKit/537.36 (KHTML, like Gecko) Chrome/81.0.4044.138 Mobile Safari/537.36"
157.38.7.66 - - [28/Jul/2021:11:26:26 +0000] "GET / HTTP/1.1" 200 8953 "-" "Mozilla/5.0 (Linux; Android 5.1.1; SM-J200G Build/LMY47X) AppleWebKit/537.36 (KHTML, like Gecko) Chrome/55.0.2883.91 Mobile Safari/537.36"
157.38.7.66 - - [28/Jul/2021:11:26:26 +0000] "GET /css/style.css HTTP/1.1" 200 2122 "https://shrihanumanlottery.com/" "Mozilla/5.0 (Linux; Android 5.1.1; SM-J200G Build/LMY47X) AppleWebKit/537.36 (KHTML, like Gecko) Chrome/55.0.2883.91 Mobile Safari/537.36"
157.38.7.66 - - [28/Jul/2021:11:26:26 +0000] "GET /images/shrihanuman.gif HTTP/1.1" 200 160010 "https://shrihanumanlottery.com/" "Mozilla/5.0 (Linux; Android 5.1.1; SM-J200G Build/LMY47X) AppleWebKit/537.36 (KHTML, like Gecko) Chrome/55.0.2883.91 Mobile Safari/537.36"
157.38.7.66 - - [28/Jul/2021:11:26:26 +0000] "GET /galleryimg/6547081shrihanumanji.jpg HTTP/1.1" 200 104888 "https://shrihanumanlottery.com/" "Mozilla/5.0 (Linux; Android 5.1.1; SM-J200G Build/LMY47X) AppleWebKit/537.36 (KHTML, like Gecko) Chrome/55.0.2883.91 Mobile Safari/537.36"
157.38.7.66 - - [28/Jul/2021:11:26:27 +0000] "GET /img/star12.gif HTTP/1.1" 200 10588 "https://shrihanumanlottery.com/css/style.css" "Mozilla/5.0 (Linux; Android 5.1.1; SM-J200G Build/LMY47X) AppleWebKit/537.36 (KHTML, like Gecko) Chrome/55.0.2883.91 Mobile Safari/537.36"
157.38.7.66 - - [28/Jul/2021:11:26:27 +0000] "GET /img/favicon2.png HTTP/1.1" 404 214 "https://shrihanumanlottery.com/" "Mozilla/5.0 (Linux; Android 5.1.1; SM-J200G Build/LMY47X) AppleWebKit/537.36 (KHTML, like Gecko) Chrome/55.0.2883.91 Mobile Safari/537.36"
223.189.150.95 - - [28/Jul/2021:11:29:25 +0000] "GET / HTTP/1.1" 200 8953 "https://www.google.com/" "Mozilla/5.0 (Linux; Android 10; CPH1969) AppleWebKit/537.36 (KHTML, like Gecko) Chrome/81.0.4044.138 Mobile Safari/537.36"
157.38.7.66 - - [28/Jul/2021:11:31:00 +0000] "GET / HTTP/1.1" 200 8953 "-" "Mozilla/5.0 (Linux; Android 5.1.1; SM-J200G Build/LMY47X) AppleWebKit/537.36 (KHTML, like Gecko) Chrome/55.0.2883.91 Mobile Safari/537.36"
157.38.7.66 - - [28/Jul/2021:11:32:46 +0000] "GET / HTTP/1.1" 200 8953 "-" "Mozilla/5.0 (Linux; Android 5.1.1; SM-J200G Build/LMY47X) AppleWebKit/537.36 (KHTML, like Gecko) Chrome/55.0.2883.91 Mobile Safari/537.36"
106.206.162.55 - - [28/Jul/2021:11:36:06 +0000] "GET / HTTP/1.1" 200 8953 "-" "Mozilla/5.0 (Linux; Android 10; M2010J19SI) AppleWebKit/537.36 (KHTML, like Gecko) Chrome/83.0.4103.101 Mobile Safari/537.36"
106.207.149.88 - - [28/Jul/2021:11:36:11 +0000] "GET / HTTP/1.1" 200 8953 "-" "Mozilla/5.0 (Linux; Android 6.0; Lenovo A7000-a Build/MRA58K) AppleWebKit/537.36 (KHTML, like Gecko) Chrome/46.0.2490.76 Mobile Safari/537.36"
106.207.149.88 - - [28/Jul/2021:11:36:12 +0000] "GET /css/style.css HTTP/1.1" 200 2122 "https://shrihanumanlottery.com/" "Mozilla/5.0 (Linux; Android 6.0; Lenovo A7000-a Build/MRA58K) AppleWebKit/537.36 (KHTML, like Gecko) Chrome/46.0.2490.76 Mobile Safari/537.36"
106.207.149.88 - - [28/Jul/2021:11:36:12 +0000] "GET /galleryimg/6547081shrihanumanji.jpg HTTP/1.1" 200 104888 "https://shrihanumanlottery.com/" "Mozilla/5.0 (Linux; Android 6.0; Lenovo A7000-a Build/MRA58K) AppleWebKit/537.36 (KHTML, like Gecko) Chrome/46.0.2490.76 Mobile Safari/537.36"
106.207.149.88 - - [28/Jul/2021:11:36:12 +0000] "GET /images/shrihanuman.gif HTTP/1.1" 200 160010 "https://shrihanumanlottery.com/" "Mozilla/5.0 (Linux; Android 6.0; Lenovo A7000-a Build/MRA58K) AppleWebKit/537.36 (KHTML, like Gecko) Chrome/46.0.2490.76 Mobile Safari/537.36"
106.207.149.88 - - [28/Jul/2021:11:36:12 +0000] "GET /img/star12.gif HTTP/1.1" 200 10588 "https://shrihanumanlottery.com/css/style.css" "Mozilla/5.0 (Linux; Android 6.0; Lenovo A7000-a Build/MRA58K) AppleWebKit/537.36 (KHTML, like Gecko) Chrome/46.0.2490.76 Mobile Safari/537.36"
106.207.149.88 - - [28/Jul/2021:11:36:12 +0000] "GET /img/favicon2.png HTTP/1.1" 404 214 "https://shrihanumanlottery.com/" "Mozilla/5.0 (Linux; Android 6.0; Lenovo A7000-a Build/MRA58K) AppleWebKit/537.36 (KHTML, like Gecko) Chrome/46.0.2490.76 Mobile Safari/537.36"
157.38.7.66 - - [28/Jul/2021:11:36:27 +0000] "GET / HTTP/1.1" 200 8953 "-" "Mozilla/5.0 (Linux; Android 5.1.1; SM-J200G Build/LMY47X) AppleWebKit/537.36 (KHTML, like Gecko) Chrome/55.0.2883.91 Mobile Safari/537.36"
223.189.150.95 - - [28/Jul/2021:11:37:06 +0000] "GET /secureadmin/admin/ HTTP/1.1" 200 6754 "-" "Mozilla/5.0 (Linux; U; Android 10; hi-in; CPH1969 Build/QP1A.190711.020) AppleWebKit/537.36 (KHTML, like Gecko) Chrome/77.0.3865.116 Mobile Safari/537.36 HeyTapBrowser/45.7.8.1"
223.189.150.95 - - [28/Jul/2021:11:37:07 +0000] "GET /secureadmin/admin/menuContent.html HTTP/1.1" 404 232 "http://shrihanumanlottery.com/secureadmin/admin/" "Mozilla/5.0 (Linux; U; Android 10; hi-in; CPH1969 Build/QP1A.190711.020) AppleWebKit/537.36 (KHTML, like Gecko) Chrome/77.0.3865.116 Mobile Safari/537.36 HeyTapBrowser/45.7.8.1"
223.189.150.95 - - [28/Jul/2021:11:37:07 +0000] "GET /favicon.ico HTTP/1.1" 404 209 "http://shrihanumanlottery.com/secureadmin/admin/" "Mozilla/5.0 (Linux; U; Android 10; hi-in; CPH1969 Build/QP1A.190711.020) AppleWebKit/537.36 (KHTML, like Gecko) Chrome/77.0.3865.116 Mobile Safari/537.36 HeyTapBrowser/45.7.8.1"
223.189.150.95 - - [28/Jul/2021:11:37:15 +0000] "POST /secureadmin/admin/loginsuccess.php HTTP/1.1" 302 - "http://shrihanumanlottery.com/secureadmin/admin/" "Mozilla/5.0 (Linux; U; Android 10; hi-in; CPH1969 Build/QP1A.190711.020) AppleWebKit/537.36 (KHTML, like Gecko) Chrome/77.0.3865.116 Mobile Safari/537.36 HeyTapBrowser/45.7.8.1"
223.189.150.95 - - [28/Jul/2021:11:37:15 +0000] "GET /secureadmin/admin/add-results.php?message=success HTTP/1.1" 200 21018 "http://shrihanumanlottery.com/secureadmin/admin/" "Mozilla/5.0 (Linux; U; Android 10; hi-in; CPH1969 Build/QP1A.190711.020) AppleWebKit/537.36 (KHTML, like Gecko) Chrome/77.0.3865.116 Mobile Safari/537.36 HeyTapBrowser/45.7.8.1"
157.38.7.66 - - [28/Jul/2021:11:37:15 +0000] "GET / HTTP/1.1" 200 8953 "-" "Mozilla/5.0 (Linux; Android 5.1.1; SM-J200G Build/LMY47X) AppleWebKit/537.36 (KHTML, like Gecko) Chrome/55.0.2883.91 Mobile Safari/537.36"
223.189.150.95 - - [28/Jul/2021:11:37:15 +0000] "GET /secureadmin/admin/menuContent.html HTTP/1.1" 404 232 "http://shrihanumanlottery.com/secureadmin/admin/add-results.php?message=success" "Mozilla/5.0 (Linux; U; Android 10; hi-in; CPH1969 Build/QP1A.190711.020) AppleWebKit/537.36 (KHTML, like Gecko) Chrome/77.0.3865.116 Mobile Safari/537.36 HeyTapBrowser/45.7.8.1"
157.38.7.66 - - [28/Jul/2021:11:37:42 +0000] "GET / HTTP/1.1" 200 8953 "-" "Mozilla/5.0 (Linux; Android 5.1.1; SM-J200G Build/LMY47X) AppleWebKit/537.36 (KHTML, like Gecko) Chrome/55.0.2883.91 Mobile Safari/537.36"
223.189.150.95 - - [28/Jul/2021:11:37:55 +0000] "POST /secureadmin/admin/processProduct.php?action=addPageContent HTTP/1.1" 200 138 "http://shrihanumanlottery.com/secureadmin/admin/add-results.php?message=success" "Mozilla/5.0 (Linux; U; Android 10; hi-in; CPH1969 Build/QP1A.190711.020) AppleWebKit/537.36 (KHTML, like Gecko) Chrome/77.0.3865.116 Mobile Safari/537.36 HeyTapBrowser/45.7.8.1"
223.189.150.95 - - [28/Jul/2021:11:37:56 +0000] "GET /secureadmin/admin/add-results.php HTTP/1.1" 200 21624 "http://shrihanumanlottery.com/secureadmin/admin/processProduct.php?action=addPageContent" "Mozilla/5.0 (Linux; U; Android 10; hi-in; CPH1969 Build/QP1A.190711.020) AppleWebKit/537.36 (KHTML, like Gecko) Chrome/77.0.3865.116 Mobile Safari/537.36 HeyTapBrowser/45.7.8.1"
223.189.150.95 - - [28/Jul/2021:11:37:57 +0000] "GET /secureadmin/admin/menuContent.html HTTP/1.1" 404 232 "http://shrihanumanlottery.com/secureadmin/admin/add-results.php" "Mozilla/5.0 (Linux; U; Android 10; hi-in; CPH1969 Build/QP1A.190711.020) AppleWebKit/537.36 (KHTML, like Gecko) Chrome/77.0.3865.116 Mobile Safari/537.36 HeyTapBrowser/45.7.8.1"
223.189.150.95 - - [28/Jul/2021:11:38:00 +0000] "GET / HTTP/1.1" 200 9067 "-" "Mozilla/5.0 (Linux; U; Android 10; hi-in; CPH1969 Build/QP1A.190711.020) AppleWebKit/537.36 (KHTML, like Gecko) Chrome/77.0.3865.116 Mobile Safari/537.36 HeyTapBrowser/45.7.8.1"
223.189.150.95 - - [28/Jul/2021:11:38:01 +0000] "GET /img/favicon2.png HTTP/1.1" 404 214 "http://shrihanumanlottery.com/" "Mozilla/5.0 (Linux; U; Android 10; hi-in; CPH1969 Build/QP1A.190711.020) AppleWebKit/537.36 (KHTML, like Gecko) Chrome/77.0.3865.116 Mobile Safari/537.36 HeyTapBrowser/45.7.8.1"
223.189.150.95 - - [28/Jul/2021:11:38:06 +0000] "GET / HTTP/1.1" 200 9067 "http://shrihanumanlottery.com/" "Mozilla/5.0 (Linux; U; Android 10; hi-in; CPH1969 Build/QP1A.190711.020) AppleWebKit/537.36 (KHTML, like Gecko) Chrome/77.0.3865.116 Mobile Safari/537.36 HeyTapBrowser/45.7.8.1"
223.189.150.95 - - [28/Jul/2021:11:38:09 +0000] "GET / HTTP/1.1" 200 9067 "http://shrihanumanlottery.com/" "Mozilla/5.0 (Linux; U; Android 10; hi-in; CPH1969 Build/QP1A.190711.020) AppleWebKit/537.36 (KHTML, like Gecko) Chrome/77.0.3865.116 Mobile Safari/537.36 HeyTapBrowser/45.7.8.1"
157.38.7.66 - - [28/Jul/2021:11:38:13 +0000] "GET / HTTP/1.1" 200 9067 "-" "Mozilla/5.0 (Linux; Android 5.1.1; SM-J200G Build/LMY47X) AppleWebKit/537.36 (KHTML, like Gecko) Chrome/55.0.2883.91 Mobile Safari/537.36"
106.206.162.55 - - [28/Jul/2021:11:38:14 +0000] "GET / HTTP/1.1" 200 9067 "-" "Mozilla/5.0 (Linux; Android 10; M2010J19SI) AppleWebKit/537.36 (KHTML, like Gecko) Chrome/83.0.4103.101 Mobile Safari/537.36"
132.154.22.179 - - [28/Jul/2021:11:40:41 +0000] "GET / HTTP/1.1" 200 9067 "https://www.google.com/" "Mozilla/5.0 (Linux; Android 10; CPH2127) AppleWebKit/537.36 (KHTML, like Gecko) Chrome/83.0.4103.106 Mobile Safari/537.36"
132.154.22.179 - - [28/Jul/2021:11:40:42 +0000] "GET /img/favicon2.png HTTP/1.1" 404 214 "https://shrihanumanlottery.com/" "Mozilla/5.0 (Linux; Android 10; CPH2127) AppleWebKit/537.36 (KHTML, like Gecko) Chrome/83.0.4103.106 Mobile Safari/537.36"
40.77.167.79 - - [28/Jul/2021:11:41:10 +0000] "GET / HTTP/1.1" 200 9067 "-" "Mozilla/5.0 (compatible; bingbot/2.0; +http://www.bing.com/bingbot.htm)"
157.47.200.58 - - [28/Jul/2021:11:50:12 +0000] "GET / HTTP/1.1" 200 9067 "https://www.google.com/" "Mozilla/5.0 (Linux; Android 10; Nokia 2.4) AppleWebKit/537.36 (KHTML, like Gecko) Chrome/81.0.4044.138 Mobile Safari/537.36"
157.47.200.58 - - [28/Jul/2021:11:50:13 +0000] "GET /img/favicon2.png HTTP/1.1" 404 214 "https://shrihanumanlottery.com/" "Mozilla/5.0 (Linux; Android 10; Nokia 2.4) AppleWebKit/537.36 (KHTML, like Gecko) Chrome/81.0.4044.138 Mobile Safari/537.36"
154.51.131.142 - - [28/Jul/2021:11:50:17 +0000] "GET / HTTP/1.1" 200 9067 "-" "Mozilla/5.0 (Windows NT 10.0; Win64; x64) AppleWebKit/537.36 (KHTML, like Gecko) Chrome/79.0.3945.130 Safari/537.36"
157.47.215.138 - - [28/Jul/2021:12:07:16 +0000] "GET / HTTP/1.1" 200 9067 "-" "Mozilla/5.0 (Linux; Android 10; Nokia 2.4) AppleWebKit/537.36 (KHTML, like Gecko) Chrome/81.0.4044.138 Mobile Safari/537.36"
171.79.180.85 - - [28/Jul/2021:12:18:49 +0000] "GET / HTTP/1.1" 200 9067 "-" "Mozilla/5.0 (Linux; Android 10; SAMSUNG SM-M022G Build/QP1A.190711.020; wv) AppleWebKit/537.36 (KHTML, like Gecko) Version/4.0 SamsungBrowser/7.4 Chrome/81.0.4044.138 Mobile Safari/537.36"
66.249.68.86 - - [28/Jul/2021:12:24:15 +0000] "GET / HTTP/1.1" 200 9067 "-" "Mozilla/5.0 (Linux; Android 6.0.1; Nexus 5X Build/MMB29P) AppleWebKit/537.36 (KHTML, like Gecko) Chrome/91.0.4472.90 Mobile Safari/537.36 (compatible; Googlebot/2.1; +http://www.google.com/bot.html)"
66.249.68.90 - - [28/Jul/2021:12:24:16 +0000] "GET / HTTP/1.1" 200 9067 "-" "Mozilla/5.0 (compatible; Googlebot/2.1; +http://www.google.com/bot.html)"
42.105.50.37 - - [28/Jul/2021:12:25:33 +0000] "GET / HTTP/1.1" 200 9067 "-" "Mozilla/5.0 (Linux; Android 7.0; en-us; TECNO IN5 Build/NRD90M;) AppleWebKit/537.36 (KHTML, like Gecko) Version/4.0 Chrome/55.0.2883.91 Mobile Safari/537.36"
42.105.50.37 - - [28/Jul/2021:12:25:34 +0000] "GET /img/favicon2.png HTTP/1.1" 404 214 "http://shrihanumanlottery.com/" "Mozilla/5.0 (Linux; Android 7.0; en-us; TECNO IN5 Build/NRD90M;) AppleWebKit/537.36 (KHTML, like Gecko) Version/4.0 Chrome/55.0.2883.91 Mobile Safari/537.36"
171.79.180.85 - - [28/Jul/2021:12:30:45 +0000] "GET / HTTP/1.1" 200 9067 "-" "Mozilla/5.0 (Linux; Android 10; SAMSUNG SM-M022G Build/QP1A.190711.020; wv) AppleWebKit/537.36 (KHTML, like Gecko) Version/4.0 SamsungBrowser/7.4 Chrome/81.0.4044.138 Mobile Safari/537.36"
66.249.68.90 - - [28/Jul/2021:12:34:28 +0000] "GET /robots.txt HTTP/1.1" 404 208 "-" "Mozilla/5.0 (compatible; Googlebot/2.1; +http://www.google.com/bot.html)"
66.249.68.86 - - [28/Jul/2021:12:34:28 +0000] "GET /results2020.php?year=2020 HTTP/1.1" 200 518071 "-" "Mozilla/5.0 (Linux; Android 6.0.1; Nexus 5X Build/MMB29P) AppleWebKit/537.36 (KHTML, like Gecko) Chrome/91.0.4472.90 Mobile Safari/537.36 (compatible; Googlebot/2.1; +http://www.google.com/bot.html)"
157.38.239.103 - - [28/Jul/2021:12:43:22 +0000] "GET / HTTP/1.1" 200 9067 "https://www.google.com/" "Mozilla/5.0 (Linux; Android 8.1.0; CPH1909) AppleWebKit/537.36 (KHTML, like Gecko) Chrome/87.0.4280.101 Mobile Safari/537.36"
157.38.239.103 - - [28/Jul/2021:12:43:26 +0000] "GET /img/favicon2.png HTTP/1.1" 404 214 "https://shrihanumanlottery.com/" "Mozilla/5.0 (Linux; Android 8.1.0; CPH1909) AppleWebKit/537.36 (KHTML, like Gecko) Chrome/87.0.4280.101 Mobile Safari/537.36"
106.206.139.25 - - [28/Jul/2021:12:43:43 +0000] "GET / HTTP/1.1" 200 9067 "https://www.google.com/" "Mozilla/5.0 (Linux; Android 10; SM-J600G) AppleWebKit/537.36 (KHTML, like Gecko) Chrome/81.0.4044.138 Mobile Safari/537.36"
106.206.139.25 - - [28/Jul/2021:12:43:43 +0000] "GET /css/style.css HTTP/1.1" 200 2122 "https://shrihanumanlottery.com/" "Mozilla/5.0 (Linux; Android 10; SM-J600G) AppleWebKit/537.36 (KHTML, like Gecko) Chrome/81.0.4044.138 Mobile Safari/537.36"
106.206.139.25 - - [28/Jul/2021:12:43:43 +0000] "GET /images/shrihanuman.gif HTTP/1.1" 200 160010 "https://shrihanumanlottery.com/" "Mozilla/5.0 (Linux; Android 10; SM-J600G) AppleWebKit/537.36 (KHTML, like Gecko) Chrome/81.0.4044.138 Mobile Safari/537.36"
106.206.139.25 - - [28/Jul/2021:12:43:44 +0000] "GET /img/star12.gif HTTP/1.1" 200 10588 "https://shrihanumanlottery.com/css/style.css" "Mozilla/5.0 (Linux; Android 10; SM-J600G) AppleWebKit/537.36 (KHTML, like Gecko) Chrome/81.0.4044.138 Mobile Safari/537.36"
106.206.139.25 - - [28/Jul/2021:12:43:43 +0000] "GET /galleryimg/6547081shrihanumanji.jpg HTTP/1.1" 200 104888 "https://shrihanumanlottery.com/" "Mozilla/5.0 (Linux; Android 10; SM-J600G) AppleWebKit/537.36 (KHTML, like Gecko) Chrome/81.0.4044.138 Mobile Safari/537.36"
106.206.139.25 - - [28/Jul/2021:12:43:44 +0000] "GET /img/favicon2.png HTTP/1.1" 404 214 "https://shrihanumanlottery.com/" "Mozilla/5.0 (Linux; Android 10; SM-J600G) AppleWebKit/537.36 (KHTML, like Gecko) Chrome/81.0.4044.138 Mobile Safari/537.36"
157.38.18.111 - - [28/Jul/2021:12:48:33 +0000] "GET / HTTP/1.1" 200 9067 "-" "Mozilla/5.0 (Linux; Android 5.1.1; SM-J200G Build/LMY47X) AppleWebKit/537.36 (KHTML, like Gecko) Chrome/55.0.2883.91 Mobile Safari/537.36"
157.38.18.111 - - [28/Jul/2021:12:48:34 +0000] "GET /img/favicon2.png HTTP/1.1" 404 214 "https://shrihanumanlottery.com/" "Mozilla/5.0 (Linux; Android 5.1.1; SM-J200G Build/LMY47X) AppleWebKit/537.36 (KHTML, like Gecko) Chrome/55.0.2883.91 Mobile Safari/537.36"
114.119.136.120 - - [28/Jul/2021:12:52:58 +0000] "GET /robots.txt HTTP/1.1" 404 208 "-" "Mozilla/5.0 (compatible;PetalBot;+https://webmaster.petalsearch.com/site/petalbot)"
223.189.174.59 - - [28/Jul/2021:13:05:52 +0000] "GET /galleryimg/6547081shrihanumanji.jpg HTTP/1.1" 200 104888 "https://myactivity.google.com/" "Mozilla/5.0 (Linux; Android 8.1.0; Redmi 6A) AppleWebKit/537.36 (KHTML, like Gecko) Chrome/91.0.4472.120 Mobile Safari/537.36"
106.206.153.74 - - [28/Jul/2021:13:11:23 +0000] "GET / HTTP/1.1" 200 9067 "-" "Mozilla/5.0 (Linux; Android 8.1.0; CPH1803) AppleWebKit/537.36 (KHTML, like Gecko) Chrome/90.0.4430.210 Mobile Safari/537.36"
106.206.153.74 - - [28/Jul/2021:13:11:24 +0000] "GET /img/favicon2.png HTTP/1.1" 404 214 "http://www.shrihanumanlottery.com/" "Mozilla/5.0 (Linux; Android 8.1.0; CPH1803) AppleWebKit/537.36 (KHTML, like Gecko) Chrome/90.0.4430.210 Mobile Safari/537.36"
106.206.153.74 - - [28/Jul/2021:13:11:36 +0000] "GET /results.php?year=2021 HTTP/1.1" 200 7023 "http://www.shrihanumanlottery.com/" "Mozilla/5.0 (Linux; Android 8.1.0; CPH1803) AppleWebKit/537.36 (KHTML, like Gecko) Chrome/90.0.4430.210 Mobile Safari/537.36"
157.36.189.68 - - [28/Jul/2021:13:15:04 +0000] "GET / HTTP/1.1" 200 9067 "https://www.google.com/" "Mozilla/5.0 (Linux; Android 8.1.0; CPH1803) AppleWebKit/537.36 (KHTML, like Gecko) Chrome/91.0.4472.101 Mobile Safari/537.36"
157.36.189.68 - - [28/Jul/2021:13:15:05 +0000] "GET /images/shrihanuman.gif HTTP/1.1" 200 160010 "https://shrihanumanlottery.com/" "Mozilla/5.0 (Linux; Android 8.1.0; CPH1803) AppleWebKit/537.36 (KHTML, like Gecko) Chrome/91.0.4472.101 Mobile Safari/537.36"
157.36.189.68 - - [28/Jul/2021:13:15:05 +0000] "GET /galleryimg/6547081shrihanumanji.jpg HTTP/1.1" 200 104888 "https://shrihanumanlottery.com/" "Mozilla/5.0 (Linux; Android 8.1.0; CPH1803) AppleWebKit/537.36 (KHTML, like Gecko) Chrome/91.0.4472.101 Mobile Safari/537.36"
157.36.189.68 - - [28/Jul/2021:13:15:05 +0000] "GET /img/favicon2.png HTTP/1.1" 404 214 "https://shrihanumanlottery.com/" "Mozilla/5.0 (Linux; Android 8.1.0; CPH1803) AppleWebKit/537.36 (KHTML, like Gecko) Chrome/91.0.4472.101 Mobile Safari/537.36"
157.38.237.126 - - [28/Jul/2021:13:16:48 +0000] "GET / HTTP/1.1" 200 9067 "https://www.google.com/" "Mozilla/5.0 (Linux; Android 11; vivo 1907) AppleWebKit/537.36 (KHTML, like Gecko) Chrome/85.0.4183.127 Mobile Safari/537.36"
157.38.237.126 - - [28/Jul/2021:13:16:48 +0000] "GET /css/style.css HTTP/1.1" 200 2122 "https://shrihanumanlottery.com/" "Mozilla/5.0 (Linux; Android 11; vivo 1907) AppleWebKit/537.36 (KHTML, like Gecko) Chrome/85.0.4183.127 Mobile Safari/537.36"
157.38.237.126 - - [28/Jul/2021:13:16:49 +0000] "GET /img/star12.gif HTTP/1.1" 200 10588 "https://shrihanumanlottery.com/css/style.css" "Mozilla/5.0 (Linux; Android 11; vivo 1907) AppleWebKit/537.36 (KHTML, like Gecko) Chrome/85.0.4183.127 Mobile Safari/537.36"
157.38.237.126 - - [28/Jul/2021:13:16:48 +0000] "GET /images/shrihanuman.gif HTTP/1.1" 200 160010 "https://shrihanumanlottery.com/" "Mozilla/5.0 (Linux; Android 11; vivo 1907) AppleWebKit/537.36 (KHTML, like Gecko) Chrome/85.0.4183.127 Mobile Safari/537.36"
157.38.237.126 - - [28/Jul/2021:13:16:49 +0000] "GET /galleryimg/6547081shrihanumanji.jpg HTTP/1.1" 200 104888 "https://shrihanumanlottery.com/" "Mozilla/5.0 (Linux; Android 11; vivo 1907) AppleWebKit/537.36 (KHTML, like Gecko) Chrome/85.0.4183.127 Mobile Safari/537.36"
157.38.237.126 - - [28/Jul/2021:13:16:49 +0000] "GET /img/favicon2.png HTTP/1.1" 404 214 "https://shrihanumanlottery.com/" "Mozilla/5.0 (Linux; Android 11; vivo 1907) AppleWebKit/537.36 (KHTML, like Gecko) Chrome/85.0.4183.127 Mobile Safari/537.36"
223.233.122.38 - - [28/Jul/2021:13:44:18 +0000] "GET / HTTP/1.1" 200 9067 "https://www.google.com/" "Mozilla/5.0 (Linux; Android 9; Redmi 6 Pro) AppleWebKit/537.36 (KHTML, like Gecko) Chrome/74.0.3729.136 Mobile Safari/537.36"
223.233.122.38 - - [28/Jul/2021:13:44:19 +0000] "GET /galleryimg/6547081shrihanumanji.jpg HTTP/1.1" 200 104888 "https://shrihanumanlottery.com/" "Mozilla/5.0 (Linux; Android 9; Redmi 6 Pro) AppleWebKit/537.36 (KHTML, like Gecko) Chrome/74.0.3729.136 Mobile Safari/537.36"
223.233.122.38 - - [28/Jul/2021:13:44:19 +0000] "GET /images/shrihanuman.gif HTTP/1.1" 200 160010 "https://shrihanumanlottery.com/" "Mozilla/5.0 (Linux; Android 9; Redmi 6 Pro) AppleWebKit/537.36 (KHTML, like Gecko) Chrome/74.0.3729.136 Mobile Safari/537.36"
223.233.122.38 - - [28/Jul/2021:13:44:21 +0000] "GET /img/favicon2.png HTTP/1.1" 404 214 "https://shrihanumanlottery.com/" "Mozilla/5.0 (Linux; Android 9; Redmi 6 Pro) AppleWebKit/537.36 (KHTML, like Gecko) Chrome/74.0.3729.136 Mobile Safari/537.36"
171.79.164.170 - - [28/Jul/2021:13:46:12 +0000] "GET / HTTP/1.1" 200 9067 "-" "Mozilla/5.0 (Linux; Android 10; SAMSUNG SM-M022G Build/QP1A.190711.020; wv) AppleWebKit/537.36 (KHTML, like Gecko) Version/4.0 SamsungBrowser/7.4 Chrome/81.0.4044.138 Mobile Safari/537.36"
157.38.85.51 - - [28/Jul/2021:13:54:40 +0000] "GET / HTTP/1.1" 200 9067 "https://www.google.com/" "Mozilla/5.0 (Linux; Android 8.1.0; vivo 1724) AppleWebKit/537.36 (KHTML, like Gecko) Chrome/70.0.3538.110 Mobile Safari/537.36"
66.249.68.92 - - [28/Jul/2021:13:58:51 +0000] "GET /robots.txt HTTP/1.1" 404 208 "-" "Mozilla/5.0 (compatible; Googlebot/2.1; +http://www.google.com/bot.html)"
66.249.68.92 - - [28/Jul/2021:13:58:52 +0000] "GET / HTTP/1.1" 200 9067 "-" "Mozilla/5.0 (Linux; Android 6.0.1; Nexus 5X Build/MMB29P) AppleWebKit/537.36 (KHTML, like Gecko) Chrome/91.0.4472.90 Mobile Safari/537.36 (compatible; Googlebot/2.1; +http://www.google.com/bot.html)"
171.79.129.242 - - [28/Jul/2021:14:19:45 +0000] "GET /img/favicon2.png HTTP/1.1" 404 214 "https://shrihanumanlottery.com/" "Mozilla/5.0 (Linux; Android 9; Redmi Y3) AppleWebKit/537.36 (KHTML, like Gecko) Chrome/80.0.3987.99 Mobile Safari/537.36"
171.79.129.242 - - [28/Jul/2021:14:19:47 +0000] "GET / HTTP/1.1" 200 9067 "https://shrihanumanlottery.com/" "Mozilla/5.0 (Linux; Android 9; Redmi Y3) AppleWebKit/537.36 (KHTML, like Gecko) Chrome/80.0.3987.99 Mobile Safari/537.36"
171.79.129.242 - - [28/Jul/2021:14:20:04 +0000] "GET / HTTP/1.1" 200 9067 "https://shrihanumanlottery.com/" "Mozilla/5.0 (Linux; Android 9; Redmi Y3) AppleWebKit/537.36 (KHTML, like Gecko) Chrome/80.0.3987.99 Mobile Safari/537.36"
157.47.232.0 - - [28/Jul/2021:14:27:31 +0000] "GET /galleryimg/6547081shrihanumanji.jpg HTTP/1.1" 200 104888 "https://myactivity.google.com/" "Mozilla/5.0 (Linux; Android 11; vivo 1906 Build/RP1A.200720.012; wv) AppleWebKit/537.36 (KHTML, like Gecko) Version/4.0 Chrome/83.0.4103.106 Mobile Safari/537.36 OcIdWebView ({\"os\":\"Android\",\"osVersion\":\"30\",\"app\":\"com.google.android.gms\",\"appVersion\":\"218\",\"style\":2,\"isDarkTheme\":false})"
157.47.232.0 - - [28/Jul/2021:14:28:31 +0000] "GET /images/shrihanuman.gif HTTP/1.1" 200 160010 "https://myactivity.google.com/" "Mozilla/5.0 (Linux; Android 11; vivo 1906 Build/RP1A.200720.012; wv) AppleWebKit/537.36 (KHTML, like Gecko) Version/4.0 Chrome/83.0.4103.106 Mobile Safari/537.36 OcIdWebView ({\"os\":\"Android\",\"osVersion\":\"30\",\"app\":\"com.google.android.gms\",\"appVersion\":\"218\",\"style\":2,\"isDarkTheme\":false})"
157.55.39.84 - - [28/Jul/2021:14:34:30 +0000] "GET / HTTP/1.1" 200 9067 "-" "Mozilla/5.0 (compatible; bingbot/2.0; +http://www.bing.com/bingbot.htm)"
65.154.226.169 - - [28/Jul/2021:14:40:47 +0000] "GET / HTTP/1.1" 200 9067 "-" "Mozilla/5.0 (Windows NT 10.0; Win64; x64) AppleWebKit/537.36 (KHTML, like Gecko) Chrome/76.0.3809.71 Safari/537.36"
65.154.226.169 - - [28/Jul/2021:14:40:47 +0000] "GET /css/style.css HTTP/1.1" 200 2122 "http://shrihanumanlottery.com/" "Mozilla/5.0 (Windows NT 10.0; Win64; x64) AppleWebKit/537.36 (KHTML, like Gecko) Chrome/76.0.3809.71 Safari/537.36"
65.154.226.169 - - [28/Jul/2021:14:40:47 +0000] "GET /img/star12.gif HTTP/1.1" 200 10588 "http://shrihanumanlottery.com/css/style.css" "Mozilla/5.0 (Windows NT 10.0; Win64; x64) AppleWebKit/537.36 (KHTML, like Gecko) Chrome/76.0.3809.71 Safari/537.36"
65.154.226.169 - - [28/Jul/2021:14:40:47 +0000] "GET /images/shrihanuman.gif HTTP/1.1" 200 160010 "http://shrihanumanlottery.com/" "Mozilla/5.0 (Windows NT 10.0; Win64; x64) AppleWebKit/537.36 (KHTML, like Gecko) Chrome/76.0.3809.71 Safari/537.36"
65.154.226.169 - - [28/Jul/2021:14:40:47 +0000] "GET /galleryimg/6547081shrihanumanji.jpg HTTP/1.1" 200 104888 "http://shrihanumanlottery.com/" "Mozilla/5.0 (Windows NT 10.0; Win64; x64) AppleWebKit/537.36 (KHTML, like Gecko) Chrome/76.0.3809.71 Safari/537.36"
223.233.113.199 - - [28/Jul/2021:14:46:39 +0000] "GET / HTTP/1.1" 200 9067 "https://www.google.com/" "Mozilla/5.0 (Linux; Android 11; V2037) AppleWebKit/537.36 (KHTML, like Gecko) Chrome/91.0.4472.120 Mobile Safari/537.36"
223.233.113.199 - - [28/Jul/2021:14:46:39 +0000] "GET /img/favicon2.png HTTP/1.1" 404 214 "https://shrihanumanlottery.com/" "Mozilla/5.0 (Linux; Android 11; V2037) AppleWebKit/537.36 (KHTML, like Gecko) Chrome/91.0.4472.120 Mobile Safari/537.36"
223.233.113.199 - - [28/Jul/2021:14:46:41 +0000] "GET / HTTP/1.1" 200 9067 "https://www.google.com/" "Mozilla/5.0 (Linux; Android 11; V2037) AppleWebKit/537.36 (KHTML, like Gecko) Chrome/91.0.4472.120 Mobile Safari/537.36"
223.233.113.199 - - [28/Jul/2021:14:46:59 +0000] "GET / HTTP/1.1" 200 9067 "https://www.google.com/" "Mozilla/5.0 (Linux; Android 11; V2037) AppleWebKit/537.36 (KHTML, like Gecko) Chrome/91.0.4472.120 Mobile Safari/537.36"
157.47.236.41 - - [28/Jul/2021:14:48:56 +0000] "GET / HTTP/1.1" 200 9067 "https://www.google.com/" "Mozilla/5.0 (Linux; Android 9; vivo 1906) AppleWebKit/537.36 (KHTML, like Gecko) Chrome/91.0.4472.101 Mobile Safari/537.36"
157.47.236.41 - - [28/Jul/2021:14:48:58 +0000] "GET /img/favicon2.png HTTP/1.1" 404 214 "https://shrihanumanlottery.com/" "Mozilla/5.0 (Linux; Android 9; vivo 1906) AppleWebKit/537.36 (KHTML, like Gecko) Chrome/91.0.4472.101 Mobile Safari/537.36"
106.207.153.25 - - [28/Jul/2021:14:50:46 +0000] "GET / HTTP/1.1" 200 9067 "-" "Mozilla/5.0 (Linux; Android 6.0; Lenovo A7000-a Build/MRA58K) AppleWebKit/537.36 (KHTML, like Gecko) Chrome/46.0.2490.76 Mobile Safari/537.36"
106.207.153.25 - - [28/Jul/2021:14:50:46 +0000] "GET /css/style.css HTTP/1.1" 200 2122 "https://shrihanumanlottery.com/" "Mozilla/5.0 (Linux; Android 6.0; Lenovo A7000-a Build/MRA58K) AppleWebKit/537.36 (KHTML, like Gecko) Chrome/46.0.2490.76 Mobile Safari/537.36"
106.207.153.25 - - [28/Jul/2021:14:50:46 +0000] "GET /images/shrihanuman.gif HTTP/1.1" 200 160010 "https://shrihanumanlottery.com/" "Mozilla/5.0 (Linux; Android 6.0; Lenovo A7000-a Build/MRA58K) AppleWebKit/537.36 (KHTML, like Gecko) Chrome/46.0.2490.76 Mobile Safari/537.36"
106.207.153.25 - - [28/Jul/2021:14:50:46 +0000] "GET /galleryimg/6547081shrihanumanji.jpg HTTP/1.1" 200 104888 "https://shrihanumanlottery.com/" "Mozilla/5.0 (Linux; Android 6.0; Lenovo A7000-a Build/MRA58K) AppleWebKit/537.36 (KHTML, like Gecko) Chrome/46.0.2490.76 Mobile Safari/537.36"
106.207.153.25 - - [28/Jul/2021:14:50:47 +0000] "GET /img/star12.gif HTTP/1.1" 200 10588 "https://shrihanumanlottery.com/css/style.css" "Mozilla/5.0 (Linux; Android 6.0; Lenovo A7000-a Build/MRA58K) AppleWebKit/537.36 (KHTML, like Gecko) Chrome/46.0.2490.76 Mobile Safari/537.36"
106.207.153.25 - - [28/Jul/2021:14:50:47 +0000] "GET /img/favicon2.png HTTP/1.1" 404 214 "https://shrihanumanlottery.com/" "Mozilla/5.0 (Linux; Android 6.0; Lenovo A7000-a Build/MRA58K) AppleWebKit/537.36 (KHTML, like Gecko) Chrome/46.0.2490.76 Mobile Safari/537.36"
54.221.27.173 - - [28/Jul/2021:15:17:31 +0000] "GET / HTTP/1.1" 200 9067 "-" "Mozilla/5.0 (Windows NT 10.0; Win64; x64) AppleWebKit/537.36 (KHTML, like Gecko) Chrome/88.0.4324.150 Safari/537.36"
114.119.132.114 - - [28/Jul/2021:15:21:45 +0000] "GET / HTTP/1.1" 200 9067 "-" "Mozilla/5.0 (Linux; Android 7.0;) AppleWebKit/537.36 (KHTML, like Gecko) Mobile Safari/537.36 (compatible; PetalBot;+https://webmaster.petalsearch.com/site/petalbot)"
66.249.68.88 - - [28/Jul/2021:15:22:05 +0000] "GET /index.php HTTP/1.1" 200 9067 "-" "Mozilla/5.0 (Linux; Android 6.0.1; Nexus 5X Build/MMB29P) AppleWebKit/537.36 (KHTML, like Gecko) Chrome/91.0.4472.90 Mobile Safari/537.36 (compatible; Googlebot/2.1; +http://www.google.com/bot.html)"
171.79.164.170 - - [28/Jul/2021:15:45:02 +0000] "GET / HTTP/1.1" 200 9067 "-" "Mozilla/5.0 (Linux; Android 10; SAMSUNG SM-M022G Build/QP1A.190711.020; wv) AppleWebKit/537.36 (KHTML, like Gecko) Version/4.0 SamsungBrowser/7.4 Chrome/81.0.4044.138 Mobile Safari/537.36"
157.47.141.1 - - [28/Jul/2021:15:46:05 +0000] "GET / HTTP/1.1" 200 9067 "https://www.google.com/" "Mozilla/5.0 (Linux; Android 11; vivo 1920) AppleWebKit/537.36 (KHTML, like Gecko) Chrome/90.0.4430.210 Mobile Safari/537.36"
157.47.141.1 - - [28/Jul/2021:15:46:06 +0000] "GET /img/favicon2.png HTTP/1.1" 404 214 "https://shrihanumanlottery.com/" "Mozilla/5.0 (Linux; Android 11; vivo 1920) AppleWebKit/537.36 (KHTML, like Gecko) Chrome/90.0.4430.210 Mobile Safari/537.36"
171.79.164.170 - - [28/Jul/2021:15:46:22 +0000] "GET / HTTP/1.1" 200 9067 "-" "Mozilla/5.0 (Linux; Android 10; SAMSUNG SM-M022G Build/QP1A.190711.020; wv) AppleWebKit/537.36 (KHTML, like Gecko) Version/4.0 SamsungBrowser/7.4 Chrome/81.0.4044.138 Mobile Safari/537.36"
171.79.164.170 - - [28/Jul/2021:15:46:22 +0000] "GET /images/shrihanuman.gif HTTP/1.1" 200 160010 "https://shrihanumanlottery.com/" "Mozilla/5.0 (Linux; Android 10; SAMSUNG SM-M022G Build/QP1A.190711.020; wv) AppleWebKit/537.36 (KHTML, like Gecko) Version/4.0 SamsungBrowser/7.4 Chrome/81.0.4044.138 Mobile Safari/537.36"
171.79.164.170 - - [28/Jul/2021:15:46:22 +0000] "GET /galleryimg/6547081shrihanumanji.jpg HTTP/1.1" 200 104888 "https://shrihanumanlottery.com/" "Mozilla/5.0 (Linux; Android 10; SAMSUNG SM-M022G Build/QP1A.190711.020; wv) AppleWebKit/537.36 (KHTML, like Gecko) Version/4.0 SamsungBrowser/7.4 Chrome/81.0.4044.138 Mobile Safari/537.36"
171.79.164.170 - - [28/Jul/2021:15:46:23 +0000] "GET /img/favicon2.png HTTP/1.1" 404 214 "https://shrihanumanlottery.com/" "Mozilla/5.0 (Linux; Android 10; SAMSUNG SM-M022G Build/QP1A.190711.020; wv) AppleWebKit/537.36 (KHTML, like Gecko) Version/4.0 SamsungBrowser/7.4 Chrome/81.0.4044.138 Mobile Safari/537.36"
171.79.164.170 - - [28/Jul/2021:15:47:27 +0000] "GET /results.php?year=2021 HTTP/1.1" 200 7023 "https://shrihanumanlottery.com/" "Mozilla/5.0 (Linux; Android 10; SAMSUNG SM-M022G Build/QP1A.190711.020; wv) AppleWebKit/537.36 (KHTML, like Gecko) Version/4.0 SamsungBrowser/7.4 Chrome/81.0.4044.138 Mobile Safari/537.36"
171.79.164.170 - - [28/Jul/2021:15:47:27 +0000] "GET /images/back.png HTTP/1.1" 200 6711 "https://shrihanumanlottery.com/results.php?year=2021" "Mozilla/5.0 (Linux; Android 10; SAMSUNG SM-M022G Build/QP1A.190711.020; wv) AppleWebKit/537.36 (KHTML, like Gecko) Version/4.0 SamsungBrowser/7.4 Chrome/81.0.4044.138 Mobile Safari/537.36"
114.119.134.238 - - [28/Jul/2021:15:47:28 +0000] "GET /results2015.php HTTP/1.1" 200 865404 "-" "Mozilla/5.0 (Linux; Android 7.0;) AppleWebKit/537.36 (KHTML, like Gecko) Mobile Safari/537.36 (compatible; PetalBot;+https://webmaster.petalsearch.com/site/petalbot)"
157.38.61.117 - - [28/Jul/2021:15:47:37 +0000] "GET / HTTP/1.1" 200 9067 "https://www.google.com/" "Mozilla/5.0 (Linux; Android 10; CPH2185) AppleWebKit/537.36 (KHTML, like Gecko) Chrome/89.0.4389.90 Mobile Safari/537.36"
157.38.61.117 - - [28/Jul/2021:15:47:37 +0000] "GET /css/style.css HTTP/1.1" 200 2122 "https://shrihanumanlottery.com/" "Mozilla/5.0 (Linux; Android 10; CPH2185) AppleWebKit/537.36 (KHTML, like Gecko) Chrome/89.0.4389.90 Mobile Safari/537.36"
157.38.61.117 - - [28/Jul/2021:15:47:38 +0000] "GET /images/shrihanuman.gif HTTP/1.1" 200 160010 "https://shrihanumanlottery.com/" "Mozilla/5.0 (Linux; Android 10; CPH2185) AppleWebKit/537.36 (KHTML, like Gecko) Chrome/89.0.4389.90 Mobile Safari/537.36"
157.38.61.117 - - [28/Jul/2021:15:47:38 +0000] "GET /img/star12.gif HTTP/1.1" 200 10588 "https://shrihanumanlottery.com/css/style.css" "Mozilla/5.0 (Linux; Android 10; CPH2185) AppleWebKit/537.36 (KHTML, like Gecko) Chrome/89.0.4389.90 Mobile Safari/537.36"
157.38.61.117 - - [28/Jul/2021:15:47:38 +0000] "GET /galleryimg/6547081shrihanumanji.jpg HTTP/1.1" 200 104888 "https://shrihanumanlottery.com/" "Mozilla/5.0 (Linux; Android 10; CPH2185) AppleWebKit/537.36 (KHTML, like Gecko) Chrome/89.0.4389.90 Mobile Safari/537.36"
157.38.61.117 - - [28/Jul/2021:15:47:42 +0000] "GET /img/favicon2.png HTTP/1.1" 404 214 "https://shrihanumanlottery.com/" "Mozilla/5.0 (Linux; Android 10; CPH2185) AppleWebKit/537.36 (KHTML, like Gecko) Chrome/89.0.4389.90 Mobile Safari/537.36"
157.38.61.117 - - [28/Jul/2021:15:48:09 +0000] "GET / HTTP/1.1" 200 9067 "https://www.google.com/" "Mozilla/5.0 (Linux; Android 10; CPH2185) AppleWebKit/537.36 (KHTML, like Gecko) Chrome/89.0.4389.90 Mobile Safari/537.36"
157.38.44.135 - - [28/Jul/2021:15:48:21 +0000] "GET / HTTP/1.1" 200 9067 "-" "Mozilla/5.0 (Linux; Android 10; SM-G975F) AppleWebKit/537.36 (KHTML, like Gecko) Chrome/84.0.4147.125 Mobile Safari/537.36"
157.38.61.117 - - [28/Jul/2021:15:52:51 +0000] "GET /results.php?year=2021 HTTP/1.1" 200 7023 "https://shrihanumanlottery.com/" "Mozilla/5.0 (Linux; Android 10; CPH2185) AppleWebKit/537.36 (KHTML, like Gecko) Chrome/89.0.4389.90 Mobile Safari/537.36"
157.38.61.117 - - [28/Jul/2021:15:52:53 +0000] "GET /images/back.png HTTP/1.1" 200 6711 "https://shrihanumanlottery.com/results.php?year=2021" "Mozilla/5.0 (Linux; Android 10; CPH2185) AppleWebKit/537.36 (KHTML, like Gecko) Chrome/89.0.4389.90 Mobile Safari/537.36"
64.233.172.161 - - [28/Jul/2021:15:53:40 +0000] "GET / HTTP/1.1" 200 9067 "https://www.google.com/" "Mozilla/5.0 (Linux; Android 4.2.1; en-us; Nexus 5 Build/JOP40D) AppleWebKit/535.19 (KHTML, like Gecko; googleweblight) Chrome/38.0.1025.166 Mobile Safari/535.19"
64.233.172.161 - - [28/Jul/2021:15:53:40 +0000] "GET /css/style.css HTTP/1.1" 200 2122 "https://shrihanumanlottery.com/" "Mozilla/5.0 (Linux; Android 4.2.1; en-us; Nexus 5 Build/JOP40D) AppleWebKit/535.19 (KHTML, like Gecko; googleweblight) Chrome/38.0.1025.166 Mobile Safari/535.19"
64.233.172.161 - - [28/Jul/2021:15:53:41 +0000] "GET /img/star12.gif HTTP/1.1" 200 10588 "https://shrihanumanlottery.com/css/style.css" "Mozilla/5.0 (Linux; Android 4.2.1; en-us; Nexus 5 Build/JOP40D) AppleWebKit/535.19 (KHTML, like Gecko; googleweblight) Chrome/38.0.1025.166 Mobile Safari/535.19"
64.233.172.190 - - [28/Jul/2021:15:53:41 +0000] "GET /galleryimg/6547081shrihanumanji.jpg HTTP/1.1" 200 104888 "https://shrihanumanlottery.com/" "Mozilla/5.0 (Linux; Android 4.2.1; en-us; Nexus 5 Build/JOP40D) AppleWebKit/535.19 (KHTML, like Gecko; googleweblight) Chrome/38.0.1025.166 Mobile Safari/535.19"
64.233.172.164 - - [28/Jul/2021:15:53:41 +0000] "GET /images/shrihanuman.gif HTTP/1.1" 200 160010 "https://shrihanumanlottery.com/" "Mozilla/5.0 (Linux; Android 4.2.1; en-us; Nexus 5 Build/JOP40D) AppleWebKit/535.19 (KHTML, like Gecko; googleweblight) Chrome/38.0.1025.166 Mobile Safari/535.19"
42.107.225.0 - - [28/Jul/2021:15:53:53 +0000] "GET / HTTP/1.1" 200 9067 "-" "Mozilla/5.0 (Linux; Android 4.4.2; SM-G355H Build/KOT49H) AppleWebKit/537.36 (KHTML, like Gecko) Chrome/40.0.2214.109 Mobile Safari/537.36"
42.107.225.0 - - [28/Jul/2021:15:53:54 +0000] "GET /img/favicon2.png HTTP/1.1" 404 214 "-" "Mozilla/5.0 (Linux; Android 4.4.2; SM-G355H Build/KOT49H) AppleWebKit/537.36 (KHTML, like Gecko) Chrome/40.0.2214.109 Mobile Safari/537.36"
64.233.172.190 - - [28/Jul/2021:15:54:34 +0000] "HEAD / HTTP/1.1" 200 - "https://www.google.com" "Mozilla/5.0 (Linux; Android 4.2.1; en-us; Nexus 5 Build/JOP40D) AppleWebKit/535.19 (KHTML, like Gecko; googleweblight) Chrome/38.0.1025.166 Mobile Safari/535.19"
157.47.201.213 - - [28/Jul/2021:15:55:19 +0000] "GET / HTTP/1.1" 200 9067 "https://www.google.com/" "Mozilla/5.0 (Linux; Android 11; CPH1969) AppleWebKit/537.36 (KHTML, like Gecko) Chrome/91.0.4472.164 Mobile Safari/537.36"
157.47.201.213 - - [28/Jul/2021:15:55:20 +0000] "GET /css/style.css HTTP/1.1" 200 2122 "-" "Mozilla/5.0 (Linux; Android 11; CPH1969) AppleWebKit/537.36 (KHTML, like Gecko) Chrome/91.0.4472.164 Mobile Safari/537.36"
157.47.201.213 - - [28/Jul/2021:15:55:20 +0000] "GET /images/shrihanuman.gif HTTP/1.1" 200 160010 "https://shrihanumanlottery.com/" "Mozilla/5.0 (Linux; Android 11; CPH1969) AppleWebKit/537.36 (KHTML, like Gecko) Chrome/91.0.4472.164 Mobile Safari/537.36"
157.47.201.213 - - [28/Jul/2021:15:55:20 +0000] "GET /galleryimg/6547081shrihanumanji.jpg HTTP/1.1" 200 104888 "https://shrihanumanlottery.com/" "Mozilla/5.0 (Linux; Android 11; CPH1969) AppleWebKit/537.36 (KHTML, like Gecko) Chrome/91.0.4472.164 Mobile Safari/537.36"
157.47.201.213 - - [28/Jul/2021:15:55:21 +0000] "GET /img/star12.gif HTTP/1.1" 200 10588 "https://shrihanumanlottery.com/css/style.css" "Mozilla/5.0 (Linux; Android 11; CPH1969) AppleWebKit/537.36 (KHTML, like Gecko) Chrome/91.0.4472.164 Mobile Safari/537.36"
157.47.201.213 - - [28/Jul/2021:15:55:21 +0000] "GET /img/favicon2.png HTTP/1.1" 404 214 "https://shrihanumanlottery.com/" "Mozilla/5.0 (Linux; Android 11; CPH1969) AppleWebKit/537.36 (KHTML, like Gecko) Chrome/91.0.4472.164 Mobile Safari/537.36"
157.38.37.161 - - [28/Jul/2021:15:56:48 +0000] "GET / HTTP/1.1" 200 9067 "https://www.google.com/" "Mozilla/5.0 (Linux; Android 11; SM-M215F) AppleWebKit/537.36 (KHTML, like Gecko) Chrome/91.0.4472.120 Mobile Safari/537.36"
157.38.37.161 - - [28/Jul/2021:15:56:49 +0000] "GET /css/style.css HTTP/1.1" 200 2122 "https://shrihanumanlottery.com/" "Mozilla/5.0 (Linux; Android 11; SM-M215F) AppleWebKit/537.36 (KHTML, like Gecko) Chrome/91.0.4472.120 Mobile Safari/537.36"
157.38.37.161 - - [28/Jul/2021:15:56:49 +0000] "GET /galleryimg/6547081shrihanumanji.jpg HTTP/1.1" 200 104888 "https://shrihanumanlottery.com/" "Mozilla/5.0 (Linux; Android 11; SM-M215F) AppleWebKit/537.36 (KHTML, like Gecko) Chrome/91.0.4472.120 Mobile Safari/537.36"
157.38.37.161 - - [28/Jul/2021:15:56:50 +0000] "GET /img/star12.gif HTTP/1.1" 200 10588 "https://shrihanumanlottery.com/css/style.css" "Mozilla/5.0 (Linux; Android 11; SM-M215F) AppleWebKit/537.36 (KHTML, like Gecko) Chrome/91.0.4472.120 Mobile Safari/537.36"
157.38.37.161 - - [28/Jul/2021:15:56:49 +0000] "GET /images/shrihanuman.gif HTTP/1.1" 200 160010 "https://shrihanumanlottery.com/" "Mozilla/5.0 (Linux; Android 11; SM-M215F) AppleWebKit/537.36 (KHTML, like Gecko) Chrome/91.0.4472.120 Mobile Safari/537.36"
157.38.37.161 - - [28/Jul/2021:15:56:50 +0000] "GET /img/favicon2.png HTTP/1.1" 404 214 "https://shrihanumanlottery.com/" "Mozilla/5.0 (Linux; Android 11; SM-M215F) AppleWebKit/537.36 (KHTML, like Gecko) Chrome/91.0.4472.120 Mobile Safari/537.36"
106.206.140.128 - - [28/Jul/2021:15:57:03 +0000] "GET / HTTP/1.1" 200 9067 "-" "Mozilla/5.0 (Linux; Android 8.1.0; vivo 1803) AppleWebKit/537.36 (KHTML, like Gecko) Chrome/79.0.3945.93 Mobile Safari/537.36"
106.206.140.128 - - [28/Jul/2021:15:57:03 +0000] "GET /images/shrihanuman.gif HTTP/1.1" 200 160010 "https://shrihanumanlottery.com/" "Mozilla/5.0 (Linux; Android 8.1.0; vivo 1803) AppleWebKit/537.36 (KHTML, like Gecko) Chrome/79.0.3945.93 Mobile Safari/537.36"
106.206.140.128 - - [28/Jul/2021:15:57:03 +0000] "GET /galleryimg/6547081shrihanumanji.jpg HTTP/1.1" 200 104888 "https://shrihanumanlottery.com/" "Mozilla/5.0 (Linux; Android 8.1.0; vivo 1803) AppleWebKit/537.36 (KHTML, like Gecko) Chrome/79.0.3945.93 Mobile Safari/537.36"
106.206.140.128 - - [28/Jul/2021:15:57:05 +0000] "GET /img/favicon2.png HTTP/1.1" 404 214 "https://shrihanumanlottery.com/" "Mozilla/5.0 (Linux; Android 8.1.0; vivo 1803) AppleWebKit/537.36 (KHTML, like Gecko) Chrome/79.0.3945.93 Mobile Safari/537.36"
157.47.141.1 - - [28/Jul/2021:15:57:44 +0000] "GET / HTTP/1.1" 200 9067 "https://www.google.com/" "Mozilla/5.0 (Linux; Android 11; vivo 1920) AppleWebKit/537.36 (KHTML, like Gecko) Chrome/90.0.4430.210 Mobile Safari/537.36"
157.47.141.1 - - [28/Jul/2021:15:59:02 +0000] "GET / HTTP/1.1" 200 9067 "https://www.google.com/" "Mozilla/5.0 (Linux; Android 11; vivo 1920) AppleWebKit/537.36 (KHTML, like Gecko) Chrome/90.0.4430.210 Mobile Safari/537.36"
157.38.61.117 - - [28/Jul/2021:15:59:13 +0000] "GET /results.php?year=2021 HTTP/1.1" 200 7023 "https://shrihanumanlottery.com/" "Mozilla/5.0 (Linux; Android 10; CPH2185) AppleWebKit/537.36 (KHTML, like Gecko) Chrome/89.0.4389.90 Mobile Safari/537.36"
