117.197.3.117 - - [28/Jul/2021:10:12:18 +0000] "GET / HTTP/1.1" 200 8460 "https://www.google.com/" "Mozilla/5.0 (Linux; Android 10; SM-J810G) AppleWebKit/537.36 (KHTML, like Gecko) Chrome/91.0.4472.164 Mobile Safari/537.36"
117.197.3.117 - - [28/Jul/2021:10:12:18 +0000] "GET /galleryimg/6547081shrihanumanji.jpg HTTP/1.1" 206 1 "https://shrihanumanlottery.com/" "Mozilla/5.0 (Linux; Android 10; SM-J810G) AppleWebKit/537.36 (KHTML, like Gecko) Chrome/91.0.4472.164 Mobile Safari/537.36"
117.197.3.117 - - [28/Jul/2021:10:12:18 +0000] "GET /galleryimg/6547081shrihanumanji.jpg HTTP/1.1" 206 55736 "https://shrihanumanlottery.com/" "Mozilla/5.0 (Linux; Android 10; SM-J810G) AppleWebKit/537.36 (KHTML, like Gecko) Chrome/91.0.4472.164 Mobile Safari/537.36"
117.197.3.117 - - [28/Jul/2021:10:12:18 +0000] "GET /img/favicon2.png HTTP/1.1" 404 214 "https://shrihanumanlottery.com/" "Mozilla/5.0 (Linux; Android 10; SM-J810G) AppleWebKit/537.36 (KHTML, like Gecko) Chrome/91.0.4472.164 Mobile Safari/537.36"
117.197.3.117 - - [28/Jul/2021:10:12:45 +0000] "GET /results.php?year=2021 HTTP/1.1" 200 6528 "https://shrihanumanlottery.com/" "Mozilla/5.0 (Linux; Android 10; SM-J810G) AppleWebKit/537.36 (KHTML, like Gecko) Chrome/91.0.4472.164 Mobile Safari/537.36"
223.189.150.95 - - [28/Jul/2021:10:13:44 +0000] "GET / HTTP/1.1" 200 8460 "http://shrihanumanlottery.com/" "Mozilla/5.0 (Linux; U; Android 10; hi-in; CPH1969 Build/QP1A.190711.020) AppleWebKit/537.36 (KHTML, like Gecko) Chrome/77.0.3865.116 Mobile Safari/537.36 HeyTapBrowser/45.7.8.1"
42.105.49.6 - - [28/Jul/2021:10:14:12 +0000] "GET / HTTP/1.1" 200 8460 "-" "Mozilla/5.0 (Linux; Android 7.0; en-us; TECNO IN5 Build/NRD90M;) AppleWebKit/537.36 (KHTML, like Gecko) Version/4.0 Chrome/55.0.2883.91 Mobile Safari/537.36"
42.105.49.6 - - [28/Jul/2021:10:14:13 +0000] "GET /img/favicon2.png HTTP/1.1" 404 214 "http://shrihanumanlottery.com/" "Mozilla/5.0 (Linux; Android 7.0; en-us; TECNO IN5 Build/NRD90M;) AppleWebKit/537.36 (KHTML, like Gecko) Version/4.0 Chrome/55.0.2883.91 Mobile Safari/537.36"
223.238.192.135 - - [28/Jul/2021:10:15:42 +0000] "GET / HTTP/1.1" 200 8460 "https://www.google.com/" "Mozilla/5.0 (Linux; Android 11; AC2001) AppleWebKit/537.36 (KHTML, like Gecko) Chrome/91.0.4472.164 Mobile Safari/537.36"
223.238.192.135 - - [28/Jul/2021:10:15:49 +0000] "GET /results.php?year=2021 HTTP/1.1" 200 6528 "https://shrihanumanlottery.com/" "Mozilla/5.0 (Linux; Android 11; AC2001) AppleWebKit/537.36 (KHTML, like Gecko) Chrome/91.0.4472.164 Mobile Safari/537.36"
106.206.169.73 - - [28/Jul/2021:10:16:35 +0000] "GET / HTTP/1.1" 200 8460 "-" "Mozilla/5.0 (Linux; Android 8.1.0; CPH1803) AppleWebKit/537.36 (KHTML, like Gecko) Chrome/90.0.4430.210 Mobile Safari/537.36"
106.206.169.73 - - [28/Jul/2021:10:16:37 +0000] "GET /img/favicon2.png HTTP/1.1" 404 214 "http://www.shrihanumanlottery.com/" "Mozilla/5.0 (Linux; Android 8.1.0; CPH1803) AppleWebKit/537.36 (KHTML, like Gecko) Chrome/90.0.4430.210 Mobile Safari/537.36"
106.206.169.73 - - [28/Jul/2021:10:17:55 +0000] "GET / HTTP/1.1" 200 8460 "https://www.google.com/" "Mozilla/5.0 (Linux; Android 8.1.0; CPH1803) AppleWebKit/537.36 (KHTML, like Gecko) Chrome/90.0.4430.210 Mobile Safari/537.36"
106.206.169.73 - - [28/Jul/2021:10:17:55 +0000] "GET /img/favicon2.png HTTP/1.1" 404 214 "https://shrihanumanlottery.com/" "Mozilla/5.0 (Linux; Android 8.1.0; CPH1803) AppleWebKit/537.36 (KHTML, like Gecko) Chrome/90.0.4430.210 Mobile Safari/537.36"
106.206.169.73 - - [28/Jul/2021:10:18:08 +0000] "GET /results.php?year=2021 HTTP/1.1" 200 6528 "https://shrihanumanlottery.com/" "Mozilla/5.0 (Linux; Android 8.1.0; CPH1803) AppleWebKit/537.36 (KHTML, like Gecko) Chrome/90.0.4430.210 Mobile Safari/537.36"
223.189.150.95 - - [28/Jul/2021:10:18:12 +0000] "GET / HTTP/1.1" 200 8460 "http://shrihanumanlottery.com/" "Mozilla/5.0 (Linux; U; Android 10; hi-in; CPH1969 Build/QP1A.190711.020) AppleWebKit/537.36 (KHTML, like Gecko) Chrome/77.0.3865.116 Mobile Safari/537.36 HeyTapBrowser/45.7.8.1"
106.206.169.73 - - [28/Jul/2021:10:18:25 +0000] "GET /results.php?year=2021 HTTP/1.1" 200 6528 "https://shrihanumanlottery.com/" "Mozilla/5.0 (Linux; Android 8.1.0; CPH1803) AppleWebKit/537.36 (KHTML, like Gecko) Chrome/90.0.4430.210 Mobile Safari/537.36"
223.189.150.95 - - [28/Jul/2021:10:18:42 +0000] "GET / HTTP/1.1" 200 8460 "http://shrihanumanlottery.com/" "Mozilla/5.0 (Linux; U; Android 10; hi-in; CPH1969 Build/QP1A.190711.020) AppleWebKit/537.36 (KHTML, like Gecko) Chrome/77.0.3865.116 Mobile Safari/537.36 HeyTapBrowser/45.7.8.1"
106.206.162.55 - - [28/Jul/2021:10:19:04 +0000] "GET / HTTP/1.1" 200 8460 "-" "Mozilla/5.0 (Linux; Android 10; M2010J19SI) AppleWebKit/537.36 (KHTML, like Gecko) Chrome/83.0.4103.101 Mobile Safari/537.36"
106.206.162.55 - - [28/Jul/2021:10:19:05 +0000] "GET /img/favicon2.png HTTP/1.1" 404 214 "http://shrihanumanlottery.com/" "Mozilla/5.0 (Linux; Android 10; M2010J19SI) AppleWebKit/537.36 (KHTML, like Gecko) Chrome/83.0.4103.101 Mobile Safari/537.36"
106.206.162.55 - - [28/Jul/2021:10:19:05 +0000] "GET /img/favicon2.png HTTP/1.1" 404 214 "http://shrihanumanlottery.com/" "Mozilla/5.0 (Linux; Android 10; M2010J19SI) AppleWebKit/537.36 (KHTML, like Gecko) Chrome/83.0.4103.101 Mobile Safari/537.36"
157.38.80.170 - - [28/Jul/2021:10:19:26 +0000] "GET / HTTP/1.1" 200 8460 "https://www.google.com/" "Mozilla/5.0 (Linux; Android 11; SM-A307FN) AppleWebKit/537.36 (KHTML, like Gecko) Chrome/87.0.4280.141 Mobile Safari/537.36"
157.55.39.84 - - [28/Jul/2021:10:19:46 +0000] "GET / HTTP/1.1" 200 8460 "-" "Mozilla/5.0 (compatible; bingbot/2.0; +http://www.bing.com/bingbot.htm)"
106.206.169.73 - - [28/Jul/2021:10:20:04 +0000] "GET / HTTP/1.1" 200 8460 "https://www.google.com/" "Mozilla/5.0 (Linux; Android 8.1.0; CPH1803) AppleWebKit/537.36 (KHTML, like Gecko) Chrome/90.0.4430.210 Mobile Safari/537.36"
106.206.169.73 - - [28/Jul/2021:10:20:08 +0000] "GET /img/favicon2.png HTTP/1.1" 404 214 "https://shrihanumanlottery.com/" "Mozilla/5.0 (Linux; Android 8.1.0; CPH1803) AppleWebKit/537.36 (KHTML, like Gecko) Chrome/90.0.4430.210 Mobile Safari/537.36"
106.206.169.73 - - [28/Jul/2021:10:20:12 +0000] "GET /results.php?year=2021 HTTP/1.1" 200 6528 "https://shrihanumanlottery.com/" "Mozilla/5.0 (Linux; Android 8.1.0; CPH1803) AppleWebKit/537.36 (KHTML, like Gecko) Chrome/90.0.4430.210 Mobile Safari/537.36"
106.206.169.73 - - [28/Jul/2021:10:20:16 +0000] "GET /results.php?year=2021 HTTP/1.1" 200 6528 "https://shrihanumanlottery.com/" "Mozilla/5.0 (Linux; Android 8.1.0; CPH1803) AppleWebKit/537.36 (KHTML, like Gecko) Chrome/90.0.4430.210 Mobile Safari/537.36"
157.38.79.142 - - [28/Jul/2021:10:22:05 +0000] "GET / HTTP/1.1" 200 8460 "https://www.google.com/" "Mozilla/5.0 (Linux; Android 11; SM-A305F) AppleWebKit/537.36 (KHTML, like Gecko) Chrome/92.0.4515.115 Mobile Safari/537.36"
157.47.201.242 - - [28/Jul/2021:10:22:50 +0000] "GET / HTTP/1.1" 200 8460 "https://www.google.com/" "Mozilla/5.0 (Linux; Android 10; Nokia 2.4) AppleWebKit/537.36 (KHTML, like Gecko) Chrome/81.0.4044.138 Mobile Safari/537.36"
157.47.201.242 - - [28/Jul/2021:10:22:51 +0000] "GET /img/favicon2.png HTTP/1.1" 404 214 "https://shrihanumanlottery.com/" "Mozilla/5.0 (Linux; Android 10; Nokia 2.4) AppleWebKit/537.36 (KHTML, like Gecko) Chrome/81.0.4044.138 Mobile Safari/537.36"
157.38.79.142 - - [28/Jul/2021:10:24:23 +0000] "GET / HTTP/1.1" 200 8460 "https://www.google.com/" "Mozilla/5.0 (Linux; Android 11; SM-A305F) AppleWebKit/537.36 (KHTML, like Gecko) Chrome/92.0.4515.115 Mobile Safari/537.36"
223.189.150.95 - - [28/Jul/2021:10:25:00 +0000] "GET / HTTP/1.1" 200 8460 "-" "Mozilla/5.0 (Linux; U; Android 10; hi-in; CPH1969 Build/QP1A.190711.020) AppleWebKit/537.36 (KHTML, like Gecko) Chrome/77.0.3865.116 Mobile Safari/537.36 HeyTapBrowser/45.7.8.1"
223.189.150.95 - - [28/Jul/2021:10:25:00 +0000] "GET /img/favicon2.png HTTP/1.1" 404 214 "http://shrihanumanlottery.com/" "Mozilla/5.0 (Linux; U; Android 10; hi-in; CPH1969 Build/QP1A.190711.020) AppleWebKit/537.36 (KHTML, like Gecko) Chrome/77.0.3865.116 Mobile Safari/537.36 HeyTapBrowser/45.7.8.1"
171.79.144.135 - - [28/Jul/2021:10:26:25 +0000] "GET / HTTP/1.1" 200 8460 "-" "Mozilla/5.0 (Linux; Android 9; Redmi Y3) AppleWebKit/537.36 (KHTML, like Gecko) Chrome/80.0.3987.99 Mobile Safari/537.36"
171.79.144.135 - - [28/Jul/2021:10:26:25 +0000] "GET /css/style.css HTTP/1.1" 200 2122 "https://shrihanumanlottery.com/" "Mozilla/5.0 (Linux; Android 9; Redmi Y3) AppleWebKit/537.36 (KHTML, like Gecko) Chrome/80.0.3987.99 Mobile Safari/537.36"
171.79.144.135 - - [28/Jul/2021:10:26:25 +0000] "GET /images/shrihanuman.gif HTTP/1.1" 200 160010 "https://shrihanumanlottery.com/" "Mozilla/5.0 (Linux; Android 9; Redmi Y3) AppleWebKit/537.36 (KHTML, like Gecko) Chrome/80.0.3987.99 Mobile Safari/537.36"
171.79.144.135 - - [28/Jul/2021:10:26:25 +0000] "GET /img/star12.gif HTTP/1.1" 200 10588 "https://shrihanumanlottery.com/css/style.css" "Mozilla/5.0 (Linux; Android 9; Redmi Y3) AppleWebKit/537.36 (KHTML, like Gecko) Chrome/80.0.3987.99 Mobile Safari/537.36"
171.79.144.135 - - [28/Jul/2021:10:26:25 +0000] "GET /galleryimg/6547081shrihanumanji.jpg HTTP/1.1" 200 104888 "https://shrihanumanlottery.com/" "Mozilla/5.0 (Linux; Android 9; Redmi Y3) AppleWebKit/537.36 (KHTML, like Gecko) Chrome/80.0.3987.99 Mobile Safari/537.36"
171.79.144.135 - - [28/Jul/2021:10:26:25 +0000] "GET /img/favicon2.png HTTP/1.1" 404 214 "https://shrihanumanlottery.com/" "Mozilla/5.0 (Linux; Android 9; Redmi Y3) AppleWebKit/537.36 (KHTML, like Gecko) Chrome/80.0.3987.99 Mobile Safari/537.36"
171.79.144.135 - - [28/Jul/2021:10:26:30 +0000] "GET /results.php?year=2021 HTTP/1.1" 200 6528 "https://shrihanumanlottery.com/" "Mozilla/5.0 (Linux; Android 9; Redmi Y3) AppleWebKit/537.36 (KHTML, like Gecko) Chrome/80.0.3987.99 Mobile Safari/537.36"
171.79.144.135 - - [28/Jul/2021:10:26:30 +0000] "GET /images/back.png HTTP/1.1" 200 6711 "https://shrihanumanlottery.com/results.php?year=2021" "Mozilla/5.0 (Linux; Android 9; Redmi Y3) AppleWebKit/537.36 (KHTML, like Gecko) Chrome/80.0.3987.99 Mobile Safari/537.36"
171.79.144.135 - - [28/Jul/2021:10:26:40 +0000] "GET /results2020.php?year=2020 HTTP/1.1" 200 518071 "https://shrihanumanlottery.com/" "Mozilla/5.0 (Linux; Android 9; Redmi Y3) AppleWebKit/537.36 (KHTML, like Gecko) Chrome/80.0.3987.99 Mobile Safari/537.36"
171.79.144.135 - - [28/Jul/2021:10:26:47 +0000] "GET / HTTP/1.1" 200 8460 "-" "Mozilla/5.0 (Linux; Android 9; Redmi Y3) AppleWebKit/537.36 (KHTML, like Gecko) Chrome/80.0.3987.99 Mobile Safari/537.36"
171.79.144.135 - - [28/Jul/2021:10:26:55 +0000] "GET / HTTP/1.1" 200 8460 "https://www.google.com/" "Mozilla/5.0 (Linux; Android 9; Redmi Y3) AppleWebKit/537.36 (KHTML, like Gecko) Chrome/80.0.3987.99 Mobile Safari/537.36"
223.189.150.95 - - [28/Jul/2021:10:27:56 +0000] "GET / HTTP/1.1" 200 8460 "http://shrihanumanlottery.com/" "Mozilla/5.0 (Linux; U; Android 10; hi-in; CPH1969 Build/QP1A.190711.020) AppleWebKit/537.36 (KHTML, like Gecko) Chrome/77.0.3865.116 Mobile Safari/537.36 HeyTapBrowser/45.7.8.1"
223.189.150.95 - - [28/Jul/2021:10:27:58 +0000] "GET / HTTP/1.1" 200 8460 "http://shrihanumanlottery.com/" "Mozilla/5.0 (Linux; U; Android 10; hi-in; CPH1969 Build/QP1A.190711.020) AppleWebKit/537.36 (KHTML, like Gecko) Chrome/77.0.3865.116 Mobile Safari/537.36 HeyTapBrowser/45.7.8.1"
223.189.150.95 - - [28/Jul/2021:10:28:02 +0000] "GET /results.php?year=2021 HTTP/1.1" 200 6528 "http://shrihanumanlottery.com/" "Mozilla/5.0 (Linux; U; Android 10; hi-in; CPH1969 Build/QP1A.190711.020) AppleWebKit/537.36 (KHTML, like Gecko) Chrome/77.0.3865.116 Mobile Safari/537.36 HeyTapBrowser/45.7.8.1"
223.189.150.95 - - [28/Jul/2021:10:28:03 +0000] "GET /img/favicon2.png HTTP/1.1" 404 214 "http://shrihanumanlottery.com/results.php?year=2021" "Mozilla/5.0 (Linux; U; Android 10; hi-in; CPH1969 Build/QP1A.190711.020) AppleWebKit/537.36 (KHTML, like Gecko) Chrome/77.0.3865.116 Mobile Safari/537.36 HeyTapBrowser/45.7.8.1"
223.189.150.95 - - [28/Jul/2021:10:28:13 +0000] "GET / HTTP/1.1" 200 8460 "https://www.google.com/" "Mozilla/5.0 (Linux; Android 10; CPH1969) AppleWebKit/537.36 (KHTML, like Gecko) Chrome/81.0.4044.138 Mobile Safari/537.36"
223.189.150.95 - - [28/Jul/2021:10:28:13 +0000] "GET /img/favicon2.png HTTP/1.1" 404 214 "https://shrihanumanlottery.com/" "Mozilla/5.0 (Linux; Android 10; CPH1969) AppleWebKit/537.36 (KHTML, like Gecko) Chrome/81.0.4044.138 Mobile Safari/537.36"
223.189.150.95 - - [28/Jul/2021:10:28:14 +0000] "GET / HTTP/1.1" 200 8460 "https://www.google.com/" "Mozilla/5.0 (Linux; Android 10; CPH1969) AppleWebKit/537.36 (KHTML, like Gecko) Chrome/81.0.4044.138 Mobile Safari/537.36"
223.189.150.95 - - [28/Jul/2021:10:28:37 +0000] "GET / HTTP/1.1" 200 8460 "https://www.google.com/" "Mozilla/5.0 (Linux; Android 10; CPH1969) AppleWebKit/537.36 (KHTML, like Gecko) Chrome/81.0.4044.138 Mobile Safari/537.36"
157.38.66.103 - - [28/Jul/2021:10:28:55 +0000] "GET / HTTP/1.1" 200 8460 "https://www.google.com/" "Mozilla/5.0 (Linux; Android 9; Redmi Y2) AppleWebKit/537.36 (KHTML, like Gecko) Chrome/91.0.4472.164 Mobile Safari/537.36"
157.38.66.103 - - [28/Jul/2021:10:28:55 +0000] "GET /img/favicon2.png HTTP/1.1" 404 214 "https://shrihanumanlottery.com/" "Mozilla/5.0 (Linux; Android 9; Redmi Y2) AppleWebKit/537.36 (KHTML, like Gecko) Chrome/91.0.4472.164 Mobile Safari/537.36"
157.38.41.254 - - [28/Jul/2021:10:29:22 +0000] "GET / HTTP/1.1" 200 8460 "https://shrihanumanlottery.com/" "Mozilla/5.0 (Linux; Android 9; Redmi Y2) AppleWebKit/537.36 (KHTML, like Gecko) Chrome/91.0.4472.164 Mobile Safari/537.36"
171.79.144.135 - - [28/Jul/2021:10:29:33 +0000] "GET / HTTP/1.1" 200 8460 "https://www.google.com/" "Mozilla/5.0 (Linux; Android 9; Redmi Y3) AppleWebKit/537.36 (KHTML, like Gecko) Chrome/80.0.3987.99 Mobile Safari/537.36"
106.206.169.73 - - [28/Jul/2021:10:30:40 +0000] "GET / HTTP/1.1" 200 8460 "-" "Mozilla/5.0 (Linux; Android 8.1.0; CPH1803) AppleWebKit/537.36 (KHTML, like Gecko) Chrome/90.0.4430.210 Mobile Safari/537.36"
106.206.169.73 - - [28/Jul/2021:10:30:43 +0000] "GET /img/favicon2.png HTTP/1.1" 404 214 "http://www.shrihanumanlottery.com/" "Mozilla/5.0 (Linux; Android 8.1.0; CPH1803) AppleWebKit/537.36 (KHTML, like Gecko) Chrome/90.0.4430.210 Mobile Safari/537.36"
106.206.169.73 - - [28/Jul/2021:10:30:58 +0000] "GET / HTTP/1.1" 200 8460 "-" "Mozilla/5.0 (Linux; Android 8.1.0; CPH1803) AppleWebKit/537.36 (KHTML, like Gecko) Chrome/90.0.4430.210 Mobile Safari/537.36"
106.206.169.73 - - [28/Jul/2021:10:31:27 +0000] "GET / HTTP/1.1" 200 8460 "https://www.google.com/" "Mozilla/5.0 (Linux; Android 8.1.0; CPH1803) AppleWebKit/537.36 (KHTML, like Gecko) Chrome/90.0.4430.210 Mobile Safari/537.36"
106.206.169.73 - - [28/Jul/2021:10:31:29 +0000] "GET /img/favicon2.png HTTP/1.1" 404 214 "https://shrihanumanlottery.com/" "Mozilla/5.0 (Linux; Android 8.1.0; CPH1803) AppleWebKit/537.36 (KHTML, like Gecko) Chrome/90.0.4430.210 Mobile Safari/537.36"
106.206.169.73 - - [28/Jul/2021:10:31:42 +0000] "GET / HTTP/1.1" 200 8460 "https://www.google.com/" "Mozilla/5.0 (Linux; Android 8.1.0; CPH1803) AppleWebKit/537.36 (KHTML, like Gecko) Chrome/90.0.4430.210 Mobile Safari/537.36"
106.206.169.73 - - [28/Jul/2021:10:31:53 +0000] "GET / HTTP/1.1" 200 8460 "https://www.google.com/" "Mozilla/5.0 (Linux; Android 8.1.0; CPH1803) AppleWebKit/537.36 (KHTML, like Gecko) Chrome/90.0.4430.210 Mobile Safari/537.36"
106.206.169.73 - - [28/Jul/2021:10:31:55 +0000] "GET / HTTP/1.1" 200 8460 "https://www.google.com/" "Mozilla/5.0 (Linux; Android 8.1.0; CPH1803) AppleWebKit/537.36 (KHTML, like Gecko) Chrome/90.0.4430.210 Mobile Safari/537.36"
106.206.169.73 - - [28/Jul/2021:10:32:51 +0000] "GET / HTTP/1.1" 200 8460 "https://www.google.com/" "Mozilla/5.0 (Linux; Android 8.1.0; CPH1803) AppleWebKit/537.36 (KHTML, like Gecko) Chrome/90.0.4430.210 Mobile Safari/537.36"
106.206.169.73 - - [28/Jul/2021:10:32:52 +0000] "GET /img/favicon2.png HTTP/1.1" 404 214 "https://shrihanumanlottery.com/" "Mozilla/5.0 (Linux; Android 8.1.0; CPH1803) AppleWebKit/537.36 (KHTML, like Gecko) Chrome/90.0.4430.210 Mobile Safari/537.36"
106.206.169.73 - - [28/Jul/2021:10:32:55 +0000] "GET /results.php?year=2021 HTTP/1.1" 200 6528 "https://shrihanumanlottery.com/" "Mozilla/5.0 (Linux; Android 8.1.0; CPH1803) AppleWebKit/537.36 (KHTML, like Gecko) Chrome/90.0.4430.210 Mobile Safari/537.36"
106.206.169.73 - - [28/Jul/2021:10:34:28 +0000] "GET / HTTP/1.1" 200 8460 "https://www.google.com/" "Mozilla/5.0 (Linux; Android 8.1.0; CPH1803) AppleWebKit/537.36 (KHTML, like Gecko) Chrome/90.0.4430.210 Mobile Safari/537.36"
42.107.224.23 - - [28/Jul/2021:10:35:18 +0000] "GET / HTTP/1.1" 200 8460 "-" "Mozilla/5.0 (Linux; Android 4.4.2; SM-G355H Build/KOT49H) AppleWebKit/537.36 (KHTML, like Gecko) Chrome/40.0.2214.109 Mobile Safari/537.36"
42.107.224.23 - - [28/Jul/2021:10:35:20 +0000] "GET /css/style.css HTTP/1.1" 200 2122 "https://shrihanumanlottery.com/" "Mozilla/5.0 (Linux; Android 4.4.2; SM-G355H Build/KOT49H) AppleWebKit/537.36 (KHTML, like Gecko) Chrome/40.0.2214.109 Mobile Safari/537.36"
42.107.224.23 - - [28/Jul/2021:10:35:20 +0000] "GET /img/star12.gif HTTP/1.1" 200 10588 "https://shrihanumanlottery.com/css/style.css" "Mozilla/5.0 (Linux; Android 4.4.2; SM-G355H Build/KOT49H) AppleWebKit/537.36 (KHTML, like Gecko) Chrome/40.0.2214.109 Mobile Safari/537.36"
42.107.224.23 - - [28/Jul/2021:10:35:20 +0000] "GET /galleryimg/6547081shrihanumanji.jpg HTTP/1.1" 200 104888 "https://shrihanumanlottery.com/" "Mozilla/5.0 (Linux; Android 4.4.2; SM-G355H Build/KOT49H) AppleWebKit/537.36 (KHTML, like Gecko) Chrome/40.0.2214.109 Mobile Safari/537.36"
42.107.224.23 - - [28/Jul/2021:10:35:20 +0000] "GET /images/shrihanuman.gif HTTP/1.1" 200 160010 "https://shrihanumanlottery.com/" "Mozilla/5.0 (Linux; Android 4.4.2; SM-G355H Build/KOT49H) AppleWebKit/537.36 (KHTML, like Gecko) Chrome/40.0.2214.109 Mobile Safari/537.36"
42.107.224.23 - - [28/Jul/2021:10:35:27 +0000] "GET /img/favicon2.png HTTP/1.1" 404 214 "-" "Mozilla/5.0 (Linux; Android 4.4.2; SM-G355H Build/KOT49H) AppleWebKit/537.36 (KHTML, like Gecko) Chrome/40.0.2214.109 Mobile Safari/537.36"
157.47.201.242 - - [28/Jul/2021:10:36:14 +0000] "GET / HTTP/1.1" 200 8460 "https://shrihanumanlottery.com/" "Mozilla/5.0 (Linux; Android 10; Nokia 2.4) AppleWebKit/537.36 (KHTML, like Gecko) Chrome/81.0.4044.138 Mobile Safari/537.36"
157.47.201.242 - - [28/Jul/2021:10:36:23 +0000] "GET /results.php?year=2021 HTTP/1.1" 200 6528 "https://shrihanumanlottery.com/" "Mozilla/5.0 (Linux; Android 10; Nokia 2.4) AppleWebKit/537.36 (KHTML, like Gecko) Chrome/81.0.4044.138 Mobile Safari/537.36"
157.47.201.242 - - [28/Jul/2021:10:36:39 +0000] "GET /results.php?year=2021 HTTP/1.1" 200 6528 "https://shrihanumanlottery.com/" "Mozilla/5.0 (Linux; Android 10; Nokia 2.4) AppleWebKit/537.36 (KHTML, like Gecko) Chrome/81.0.4044.138 Mobile Safari/537.36"
223.189.150.95 - - [28/Jul/2021:10:37:27 +0000] "GET /secureadmin/admin/ HTTP/1.1" 200 6754 "-" "Mozilla/5.0 (Linux; U; Android 10; hi-in; CPH1969 Build/QP1A.190711.020) AppleWebKit/537.36 (KHTML, like Gecko) Chrome/77.0.3865.116 Mobile Safari/537.36 HeyTapBrowser/45.7.8.1"
223.189.150.95 - - [28/Jul/2021:10:37:28 +0000] "GET /secureadmin/admin/menuContent.html HTTP/1.1" 404 232 "http://shrihanumanlottery.com/secureadmin/admin/" "Mozilla/5.0 (Linux; U; Android 10; hi-in; CPH1969 Build/QP1A.190711.020) AppleWebKit/537.36 (KHTML, like Gecko) Chrome/77.0.3865.116 Mobile Safari/537.36 HeyTapBrowser/45.7.8.1"
223.189.150.95 - - [28/Jul/2021:10:37:28 +0000] "GET /favicon.ico HTTP/1.1" 404 209 "http://shrihanumanlottery.com/secureadmin/admin/" "Mozilla/5.0 (Linux; U; Android 10; hi-in; CPH1969 Build/QP1A.190711.020) AppleWebKit/537.36 (KHTML, like Gecko) Chrome/77.0.3865.116 Mobile Safari/537.36 HeyTapBrowser/45.7.8.1"
157.47.201.242 - - [28/Jul/2021:10:37:36 +0000] "GET / HTTP/1.1" 200 8460 "https://shrihanumanlottery.com/" "Mozilla/5.0 (Linux; Android 10; Nokia 2.4) AppleWebKit/537.36 (KHTML, like Gecko) Chrome/81.0.4044.138 Mobile Safari/537.36"
157.47.201.242 - - [28/Jul/2021:10:37:37 +0000] "GET / HTTP/1.1" 200 8460 "https://shrihanumanlottery.com/" "Mozilla/5.0 (Linux; Android 10; Nokia 2.4) AppleWebKit/537.36 (KHTML, like Gecko) Chrome/81.0.4044.138 Mobile Safari/537.36"
157.47.201.242 - - [28/Jul/2021:10:37:40 +0000] "GET / HTTP/1.1" 200 8460 "https://shrihanumanlottery.com/" "Mozilla/5.0 (Linux; Android 10; Nokia 2.4) AppleWebKit/537.36 (KHTML, like Gecko) Chrome/81.0.4044.138 Mobile Safari/537.36"
223.189.150.95 - - [28/Jul/2021:10:38:06 +0000] "POST /secureadmin/admin/loginsuccess.php HTTP/1.1" 302 - "http://shrihanumanlottery.com/secureadmin/admin/" "Mozilla/5.0 (Linux; U; Android 10; hi-in; CPH1969 Build/QP1A.190711.020) AppleWebKit/537.36 (KHTML, like Gecko) Chrome/77.0.3865.116 Mobile Safari/537.36 HeyTapBrowser/45.7.8.1"
223.189.150.95 - - [28/Jul/2021:10:38:06 +0000] "GET /secureadmin/admin/add-results.php?message=success HTTP/1.1" 200 19805 "http://shrihanumanlottery.com/secureadmin/admin/" "Mozilla/5.0 (Linux; U; Android 10; hi-in; CPH1969 Build/QP1A.190711.020) AppleWebKit/537.36 (KHTML, like Gecko) Chrome/77.0.3865.116 Mobile Safari/537.36 HeyTapBrowser/45.7.8.1"
223.189.150.95 - - [28/Jul/2021:10:38:07 +0000] "GET /secureadmin/admin/menuContent.html HTTP/1.1" 404 232 "http://shrihanumanlottery.com/secureadmin/admin/add-results.php?message=success" "Mozilla/5.0 (Linux; U; Android 10; hi-in; CPH1969 Build/QP1A.190711.020) AppleWebKit/537.36 (KHTML, like Gecko) Chrome/77.0.3865.116 Mobile Safari/537.36 HeyTapBrowser/45.7.8.1"
223.189.150.95 - - [28/Jul/2021:10:38:17 +0000] "POST /secureadmin/admin/processProduct.php?action=addPageContent HTTP/1.1" 200 138 "http://shrihanumanlottery.com/secureadmin/admin/add-results.php?message=success" "Mozilla/5.0 (Linux; U; Android 10; hi-in; CPH1969 Build/QP1A.190711.020) AppleWebKit/537.36 (KHTML, like Gecko) Chrome/77.0.3865.116 Mobile Safari/537.36 HeyTapBrowser/45.7.8.1"
223.189.150.95 - - [28/Jul/2021:10:38:19 +0000] "GET /secureadmin/admin/add-results.php HTTP/1.1" 200 20412 "http://shrihanumanlottery.com/secureadmin/admin/processProduct.php?action=addPageContent" "Mozilla/5.0 (Linux; U; Android 10; hi-in; CPH1969 Build/QP1A.190711.020) AppleWebKit/537.36 (KHTML, like Gecko) Chrome/77.0.3865.116 Mobile Safari/537.36 HeyTapBrowser/45.7.8.1"
223.189.150.95 - - [28/Jul/2021:10:38:19 +0000] "GET /secureadmin/admin/menuContent.html HTTP/1.1" 404 232 "http://shrihanumanlottery.com/secureadmin/admin/add-results.php" "Mozilla/5.0 (Linux; U; Android 10; hi-in; CPH1969 Build/QP1A.190711.020) AppleWebKit/537.36 (KHTML, like Gecko) Chrome/77.0.3865.116 Mobile Safari/537.36 HeyTapBrowser/45.7.8.1"
223.189.150.95 - - [28/Jul/2021:10:38:22 +0000] "GET / HTTP/1.1" 200 8598 "-" "Mozilla/5.0 (Linux; U; Android 10; hi-in; CPH1969 Build/QP1A.190711.020) AppleWebKit/537.36 (KHTML, like Gecko) Chrome/77.0.3865.116 Mobile Safari/537.36 HeyTapBrowser/45.7.8.1"
223.189.150.95 - - [28/Jul/2021:10:38:23 +0000] "GET /img/favicon2.png HTTP/1.1" 404 214 "http://shrihanumanlottery.com/" "Mozilla/5.0 (Linux; U; Android 10; hi-in; CPH1969 Build/QP1A.190711.020) AppleWebKit/537.36 (KHTML, like Gecko) Chrome/77.0.3865.116 Mobile Safari/537.36 HeyTapBrowser/45.7.8.1"
157.47.201.242 - - [28/Jul/2021:10:38:27 +0000] "GET / HTTP/1.1" 200 8598 "https://shrihanumanlottery.com/" "Mozilla/5.0 (Linux; Android 10; Nokia 2.4) AppleWebKit/537.36 (KHTML, like Gecko) Chrome/81.0.4044.138 Mobile Safari/537.36"
106.206.162.55 - - [28/Jul/2021:10:41:57 +0000] "GET / HTTP/1.1" 200 8598 "-" "Mozilla/5.0 (Linux; Android 10; M2010J19SI) AppleWebKit/537.36 (KHTML, like Gecko) Chrome/83.0.4103.101 Mobile Safari/537.36"
171.79.177.178 - - [28/Jul/2021:10:42:13 +0000] "GET / HTTP/1.1" 200 8598 "-" "Mozilla/5.0 (Linux; Android 10; SAMSUNG SM-M022G Build/QP1A.190711.020; wv) AppleWebKit/537.36 (KHTML, like Gecko) Version/4.0 SamsungBrowser/7.4 Chrome/81.0.4044.138 Mobile Safari/537.36"
169.149.200.203 - - [28/Jul/2021:10:42:23 +0000] "GET / HTTP/1.1" 200 8598 "https://www.google.com/" "Mozilla/5.0 (Linux; Android 7.1.2; Redmi Note 5 Build/N2G47H) AppleWebKit/537.36 (KHTML, like Gecko) Chrome/66.0.3359.126 Mobile Safari/537.36"
169.149.200.203 - - [28/Jul/2021:10:42:23 +0000] "GET /images/shrihanuman.gif HTTP/1.1" 200 160010 "https://shrihanumanlottery.com/" "Mozilla/5.0 (Linux; Android 7.1.2; Redmi Note 5 Build/N2G47H) AppleWebKit/537.36 (KHTML, like Gecko) Chrome/66.0.3359.126 Mobile Safari/537.36"
169.149.255.85 - - [28/Jul/2021:10:42:23 +0000] "GET /img/star12.gif HTTP/1.1" 200 10588 "https://shrihanumanlottery.com/css/style.css" "Mozilla/5.0 (Linux; Android 7.1.2; Redmi Note 5 Build/N2G47H) AppleWebKit/537.36 (KHTML, like Gecko) Chrome/66.0.3359.126 Mobile Safari/537.36"
169.149.200.203 - - [28/Jul/2021:10:42:23 +0000] "GET /galleryimg/6547081shrihanumanji.jpg HTTP/1.1" 200 104888 "https://shrihanumanlottery.com/" "Mozilla/5.0 (Linux; Android 7.1.2; Redmi Note 5 Build/N2G47H) AppleWebKit/537.36 (KHTML, like Gecko) Chrome/66.0.3359.126 Mobile Safari/537.36"
169.149.200.203 - - [28/Jul/2021:10:42:24 +0000] "GET /img/favicon2.png HTTP/1.1" 404 214 "https://shrihanumanlottery.com/" "Mozilla/5.0 (Linux; Android 7.1.2; Redmi Note 5 Build/N2G47H) AppleWebKit/537.36 (KHTML, like Gecko) Chrome/66.0.3359.126 Mobile Safari/537.36"
223.189.150.95 - - [28/Jul/2021:10:45:58 +0000] "GET / HTTP/1.1" 200 8598 "http://shrihanumanlottery.com/" "Mozilla/5.0 (Linux; U; Android 10; hi-in; CPH1969 Build/QP1A.190711.020) AppleWebKit/537.36 (KHTML, like Gecko) Chrome/77.0.3865.116 Mobile Safari/537.36 HeyTapBrowser/45.7.8.1"
223.189.150.95 - - [28/Jul/2021:10:46:19 +0000] "GET / HTTP/1.1" 200 8598 "http://shrihanumanlottery.com/" "Mozilla/5.0 (Linux; U; Android 10; hi-in; CPH1969 Build/QP1A.190711.020) AppleWebKit/537.36 (KHTML, like Gecko) Chrome/77.0.3865.116 Mobile Safari/537.36 HeyTapBrowser/45.7.8.1"
223.189.150.95 - - [28/Jul/2021:10:46:23 +0000] "GET / HTTP/1.1" 200 8598 "http://shrihanumanlottery.com/" "Mozilla/5.0 (Linux; U; Android 10; hi-in; CPH1969 Build/QP1A.190711.020) AppleWebKit/537.36 (KHTML, like Gecko) Chrome/77.0.3865.116 Mobile Safari/537.36 HeyTapBrowser/45.7.8.1"
106.195.101.47 - - [28/Jul/2021:10:49:07 +0000] "GET / HTTP/1.1" 200 8598 "https://www.google.com/" "Mozilla/5.0 (Linux; Android 10; M2007J20CI) AppleWebKit/537.36 (KHTML, like Gecko) Chrome/87.0.4280.101 Mobile Safari/537.36"
106.195.101.47 - - [28/Jul/2021:10:49:07 +0000] "GET /css/style.css HTTP/1.1" 200 2122 "https://shrihanumanlottery.com/" "Mozilla/5.0 (Linux; Android 10; M2007J20CI) AppleWebKit/537.36 (KHTML, like Gecko) Chrome/87.0.4280.101 Mobile Safari/537.36"
106.195.101.47 - - [28/Jul/2021:10:49:07 +0000] "GET /images/shrihanuman.gif HTTP/1.1" 200 160010 "https://shrihanumanlottery.com/" "Mozilla/5.0 (Linux; Android 10; M2007J20CI) AppleWebKit/537.36 (KHTML, like Gecko) Chrome/87.0.4280.101 Mobile Safari/537.36"
106.195.101.47 - - [28/Jul/2021:10:49:07 +0000] "GET /galleryimg/6547081shrihanumanji.jpg HTTP/1.1" 200 104888 "https://shrihanumanlottery.com/" "Mozilla/5.0 (Linux; Android 10; M2007J20CI) AppleWebKit/537.36 (KHTML, like Gecko) Chrome/87.0.4280.101 Mobile Safari/537.36"
106.195.101.47 - - [28/Jul/2021:10:49:07 +0000] "GET /img/star12.gif HTTP/1.1" 200 10588 "https://shrihanumanlottery.com/css/style.css" "Mozilla/5.0 (Linux; Android 10; M2007J20CI) AppleWebKit/537.36 (KHTML, like Gecko) Chrome/87.0.4280.101 Mobile Safari/537.36"
106.195.101.47 - - [28/Jul/2021:10:49:07 +0000] "GET /img/favicon2.png HTTP/1.1" 404 214 "https://shrihanumanlottery.com/" "Mozilla/5.0 (Linux; Android 10; M2007J20CI) AppleWebKit/537.36 (KHTML, like Gecko) Chrome/87.0.4280.101 Mobile Safari/537.36"
106.207.186.194 - - [28/Jul/2021:10:49:31 +0000] "GET / HTTP/1.1" 200 8598 "https://www.google.com/" "Mozilla/5.0 (Linux; Android 8.1.0; Redmi 6A Build/O11019) AppleWebKit/537.36 (KHTML, like Gecko) Chrome/69.0.3497.100 Mobile Safari/537.36"
106.207.186.194 - - [28/Jul/2021:10:49:32 +0000] "GET /css/style.css HTTP/1.1" 200 2122 "https://shrihanumanlottery.com/" "Mozilla/5.0 (Linux; Android 8.1.0; Redmi 6A Build/O11019) AppleWebKit/537.36 (KHTML, like Gecko) Chrome/69.0.3497.100 Mobile Safari/537.36"
106.207.186.194 - - [28/Jul/2021:10:49:32 +0000] "GET /img/star12.gif HTTP/1.1" 200 10588 "https://shrihanumanlottery.com/css/style.css" "Mozilla/5.0 (Linux; Android 8.1.0; Redmi 6A Build/O11019) AppleWebKit/537.36 (KHTML, like Gecko) Chrome/69.0.3497.100 Mobile Safari/537.36"
106.207.186.194 - - [28/Jul/2021:10:49:32 +0000] "GET /images/shrihanuman.gif HTTP/1.1" 200 160010 "https://shrihanumanlottery.com/" "Mozilla/5.0 (Linux; Android 8.1.0; Redmi 6A Build/O11019) AppleWebKit/537.36 (KHTML, like Gecko) Chrome/69.0.3497.100 Mobile Safari/537.36"
106.207.186.194 - - [28/Jul/2021:10:49:32 +0000] "GET /galleryimg/6547081shrihanumanji.jpg HTTP/1.1" 200 104888 "https://shrihanumanlottery.com/" "Mozilla/5.0 (Linux; Android 8.1.0; Redmi 6A Build/O11019) AppleWebKit/537.36 (KHTML, like Gecko) Chrome/69.0.3497.100 Mobile Safari/537.36"
106.207.186.194 - - [28/Jul/2021:10:49:32 +0000] "GET /img/favicon2.png HTTP/1.1" 404 214 "https://shrihanumanlottery.com/" "Mozilla/5.0 (Linux; Android 8.1.0; Redmi 6A Build/O11019) AppleWebKit/537.36 (KHTML, like Gecko) Chrome/69.0.3497.100 Mobile Safari/537.36"
223.188.119.242 - - [28/Jul/2021:10:52:51 +0000] "GET / HTTP/1.1" 200 8598 "-" "Mozilla/5.0 (Linux; Android 5.1; HTC Desire 628 dual sim Build/LMY47D) AppleWebKit/537.36 (KHTML, like Gecko) Chrome/50.0.2661.89 Mobile Safari/537.36"
223.188.119.242 - - [28/Jul/2021:10:52:51 +0000] "GET /css/style.css HTTP/1.1" 200 2122 "https://shrihanumanlottery.com/" "Mozilla/5.0 (Linux; Android 5.1; HTC Desire 628 dual sim Build/LMY47D) AppleWebKit/537.36 (KHTML, like Gecko) Chrome/50.0.2661.89 Mobile Safari/537.36"
223.188.119.242 - - [28/Jul/2021:10:52:51 +0000] "GET /images/shrihanuman.gif HTTP/1.1" 200 160010 "https://shrihanumanlottery.com/" "Mozilla/5.0 (Linux; Android 5.1; HTC Desire 628 dual sim Build/LMY47D) AppleWebKit/537.36 (KHTML, like Gecko) Chrome/50.0.2661.89 Mobile Safari/537.36"
223.188.119.242 - - [28/Jul/2021:10:52:51 +0000] "GET /galleryimg/6547081shrihanumanji.jpg HTTP/1.1" 200 104888 "https://shrihanumanlottery.com/" "Mozilla/5.0 (Linux; Android 5.1; HTC Desire 628 dual sim Build/LMY47D) AppleWebKit/537.36 (KHTML, like Gecko) Chrome/50.0.2661.89 Mobile Safari/537.36"
223.188.119.242 - - [28/Jul/2021:10:52:52 +0000] "GET /img/star12.gif HTTP/1.1" 200 10588 "https://shrihanumanlottery.com/css/style.css" "Mozilla/5.0 (Linux; Android 5.1; HTC Desire 628 dual sim Build/LMY47D) AppleWebKit/537.36 (KHTML, like Gecko) Chrome/50.0.2661.89 Mobile Safari/537.36"
223.188.119.242 - - [28/Jul/2021:10:52:52 +0000] "GET /img/favicon2.png HTTP/1.1" 404 214 "https://shrihanumanlottery.com/" "Mozilla/5.0 (Linux; Android 5.1; HTC Desire 628 dual sim Build/LMY47D) AppleWebKit/537.36 (KHTML, like Gecko) Chrome/50.0.2661.89 Mobile Safari/537.36"
106.79.193.169 - - [28/Jul/2021:10:55:20 +0000] "GET / HTTP/1.1" 200 8598 "https://www.google.com/" "Mozilla/5.0 (Linux; Android 11; vivo 1907) AppleWebKit/537.36 (KHTML, like Gecko) Chrome/83.0.4103.106 Mobile Safari/537.36"
106.79.193.169 - - [28/Jul/2021:10:55:20 +0000] "GET /images/shrihanuman.gif HTTP/1.1" 200 160010 "https://shrihanumanlottery.com/" "Mozilla/5.0 (Linux; Android 11; vivo 1907) AppleWebKit/537.36 (KHTML, like Gecko) Chrome/83.0.4103.106 Mobile Safari/537.36"
106.79.193.169 - - [28/Jul/2021:10:55:20 +0000] "GET /galleryimg/6547081shrihanumanji.jpg HTTP/1.1" 200 104888 "https://shrihanumanlottery.com/" "Mozilla/5.0 (Linux; Android 11; vivo 1907) AppleWebKit/537.36 (KHTML, like Gecko) Chrome/83.0.4103.106 Mobile Safari/537.36"
106.79.193.169 - - [28/Jul/2021:10:55:21 +0000] "GET /img/favicon2.png HTTP/1.1" 404 214 "https://shrihanumanlottery.com/" "Mozilla/5.0 (Linux; Android 11; vivo 1907) AppleWebKit/537.36 (KHTML, like Gecko) Chrome/83.0.4103.106 Mobile Safari/537.36"
106.79.193.169 - - [28/Jul/2021:10:56:11 +0000] "GET / HTTP/1.1" 200 8598 "-" "Mozilla/5.0 (Linux; Android 11; vivo 1907) AppleWebKit/537.36 (KHTML, like Gecko) Chrome/83.0.4103.106 Mobile Safari/537.36"
106.79.193.169 - - [28/Jul/2021:10:56:13 +0000] "GET /img/favicon2.png HTTP/1.1" 404 214 "http://shrihanumanlottery.com/" "Mozilla/5.0 (Linux; Android 11; vivo 1907) AppleWebKit/537.36 (KHTML, like Gecko) Chrome/83.0.4103.106 Mobile Safari/537.36"
223.189.150.95 - - [28/Jul/2021:11:01:14 +0000] "GET / HTTP/1.1" 200 8598 "-" "Mozilla/5.0 (Linux; U; Android 10; hi-in; CPH1969 Build/QP1A.190711.020) AppleWebKit/537.36 (KHTML, like Gecko) Chrome/77.0.3865.116 Mobile Safari/537.36 HeyTapBrowser/45.7.8.1"
223.189.150.95 - - [28/Jul/2021:11:01:15 +0000] "GET /img/favicon2.png HTTP/1.1" 404 214 "http://shrihanumanlottery.com/" "Mozilla/5.0 (Linux; U; Android 10; hi-in; CPH1969 Build/QP1A.190711.020) AppleWebKit/537.36 (KHTML, like Gecko) Chrome/77.0.3865.116 Mobile Safari/537.36 HeyTapBrowser/45.7.8.1"
40.77.167.37 - - [28/Jul/2021:11:03:29 +0000] "GET /robots.txt HTTP/1.1" 404 208 "-" "Mozilla/5.0 (compatible; bingbot/2.0; +http://www.bing.com/bingbot.htm)"
40.77.167.37 - - [28/Jul/2021:11:03:30 +0000] "GET /robots.txt HTTP/1.1" 404 208 "-" "Mozilla/5.0 (compatible; bingbot/2.0; +http://www.bing.com/bingbot.htm)"
157.55.39.88 - - [28/Jul/2021:11:03:37 +0000] "GET /results2020.php HTTP/1.1" 200 518071 "-" "Mozilla/5.0 (compatible; bingbot/2.0; +http://www.bing.com/bingbot.htm)"
223.189.150.95 - - [28/Jul/2021:11:03:51 +0000] "GET / HTTP/1.1" 200 8598 "https://www.google.com/" "Mozilla/5.0 (Linux; Android 10; CPH1969) AppleWebKit/537.36 (KHTML, like Gecko) Chrome/81.0.4044.138 Mobile Safari/537.36"
223.189.150.95 - - [28/Jul/2021:11:03:52 +0000] "GET /img/favicon2.png HTTP/1.1" 404 214 "https://shrihanumanlottery.com/" "Mozilla/5.0 (Linux; Android 10; CPH1969) AppleWebKit/537.36 (KHTML, like Gecko) Chrome/81.0.4044.138 Mobile Safari/537.36"
157.47.213.130 - - [28/Jul/2021:11:04:13 +0000] "GET / HTTP/1.1" 200 8598 "https://www.google.com/" "Mozilla/5.0 (Linux; Android 10; CPH2095) AppleWebKit/537.36 (KHTML, like Gecko) Chrome/83.0.4103.106 Mobile Safari/537.36"
157.47.213.130 - - [28/Jul/2021:11:04:13 +0000] "GET /css/style.css HTTP/1.1" 200 2122 "https://shrihanumanlottery.com/" "Mozilla/5.0 (Linux; Android 10; CPH2095) AppleWebKit/537.36 (KHTML, like Gecko) Chrome/83.0.4103.106 Mobile Safari/537.36"
157.47.213.130 - - [28/Jul/2021:11:04:14 +0000] "GET /img/star12.gif HTTP/1.1" 200 10588 "https://shrihanumanlottery.com/css/style.css" "Mozilla/5.0 (Linux; Android 10; CPH2095) AppleWebKit/537.36 (KHTML, like Gecko) Chrome/83.0.4103.106 Mobile Safari/537.36"
157.47.213.130 - - [28/Jul/2021:11:04:14 +0000] "GET /galleryimg/6547081shrihanumanji.jpg HTTP/1.1" 200 104888 "https://shrihanumanlottery.com/" "Mozilla/5.0 (Linux; Android 10; CPH2095) AppleWebKit/537.36 (KHTML, like Gecko) Chrome/83.0.4103.106 Mobile Safari/537.36"
157.47.213.130 - - [28/Jul/2021:11:04:13 +0000] "GET /images/shrihanuman.gif HTTP/1.1" 200 160010 "https://shrihanumanlottery.com/" "Mozilla/5.0 (Linux; Android 10; CPH2095) AppleWebKit/537.36 (KHTML, like Gecko) Chrome/83.0.4103.106 Mobile Safari/537.36"
157.47.213.130 - - [28/Jul/2021:11:04:14 +0000] "GET /img/favicon2.png HTTP/1.1" 404 214 "https://shrihanumanlottery.com/" "Mozilla/5.0 (Linux; Android 10; CPH2095) AppleWebKit/537.36 (KHTML, like Gecko) Chrome/83.0.4103.106 Mobile Safari/537.36"
223.189.150.95 - - [28/Jul/2021:11:04:16 +0000] "GET / HTTP/1.1" 200 8598 "http://shrihanumanlottery.com/" "Mozilla/5.0 (Linux; U; Android 10; hi-in; CPH1969 Build/QP1A.190711.020) AppleWebKit/537.36 (KHTML, like Gecko) Chrome/77.0.3865.116 Mobile Safari/537.36 HeyTapBrowser/45.7.8.1"
1.39.205.177 - - [28/Jul/2021:11:04:28 +0000] "GET / HTTP/1.1" 200 8598 "https://www.google.com/" "Mozilla/5.0 (Linux; Android 9; vivo 1907) AppleWebKit/537.36 (KHTML, like Gecko) Chrome/74.0.3729.136 Mobile Safari/537.36"
1.39.205.177 - - [28/Jul/2021:11:04:28 +0000] "GET /images/shrihanuman.gif HTTP/1.1" 200 160010 "https://shrihanumanlottery.com/" "Mozilla/5.0 (Linux; Android 9; vivo 1907) AppleWebKit/537.36 (KHTML, like Gecko) Chrome/74.0.3729.136 Mobile Safari/537.36"
1.39.205.177 - - [28/Jul/2021:11:04:29 +0000] "GET /galleryimg/6547081shrihanumanji.jpg HTTP/1.1" 200 104888 "https://shrihanumanlottery.com/" "Mozilla/5.0 (Linux; Android 9; vivo 1907) AppleWebKit/537.36 (KHTML, like Gecko) Chrome/74.0.3729.136 Mobile Safari/537.36"
1.39.205.177 - - [28/Jul/2021:11:04:29 +0000] "GET /img/favicon2.png HTTP/1.1" 404 214 "https://shrihanumanlottery.com/" "Mozilla/5.0 (Linux; Android 9; vivo 1907) AppleWebKit/537.36 (KHTML, like Gecko) Chrome/74.0.3729.136 Mobile Safari/537.36"
1.39.205.177 - - [28/Jul/2021:11:04:35 +0000] "GET / HTTP/1.1" 200 8598 "https://www.google.com/" "Mozilla/5.0 (Linux; Android 9; vivo 1907) AppleWebKit/537.36 (KHTML, like Gecko) Chrome/74.0.3729.136 Mobile Safari/537.36"
1.39.205.177 - - [28/Jul/2021:11:04:38 +0000] "GET / HTTP/1.1" 200 8598 "https://www.google.com/" "Mozilla/5.0 (Linux; Android 9; vivo 1907) AppleWebKit/537.36 (KHTML, like Gecko) Chrome/74.0.3729.136 Mobile Safari/537.36"
223.189.150.95 - - [28/Jul/2021:11:05:04 +0000] "GET / HTTP/1.1" 200 8598 "http://shrihanumanlottery.com/" "Mozilla/5.0 (Linux; U; Android 10; hi-in; CPH1969 Build/QP1A.190711.020) AppleWebKit/537.36 (KHTML, like Gecko) Chrome/77.0.3865.116 Mobile Safari/537.36 HeyTapBrowser/45.7.8.1"
223.189.150.95 - - [28/Jul/2021:11:05:06 +0000] "GET / HTTP/1.1" 200 8598 "http://shrihanumanlottery.com/" "Mozilla/5.0 (Linux; U; Android 10; hi-in; CPH1969 Build/QP1A.190711.020) AppleWebKit/537.36 (KHTML, like Gecko) Chrome/77.0.3865.116 Mobile Safari/537.36 HeyTapBrowser/45.7.8.1"
223.189.150.95 - - [28/Jul/2021:11:05:43 +0000] "GET / HTTP/1.1" 200 8598 "http://shrihanumanlottery.com/" "Mozilla/5.0 (Linux; U; Android 10; hi-in; CPH1969 Build/QP1A.190711.020) AppleWebKit/537.36 (KHTML, like Gecko) Chrome/77.0.3865.116 Mobile Safari/537.36 HeyTapBrowser/45.7.8.1"
223.189.150.95 - - [28/Jul/2021:11:05:45 +0000] "GET / HTTP/1.1" 200 8598 "http://shrihanumanlottery.com/" "Mozilla/5.0 (Linux; U; Android 10; hi-in; CPH1969 Build/QP1A.190711.020) AppleWebKit/537.36 (KHTML, like Gecko) Chrome/77.0.3865.116 Mobile Safari/537.36 HeyTapBrowser/45.7.8.1"
106.207.133.18 - - [28/Jul/2021:11:07:09 +0000] "GET / HTTP/1.1" 200 8598 "-" "Mozilla/5.0 (Linux; Android 6.0; Lenovo A7000-a Build/MRA58K) AppleWebKit/537.36 (KHTML, like Gecko) Chrome/46.0.2490.76 Mobile Safari/537.36"
106.207.133.18 - - [28/Jul/2021:11:07:09 +0000] "GET /css/style.css HTTP/1.1" 200 2122 "http://shrihanumanlottery.com/" "Mozilla/5.0 (Linux; Android 6.0; Lenovo A7000-a Build/MRA58K) AppleWebKit/537.36 (KHTML, like Gecko) Chrome/46.0.2490.76 Mobile Safari/537.36"
106.207.133.18 - - [28/Jul/2021:11:07:09 +0000] "GET /images/shrihanuman.gif HTTP/1.1" 200 160010 "http://shrihanumanlottery.com/" "Mozilla/5.0 (Linux; Android 6.0; Lenovo A7000-a Build/MRA58K) AppleWebKit/537.36 (KHTML, like Gecko) Chrome/46.0.2490.76 Mobile Safari/537.36"
106.207.133.18 - - [28/Jul/2021:11:07:09 +0000] "GET /galleryimg/6547081shrihanumanji.jpg HTTP/1.1" 200 104888 "http://shrihanumanlottery.com/" "Mozilla/5.0 (Linux; Android 6.0; Lenovo A7000-a Build/MRA58K) AppleWebKit/537.36 (KHTML, like Gecko) Chrome/46.0.2490.76 Mobile Safari/537.36"
106.207.133.18 - - [28/Jul/2021:11:07:09 +0000] "GET /img/star12.gif HTTP/1.1" 200 10588 "http://shrihanumanlottery.com/css/style.css" "Mozilla/5.0 (Linux; Android 6.0; Lenovo A7000-a Build/MRA58K) AppleWebKit/537.36 (KHTML, like Gecko) Chrome/46.0.2490.76 Mobile Safari/537.36"
106.207.133.18 - - [28/Jul/2021:11:07:09 +0000] "GET /img/favicon2.png HTTP/1.1" 404 214 "http://shrihanumanlottery.com/" "Mozilla/5.0 (Linux; Android 6.0; Lenovo A7000-a Build/MRA58K) AppleWebKit/537.36 (KHTML, like Gecko) Chrome/46.0.2490.76 Mobile Safari/537.36"
157.38.220.172 - - [28/Jul/2021:11:07:15 +0000] "GET / HTTP/1.1" 200 8598 "https://www.google.com/" "Mozilla/5.0 (Linux; Android 8.1.0; CPH1909) AppleWebKit/537.36 (KHTML, like Gecko) Chrome/89.0.4389.105 Mobile Safari/537.36"
157.38.220.172 - - [28/Jul/2021:11:07:16 +0000] "GET /galleryimg/6547081shrihanumanji.jpg HTTP/1.1" 206 1 "https://shrihanumanlottery.com/" "Mozilla/5.0 (Linux; Android 8.1.0; CPH1909) AppleWebKit/537.36 (KHTML, like Gecko) Chrome/89.0.4389.105 Mobile Safari/537.36"
157.38.220.172 - - [28/Jul/2021:11:07:16 +0000] "GET /galleryimg/6547081shrihanumanji.jpg HTTP/1.1" 206 22968 "https://shrihanumanlottery.com/" "Mozilla/5.0 (Linux; Android 8.1.0; CPH1909) AppleWebKit/537.36 (KHTML, like Gecko) Chrome/89.0.4389.105 Mobile Safari/537.36"
157.38.220.172 - - [28/Jul/2021:11:07:16 +0000] "GET /img/favicon2.png HTTP/1.1" 404 214 "https://shrihanumanlottery.com/" "Mozilla/5.0 (Linux; Android 8.1.0; CPH1909) AppleWebKit/537.36 (KHTML, like Gecko) Chrome/89.0.4389.105 Mobile Safari/537.36"
223.189.150.95 - - [28/Jul/2021:11:07:21 +0000] "GET /secureadmin/admin/ HTTP/1.1" 200 6754 "-" "Mozilla/5.0 (Linux; U; Android 10; hi-in; CPH1969 Build/QP1A.190711.020) AppleWebKit/537.36 (KHTML, like Gecko) Chrome/77.0.3865.116 Mobile Safari/537.36 HeyTapBrowser/45.7.8.1"
223.189.150.95 - - [28/Jul/2021:11:07:21 +0000] "GET /secureadmin/admin/menuContent.html HTTP/1.1" 404 232 "http://shrihanumanlottery.com/secureadmin/admin/" "Mozilla/5.0 (Linux; U; Android 10; hi-in; CPH1969 Build/QP1A.190711.020) AppleWebKit/537.36 (KHTML, like Gecko) Chrome/77.0.3865.116 Mobile Safari/537.36 HeyTapBrowser/45.7.8.1"
223.189.150.95 - - [28/Jul/2021:11:07:22 +0000] "GET /favicon.ico HTTP/1.1" 404 209 "http://shrihanumanlottery.com/secureadmin/admin/" "Mozilla/5.0 (Linux; U; Android 10; hi-in; CPH1969 Build/QP1A.190711.020) AppleWebKit/537.36 (KHTML, like Gecko) Chrome/77.0.3865.116 Mobile Safari/537.36 HeyTapBrowser/45.7.8.1"
106.207.133.18 - - [28/Jul/2021:11:07:25 +0000] "GET / HTTP/1.1" 200 8598 "-" "Mozilla/5.0 (Linux; Android 6.0; Lenovo A7000-a Build/MRA58K) AppleWebKit/537.36 (KHTML, like Gecko) Chrome/46.0.2490.76 Mobile Safari/537.36"
106.207.133.18 - - [28/Jul/2021:11:07:25 +0000] "GET /css/style.css HTTP/1.1" 304 - "http://shrihanumanlottery.com/" "Mozilla/5.0 (Linux; Android 6.0; Lenovo A7000-a Build/MRA58K) AppleWebKit/537.36 (KHTML, like Gecko) Chrome/46.0.2490.76 Mobile Safari/537.36"
106.207.133.18 - - [28/Jul/2021:11:07:25 +0000] "GET /images/shrihanuman.gif HTTP/1.1" 304 - "http://shrihanumanlottery.com/" "Mozilla/5.0 (Linux; Android 6.0; Lenovo A7000-a Build/MRA58K) AppleWebKit/537.36 (KHTML, like Gecko) Chrome/46.0.2490.76 Mobile Safari/537.36"
106.207.133.18 - - [28/Jul/2021:11:07:25 +0000] "GET /galleryimg/6547081shrihanumanji.jpg HTTP/1.1" 304 - "http://shrihanumanlottery.com/" "Mozilla/5.0 (Linux; Android 6.0; Lenovo A7000-a Build/MRA58K) AppleWebKit/537.36 (KHTML, like Gecko) Chrome/46.0.2490.76 Mobile Safari/537.36"
106.207.133.18 - - [28/Jul/2021:11:07:25 +0000] "GET /img/star12.gif HTTP/1.1" 304 - "http://shrihanumanlottery.com/" "Mozilla/5.0 (Linux; Android 6.0; Lenovo A7000-a Build/MRA58K) AppleWebKit/537.36 (KHTML, like Gecko) Chrome/46.0.2490.76 Mobile Safari/537.36"
106.207.133.18 - - [28/Jul/2021:11:07:26 +0000] "GET / HTTP/1.1" 200 8598 "-" "Mozilla/5.0 (Linux; Android 6.0; Lenovo A7000-a Build/MRA58K) AppleWebKit/537.36 (KHTML, like Gecko) Chrome/46.0.2490.76 Mobile Safari/537.36"
106.207.133.18 - - [28/Jul/2021:11:07:27 +0000] "GET /css/style.css HTTP/1.1" 304 - "http://shrihanumanlottery.com/" "Mozilla/5.0 (Linux; Android 6.0; Lenovo A7000-a Build/MRA58K) AppleWebKit/537.36 (KHTML, like Gecko) Chrome/46.0.2490.76 Mobile Safari/537.36"
106.207.133.18 - - [28/Jul/2021:11:07:27 +0000] "GET /images/shrihanuman.gif HTTP/1.1" 304 - "http://shrihanumanlottery.com/" "Mozilla/5.0 (Linux; Android 6.0; Lenovo A7000-a Build/MRA58K) AppleWebKit/537.36 (KHTML, like Gecko) Chrome/46.0.2490.76 Mobile Safari/537.36"
106.207.133.18 - - [28/Jul/2021:11:07:27 +0000] "GET /galleryimg/6547081shrihanumanji.jpg HTTP/1.1" 304 - "http://shrihanumanlottery.com/" "Mozilla/5.0 (Linux; Android 6.0; Lenovo A7000-a Build/MRA58K) AppleWebKit/537.36 (KHTML, like Gecko) Chrome/46.0.2490.76 Mobile Safari/537.36"
106.207.133.18 - - [28/Jul/2021:11:07:27 +0000] "GET /img/star12.gif HTTP/1.1" 304 - "http://shrihanumanlottery.com/" "Mozilla/5.0 (Linux; Android 6.0; Lenovo A7000-a Build/MRA58K) AppleWebKit/537.36 (KHTML, like Gecko) Chrome/46.0.2490.76 Mobile Safari/537.36"
223.189.150.95 - - [28/Jul/2021:11:07:27 +0000] "POST /secureadmin/admin/loginsuccess.php HTTP/1.1" 302 - "http://shrihanumanlottery.com/secureadmin/admin/" "Mozilla/5.0 (Linux; U; Android 10; hi-in; CPH1969 Build/QP1A.190711.020) AppleWebKit/537.36 (KHTML, like Gecko) Chrome/77.0.3865.116 Mobile Safari/537.36 HeyTapBrowser/45.7.8.1"
223.189.150.95 - - [28/Jul/2021:11:07:28 +0000] "GET /secureadmin/admin/add-results.php?message=success HTTP/1.1" 200 20412 "http://shrihanumanlottery.com/secureadmin/admin/" "Mozilla/5.0 (Linux; U; Android 10; hi-in; CPH1969 Build/QP1A.190711.020) AppleWebKit/537.36 (KHTML, like Gecko) Chrome/77.0.3865.116 Mobile Safari/537.36 HeyTapBrowser/45.7.8.1"
223.189.150.95 - - [28/Jul/2021:11:07:28 +0000] "GET /secureadmin/admin/menuContent.html HTTP/1.1" 404 232 "http://shrihanumanlottery.com/secureadmin/admin/add-results.php?message=success" "Mozilla/5.0 (Linux; U; Android 10; hi-in; CPH1969 Build/QP1A.190711.020) AppleWebKit/537.36 (KHTML, like Gecko) Chrome/77.0.3865.116 Mobile Safari/537.36 HeyTapBrowser/45.7.8.1"
106.207.133.18 - - [28/Jul/2021:11:07:31 +0000] "GET / HTTP/1.1" 200 8598 "-" "Mozilla/5.0 (Linux; Android 6.0; Lenovo A7000-a Build/MRA58K) AppleWebKit/537.36 (KHTML, like Gecko) Chrome/46.0.2490.76 Mobile Safari/537.36"
106.207.133.18 - - [28/Jul/2021:11:07:31 +0000] "GET /css/style.css HTTP/1.1" 304 - "http://shrihanumanlottery.com/" "Mozilla/5.0 (Linux; Android 6.0; Lenovo A7000-a Build/MRA58K) AppleWebKit/537.36 (KHTML, like Gecko) Chrome/46.0.2490.76 Mobile Safari/537.36"
106.207.133.18 - - [28/Jul/2021:11:07:31 +0000] "GET /images/shrihanuman.gif HTTP/1.1" 304 - "http://shrihanumanlottery.com/" "Mozilla/5.0 (Linux; Android 6.0; Lenovo A7000-a Build/MRA58K) AppleWebKit/537.36 (KHTML, like Gecko) Chrome/46.0.2490.76 Mobile Safari/537.36"
106.207.133.18 - - [28/Jul/2021:11:07:31 +0000] "GET /galleryimg/6547081shrihanumanji.jpg HTTP/1.1" 304 - "http://shrihanumanlottery.com/" "Mozilla/5.0 (Linux; Android 6.0; Lenovo A7000-a Build/MRA58K) AppleWebKit/537.36 (KHTML, like Gecko) Chrome/46.0.2490.76 Mobile Safari/537.36"
106.207.133.18 - - [28/Jul/2021:11:07:31 +0000] "GET /img/star12.gif HTTP/1.1" 304 - "http://shrihanumanlottery.com/" "Mozilla/5.0 (Linux; Android 6.0; Lenovo A7000-a Build/MRA58K) AppleWebKit/537.36 (KHTML, like Gecko) Chrome/46.0.2490.76 Mobile Safari/537.36"
106.207.133.18 - - [28/Jul/2021:11:07:32 +0000] "GET / HTTP/1.1" 200 8598 "-" "Mozilla/5.0 (Linux; Android 6.0; Lenovo A7000-a Build/MRA58K) AppleWebKit/537.36 (KHTML, like Gecko) Chrome/46.0.2490.76 Mobile Safari/537.36"
106.207.133.18 - - [28/Jul/2021:11:07:32 +0000] "GET /css/style.css HTTP/1.1" 304 - "http://shrihanumanlottery.com/" "Mozilla/5.0 (Linux; Android 6.0; Lenovo A7000-a Build/MRA58K) AppleWebKit/537.36 (KHTML, like Gecko) Chrome/46.0.2490.76 Mobile Safari/537.36"
106.207.133.18 - - [28/Jul/2021:11:07:32 +0000] "GET /images/shrihanuman.gif HTTP/1.1" 304 - "http://shrihanumanlottery.com/" "Mozilla/5.0 (Linux; Android 6.0; Lenovo A7000-a Build/MRA58K) AppleWebKit/537.36 (KHTML, like Gecko) Chrome/46.0.2490.76 Mobile Safari/537.36"
106.207.133.18 - - [28/Jul/2021:11:07:33 +0000] "GET /galleryimg/6547081shrihanumanji.jpg HTTP/1.1" 304 - "http://shrihanumanlottery.com/" "Mozilla/5.0 (Linux; Android 6.0; Lenovo A7000-a Build/MRA58K) AppleWebKit/537.36 (KHTML, like Gecko) Chrome/46.0.2490.76 Mobile Safari/537.36"
106.207.133.18 - - [28/Jul/2021:11:07:33 +0000] "GET /img/star12.gif HTTP/1.1" 304 - "http://shrihanumanlottery.com/" "Mozilla/5.0 (Linux; Android 6.0; Lenovo A7000-a Build/MRA58K) AppleWebKit/537.36 (KHTML, like Gecko) Chrome/46.0.2490.76 Mobile Safari/537.36"
106.207.133.18 - - [28/Jul/2021:11:07:34 +0000] "GET / HTTP/1.1" 200 8598 "-" "Mozilla/5.0 (Linux; Android 6.0; Lenovo A7000-a Build/MRA58K) AppleWebKit/537.36 (KHTML, like Gecko) Chrome/46.0.2490.76 Mobile Safari/537.36"
106.207.133.18 - - [28/Jul/2021:11:07:34 +0000] "GET /css/style.css HTTP/1.1" 304 - "http://shrihanumanlottery.com/" "Mozilla/5.0 (Linux; Android 6.0; Lenovo A7000-a Build/MRA58K) AppleWebKit/537.36 (KHTML, like Gecko) Chrome/46.0.2490.76 Mobile Safari/537.36"
106.207.133.18 - - [28/Jul/2021:11:07:34 +0000] "GET /images/shrihanuman.gif HTTP/1.1" 304 - "http://shrihanumanlottery.com/" "Mozilla/5.0 (Linux; Android 6.0; Lenovo A7000-a Build/MRA58K) AppleWebKit/537.36 (KHTML, like Gecko) Chrome/46.0.2490.76 Mobile Safari/537.36"
106.207.133.18 - - [28/Jul/2021:11:07:34 +0000] "GET /galleryimg/6547081shrihanumanji.jpg HTTP/1.1" 304 - "http://shrihanumanlottery.com/" "Mozilla/5.0 (Linux; Android 6.0; Lenovo A7000-a Build/MRA58K) AppleWebKit/537.36 (KHTML, like Gecko) Chrome/46.0.2490.76 Mobile Safari/537.36"
106.207.133.18 - - [28/Jul/2021:11:07:34 +0000] "GET /img/star12.gif HTTP/1.1" 304 - "http://shrihanumanlottery.com/" "Mozilla/5.0 (Linux; Android 6.0; Lenovo A7000-a Build/MRA58K) AppleWebKit/537.36 (KHTML, like Gecko) Chrome/46.0.2490.76 Mobile Safari/537.36"
106.207.133.18 - - [28/Jul/2021:11:07:39 +0000] "GET / HTTP/1.1" 200 8598 "-" "Mozilla/5.0 (Linux; Android 6.0; Lenovo A7000-a Build/MRA58K) AppleWebKit/537.36 (KHTML, like Gecko) Chrome/46.0.2490.76 Mobile Safari/537.36"
106.207.133.18 - - [28/Jul/2021:11:07:39 +0000] "GET /images/shrihanuman.gif HTTP/1.1" 304 - "http://shrihanumanlottery.com/" "Mozilla/5.0 (Linux; Android 6.0; Lenovo A7000-a Build/MRA58K) AppleWebKit/537.36 (KHTML, like Gecko) Chrome/46.0.2490.76 Mobile Safari/537.36"
