106.79.192.218 - - [29/Jul/2021:08:09:21 +0000] "GET /secureadmin/admin/add-results.php HTTP/1.1" 200 17379 "http://shrihanumanlottery.com/secureadmin/admin/processProduct.php?action=addPageContent" "Mozilla/5.0 (Linux; Android 11; vivo 1907) AppleWebKit/537.36 (KHTML, like Gecko) Chrome/83.0.4103.106 Mobile Safari/537.36"
106.79.192.218 - - [29/Jul/2021:08:09:21 +0000] "GET /secureadmin/admin/menuContent.html HTTP/1.1" 404 232 "http://shrihanumanlottery.com/secureadmin/admin/add-results.php" "Mozilla/5.0 (Linux; Android 11; vivo 1907) AppleWebKit/537.36 (KHTML, like Gecko) Chrome/83.0.4103.106 Mobile Safari/537.36"
106.206.162.55 - - [29/Jul/2021:08:09:23 +0000] "GET / HTTP/1.1" 200 8196 "http://shrihanumanlottery.com/" "Mozilla/5.0 (Linux; Android 10; M2010J19SI) AppleWebKit/537.36 (KHTML, like Gecko) Chrome/83.0.4103.101 Mobile Safari/537.36"
106.79.192.218 - - [29/Jul/2021:08:09:30 +0000] "GET / HTTP/1.1" 200 8196 "-" "Mozilla/5.0 (Linux; Android 11; vivo 1907) AppleWebKit/537.36 (KHTML, like Gecko) Chrome/83.0.4103.106 Mobile Safari/537.36"
106.79.192.218 - - [29/Jul/2021:08:09:32 +0000] "GET / HTTP/1.1" 200 8196 "-" "Mozilla/5.0 (Linux; Android 11; vivo 1907) AppleWebKit/537.36 (KHTML, like Gecko) Chrome/83.0.4103.106 Mobile Safari/537.36"
27.63.104.210 - - [29/Jul/2021:08:09:36 +0000] "GET / HTTP/1.1" 200 8196 "-" "Mozilla/5.0 (Linux; Android 10; CPH1969) AppleWebKit/537.36 (KHTML, like Gecko) Chrome/81.0.4044.138 Mobile Safari/537.36"
27.63.104.210 - - [29/Jul/2021:08:09:37 +0000] "GET / HTTP/1.1" 200 8196 "-" "Mozilla/5.0 (Linux; Android 10; CPH1969) AppleWebKit/537.36 (KHTML, like Gecko) Chrome/81.0.4044.138 Mobile Safari/537.36"
106.206.162.55 - - [29/Jul/2021:08:10:00 +0000] "GET / HTTP/1.1" 200 8196 "-" "Mozilla/5.0 (Linux; Android 10; M2010J19SI) AppleWebKit/537.36 (KHTML, like Gecko) Chrome/83.0.4103.101 Mobile Safari/537.36"
27.63.104.210 - - [29/Jul/2021:08:10:22 +0000] "GET / HTTP/1.1" 200 8196 "https://shrihanumanlottery.com/" "Mozilla/5.0 (Linux; Android 10; CPH1969) AppleWebKit/537.36 (KHTML, like Gecko) Chrome/81.0.4044.138 Mobile Safari/537.36"
27.63.104.210 - - [29/Jul/2021:08:10:23 +0000] "GET / HTTP/1.1" 200 8196 "https://shrihanumanlottery.com/" "Mozilla/5.0 (Linux; Android 10; CPH1969) AppleWebKit/537.36 (KHTML, like Gecko) Chrome/81.0.4044.138 Mobile Safari/537.36"
171.79.151.153 - - [29/Jul/2021:08:11:37 +0000] "GET / HTTP/1.1" 200 8196 "https://www.google.com/" "Mozilla/5.0 (Linux; Android 10; Mi A2) AppleWebKit/537.36 (KHTML, like Gecko) Chrome/78.0.3904.96 Mobile Safari/537.36"
171.79.151.153 - - [29/Jul/2021:08:11:37 +0000] "GET /img/favicon2.png HTTP/1.1" 404 214 "https://shrihanumanlottery.com/" "Mozilla/5.0 (Linux; Android 10; Mi A2) AppleWebKit/537.36 (KHTML, like Gecko) Chrome/78.0.3904.96 Mobile Safari/537.36"
171.79.183.242 - - [29/Jul/2021:08:13:30 +0000] "GET / HTTP/1.1" 200 8196 "-" "Mozilla/5.0 (Linux; Android 10; SAMSUNG SM-M022G Build/QP1A.190711.020; wv) AppleWebKit/537.36 (KHTML, like Gecko) Version/4.0 SamsungBrowser/7.4 Chrome/81.0.4044.138 Mobile Safari/537.36"
171.79.183.242 - - [29/Jul/2021:08:13:31 +0000] "GET /img/favicon2.png HTTP/1.1" 404 214 "https://shrihanumanlottery.com/" "Mozilla/5.0 (Linux; Android 10; SAMSUNG SM-M022G Build/QP1A.190711.020; wv) AppleWebKit/537.36 (KHTML, like Gecko) Version/4.0 SamsungBrowser/7.4 Chrome/81.0.4044.138 Mobile Safari/537.36"
157.55.39.84 - - [29/Jul/2021:08:14:11 +0000] "GET / HTTP/1.1" 200 8196 "-" "Mozilla/5.0 (compatible; bingbot/2.0; +http://www.bing.com/bingbot.htm)"
171.79.183.242 - - [29/Jul/2021:08:17:31 +0000] "GET / HTTP/1.1" 200 8196 "-" "Mozilla/5.0 (Linux; Android 10; SAMSUNG SM-M022G Build/QP1A.190711.020; wv) AppleWebKit/537.36 (KHTML, like Gecko) Version/4.0 SamsungBrowser/7.4 Chrome/81.0.4044.138 Mobile Safari/537.36"
157.38.115.0 - - [29/Jul/2021:08:19:48 +0000] "GET / HTTP/1.1" 200 8196 "-" "Mozilla/5.0 (Linux; U; Android 8.1.0; en-us; CPH1909 Build/O11019) AppleWebKit/537.36 (KHTML, like Gecko) Chrome/77.0.3865.116 Mobile Safari/537.36 HeyTapBrowser/15.7.8.1"
157.38.115.0 - - [29/Jul/2021:08:19:48 +0000] "GET /img/favicon2.png HTTP/1.1" 404 214 "https://shrihanumanlottery.com/" "Mozilla/5.0 (Linux; U; Android 8.1.0; en-us; CPH1909 Build/O11019) AppleWebKit/537.36 (KHTML, like Gecko) Chrome/77.0.3865.116 Mobile Safari/537.36 HeyTapBrowser/15.7.8.1"
106.206.153.187 - - [29/Jul/2021:08:23:52 +0000] "GET / HTTP/1.1" 200 8196 "https://www.google.com/" "Mozilla/5.0 (Linux; Android 11; AC2001) AppleWebKit/537.36 (KHTML, like Gecko) Chrome/92.0.4515.115 Mobile Safari/537.36"
106.206.153.187 - - [29/Jul/2021:08:23:57 +0000] "GET /results.php?year=2021 HTTP/1.1" 200 8279 "https://shrihanumanlottery.com/" "Mozilla/5.0 (Linux; Android 11; AC2001) AppleWebKit/537.36 (KHTML, like Gecko) Chrome/92.0.4515.115 Mobile Safari/537.36"
171.79.188.39 - - [29/Jul/2021:08:23:58 +0000] "GET / HTTP/1.1" 200 8196 "https://www.google.com/" "Mozilla/5.0 (Linux; Android 5.1.1; SM-J200G) AppleWebKit/537.36 (KHTML, like Gecko) Chrome/89.0.4389.105 Mobile Safari/537.36"
27.63.104.210 - - [29/Jul/2021:08:31:33 +0000] "GET / HTTP/1.1" 200 8196 "-" "Mozilla/5.0 (Linux; Android 10; CPH1969) AppleWebKit/537.36 (KHTML, like Gecko) Chrome/81.0.4044.138 Mobile Safari/537.36"
27.63.104.210 - - [29/Jul/2021:08:31:34 +0000] "GET /img/favicon2.png HTTP/1.1" 404 214 "https://shrihanumanlottery.com/" "Mozilla/5.0 (Linux; Android 10; CPH1969) AppleWebKit/537.36 (KHTML, like Gecko) Chrome/81.0.4044.138 Mobile Safari/537.36"
27.63.104.210 - - [29/Jul/2021:08:31:35 +0000] "GET / HTTP/1.1" 200 8196 "-" "Mozilla/5.0 (Linux; Android 10; CPH1969) AppleWebKit/537.36 (KHTML, like Gecko) Chrome/81.0.4044.138 Mobile Safari/537.36"
27.63.104.210 - - [29/Jul/2021:08:31:37 +0000] "GET / HTTP/1.1" 200 8196 "https://shrihanumanlottery.com/" "Mozilla/5.0 (Linux; Android 10; CPH1969) AppleWebKit/537.36 (KHTML, like Gecko) Chrome/81.0.4044.138 Mobile Safari/537.36"
157.47.230.199 - - [29/Jul/2021:08:32:50 +0000] "GET / HTTP/1.1" 200 8196 "https://www.google.com/" "Mozilla/5.0 (Linux; Android 10; CPH2179) AppleWebKit/537.36 (KHTML, like Gecko) Chrome/83.0.4103.106 Mobile Safari/537.36"
157.47.230.199 - - [29/Jul/2021:08:32:51 +0000] "GET /img/favicon2.png HTTP/1.1" 404 214 "https://shrihanumanlottery.com/" "Mozilla/5.0 (Linux; Android 10; CPH2179) AppleWebKit/537.36 (KHTML, like Gecko) Chrome/83.0.4103.106 Mobile Safari/537.36"
157.47.230.199 - - [29/Jul/2021:08:33:18 +0000] "GET / HTTP/1.1" 200 8196 "https://shrihanumanlottery.com/" "Mozilla/5.0 (Linux; Android 10; CPH2179) AppleWebKit/537.36 (KHTML, like Gecko) Chrome/83.0.4103.106 Mobile Safari/537.36"
157.47.230.199 - - [29/Jul/2021:08:33:21 +0000] "GET / HTTP/1.1" 200 8196 "https://shrihanumanlottery.com/" "Mozilla/5.0 (Linux; Android 10; CPH2179) AppleWebKit/537.36 (KHTML, like Gecko) Chrome/83.0.4103.106 Mobile Safari/537.36"
223.238.168.42 - - [29/Jul/2021:08:33:22 +0000] "GET / HTTP/1.1" 200 8196 "-" "Mozilla/5.0 (Linux; Android 10; CPH1969) AppleWebKit/537.36 (KHTML, like Gecko) Chrome/81.0.4044.138 Mobile Safari/537.36"
106.206.153.81 - - [29/Jul/2021:08:33:23 +0000] "GET / HTTP/1.1" 200 8196 "https://www.google.com/" "Mozilla/5.0 (Linux; Android 8.1.0; CPH1803) AppleWebKit/537.36 (KHTML, like Gecko) Chrome/90.0.4430.210 Mobile Safari/537.36"
223.238.168.42 - - [29/Jul/2021:08:33:25 +0000] "GET / HTTP/1.1" 200 8196 "https://shrihanumanlottery.com/" "Mozilla/5.0 (Linux; Android 10; CPH1969) AppleWebKit/537.36 (KHTML, like Gecko) Chrome/81.0.4044.138 Mobile Safari/537.36"
106.206.153.81 - - [29/Jul/2021:08:33:27 +0000] "GET /img/favicon2.png HTTP/1.1" 404 214 "https://shrihanumanlottery.com/" "Mozilla/5.0 (Linux; Android 8.1.0; CPH1803) AppleWebKit/537.36 (KHTML, like Gecko) Chrome/90.0.4430.210 Mobile Safari/537.36"
171.79.183.242 - - [29/Jul/2021:08:33:53 +0000] "GET / HTTP/1.1" 200 8196 "-" "Mozilla/5.0 (Linux; Android 10; SAMSUNG SM-M022G Build/QP1A.190711.020; wv) AppleWebKit/537.36 (KHTML, like Gecko) Version/4.0 SamsungBrowser/7.4 Chrome/81.0.4044.138 Mobile Safari/537.36"
106.206.153.81 - - [29/Jul/2021:08:35:18 +0000] "GET / HTTP/1.1" 200 8196 "-" "Mozilla/5.0 (Linux; Android 8.1.0; CPH1803) AppleWebKit/537.36 (KHTML, like Gecko) Chrome/90.0.4430.210 Mobile Safari/537.36"
106.206.153.81 - - [29/Jul/2021:08:35:19 +0000] "GET /img/favicon2.png HTTP/1.1" 404 214 "http://www.shrihanumanlottery.com/" "Mozilla/5.0 (Linux; Android 8.1.0; CPH1803) AppleWebKit/537.36 (KHTML, like Gecko) Chrome/90.0.4430.210 Mobile Safari/537.36"
106.206.153.81 - - [29/Jul/2021:08:35:24 +0000] "GET /results.php?year=2021 HTTP/1.1" 200 8279 "http://www.shrihanumanlottery.com/" "Mozilla/5.0 (Linux; Android 8.1.0; CPH1803) AppleWebKit/537.36 (KHTML, like Gecko) Chrome/90.0.4430.210 Mobile Safari/537.36"
106.79.192.218 - - [29/Jul/2021:08:36:34 +0000] "POST /secureadmin/admin/processProduct.php?action=addPageContent HTTP/1.1" 200 138 "http://shrihanumanlottery.com/secureadmin/admin/add-results.php" "Mozilla/5.0 (Linux; Android 11; vivo 1907) AppleWebKit/537.36 (KHTML, like Gecko) Chrome/83.0.4103.106 Mobile Safari/537.36"
106.79.192.218 - - [29/Jul/2021:08:36:36 +0000] "GET /secureadmin/admin/add-results.php HTTP/1.1" 200 17984 "http://shrihanumanlottery.com/secureadmin/admin/processProduct.php?action=addPageContent" "Mozilla/5.0 (Linux; Android 11; vivo 1907) AppleWebKit/537.36 (KHTML, like Gecko) Chrome/83.0.4103.106 Mobile Safari/537.36"
106.79.192.218 - - [29/Jul/2021:08:36:37 +0000] "GET /secureadmin/admin/menuContent.html HTTP/1.1" 404 232 "http://shrihanumanlottery.com/secureadmin/admin/add-results.php" "Mozilla/5.0 (Linux; Android 11; vivo 1907) AppleWebKit/537.36 (KHTML, like Gecko) Chrome/83.0.4103.106 Mobile Safari/537.36"
106.79.192.218 - - [29/Jul/2021:08:36:42 +0000] "GET /index.php HTTP/1.1" 200 8310 "http://shrihanumanlottery.com/index.php" "Mozilla/5.0 (Linux; Android 11; vivo 1907) AppleWebKit/537.36 (KHTML, like Gecko) Chrome/83.0.4103.106 Mobile Safari/537.36"
106.79.192.218 - - [29/Jul/2021:08:37:00 +0000] "GET /results.php?year=2021 HTTP/1.1" 200 8436 "http://shrihanumanlottery.com/index.php" "Mozilla/5.0 (Linux; Android 11; vivo 1907) AppleWebKit/537.36 (KHTML, like Gecko) Chrome/83.0.4103.106 Mobile Safari/537.36"
27.63.104.210 - - [29/Jul/2021:08:38:33 +0000] "GET / HTTP/1.1" 200 8310 "-" "Mozilla/5.0 (Linux; Android 10; CPH1969) AppleWebKit/537.36 (KHTML, like Gecko) Chrome/81.0.4044.138 Mobile Safari/537.36"
27.63.104.210 - - [29/Jul/2021:08:38:35 +0000] "GET / HTTP/1.1" 200 8310 "-" "Mozilla/5.0 (Linux; Android 10; CPH1969) AppleWebKit/537.36 (KHTML, like Gecko) Chrome/81.0.4044.138 Mobile Safari/537.36"
157.38.37.169 - - [29/Jul/2021:08:38:53 +0000] "GET / HTTP/1.1" 200 8310 "https://www.google.com/" "Mozilla/5.0 (Linux; Android 10; CPH1931) AppleWebKit/537.36 (KHTML, like Gecko) Chrome/91.0.4472.164 Mobile Safari/537.36"
106.206.162.55 - - [29/Jul/2021:08:38:54 +0000] "GET / HTTP/1.1" 200 8310 "-" "Mozilla/5.0 (Linux; Android 10; M2010J19SI) AppleWebKit/537.36 (KHTML, like Gecko) Chrome/83.0.4103.101 Mobile Safari/537.36"
157.38.37.169 - - [29/Jul/2021:08:38:54 +0000] "GET /img/favicon2.png HTTP/1.1" 404 214 "https://shrihanumanlottery.com/" "Mozilla/5.0 (Linux; Android 10; CPH1931) AppleWebKit/537.36 (KHTML, like Gecko) Chrome/91.0.4472.164 Mobile Safari/537.36"
106.206.162.55 - - [29/Jul/2021:08:38:55 +0000] "GET /img/favicon2.png HTTP/1.1" 404 214 "http://shrihanumanlottery.com/" "Mozilla/5.0 (Linux; Android 10; M2010J19SI) AppleWebKit/537.36 (KHTML, like Gecko) Chrome/83.0.4103.101 Mobile Safari/537.36"
106.206.162.55 - - [29/Jul/2021:08:38:55 +0000] "GET /img/favicon2.png HTTP/1.1" 404 214 "http://shrihanumanlottery.com/" "Mozilla/5.0 (Linux; Android 10; M2010J19SI) AppleWebKit/537.36 (KHTML, like Gecko) Chrome/83.0.4103.101 Mobile Safari/537.36"
157.38.203.39 - - [29/Jul/2021:08:40:09 +0000] "GET /css/style.css HTTP/1.1" 200 2122 "-" "Mozilla/5.0 (Linux; Android 9; TA-1032) AppleWebKit/537.36 (KHTML, like Gecko) Chrome/87.0.4280.141 Mobile Safari/537.36"
157.38.203.39 - - [29/Jul/2021:08:40:09 +0000] "GET / HTTP/1.1" 200 8310 "https://www.google.com/" "Mozilla/5.0 (Linux; Android 9; TA-1032) AppleWebKit/537.36 (KHTML, like Gecko) Chrome/87.0.4280.141 Mobile Safari/537.36"
157.38.203.39 - - [29/Jul/2021:08:40:10 +0000] "GET /images/shrihanuman.gif HTTP/1.1" 200 160010 "https://shrihanumanlottery.com/" "Mozilla/5.0 (Linux; Android 9; TA-1032) AppleWebKit/537.36 (KHTML, like Gecko) Chrome/87.0.4280.141 Mobile Safari/537.36"
157.38.203.39 - - [29/Jul/2021:08:40:10 +0000] "GET /img/star12.gif HTTP/1.1" 200 10588 "https://shrihanumanlottery.com/css/style.css" "Mozilla/5.0 (Linux; Android 9; TA-1032) AppleWebKit/537.36 (KHTML, like Gecko) Chrome/87.0.4280.141 Mobile Safari/537.36"
157.38.203.39 - - [29/Jul/2021:08:40:10 +0000] "GET /galleryimg/6547081shrihanumanji.jpg HTTP/1.1" 200 104888 "https://shrihanumanlottery.com/" "Mozilla/5.0 (Linux; Android 9; TA-1032) AppleWebKit/537.36 (KHTML, like Gecko) Chrome/87.0.4280.141 Mobile Safari/537.36"
157.38.203.39 - - [29/Jul/2021:08:40:10 +0000] "GET /img/favicon2.png HTTP/1.1" 404 214 "https://shrihanumanlottery.com/" "Mozilla/5.0 (Linux; Android 9; TA-1032) AppleWebKit/537.36 (KHTML, like Gecko) Chrome/87.0.4280.141 Mobile Safari/537.36"
42.105.50.66 - - [29/Jul/2021:08:40:16 +0000] "GET / HTTP/1.1" 200 8310 "-" "Mozilla/5.0 (Linux; Android 10; SM-M205F) AppleWebKit/537.36 (KHTML, like Gecko) Chrome/81.0.4044.138 Mobile Safari/537.36"
106.207.189.144 - - [29/Jul/2021:08:41:02 +0000] "GET / HTTP/1.1" 200 8310 "-" "Mozilla/5.0 (Linux; Android 6.0; Lenovo A7000-a Build/MRA58K) AppleWebKit/537.36 (KHTML, like Gecko) Chrome/46.0.2490.76 Mobile Safari/537.36"
106.207.189.144 - - [29/Jul/2021:08:41:02 +0000] "GET /css/style.css HTTP/1.1" 200 2122 "https://shrihanumanlottery.com/" "Mozilla/5.0 (Linux; Android 6.0; Lenovo A7000-a Build/MRA58K) AppleWebKit/537.36 (KHTML, like Gecko) Chrome/46.0.2490.76 Mobile Safari/537.36"
106.207.189.144 - - [29/Jul/2021:08:41:02 +0000] "GET /images/shrihanuman.gif HTTP/1.1" 200 160010 "https://shrihanumanlottery.com/" "Mozilla/5.0 (Linux; Android 6.0; Lenovo A7000-a Build/MRA58K) AppleWebKit/537.36 (KHTML, like Gecko) Chrome/46.0.2490.76 Mobile Safari/537.36"
106.207.189.144 - - [29/Jul/2021:08:41:03 +0000] "GET /galleryimg/6547081shrihanumanji.jpg HTTP/1.1" 200 104888 "https://shrihanumanlottery.com/" "Mozilla/5.0 (Linux; Android 6.0; Lenovo A7000-a Build/MRA58K) AppleWebKit/537.36 (KHTML, like Gecko) Chrome/46.0.2490.76 Mobile Safari/537.36"
106.207.189.144 - - [29/Jul/2021:08:41:03 +0000] "GET /img/star12.gif HTTP/1.1" 200 10588 "https://shrihanumanlottery.com/css/style.css" "Mozilla/5.0 (Linux; Android 6.0; Lenovo A7000-a Build/MRA58K) AppleWebKit/537.36 (KHTML, like Gecko) Chrome/46.0.2490.76 Mobile Safari/537.36"
106.207.189.144 - - [29/Jul/2021:08:41:03 +0000] "GET /img/favicon2.png HTTP/1.1" 404 214 "https://shrihanumanlottery.com/" "Mozilla/5.0 (Linux; Android 6.0; Lenovo A7000-a Build/MRA58K) AppleWebKit/537.36 (KHTML, like Gecko) Chrome/46.0.2490.76 Mobile Safari/537.36"
106.206.162.55 - - [29/Jul/2021:08:41:20 +0000] "GET / HTTP/1.1" 200 8310 "-" "Mozilla/5.0 (Linux; Android 10; M2010J19SI) AppleWebKit/537.36 (KHTML, like Gecko) Chrome/83.0.4103.101 Mobile Safari/537.36"
157.38.37.169 - - [29/Jul/2021:08:41:21 +0000] "GET / HTTP/1.1" 200 8310 "https://www.google.com/" "Mozilla/5.0 (Linux; Android 10; CPH1931) AppleWebKit/537.36 (KHTML, like Gecko) Chrome/91.0.4472.164 Mobile Safari/537.36"
106.206.162.55 - - [29/Jul/2021:08:41:29 +0000] "GET / HTTP/1.1" 200 8310 "-" "Mozilla/5.0 (Linux; Android 10; M2010J19SI) AppleWebKit/537.36 (KHTML, like Gecko) Chrome/83.0.4103.101 Mobile Safari/537.36"
171.79.183.242 - - [29/Jul/2021:08:41:29 +0000] "GET / HTTP/1.1" 200 8310 "-" "Mozilla/5.0 (Linux; Android 10; SAMSUNG SM-M022G Build/QP1A.190711.020; wv) AppleWebKit/537.36 (KHTML, like Gecko) Version/4.0 SamsungBrowser/7.4 Chrome/81.0.4044.138 Mobile Safari/537.36"
106.206.162.55 - - [29/Jul/2021:08:41:33 +0000] "GET / HTTP/1.1" 200 8310 "-" "Mozilla/5.0 (Linux; Android 10; M2010J19SI) AppleWebKit/537.36 (KHTML, like Gecko) Chrome/83.0.4103.101 Mobile Safari/537.36"
106.206.162.55 - - [29/Jul/2021:08:41:35 +0000] "GET / HTTP/1.1" 200 8310 "-" "Mozilla/5.0 (Linux; Android 10; M2010J19SI) AppleWebKit/537.36 (KHTML, like Gecko) Chrome/83.0.4103.101 Mobile Safari/537.36"
106.206.162.55 - - [29/Jul/2021:08:41:36 +0000] "GET / HTTP/1.1" 200 8310 "-" "Mozilla/5.0 (Linux; Android 10; M2010J19SI) AppleWebKit/537.36 (KHTML, like Gecko) Chrome/83.0.4103.101 Mobile Safari/537.36"
106.206.162.55 - - [29/Jul/2021:08:41:38 +0000] "GET / HTTP/1.1" 200 8310 "-" "Mozilla/5.0 (Linux; Android 10; M2010J19SI) AppleWebKit/537.36 (KHTML, like Gecko) Chrome/83.0.4103.101 Mobile Safari/537.36"
106.206.162.55 - - [29/Jul/2021:08:41:44 +0000] "GET / HTTP/1.1" 200 8310 "-" "Mozilla/5.0 (Linux; Android 10; M2010J19SI) AppleWebKit/537.36 (KHTML, like Gecko) Chrome/83.0.4103.101 Mobile Safari/537.36"
106.206.162.55 - - [29/Jul/2021:08:41:47 +0000] "GET / HTTP/1.1" 200 8310 "-" "Mozilla/5.0 (Linux; Android 10; M2010J19SI) AppleWebKit/537.36 (KHTML, like Gecko) Chrome/83.0.4103.101 Mobile Safari/537.36"
157.38.125.35 - - [29/Jul/2021:08:43:23 +0000] "GET / HTTP/1.1" 200 8310 "http://www.google.com/" "Mozilla/5.0 (Linux; Android 7.0; Micromax Bharat 5 Build/NRD90M) AppleWebKit/537.36 (KHTML, like Gecko) Chrome/64.0.3282.137 Mobile Safari/537.36"
157.38.125.35 - - [29/Jul/2021:08:43:24 +0000] "GET /img/favicon2.png HTTP/1.1" 404 214 "https://shrihanumanlottery.com/" "Mozilla/5.0 (Linux; Android 7.0; Micromax Bharat 5 Build/NRD90M) AppleWebKit/537.36 (KHTML, like Gecko) Chrome/64.0.3282.137 Mobile Safari/537.36"
171.79.183.242 - - [29/Jul/2021:08:43:46 +0000] "GET / HTTP/1.1" 200 8310 "-" "Mozilla/5.0 (Linux; Android 10; SAMSUNG SM-M022G Build/QP1A.190711.020; wv) AppleWebKit/537.36 (KHTML, like Gecko) Version/4.0 SamsungBrowser/7.4 Chrome/81.0.4044.138 Mobile Safari/537.36"
171.79.183.242 - - [29/Jul/2021:08:43:47 +0000] "GET /img/favicon2.png HTTP/1.1" 404 214 "https://shrihanumanlottery.com/" "Mozilla/5.0 (Linux; Android 10; SAMSUNG SM-M022G Build/QP1A.190711.020; wv) AppleWebKit/537.36 (KHTML, like Gecko) Version/4.0 SamsungBrowser/7.4 Chrome/81.0.4044.138 Mobile Safari/537.36"
27.63.104.210 - - [29/Jul/2021:08:45:21 +0000] "GET / HTTP/1.1" 200 8310 "-" "Mozilla/5.0 (Linux; Android 10; CPH1969) AppleWebKit/537.36 (KHTML, like Gecko) Chrome/81.0.4044.138 Mobile Safari/537.36"
27.63.104.210 - - [29/Jul/2021:08:45:22 +0000] "GET /img/favicon2.png HTTP/1.1" 404 214 "https://shrihanumanlottery.com/" "Mozilla/5.0 (Linux; Android 10; CPH1969) AppleWebKit/537.36 (KHTML, like Gecko) Chrome/81.0.4044.138 Mobile Safari/537.36"
171.79.183.242 - - [29/Jul/2021:08:45:56 +0000] "GET / HTTP/1.1" 200 8310 "-" "Mozilla/5.0 (Linux; Android 10; SAMSUNG SM-M022G Build/QP1A.190711.020; wv) AppleWebKit/537.36 (KHTML, like Gecko) Version/4.0 SamsungBrowser/7.4 Chrome/81.0.4044.138 Mobile Safari/537.36"
157.38.125.35 - - [29/Jul/2021:08:47:20 +0000] "GET / HTTP/1.1" 200 8310 "http://www.google.com/" "Mozilla/5.0 (Linux; Android 7.0; Micromax Bharat 5 Build/NRD90M) AppleWebKit/537.36 (KHTML, like Gecko) Chrome/64.0.3282.137 Mobile Safari/537.36"
157.38.125.35 - - [29/Jul/2021:08:47:23 +0000] "GET /img/favicon2.png HTTP/1.1" 404 214 "https://shrihanumanlottery.com/" "Mozilla/5.0 (Linux; Android 7.0; Micromax Bharat 5 Build/NRD90M) AppleWebKit/537.36 (KHTML, like Gecko) Chrome/64.0.3282.137 Mobile Safari/537.36"
223.238.168.42 - - [29/Jul/2021:08:48:21 +0000] "GET / HTTP/1.1" 200 8310 "-" "Mozilla/5.0 (Linux; Android 10; CPH1969) AppleWebKit/537.36 (KHTML, like Gecko) Chrome/81.0.4044.138 Mobile Safari/537.36"
223.238.168.42 - - [29/Jul/2021:08:48:23 +0000] "GET / HTTP/1.1" 200 8310 "https://shrihanumanlottery.com/" "Mozilla/5.0 (Linux; Android 10; CPH1969) AppleWebKit/537.36 (KHTML, like Gecko) Chrome/81.0.4044.138 Mobile Safari/537.36"
27.63.104.210 - - [29/Jul/2021:08:49:05 +0000] "GET / HTTP/1.1" 200 8310 "https://shrihanumanlottery.com/" "Mozilla/5.0 (Linux; Android 10; CPH1969) AppleWebKit/537.36 (KHTML, like Gecko) Chrome/81.0.4044.138 Mobile Safari/537.36"
27.63.104.210 - - [29/Jul/2021:08:49:21 +0000] "GET / HTTP/1.1" 200 8310 "https://shrihanumanlottery.com/" "Mozilla/5.0 (Linux; Android 10; CPH1969) AppleWebKit/537.36 (KHTML, like Gecko) Chrome/81.0.4044.138 Mobile Safari/537.36"
27.63.104.210 - - [29/Jul/2021:08:49:24 +0000] "GET / HTTP/1.1" 200 8310 "https://shrihanumanlottery.com/" "Mozilla/5.0 (Linux; Android 10; CPH1969) AppleWebKit/537.36 (KHTML, like Gecko) Chrome/81.0.4044.138 Mobile Safari/537.36"
157.38.98.114 - - [29/Jul/2021:08:49:54 +0000] "GET / HTTP/1.1" 200 8310 "-" "Mozilla/5.0 (Linux; U; Android 8.1.0; en-us; CPH1909 Build/O11019) AppleWebKit/537.36 (KHTML, like Gecko) Chrome/77.0.3865.116 Mobile Safari/537.36 HeyTapBrowser/15.7.8.1"
157.38.98.114 - - [29/Jul/2021:08:49:55 +0000] "GET /img/favicon2.png HTTP/1.1" 404 214 "https://shrihanumanlottery.com/" "Mozilla/5.0 (Linux; U; Android 8.1.0; en-us; CPH1909 Build/O11019) AppleWebKit/537.36 (KHTML, like Gecko) Chrome/77.0.3865.116 Mobile Safari/537.36 HeyTapBrowser/15.7.8.1"
106.206.144.80 - - [29/Jul/2021:08:52:34 +0000] "GET / HTTP/1.1" 200 8310 "-" "Mozilla/5.0 (Linux; U; Android 8.1.0; en-us; CPH1901 Build/OPM1.171019.026) AppleWebKit/537.36 (KHTML, like Gecko) Chrome/77.0.3865.116 Mobile Safari/537.36 HeyTapBrowser/15.7.8.1"
106.206.144.80 - - [29/Jul/2021:08:52:34 +0000] "GET /css/style.css HTTP/1.1" 200 2122 "https://shrihanumanlottery.com/" "Mozilla/5.0 (Linux; U; Android 8.1.0; en-us; CPH1901 Build/OPM1.171019.026) AppleWebKit/537.36 (KHTML, like Gecko) Chrome/77.0.3865.116 Mobile Safari/537.36 HeyTapBrowser/15.7.8.1"
106.206.144.80 - - [29/Jul/2021:08:52:34 +0000] "GET /images/shrihanuman.gif HTTP/1.1" 200 160010 "https://shrihanumanlottery.com/" "Mozilla/5.0 (Linux; U; Android 8.1.0; en-us; CPH1901 Build/OPM1.171019.026) AppleWebKit/537.36 (KHTML, like Gecko) Chrome/77.0.3865.116 Mobile Safari/537.36 HeyTapBrowser/15.7.8.1"
106.206.144.80 - - [29/Jul/2021:08:52:35 +0000] "GET /img/star12.gif HTTP/1.1" 200 10588 "https://shrihanumanlottery.com/css/style.css" "Mozilla/5.0 (Linux; U; Android 8.1.0; en-us; CPH1901 Build/OPM1.171019.026) AppleWebKit/537.36 (KHTML, like Gecko) Chrome/77.0.3865.116 Mobile Safari/537.36 HeyTapBrowser/15.7.8.1"
106.206.144.80 - - [29/Jul/2021:08:52:34 +0000] "GET /galleryimg/6547081shrihanumanji.jpg HTTP/1.1" 200 104888 "https://shrihanumanlottery.com/" "Mozilla/5.0 (Linux; U; Android 8.1.0; en-us; CPH1901 Build/OPM1.171019.026) AppleWebKit/537.36 (KHTML, like Gecko) Chrome/77.0.3865.116 Mobile Safari/537.36 HeyTapBrowser/15.7.8.1"
106.206.144.80 - - [29/Jul/2021:08:52:35 +0000] "GET /img/favicon2.png HTTP/1.1" 404 214 "https://shrihanumanlottery.com/" "Mozilla/5.0 (Linux; U; Android 8.1.0; en-us; CPH1901 Build/OPM1.171019.026) AppleWebKit/537.36 (KHTML, like Gecko) Chrome/77.0.3865.116 Mobile Safari/537.36 HeyTapBrowser/15.7.8.1"
106.206.144.80 - - [29/Jul/2021:08:52:57 +0000] "GET / HTTP/1.1" 200 8310 "https://shrihanumanlottery.com/" "Mozilla/5.0 (Linux; U; Android 8.1.0; en-us; CPH1901 Build/OPM1.171019.026) AppleWebKit/537.36 (KHTML, like Gecko) Chrome/77.0.3865.116 Mobile Safari/537.36 HeyTapBrowser/15.7.8.1"
157.38.23.3 - - [29/Jul/2021:08:56:34 +0000] "GET / HTTP/1.1" 200 8310 "https://www.google.com/" "Mozilla/5.0 (Linux; Android 11; SM-A307FN) AppleWebKit/537.36 (KHTML, like Gecko) Chrome/87.0.4280.141 Mobile Safari/537.36"
157.38.23.3 - - [29/Jul/2021:08:56:35 +0000] "GET /img/favicon2.png HTTP/1.1" 404 214 "https://shrihanumanlottery.com/" "Mozilla/5.0 (Linux; Android 11; SM-A307FN) AppleWebKit/537.36 (KHTML, like Gecko) Chrome/87.0.4280.141 Mobile Safari/537.36"
106.206.148.243 - - [29/Jul/2021:08:57:24 +0000] "GET / HTTP/1.1" 200 8310 "-" "Mozilla/5.0 (Linux; U; Android 9; en-us; CPH2015 Build/PPR1.180610.011) AppleWebKit/537.36 (KHTML, like Gecko) Chrome/77.0.3865.116 Mobile Safari/537.36 HeyTapBrowser/25.7.8.1"
106.206.148.243 - - [29/Jul/2021:08:57:25 +0000] "GET /img/favicon2.png HTTP/1.1" 404 214 "http://shrihanumanlottery.com/" "Mozilla/5.0 (Linux; U; Android 9; en-us; CPH2015 Build/PPR1.180610.011) AppleWebKit/537.36 (KHTML, like Gecko) Chrome/77.0.3865.116 Mobile Safari/537.36 HeyTapBrowser/25.7.8.1"
106.206.165.212 - - [29/Jul/2021:08:57:49 +0000] "GET / HTTP/1.1" 200 8310 "-" "Mozilla/5.0 (Linux; Android 8.1.0; vivo 1803) AppleWebKit/537.36 (KHTML, like Gecko) Chrome/71.0.3578.99 Mobile Safari/537.36"
106.206.165.212 - - [29/Jul/2021:08:57:49 +0000] "GET /css/style.css HTTP/1.1" 200 2122 "https://shrihanumanlottery.com/" "Mozilla/5.0 (Linux; Android 8.1.0; vivo 1803) AppleWebKit/537.36 (KHTML, like Gecko) Chrome/71.0.3578.99 Mobile Safari/537.36"
106.206.165.212 - - [29/Jul/2021:08:57:49 +0000] "GET /images/shrihanuman.gif HTTP/1.1" 200 160010 "https://shrihanumanlottery.com/" "Mozilla/5.0 (Linux; Android 8.1.0; vivo 1803) AppleWebKit/537.36 (KHTML, like Gecko) Chrome/71.0.3578.99 Mobile Safari/537.36"
106.206.165.212 - - [29/Jul/2021:08:57:49 +0000] "GET /galleryimg/6547081shrihanumanji.jpg HTTP/1.1" 200 104888 "https://shrihanumanlottery.com/" "Mozilla/5.0 (Linux; Android 8.1.0; vivo 1803) AppleWebKit/537.36 (KHTML, like Gecko) Chrome/71.0.3578.99 Mobile Safari/537.36"
106.206.165.212 - - [29/Jul/2021:08:57:54 +0000] "GET /img/favicon2.png HTTP/1.1" 404 214 "https://shrihanumanlottery.com/" "Mozilla/5.0 (Linux; Android 8.1.0; vivo 1803) AppleWebKit/537.36 (KHTML, like Gecko) Chrome/71.0.3578.99 Mobile Safari/537.36"
64.233.172.190 - - [29/Jul/2021:09:00:13 +0000] "GET / HTTP/1.1" 200 8310 "https://www.google.com/" "Mozilla/5.0 (Linux; Android 4.2.1; en-us; Nexus 5 Build/JOP40D) AppleWebKit/535.19 (KHTML, like Gecko; googleweblight) Chrome/38.0.1025.166 Mobile Safari/535.19"
64.233.172.190 - - [29/Jul/2021:09:00:13 +0000] "GET /images/shrihanuman.gif HTTP/1.1" 200 160010 "https://shrihanumanlottery.com/" "Mozilla/5.0 (Linux; Android 4.2.1; en-us; Nexus 5 Build/JOP40D) AppleWebKit/535.19 (KHTML, like Gecko; googleweblight) Chrome/38.0.1025.166 Mobile Safari/535.19"
64.233.172.164 - - [29/Jul/2021:09:00:14 +0000] "GET /css/style.css HTTP/1.1" 200 2122 "https://shrihanumanlottery.com/" "Mozilla/5.0 (Linux; Android 4.2.1; en-us; Nexus 5 Build/JOP40D) AppleWebKit/535.19 (KHTML, like Gecko; googleweblight) Chrome/38.0.1025.166 Mobile Safari/535.19"
64.233.172.164 - - [29/Jul/2021:09:00:14 +0000] "GET /galleryimg/6547081shrihanumanji.jpg HTTP/1.1" 200 104888 "https://shrihanumanlottery.com/" "Mozilla/5.0 (Linux; Android 4.2.1; en-us; Nexus 5 Build/JOP40D) AppleWebKit/535.19 (KHTML, like Gecko; googleweblight) Chrome/38.0.1025.166 Mobile Safari/535.19"
64.233.172.190 - - [29/Jul/2021:09:00:15 +0000] "GET /img/star12.gif HTTP/1.1" 200 10588 "https://shrihanumanlottery.com/css/style.css" "Mozilla/5.0 (Linux; Android 4.2.1; en-us; Nexus 5 Build/JOP40D) AppleWebKit/535.19 (KHTML, like Gecko; googleweblight) Chrome/38.0.1025.166 Mobile Safari/535.19"
157.38.100.150 - - [29/Jul/2021:09:00:18 +0000] "GET / HTTP/1.1" 200 8310 "https://googleweblight.com/" "Mozilla/5.0 (Mobile; LYF/F120B/LYF-F120B-001-02-58-010321;Android; rv:48.0) Gecko/48.0 Firefox/48.0 KAIOS/2.5"
157.38.100.150 - - [29/Jul/2021:09:00:19 +0000] "GET /css/style.css HTTP/1.1" 200 2122 "https://shrihanumanlottery.com/" "Mozilla/5.0 (Mobile; LYF/F120B/LYF-F120B-001-02-58-010321;Android; rv:48.0) Gecko/48.0 Firefox/48.0 KAIOS/2.5"
157.38.100.150 - - [29/Jul/2021:09:00:19 +0000] "GET /img/favicon2.png HTTP/1.1" 404 214 "-" "Mozilla/5.0 (Mobile; LYF/F120B/LYF-F120B-001-02-58-010321;Android; rv:48.0) Gecko/48.0 Firefox/48.0 KAIOS/2.5"
157.38.100.150 - - [29/Jul/2021:09:00:19 +0000] "GET /images/shrihanuman.gif HTTP/1.1" 200 160010 "https://shrihanumanlottery.com/" "Mozilla/5.0 (Mobile; LYF/F120B/LYF-F120B-001-02-58-010321;Android; rv:48.0) Gecko/48.0 Firefox/48.0 KAIOS/2.5"
157.38.100.150 - - [29/Jul/2021:09:00:19 +0000] "GET /galleryimg/6547081shrihanumanji.jpg HTTP/1.1" 200 104888 "https://shrihanumanlottery.com/" "Mozilla/5.0 (Mobile; LYF/F120B/LYF-F120B-001-02-58-010321;Android; rv:48.0) Gecko/48.0 Firefox/48.0 KAIOS/2.5"
157.38.100.150 - - [29/Jul/2021:09:00:20 +0000] "GET /img/star12.gif HTTP/1.1" 200 10588 "https://shrihanumanlottery.com/css/style.css" "Mozilla/5.0 (Mobile; LYF/F120B/LYF-F120B-001-02-58-010321;Android; rv:48.0) Gecko/48.0 Firefox/48.0 KAIOS/2.5"
64.233.172.161 - - [29/Jul/2021:09:01:07 +0000] "HEAD / HTTP/1.1" 200 - "https://www.google.com" "Mozilla/5.0 (Linux; Android 4.2.1; en-us; Nexus 5 Build/JOP40D) AppleWebKit/535.19 (KHTML, like Gecko; googleweblight) Chrome/38.0.1025.166 Mobile Safari/535.19"
157.38.100.150 - - [29/Jul/2021:09:01:13 +0000] "GET / HTTP/1.1" 200 8310 "https://googleweblight.com/" "Mozilla/5.0 (Mobile; LYF/F120B/LYF-F120B-001-02-58-010321;Android; rv:48.0) Gecko/48.0 Firefox/48.0 KAIOS/2.5"
157.38.100.150 - - [29/Jul/2021:09:01:13 +0000] "GET /img/favicon2.png HTTP/1.1" 404 214 "-" "Mozilla/5.0 (Mobile; LYF/F120B/LYF-F120B-001-02-58-010321;Android; rv:48.0) Gecko/48.0 Firefox/48.0 KAIOS/2.5"
64.233.172.164 - - [29/Jul/2021:09:02:31 +0000] "HEAD / HTTP/1.1" 200 - "https://www.google.com" "Mozilla/5.0 (Linux; Android 4.2.1; en-us; Nexus 5 Build/JOP40D) AppleWebKit/535.19 (KHTML, like Gecko; googleweblight) Chrome/38.0.1025.166 Mobile Safari/535.19"
157.38.100.150 - - [29/Jul/2021:09:02:34 +0000] "GET / HTTP/1.1" 200 8310 "https://googleweblight.com/" "Mozilla/5.0 (Mobile; LYF/F120B/LYF-F120B-001-02-58-010321;Android; rv:48.0) Gecko/48.0 Firefox/48.0 KAIOS/2.5"
157.38.100.150 - - [29/Jul/2021:09:02:35 +0000] "GET /img/favicon2.png HTTP/1.1" 404 214 "-" "Mozilla/5.0 (Mobile; LYF/F120B/LYF-F120B-001-02-58-010321;Android; rv:48.0) Gecko/48.0 Firefox/48.0 KAIOS/2.5"
27.63.104.210 - - [29/Jul/2021:09:06:16 +0000] "GET / HTTP/1.1" 200 8310 "-" "Mozilla/5.0 (Linux; Android 10; CPH1969) AppleWebKit/537.36 (KHTML, like Gecko) Chrome/81.0.4044.138 Mobile Safari/537.36"
27.63.104.210 - - [29/Jul/2021:09:06:20 +0000] "GET / HTTP/1.1" 200 8310 "https://shrihanumanlottery.com/" "Mozilla/5.0 (Linux; Android 10; CPH1969) AppleWebKit/537.36 (KHTML, like Gecko) Chrome/81.0.4044.138 Mobile Safari/537.36"
106.79.192.8 - - [29/Jul/2021:09:07:28 +0000] "POST /secureadmin/admin/processProduct.php?action=addPageContent HTTP/1.1" 200 138 "http://shrihanumanlottery.com/secureadmin/admin/add-results.php" "Mozilla/5.0 (Linux; Android 11; vivo 1907) AppleWebKit/537.36 (KHTML, like Gecko) Chrome/83.0.4103.106 Mobile Safari/537.36"
106.79.192.8 - - [29/Jul/2021:09:07:30 +0000] "GET /secureadmin/admin/add-results.php HTTP/1.1" 200 18590 "http://shrihanumanlottery.com/secureadmin/admin/processProduct.php?action=addPageContent" "Mozilla/5.0 (Linux; Android 11; vivo 1907) AppleWebKit/537.36 (KHTML, like Gecko) Chrome/83.0.4103.106 Mobile Safari/537.36"
106.79.192.8 - - [29/Jul/2021:09:07:31 +0000] "GET /secureadmin/admin/menuContent.html HTTP/1.1" 404 232 "http://shrihanumanlottery.com/secureadmin/admin/add-results.php" "Mozilla/5.0 (Linux; Android 11; vivo 1907) AppleWebKit/537.36 (KHTML, like Gecko) Chrome/83.0.4103.106 Mobile Safari/537.36"
106.79.192.8 - - [29/Jul/2021:09:07:36 +0000] "GET /results.php?year=2021 HTTP/1.1" 200 8593 "http://shrihanumanlottery.com/index.php" "Mozilla/5.0 (Linux; Android 11; vivo 1907) AppleWebKit/537.36 (KHTML, like Gecko) Chrome/83.0.4103.106 Mobile Safari/537.36"
106.79.192.8 - - [29/Jul/2021:09:07:43 +0000] "GET /index.php HTTP/1.1" 200 8424 "http://shrihanumanlottery.com/index.php" "Mozilla/5.0 (Linux; Android 11; vivo 1907) AppleWebKit/537.36 (KHTML, like Gecko) Chrome/83.0.4103.106 Mobile Safari/537.36"
171.79.183.242 - - [29/Jul/2021:09:08:43 +0000] "GET / HTTP/1.1" 200 8424 "-" "Mozilla/5.0 (Linux; Android 10; SAMSUNG SM-M022G Build/QP1A.190711.020; wv) AppleWebKit/537.36 (KHTML, like Gecko) Version/4.0 SamsungBrowser/7.4 Chrome/81.0.4044.138 Mobile Safari/537.36"
27.63.104.210 - - [29/Jul/2021:09:09:39 +0000] "GET / HTTP/1.1" 200 8424 "-" "Mozilla/5.0 (Linux; Android 10; CPH1969) AppleWebKit/537.36 (KHTML, like Gecko) Chrome/81.0.4044.138 Mobile Safari/537.36"
157.38.125.35 - - [29/Jul/2021:09:10:18 +0000] "GET / HTTP/1.1" 200 8424 "http://www.google.com/" "Mozilla/5.0 (Linux; Android 7.0; Micromax Bharat 5 Build/NRD90M) AppleWebKit/537.36 (KHTML, like Gecko) Chrome/64.0.3282.137 Mobile Safari/537.36"
157.38.125.35 - - [29/Jul/2021:09:10:19 +0000] "GET /img/favicon2.png HTTP/1.1" 404 214 "https://shrihanumanlottery.com/" "Mozilla/5.0 (Linux; Android 7.0; Micromax Bharat 5 Build/NRD90M) AppleWebKit/537.36 (KHTML, like Gecko) Chrome/64.0.3282.137 Mobile Safari/537.36"
171.79.183.242 - - [29/Jul/2021:09:10:23 +0000] "GET / HTTP/1.1" 200 8424 "-" "Mozilla/5.0 (Linux; Android 10; SAMSUNG SM-M022G Build/QP1A.190711.020; wv) AppleWebKit/537.36 (KHTML, like Gecko) Version/4.0 SamsungBrowser/7.4 Chrome/81.0.4044.138 Mobile Safari/537.36"
171.79.183.242 - - [29/Jul/2021:09:10:23 +0000] "GET /img/favicon2.png HTTP/1.1" 404 214 "https://shrihanumanlottery.com/" "Mozilla/5.0 (Linux; Android 10; SAMSUNG SM-M022G Build/QP1A.190711.020; wv) AppleWebKit/537.36 (KHTML, like Gecko) Version/4.0 SamsungBrowser/7.4 Chrome/81.0.4044.138 Mobile Safari/537.36"
27.63.104.210 - - [29/Jul/2021:09:10:34 +0000] "GET / HTTP/1.1" 200 8424 "-" "Mozilla/5.0 (Linux; U; Android 10; hi-in; CPH1969 Build/QP1A.190711.020) AppleWebKit/537.36 (KHTML, like Gecko) Chrome/77.0.3865.116 Mobile Safari/537.36 HeyTapBrowser/45.7.8.1"
27.63.104.210 - - [29/Jul/2021:09:10:35 +0000] "GET /images/shrihanuman.gif HTTP/1.1" 200 160010 "http://shrihanumanlottery.com/" "Mozilla/5.0 (Linux; U; Android 10; hi-in; CPH1969 Build/QP1A.190711.020) AppleWebKit/537.36 (KHTML, like Gecko) Chrome/77.0.3865.116 Mobile Safari/537.36 HeyTapBrowser/45.7.8.1"
223.238.168.42 - - [29/Jul/2021:09:10:35 +0000] "GET /galleryimg/6547081shrihanumanji.jpg HTTP/1.1" 200 104888 "http://shrihanumanlottery.com/" "Mozilla/5.0 (Linux; U; Android 10; hi-in; CPH1969 Build/QP1A.190711.020) AppleWebKit/537.36 (KHTML, like Gecko) Chrome/77.0.3865.116 Mobile Safari/537.36 HeyTapBrowser/45.7.8.1"
27.63.104.210 - - [29/Jul/2021:09:10:36 +0000] "GET /img/favicon2.png HTTP/1.1" 404 214 "http://shrihanumanlottery.com/" "Mozilla/5.0 (Linux; U; Android 10; hi-in; CPH1969 Build/QP1A.190711.020) AppleWebKit/537.36 (KHTML, like Gecko) Chrome/77.0.3865.116 Mobile Safari/537.36 HeyTapBrowser/45.7.8.1"
223.238.168.42 - - [29/Jul/2021:09:10:50 +0000] "GET / HTTP/1.1" 200 8424 "https://shrihanumanlottery.com/" "Mozilla/5.0 (Linux; Android 10; CPH1969) AppleWebKit/537.36 (KHTML, like Gecko) Chrome/81.0.4044.138 Mobile Safari/537.36"
27.63.104.210 - - [29/Jul/2021:09:12:09 +0000] "GET / HTTP/1.1" 200 8424 "-" "Mozilla/5.0 (Linux; Android 10; CPH1969) AppleWebKit/537.36 (KHTML, like Gecko) Chrome/81.0.4044.138 Mobile Safari/537.36"
1.39.218.44 - - [29/Jul/2021:09:15:07 +0000] "GET / HTTP/1.1" 200 8424 "https://www.google.com/" "Mozilla/5.0 (Linux; Android 8.1.0; CPH1901) AppleWebKit/537.36 (KHTML, like Gecko) Chrome/90.0.4430.66 Mobile Safari/537.36"
1.39.218.44 - - [29/Jul/2021:09:15:07 +0000] "GET /img/favicon2.png HTTP/1.1" 404 214 "https://shrihanumanlottery.com/" "Mozilla/5.0 (Linux; Android 8.1.0; CPH1901) AppleWebKit/537.36 (KHTML, like Gecko) Chrome/90.0.4430.66 Mobile Safari/537.36"
157.38.125.35 - - [29/Jul/2021:09:15:11 +0000] "GET / HTTP/1.1" 200 8424 "http://www.google.com/" "Mozilla/5.0 (Linux; Android 7.0; Micromax Bharat 5 Build/NRD90M) AppleWebKit/537.36 (KHTML, like Gecko) Chrome/64.0.3282.137 Mobile Safari/537.36"
157.38.125.35 - - [29/Jul/2021:09:15:12 +0000] "GET /img/favicon2.png HTTP/1.1" 404 214 "https://shrihanumanlottery.com/" "Mozilla/5.0 (Linux; Android 7.0; Micromax Bharat 5 Build/NRD90M) AppleWebKit/537.36 (KHTML, like Gecko) Chrome/64.0.3282.137 Mobile Safari/537.36"
157.38.125.35 - - [29/Jul/2021:09:16:46 +0000] "GET / HTTP/1.1" 200 8424 "https://shrihanumanlottery.com/" "Mozilla/5.0 (Linux; Android 7.0; Micromax Bharat 5 Build/NRD90M) AppleWebKit/537.36 (KHTML, like Gecko) Chrome/64.0.3282.137 Mobile Safari/537.36"
106.206.162.55 - - [29/Jul/2021:09:17:05 +0000] "GET / HTTP/1.1" 200 8424 "-" "Mozilla/5.0 (Linux; Android 10; M2010J19SI) AppleWebKit/537.36 (KHTML, like Gecko) Chrome/83.0.4103.101 Mobile Safari/537.36"
106.79.192.8 - - [29/Jul/2021:09:23:19 +0000] "GET /img/favicon2.png HTTP/1.1" 404 214 "http://shrihanumanlottery.com/index.php" "Mozilla/5.0 (Linux; Android 11; vivo 1907) AppleWebKit/537.36 (KHTML, like Gecko) Chrome/83.0.4103.106 Mobile Safari/537.36"
1.39.218.44 - - [29/Jul/2021:09:23:36 +0000] "GET / HTTP/1.1" 200 8424 "https://shrihanumanlottery.com/" "Mozilla/5.0 (Linux; Android 8.1.0; CPH1901) AppleWebKit/537.36 (KHTML, like Gecko) Chrome/90.0.4430.66 Mobile Safari/537.36"
106.79.192.8 - - [29/Jul/2021:09:24:01 +0000] "GET /secureadmin/admin/add-results.php HTTP/1.1" 302 738 "http://shrihanumanlottery.com/secureadmin/admin/processProduct.php?action=addPageContent" "Mozilla/5.0 (Linux; Android 11; vivo 1907) AppleWebKit/537.36 (KHTML, like Gecko) Chrome/83.0.4103.106 Mobile Safari/537.36"
106.79.192.8 - - [29/Jul/2021:09:24:03 +0000] "GET /favicon.ico HTTP/1.1" 404 209 "http://shrihanumanlottery.com/secureadmin/admin/index.php" "Mozilla/5.0 (Linux; Android 11; vivo 1907) AppleWebKit/537.36 (KHTML, like Gecko) Chrome/83.0.4103.106 Mobile Safari/537.36"
106.79.192.8 - - [29/Jul/2021:09:24:11 +0000] "POST /secureadmin/admin/loginsuccess.php HTTP/1.1" 302 - "http://shrihanumanlottery.com/secureadmin/admin/index.php" "Mozilla/5.0 (Linux; Android 11; vivo 1907) AppleWebKit/537.36 (KHTML, like Gecko) Chrome/83.0.4103.106 Mobile Safari/537.36"
106.79.192.8 - - [29/Jul/2021:09:24:11 +0000] "GET /secureadmin/admin/add-results.php?message=success HTTP/1.1" 200 18590 "http://shrihanumanlottery.com/secureadmin/admin/index.php" "Mozilla/5.0 (Linux; Android 11; vivo 1907) AppleWebKit/537.36 (KHTML, like Gecko) Chrome/83.0.4103.106 Mobile Safari/537.36"
106.79.192.8 - - [29/Jul/2021:09:24:12 +0000] "GET /secureadmin/admin/menuContent.html HTTP/1.1" 404 232 "http://shrihanumanlottery.com/secureadmin/admin/add-results.php?message=success" "Mozilla/5.0 (Linux; Android 11; vivo 1907) AppleWebKit/537.36 (KHTML, like Gecko) Chrome/83.0.4103.106 Mobile Safari/537.36"
157.38.40.68 - - [29/Jul/2021:09:26:52 +0000] "GET / HTTP/1.1" 200 8424 "https://shrihanumanlottery.com/" "Mozilla/5.0 (Linux; U; Android 8.1.0; en-us; CPH1909 Build/O11019) AppleWebKit/537.36 (KHTML, like Gecko) Chrome/77.0.3865.116 Mobile Safari/537.36 HeyTapBrowser/15.7.8.1"
157.38.40.68 - - [29/Jul/2021:09:26:53 +0000] "GET / HTTP/1.1" 200 8424 "https://shrihanumanlottery.com/" "Mozilla/5.0 (Linux; U; Android 8.1.0; en-us; CPH1909 Build/O11019) AppleWebKit/537.36 (KHTML, like Gecko) Chrome/77.0.3865.116 Mobile Safari/537.36 HeyTapBrowser/15.7.8.1"
171.79.145.141 - - [29/Jul/2021:09:28:40 +0000] "GET / HTTP/1.1" 200 8424 "https://www.google.com/" "Mozilla/5.0 (Linux; Android 10; SM-J600G) AppleWebKit/537.36 (KHTML, like Gecko) Chrome/81.0.4044.138 Mobile Safari/537.36"
171.79.145.141 - - [29/Jul/2021:09:28:42 +0000] "GET /img/favicon2.png HTTP/1.1" 404 214 "https://shrihanumanlottery.com/" "Mozilla/5.0 (Linux; Android 10; SM-J600G) AppleWebKit/537.36 (KHTML, like Gecko) Chrome/81.0.4044.138 Mobile Safari/537.36"
106.79.192.8 - - [29/Jul/2021:09:34:47 +0000] "GET /index.php HTTP/1.1" 200 8424 "http://shrihanumanlottery.com/index.php" "Mozilla/5.0 (Linux; Android 11; vivo 1907) AppleWebKit/537.36 (KHTML, like Gecko) Chrome/83.0.4103.106 Mobile Safari/537.36"
106.79.192.8 - - [29/Jul/2021:09:36:17 +0000] "POST /secureadmin/admin/processProduct.php?action=addPageContent HTTP/1.1" 200 138 "http://shrihanumanlottery.com/secureadmin/admin/add-results.php?message=success" "Mozilla/5.0 (Linux; Android 11; vivo 1907) AppleWebKit/537.36 (KHTML, like Gecko) Chrome/83.0.4103.106 Mobile Safari/537.36"
106.79.192.8 - - [29/Jul/2021:09:36:19 +0000] "GET /secureadmin/admin/add-results.php HTTP/1.1" 200 19196 "http://shrihanumanlottery.com/secureadmin/admin/processProduct.php?action=addPageContent" "Mozilla/5.0 (Linux; Android 11; vivo 1907) AppleWebKit/537.36 (KHTML, like Gecko) Chrome/83.0.4103.106 Mobile Safari/537.36"
106.79.192.8 - - [29/Jul/2021:09:36:19 +0000] "GET /secureadmin/admin/menuContent.html HTTP/1.1" 404 232 "http://shrihanumanlottery.com/secureadmin/admin/add-results.php" "Mozilla/5.0 (Linux; Android 11; vivo 1907) AppleWebKit/537.36 (KHTML, like Gecko) Chrome/83.0.4103.106 Mobile Safari/537.36"
106.79.192.8 - - [29/Jul/2021:09:36:23 +0000] "GET /index.php HTTP/1.1" 200 8538 "http://shrihanumanlottery.com/index.php" "Mozilla/5.0 (Linux; Android 11; vivo 1907) AppleWebKit/537.36 (KHTML, like Gecko) Chrome/83.0.4103.106 Mobile Safari/537.36"
114.119.146.69 - - [29/Jul/2021:09:38:29 +0000] "GET /results2020.php HTTP/1.1" 200 518071 "-" "Mozilla/5.0 (Linux; Android 7.0;) AppleWebKit/537.36 (KHTML, like Gecko) Mobile Safari/537.36 (compatible; PetalBot;+https://webmaster.petalsearch.com/site/petalbot)"
157.38.79.23 - - [29/Jul/2021:09:38:29 +0000] "GET / HTTP/1.1" 200 8538 "https://www.google.com/" "Mozilla/5.0 (Linux; Android 11; SM-A305F) AppleWebKit/537.36 (KHTML, like Gecko) Chrome/92.0.4515.115 Mobile Safari/537.36"
1.39.218.35 - - [29/Jul/2021:09:41:18 +0000] "GET / HTTP/1.1" 200 8538 "https://www.google.com/" "Mozilla/5.0 (Linux; Android 8.1.0; CPH1901) AppleWebKit/537.36 (KHTML, like Gecko) Chrome/90.0.4430.66 Mobile Safari/537.36"
223.238.168.42 - - [29/Jul/2021:09:44:53 +0000] "GET / HTTP/1.1" 200 8538 "-" "Mozilla/5.0 (Linux; Android 10; CPH1969) AppleWebKit/537.36 (KHTML, like Gecko) Chrome/81.0.4044.138 Mobile Safari/537.36"
169.149.207.224 - - [29/Jul/2021:09:52:59 +0000] "GET / HTTP/1.1" 200 8538 "https://www.google.com/" "Mozilla/5.0 (Linux; Android 7.1.2; Redmi Note 5 Build/N2G47H) AppleWebKit/537.36 (KHTML, like Gecko) Chrome/66.0.3359.126 Mobile Safari/537.36"
169.149.207.224 - - [29/Jul/2021:09:53:00 +0000] "GET /images/shrihanuman.gif HTTP/1.1" 200 160010 "https://shrihanumanlottery.com/" "Mozilla/5.0 (Linux; Android 7.1.2; Redmi Note 5 Build/N2G47H) AppleWebKit/537.36 (KHTML, like Gecko) Chrome/66.0.3359.126 Mobile Safari/537.36"
169.149.207.224 - - [29/Jul/2021:09:53:00 +0000] "GET /img/favicon2.png HTTP/1.1" 404 214 "https://shrihanumanlottery.com/" "Mozilla/5.0 (Linux; Android 7.1.2; Redmi Note 5 Build/N2G47H) AppleWebKit/537.36 (KHTML, like Gecko) Chrome/66.0.3359.126 Mobile Safari/537.36"
106.79.192.47 - - [29/Jul/2021:09:59:51 +0000] "GET /secureadmin/admin/add-results.php HTTP/1.1" 200 19196 "http://shrihanumanlottery.com/secureadmin/admin/processProduct.php?action=addPageContent" "Mozilla/5.0 (Linux; Android 11; vivo 1907) AppleWebKit/537.36 (KHTML, like Gecko) Chrome/83.0.4103.106 Mobile Safari/537.36"
106.79.192.47 - - [29/Jul/2021:10:04:05 +0000] "GET /index.php HTTP/1.1" 200 8538 "http://shrihanumanlottery.com/index.php" "Mozilla/5.0 (Linux; Android 11; vivo 1907) AppleWebKit/537.36 (KHTML, like Gecko) Chrome/83.0.4103.106 Mobile Safari/537.36"
106.206.142.137 - - [29/Jul/2021:10:05:48 +0000] "GET / HTTP/1.1" 200 8538 "https://www.google.com/" "Mozilla/5.0 (Linux; Android 11; CPH2095) AppleWebKit/537.36 (KHTML, like Gecko) Chrome/91.0.4472.164 Mobile Safari/537.36"
106.206.142.137 - - [29/Jul/2021:10:05:48 +0000] "GET /images/shrihanuman.gif HTTP/1.1" 200 160010 "https://shrihanumanlottery.com/" "Mozilla/5.0 (Linux; Android 11; CPH2095) AppleWebKit/537.36 (KHTML, like Gecko) Chrome/91.0.4472.164 Mobile Safari/537.36"
106.206.142.137 - - [29/Jul/2021:10:05:49 +0000] "GET /img/favicon2.png HTTP/1.1" 404 214 "https://shrihanumanlottery.com/" "Mozilla/5.0 (Linux; Android 11; CPH2095) AppleWebKit/537.36 (KHTML, like Gecko) Chrome/91.0.4472.164 Mobile Safari/537.36"
106.79.192.47 - - [29/Jul/2021:10:06:38 +0000] "POST /secureadmin/admin/processProduct.php?action=addPageContent HTTP/1.1" 200 138 "http://shrihanumanlottery.com/secureadmin/admin/add-results.php" "Mozilla/5.0 (Linux; Android 11; vivo 1907) AppleWebKit/537.36 (KHTML, like Gecko) Chrome/83.0.4103.106 Mobile Safari/537.36"
106.79.192.47 - - [29/Jul/2021:10:06:40 +0000] "GET /secureadmin/admin/add-results.php HTTP/1.1" 200 19802 "http://shrihanumanlottery.com/secureadmin/admin/processProduct.php?action=addPageContent" "Mozilla/5.0 (Linux; Android 11; vivo 1907) AppleWebKit/537.36 (KHTML, like Gecko) Chrome/83.0.4103.106 Mobile Safari/537.36"
106.79.192.47 - - [29/Jul/2021:10:06:40 +0000] "GET /secureadmin/admin/menuContent.html HTTP/1.1" 404 232 "http://shrihanumanlottery.com/secureadmin/admin/add-results.php" "Mozilla/5.0 (Linux; Android 11; vivo 1907) AppleWebKit/537.36 (KHTML, like Gecko) Chrome/83.0.4103.106 Mobile Safari/537.36"
106.79.192.47 - - [29/Jul/2021:10:06:50 +0000] "GET /index.php HTTP/1.1" 200 8652 "http://shrihanumanlottery.com/index.php" "Mozilla/5.0 (Linux; Android 11; vivo 1907) AppleWebKit/537.36 (KHTML, like Gecko) Chrome/83.0.4103.106 Mobile Safari/537.36"
27.63.104.210 - - [29/Jul/2021:10:07:31 +0000] "GET / HTTP/1.1" 200 8652 "-" "Mozilla/5.0 (Linux; Android 10; CPH1969) AppleWebKit/537.36 (KHTML, like Gecko) Chrome/81.0.4044.138 Mobile Safari/537.36"
157.38.37.169 - - [29/Jul/2021:10:10:36 +0000] "GET / HTTP/1.1" 200 8652 "https://www.google.com/" "Mozilla/5.0 (Linux; Android 10; CPH1931) AppleWebKit/537.36 (KHTML, like Gecko) Chrome/91.0.4472.164 Mobile Safari/537.36"
157.38.37.169 - - [29/Jul/2021:10:10:37 +0000] "GET /img/favicon2.png HTTP/1.1" 404 214 "https://shrihanumanlottery.com/" "Mozilla/5.0 (Linux; Android 10; CPH1931) AppleWebKit/537.36 (KHTML, like Gecko) Chrome/91.0.4472.164 Mobile Safari/537.36"
106.206.162.55 - - [29/Jul/2021:10:10:38 +0000] "GET / HTTP/1.1" 200 8652 "-" "Mozilla/5.0 (Linux; Android 10; M2010J19SI) AppleWebKit/537.36 (KHTML, like Gecko) Chrome/83.0.4103.101 Mobile Safari/537.36"
223.238.168.42 - - [29/Jul/2021:10:10:56 +0000] "GET / HTTP/1.1" 200 8652 "-" "Mozilla/5.0 (Linux; Android 10; CPH1969) AppleWebKit/537.36 (KHTML, like Gecko) Chrome/81.0.4044.138 Mobile Safari/537.36"
106.206.162.55 - - [29/Jul/2021:10:12:48 +0000] "GET / HTTP/1.1" 200 8652 "-" "Mozilla/5.0 (Linux; Android 10; M2010J19SI) AppleWebKit/537.36 (KHTML, like Gecko) Chrome/83.0.4103.101 Mobile Safari/537.36"
171.79.179.89 - - [29/Jul/2021:10:15:08 +0000] "GET / HTTP/1.1" 200 8652 "-" "Mozilla/5.0 (Linux; Android 10; SAMSUNG SM-M022G Build/QP1A.190711.020; wv) AppleWebKit/537.36 (KHTML, like Gecko) Version/4.0 SamsungBrowser/7.4 Chrome/81.0.4044.138 Mobile Safari/537.36"
27.63.106.114 - - [29/Jul/2021:10:15:20 +0000] "GET / HTTP/1.1" 200 8652 "-" "Mozilla/5.0 (Linux; Android 10; CPH1969) AppleWebKit/537.36 (KHTML, like Gecko) Chrome/81.0.4044.138 Mobile Safari/537.36"
27.63.106.114 - - [29/Jul/2021:10:15:21 +0000] "GET / HTTP/1.1" 200 8652 "https://shrihanumanlottery.com/" "Mozilla/5.0 (Linux; Android 10; CPH1969) AppleWebKit/537.36 (KHTML, like Gecko) Chrome/81.0.4044.138 Mobile Safari/537.36"
171.79.179.89 - - [29/Jul/2021:10:15:26 +0000] "GET / HTTP/1.1" 200 8652 "-" "Mozilla/5.0 (Linux; Android 10; SAMSUNG SM-M022G Build/QP1A.190711.020; wv) AppleWebKit/537.36 (KHTML, like Gecko) Version/4.0 SamsungBrowser/7.4 Chrome/81.0.4044.138 Mobile Safari/537.36"
171.79.179.89 - - [29/Jul/2021:10:15:27 +0000] "GET /img/favicon2.png HTTP/1.1" 404 214 "https://shrihanumanlottery.com/" "Mozilla/5.0 (Linux; Android 10; SAMSUNG SM-M022G Build/QP1A.190711.020; wv) AppleWebKit/537.36 (KHTML, like Gecko) Version/4.0 SamsungBrowser/7.4 Chrome/81.0.4044.138 Mobile Safari/537.36"
106.206.162.55 - - [29/Jul/2021:10:21:29 +0000] "GET / HTTP/1.1" 200 8652 "-" "Mozilla/5.0 (Linux; Android 10; M2010J19SI) AppleWebKit/537.36 (KHTML, like Gecko) Chrome/83.0.4103.101 Mobile Safari/537.36"
171.79.144.210 - - [29/Jul/2021:10:23:28 +0000] "GET / HTTP/1.1" 200 8652 "-" "Mozilla/5.0 (Linux; Android 9; Redmi Note 8) AppleWebKit/537.36 (KHTML, like Gecko) Chrome/91.0.4472.101 Mobile Safari/537.36"
171.79.144.210 - - [29/Jul/2021:10:23:28 +0000] "GET /img/favicon2.png HTTP/1.1" 404 214 "http://shrihanumanlottery.com/" "Mozilla/5.0 (Linux; Android 9; Redmi Note 8) AppleWebKit/537.36 (KHTML, like Gecko) Chrome/91.0.4472.101 Mobile Safari/537.36"
106.79.192.230 - - [29/Jul/2021:10:28:44 +0000] "GET /secureadmin/admin/add-results.php HTTP/1.1" 200 19802 "http://shrihanumanlottery.com/secureadmin/admin/processProduct.php?action=addPageContent" "Mozilla/5.0 (Linux; Android 11; vivo 1907) AppleWebKit/537.36 (KHTML, like Gecko) Chrome/83.0.4103.106 Mobile Safari/537.36"
106.79.192.230 - - [29/Jul/2021:10:28:50 +0000] "GET /secureadmin/admin/add-contentpages.php HTTP/1.1" 200 11689 "http://shrihanumanlottery.com/secureadmin/admin/add-results.php" "Mozilla/5.0 (Linux; Android 11; vivo 1907) AppleWebKit/537.36 (KHTML, like Gecko) Chrome/83.0.4103.106 Mobile Safari/537.36"
106.79.192.230 - - [29/Jul/2021:10:28:51 +0000] "GET /secureadmin/admin/ckeditor/_source/core/loader.js?t=B5GJ5GG HTTP/1.1" 404 247 "http://shrihanumanlottery.com/secureadmin/admin/add-contentpages.php" "Mozilla/5.0 (Linux; Android 11; vivo 1907) AppleWebKit/537.36 (KHTML, like Gecko) Chrome/83.0.4103.106 Mobile Safari/537.36"
106.79.192.230 - - [29/Jul/2021:10:28:51 +0000] "GET /secureadmin/admin/menuContent.html HTTP/1.1" 404 232 "http://shrihanumanlottery.com/secureadmin/admin/add-contentpages.php" "Mozilla/5.0 (Linux; Android 11; vivo 1907) AppleWebKit/537.36 (KHTML, like Gecko) Chrome/83.0.4103.106 Mobile Safari/537.36"
106.79.192.230 - - [29/Jul/2021:10:29:08 +0000] "POST /secureadmin/admin/processProduct.php?action=modifyPageContent HTTP/1.1" 200 146 "http://shrihanumanlottery.com/secureadmin/admin/add-contentpages.php" "Mozilla/5.0 (Linux; Android 11; vivo 1907) AppleWebKit/537.36 (KHTML, like Gecko) Chrome/83.0.4103.106 Mobile Safari/537.36"
