223.238.197.183 - - [27/Jul/2021:07:37:51 +0000] "POST /secureadmin/admin/processProduct.php?action=addPageContent HTTP/1.1" 200 138 "http://shrihanumanlottery.com/secureadmin/admin/add-results.php?message=success" "Mozilla/5.0 (Linux; U; Android 10; hi-in; CPH1969 Build/QP1A.190711.020) AppleWebKit/537.36 (KHTML, like Gecko) Chrome/77.0.3865.116 Mobile Safari/537.36 HeyTapBrowser/45.7.8.1"
223.238.197.183 - - [27/Jul/2021:07:37:52 +0000] "GET /secureadmin/admin/add-results.php HTTP/1.1" 200 16776 "http://shrihanumanlottery.com/secureadmin/admin/processProduct.php?action=addPageContent" "Mozilla/5.0 (Linux; U; Android 10; hi-in; CPH1969 Build/QP1A.190711.020) AppleWebKit/537.36 (KHTML, like Gecko) Chrome/77.0.3865.116 Mobile Safari/537.36 HeyTapBrowser/45.7.8.1"
223.238.197.183 - - [27/Jul/2021:07:37:53 +0000] "GET /secureadmin/admin/menuContent.html HTTP/1.1" 404 232 "http://shrihanumanlottery.com/secureadmin/admin/add-results.php" "Mozilla/5.0 (Linux; U; Android 10; hi-in; CPH1969 Build/QP1A.190711.020) AppleWebKit/537.36 (KHTML, like Gecko) Chrome/77.0.3865.116 Mobile Safari/537.36 HeyTapBrowser/45.7.8.1"
223.238.197.183 - - [27/Jul/2021:07:37:58 +0000] "GET / HTTP/1.1" 200 7655 "-" "Mozilla/5.0 (Linux; U; Android 10; hi-in; CPH1969 Build/QP1A.190711.020) AppleWebKit/537.36 (KHTML, like Gecko) Chrome/77.0.3865.116 Mobile Safari/537.36 HeyTapBrowser/45.7.8.1"
223.238.197.183 - - [27/Jul/2021:07:37:58 +0000] "GET /img/favicon2.png HTTP/1.1" 404 214 "http://shrihanumanlottery.com/" "Mozilla/5.0 (Linux; U; Android 10; hi-in; CPH1969 Build/QP1A.190711.020) AppleWebKit/537.36 (KHTML, like Gecko) Chrome/77.0.3865.116 Mobile Safari/537.36 HeyTapBrowser/45.7.8.1"
223.238.219.26 - - [27/Jul/2021:07:38:28 +0000] "GET / HTTP/1.1" 200 7655 "-" "Mozilla/5.0 (Linux; Android 10; M2010J19SI) AppleWebKit/537.36 (KHTML, like Gecko) Chrome/83.0.4103.101 Mobile Safari/537.36"
223.238.197.183 - - [27/Jul/2021:07:38:35 +0000] "GET / HTTP/1.1" 200 7655 "-" "Mozilla/5.0 (Linux; U; Android 10; hi-in; CPH1969 Build/QP1A.190711.020) AppleWebKit/537.36 (KHTML, like Gecko) Chrome/77.0.3865.116 Mobile Safari/537.36 HeyTapBrowser/45.7.8.1"
223.238.197.183 - - [27/Jul/2021:07:38:36 +0000] "GET /img/favicon2.png HTTP/1.1" 404 214 "http://shrihanumanlottery.com/" "Mozilla/5.0 (Linux; U; Android 10; hi-in; CPH1969 Build/QP1A.190711.020) AppleWebKit/537.36 (KHTML, like Gecko) Chrome/77.0.3865.116 Mobile Safari/537.36 HeyTapBrowser/45.7.8.1"
223.238.197.183 - - [27/Jul/2021:07:38:39 +0000] "GET / HTTP/1.1" 200 7655 "http://shrihanumanlottery.com/" "Mozilla/5.0 (Linux; U; Android 10; hi-in; CPH1969 Build/QP1A.190711.020) AppleWebKit/537.36 (KHTML, like Gecko) Chrome/77.0.3865.116 Mobile Safari/537.36 HeyTapBrowser/45.7.8.1"
223.238.197.183 - - [27/Jul/2021:07:38:41 +0000] "GET / HTTP/1.1" 200 7655 "http://shrihanumanlottery.com/" "Mozilla/5.0 (Linux; U; Android 10; hi-in; CPH1969 Build/QP1A.190711.020) AppleWebKit/537.36 (KHTML, like Gecko) Chrome/77.0.3865.116 Mobile Safari/537.36 HeyTapBrowser/45.7.8.1"
42.105.48.88 - - [27/Jul/2021:07:39:41 +0000] "GET / HTTP/1.1" 200 7655 "-" "Mozilla/5.0 (Linux; Android 7.0; en-us; TECNO IN5 Build/NRD90M;) AppleWebKit/537.36 (KHTML, like Gecko) Version/4.0 Chrome/55.0.2883.91 Mobile Safari/537.36"
223.238.219.26 - - [27/Jul/2021:07:41:36 +0000] "GET / HTTP/1.1" 200 7655 "-" "Mozilla/5.0 (Linux; Android 10; M2010J19SI) AppleWebKit/537.36 (KHTML, like Gecko) Chrome/83.0.4103.101 Mobile Safari/537.36"
106.206.162.55 - - [27/Jul/2021:07:46:44 +0000] "GET / HTTP/1.1" 200 7655 "-" "Mozilla/5.0 (Linux; Android 10; M2010J19SI) AppleWebKit/537.36 (KHTML, like Gecko) Chrome/83.0.4103.101 Mobile Safari/537.36"
223.238.197.183 - - [27/Jul/2021:07:52:37 +0000] "GET / HTTP/1.1" 200 7655 "-" "Mozilla/5.0 (Linux; U; Android 10; hi-in; CPH1969 Build/QP1A.190711.020) AppleWebKit/537.36 (KHTML, like Gecko) Chrome/77.0.3865.116 Mobile Safari/537.36 HeyTapBrowser/45.7.8.1"
223.238.197.183 - - [27/Jul/2021:07:52:38 +0000] "GET /img/favicon2.png HTTP/1.1" 404 214 "http://shrihanumanlottery.com/" "Mozilla/5.0 (Linux; U; Android 10; hi-in; CPH1969 Build/QP1A.190711.020) AppleWebKit/537.36 (KHTML, like Gecko) Chrome/77.0.3865.116 Mobile Safari/537.36 HeyTapBrowser/45.7.8.1"
106.207.178.177 - - [27/Jul/2021:07:52:53 +0000] "GET / HTTP/1.1" 200 7655 "-" "Mozilla/5.0 (Linux; Android 6.0; Lenovo A7000-a Build/MRA58K) AppleWebKit/537.36 (KHTML, like Gecko) Chrome/46.0.2490.76 Mobile Safari/537.36"
106.207.178.177 - - [27/Jul/2021:07:52:57 +0000] "GET /img/favicon2.png HTTP/1.1" 404 214 "http://shrihanumanlottery.com/" "Mozilla/5.0 (Linux; Android 6.0; Lenovo A7000-a Build/MRA58K) AppleWebKit/537.36 (KHTML, like Gecko) Chrome/46.0.2490.76 Mobile Safari/537.36"
106.207.178.177 - - [27/Jul/2021:07:58:30 +0000] "GET / HTTP/1.1" 200 7655 "-" "Mozilla/5.0 (Linux; Android 6.0; Lenovo A7000-a Build/MRA58K) AppleWebKit/537.36 (KHTML, like Gecko) Chrome/46.0.2490.76 Mobile Safari/537.36"
106.206.169.73 - - [27/Jul/2021:08:00:42 +0000] "GET / HTTP/1.1" 200 7655 "-" "Mozilla/5.0 (Linux; Android 8.1.0; CPH1803) AppleWebKit/537.36 (KHTML, like Gecko) Chrome/90.0.4430.210 Mobile Safari/537.36"
106.206.169.73 - - [27/Jul/2021:08:00:43 +0000] "GET /img/favicon2.png HTTP/1.1" 404 214 "http://www.shrihanumanlottery.com/" "Mozilla/5.0 (Linux; Android 8.1.0; CPH1803) AppleWebKit/537.36 (KHTML, like Gecko) Chrome/90.0.4430.210 Mobile Safari/537.36"
106.206.169.73 - - [27/Jul/2021:08:01:01 +0000] "GET /results.php?year=2020 HTTP/1.1" 200 3291 "http://www.shrihanumanlottery.com/" "Mozilla/5.0 (Linux; Android 8.1.0; CPH1803) AppleWebKit/537.36 (KHTML, like Gecko) Chrome/90.0.4430.210 Mobile Safari/537.36"
106.206.169.73 - - [27/Jul/2021:08:01:19 +0000] "GET /results2019.php?year=2019 HTTP/1.1" 200 884024 "http://www.shrihanumanlottery.com/" "Mozilla/5.0 (Linux; Android 8.1.0; CPH1803) AppleWebKit/537.36 (KHTML, like Gecko) Chrome/90.0.4430.210 Mobile Safari/537.36"
106.206.169.73 - - [27/Jul/2021:08:02:01 +0000] "GET / HTTP/1.1" 200 7655 "http://www.shrihanumanlottery.com/" "Mozilla/5.0 (Linux; Android 8.1.0; CPH1803) AppleWebKit/537.36 (KHTML, like Gecko) Chrome/90.0.4430.210 Mobile Safari/537.36"
106.206.162.55 - - [27/Jul/2021:08:06:55 +0000] "GET / HTTP/1.1" 200 7655 "-" "Mozilla/5.0 (Linux; Android 10; M2010J19SI) AppleWebKit/537.36 (KHTML, like Gecko) Chrome/83.0.4103.101 Mobile Safari/537.36"
106.206.162.55 - - [27/Jul/2021:08:06:58 +0000] "GET / HTTP/1.1" 200 7655 "http://shrihanumanlottery.com/" "Mozilla/5.0 (Linux; Android 10; M2010J19SI) AppleWebKit/537.36 (KHTML, like Gecko) Chrome/83.0.4103.101 Mobile Safari/537.36"
106.206.162.55 - - [27/Jul/2021:08:07:04 +0000] "GET / HTTP/1.1" 200 7655 "http://shrihanumanlottery.com/" "Mozilla/5.0 (Linux; Android 10; M2010J19SI) AppleWebKit/537.36 (KHTML, like Gecko) Chrome/83.0.4103.101 Mobile Safari/537.36"
106.206.162.55 - - [27/Jul/2021:08:07:08 +0000] "GET / HTTP/1.1" 200 7655 "http://shrihanumanlottery.com/" "Mozilla/5.0 (Linux; Android 10; M2010J19SI) AppleWebKit/537.36 (KHTML, like Gecko) Chrome/83.0.4103.101 Mobile Safari/537.36"
106.206.162.55 - - [27/Jul/2021:08:07:11 +0000] "GET / HTTP/1.1" 200 7655 "http://shrihanumanlottery.com/" "Mozilla/5.0 (Linux; Android 10; M2010J19SI) AppleWebKit/537.36 (KHTML, like Gecko) Chrome/83.0.4103.101 Mobile Safari/537.36"
106.206.162.55 - - [27/Jul/2021:08:07:28 +0000] "GET / HTTP/1.1" 200 7655 "-" "Mozilla/5.0 (Linux; Android 10; M2010J19SI) AppleWebKit/537.36 (KHTML, like Gecko) Chrome/83.0.4103.101 Mobile Safari/537.36"
106.206.162.55 - - [27/Jul/2021:08:07:37 +0000] "GET / HTTP/1.1" 200 7655 "http://shrihanumanlottery.com/" "Mozilla/5.0 (Linux; Android 10; M2010J19SI) AppleWebKit/537.36 (KHTML, like Gecko) Chrome/83.0.4103.101 Mobile Safari/537.36"
106.206.162.55 - - [27/Jul/2021:08:07:45 +0000] "GET / HTTP/1.1" 200 7655 "http://shrihanumanlottery.com/" "Mozilla/5.0 (Linux; Android 10; M2010J19SI) AppleWebKit/537.36 (KHTML, like Gecko) Chrome/83.0.4103.101 Mobile Safari/537.36"
106.206.162.55 - - [27/Jul/2021:08:07:54 +0000] "GET / HTTP/1.1" 200 7655 "http://shrihanumanlottery.com/" "Mozilla/5.0 (Linux; Android 10; M2010J19SI) AppleWebKit/537.36 (KHTML, like Gecko) Chrome/83.0.4103.101 Mobile Safari/537.36"
106.206.162.55 - - [27/Jul/2021:08:08:00 +0000] "GET / HTTP/1.1" 200 7655 "http://shrihanumanlottery.com/" "Mozilla/5.0 (Linux; Android 10; M2010J19SI) AppleWebKit/537.36 (KHTML, like Gecko) Chrome/83.0.4103.101 Mobile Safari/537.36"
106.206.162.55 - - [27/Jul/2021:08:08:03 +0000] "GET / HTTP/1.1" 200 7655 "http://shrihanumanlottery.com/" "Mozilla/5.0 (Linux; Android 10; M2010J19SI) AppleWebKit/537.36 (KHTML, like Gecko) Chrome/83.0.4103.101 Mobile Safari/537.36"
106.206.162.55 - - [27/Jul/2021:08:08:07 +0000] "GET / HTTP/1.1" 200 7655 "http://shrihanumanlottery.com/" "Mozilla/5.0 (Linux; Android 10; M2010J19SI) AppleWebKit/537.36 (KHTML, like Gecko) Chrome/83.0.4103.101 Mobile Safari/537.36"
106.206.162.55 - - [27/Jul/2021:08:08:10 +0000] "GET / HTTP/1.1" 200 7655 "http://shrihanumanlottery.com/" "Mozilla/5.0 (Linux; Android 10; M2010J19SI) AppleWebKit/537.36 (KHTML, like Gecko) Chrome/83.0.4103.101 Mobile Safari/537.36"
106.206.162.55 - - [27/Jul/2021:08:08:13 +0000] "GET / HTTP/1.1" 200 7655 "http://shrihanumanlottery.com/" "Mozilla/5.0 (Linux; Android 10; M2010J19SI) AppleWebKit/537.36 (KHTML, like Gecko) Chrome/83.0.4103.101 Mobile Safari/537.36"
106.206.162.55 - - [27/Jul/2021:08:08:17 +0000] "GET / HTTP/1.1" 200 7655 "http://shrihanumanlottery.com/" "Mozilla/5.0 (Linux; Android 10; M2010J19SI) AppleWebKit/537.36 (KHTML, like Gecko) Chrome/83.0.4103.101 Mobile Safari/537.36"
106.206.162.55 - - [27/Jul/2021:08:08:21 +0000] "GET / HTTP/1.1" 200 7655 "http://shrihanumanlottery.com/" "Mozilla/5.0 (Linux; Android 10; M2010J19SI) AppleWebKit/537.36 (KHTML, like Gecko) Chrome/83.0.4103.101 Mobile Safari/537.36"
106.206.162.55 - - [27/Jul/2021:08:08:24 +0000] "GET / HTTP/1.1" 200 7655 "http://shrihanumanlottery.com/" "Mozilla/5.0 (Linux; Android 10; M2010J19SI) AppleWebKit/537.36 (KHTML, like Gecko) Chrome/83.0.4103.101 Mobile Safari/537.36"
106.206.162.55 - - [27/Jul/2021:08:08:26 +0000] "GET / HTTP/1.1" 200 7655 "http://shrihanumanlottery.com/" "Mozilla/5.0 (Linux; Android 10; M2010J19SI) AppleWebKit/537.36 (KHTML, like Gecko) Chrome/83.0.4103.101 Mobile Safari/537.36"
106.206.162.55 - - [27/Jul/2021:08:08:29 +0000] "GET / HTTP/1.1" 200 7655 "-" "Mozilla/5.0 (Linux; Android 10; M2010J19SI) AppleWebKit/537.36 (KHTML, like Gecko) Chrome/83.0.4103.101 Mobile Safari/537.36"
106.206.162.55 - - [27/Jul/2021:08:08:33 +0000] "GET / HTTP/1.1" 200 7655 "http://shrihanumanlottery.com/" "Mozilla/5.0 (Linux; Android 10; M2010J19SI) AppleWebKit/537.36 (KHTML, like Gecko) Chrome/83.0.4103.101 Mobile Safari/537.36"
42.105.49.102 - - [27/Jul/2021:08:08:34 +0000] "GET / HTTP/1.1" 200 7655 "-" "Mozilla/5.0 (Linux; Android 7.0; en-us; TECNO IN5 Build/NRD90M;) AppleWebKit/537.36 (KHTML, like Gecko) Version/4.0 Chrome/55.0.2883.91 Mobile Safari/537.36"
42.105.49.102 - - [27/Jul/2021:08:08:34 +0000] "GET /img/favicon2.png HTTP/1.1" 404 214 "http://shrihanumanlottery.com/" "Mozilla/5.0 (Linux; Android 7.0; en-us; TECNO IN5 Build/NRD90M;) AppleWebKit/537.36 (KHTML, like Gecko) Version/4.0 Chrome/55.0.2883.91 Mobile Safari/537.36"
106.206.162.55 - - [27/Jul/2021:08:08:37 +0000] "GET / HTTP/1.1" 200 7655 "http://shrihanumanlottery.com/" "Mozilla/5.0 (Linux; Android 10; M2010J19SI) AppleWebKit/537.36 (KHTML, like Gecko) Chrome/83.0.4103.101 Mobile Safari/537.36"
106.206.162.55 - - [27/Jul/2021:08:08:41 +0000] "GET / HTTP/1.1" 200 7655 "http://shrihanumanlottery.com/" "Mozilla/5.0 (Linux; Android 10; M2010J19SI) AppleWebKit/537.36 (KHTML, like Gecko) Chrome/83.0.4103.101 Mobile Safari/537.36"
106.206.162.55 - - [27/Jul/2021:08:08:45 +0000] "GET / HTTP/1.1" 200 7655 "http://shrihanumanlottery.com/" "Mozilla/5.0 (Linux; Android 10; M2010J19SI) AppleWebKit/537.36 (KHTML, like Gecko) Chrome/83.0.4103.101 Mobile Safari/537.36"
106.207.133.168 - - [27/Jul/2021:08:08:45 +0000] "GET / HTTP/1.1" 200 7655 "-" "Mozilla/5.0 (Linux; Android 6.0; Lenovo A7000-a Build/MRA58K) AppleWebKit/537.36 (KHTML, like Gecko) Chrome/46.0.2490.76 Mobile Safari/537.36"
106.207.133.168 - - [27/Jul/2021:08:08:47 +0000] "GET /img/favicon2.png HTTP/1.1" 404 214 "http://shrihanumanlottery.com/" "Mozilla/5.0 (Linux; Android 6.0; Lenovo A7000-a Build/MRA58K) AppleWebKit/537.36 (KHTML, like Gecko) Chrome/46.0.2490.76 Mobile Safari/537.36"
106.206.162.55 - - [27/Jul/2021:08:08:48 +0000] "GET / HTTP/1.1" 200 7655 "http://shrihanumanlottery.com/" "Mozilla/5.0 (Linux; Android 10; M2010J19SI) AppleWebKit/537.36 (KHTML, like Gecko) Chrome/83.0.4103.101 Mobile Safari/537.36"
106.206.162.55 - - [27/Jul/2021:08:08:52 +0000] "GET / HTTP/1.1" 200 7655 "http://shrihanumanlottery.com/" "Mozilla/5.0 (Linux; Android 10; M2010J19SI) AppleWebKit/537.36 (KHTML, like Gecko) Chrome/83.0.4103.101 Mobile Safari/537.36"
106.206.162.55 - - [27/Jul/2021:08:08:56 +0000] "GET / HTTP/1.1" 200 7655 "http://shrihanumanlottery.com/" "Mozilla/5.0 (Linux; Android 10; M2010J19SI) AppleWebKit/537.36 (KHTML, like Gecko) Chrome/83.0.4103.101 Mobile Safari/537.36"
106.207.133.168 - - [27/Jul/2021:08:08:58 +0000] "GET / HTTP/1.1" 200 7655 "http://shrihanumanlottery.com/" "Mozilla/5.0 (Linux; Android 6.0; Lenovo A7000-a Build/MRA58K) AppleWebKit/537.36 (KHTML, like Gecko) Chrome/46.0.2490.76 Mobile Safari/537.36"
106.207.133.168 - - [27/Jul/2021:08:08:58 +0000] "GET /css/style.css HTTP/1.1" 304 - "http://shrihanumanlottery.com/" "Mozilla/5.0 (Linux; Android 6.0; Lenovo A7000-a Build/MRA58K) AppleWebKit/537.36 (KHTML, like Gecko) Chrome/46.0.2490.76 Mobile Safari/537.36"
106.207.133.168 - - [27/Jul/2021:08:08:58 +0000] "GET /images/shrihanuman.gif HTTP/1.1" 304 - "http://shrihanumanlottery.com/" "Mozilla/5.0 (Linux; Android 6.0; Lenovo A7000-a Build/MRA58K) AppleWebKit/537.36 (KHTML, like Gecko) Chrome/46.0.2490.76 Mobile Safari/537.36"
106.207.133.168 - - [27/Jul/2021:08:08:58 +0000] "GET /galleryimg/6547081shrihanumanji.jpg HTTP/1.1" 304 - "http://shrihanumanlottery.com/" "Mozilla/5.0 (Linux; Android 6.0; Lenovo A7000-a Build/MRA58K) AppleWebKit/537.36 (KHTML, like Gecko) Chrome/46.0.2490.76 Mobile Safari/537.36"
106.207.133.168 - - [27/Jul/2021:08:08:59 +0000] "GET /img/star12.gif HTTP/1.1" 304 - "http://shrihanumanlottery.com/" "Mozilla/5.0 (Linux; Android 6.0; Lenovo A7000-a Build/MRA58K) AppleWebKit/537.36 (KHTML, like Gecko) Chrome/46.0.2490.76 Mobile Safari/537.36"
106.206.162.55 - - [27/Jul/2021:08:09:00 +0000] "GET / HTTP/1.1" 200 7655 "http://shrihanumanlottery.com/" "Mozilla/5.0 (Linux; Android 10; M2010J19SI) AppleWebKit/537.36 (KHTML, like Gecko) Chrome/83.0.4103.101 Mobile Safari/537.36"
106.207.133.168 - - [27/Jul/2021:08:09:01 +0000] "GET / HTTP/1.1" 200 7655 "http://shrihanumanlottery.com/" "Mozilla/5.0 (Linux; Android 6.0; Lenovo A7000-a Build/MRA58K) AppleWebKit/537.36 (KHTML, like Gecko) Chrome/46.0.2490.76 Mobile Safari/537.36"
42.105.49.102 - - [27/Jul/2021:08:09:02 +0000] "GET / HTTP/1.1" 200 7655 "-" "Mozilla/5.0 (Linux; Android 7.0; en-us; TECNO IN5 Build/NRD90M;) AppleWebKit/537.36 (KHTML, like Gecko) Version/4.0 Chrome/55.0.2883.91 Mobile Safari/537.36"
106.207.133.168 - - [27/Jul/2021:08:09:04 +0000] "GET / HTTP/1.1" 200 7655 "http://shrihanumanlottery.com/" "Mozilla/5.0 (Linux; Android 6.0; Lenovo A7000-a Build/MRA58K) AppleWebKit/537.36 (KHTML, like Gecko) Chrome/46.0.2490.76 Mobile Safari/537.36"
106.207.133.168 - - [27/Jul/2021:08:09:04 +0000] "GET /css/style.css HTTP/1.1" 304 - "http://shrihanumanlottery.com/" "Mozilla/5.0 (Linux; Android 6.0; Lenovo A7000-a Build/MRA58K) AppleWebKit/537.36 (KHTML, like Gecko) Chrome/46.0.2490.76 Mobile Safari/537.36"
106.207.133.168 - - [27/Jul/2021:08:09:04 +0000] "GET /images/shrihanuman.gif HTTP/1.1" 304 - "http://shrihanumanlottery.com/" "Mozilla/5.0 (Linux; Android 6.0; Lenovo A7000-a Build/MRA58K) AppleWebKit/537.36 (KHTML, like Gecko) Chrome/46.0.2490.76 Mobile Safari/537.36"
106.207.133.168 - - [27/Jul/2021:08:09:04 +0000] "GET /galleryimg/6547081shrihanumanji.jpg HTTP/1.1" 304 - "http://shrihanumanlottery.com/" "Mozilla/5.0 (Linux; Android 6.0; Lenovo A7000-a Build/MRA58K) AppleWebKit/537.36 (KHTML, like Gecko) Chrome/46.0.2490.76 Mobile Safari/537.36"
106.207.133.168 - - [27/Jul/2021:08:09:04 +0000] "GET /img/star12.gif HTTP/1.1" 304 - "http://shrihanumanlottery.com/" "Mozilla/5.0 (Linux; Android 6.0; Lenovo A7000-a Build/MRA58K) AppleWebKit/537.36 (KHTML, like Gecko) Chrome/46.0.2490.76 Mobile Safari/537.36"
106.207.133.168 - - [27/Jul/2021:08:09:06 +0000] "GET / HTTP/1.1" 200 7655 "http://shrihanumanlottery.com/" "Mozilla/5.0 (Linux; Android 6.0; Lenovo A7000-a Build/MRA58K) AppleWebKit/537.36 (KHTML, like Gecko) Chrome/46.0.2490.76 Mobile Safari/537.36"
106.207.133.168 - - [27/Jul/2021:08:09:06 +0000] "GET /css/style.css HTTP/1.1" 304 - "http://shrihanumanlottery.com/" "Mozilla/5.0 (Linux; Android 6.0; Lenovo A7000-a Build/MRA58K) AppleWebKit/537.36 (KHTML, like Gecko) Chrome/46.0.2490.76 Mobile Safari/537.36"
106.207.133.168 - - [27/Jul/2021:08:09:06 +0000] "GET /images/shrihanuman.gif HTTP/1.1" 304 - "http://shrihanumanlottery.com/" "Mozilla/5.0 (Linux; Android 6.0; Lenovo A7000-a Build/MRA58K) AppleWebKit/537.36 (KHTML, like Gecko) Chrome/46.0.2490.76 Mobile Safari/537.36"
106.207.133.168 - - [27/Jul/2021:08:09:06 +0000] "GET /galleryimg/6547081shrihanumanji.jpg HTTP/1.1" 304 - "http://shrihanumanlottery.com/" "Mozilla/5.0 (Linux; Android 6.0; Lenovo A7000-a Build/MRA58K) AppleWebKit/537.36 (KHTML, like Gecko) Chrome/46.0.2490.76 Mobile Safari/537.36"
106.207.133.168 - - [27/Jul/2021:08:09:07 +0000] "GET /img/star12.gif HTTP/1.1" 304 - "http://shrihanumanlottery.com/" "Mozilla/5.0 (Linux; Android 6.0; Lenovo A7000-a Build/MRA58K) AppleWebKit/537.36 (KHTML, like Gecko) Chrome/46.0.2490.76 Mobile Safari/537.36"
106.206.162.55 - - [27/Jul/2021:08:09:31 +0000] "GET / HTTP/1.1" 200 7655 "-" "Mozilla/5.0 (Linux; Android 10; M2010J19SI) AppleWebKit/537.36 (KHTML, like Gecko) Chrome/83.0.4103.101 Mobile Safari/537.36"
106.207.133.168 - - [27/Jul/2021:08:09:31 +0000] "GET / HTTP/1.1" 200 7655 "-" "Mozilla/5.0 (Linux; Android 6.0; Lenovo A7000-a Build/MRA58K) AppleWebKit/537.36 (KHTML, like Gecko) Chrome/46.0.2490.76 Mobile Safari/537.36"
106.207.133.168 - - [27/Jul/2021:08:09:31 +0000] "GET /css/style.css HTTP/1.1" 304 - "http://shrihanumanlottery.com/" "Mozilla/5.0 (Linux; Android 6.0; Lenovo A7000-a Build/MRA58K) AppleWebKit/537.36 (KHTML, like Gecko) Chrome/46.0.2490.76 Mobile Safari/537.36"
106.207.133.168 - - [27/Jul/2021:08:09:31 +0000] "GET /images/shrihanuman.gif HTTP/1.1" 304 - "http://shrihanumanlottery.com/" "Mozilla/5.0 (Linux; Android 6.0; Lenovo A7000-a Build/MRA58K) AppleWebKit/537.36 (KHTML, like Gecko) Chrome/46.0.2490.76 Mobile Safari/537.36"
106.207.133.168 - - [27/Jul/2021:08:09:31 +0000] "GET /galleryimg/6547081shrihanumanji.jpg HTTP/1.1" 304 - "http://shrihanumanlottery.com/" "Mozilla/5.0 (Linux; Android 6.0; Lenovo A7000-a Build/MRA58K) AppleWebKit/537.36 (KHTML, like Gecko) Chrome/46.0.2490.76 Mobile Safari/537.36"
106.207.133.168 - - [27/Jul/2021:08:09:32 +0000] "GET /img/star12.gif HTTP/1.1" 304 - "http://shrihanumanlottery.com/" "Mozilla/5.0 (Linux; Android 6.0; Lenovo A7000-a Build/MRA58K) AppleWebKit/537.36 (KHTML, like Gecko) Chrome/46.0.2490.76 Mobile Safari/537.36"
106.207.133.168 - - [27/Jul/2021:08:09:35 +0000] "GET / HTTP/1.1" 200 7655 "-" "Mozilla/5.0 (Linux; Android 6.0; Lenovo A7000-a Build/MRA58K) AppleWebKit/537.36 (KHTML, like Gecko) Chrome/46.0.2490.76 Mobile Safari/537.36"
106.207.133.168 - - [27/Jul/2021:08:09:36 +0000] "GET /css/style.css HTTP/1.1" 304 - "http://shrihanumanlottery.com/" "Mozilla/5.0 (Linux; Android 6.0; Lenovo A7000-a Build/MRA58K) AppleWebKit/537.36 (KHTML, like Gecko) Chrome/46.0.2490.76 Mobile Safari/537.36"
106.207.133.168 - - [27/Jul/2021:08:09:36 +0000] "GET /images/shrihanuman.gif HTTP/1.1" 304 - "http://shrihanumanlottery.com/" "Mozilla/5.0 (Linux; Android 6.0; Lenovo A7000-a Build/MRA58K) AppleWebKit/537.36 (KHTML, like Gecko) Chrome/46.0.2490.76 Mobile Safari/537.36"
106.207.133.168 - - [27/Jul/2021:08:09:36 +0000] "GET /galleryimg/6547081shrihanumanji.jpg HTTP/1.1" 304 - "http://shrihanumanlottery.com/" "Mozilla/5.0 (Linux; Android 6.0; Lenovo A7000-a Build/MRA58K) AppleWebKit/537.36 (KHTML, like Gecko) Chrome/46.0.2490.76 Mobile Safari/537.36"
106.207.133.168 - - [27/Jul/2021:08:09:36 +0000] "GET /img/star12.gif HTTP/1.1" 304 - "http://shrihanumanlottery.com/" "Mozilla/5.0 (Linux; Android 6.0; Lenovo A7000-a Build/MRA58K) AppleWebKit/537.36 (KHTML, like Gecko) Chrome/46.0.2490.76 Mobile Safari/537.36"
106.206.162.55 - - [27/Jul/2021:08:09:38 +0000] "GET / HTTP/1.1" 200 7655 "http://shrihanumanlottery.com/" "Mozilla/5.0 (Linux; Android 10; M2010J19SI) AppleWebKit/537.36 (KHTML, like Gecko) Chrome/83.0.4103.101 Mobile Safari/537.36"
106.206.162.55 - - [27/Jul/2021:08:09:44 +0000] "GET / HTTP/1.1" 200 7655 "http://shrihanumanlottery.com/" "Mozilla/5.0 (Linux; Android 10; M2010J19SI) AppleWebKit/537.36 (KHTML, like Gecko) Chrome/83.0.4103.101 Mobile Safari/537.36"
106.207.133.168 - - [27/Jul/2021:08:09:47 +0000] "GET / HTTP/1.1" 200 7655 "-" "Mozilla/5.0 (Linux; Android 6.0; Lenovo A7000-a Build/MRA58K) AppleWebKit/537.36 (KHTML, like Gecko) Chrome/46.0.2490.76 Mobile Safari/537.36"
106.207.133.168 - - [27/Jul/2021:08:09:47 +0000] "GET /css/style.css HTTP/1.1" 304 - "http://shrihanumanlottery.com/" "Mozilla/5.0 (Linux; Android 6.0; Lenovo A7000-a Build/MRA58K) AppleWebKit/537.36 (KHTML, like Gecko) Chrome/46.0.2490.76 Mobile Safari/537.36"
106.207.133.168 - - [27/Jul/2021:08:09:47 +0000] "GET /images/shrihanuman.gif HTTP/1.1" 304 - "http://shrihanumanlottery.com/" "Mozilla/5.0 (Linux; Android 6.0; Lenovo A7000-a Build/MRA58K) AppleWebKit/537.36 (KHTML, like Gecko) Chrome/46.0.2490.76 Mobile Safari/537.36"
106.207.133.168 - - [27/Jul/2021:08:09:47 +0000] "GET /galleryimg/6547081shrihanumanji.jpg HTTP/1.1" 304 - "http://shrihanumanlottery.com/" "Mozilla/5.0 (Linux; Android 6.0; Lenovo A7000-a Build/MRA58K) AppleWebKit/537.36 (KHTML, like Gecko) Chrome/46.0.2490.76 Mobile Safari/537.36"
106.206.162.55 - - [27/Jul/2021:08:09:47 +0000] "GET / HTTP/1.1" 200 7655 "http://shrihanumanlottery.com/" "Mozilla/5.0 (Linux; Android 10; M2010J19SI) AppleWebKit/537.36 (KHTML, like Gecko) Chrome/83.0.4103.101 Mobile Safari/537.36"
106.207.133.168 - - [27/Jul/2021:08:09:47 +0000] "GET /img/star12.gif HTTP/1.1" 304 - "http://shrihanumanlottery.com/" "Mozilla/5.0 (Linux; Android 6.0; Lenovo A7000-a Build/MRA58K) AppleWebKit/537.36 (KHTML, like Gecko) Chrome/46.0.2490.76 Mobile Safari/537.36"
106.206.162.55 - - [27/Jul/2021:08:09:48 +0000] "GET / HTTP/1.1" 200 7655 "http://shrihanumanlottery.com/" "Mozilla/5.0 (Linux; Android 10; M2010J19SI) AppleWebKit/537.36 (KHTML, like Gecko) Chrome/83.0.4103.101 Mobile Safari/537.36"
106.207.133.168 - - [27/Jul/2021:08:09:49 +0000] "GET / HTTP/1.1" 200 7655 "-" "Mozilla/5.0 (Linux; Android 6.0; Lenovo A7000-a Build/MRA58K) AppleWebKit/537.36 (KHTML, like Gecko) Chrome/46.0.2490.76 Mobile Safari/537.36"
106.207.133.168 - - [27/Jul/2021:08:09:50 +0000] "GET /images/shrihanuman.gif HTTP/1.1" 304 - "http://shrihanumanlottery.com/" "Mozilla/5.0 (Linux; Android 6.0; Lenovo A7000-a Build/MRA58K) AppleWebKit/537.36 (KHTML, like Gecko) Chrome/46.0.2490.76 Mobile Safari/537.36"
106.207.133.168 - - [27/Jul/2021:08:09:50 +0000] "GET /css/style.css HTTP/1.1" 304 - "http://shrihanumanlottery.com/" "Mozilla/5.0 (Linux; Android 6.0; Lenovo A7000-a Build/MRA58K) AppleWebKit/537.36 (KHTML, like Gecko) Chrome/46.0.2490.76 Mobile Safari/537.36"
106.207.133.168 - - [27/Jul/2021:08:09:50 +0000] "GET /galleryimg/6547081shrihanumanji.jpg HTTP/1.1" 304 - "http://shrihanumanlottery.com/" "Mozilla/5.0 (Linux; Android 6.0; Lenovo A7000-a Build/MRA58K) AppleWebKit/537.36 (KHTML, like Gecko) Chrome/46.0.2490.76 Mobile Safari/537.36"
106.207.133.168 - - [27/Jul/2021:08:09:50 +0000] "GET /img/star12.gif HTTP/1.1" 304 - "http://shrihanumanlottery.com/" "Mozilla/5.0 (Linux; Android 6.0; Lenovo A7000-a Build/MRA58K) AppleWebKit/537.36 (KHTML, like Gecko) Chrome/46.0.2490.76 Mobile Safari/537.36"
106.206.162.55 - - [27/Jul/2021:08:09:52 +0000] "GET / HTTP/1.1" 200 7655 "http://shrihanumanlottery.com/" "Mozilla/5.0 (Linux; Android 10; M2010J19SI) AppleWebKit/537.36 (KHTML, like Gecko) Chrome/83.0.4103.101 Mobile Safari/537.36"
106.206.162.55 - - [27/Jul/2021:08:09:57 +0000] "GET / HTTP/1.1" 200 7655 "-" "Mozilla/5.0 (Linux; Android 10; M2010J19SI) AppleWebKit/537.36 (KHTML, like Gecko) Chrome/83.0.4103.101 Mobile Safari/537.36"
106.206.162.55 - - [27/Jul/2021:08:10:01 +0000] "GET / HTTP/1.1" 200 7655 "http://shrihanumanlottery.com/" "Mozilla/5.0 (Linux; Android 10; M2010J19SI) AppleWebKit/537.36 (KHTML, like Gecko) Chrome/83.0.4103.101 Mobile Safari/537.36"
106.206.162.55 - - [27/Jul/2021:08:10:03 +0000] "GET / HTTP/1.1" 200 7655 "http://shrihanumanlottery.com/" "Mozilla/5.0 (Linux; Android 10; M2010J19SI) AppleWebKit/537.36 (KHTML, like Gecko) Chrome/83.0.4103.101 Mobile Safari/537.36"
106.207.133.168 - - [27/Jul/2021:08:10:04 +0000] "GET / HTTP/1.1" 200 7655 "http://shrihanumanlottery.com/" "Mozilla/5.0 (Linux; Android 6.0; Lenovo A7000-a Build/MRA58K) AppleWebKit/537.36 (KHTML, like Gecko) Chrome/46.0.2490.76 Mobile Safari/537.36"
106.207.133.168 - - [27/Jul/2021:08:10:04 +0000] "GET /css/style.css HTTP/1.1" 304 - "http://shrihanumanlottery.com/" "Mozilla/5.0 (Linux; Android 6.0; Lenovo A7000-a Build/MRA58K) AppleWebKit/537.36 (KHTML, like Gecko) Chrome/46.0.2490.76 Mobile Safari/537.36"
106.207.133.168 - - [27/Jul/2021:08:10:04 +0000] "GET /images/shrihanuman.gif HTTP/1.1" 304 - "http://shrihanumanlottery.com/" "Mozilla/5.0 (Linux; Android 6.0; Lenovo A7000-a Build/MRA58K) AppleWebKit/537.36 (KHTML, like Gecko) Chrome/46.0.2490.76 Mobile Safari/537.36"
106.207.133.168 - - [27/Jul/2021:08:10:04 +0000] "GET /galleryimg/6547081shrihanumanji.jpg HTTP/1.1" 304 - "http://shrihanumanlottery.com/" "Mozilla/5.0 (Linux; Android 6.0; Lenovo A7000-a Build/MRA58K) AppleWebKit/537.36 (KHTML, like Gecko) Chrome/46.0.2490.76 Mobile Safari/537.36"
106.207.133.168 - - [27/Jul/2021:08:10:05 +0000] "GET /img/star12.gif HTTP/1.1" 304 - "http://shrihanumanlottery.com/" "Mozilla/5.0 (Linux; Android 6.0; Lenovo A7000-a Build/MRA58K) AppleWebKit/537.36 (KHTML, like Gecko) Chrome/46.0.2490.76 Mobile Safari/537.36"
106.206.162.55 - - [27/Jul/2021:08:10:06 +0000] "GET / HTTP/1.1" 200 7655 "http://shrihanumanlottery.com/" "Mozilla/5.0 (Linux; Android 10; M2010J19SI) AppleWebKit/537.36 (KHTML, like Gecko) Chrome/83.0.4103.101 Mobile Safari/537.36"
106.207.133.168 - - [27/Jul/2021:08:10:06 +0000] "GET / HTTP/1.1" 200 7655 "http://shrihanumanlottery.com/" "Mozilla/5.0 (Linux; Android 6.0; Lenovo A7000-a Build/MRA58K) AppleWebKit/537.36 (KHTML, like Gecko) Chrome/46.0.2490.76 Mobile Safari/537.36"
106.207.133.168 - - [27/Jul/2021:08:10:06 +0000] "GET /images/shrihanuman.gif HTTP/1.1" 304 - "http://shrihanumanlottery.com/" "Mozilla/5.0 (Linux; Android 6.0; Lenovo A7000-a Build/MRA58K) AppleWebKit/537.36 (KHTML, like Gecko) Chrome/46.0.2490.76 Mobile Safari/537.36"
106.207.133.168 - - [27/Jul/2021:08:10:06 +0000] "GET /css/style.css HTTP/1.1" 304 - "http://shrihanumanlottery.com/" "Mozilla/5.0 (Linux; Android 6.0; Lenovo A7000-a Build/MRA58K) AppleWebKit/537.36 (KHTML, like Gecko) Chrome/46.0.2490.76 Mobile Safari/537.36"
106.207.133.168 - - [27/Jul/2021:08:10:06 +0000] "GET /galleryimg/6547081shrihanumanji.jpg HTTP/1.1" 304 - "http://shrihanumanlottery.com/" "Mozilla/5.0 (Linux; Android 6.0; Lenovo A7000-a Build/MRA58K) AppleWebKit/537.36 (KHTML, like Gecko) Chrome/46.0.2490.76 Mobile Safari/537.36"
106.207.133.168 - - [27/Jul/2021:08:10:06 +0000] "GET /img/star12.gif HTTP/1.1" 304 - "http://shrihanumanlottery.com/" "Mozilla/5.0 (Linux; Android 6.0; Lenovo A7000-a Build/MRA58K) AppleWebKit/537.36 (KHTML, like Gecko) Chrome/46.0.2490.76 Mobile Safari/537.36"
106.207.133.168 - - [27/Jul/2021:08:10:07 +0000] "GET / HTTP/1.1" 200 7655 "http://shrihanumanlottery.com/" "Mozilla/5.0 (Linux; Android 6.0; Lenovo A7000-a Build/MRA58K) AppleWebKit/537.36 (KHTML, like Gecko) Chrome/46.0.2490.76 Mobile Safari/537.36"
106.207.133.168 - - [27/Jul/2021:08:10:08 +0000] "GET /images/shrihanuman.gif HTTP/1.1" 304 - "http://shrihanumanlottery.com/" "Mozilla/5.0 (Linux; Android 6.0; Lenovo A7000-a Build/MRA58K) AppleWebKit/537.36 (KHTML, like Gecko) Chrome/46.0.2490.76 Mobile Safari/537.36"
106.207.133.168 - - [27/Jul/2021:08:10:08 +0000] "GET /css/style.css HTTP/1.1" 304 - "http://shrihanumanlottery.com/" "Mozilla/5.0 (Linux; Android 6.0; Lenovo A7000-a Build/MRA58K) AppleWebKit/537.36 (KHTML, like Gecko) Chrome/46.0.2490.76 Mobile Safari/537.36"
106.207.133.168 - - [27/Jul/2021:08:10:08 +0000] "GET /galleryimg/6547081shrihanumanji.jpg HTTP/1.1" 304 - "http://shrihanumanlottery.com/" "Mozilla/5.0 (Linux; Android 6.0; Lenovo A7000-a Build/MRA58K) AppleWebKit/537.36 (KHTML, like Gecko) Chrome/46.0.2490.76 Mobile Safari/537.36"
106.207.133.168 - - [27/Jul/2021:08:10:08 +0000] "GET /img/star12.gif HTTP/1.1" 304 - "http://shrihanumanlottery.com/" "Mozilla/5.0 (Linux; Android 6.0; Lenovo A7000-a Build/MRA58K) AppleWebKit/537.36 (KHTML, like Gecko) Chrome/46.0.2490.76 Mobile Safari/537.36"
106.207.133.168 - - [27/Jul/2021:08:10:12 +0000] "GET / HTTP/1.1" 200 7655 "http://shrihanumanlottery.com/" "Mozilla/5.0 (Linux; Android 6.0; Lenovo A7000-a Build/MRA58K) AppleWebKit/537.36 (KHTML, like Gecko) Chrome/46.0.2490.76 Mobile Safari/537.36"
106.206.162.55 - - [27/Jul/2021:08:10:12 +0000] "GET / HTTP/1.1" 200 7655 "-" "Mozilla/5.0 (Linux; Android 10; M2010J19SI) AppleWebKit/537.36 (KHTML, like Gecko) Chrome/83.0.4103.101 Mobile Safari/537.36"
106.207.133.168 - - [27/Jul/2021:08:10:12 +0000] "GET /images/shrihanuman.gif HTTP/1.1" 304 - "http://shrihanumanlottery.com/" "Mozilla/5.0 (Linux; Android 6.0; Lenovo A7000-a Build/MRA58K) AppleWebKit/537.36 (KHTML, like Gecko) Chrome/46.0.2490.76 Mobile Safari/537.36"
106.207.133.168 - - [27/Jul/2021:08:10:12 +0000] "GET /css/style.css HTTP/1.1" 304 - "http://shrihanumanlottery.com/" "Mozilla/5.0 (Linux; Android 6.0; Lenovo A7000-a Build/MRA58K) AppleWebKit/537.36 (KHTML, like Gecko) Chrome/46.0.2490.76 Mobile Safari/537.36"
106.207.133.168 - - [27/Jul/2021:08:10:12 +0000] "GET /galleryimg/6547081shrihanumanji.jpg HTTP/1.1" 304 - "http://shrihanumanlottery.com/" "Mozilla/5.0 (Linux; Android 6.0; Lenovo A7000-a Build/MRA58K) AppleWebKit/537.36 (KHTML, like Gecko) Chrome/46.0.2490.76 Mobile Safari/537.36"
106.207.133.168 - - [27/Jul/2021:08:10:13 +0000] "GET /img/star12.gif HTTP/1.1" 304 - "http://shrihanumanlottery.com/" "Mozilla/5.0 (Linux; Android 6.0; Lenovo A7000-a Build/MRA58K) AppleWebKit/537.36 (KHTML, like Gecko) Chrome/46.0.2490.76 Mobile Safari/537.36"
106.207.133.168 - - [27/Jul/2021:08:10:14 +0000] "GET / HTTP/1.1" 200 7655 "http://shrihanumanlottery.com/" "Mozilla/5.0 (Linux; Android 6.0; Lenovo A7000-a Build/MRA58K) AppleWebKit/537.36 (KHTML, like Gecko) Chrome/46.0.2490.76 Mobile Safari/537.36"
106.207.133.168 - - [27/Jul/2021:08:10:14 +0000] "GET /images/shrihanuman.gif HTTP/1.1" 304 - "http://shrihanumanlottery.com/" "Mozilla/5.0 (Linux; Android 6.0; Lenovo A7000-a Build/MRA58K) AppleWebKit/537.36 (KHTML, like Gecko) Chrome/46.0.2490.76 Mobile Safari/537.36"
106.207.133.168 - - [27/Jul/2021:08:10:14 +0000] "GET /css/style.css HTTP/1.1" 304 - "http://shrihanumanlottery.com/" "Mozilla/5.0 (Linux; Android 6.0; Lenovo A7000-a Build/MRA58K) AppleWebKit/537.36 (KHTML, like Gecko) Chrome/46.0.2490.76 Mobile Safari/537.36"
106.207.133.168 - - [27/Jul/2021:08:10:14 +0000] "GET /galleryimg/6547081shrihanumanji.jpg HTTP/1.1" 304 - "http://shrihanumanlottery.com/" "Mozilla/5.0 (Linux; Android 6.0; Lenovo A7000-a Build/MRA58K) AppleWebKit/537.36 (KHTML, like Gecko) Chrome/46.0.2490.76 Mobile Safari/537.36"
106.207.133.168 - - [27/Jul/2021:08:10:15 +0000] "GET /img/star12.gif HTTP/1.1" 304 - "http://shrihanumanlottery.com/" "Mozilla/5.0 (Linux; Android 6.0; Lenovo A7000-a Build/MRA58K) AppleWebKit/537.36 (KHTML, like Gecko) Chrome/46.0.2490.76 Mobile Safari/537.36"
106.207.133.168 - - [27/Jul/2021:08:10:16 +0000] "GET / HTTP/1.1" 200 7655 "http://shrihanumanlottery.com/" "Mozilla/5.0 (Linux; Android 6.0; Lenovo A7000-a Build/MRA58K) AppleWebKit/537.36 (KHTML, like Gecko) Chrome/46.0.2490.76 Mobile Safari/537.36"
106.207.133.168 - - [27/Jul/2021:08:10:16 +0000] "GET /images/shrihanuman.gif HTTP/1.1" 304 - "http://shrihanumanlottery.com/" "Mozilla/5.0 (Linux; Android 6.0; Lenovo A7000-a Build/MRA58K) AppleWebKit/537.36 (KHTML, like Gecko) Chrome/46.0.2490.76 Mobile Safari/537.36"
106.207.133.168 - - [27/Jul/2021:08:10:16 +0000] "GET /css/style.css HTTP/1.1" 304 - "http://shrihanumanlottery.com/" "Mozilla/5.0 (Linux; Android 6.0; Lenovo A7000-a Build/MRA58K) AppleWebKit/537.36 (KHTML, like Gecko) Chrome/46.0.2490.76 Mobile Safari/537.36"
106.207.133.168 - - [27/Jul/2021:08:10:16 +0000] "GET /galleryimg/6547081shrihanumanji.jpg HTTP/1.1" 304 - "http://shrihanumanlottery.com/" "Mozilla/5.0 (Linux; Android 6.0; Lenovo A7000-a Build/MRA58K) AppleWebKit/537.36 (KHTML, like Gecko) Chrome/46.0.2490.76 Mobile Safari/537.36"
106.207.133.168 - - [27/Jul/2021:08:10:16 +0000] "GET /img/star12.gif HTTP/1.1" 304 - "http://shrihanumanlottery.com/" "Mozilla/5.0 (Linux; Android 6.0; Lenovo A7000-a Build/MRA58K) AppleWebKit/537.36 (KHTML, like Gecko) Chrome/46.0.2490.76 Mobile Safari/537.36"
106.207.133.168 - - [27/Jul/2021:08:10:18 +0000] "GET / HTTP/1.1" 200 7655 "http://shrihanumanlottery.com/" "Mozilla/5.0 (Linux; Android 6.0; Lenovo A7000-a Build/MRA58K) AppleWebKit/537.36 (KHTML, like Gecko) Chrome/46.0.2490.76 Mobile Safari/537.36"
106.207.133.168 - - [27/Jul/2021:08:10:18 +0000] "GET /images/shrihanuman.gif HTTP/1.1" 304 - "http://shrihanumanlottery.com/" "Mozilla/5.0 (Linux; Android 6.0; Lenovo A7000-a Build/MRA58K) AppleWebKit/537.36 (KHTML, like Gecko) Chrome/46.0.2490.76 Mobile Safari/537.36"
106.207.133.168 - - [27/Jul/2021:08:10:18 +0000] "GET /css/style.css HTTP/1.1" 304 - "http://shrihanumanlottery.com/" "Mozilla/5.0 (Linux; Android 6.0; Lenovo A7000-a Build/MRA58K) AppleWebKit/537.36 (KHTML, like Gecko) Chrome/46.0.2490.76 Mobile Safari/537.36"
106.207.133.168 - - [27/Jul/2021:08:10:18 +0000] "GET /galleryimg/6547081shrihanumanji.jpg HTTP/1.1" 304 - "http://shrihanumanlottery.com/" "Mozilla/5.0 (Linux; Android 6.0; Lenovo A7000-a Build/MRA58K) AppleWebKit/537.36 (KHTML, like Gecko) Chrome/46.0.2490.76 Mobile Safari/537.36"
106.207.133.168 - - [27/Jul/2021:08:10:18 +0000] "GET /img/star12.gif HTTP/1.1" 304 - "http://shrihanumanlottery.com/" "Mozilla/5.0 (Linux; Android 6.0; Lenovo A7000-a Build/MRA58K) AppleWebKit/537.36 (KHTML, like Gecko) Chrome/46.0.2490.76 Mobile Safari/537.36"
106.206.162.55 - - [27/Jul/2021:08:10:20 +0000] "GET / HTTP/1.1" 200 7655 "http://shrihanumanlottery.com/" "Mozilla/5.0 (Linux; Android 10; M2010J19SI) AppleWebKit/537.36 (KHTML, like Gecko) Chrome/83.0.4103.101 Mobile Safari/537.36"
106.207.133.168 - - [27/Jul/2021:08:10:21 +0000] "GET / HTTP/1.1" 200 7655 "http://shrihanumanlottery.com/" "Mozilla/5.0 (Linux; Android 6.0; Lenovo A7000-a Build/MRA58K) AppleWebKit/537.36 (KHTML, like Gecko) Chrome/46.0.2490.76 Mobile Safari/537.36"
106.207.133.168 - - [27/Jul/2021:08:10:22 +0000] "GET /images/shrihanuman.gif HTTP/1.1" 304 - "http://shrihanumanlottery.com/" "Mozilla/5.0 (Linux; Android 6.0; Lenovo A7000-a Build/MRA58K) AppleWebKit/537.36 (KHTML, like Gecko) Chrome/46.0.2490.76 Mobile Safari/537.36"
106.207.133.168 - - [27/Jul/2021:08:10:22 +0000] "GET /css/style.css HTTP/1.1" 304 - "http://shrihanumanlottery.com/" "Mozilla/5.0 (Linux; Android 6.0; Lenovo A7000-a Build/MRA58K) AppleWebKit/537.36 (KHTML, like Gecko) Chrome/46.0.2490.76 Mobile Safari/537.36"
106.207.133.168 - - [27/Jul/2021:08:10:22 +0000] "GET /galleryimg/6547081shrihanumanji.jpg HTTP/1.1" 304 - "http://shrihanumanlottery.com/" "Mozilla/5.0 (Linux; Android 6.0; Lenovo A7000-a Build/MRA58K) AppleWebKit/537.36 (KHTML, like Gecko) Chrome/46.0.2490.76 Mobile Safari/537.36"
106.207.133.168 - - [27/Jul/2021:08:10:22 +0000] "GET /img/star12.gif HTTP/1.1" 304 - "http://shrihanumanlottery.com/" "Mozilla/5.0 (Linux; Android 6.0; Lenovo A7000-a Build/MRA58K) AppleWebKit/537.36 (KHTML, like Gecko) Chrome/46.0.2490.76 Mobile Safari/537.36"
106.206.162.55 - - [27/Jul/2021:08:10:23 +0000] "GET / HTTP/1.1" 200 7655 "http://shrihanumanlottery.com/" "Mozilla/5.0 (Linux; Android 10; M2010J19SI) AppleWebKit/537.36 (KHTML, like Gecko) Chrome/83.0.4103.101 Mobile Safari/537.36"
106.206.162.55 - - [27/Jul/2021:08:10:26 +0000] "GET / HTTP/1.1" 200 7655 "http://shrihanumanlottery.com/" "Mozilla/5.0 (Linux; Android 10; M2010J19SI) AppleWebKit/537.36 (KHTML, like Gecko) Chrome/83.0.4103.101 Mobile Safari/537.36"
106.206.162.55 - - [27/Jul/2021:08:10:29 +0000] "GET / HTTP/1.1" 200 7655 "http://shrihanumanlottery.com/" "Mozilla/5.0 (Linux; Android 10; M2010J19SI) AppleWebKit/537.36 (KHTML, like Gecko) Chrome/83.0.4103.101 Mobile Safari/537.36"
106.206.162.55 - - [27/Jul/2021:08:10:32 +0000] "GET / HTTP/1.1" 200 7655 "http://shrihanumanlottery.com/" "Mozilla/5.0 (Linux; Android 10; M2010J19SI) AppleWebKit/537.36 (KHTML, like Gecko) Chrome/83.0.4103.101 Mobile Safari/537.36"
106.206.162.55 - - [27/Jul/2021:08:10:35 +0000] "GET / HTTP/1.1" 200 7655 "http://shrihanumanlottery.com/" "Mozilla/5.0 (Linux; Android 10; M2010J19SI) AppleWebKit/537.36 (KHTML, like Gecko) Chrome/83.0.4103.101 Mobile Safari/537.36"
106.206.162.55 - - [27/Jul/2021:08:10:37 +0000] "GET / HTTP/1.1" 200 7655 "http://shrihanumanlottery.com/" "Mozilla/5.0 (Linux; Android 10; M2010J19SI) AppleWebKit/537.36 (KHTML, like Gecko) Chrome/83.0.4103.101 Mobile Safari/537.36"
106.206.162.55 - - [27/Jul/2021:08:10:39 +0000] "GET / HTTP/1.1" 200 7655 "http://shrihanumanlottery.com/" "Mozilla/5.0 (Linux; Android 10; M2010J19SI) AppleWebKit/537.36 (KHTML, like Gecko) Chrome/83.0.4103.101 Mobile Safari/537.36"
106.206.162.55 - - [27/Jul/2021:08:10:42 +0000] "GET / HTTP/1.1" 200 7655 "http://shrihanumanlottery.com/" "Mozilla/5.0 (Linux; Android 10; M2010J19SI) AppleWebKit/537.36 (KHTML, like Gecko) Chrome/83.0.4103.101 Mobile Safari/537.36"
106.207.133.168 - - [27/Jul/2021:08:10:44 +0000] "GET / HTTP/1.1" 200 7655 "-" "Mozilla/5.0 (Linux; Android 6.0; Lenovo A7000-a Build/MRA58K) AppleWebKit/537.36 (KHTML, like Gecko) Chrome/46.0.2490.76 Mobile Safari/537.36"
106.206.162.55 - - [27/Jul/2021:08:10:44 +0000] "GET / HTTP/1.1" 200 7655 "http://shrihanumanlottery.com/" "Mozilla/5.0 (Linux; Android 10; M2010J19SI) AppleWebKit/537.36 (KHTML, like Gecko) Chrome/83.0.4103.101 Mobile Safari/537.36"
106.206.162.55 - - [27/Jul/2021:08:10:46 +0000] "GET / HTTP/1.1" 200 7655 "http://shrihanumanlottery.com/" "Mozilla/5.0 (Linux; Android 10; M2010J19SI) AppleWebKit/537.36 (KHTML, like Gecko) Chrome/83.0.4103.101 Mobile Safari/537.36"
106.207.133.168 - - [27/Jul/2021:08:10:50 +0000] "GET / HTTP/1.1" 200 7655 "-" "Mozilla/5.0 (Linux; Android 6.0; Lenovo A7000-a Build/MRA58K) AppleWebKit/537.36 (KHTML, like Gecko) Chrome/46.0.2490.76 Mobile Safari/537.36"
106.207.133.168 - - [27/Jul/2021:08:10:50 +0000] "GET /css/style.css HTTP/1.1" 304 - "http://shrihanumanlottery.com/" "Mozilla/5.0 (Linux; Android 6.0; Lenovo A7000-a Build/MRA58K) AppleWebKit/537.36 (KHTML, like Gecko) Chrome/46.0.2490.76 Mobile Safari/537.36"
106.207.133.168 - - [27/Jul/2021:08:10:50 +0000] "GET /images/shrihanuman.gif HTTP/1.1" 304 - "http://shrihanumanlottery.com/" "Mozilla/5.0 (Linux; Android 6.0; Lenovo A7000-a Build/MRA58K) AppleWebKit/537.36 (KHTML, like Gecko) Chrome/46.0.2490.76 Mobile Safari/537.36"
106.207.133.168 - - [27/Jul/2021:08:10:50 +0000] "GET /galleryimg/6547081shrihanumanji.jpg HTTP/1.1" 304 - "http://shrihanumanlottery.com/" "Mozilla/5.0 (Linux; Android 6.0; Lenovo A7000-a Build/MRA58K) AppleWebKit/537.36 (KHTML, like Gecko) Chrome/46.0.2490.76 Mobile Safari/537.36"
106.207.133.168 - - [27/Jul/2021:08:10:50 +0000] "GET /img/star12.gif HTTP/1.1" 304 - "http://shrihanumanlottery.com/" "Mozilla/5.0 (Linux; Android 6.0; Lenovo A7000-a Build/MRA58K) AppleWebKit/537.36 (KHTML, like Gecko) Chrome/46.0.2490.76 Mobile Safari/537.36"
106.206.162.55 - - [27/Jul/2021:08:10:50 +0000] "GET / HTTP/1.1" 200 7655 "http://shrihanumanlottery.com/" "Mozilla/5.0 (Linux; Android 10; M2010J19SI) AppleWebKit/537.36 (KHTML, like Gecko) Chrome/83.0.4103.101 Mobile Safari/537.36"
106.207.133.168 - - [27/Jul/2021:08:10:51 +0000] "GET / HTTP/1.1" 200 7655 "-" "Mozilla/5.0 (Linux; Android 6.0; Lenovo A7000-a Build/MRA58K) AppleWebKit/537.36 (KHTML, like Gecko) Chrome/46.0.2490.76 Mobile Safari/537.36"
106.207.133.168 - - [27/Jul/2021:08:10:51 +0000] "GET /images/shrihanuman.gif HTTP/1.1" 304 - "http://shrihanumanlottery.com/" "Mozilla/5.0 (Linux; Android 6.0; Lenovo A7000-a Build/MRA58K) AppleWebKit/537.36 (KHTML, like Gecko) Chrome/46.0.2490.76 Mobile Safari/537.36"
106.207.133.168 - - [27/Jul/2021:08:10:51 +0000] "GET /css/style.css HTTP/1.1" 304 - "http://shrihanumanlottery.com/" "Mozilla/5.0 (Linux; Android 6.0; Lenovo A7000-a Build/MRA58K) AppleWebKit/537.36 (KHTML, like Gecko) Chrome/46.0.2490.76 Mobile Safari/537.36"
106.207.133.168 - - [27/Jul/2021:08:10:51 +0000] "GET /galleryimg/6547081shrihanumanji.jpg HTTP/1.1" 304 - "http://shrihanumanlottery.com/" "Mozilla/5.0 (Linux; Android 6.0; Lenovo A7000-a Build/MRA58K) AppleWebKit/537.36 (KHTML, like Gecko) Chrome/46.0.2490.76 Mobile Safari/537.36"
106.207.133.168 - - [27/Jul/2021:08:10:52 +0000] "GET /img/star12.gif HTTP/1.1" 304 - "http://shrihanumanlottery.com/" "Mozilla/5.0 (Linux; Android 6.0; Lenovo A7000-a Build/MRA58K) AppleWebKit/537.36 (KHTML, like Gecko) Chrome/46.0.2490.76 Mobile Safari/537.36"
106.207.133.168 - - [27/Jul/2021:08:10:53 +0000] "GET / HTTP/1.1" 200 7655 "-" "Mozilla/5.0 (Linux; Android 6.0; Lenovo A7000-a Build/MRA58K) AppleWebKit/537.36 (KHTML, like Gecko) Chrome/46.0.2490.76 Mobile Safari/537.36"
106.207.133.168 - - [27/Jul/2021:08:10:53 +0000] "GET /images/shrihanuman.gif HTTP/1.1" 304 - "http://shrihanumanlottery.com/" "Mozilla/5.0 (Linux; Android 6.0; Lenovo A7000-a Build/MRA58K) AppleWebKit/537.36 (KHTML, like Gecko) Chrome/46.0.2490.76 Mobile Safari/537.36"
106.207.133.168 - - [27/Jul/2021:08:10:53 +0000] "GET /css/style.css HTTP/1.1" 304 - "http://shrihanumanlottery.com/" "Mozilla/5.0 (Linux; Android 6.0; Lenovo A7000-a Build/MRA58K) AppleWebKit/537.36 (KHTML, like Gecko) Chrome/46.0.2490.76 Mobile Safari/537.36"
106.207.133.168 - - [27/Jul/2021:08:10:53 +0000] "GET /galleryimg/6547081shrihanumanji.jpg HTTP/1.1" 304 - "http://shrihanumanlottery.com/" "Mozilla/5.0 (Linux; Android 6.0; Lenovo A7000-a Build/MRA58K) AppleWebKit/537.36 (KHTML, like Gecko) Chrome/46.0.2490.76 Mobile Safari/537.36"
106.207.133.168 - - [27/Jul/2021:08:10:53 +0000] "GET /img/star12.gif HTTP/1.1" 304 - "http://shrihanumanlottery.com/" "Mozilla/5.0 (Linux; Android 6.0; Lenovo A7000-a Build/MRA58K) AppleWebKit/537.36 (KHTML, like Gecko) Chrome/46.0.2490.76 Mobile Safari/537.36"
106.206.162.55 - - [27/Jul/2021:08:10:56 +0000] "GET / HTTP/1.1" 200 7655 "http://shrihanumanlottery.com/" "Mozilla/5.0 (Linux; Android 10; M2010J19SI) AppleWebKit/537.36 (KHTML, like Gecko) Chrome/83.0.4103.101 Mobile Safari/537.36"
106.207.133.168 - - [27/Jul/2021:08:10:56 +0000] "GET / HTTP/1.1" 200 7655 "-" "Mozilla/5.0 (Linux; Android 6.0; Lenovo A7000-a Build/MRA58K) AppleWebKit/537.36 (KHTML, like Gecko) Chrome/46.0.2490.76 Mobile Safari/537.36"
106.207.133.168 - - [27/Jul/2021:08:10:56 +0000] "GET /images/shrihanuman.gif HTTP/1.1" 304 - "http://shrihanumanlottery.com/" "Mozilla/5.0 (Linux; Android 6.0; Lenovo A7000-a Build/MRA58K) AppleWebKit/537.36 (KHTML, like Gecko) Chrome/46.0.2490.76 Mobile Safari/537.36"
106.207.133.168 - - [27/Jul/2021:08:10:56 +0000] "GET /css/style.css HTTP/1.1" 304 - "http://shrihanumanlottery.com/" "Mozilla/5.0 (Linux; Android 6.0; Lenovo A7000-a Build/MRA58K) AppleWebKit/537.36 (KHTML, like Gecko) Chrome/46.0.2490.76 Mobile Safari/537.36"
106.207.133.168 - - [27/Jul/2021:08:10:56 +0000] "GET /galleryimg/6547081shrihanumanji.jpg HTTP/1.1" 304 - "http://shrihanumanlottery.com/" "Mozilla/5.0 (Linux; Android 6.0; Lenovo A7000-a Build/MRA58K) AppleWebKit/537.36 (KHTML, like Gecko) Chrome/46.0.2490.76 Mobile Safari/537.36"
106.207.133.168 - - [27/Jul/2021:08:10:57 +0000] "GET /img/star12.gif HTTP/1.1" 304 - "http://shrihanumanlottery.com/" "Mozilla/5.0 (Linux; Android 6.0; Lenovo A7000-a Build/MRA58K) AppleWebKit/537.36 (KHTML, like Gecko) Chrome/46.0.2490.76 Mobile Safari/537.36"
106.207.133.168 - - [27/Jul/2021:08:10:57 +0000] "GET / HTTP/1.1" 200 7655 "-" "Mozilla/5.0 (Linux; Android 6.0; Lenovo A7000-a Build/MRA58K) AppleWebKit/537.36 (KHTML, like Gecko) Chrome/46.0.2490.76 Mobile Safari/537.36"
106.207.133.168 - - [27/Jul/2021:08:10:58 +0000] "GET /css/style.css HTTP/1.1" 304 - "http://shrihanumanlottery.com/" "Mozilla/5.0 (Linux; Android 6.0; Lenovo A7000-a Build/MRA58K) AppleWebKit/537.36 (KHTML, like Gecko) Chrome/46.0.2490.76 Mobile Safari/537.36"
106.207.133.168 - - [27/Jul/2021:08:10:58 +0000] "GET /images/shrihanuman.gif HTTP/1.1" 304 - "http://shrihanumanlottery.com/" "Mozilla/5.0 (Linux; Android 6.0; Lenovo A7000-a Build/MRA58K) AppleWebKit/537.36 (KHTML, like Gecko) Chrome/46.0.2490.76 Mobile Safari/537.36"
106.207.133.168 - - [27/Jul/2021:08:10:58 +0000] "GET /galleryimg/6547081shrihanumanji.jpg HTTP/1.1" 304 - "http://shrihanumanlottery.com/" "Mozilla/5.0 (Linux; Android 6.0; Lenovo A7000-a Build/MRA58K) AppleWebKit/537.36 (KHTML, like Gecko) Chrome/46.0.2490.76 Mobile Safari/537.36"
106.207.133.168 - - [27/Jul/2021:08:10:58 +0000] "GET /img/star12.gif HTTP/1.1" 304 - "http://shrihanumanlottery.com/" "Mozilla/5.0 (Linux; Android 6.0; Lenovo A7000-a Build/MRA58K) AppleWebKit/537.36 (KHTML, like Gecko) Chrome/46.0.2490.76 Mobile Safari/537.36"
106.206.162.55 - - [27/Jul/2021:08:10:59 +0000] "GET / HTTP/1.1" 200 7655 "http://shrihanumanlottery.com/" "Mozilla/5.0 (Linux; Android 10; M2010J19SI) AppleWebKit/537.36 (KHTML, like Gecko) Chrome/83.0.4103.101 Mobile Safari/537.36"
106.207.133.168 - - [27/Jul/2021:08:11:01 +0000] "GET / HTTP/1.1" 200 7655 "-" "Mozilla/5.0 (Linux; Android 6.0; Lenovo A7000-a Build/MRA58K) AppleWebKit/537.36 (KHTML, like Gecko) Chrome/46.0.2490.76 Mobile Safari/537.36"
106.207.133.168 - - [27/Jul/2021:08:11:01 +0000] "GET /css/style.css HTTP/1.1" 304 - "http://shrihanumanlottery.com/" "Mozilla/5.0 (Linux; Android 6.0; Lenovo A7000-a Build/MRA58K) AppleWebKit/537.36 (KHTML, like Gecko) Chrome/46.0.2490.76 Mobile Safari/537.36"
106.207.133.168 - - [27/Jul/2021:08:11:01 +0000] "GET /images/shrihanuman.gif HTTP/1.1" 304 - "http://shrihanumanlottery.com/" "Mozilla/5.0 (Linux; Android 6.0; Lenovo A7000-a Build/MRA58K) AppleWebKit/537.36 (KHTML, like Gecko) Chrome/46.0.2490.76 Mobile Safari/537.36"
106.206.162.55 - - [27/Jul/2021:08:11:01 +0000] "GET / HTTP/1.1" 200 7655 "http://shrihanumanlottery.com/" "Mozilla/5.0 (Linux; Android 10; M2010J19SI) AppleWebKit/537.36 (KHTML, like Gecko) Chrome/83.0.4103.101 Mobile Safari/537.36"
106.207.133.168 - - [27/Jul/2021:08:11:01 +0000] "GET /galleryimg/6547081shrihanumanji.jpg HTTP/1.1" 304 - "http://shrihanumanlottery.com/" "Mozilla/5.0 (Linux; Android 6.0; Lenovo A7000-a Build/MRA58K) AppleWebKit/537.36 (KHTML, like Gecko) Chrome/46.0.2490.76 Mobile Safari/537.36"
106.207.133.168 - - [27/Jul/2021:08:11:02 +0000] "GET /img/star12.gif HTTP/1.1" 304 - "http://shrihanumanlottery.com/" "Mozilla/5.0 (Linux; Android 6.0; Lenovo A7000-a Build/MRA58K) AppleWebKit/537.36 (KHTML, like Gecko) Chrome/46.0.2490.76 Mobile Safari/537.36"
106.206.162.55 - - [27/Jul/2021:08:11:03 +0000] "GET / HTTP/1.1" 200 7655 "http://shrihanumanlottery.com/" "Mozilla/5.0 (Linux; Android 10; M2010J19SI) AppleWebKit/537.36 (KHTML, like Gecko) Chrome/83.0.4103.101 Mobile Safari/537.36"
106.207.133.168 - - [27/Jul/2021:08:11:05 +0000] "GET / HTTP/1.1" 200 7655 "-" "Mozilla/5.0 (Linux; Android 6.0; Lenovo A7000-a Build/MRA58K) AppleWebKit/537.36 (KHTML, like Gecko) Chrome/46.0.2490.76 Mobile Safari/537.36"
106.207.133.168 - - [27/Jul/2021:08:11:06 +0000] "GET /css/style.css HTTP/1.1" 304 - "http://shrihanumanlottery.com/" "Mozilla/5.0 (Linux; Android 6.0; Lenovo A7000-a Build/MRA58K) AppleWebKit/537.36 (KHTML, like Gecko) Chrome/46.0.2490.76 Mobile Safari/537.36"
106.207.133.168 - - [27/Jul/2021:08:11:06 +0000] "GET /images/shrihanuman.gif HTTP/1.1" 304 - "http://shrihanumanlottery.com/" "Mozilla/5.0 (Linux; Android 6.0; Lenovo A7000-a Build/MRA58K) AppleWebKit/537.36 (KHTML, like Gecko) Chrome/46.0.2490.76 Mobile Safari/537.36"
106.207.133.168 - - [27/Jul/2021:08:11:06 +0000] "GET /galleryimg/6547081shrihanumanji.jpg HTTP/1.1" 304 - "http://shrihanumanlottery.com/" "Mozilla/5.0 (Linux; Android 6.0; Lenovo A7000-a Build/MRA58K) AppleWebKit/537.36 (KHTML, like Gecko) Chrome/46.0.2490.76 Mobile Safari/537.36"
106.206.162.55 - - [27/Jul/2021:08:11:06 +0000] "GET / HTTP/1.1" 200 7655 "http://shrihanumanlottery.com/" "Mozilla/5.0 (Linux; Android 10; M2010J19SI) AppleWebKit/537.36 (KHTML, like Gecko) Chrome/83.0.4103.101 Mobile Safari/537.36"
106.207.133.168 - - [27/Jul/2021:08:11:06 +0000] "GET /img/star12.gif HTTP/1.1" 304 - "http://shrihanumanlottery.com/" "Mozilla/5.0 (Linux; Android 6.0; Lenovo A7000-a Build/MRA58K) AppleWebKit/537.36 (KHTML, like Gecko) Chrome/46.0.2490.76 Mobile Safari/537.36"
106.207.133.168 - - [27/Jul/2021:08:11:07 +0000] "GET / HTTP/1.1" 200 7655 "-" "Mozilla/5.0 (Linux; Android 6.0; Lenovo A7000-a Build/MRA58K) AppleWebKit/537.36 (KHTML, like Gecko) Chrome/46.0.2490.76 Mobile Safari/537.36"
