117.225.83.89 - - [29/Jul/2021:05:50:23 +0000] "GET /img/favicon2.png HTTP/1.1" 404 214 "https://shrihanumanlottery.com/" "Mozilla/5.0 (Linux; Android 9; SM-J701F) AppleWebKit/537.36 (KHTML, like Gecko) Chrome/92.0.4515.115 Mobile Safari/537.36"
106.207.146.161 - - [29/Jul/2021:05:52:48 +0000] "GET / HTTP/1.1" 200 7626 "-" "Mozilla/5.0 (Linux; Android 6.0; Lenovo A7000-a Build/MRA58K) AppleWebKit/537.36 (KHTML, like Gecko) Chrome/46.0.2490.76 Mobile Safari/537.36"
106.207.146.161 - - [29/Jul/2021:05:52:49 +0000] "GET /img/favicon2.png HTTP/1.1" 404 214 "https://shrihanumanlottery.com/" "Mozilla/5.0 (Linux; Android 6.0; Lenovo A7000-a Build/MRA58K) AppleWebKit/537.36 (KHTML, like Gecko) Chrome/46.0.2490.76 Mobile Safari/537.36"
106.207.146.161 - - [29/Jul/2021:05:53:01 +0000] "GET /results.php?year=2021 HTTP/1.1" 200 7494 "https://shrihanumanlottery.com/" "Mozilla/5.0 (Linux; Android 6.0; Lenovo A7000-a Build/MRA58K) AppleWebKit/537.36 (KHTML, like Gecko) Chrome/46.0.2490.76 Mobile Safari/537.36"
106.207.146.161 - - [29/Jul/2021:05:53:02 +0000] "GET /images/back.png HTTP/1.1" 200 6711 "https://shrihanumanlottery.com/results.php?year=2021" "Mozilla/5.0 (Linux; Android 6.0; Lenovo A7000-a Build/MRA58K) AppleWebKit/537.36 (KHTML, like Gecko) Chrome/46.0.2490.76 Mobile Safari/537.36"
171.79.179.209 - - [29/Jul/2021:05:58:17 +0000] "GET / HTTP/1.1" 200 7626 "-" "Mozilla/5.0 (Linux; Android 10; SAMSUNG SM-M022G Build/QP1A.190711.020; wv) AppleWebKit/537.36 (KHTML, like Gecko) Version/4.0 SamsungBrowser/7.4 Chrome/81.0.4044.138 Mobile Safari/537.36"
171.79.179.209 - - [29/Jul/2021:05:59:11 +0000] "GET / HTTP/1.1" 200 7626 "-" "Mozilla/5.0 (Linux; Android 10; SAMSUNG SM-M022G Build/QP1A.190711.020; wv) AppleWebKit/537.36 (KHTML, like Gecko) Version/4.0 SamsungBrowser/7.4 Chrome/81.0.4044.138 Mobile Safari/537.36"
171.79.179.209 - - [29/Jul/2021:05:59:12 +0000] "GET /img/favicon2.png HTTP/1.1" 404 214 "https://shrihanumanlottery.com/" "Mozilla/5.0 (Linux; Android 10; SAMSUNG SM-M022G Build/QP1A.190711.020; wv) AppleWebKit/537.36 (KHTML, like Gecko) Version/4.0 SamsungBrowser/7.4 Chrome/81.0.4044.138 Mobile Safari/537.36"
1.39.218.44 - - [29/Jul/2021:06:01:26 +0000] "GET / HTTP/1.1" 200 7626 "https://www.google.com/" "Mozilla/5.0 (Linux; Android 8.1.0; CPH1901) AppleWebKit/537.36 (KHTML, like Gecko) Chrome/90.0.4430.66 Mobile Safari/537.36"
1.39.218.44 - - [29/Jul/2021:06:01:27 +0000] "GET /img/favicon2.png HTTP/1.1" 404 214 "https://shrihanumanlottery.com/" "Mozilla/5.0 (Linux; Android 8.1.0; CPH1901) AppleWebKit/537.36 (KHTML, like Gecko) Chrome/90.0.4430.66 Mobile Safari/537.36"
1.39.218.44 - - [29/Jul/2021:06:01:29 +0000] "GET / HTTP/1.1" 200 7626 "https://shrihanumanlottery.com/" "Mozilla/5.0 (Linux; Android 8.1.0; CPH1901) AppleWebKit/537.36 (KHTML, like Gecko) Chrome/90.0.4430.66 Mobile Safari/537.36"
157.47.228.228 - - [29/Jul/2021:06:02:23 +0000] "GET / HTTP/1.1" 200 7626 "https://www.google.com/" "Mozilla/5.0 (Linux; Android 10; CPH2185) AppleWebKit/537.36 (KHTML, like Gecko) Chrome/89.0.4389.90 Mobile Safari/537.36"
157.38.125.35 - - [29/Jul/2021:06:03:50 +0000] "GET / HTTP/1.1" 200 7626 "http://www.google.com/" "Mozilla/5.0 (Linux; Android 7.0; Micromax Bharat 5 Build/NRD90M) AppleWebKit/537.36 (KHTML, like Gecko) Chrome/64.0.3282.137 Mobile Safari/537.36"
157.38.125.35 - - [29/Jul/2021:06:03:53 +0000] "GET /img/favicon2.png HTTP/1.1" 404 214 "https://shrihanumanlottery.com/" "Mozilla/5.0 (Linux; Android 7.0; Micromax Bharat 5 Build/NRD90M) AppleWebKit/537.36 (KHTML, like Gecko) Chrome/64.0.3282.137 Mobile Safari/537.36"
157.38.125.35 - - [29/Jul/2021:06:04:10 +0000] "GET / HTTP/1.1" 200 7626 "http://www.google.com/" "Mozilla/5.0 (Linux; Android 7.0; Micromax Bharat 5 Build/NRD90M) AppleWebKit/537.36 (KHTML, like Gecko) Chrome/64.0.3282.137 Mobile Safari/537.36"
157.38.37.169 - - [29/Jul/2021:06:05:31 +0000] "GET / HTTP/1.1" 200 7626 "https://www.google.com/" "Mozilla/5.0 (Linux; Android 10; CPH1931) AppleWebKit/537.36 (KHTML, like Gecko) Chrome/91.0.4472.164 Mobile Safari/537.36"
157.38.37.169 - - [29/Jul/2021:06:05:32 +0000] "GET /img/favicon2.png HTTP/1.1" 404 214 "https://shrihanumanlottery.com/" "Mozilla/5.0 (Linux; Android 10; CPH1931) AppleWebKit/537.36 (KHTML, like Gecko) Chrome/91.0.4472.164 Mobile Safari/537.36"
42.105.51.65 - - [29/Jul/2021:06:06:07 +0000] "GET / HTTP/1.1" 200 7626 "https://www.google.com/" "Mozilla/5.0 (Linux; Android 10; SM-M205F) AppleWebKit/537.36 (KHTML, like Gecko) Chrome/81.0.4044.138 Mobile Safari/537.36"
42.105.51.65 - - [29/Jul/2021:06:06:08 +0000] "GET /css/style.css HTTP/1.1" 200 2122 "https://shrihanumanlottery.com/" "Mozilla/5.0 (Linux; Android 10; SM-M205F) AppleWebKit/537.36 (KHTML, like Gecko) Chrome/81.0.4044.138 Mobile Safari/537.36"
42.105.51.65 - - [29/Jul/2021:06:06:08 +0000] "GET /img/star12.gif HTTP/1.1" 200 10588 "https://shrihanumanlottery.com/css/style.css" "Mozilla/5.0 (Linux; Android 10; SM-M205F) AppleWebKit/537.36 (KHTML, like Gecko) Chrome/81.0.4044.138 Mobile Safari/537.36"
42.105.51.65 - - [29/Jul/2021:06:06:08 +0000] "GET /images/shrihanuman.gif HTTP/1.1" 200 160010 "https://shrihanumanlottery.com/" "Mozilla/5.0 (Linux; Android 10; SM-M205F) AppleWebKit/537.36 (KHTML, like Gecko) Chrome/81.0.4044.138 Mobile Safari/537.36"
42.105.51.65 - - [29/Jul/2021:06:06:08 +0000] "GET /galleryimg/6547081shrihanumanji.jpg HTTP/1.1" 200 104888 "https://shrihanumanlottery.com/" "Mozilla/5.0 (Linux; Android 10; SM-M205F) AppleWebKit/537.36 (KHTML, like Gecko) Chrome/81.0.4044.138 Mobile Safari/537.36"
42.105.51.65 - - [29/Jul/2021:06:06:09 +0000] "GET /img/favicon2.png HTTP/1.1" 404 214 "https://shrihanumanlottery.com/" "Mozilla/5.0 (Linux; Android 10; SM-M205F) AppleWebKit/537.36 (KHTML, like Gecko) Chrome/81.0.4044.138 Mobile Safari/537.36"
157.38.37.169 - - [29/Jul/2021:06:06:27 +0000] "GET / HTTP/1.1" 200 7626 "https://shrihanumanlottery.com/" "Mozilla/5.0 (Linux; Android 10; CPH1931) AppleWebKit/537.36 (KHTML, like Gecko) Chrome/91.0.4472.164 Mobile Safari/537.36"
157.38.37.169 - - [29/Jul/2021:06:06:29 +0000] "GET / HTTP/1.1" 200 7626 "https://shrihanumanlottery.com/" "Mozilla/5.0 (Linux; Android 10; CPH1931) AppleWebKit/537.36 (KHTML, like Gecko) Chrome/91.0.4472.164 Mobile Safari/537.36"
157.38.37.169 - - [29/Jul/2021:06:06:31 +0000] "GET / HTTP/1.1" 200 7626 "https://shrihanumanlottery.com/" "Mozilla/5.0 (Linux; Android 10; CPH1931) AppleWebKit/537.36 (KHTML, like Gecko) Chrome/91.0.4472.164 Mobile Safari/537.36"
157.38.37.169 - - [29/Jul/2021:06:06:33 +0000] "GET / HTTP/1.1" 200 7626 "https://shrihanumanlottery.com/" "Mozilla/5.0 (Linux; Android 10; CPH1931) AppleWebKit/537.36 (KHTML, like Gecko) Chrome/91.0.4472.164 Mobile Safari/537.36"
157.38.37.169 - - [29/Jul/2021:06:06:34 +0000] "GET / HTTP/1.1" 200 7626 "https://shrihanumanlottery.com/" "Mozilla/5.0 (Linux; Android 10; CPH1931) AppleWebKit/537.36 (KHTML, like Gecko) Chrome/91.0.4472.164 Mobile Safari/537.36"
157.38.37.169 - - [29/Jul/2021:06:06:37 +0000] "GET / HTTP/1.1" 200 7626 "https://shrihanumanlottery.com/" "Mozilla/5.0 (Linux; Android 10; CPH1931) AppleWebKit/537.36 (KHTML, like Gecko) Chrome/91.0.4472.164 Mobile Safari/537.36"
157.38.37.169 - - [29/Jul/2021:06:06:38 +0000] "GET / HTTP/1.1" 200 7626 "https://shrihanumanlottery.com/" "Mozilla/5.0 (Linux; Android 10; CPH1931) AppleWebKit/537.36 (KHTML, like Gecko) Chrome/91.0.4472.164 Mobile Safari/537.36"
157.38.37.169 - - [29/Jul/2021:06:06:40 +0000] "GET / HTTP/1.1" 200 7626 "https://shrihanumanlottery.com/" "Mozilla/5.0 (Linux; Android 10; CPH1931) AppleWebKit/537.36 (KHTML, like Gecko) Chrome/91.0.4472.164 Mobile Safari/537.36"
157.38.37.169 - - [29/Jul/2021:06:06:41 +0000] "GET / HTTP/1.1" 200 7626 "https://shrihanumanlottery.com/" "Mozilla/5.0 (Linux; Android 10; CPH1931) AppleWebKit/537.36 (KHTML, like Gecko) Chrome/91.0.4472.164 Mobile Safari/537.36"
27.63.107.186 - - [29/Jul/2021:06:06:42 +0000] "GET /secureadmin/admin/ HTTP/1.1" 200 6754 "-" "Mozilla/5.0 (Linux; U; Android 10; hi-in; CPH1969 Build/QP1A.190711.020) AppleWebKit/537.36 (KHTML, like Gecko) Chrome/77.0.3865.116 Mobile Safari/537.36 HeyTapBrowser/45.7.8.1"
157.38.37.169 - - [29/Jul/2021:06:06:43 +0000] "GET / HTTP/1.1" 200 7626 "https://shrihanumanlottery.com/" "Mozilla/5.0 (Linux; Android 10; CPH1931) AppleWebKit/537.36 (KHTML, like Gecko) Chrome/91.0.4472.164 Mobile Safari/537.36"
27.63.107.186 - - [29/Jul/2021:06:06:45 +0000] "GET /secureadmin/admin/menuContent.html HTTP/1.1" 404 232 "http://shrihanumanlottery.com/secureadmin/admin/" "Mozilla/5.0 (Linux; U; Android 10; hi-in; CPH1969 Build/QP1A.190711.020) AppleWebKit/537.36 (KHTML, like Gecko) Chrome/77.0.3865.116 Mobile Safari/537.36 HeyTapBrowser/45.7.8.1"
157.38.37.169 - - [29/Jul/2021:06:06:45 +0000] "GET / HTTP/1.1" 200 7626 "https://shrihanumanlottery.com/" "Mozilla/5.0 (Linux; Android 10; CPH1931) AppleWebKit/537.36 (KHTML, like Gecko) Chrome/91.0.4472.164 Mobile Safari/537.36"
27.63.107.186 - - [29/Jul/2021:06:06:45 +0000] "GET /favicon.ico HTTP/1.1" 404 209 "http://shrihanumanlottery.com/secureadmin/admin/" "Mozilla/5.0 (Linux; U; Android 10; hi-in; CPH1969 Build/QP1A.190711.020) AppleWebKit/537.36 (KHTML, like Gecko) Chrome/77.0.3865.116 Mobile Safari/537.36 HeyTapBrowser/45.7.8.1"
157.38.37.169 - - [29/Jul/2021:06:06:47 +0000] "GET / HTTP/1.1" 200 7626 "https://shrihanumanlottery.com/" "Mozilla/5.0 (Linux; Android 10; CPH1931) AppleWebKit/537.36 (KHTML, like Gecko) Chrome/91.0.4472.164 Mobile Safari/537.36"
157.38.37.169 - - [29/Jul/2021:06:06:49 +0000] "GET / HTTP/1.1" 200 7626 "https://shrihanumanlottery.com/" "Mozilla/5.0 (Linux; Android 10; CPH1931) AppleWebKit/537.36 (KHTML, like Gecko) Chrome/91.0.4472.164 Mobile Safari/537.36"
157.38.37.169 - - [29/Jul/2021:06:06:56 +0000] "GET / HTTP/1.1" 200 7626 "https://shrihanumanlottery.com/" "Mozilla/5.0 (Linux; Android 10; CPH1931) AppleWebKit/537.36 (KHTML, like Gecko) Chrome/91.0.4472.164 Mobile Safari/537.36"
223.238.169.18 - - [29/Jul/2021:06:07:17 +0000] "POST /secureadmin/admin/loginsuccess.php HTTP/1.1" 302 - "http://shrihanumanlottery.com/secureadmin/admin/" "Mozilla/5.0 (Linux; U; Android 10; hi-in; CPH1969 Build/QP1A.190711.020) AppleWebKit/537.36 (KHTML, like Gecko) Chrome/77.0.3865.116 Mobile Safari/537.36 HeyTapBrowser/45.7.8.1"
223.238.169.18 - - [29/Jul/2021:06:07:17 +0000] "GET /secureadmin/admin/add-results.php?message=success HTTP/1.1" 200 14354 "http://shrihanumanlottery.com/secureadmin/admin/" "Mozilla/5.0 (Linux; U; Android 10; hi-in; CPH1969 Build/QP1A.190711.020) AppleWebKit/537.36 (KHTML, like Gecko) Chrome/77.0.3865.116 Mobile Safari/537.36 HeyTapBrowser/45.7.8.1"
223.238.169.18 - - [29/Jul/2021:06:07:18 +0000] "GET /secureadmin/admin/menuContent.html HTTP/1.1" 404 232 "http://shrihanumanlottery.com/secureadmin/admin/add-results.php?message=success" "Mozilla/5.0 (Linux; U; Android 10; hi-in; CPH1969 Build/QP1A.190711.020) AppleWebKit/537.36 (KHTML, like Gecko) Chrome/77.0.3865.116 Mobile Safari/537.36 HeyTapBrowser/45.7.8.1"
223.238.169.18 - - [29/Jul/2021:06:07:26 +0000] "POST /secureadmin/admin/processProduct.php?action=addPageContent HTTP/1.1" 200 138 "http://shrihanumanlottery.com/secureadmin/admin/add-results.php?message=success" "Mozilla/5.0 (Linux; U; Android 10; hi-in; CPH1969 Build/QP1A.190711.020) AppleWebKit/537.36 (KHTML, like Gecko) Chrome/77.0.3865.116 Mobile Safari/537.36 HeyTapBrowser/45.7.8.1"
223.238.169.18 - - [29/Jul/2021:06:07:27 +0000] "GET /secureadmin/admin/add-results.php HTTP/1.1" 200 14959 "http://shrihanumanlottery.com/secureadmin/admin/processProduct.php?action=addPageContent" "Mozilla/5.0 (Linux; U; Android 10; hi-in; CPH1969 Build/QP1A.190711.020) AppleWebKit/537.36 (KHTML, like Gecko) Chrome/77.0.3865.116 Mobile Safari/537.36 HeyTapBrowser/45.7.8.1"
223.238.169.18 - - [29/Jul/2021:06:07:28 +0000] "GET /secureadmin/admin/menuContent.html HTTP/1.1" 404 232 "http://shrihanumanlottery.com/secureadmin/admin/add-results.php" "Mozilla/5.0 (Linux; U; Android 10; hi-in; CPH1969 Build/QP1A.190711.020) AppleWebKit/537.36 (KHTML, like Gecko) Chrome/77.0.3865.116 Mobile Safari/537.36 HeyTapBrowser/45.7.8.1"
157.38.43.203 - - [29/Jul/2021:06:08:40 +0000] "GET / HTTP/1.1" 200 7740 "https://www.google.com/" "Mozilla/5.0 (Linux; Android 11; SM-M215F) AppleWebKit/537.36 (KHTML, like Gecko) Chrome/91.0.4472.120 Mobile Safari/537.36"
106.206.148.243 - - [29/Jul/2021:06:08:50 +0000] "GET / HTTP/1.1" 200 7740 "-" "Mozilla/5.0 (Linux; U; Android 9; en-us; CPH2015 Build/PPR1.180610.011) AppleWebKit/537.36 (KHTML, like Gecko) Chrome/77.0.3865.116 Mobile Safari/537.36 HeyTapBrowser/25.7.8.1"
106.206.148.243 - - [29/Jul/2021:06:08:52 +0000] "GET /img/favicon2.png HTTP/1.1" 404 214 "http://shrihanumanlottery.com/" "Mozilla/5.0 (Linux; U; Android 9; en-us; CPH2015 Build/PPR1.180610.011) AppleWebKit/537.36 (KHTML, like Gecko) Chrome/77.0.3865.116 Mobile Safari/537.36 HeyTapBrowser/25.7.8.1"
106.207.193.99 - - [29/Jul/2021:06:08:57 +0000] "GET / HTTP/1.1" 200 7740 "-" "Mozilla/5.0 (Linux; Android 6.0; Lenovo A7000-a Build/MRA58K) AppleWebKit/537.36 (KHTML, like Gecko) Chrome/46.0.2490.76 Mobile Safari/537.36"
106.207.193.99 - - [29/Jul/2021:06:09:00 +0000] "GET /img/favicon2.png HTTP/1.1" 404 214 "https://shrihanumanlottery.com/" "Mozilla/5.0 (Linux; Android 6.0; Lenovo A7000-a Build/MRA58K) AppleWebKit/537.36 (KHTML, like Gecko) Chrome/46.0.2490.76 Mobile Safari/537.36"
157.38.37.169 - - [29/Jul/2021:06:09:12 +0000] "GET / HTTP/1.1" 200 7740 "https://shrihanumanlottery.com/" "Mozilla/5.0 (Linux; Android 10; CPH1931) AppleWebKit/537.36 (KHTML, like Gecko) Chrome/91.0.4472.164 Mobile Safari/537.36"
106.206.162.55 - - [29/Jul/2021:06:09:15 +0000] "GET / HTTP/1.1" 200 7740 "-" "Mozilla/5.0 (Linux; Android 10; M2010J19SI) AppleWebKit/537.36 (KHTML, like Gecko) Chrome/83.0.4103.101 Mobile Safari/537.36"
106.79.193.176 - - [29/Jul/2021:06:13:13 +0000] "GET / HTTP/1.1" 200 7740 "https://www.google.com/" "Mozilla/5.0 (Linux; Android 11; vivo 1907) AppleWebKit/537.36 (KHTML, like Gecko) Chrome/83.0.4103.106 Mobile Safari/537.36"
106.79.193.176 - - [29/Jul/2021:06:13:14 +0000] "GET /img/favicon2.png HTTP/1.1" 404 214 "https://shrihanumanlottery.com/" "Mozilla/5.0 (Linux; Android 11; vivo 1907) AppleWebKit/537.36 (KHTML, like Gecko) Chrome/83.0.4103.106 Mobile Safari/537.36"
171.79.184.127 - - [29/Jul/2021:06:13:22 +0000] "GET / HTTP/1.1" 200 7740 "-" "Mozilla/5.0 (Linux; Android 10; SAMSUNG SM-M022G Build/QP1A.190711.020; wv) AppleWebKit/537.36 (KHTML, like Gecko) Version/4.0 SamsungBrowser/7.4 Chrome/81.0.4044.138 Mobile Safari/537.36"
171.79.184.127 - - [29/Jul/2021:06:13:23 +0000] "GET /img/favicon2.png HTTP/1.1" 404 214 "https://shrihanumanlottery.com/" "Mozilla/5.0 (Linux; Android 10; SAMSUNG SM-M022G Build/QP1A.190711.020; wv) AppleWebKit/537.36 (KHTML, like Gecko) Version/4.0 SamsungBrowser/7.4 Chrome/81.0.4044.138 Mobile Safari/537.36"
106.79.193.176 - - [29/Jul/2021:06:13:25 +0000] "GET /results.php?year=2021 HTTP/1.1" 200 7651 "https://shrihanumanlottery.com/" "Mozilla/5.0 (Linux; Android 11; vivo 1907) AppleWebKit/537.36 (KHTML, like Gecko) Chrome/83.0.4103.106 Mobile Safari/537.36"
106.79.193.176 - - [29/Jul/2021:06:13:29 +0000] "GET /results.php?year=2021 HTTP/1.1" 200 7651 "https://shrihanumanlottery.com/" "Mozilla/5.0 (Linux; Android 11; vivo 1907) AppleWebKit/537.36 (KHTML, like Gecko) Chrome/83.0.4103.106 Mobile Safari/537.36"
106.79.193.176 - - [29/Jul/2021:06:13:49 +0000] "GET / HTTP/1.1" 200 7740 "https://www.google.com/" "Mozilla/5.0 (Linux; Android 11; vivo 1907) AppleWebKit/537.36 (KHTML, like Gecko) Chrome/83.0.4103.106 Mobile Safari/537.36"
106.79.193.176 - - [29/Jul/2021:06:14:01 +0000] "GET / HTTP/1.1" 200 7740 "https://www.google.com/" "Mozilla/5.0 (Linux; Android 11; vivo 1907) AppleWebKit/537.36 (KHTML, like Gecko) Chrome/83.0.4103.106 Mobile Safari/537.36"
223.238.169.18 - - [29/Jul/2021:06:14:03 +0000] "GET / HTTP/1.1" 200 7740 "-" "Mozilla/5.0 (Linux; Android 10; CPH1969) AppleWebKit/537.36 (KHTML, like Gecko) Chrome/81.0.4044.138 Mobile Safari/537.36"
223.238.169.18 - - [29/Jul/2021:06:14:04 +0000] "GET / HTTP/1.1" 200 7740 "-" "Mozilla/5.0 (Linux; Android 10; CPH1969) AppleWebKit/537.36 (KHTML, like Gecko) Chrome/81.0.4044.138 Mobile Safari/537.36"
106.79.193.176 - - [29/Jul/2021:06:14:19 +0000] "GET /img/favicon2.png HTTP/1.1" 404 214 "http://shrihanumanlottery.com/" "Mozilla/5.0 (Linux; Android 11; vivo 1907) AppleWebKit/537.36 (KHTML, like Gecko) Chrome/83.0.4103.106 Mobile Safari/537.36"
106.79.193.176 - - [29/Jul/2021:06:14:25 +0000] "GET / HTTP/1.1" 200 7740 "http://shrihanumanlottery.com/" "Mozilla/5.0 (Linux; Android 11; vivo 1907) AppleWebKit/537.36 (KHTML, like Gecko) Chrome/83.0.4103.106 Mobile Safari/537.36"
106.79.193.176 - - [29/Jul/2021:06:14:33 +0000] "GET /favicon.ico HTTP/1.1" 404 209 "http://shrihanumanlottery.com/secureadmin/admin/processProduct.php?action=addPageContent" "Mozilla/5.0 (Linux; Android 11; vivo 1907) AppleWebKit/537.36 (KHTML, like Gecko) Chrome/83.0.4103.106 Mobile Safari/537.36"
106.79.193.176 - - [29/Jul/2021:06:14:37 +0000] "POST /secureadmin/admin/processProduct.php?action=addPageContent HTTP/1.1" 200 138 "http://shrihanumanlottery.com/secureadmin/admin/add-results.php" "Mozilla/5.0 (Linux; Android 11; vivo 1907) AppleWebKit/537.36 (KHTML, like Gecko) Chrome/83.0.4103.106 Mobile Safari/537.36"
106.79.193.176 - - [29/Jul/2021:06:14:39 +0000] "GET /secureadmin/admin/add-results.php HTTP/1.1" 302 738 "http://shrihanumanlottery.com/secureadmin/admin/processProduct.php?action=addPageContent" "Mozilla/5.0 (Linux; Android 11; vivo 1907) AppleWebKit/537.36 (KHTML, like Gecko) Chrome/83.0.4103.106 Mobile Safari/537.36"
106.79.193.176 - - [29/Jul/2021:06:14:39 +0000] "GET /secureadmin/admin/index.php HTTP/1.1" 200 6754 "http://shrihanumanlottery.com/secureadmin/admin/processProduct.php?action=addPageContent" "Mozilla/5.0 (Linux; Android 11; vivo 1907) AppleWebKit/537.36 (KHTML, like Gecko) Chrome/83.0.4103.106 Mobile Safari/537.36"
106.79.193.176 - - [29/Jul/2021:06:14:40 +0000] "GET /secureadmin/admin/menuContent.html HTTP/1.1" 404 232 "http://shrihanumanlottery.com/secureadmin/admin/index.php" "Mozilla/5.0 (Linux; Android 11; vivo 1907) AppleWebKit/537.36 (KHTML, like Gecko) Chrome/83.0.4103.106 Mobile Safari/537.36"
106.79.193.176 - - [29/Jul/2021:06:14:45 +0000] "POST /secureadmin/admin/loginsuccess.php HTTP/1.1" 302 - "http://shrihanumanlottery.com/secureadmin/admin/index.php" "Mozilla/5.0 (Linux; Android 11; vivo 1907) AppleWebKit/537.36 (KHTML, like Gecko) Chrome/83.0.4103.106 Mobile Safari/537.36"
106.79.193.176 - - [29/Jul/2021:06:14:45 +0000] "GET /secureadmin/admin/add-results.php?message=success HTTP/1.1" 200 15564 "http://shrihanumanlottery.com/secureadmin/admin/index.php" "Mozilla/5.0 (Linux; Android 11; vivo 1907) AppleWebKit/537.36 (KHTML, like Gecko) Chrome/83.0.4103.106 Mobile Safari/537.36"
106.79.193.176 - - [29/Jul/2021:06:14:46 +0000] "GET /secureadmin/admin/images/sprite-icons/action-sprite.png HTTP/1.1" 200 6519 "http://shrihanumanlottery.com/secureadmin/admin/css/styles.css" "Mozilla/5.0 (Linux; Android 11; vivo 1907) AppleWebKit/537.36 (KHTML, like Gecko) Chrome/83.0.4103.106 Mobile Safari/537.36"
106.79.193.176 - - [29/Jul/2021:06:14:46 +0000] "GET /secureadmin/admin/menuContent.html HTTP/1.1" 404 232 "http://shrihanumanlottery.com/secureadmin/admin/add-results.php?message=success" "Mozilla/5.0 (Linux; Android 11; vivo 1907) AppleWebKit/537.36 (KHTML, like Gecko) Chrome/83.0.4103.106 Mobile Safari/537.36"
106.79.193.176 - - [29/Jul/2021:06:14:53 +0000] "GET /secureadmin/admin/add-contentpages.php HTTP/1.1" 200 11689 "http://shrihanumanlottery.com/secureadmin/admin/add-results.php?message=success" "Mozilla/5.0 (Linux; Android 11; vivo 1907) AppleWebKit/537.36 (KHTML, like Gecko) Chrome/83.0.4103.106 Mobile Safari/537.36"
106.79.193.176 - - [29/Jul/2021:06:14:54 +0000] "GET /secureadmin/admin/ckeditor/_source/core/loader.js?t=B5GJ5GG HTTP/1.1" 404 247 "http://shrihanumanlottery.com/secureadmin/admin/add-contentpages.php" "Mozilla/5.0 (Linux; Android 11; vivo 1907) AppleWebKit/537.36 (KHTML, like Gecko) Chrome/83.0.4103.106 Mobile Safari/537.36"
106.79.193.176 - - [29/Jul/2021:06:14:54 +0000] "GET /secureadmin/admin/menuContent.html HTTP/1.1" 404 232 "http://shrihanumanlottery.com/secureadmin/admin/add-contentpages.php" "Mozilla/5.0 (Linux; Android 11; vivo 1907) AppleWebKit/537.36 (KHTML, like Gecko) Chrome/83.0.4103.106 Mobile Safari/537.36"
106.79.193.176 - - [29/Jul/2021:06:15:04 +0000] "GET /secureadmin/admin/add-contentpages.php HTTP/1.1" 200 11689 "http://shrihanumanlottery.com/secureadmin/admin/add-results.php?message=success" "Mozilla/5.0 (Linux; Android 11; vivo 1907) AppleWebKit/537.36 (KHTML, like Gecko) Chrome/83.0.4103.106 Mobile Safari/537.36"
106.79.193.176 - - [29/Jul/2021:06:15:04 +0000] "GET /secureadmin/admin/ckeditor/_source/core/loader.js?t=B5GJ5GG HTTP/1.1" 404 247 "http://shrihanumanlottery.com/secureadmin/admin/add-contentpages.php" "Mozilla/5.0 (Linux; Android 11; vivo 1907) AppleWebKit/537.36 (KHTML, like Gecko) Chrome/83.0.4103.106 Mobile Safari/537.36"
106.79.193.176 - - [29/Jul/2021:06:15:05 +0000] "GET /secureadmin/admin/menuContent.html HTTP/1.1" 404 232 "http://shrihanumanlottery.com/secureadmin/admin/add-contentpages.php" "Mozilla/5.0 (Linux; Android 11; vivo 1907) AppleWebKit/537.36 (KHTML, like Gecko) Chrome/83.0.4103.106 Mobile Safari/537.36"
106.79.193.176 - - [29/Jul/2021:06:15:09 +0000] "GET /secureadmin/admin/add-results.php?message=success HTTP/1.1" 200 15564 "http://shrihanumanlottery.com/secureadmin/admin/index.php" "Mozilla/5.0 (Linux; Android 11; vivo 1907) AppleWebKit/537.36 (KHTML, like Gecko) Chrome/83.0.4103.106 Mobile Safari/537.36"
106.79.193.176 - - [29/Jul/2021:06:15:43 +0000] "GET /secureadmin/admin/add-results.php HTTP/1.1" 200 15564 "http://shrihanumanlottery.com/secureadmin/admin/add-contentpages.php" "Mozilla/5.0 (Linux; Android 11; vivo 1907) AppleWebKit/537.36 (KHTML, like Gecko) Chrome/83.0.4103.106 Mobile Safari/537.36"
223.238.169.18 - - [29/Jul/2021:06:17:24 +0000] "GET / HTTP/1.1" 200 7854 "-" "Mozilla/5.0 (Linux; Android 10; CPH1969) AppleWebKit/537.36 (KHTML, like Gecko) Chrome/81.0.4044.138 Mobile Safari/537.36"
27.63.107.186 - - [29/Jul/2021:06:17:50 +0000] "GET /secureadmin/admin/ HTTP/1.1" 200 6754 "-" "Mozilla/5.0 (Linux; U; Android 10; hi-in; CPH1969 Build/QP1A.190711.020) AppleWebKit/537.36 (KHTML, like Gecko) Chrome/77.0.3865.116 Mobile Safari/537.36 HeyTapBrowser/45.7.8.1"
27.63.107.186 - - [29/Jul/2021:06:17:52 +0000] "GET /secureadmin/admin/menuContent.html HTTP/1.1" 404 232 "http://shrihanumanlottery.com/secureadmin/admin/" "Mozilla/5.0 (Linux; U; Android 10; hi-in; CPH1969 Build/QP1A.190711.020) AppleWebKit/537.36 (KHTML, like Gecko) Chrome/77.0.3865.116 Mobile Safari/537.36 HeyTapBrowser/45.7.8.1"
27.63.107.186 - - [29/Jul/2021:06:17:52 +0000] "GET /favicon.ico HTTP/1.1" 404 209 "http://shrihanumanlottery.com/secureadmin/admin/" "Mozilla/5.0 (Linux; U; Android 10; hi-in; CPH1969 Build/QP1A.190711.020) AppleWebKit/537.36 (KHTML, like Gecko) Chrome/77.0.3865.116 Mobile Safari/537.36 HeyTapBrowser/45.7.8.1"
223.238.169.18 - - [29/Jul/2021:06:18:01 +0000] "POST /secureadmin/admin/loginsuccess.php HTTP/1.1" 302 - "http://shrihanumanlottery.com/secureadmin/admin/" "Mozilla/5.0 (Linux; U; Android 10; hi-in; CPH1969 Build/QP1A.190711.020) AppleWebKit/537.36 (KHTML, like Gecko) Chrome/77.0.3865.116 Mobile Safari/537.36 HeyTapBrowser/45.7.8.1"
223.238.169.18 - - [29/Jul/2021:06:18:01 +0000] "GET /secureadmin/admin/add-results.php?message=success HTTP/1.1" 200 15564 "http://shrihanumanlottery.com/secureadmin/admin/" "Mozilla/5.0 (Linux; U; Android 10; hi-in; CPH1969 Build/QP1A.190711.020) AppleWebKit/537.36 (KHTML, like Gecko) Chrome/77.0.3865.116 Mobile Safari/537.36 HeyTapBrowser/45.7.8.1"
223.238.169.18 - - [29/Jul/2021:06:18:02 +0000] "GET /secureadmin/admin/menuContent.html HTTP/1.1" 404 232 "http://shrihanumanlottery.com/secureadmin/admin/add-results.php?message=success" "Mozilla/5.0 (Linux; U; Android 10; hi-in; CPH1969 Build/QP1A.190711.020) AppleWebKit/537.36 (KHTML, like Gecko) Chrome/77.0.3865.116 Mobile Safari/537.36 HeyTapBrowser/45.7.8.1"
223.238.169.18 - - [29/Jul/2021:06:18:05 +0000] "GET /secureadmin/admin/delete_content.php?id=6483 HTTP/1.1" 200 145 "http://shrihanumanlottery.com/secureadmin/admin/add-results.php?message=success" "Mozilla/5.0 (Linux; U; Android 10; hi-in; CPH1969 Build/QP1A.190711.020) AppleWebKit/537.36 (KHTML, like Gecko) Chrome/77.0.3865.116 Mobile Safari/537.36 HeyTapBrowser/45.7.8.1"
223.238.169.18 - - [29/Jul/2021:06:18:06 +0000] "GET /favicon.ico HTTP/1.1" 404 209 "http://shrihanumanlottery.com/secureadmin/admin/delete_content.php?id=6483" "Mozilla/5.0 (Linux; U; Android 10; hi-in; CPH1969 Build/QP1A.190711.020) AppleWebKit/537.36 (KHTML, like Gecko) Chrome/77.0.3865.116 Mobile Safari/537.36 HeyTapBrowser/45.7.8.1"
223.238.169.18 - - [29/Jul/2021:06:18:07 +0000] "GET /secureadmin/admin/show-contentpages.php HTTP/1.1" 200 10677 "http://shrihanumanlottery.com/secureadmin/admin/delete_content.php?id=6483" "Mozilla/5.0 (Linux; U; Android 10; hi-in; CPH1969 Build/QP1A.190711.020) AppleWebKit/537.36 (KHTML, like Gecko) Chrome/77.0.3865.116 Mobile Safari/537.36 HeyTapBrowser/45.7.8.1"
223.238.169.18 - - [29/Jul/2021:06:18:07 +0000] "GET /secureadmin/admin/menuContent.html HTTP/1.1" 404 232 "http://shrihanumanlottery.com/secureadmin/admin/show-contentpages.php" "Mozilla/5.0 (Linux; U; Android 10; hi-in; CPH1969 Build/QP1A.190711.020) AppleWebKit/537.36 (KHTML, like Gecko) Chrome/77.0.3865.116 Mobile Safari/537.36 HeyTapBrowser/45.7.8.1"
223.238.169.18 - - [29/Jul/2021:06:18:14 +0000] "GET / HTTP/1.1" 200 7740 "-" "Mozilla/5.0 (Linux; Android 10; CPH1969) AppleWebKit/537.36 (KHTML, like Gecko) Chrome/81.0.4044.138 Mobile Safari/537.36"
27.63.107.186 - - [29/Jul/2021:06:18:25 +0000] "GET / HTTP/1.1" 200 7740 "https://shrihanumanlottery.com/" "Mozilla/5.0 (Linux; Android 10; CPH1969) AppleWebKit/537.36 (KHTML, like Gecko) Chrome/81.0.4044.138 Mobile Safari/537.36"
27.63.107.186 - - [29/Jul/2021:06:18:25 +0000] "GET / HTTP/1.1" 200 7740 "https://shrihanumanlottery.com/" "Mozilla/5.0 (Linux; Android 10; CPH1969) AppleWebKit/537.36 (KHTML, like Gecko) Chrome/81.0.4044.138 Mobile Safari/537.36"
106.206.148.243 - - [29/Jul/2021:06:21:40 +0000] "GET / HTTP/1.1" 200 7740 "-" "Mozilla/5.0 (Linux; U; Android 9; en-us; CPH2015 Build/PPR1.180610.011) AppleWebKit/537.36 (KHTML, like Gecko) Chrome/77.0.3865.116 Mobile Safari/537.36 HeyTapBrowser/25.7.8.1"
106.206.148.243 - - [29/Jul/2021:06:21:43 +0000] "GET /img/favicon2.png HTTP/1.1" 404 214 "http://shrihanumanlottery.com/" "Mozilla/5.0 (Linux; U; Android 9; en-us; CPH2015 Build/PPR1.180610.011) AppleWebKit/537.36 (KHTML, like Gecko) Chrome/77.0.3865.116 Mobile Safari/537.36 HeyTapBrowser/25.7.8.1"
117.225.83.89 - - [29/Jul/2021:06:26:04 +0000] "GET / HTTP/1.1" 200 7740 "https://shrihanumanlottery.com/" "Mozilla/5.0 (Linux; Android 9; SM-J701F) AppleWebKit/537.36 (KHTML, like Gecko) Chrome/92.0.4515.115 Mobile Safari/537.36"
223.238.169.18 - - [29/Jul/2021:06:27:19 +0000] "GET / HTTP/1.1" 200 7740 "-" "Mozilla/5.0 (Linux; Android 10; CPH1969) AppleWebKit/537.36 (KHTML, like Gecko) Chrome/81.0.4044.138 Mobile Safari/537.36"
223.238.169.18 - - [29/Jul/2021:06:30:58 +0000] "GET / HTTP/1.1" 200 7740 "-" "Mozilla/5.0 (Linux; Android 10; CPH1969) AppleWebKit/537.36 (KHTML, like Gecko) Chrome/81.0.4044.138 Mobile Safari/537.36"
42.105.49.250 - - [29/Jul/2021:06:33:46 +0000] "GET / HTTP/1.1" 200 7740 "https://www.google.com/" "Mozilla/5.0 (Linux; Android 10; SM-M205F) AppleWebKit/537.36 (KHTML, like Gecko) Chrome/81.0.4044.138 Mobile Safari/537.36"
157.38.125.126 - - [29/Jul/2021:06:33:55 +0000] "GET / HTTP/1.1" 200 7740 "https://www.google.co.in/search?client=ucweb-b&channel=sb&q=%E0%A4%B6%E0%A5%8D%E0%A4%B0%E0%A5%80+%E0%A4%B9%E0%A4%A8%E0%A5%81%E0%A4%AE%E0%A4%BE%E0%A4%A8+%E0%A4%B2%E0%A5%89%E0%A4%9F%E0%A4%B0%E0%A5%80&sa=X&ved=2ahUKEwjc86_7zofyAhW98HMBHbm7D0cQ1QIwDnoECAYQAg" "Mozilla/5.0 (Linux; U; Android 6.0; en-US; vivo 1609 Build/MRA58K) AppleWebKit/534.30 (KHTML, like Gecko) Version/4.0 UCBrowser/12.12.8.1206 (SpeedMode) U4/1.0 UCWEB/2.0 Mobile Safari/534.30"
157.38.125.126 - - [29/Jul/2021:06:33:55 +0000] "GET /css/style.css HTTP/1.1" 200 2122 "https://shrihanumanlottery.com/" "Mozilla/5.0 (Linux; U; Android 6.0; en-US; vivo 1609 Build/MRA58K) AppleWebKit/537.36 (KHTML, like Gecko) Version/4.0 Chrome/57.0.2987.108 UCBrowser/12.12.8.1206 Mobile Safari/537.36"
157.38.125.126 - - [29/Jul/2021:06:33:55 +0000] "GET /images/shrihanuman.gif HTTP/1.1" 200 160010 "https://shrihanumanlottery.com/" "Mozilla/5.0 (Linux; U; Android 6.0; en-US; vivo 1609 Build/MRA58K) AppleWebKit/537.36 (KHTML, like Gecko) Version/4.0 Chrome/57.0.2987.108 UCBrowser/12.12.8.1206 Mobile Safari/537.36"
157.38.125.126 - - [29/Jul/2021:06:33:55 +0000] "GET /galleryimg/6547081shrihanumanji.jpg HTTP/1.1" 200 104888 "https://shrihanumanlottery.com/" "Mozilla/5.0 (Linux; U; Android 6.0; en-US; vivo 1609 Build/MRA58K) AppleWebKit/537.36 (KHTML, like Gecko) Version/4.0 Chrome/57.0.2987.108 UCBrowser/12.12.8.1206 Mobile Safari/537.36"
157.38.125.126 - - [29/Jul/2021:06:33:55 +0000] "GET /img/star12.gif HTTP/1.1" 200 10588 "https://shrihanumanlottery.com/css/style.css" "Mozilla/5.0 (Linux; U; Android 6.0; en-US; vivo 1609 Build/MRA58K) AppleWebKit/537.36 (KHTML, like Gecko) Version/4.0 Chrome/57.0.2987.108 UCBrowser/12.12.8.1206 Mobile Safari/537.36"
157.38.125.126 - - [29/Jul/2021:06:33:56 +0000] "GET /img/favicon2.png HTTP/1.1" 404 214 "https://shrihanumanlottery.com/" "Mozilla/5.0 (Linux; U; Android 6.0; en-US; vivo 1609 Build/MRA58K) AppleWebKit/537.36 (KHTML, like Gecko) Version/4.0 Chrome/57.0.2987.108 UCBrowser/12.12.8.1206 Mobile Safari/537.36"
42.105.49.250 - - [29/Jul/2021:06:33:58 +0000] "GET / HTTP/1.1" 200 7740 "https://shrihanumanlottery.com/" "Mozilla/5.0 (Linux; Android 10; SM-M205F) AppleWebKit/537.36 (KHTML, like Gecko) Chrome/81.0.4044.138 Mobile Safari/537.36"
42.105.49.250 - - [29/Jul/2021:06:34:14 +0000] "GET / HTTP/1.1" 200 7740 "https://shrihanumanlottery.com/" "Mozilla/5.0 (Linux; Android 10; SM-M205F) AppleWebKit/537.36 (KHTML, like Gecko) Chrome/81.0.4044.138 Mobile Safari/537.36"
42.105.49.250 - - [29/Jul/2021:06:34:24 +0000] "GET / HTTP/1.1" 200 7740 "https://shrihanumanlottery.com/" "Mozilla/5.0 (Linux; Android 10; SM-M205F) AppleWebKit/537.36 (KHTML, like Gecko) Chrome/81.0.4044.138 Mobile Safari/537.36"
42.105.49.250 - - [29/Jul/2021:06:34:40 +0000] "GET / HTTP/1.1" 200 7740 "https://shrihanumanlottery.com/" "Mozilla/5.0 (Linux; Android 10; SM-M205F) AppleWebKit/537.36 (KHTML, like Gecko) Chrome/81.0.4044.138 Mobile Safari/537.36"
159.69.217.28 - - [29/Jul/2021:06:34:53 +0000] "GET / HTTP/1.1" 200 7740 "-" "Mozilla/5.0 (Windows NT 6.1; Win64; x64) AppleWebKit/537.36 (KHTML, like Gecko) Chrome/80.0.3987 Safari/537.36"
42.105.49.250 - - [29/Jul/2021:06:34:53 +0000] "GET / HTTP/1.1" 200 7740 "https://shrihanumanlottery.com/" "Mozilla/5.0 (Linux; Android 10; SM-M205F) AppleWebKit/537.36 (KHTML, like Gecko) Chrome/81.0.4044.138 Mobile Safari/537.36"
42.105.49.250 - - [29/Jul/2021:06:34:53 +0000] "GET / HTTP/1.1" 200 7740 "https://shrihanumanlottery.com/" "Mozilla/5.0 (Linux; Android 10; SM-M205F) AppleWebKit/537.36 (KHTML, like Gecko) Chrome/81.0.4044.138 Mobile Safari/537.36"
42.105.49.250 - - [29/Jul/2021:06:34:59 +0000] "GET / HTTP/1.1" 200 7740 "https://shrihanumanlottery.com/" "Mozilla/5.0 (Linux; Android 10; SM-M205F) AppleWebKit/537.36 (KHTML, like Gecko) Chrome/81.0.4044.138 Mobile Safari/537.36"
157.38.37.169 - - [29/Jul/2021:06:36:32 +0000] "GET / HTTP/1.1" 200 7740 "https://www.google.com/" "Mozilla/5.0 (Linux; Android 10; CPH1931) AppleWebKit/537.36 (KHTML, like Gecko) Chrome/91.0.4472.164 Mobile Safari/537.36"
157.38.37.169 - - [29/Jul/2021:06:36:34 +0000] "GET /img/favicon2.png HTTP/1.1" 404 214 "https://shrihanumanlottery.com/" "Mozilla/5.0 (Linux; Android 10; CPH1931) AppleWebKit/537.36 (KHTML, like Gecko) Chrome/91.0.4472.164 Mobile Safari/537.36"
157.47.208.45 - - [29/Jul/2021:06:37:27 +0000] "GET / HTTP/1.1" 200 7740 "https://www.google.com/" "Mozilla/5.0 (Linux; Android 10; Nokia 2.4) AppleWebKit/537.36 (KHTML, like Gecko) Chrome/81.0.4044.138 Mobile Safari/537.36"
157.47.208.45 - - [29/Jul/2021:06:37:28 +0000] "GET /img/favicon2.png HTTP/1.1" 404 214 "https://shrihanumanlottery.com/" "Mozilla/5.0 (Linux; Android 10; Nokia 2.4) AppleWebKit/537.36 (KHTML, like Gecko) Chrome/81.0.4044.138 Mobile Safari/537.36"
157.47.208.45 - - [29/Jul/2021:06:37:51 +0000] "GET /results.php?year=2021 HTTP/1.1" 200 7651 "https://shrihanumanlottery.com/" "Mozilla/5.0 (Linux; Android 10; Nokia 2.4) AppleWebKit/537.36 (KHTML, like Gecko) Chrome/81.0.4044.138 Mobile Safari/537.36"
157.47.208.45 - - [29/Jul/2021:06:37:55 +0000] "GET / HTTP/1.1" 200 7740 "https://shrihanumanlottery.com/" "Mozilla/5.0 (Linux; Android 10; Nokia 2.4) AppleWebKit/537.36 (KHTML, like Gecko) Chrome/81.0.4044.138 Mobile Safari/537.36"
157.47.208.45 - - [29/Jul/2021:06:38:16 +0000] "GET / HTTP/1.1" 200 7740 "https://shrihanumanlottery.com/" "Mozilla/5.0 (Linux; Android 10; Nokia 2.4) AppleWebKit/537.36 (KHTML, like Gecko) Chrome/81.0.4044.138 Mobile Safari/537.36"
157.47.208.45 - - [29/Jul/2021:06:38:18 +0000] "GET / HTTP/1.1" 200 7740 "https://shrihanumanlottery.com/" "Mozilla/5.0 (Linux; Android 10; Nokia 2.4) AppleWebKit/537.36 (KHTML, like Gecko) Chrome/81.0.4044.138 Mobile Safari/537.36"
157.47.208.45 - - [29/Jul/2021:06:38:34 +0000] "GET / HTTP/1.1" 200 7740 "https://shrihanumanlottery.com/" "Mozilla/5.0 (Linux; Android 10; Nokia 2.4) AppleWebKit/537.36 (KHTML, like Gecko) Chrome/81.0.4044.138 Mobile Safari/537.36"
157.47.208.45 - - [29/Jul/2021:06:38:37 +0000] "GET / HTTP/1.1" 200 7740 "https://shrihanumanlottery.com/" "Mozilla/5.0 (Linux; Android 10; Nokia 2.4) AppleWebKit/537.36 (KHTML, like Gecko) Chrome/81.0.4044.138 Mobile Safari/537.36"
27.63.107.186 - - [29/Jul/2021:06:38:37 +0000] "GET / HTTP/1.1" 200 7740 "-" "Mozilla/5.0 (Linux; Android 10; CPH1969) AppleWebKit/537.36 (KHTML, like Gecko) Chrome/81.0.4044.138 Mobile Safari/537.36"
27.63.107.186 - - [29/Jul/2021:06:38:39 +0000] "GET / HTTP/1.1" 200 7740 "-" "Mozilla/5.0 (Linux; Android 10; CPH1969) AppleWebKit/537.36 (KHTML, like Gecko) Chrome/81.0.4044.138 Mobile Safari/537.36"
157.47.208.45 - - [29/Jul/2021:06:38:39 +0000] "GET / HTTP/1.1" 200 7740 "https://shrihanumanlottery.com/" "Mozilla/5.0 (Linux; Android 10; Nokia 2.4) AppleWebKit/537.36 (KHTML, like Gecko) Chrome/81.0.4044.138 Mobile Safari/537.36"
157.47.208.45 - - [29/Jul/2021:06:38:46 +0000] "GET / HTTP/1.1" 200 7740 "https://shrihanumanlottery.com/" "Mozilla/5.0 (Linux; Android 10; Nokia 2.4) AppleWebKit/537.36 (KHTML, like Gecko) Chrome/81.0.4044.138 Mobile Safari/537.36"
157.47.208.45 - - [29/Jul/2021:06:38:50 +0000] "GET / HTTP/1.1" 200 7740 "https://shrihanumanlottery.com/" "Mozilla/5.0 (Linux; Android 10; Nokia 2.4) AppleWebKit/537.36 (KHTML, like Gecko) Chrome/81.0.4044.138 Mobile Safari/537.36"
157.47.208.45 - - [29/Jul/2021:06:38:52 +0000] "GET / HTTP/1.1" 200 7740 "https://shrihanumanlottery.com/" "Mozilla/5.0 (Linux; Android 10; Nokia 2.4) AppleWebKit/537.36 (KHTML, like Gecko) Chrome/81.0.4044.138 Mobile Safari/537.36"
223.238.169.18 - - [29/Jul/2021:06:38:54 +0000] "GET /secureadmin/admin/ HTTP/1.1" 200 6754 "-" "Mozilla/5.0 (Linux; U; Android 10; hi-in; CPH1969 Build/QP1A.190711.020) AppleWebKit/537.36 (KHTML, like Gecko) Chrome/77.0.3865.116 Mobile Safari/537.36 HeyTapBrowser/45.7.8.1"
223.238.169.18 - - [29/Jul/2021:06:38:54 +0000] "GET /secureadmin/admin/menuContent.html HTTP/1.1" 404 232 "http://shrihanumanlottery.com/secureadmin/admin/" "Mozilla/5.0 (Linux; U; Android 10; hi-in; CPH1969 Build/QP1A.190711.020) AppleWebKit/537.36 (KHTML, like Gecko) Chrome/77.0.3865.116 Mobile Safari/537.36 HeyTapBrowser/45.7.8.1"
223.238.169.18 - - [29/Jul/2021:06:38:55 +0000] "GET /favicon.ico HTTP/1.1" 404 209 "http://shrihanumanlottery.com/secureadmin/admin/" "Mozilla/5.0 (Linux; U; Android 10; hi-in; CPH1969 Build/QP1A.190711.020) AppleWebKit/537.36 (KHTML, like Gecko) Chrome/77.0.3865.116 Mobile Safari/537.36 HeyTapBrowser/45.7.8.1"
157.47.208.45 - - [29/Jul/2021:06:38:55 +0000] "GET / HTTP/1.1" 200 7740 "https://shrihanumanlottery.com/" "Mozilla/5.0 (Linux; Android 10; Nokia 2.4) AppleWebKit/537.36 (KHTML, like Gecko) Chrome/81.0.4044.138 Mobile Safari/537.36"
157.47.208.45 - - [29/Jul/2021:06:38:59 +0000] "GET / HTTP/1.1" 200 7740 "https://shrihanumanlottery.com/" "Mozilla/5.0 (Linux; Android 10; Nokia 2.4) AppleWebKit/537.36 (KHTML, like Gecko) Chrome/81.0.4044.138 Mobile Safari/537.36"
157.47.208.45 - - [29/Jul/2021:06:39:02 +0000] "GET / HTTP/1.1" 200 7740 "https://shrihanumanlottery.com/" "Mozilla/5.0 (Linux; Android 10; Nokia 2.4) AppleWebKit/537.36 (KHTML, like Gecko) Chrome/81.0.4044.138 Mobile Safari/537.36"
27.63.107.186 - - [29/Jul/2021:06:39:14 +0000] "POST /secureadmin/admin/loginsuccess.php HTTP/1.1" 302 - "http://shrihanumanlottery.com/secureadmin/admin/" "Mozilla/5.0 (Linux; U; Android 10; hi-in; CPH1969 Build/QP1A.190711.020) AppleWebKit/537.36 (KHTML, like Gecko) Chrome/77.0.3865.116 Mobile Safari/537.36 HeyTapBrowser/45.7.8.1"
27.63.107.186 - - [29/Jul/2021:06:39:14 +0000] "GET /secureadmin/admin/add-results.php?message=success HTTP/1.1" 200 14959 "http://shrihanumanlottery.com/secureadmin/admin/" "Mozilla/5.0 (Linux; U; Android 10; hi-in; CPH1969 Build/QP1A.190711.020) AppleWebKit/537.36 (KHTML, like Gecko) Chrome/77.0.3865.116 Mobile Safari/537.36 HeyTapBrowser/45.7.8.1"
27.63.107.186 - - [29/Jul/2021:06:39:15 +0000] "GET /secureadmin/admin/menuContent.html HTTP/1.1" 404 232 "http://shrihanumanlottery.com/secureadmin/admin/add-results.php?message=success" "Mozilla/5.0 (Linux; U; Android 10; hi-in; CPH1969 Build/QP1A.190711.020) AppleWebKit/537.36 (KHTML, like Gecko) Chrome/77.0.3865.116 Mobile Safari/537.36 HeyTapBrowser/45.7.8.1"
207.136.12.46 - - [29/Jul/2021:06:39:15 +0000] "GET /wp-login.php HTTP/1.1" 404 210 "-" "Mozilla/5.0 (X11; Ubuntu; Linux x86_64; rv:62.0) Gecko/20100101 Firefox/62.0"
207.136.12.46 - - [29/Jul/2021:06:39:15 +0000] "GET /wp-login.php HTTP/1.1" 404 210 "-" "Mozilla/5.0 (X11; Ubuntu; Linux x86_64; rv:62.0) Gecko/20100101 Firefox/62.0"
207.136.12.46 - - [29/Jul/2021:06:39:15 +0000] "GET /wp-login.php HTTP/1.1" 404 210 "-" "Mozilla/5.0 (X11; Ubuntu; Linux x86_64; rv:62.0) Gecko/20100101 Firefox/62.0"
27.63.107.186 - - [29/Jul/2021:06:39:36 +0000] "POST /secureadmin/admin/processProduct.php?action=addPageContent HTTP/1.1" 200 138 "http://shrihanumanlottery.com/secureadmin/admin/add-results.php?message=success" "Mozilla/5.0 (Linux; U; Android 10; hi-in; CPH1969 Build/QP1A.190711.020) AppleWebKit/537.36 (KHTML, like Gecko) Chrome/77.0.3865.116 Mobile Safari/537.36 HeyTapBrowser/45.7.8.1"
27.63.107.186 - - [29/Jul/2021:06:39:37 +0000] "GET /secureadmin/admin/add-results.php HTTP/1.1" 200 15564 "http://shrihanumanlottery.com/secureadmin/admin/processProduct.php?action=addPageContent" "Mozilla/5.0 (Linux; U; Android 10; hi-in; CPH1969 Build/QP1A.190711.020) AppleWebKit/537.36 (KHTML, like Gecko) Chrome/77.0.3865.116 Mobile Safari/537.36 HeyTapBrowser/45.7.8.1"
27.63.107.186 - - [29/Jul/2021:06:39:38 +0000] "GET /secureadmin/admin/menuContent.html HTTP/1.1" 404 232 "http://shrihanumanlottery.com/secureadmin/admin/add-results.php" "Mozilla/5.0 (Linux; U; Android 10; hi-in; CPH1969 Build/QP1A.190711.020) AppleWebKit/537.36 (KHTML, like Gecko) Chrome/77.0.3865.116 Mobile Safari/537.36 HeyTapBrowser/45.7.8.1"
223.238.169.18 - - [29/Jul/2021:06:39:41 +0000] "GET / HTTP/1.1" 200 7854 "-" "Mozilla/5.0 (Linux; Android 10; CPH1969) AppleWebKit/537.36 (KHTML, like Gecko) Chrome/81.0.4044.138 Mobile Safari/537.36"
223.238.169.18 - - [29/Jul/2021:06:41:24 +0000] "GET / HTTP/1.1" 200 7854 "-" "Mozilla/5.0 (Linux; Android 10; CPH1969) AppleWebKit/537.36 (KHTML, like Gecko) Chrome/81.0.4044.138 Mobile Safari/537.36"
223.238.169.18 - - [29/Jul/2021:06:41:25 +0000] "GET / HTTP/1.1" 200 7854 "https://shrihanumanlottery.com/" "Mozilla/5.0 (Linux; Android 10; CPH1969) AppleWebKit/537.36 (KHTML, like Gecko) Chrome/81.0.4044.138 Mobile Safari/537.36"
106.206.162.55 - - [29/Jul/2021:06:42:53 +0000] "GET / HTTP/1.1" 200 7854 "-" "Mozilla/5.0 (Linux; Android 10; M2010J19SI) AppleWebKit/537.36 (KHTML, like Gecko) Chrome/83.0.4103.101 Mobile Safari/537.36"
106.207.187.88 - - [29/Jul/2021:06:44:13 +0000] "GET / HTTP/1.1" 200 7854 "-" "Mozilla/5.0 (Linux; Android 6.0; Lenovo A7000-a Build/MRA58K) AppleWebKit/537.36 (KHTML, like Gecko) Chrome/46.0.2490.76 Mobile Safari/537.36"
106.207.187.88 - - [29/Jul/2021:06:44:13 +0000] "GET /css/style.css HTTP/1.1" 200 2122 "https://shrihanumanlottery.com/" "Mozilla/5.0 (Linux; Android 6.0; Lenovo A7000-a Build/MRA58K) AppleWebKit/537.36 (KHTML, like Gecko) Chrome/46.0.2490.76 Mobile Safari/537.36"
106.207.187.88 - - [29/Jul/2021:06:44:13 +0000] "GET /images/shrihanuman.gif HTTP/1.1" 200 160010 "https://shrihanumanlottery.com/" "Mozilla/5.0 (Linux; Android 6.0; Lenovo A7000-a Build/MRA58K) AppleWebKit/537.36 (KHTML, like Gecko) Chrome/46.0.2490.76 Mobile Safari/537.36"
106.207.187.88 - - [29/Jul/2021:06:44:13 +0000] "GET /galleryimg/6547081shrihanumanji.jpg HTTP/1.1" 200 104888 "https://shrihanumanlottery.com/" "Mozilla/5.0 (Linux; Android 6.0; Lenovo A7000-a Build/MRA58K) AppleWebKit/537.36 (KHTML, like Gecko) Chrome/46.0.2490.76 Mobile Safari/537.36"
106.207.187.88 - - [29/Jul/2021:06:44:14 +0000] "GET /img/star12.gif HTTP/1.1" 200 10588 "https://shrihanumanlottery.com/css/style.css" "Mozilla/5.0 (Linux; Android 6.0; Lenovo A7000-a Build/MRA58K) AppleWebKit/537.36 (KHTML, like Gecko) Chrome/46.0.2490.76 Mobile Safari/537.36"
106.207.187.88 - - [29/Jul/2021:06:44:14 +0000] "GET /img/favicon2.png HTTP/1.1" 404 214 "https://shrihanumanlottery.com/" "Mozilla/5.0 (Linux; Android 6.0; Lenovo A7000-a Build/MRA58K) AppleWebKit/537.36 (KHTML, like Gecko) Chrome/46.0.2490.76 Mobile Safari/537.36"
27.63.107.186 - - [29/Jul/2021:06:44:48 +0000] "GET / HTTP/1.1" 200 7854 "-" "Mozilla/5.0 (Linux; Android 10; CPH1969) AppleWebKit/537.36 (KHTML, like Gecko) Chrome/81.0.4044.138 Mobile Safari/537.36"
27.63.107.186 - - [29/Jul/2021:06:44:49 +0000] "GET / HTTP/1.1" 200 7854 "-" "Mozilla/5.0 (Linux; Android 10; CPH1969) AppleWebKit/537.36 (KHTML, like Gecko) Chrome/81.0.4044.138 Mobile Safari/537.36"
157.38.4.231 - - [29/Jul/2021:06:49:59 +0000] "GET / HTTP/1.1" 200 7854 "-" "Mozilla/5.0 (Linux; U; Android 8.1.0; en-us; CPH1909 Build/O11019) AppleWebKit/537.36 (KHTML, like Gecko) Chrome/77.0.3865.116 Mobile Safari/537.36 HeyTapBrowser/15.7.8.1"
157.38.4.231 - - [29/Jul/2021:06:50:00 +0000] "GET /img/favicon2.png HTTP/1.1" 404 214 "https://shrihanumanlottery.com/" "Mozilla/5.0 (Linux; U; Android 8.1.0; en-us; CPH1909 Build/O11019) AppleWebKit/537.36 (KHTML, like Gecko) Chrome/77.0.3865.116 Mobile Safari/537.36 HeyTapBrowser/15.7.8.1"
157.38.4.231 - - [29/Jul/2021:06:50:02 +0000] "GET / HTTP/1.1" 200 7854 "https://shrihanumanlottery.com/" "Mozilla/5.0 (Linux; U; Android 8.1.0; en-us; CPH1909 Build/O11019) AppleWebKit/537.36 (KHTML, like Gecko) Chrome/77.0.3865.116 Mobile Safari/537.36 HeyTapBrowser/15.7.8.1"
27.63.107.186 - - [29/Jul/2021:06:56:45 +0000] "GET / HTTP/1.1" 200 7854 "-" "Mozilla/5.0 (Linux; Android 10; CPH1969) AppleWebKit/537.36 (KHTML, like Gecko) Chrome/81.0.4044.138 Mobile Safari/537.36"
27.63.107.186 - - [29/Jul/2021:06:57:06 +0000] "GET / HTTP/1.1" 200 7854 "https://shrihanumanlottery.com/" "Mozilla/5.0 (Linux; Android 10; CPH1969) AppleWebKit/537.36 (KHTML, like Gecko) Chrome/81.0.4044.138 Mobile Safari/537.36"
106.206.148.243 - - [29/Jul/2021:06:59:34 +0000] "GET / HTTP/1.1" 200 7854 "-" "Mozilla/5.0 (Linux; U; Android 9; en-us; CPH2015 Build/PPR1.180610.011) AppleWebKit/537.36 (KHTML, like Gecko) Chrome/77.0.3865.116 Mobile Safari/537.36 HeyTapBrowser/25.7.8.1"
106.206.148.243 - - [29/Jul/2021:06:59:35 +0000] "GET /img/favicon2.png HTTP/1.1" 404 214 "http://shrihanumanlottery.com/" "Mozilla/5.0 (Linux; U; Android 9; en-us; CPH2015 Build/PPR1.180610.011) AppleWebKit/537.36 (KHTML, like Gecko) Chrome/77.0.3865.116 Mobile Safari/537.36 HeyTapBrowser/25.7.8.1"
27.63.107.186 - - [29/Jul/2021:07:00:47 +0000] "GET / HTTP/1.1" 200 7854 "https://shrihanumanlottery.com/" "Mozilla/5.0 (Linux; Android 10; CPH1969) AppleWebKit/537.36 (KHTML, like Gecko) Chrome/81.0.4044.138 Mobile Safari/537.36"
223.238.169.18 - - [29/Jul/2021:07:00:57 +0000] "GET / HTTP/1.1" 200 7854 "https://shrihanumanlottery.com/" "Mozilla/5.0 (Linux; Android 10; CPH1969) AppleWebKit/537.36 (KHTML, like Gecko) Chrome/81.0.4044.138 Mobile Safari/537.36"
157.47.245.24 - - [29/Jul/2021:07:02:55 +0000] "GET / HTTP/1.1" 200 7854 "https://www.google.com/" "Mozilla/5.0 (Linux; Android 9; vivo 1906) AppleWebKit/537.36 (KHTML, like Gecko) Chrome/91.0.4472.101 Mobile Safari/537.36"
157.47.245.24 - - [29/Jul/2021:07:02:56 +0000] "GET /img/favicon2.png HTTP/1.1" 404 214 "https://shrihanumanlottery.com/" "Mozilla/5.0 (Linux; Android 9; vivo 1906) AppleWebKit/537.36 (KHTML, like Gecko) Chrome/91.0.4472.101 Mobile Safari/537.36"
42.105.49.230 - - [29/Jul/2021:07:03:36 +0000] "GET / HTTP/1.1" 200 7854 "https://www.google.com/" "Mozilla/5.0 (Linux; Android 10; SM-M205F) AppleWebKit/537.36 (KHTML, like Gecko) Chrome/81.0.4044.138 Mobile Safari/537.36"
42.105.49.230 - - [29/Jul/2021:07:03:42 +0000] "GET / HTTP/1.1" 200 7854 "https://shrihanumanlottery.com/" "Mozilla/5.0 (Linux; Android 10; SM-M205F) AppleWebKit/537.36 (KHTML, like Gecko) Chrome/81.0.4044.138 Mobile Safari/537.36"
42.105.49.230 - - [29/Jul/2021:07:03:59 +0000] "GET / HTTP/1.1" 200 7854 "https://shrihanumanlottery.com/" "Mozilla/5.0 (Linux; Android 10; SM-M205F) AppleWebKit/537.36 (KHTML, like Gecko) Chrome/81.0.4044.138 Mobile Safari/537.36"
42.105.49.230 - - [29/Jul/2021:07:04:03 +0000] "GET / HTTP/1.1" 200 7854 "https://shrihanumanlottery.com/" "Mozilla/5.0 (Linux; Android 10; SM-M205F) AppleWebKit/537.36 (KHTML, like Gecko) Chrome/81.0.4044.138 Mobile Safari/537.36"
1.39.218.44 - - [29/Jul/2021:07:04:35 +0000] "GET / HTTP/1.1" 200 7854 "https://www.google.com/" "Mozilla/5.0 (Linux; Android 8.1.0; CPH1901) AppleWebKit/537.36 (KHTML, like Gecko) Chrome/90.0.4430.66 Mobile Safari/537.36"
157.38.4.231 - - [29/Jul/2021:07:05:21 +0000] "GET / HTTP/1.1" 200 7854 "https://shrihanumanlottery.com/" "Mozilla/5.0 (Linux; U; Android 8.1.0; en-us; CPH1909 Build/O11019) AppleWebKit/537.36 (KHTML, like Gecko) Chrome/77.0.3865.116 Mobile Safari/537.36 HeyTapBrowser/15.7.8.1"
157.38.4.231 - - [29/Jul/2021:07:05:23 +0000] "GET / HTTP/1.1" 200 7854 "https://shrihanumanlottery.com/" "Mozilla/5.0 (Linux; U; Android 8.1.0; en-us; CPH1909 Build/O11019) AppleWebKit/537.36 (KHTML, like Gecko) Chrome/77.0.3865.116 Mobile Safari/537.36 HeyTapBrowser/15.7.8.1"
157.38.4.231 - - [29/Jul/2021:07:05:26 +0000] "GET / HTTP/1.1" 200 7854 "https://shrihanumanlottery.com/" "Mozilla/5.0 (Linux; U; Android 8.1.0; en-us; CPH1909 Build/O11019) AppleWebKit/537.36 (KHTML, like Gecko) Chrome/77.0.3865.116 Mobile Safari/537.36 HeyTapBrowser/15.7.8.1"
157.38.4.231 - - [29/Jul/2021:07:05:28 +0000] "GET / HTTP/1.1" 200 7854 "https://shrihanumanlottery.com/" "Mozilla/5.0 (Linux; U; Android 8.1.0; en-us; CPH1909 Build/O11019) AppleWebKit/537.36 (KHTML, like Gecko) Chrome/77.0.3865.116 Mobile Safari/537.36 HeyTapBrowser/15.7.8.1"
157.38.4.231 - - [29/Jul/2021:07:05:29 +0000] "GET / HTTP/1.1" 200 7854 "https://shrihanumanlottery.com/" "Mozilla/5.0 (Linux; U; Android 8.1.0; en-us; CPH1909 Build/O11019) AppleWebKit/537.36 (KHTML, like Gecko) Chrome/77.0.3865.116 Mobile Safari/537.36 HeyTapBrowser/15.7.8.1"
157.38.4.231 - - [29/Jul/2021:07:05:33 +0000] "GET / HTTP/1.1" 200 7854 "https://shrihanumanlottery.com/" "Mozilla/5.0 (Linux; U; Android 8.1.0; en-us; CPH1909 Build/O11019) AppleWebKit/537.36 (KHTML, like Gecko) Chrome/77.0.3865.116 Mobile Safari/537.36 HeyTapBrowser/15.7.8.1"
157.38.4.231 - - [29/Jul/2021:07:05:35 +0000] "GET / HTTP/1.1" 200 7854 "https://shrihanumanlottery.com/" "Mozilla/5.0 (Linux; U; Android 8.1.0; en-us; CPH1909 Build/O11019) AppleWebKit/537.36 (KHTML, like Gecko) Chrome/77.0.3865.116 Mobile Safari/537.36 HeyTapBrowser/15.7.8.1"
157.38.4.231 - - [29/Jul/2021:07:05:37 +0000] "GET / HTTP/1.1" 200 7854 "https://shrihanumanlottery.com/" "Mozilla/5.0 (Linux; U; Android 8.1.0; en-us; CPH1909 Build/O11019) AppleWebKit/537.36 (KHTML, like Gecko) Chrome/77.0.3865.116 Mobile Safari/537.36 HeyTapBrowser/15.7.8.1"
157.38.4.231 - - [29/Jul/2021:07:05:38 +0000] "GET / HTTP/1.1" 200 7854 "https://shrihanumanlottery.com/" "Mozilla/5.0 (Linux; U; Android 8.1.0; en-us; CPH1909 Build/O11019) AppleWebKit/537.36 (KHTML, like Gecko) Chrome/77.0.3865.116 Mobile Safari/537.36 HeyTapBrowser/15.7.8.1"
157.38.4.231 - - [29/Jul/2021:07:05:40 +0000] "GET / HTTP/1.1" 200 7854 "https://shrihanumanlottery.com/" "Mozilla/5.0 (Linux; U; Android 8.1.0; en-us; CPH1909 Build/O11019) AppleWebKit/537.36 (KHTML, like Gecko) Chrome/77.0.3865.116 Mobile Safari/537.36 HeyTapBrowser/15.7.8.1"
157.38.4.231 - - [29/Jul/2021:07:05:42 +0000] "GET / HTTP/1.1" 200 7854 "https://shrihanumanlottery.com/" "Mozilla/5.0 (Linux; U; Android 8.1.0; en-us; CPH1909 Build/O11019) AppleWebKit/537.36 (KHTML, like Gecko) Chrome/77.0.3865.116 Mobile Safari/537.36 HeyTapBrowser/15.7.8.1"
157.38.4.231 - - [29/Jul/2021:07:05:44 +0000] "GET / HTTP/1.1" 200 7854 "https://shrihanumanlottery.com/" "Mozilla/5.0 (Linux; U; Android 8.1.0; en-us; CPH1909 Build/O11019) AppleWebKit/537.36 (KHTML, like Gecko) Chrome/77.0.3865.116 Mobile Safari/537.36 HeyTapBrowser/15.7.8.1"
