5.45.207.143 - - [07/Aug/2021:15:57:28 +0000] "GET /robots.txt HTTP/1.1" 200 53 "-" "Mozilla/5.0 (compatible; YandexBot/3.0; +http://yandex.com/bots)"
5.45.207.143 - - [07/Aug/2021:15:57:32 +0000] "GET / HTTP/1.1" 200 39210 "-" "Mozilla/5.0 (compatible; YandexBot/3.0; +http://yandex.com/bots)"
5.45.207.143 - - [07/Aug/2021:15:57:59 +0000] "GET /robots.txt HTTP/1.1" 301 242 "-" "Mozilla/5.0 (compatible; YandexBot/3.0; +http://yandex.com/bots)"
5.255.231.244 - - [07/Aug/2021:15:58:00 +0000] "GET /robots.txt HTTP/1.1" 200 53 "-" "Mozilla/5.0 (compatible; YandexBot/3.0; +http://yandex.com/bots)"
5.45.207.143 - - [07/Aug/2021:15:58:03 +0000] "GET / HTTP/1.1" 301 232 "-" "Mozilla/5.0 (compatible; YandexBot/3.0; +http://yandex.com/bots)"
5.255.253.138 - - [07/Aug/2021:15:58:16 +0000] "GET / HTTP/1.1" 200 39210 "-" "Mozilla/5.0 (compatible; YandexBot/3.0; +http://yandex.com/bots)"
5.255.231.244 - - [07/Aug/2021:15:58:23 +0000] "GET /robots.txt HTTP/1.1" 301 242 "-" "Mozilla/5.0 (compatible; YandexBot/3.0; +http://yandex.com/bots)"
5.255.231.244 - - [07/Aug/2021:15:58:23 +0000] "GET /robots.txt HTTP/1.1" 200 53 "-" "Mozilla/5.0 (compatible; YandexBot/3.0; +http://yandex.com/bots)"
5.45.207.143 - - [07/Aug/2021:15:58:27 +0000] "GET / HTTP/1.1" 301 232 "-" "Mozilla/5.0 (compatible; YandexBot/3.0; +http://yandex.com/bots)"
5.45.207.143 - - [07/Aug/2021:15:58:47 +0000] "GET / HTTP/1.1" 200 39210 "-" "Mozilla/5.0 (compatible; YandexBot/3.0; +http://yandex.com/bots)"
66.249.73.160 - - [07/Aug/2021:16:07:18 +0000] "GET / HTTP/1.1" 301 232 "-" "Mozilla/5.0 (compatible; Googlebot/2.1; +http://www.google.com/bot.html)"
66.249.65.245 - - [07/Aug/2021:16:07:19 +0000] "GET / HTTP/1.1" 200 39210 "-" "Mozilla/5.0 (compatible; Googlebot/2.1; +http://www.google.com/bot.html)"
66.249.65.243 - - [07/Aug/2021:16:08:10 +0000] "GET /css/global.css HTTP/1.1" 200 269673 "http://www.sonvarsa.com/" "Mozilla/5.0 AppleWebKit/537.36 (KHTML, like Gecko; compatible; Googlebot/2.1; +http://www.google.com/bot.html) Chrome/92.0.4515.119 Safari/537.36"
5.45.207.143 - - [07/Aug/2021:17:15:58 +0000] "GET /favicon/apple-icon-152x152.png HTTP/1.1" 200 20602 "-" "Mozilla/5.0 (compatible; YandexFavicons/1.0; +http://yandex.com/bots)"
185.191.171.36 - - [07/Aug/2021:17:21:56 +0000] "GET /robots.txt HTTP/1.1" 200 53 "-" "Mozilla/5.0 (compatible; SemrushBot/7~bl; +http://www.semrush.com/bot.html)"
185.191.171.33 - - [07/Aug/2021:17:21:57 +0000] "GET /submit-enquiry.php HTTP/1.1" 200 34 "-" "Mozilla/5.0 (compatible; SemrushBot/7~bl; +http://www.semrush.com/bot.html)"
5.45.207.143 - - [07/Aug/2021:17:35:24 +0000] "GET /favicon/apple-icon-180x180.png HTTP/1.1" 200 25918 "-" "Mozilla/5.0 (compatible; YandexFavicons/1.0; +http://yandex.com/bots)"
198.12.91.180 - - [07/Aug/2021:18:04:01 +0000] "GET /wp-content/plugins/iva-business-hours-pro/assets/fontello/LICENSE.txt HTTP/1.1" 301 301 "-" "Mozilla/5.0 (Windows NT 10.0; Win64; x64) AppleWebKit/537.36 (KHTML, like Gecko) Chrome/92.0.4515.107 Safari/537.36"
198.12.91.180 - - [07/Aug/2021:18:04:07 +0000] "GET /wp-content/plugins/iva-business-hours-pro/assets/fontello/LICENSE.txt HTTP/1.1" 404 39182 "-" "Mozilla/5.0 (Windows NT 10.0; Win64; x64) AppleWebKit/537.36 (KHTML, like Gecko) Chrome/92.0.4515.107 Safari/537.36"
5.45.207.143 - - [07/Aug/2021:18:05:26 +0000] "GET /favicon/favicon-16x16.png HTTP/1.1" 200 1553 "-" "Mozilla/5.0 (compatible; YandexFavicons/1.0; +http://yandex.com/bots)"
5.45.207.143 - - [07/Aug/2021:18:29:04 +0000] "GET /favicon/apple-icon-76x76.png HTTP/1.1" 200 7581 "-" "Mozilla/5.0 (compatible; YandexFavicons/1.0; +http://yandex.com/bots)"
35.196.29.60 - - [07/Aug/2021:18:35:10 +0000] "GET /robots.txt HTTP/1.0" 301 242 "-" "ZoominfoBot (zoominfobot at zoominfo dot com)"
35.196.29.60 - - [07/Aug/2021:18:35:11 +0000] "GET /robots.txt HTTP/1.1" 200 53 "-" "ZoominfoBot (zoominfobot at zoominfo dot com)"
35.196.29.60 - - [07/Aug/2021:18:35:12 +0000] "GET /careers.php HTTP/1.0" 301 243 "-" "ZoominfoBot (zoominfobot at zoominfo dot com)"
35.196.29.60 - - [07/Aug/2021:18:36:06 +0000] "GET /contact-us.php HTTP/1.0" 301 246 "-" "ZoominfoBot (zoominfobot at zoominfo dot com)"
35.196.29.60 - - [07/Aug/2021:18:42:01 +0000] "GET /robots.txt HTTP/1.0" 200 53 "-" "ZoominfoBot (zoominfobot at zoominfo dot com)"
35.196.29.60 - - [07/Aug/2021:18:42:01 +0000] "GET /CashManagement.html HTTP/1.0" 200 20997 "-" "ZoominfoBot (zoominfobot at zoominfo dot com)"
35.196.29.60 - - [07/Aug/2021:18:44:15 +0000] "GET /FAQ HTTP/1.0" 200 24936 "-" "ZoominfoBot (zoominfobot at zoominfo dot com)"
35.196.29.60 - - [07/Aug/2021:18:49:40 +0000] "GET /Retirement-Pension.html HTTP/1.0" 200 21084 "-" "ZoominfoBot (zoominfobot at zoominfo dot com)"
35.196.29.60 - - [07/Aug/2021:18:51:47 +0000] "GET /index.php HTTP/1.0" 301 241 "-" "ZoominfoBot (zoominfobot at zoominfo dot com)"
35.196.29.60 - - [07/Aug/2021:18:54:03 +0000] "GET /Taxation.html HTTP/1.0" 200 21103 "-" "ZoominfoBot (zoominfobot at zoominfo dot com)"
35.196.29.60 - - [07/Aug/2021:18:55:25 +0000] "GET /Fixed-Deposit.html HTTP/1.0" 200 20797 "-" "ZoominfoBot (zoominfobot at zoominfo dot com)"
5.255.253.138 - - [07/Aug/2021:18:59:26 +0000] "GET /favicon/apple-icon-144x144.png HTTP/1.1" 301 262 "-" "Mozilla/5.0 (compatible; YandexFavicons/1.0; +http://yandex.com/bots)"
5.255.231.244 - - [07/Aug/2021:18:59:26 +0000] "GET /favicon/apple-icon-144x144.png HTTP/1.1" 200 19237 "-" "Mozilla/5.0 (compatible; YandexFavicons/1.0; +http://yandex.com/bots)"
35.196.29.60 - - [07/Aug/2021:19:00:52 +0000] "GET /LoanAgainstProperty.html HTTP/1.0" 200 21677 "-" "ZoominfoBot (zoominfobot at zoominfo dot com)"
35.196.29.60 - - [07/Aug/2021:19:10:49 +0000] "GET /favicon/manifest.json HTTP/1.0" 301 253 "-" "ZoominfoBot (zoominfobot at zoominfo dot com)"
35.196.29.60 - - [07/Aug/2021:19:12:51 +0000] "GET /Home-Loan.html HTTP/1.0" 200 21146 "-" "ZoominfoBot (zoominfobot at zoominfo dot com)"
35.196.29.60 - - [07/Aug/2021:19:24:30 +0000] "GET /ConsultancyinVariousFields.html HTTP/1.0" 200 21477 "-" "ZoominfoBot (zoominfobot at zoominfo dot com)"
35.196.29.60 - - [07/Aug/2021:19:24:34 +0000] "GET /MutualFunds.html HTTP/1.0" 200 21076 "-" "ZoominfoBot (zoominfobot at zoominfo dot com)"
35.196.29.60 - - [07/Aug/2021:19:25:32 +0000] "GET /Business-Loan.html HTTP/1.0" 200 21270 "-" "ZoominfoBot (zoominfobot at zoominfo dot com)"
35.196.29.60 - - [07/Aug/2021:19:27:57 +0000] "GET /banking-services.php HTTP/1.0" 301 252 "-" "ZoominfoBot (zoominfobot at zoominfo dot com)"
35.196.29.60 - - [07/Aug/2021:19:28:53 +0000] "GET /award-certification.php HTTP/1.0" 301 255 "-" "ZoominfoBot (zoominfobot at zoominfo dot com)"
35.196.29.60 - - [07/Aug/2021:19:34:50 +0000] "GET /Support-Forum HTTP/1.0" 200 24936 "-" "ZoominfoBot (zoominfobot at zoominfo dot com)"
91.90.124.145 - - [07/Aug/2021:19:38:29 +0000] "GET / HTTP/1.0" 301 232 "http://sonvarsa.com/" "Mozilla/5.0 (Windows NT 6.1; ) AppleWebKit/537.36 (KHTML, like Gecko) Chrome/90.0.4430.85 Safari/537.36"
91.90.124.145 - - [07/Aug/2021:19:38:29 +0000] "GET / HTTP/1.0" 200 39210 "http://www.sonvarsa.com/" "Mozilla/5.0 (Windows NT 6.1; ) AppleWebKit/537.36 (KHTML, like Gecko) Chrome/90.0.4430.85 Safari/537.36"
91.90.124.145 - - [07/Aug/2021:19:38:35 +0000] "GET /Support-Forum HTTP/1.0" 200 24936 "http://www.sonvarsa.com/Support-Forum" "Mozilla/5.0 (Windows NT 6.1; ) AppleWebKit/537.36 (KHTML, like Gecko) Chrome/90.0.4430.85 Safari/537.36"
91.90.124.145 - - [07/Aug/2021:19:38:41 +0000] "GET /CommercialandFinancialLegal.html HTTP/1.0" 200 21151 "http://www.sonvarsa.com/CommercialandFinancialLegal.html" "Mozilla/5.0 (Windows NT 6.1; ) AppleWebKit/537.36 (KHTML, like Gecko) Chrome/90.0.4430.85 Safari/537.36"
35.196.29.60 - - [07/Aug/2021:19:38:48 +0000] "GET /consultancy-services.php HTTP/1.0" 301 256 "-" "ZoominfoBot (zoominfobot at zoominfo dot com)"
35.196.29.60 - - [07/Aug/2021:19:39:14 +0000] "GET /Careers HTTP/1.0" 200 25245 "-" "ZoominfoBot (zoominfobot at zoominfo dot com)"
35.196.29.60 - - [07/Aug/2021:19:40:45 +0000] "GET /Documentaion HTTP/1.0" 200 24936 "-" "ZoominfoBot (zoominfobot at zoominfo dot com)"
54.36.148.95 - - [07/Aug/2021:19:44:33 +0000] "GET /robots.txt HTTP/1.1" 200 53 "-" "Mozilla/5.0 (compatible; AhrefsBot/7.0; +http://ahrefs.com/robot/)"
35.196.29.60 - - [07/Aug/2021:19:46:22 +0000] "GET /Vision HTTP/1.0" 200 25472 "-" "ZoominfoBot (zoominfobot at zoominfo dot com)"
35.196.29.60 - - [07/Aug/2021:19:47:16 +0000] "GET /financial-services.php HTTP/1.0" 301 254 "-" "ZoominfoBot (zoominfobot at zoominfo dot com)"
157.55.39.44 - - [07/Aug/2021:19:48:09 +0000] "GET / HTTP/1.1" 301 232 "-" "Mozilla/5.0 (compatible; bingbot/2.0; +http://www.bing.com/bingbot.htm)"
35.196.29.60 - - [07/Aug/2021:19:48:18 +0000] "GET /about-us.php HTTP/1.0" 301 244 "-" "ZoominfoBot (zoominfobot at zoominfo dot com)"
35.196.29.60 - - [07/Aug/2021:19:50:58 +0000] "GET /ChildsFuture.html HTTP/1.0" 200 21382 "-" "ZoominfoBot (zoominfobot at zoominfo dot com)"
207.46.13.0 - - [07/Aug/2021:19:51:10 +0000] "GET /robots.txt HTTP/1.1" 301 242 "-" "Mozilla/5.0 (compatible; bingbot/2.0; +http://www.bing.com/bingbot.htm)"
207.46.13.0 - - [07/Aug/2021:19:51:11 +0000] "GET /robots.txt HTTP/1.1" 301 242 "-" "Mozilla/5.0 (compatible; bingbot/2.0; +http://www.bing.com/bingbot.htm)"
157.55.39.44 - - [07/Aug/2021:19:51:20 +0000] "GET / HTTP/1.1" 301 232 "-" "Mozilla/5.0 (compatible; bingbot/2.0; +http://www.bing.com/bingbot.htm)"
188.72.101.141 - - [07/Aug/2021:19:52:24 +0000] "GET /contact-us.php HTTP/1.1" 200 24578 "-" "Mozilla/5.0 (Windows NT 6.1) AppleWebKit/537.36 (KHTML, like Gecko) Chrome/66.0.3359.170 Safari/537.36 OPR/53.0.2907.99"
35.196.29.60 - - [07/Aug/2021:19:54:58 +0000] "GET /Mission HTTP/1.0" 200 26487 "-" "ZoominfoBot (zoominfobot at zoominfo dot com)"
35.196.29.60 - - [07/Aug/2021:19:58:02 +0000] "GET /PortfolioManagement.html HTTP/1.0" 200 21175 "-" "ZoominfoBot (zoominfobot at zoominfo dot com)"
35.196.29.60 - - [07/Aug/2021:20:00:41 +0000] "GET /CommercialandFinancialLegal.html HTTP/1.0" 200 21151 "-" "ZoominfoBot (zoominfobot at zoominfo dot com)"
35.196.29.60 - - [07/Aug/2021:20:06:27 +0000] "GET /Social-Marketing HTTP/1.0" 200 24936 "-" "ZoominfoBot (zoominfobot at zoominfo dot com)"
31.180.227.184 - - [07/Aug/2021:20:34:34 +0000] "HEAD / HTTP/1.1" 200 - "-" "Xenu Link Sleuth/1.3.8"
157.55.39.90 - - [07/Aug/2021:21:08:32 +0000] "GET /img_external/revolution-slider/banner-1.jpg HTTP/1.1" 200 106216 "-" "Mozilla/5.0 (compatible; bingbot/2.0; +http://www.bing.com/bingbot.htm)"
66.249.73.174 - - [07/Aug/2021:21:39:16 +0000] "GET /MutualFunds.html HTTP/1.1" 301 248 "-" "Mozilla/5.0 (Linux; Android 6.0.1; Nexus 5X Build/MMB29P) AppleWebKit/537.36 (KHTML, like Gecko) Chrome/92.0.4515.119 Mobile Safari/537.36 (compatible; Googlebot/2.1; +http://www.google.com/bot.html)"
66.249.65.243 - - [07/Aug/2021:21:39:17 +0000] "GET /MutualFunds.html HTTP/1.1" 200 21076 "-" "Mozilla/5.0 (Linux; Android 6.0.1; Nexus 5X Build/MMB29P) AppleWebKit/537.36 (KHTML, like Gecko) Chrome/92.0.4515.119 Mobile Safari/537.36 (compatible; Googlebot/2.1; +http://www.google.com/bot.html)"
66.249.65.243 - - [07/Aug/2021:21:43:54 +0000] "GET /Careers HTTP/1.1" 200 25245 "-" "Mozilla/5.0 (Linux; Android 6.0.1; Nexus 5X Build/MMB29P) AppleWebKit/537.36 (KHTML, like Gecko) Chrome/92.0.4515.119 Mobile Safari/537.36 (compatible; Googlebot/2.1; +http://www.google.com/bot.html)"
66.249.65.243 - - [07/Aug/2021:21:43:58 +0000] "GET /scripts/pi.init.parallax.js HTTP/1.1" 200 183 "http://www.sonvarsa.com/Careers" "Mozilla/5.0 (Linux; Android 6.0.1; Nexus 5X Build/MMB29P) AppleWebKit/537.36 (KHTML, like Gecko) Chrome/92.0.4515.119 Mobile Safari/537.36 (compatible; Googlebot/2.1; +http://www.google.com/bot.html)"
119.2.53.14 - - [07/Aug/2021:22:04:26 +0000] "GET /galleryimg/831520Portfolio-Management-Today.jpg HTTP/1.1" 200 257451 "https://images.search.yahoo.com/search/images;_ylt=Awr9Dsn6Ag9hSjgAXrFXNyoA;_ylu=Y29sbwNncTEEcG9zAzEEdnRpZAMEc2VjA3BpdnM-?p=portfolio+management&fr2=piv-web&fr=yfp-t" "Mozilla/5.0 (Windows NT 10.0; Win64; x64) AppleWebKit/537.36 (KHTML, like Gecko) Chrome/92.0.4515.131 Safari/537.36"
34.139.246.38 - - [07/Aug/2021:22:11:09 +0000] "GET /robots.txt HTTP/1.0" 301 242 "-" "ZoominfoBot (zoominfobot at zoominfo dot com)"
34.139.246.38 - - [07/Aug/2021:22:11:10 +0000] "GET /robots.txt HTTP/1.1" 200 53 "-" "ZoominfoBot (zoominfobot at zoominfo dot com)"
34.139.246.38 - - [07/Aug/2021:22:11:11 +0000] "GET /careers.php HTTP/1.0" 301 243 "-" "ZoominfoBot (zoominfobot at zoominfo dot com)"
34.139.246.38 - - [07/Aug/2021:22:11:55 +0000] "GET /contact-us.php HTTP/1.0" 301 246 "-" "ZoominfoBot (zoominfobot at zoominfo dot com)"
34.139.246.38 - - [07/Aug/2021:22:16:27 +0000] "GET /robots.txt HTTP/1.0" 200 53 "-" "ZoominfoBot (zoominfobot at zoominfo dot com)"
34.139.246.38 - - [07/Aug/2021:22:16:27 +0000] "GET /CashManagement.html HTTP/1.0" 200 20997 "-" "ZoominfoBot (zoominfobot at zoominfo dot com)"
34.139.246.38 - - [07/Aug/2021:22:18:06 +0000] "GET /FAQ HTTP/1.0" 200 24936 "-" "ZoominfoBot (zoominfobot at zoominfo dot com)"
34.139.246.38 - - [07/Aug/2021:22:22:12 +0000] "GET /Retirement-Pension.html HTTP/1.0" 200 21084 "-" "ZoominfoBot (zoominfobot at zoominfo dot com)"
34.139.246.38 - - [07/Aug/2021:22:23:49 +0000] "GET /index.php HTTP/1.0" 301 241 "-" "ZoominfoBot (zoominfobot at zoominfo dot com)"
34.139.246.38 - - [07/Aug/2021:22:25:31 +0000] "GET /Taxation.html HTTP/1.0" 200 21103 "-" "ZoominfoBot (zoominfobot at zoominfo dot com)"
34.139.246.38 - - [07/Aug/2021:22:26:31 +0000] "GET /Fixed-Deposit.html HTTP/1.0" 200 20797 "-" "ZoominfoBot (zoominfobot at zoominfo dot com)"
80.255.2.83 - - [07/Aug/2021:22:28:49 +0000] "GET / HTTP/1.1" 301 232 "-" "Mozilla/5.0 (Windows NT 10.0; Win64; x64) AppleWebKit/537.36 (KHTML, like Gecko) Chrome/74.0.3729.169 Safari/537.36"
80.255.2.83 - - [07/Aug/2021:22:28:49 +0000] "GET / HTTP/1.1" 301 232 "-" "Mozilla/5.0 (Windows NT 10.0; Win64; x64) AppleWebKit/537.36 (KHTML, like Gecko) Chrome/74.0.3729.169 Safari/537.36"
80.255.2.83 - - [07/Aug/2021:22:28:50 +0000] "GET //wp-includes/wlwmanifest.xml HTTP/1.1" 404 39182 "-" "Mozilla/5.0 (Windows NT 10.0; Win64; x64) AppleWebKit/537.36 (KHTML, like Gecko) Chrome/74.0.3729.169 Safari/537.36"
80.255.2.83 - - [07/Aug/2021:22:28:50 +0000] "GET //wp-includes/wlwmanifest.xml HTTP/1.1" 404 39182 "-" "Mozilla/5.0 (Windows NT 10.0; Win64; x64) AppleWebKit/537.36 (KHTML, like Gecko) Chrome/74.0.3729.169 Safari/537.36"
80.255.2.83 - - [07/Aug/2021:22:28:50 +0000] "GET //xmlrpc.php?rsd HTTP/1.1" 404 39182 "-" "Mozilla/5.0 (Windows NT 10.0; Win64; x64) AppleWebKit/537.36 (KHTML, like Gecko) Chrome/74.0.3729.169 Safari/537.36"
80.255.2.83 - - [07/Aug/2021:22:28:50 +0000] "GET //xmlrpc.php?rsd HTTP/1.1" 404 39182 "-" "Mozilla/5.0 (Windows NT 10.0; Win64; x64) AppleWebKit/537.36 (KHTML, like Gecko) Chrome/74.0.3729.169 Safari/537.36"
80.255.2.83 - - [07/Aug/2021:22:28:51 +0000] "GET / HTTP/1.1" 200 39210 "-" "Mozilla/5.0 (Windows NT 10.0; Win64; x64) AppleWebKit/537.36 (KHTML, like Gecko) Chrome/74.0.3729.169 Safari/537.36"
80.255.2.83 - - [07/Aug/2021:22:28:51 +0000] "GET / HTTP/1.1" 200 39210 "-" "Mozilla/5.0 (Windows NT 10.0; Win64; x64) AppleWebKit/537.36 (KHTML, like Gecko) Chrome/74.0.3729.169 Safari/537.36"
80.255.2.83 - - [07/Aug/2021:22:28:51 +0000] "GET //blog/wp-includes/wlwmanifest.xml HTTP/1.1" 404 39182 "-" "Mozilla/5.0 (Windows NT 10.0; Win64; x64) AppleWebKit/537.36 (KHTML, like Gecko) Chrome/74.0.3729.169 Safari/537.36"
80.255.2.83 - - [07/Aug/2021:22:28:51 +0000] "GET //blog/wp-includes/wlwmanifest.xml HTTP/1.1" 404 39182 "-" "Mozilla/5.0 (Windows NT 10.0; Win64; x64) AppleWebKit/537.36 (KHTML, like Gecko) Chrome/74.0.3729.169 Safari/537.36"
80.255.2.83 - - [07/Aug/2021:22:28:51 +0000] "GET //web/wp-includes/wlwmanifest.xml HTTP/1.1" 404 39182 "-" "Mozilla/5.0 (Windows NT 10.0; Win64; x64) AppleWebKit/537.36 (KHTML, like Gecko) Chrome/74.0.3729.169 Safari/537.36"
80.255.2.83 - - [07/Aug/2021:22:28:51 +0000] "GET //web/wp-includes/wlwmanifest.xml HTTP/1.1" 404 39182 "-" "Mozilla/5.0 (Windows NT 10.0; Win64; x64) AppleWebKit/537.36 (KHTML, like Gecko) Chrome/74.0.3729.169 Safari/537.36"
80.255.2.83 - - [07/Aug/2021:22:28:52 +0000] "GET //wordpress/wp-includes/wlwmanifest.xml HTTP/1.1" 404 39182 "-" "Mozilla/5.0 (Windows NT 10.0; Win64; x64) AppleWebKit/537.36 (KHTML, like Gecko) Chrome/74.0.3729.169 Safari/537.36"
80.255.2.83 - - [07/Aug/2021:22:28:52 +0000] "GET //wordpress/wp-includes/wlwmanifest.xml HTTP/1.1" 404 39182 "-" "Mozilla/5.0 (Windows NT 10.0; Win64; x64) AppleWebKit/537.36 (KHTML, like Gecko) Chrome/74.0.3729.169 Safari/537.36"
80.255.2.83 - - [07/Aug/2021:22:28:52 +0000] "GET //website/wp-includes/wlwmanifest.xml HTTP/1.1" 404 39182 "-" "Mozilla/5.0 (Windows NT 10.0; Win64; x64) AppleWebKit/537.36 (KHTML, like Gecko) Chrome/74.0.3729.169 Safari/537.36"
80.255.2.83 - - [07/Aug/2021:22:28:52 +0000] "GET //website/wp-includes/wlwmanifest.xml HTTP/1.1" 404 39182 "-" "Mozilla/5.0 (Windows NT 10.0; Win64; x64) AppleWebKit/537.36 (KHTML, like Gecko) Chrome/74.0.3729.169 Safari/537.36"
80.255.2.83 - - [07/Aug/2021:22:28:52 +0000] "GET //wp/wp-includes/wlwmanifest.xml HTTP/1.1" 404 39182 "-" "Mozilla/5.0 (Windows NT 10.0; Win64; x64) AppleWebKit/537.36 (KHTML, like Gecko) Chrome/74.0.3729.169 Safari/537.36"
80.255.2.83 - - [07/Aug/2021:22:28:52 +0000] "GET //wp/wp-includes/wlwmanifest.xml HTTP/1.1" 404 39182 "-" "Mozilla/5.0 (Windows NT 10.0; Win64; x64) AppleWebKit/537.36 (KHTML, like Gecko) Chrome/74.0.3729.169 Safari/537.36"
80.255.2.83 - - [07/Aug/2021:22:28:53 +0000] "GET //news/wp-includes/wlwmanifest.xml HTTP/1.1" 404 39182 "-" "Mozilla/5.0 (Windows NT 10.0; Win64; x64) AppleWebKit/537.36 (KHTML, like Gecko) Chrome/74.0.3729.169 Safari/537.36"
80.255.2.83 - - [07/Aug/2021:22:28:53 +0000] "GET //news/wp-includes/wlwmanifest.xml HTTP/1.1" 404 39182 "-" "Mozilla/5.0 (Windows NT 10.0; Win64; x64) AppleWebKit/537.36 (KHTML, like Gecko) Chrome/74.0.3729.169 Safari/537.36"
80.255.2.83 - - [07/Aug/2021:22:28:53 +0000] "GET //2015/wp-includes/wlwmanifest.xml HTTP/1.1" 404 39182 "-" "Mozilla/5.0 (Windows NT 10.0; Win64; x64) AppleWebKit/537.36 (KHTML, like Gecko) Chrome/74.0.3729.169 Safari/537.36"
80.255.2.83 - - [07/Aug/2021:22:28:53 +0000] "GET //2015/wp-includes/wlwmanifest.xml HTTP/1.1" 404 39182 "-" "Mozilla/5.0 (Windows NT 10.0; Win64; x64) AppleWebKit/537.36 (KHTML, like Gecko) Chrome/74.0.3729.169 Safari/537.36"
80.255.2.83 - - [07/Aug/2021:22:28:53 +0000] "GET //2016/wp-includes/wlwmanifest.xml HTTP/1.1" 404 39182 "-" "Mozilla/5.0 (Windows NT 10.0; Win64; x64) AppleWebKit/537.36 (KHTML, like Gecko) Chrome/74.0.3729.169 Safari/537.36"
80.255.2.83 - - [07/Aug/2021:22:28:53 +0000] "GET //2016/wp-includes/wlwmanifest.xml HTTP/1.1" 404 39182 "-" "Mozilla/5.0 (Windows NT 10.0; Win64; x64) AppleWebKit/537.36 (KHTML, like Gecko) Chrome/74.0.3729.169 Safari/537.36"
80.255.2.83 - - [07/Aug/2021:22:28:54 +0000] "GET //2017/wp-includes/wlwmanifest.xml HTTP/1.1" 404 39182 "-" "Mozilla/5.0 (Windows NT 10.0; Win64; x64) AppleWebKit/537.36 (KHTML, like Gecko) Chrome/74.0.3729.169 Safari/537.36"
80.255.2.83 - - [07/Aug/2021:22:28:54 +0000] "GET //2017/wp-includes/wlwmanifest.xml HTTP/1.1" 404 39182 "-" "Mozilla/5.0 (Windows NT 10.0; Win64; x64) AppleWebKit/537.36 (KHTML, like Gecko) Chrome/74.0.3729.169 Safari/537.36"
80.255.2.83 - - [07/Aug/2021:22:28:54 +0000] "GET //2018/wp-includes/wlwmanifest.xml HTTP/1.1" 404 39182 "-" "Mozilla/5.0 (Windows NT 10.0; Win64; x64) AppleWebKit/537.36 (KHTML, like Gecko) Chrome/74.0.3729.169 Safari/537.36"
80.255.2.83 - - [07/Aug/2021:22:28:54 +0000] "GET //2018/wp-includes/wlwmanifest.xml HTTP/1.1" 404 39182 "-" "Mozilla/5.0 (Windows NT 10.0; Win64; x64) AppleWebKit/537.36 (KHTML, like Gecko) Chrome/74.0.3729.169 Safari/537.36"
80.255.2.83 - - [07/Aug/2021:22:28:54 +0000] "GET //shop/wp-includes/wlwmanifest.xml HTTP/1.1" 404 39182 "-" "Mozilla/5.0 (Windows NT 10.0; Win64; x64) AppleWebKit/537.36 (KHTML, like Gecko) Chrome/74.0.3729.169 Safari/537.36"
80.255.2.83 - - [07/Aug/2021:22:28:54 +0000] "GET //shop/wp-includes/wlwmanifest.xml HTTP/1.1" 404 39182 "-" "Mozilla/5.0 (Windows NT 10.0; Win64; x64) AppleWebKit/537.36 (KHTML, like Gecko) Chrome/74.0.3729.169 Safari/537.36"
80.255.2.83 - - [07/Aug/2021:22:28:55 +0000] "GET //wp1/wp-includes/wlwmanifest.xml HTTP/1.1" 404 39182 "-" "Mozilla/5.0 (Windows NT 10.0; Win64; x64) AppleWebKit/537.36 (KHTML, like Gecko) Chrome/74.0.3729.169 Safari/537.36"
80.255.2.83 - - [07/Aug/2021:22:28:55 +0000] "GET //wp1/wp-includes/wlwmanifest.xml HTTP/1.1" 404 39182 "-" "Mozilla/5.0 (Windows NT 10.0; Win64; x64) AppleWebKit/537.36 (KHTML, like Gecko) Chrome/74.0.3729.169 Safari/537.36"
80.255.2.83 - - [07/Aug/2021:22:28:55 +0000] "GET //test/wp-includes/wlwmanifest.xml HTTP/1.1" 404 39182 "-" "Mozilla/5.0 (Windows NT 10.0; Win64; x64) AppleWebKit/537.36 (KHTML, like Gecko) Chrome/74.0.3729.169 Safari/537.36"
80.255.2.83 - - [07/Aug/2021:22:28:55 +0000] "GET //test/wp-includes/wlwmanifest.xml HTTP/1.1" 404 39182 "-" "Mozilla/5.0 (Windows NT 10.0; Win64; x64) AppleWebKit/537.36 (KHTML, like Gecko) Chrome/74.0.3729.169 Safari/537.36"
80.255.2.83 - - [07/Aug/2021:22:28:55 +0000] "GET //media/wp-includes/wlwmanifest.xml HTTP/1.1" 404 39182 "-" "Mozilla/5.0 (Windows NT 10.0; Win64; x64) AppleWebKit/537.36 (KHTML, like Gecko) Chrome/74.0.3729.169 Safari/537.36"
80.255.2.83 - - [07/Aug/2021:22:28:55 +0000] "GET //media/wp-includes/wlwmanifest.xml HTTP/1.1" 404 39182 "-" "Mozilla/5.0 (Windows NT 10.0; Win64; x64) AppleWebKit/537.36 (KHTML, like Gecko) Chrome/74.0.3729.169 Safari/537.36"
80.255.2.83 - - [07/Aug/2021:22:28:56 +0000] "GET //wp2/wp-includes/wlwmanifest.xml HTTP/1.1" 404 39182 "-" "Mozilla/5.0 (Windows NT 10.0; Win64; x64) AppleWebKit/537.36 (KHTML, like Gecko) Chrome/74.0.3729.169 Safari/537.36"
80.255.2.83 - - [07/Aug/2021:22:28:56 +0000] "GET //wp2/wp-includes/wlwmanifest.xml HTTP/1.1" 404 39182 "-" "Mozilla/5.0 (Windows NT 10.0; Win64; x64) AppleWebKit/537.36 (KHTML, like Gecko) Chrome/74.0.3729.169 Safari/537.36"
80.255.2.83 - - [07/Aug/2021:22:28:56 +0000] "GET //site/wp-includes/wlwmanifest.xml HTTP/1.1" 404 39182 "-" "Mozilla/5.0 (Windows NT 10.0; Win64; x64) AppleWebKit/537.36 (KHTML, like Gecko) Chrome/74.0.3729.169 Safari/537.36"
80.255.2.83 - - [07/Aug/2021:22:28:56 +0000] "GET //site/wp-includes/wlwmanifest.xml HTTP/1.1" 404 39182 "-" "Mozilla/5.0 (Windows NT 10.0; Win64; x64) AppleWebKit/537.36 (KHTML, like Gecko) Chrome/74.0.3729.169 Safari/537.36"
80.255.2.83 - - [07/Aug/2021:22:28:56 +0000] "GET //cms/wp-includes/wlwmanifest.xml HTTP/1.1" 404 39182 "-" "Mozilla/5.0 (Windows NT 10.0; Win64; x64) AppleWebKit/537.36 (KHTML, like Gecko) Chrome/74.0.3729.169 Safari/537.36"
80.255.2.83 - - [07/Aug/2021:22:28:56 +0000] "GET //cms/wp-includes/wlwmanifest.xml HTTP/1.1" 404 39182 "-" "Mozilla/5.0 (Windows NT 10.0; Win64; x64) AppleWebKit/537.36 (KHTML, like Gecko) Chrome/74.0.3729.169 Safari/537.36"
80.255.2.83 - - [07/Aug/2021:22:28:56 +0000] "GET //sito/wp-includes/wlwmanifest.xml HTTP/1.1" 404 39182 "-" "Mozilla/5.0 (Windows NT 10.0; Win64; x64) AppleWebKit/537.36 (KHTML, like Gecko) Chrome/74.0.3729.169 Safari/537.36"
80.255.2.83 - - [07/Aug/2021:22:28:57 +0000] "GET //sito/wp-includes/wlwmanifest.xml HTTP/1.1" 404 39182 "-" "Mozilla/5.0 (Windows NT 10.0; Win64; x64) AppleWebKit/537.36 (KHTML, like Gecko) Chrome/74.0.3729.169 Safari/537.36"
34.139.246.38 - - [07/Aug/2021:22:30:38 +0000] "GET /LoanAgainstProperty.html HTTP/1.0" 200 21677 "-" "ZoominfoBot (zoominfobot at zoominfo dot com)"
180.179.180.41 - - [07/Aug/2021:22:40:47 +0000] "GET /robots.txt HTTP/1.1" 200 53 "-" "Mozilla/5.0/5.0"
180.179.180.41 - - [07/Aug/2021:22:40:47 +0000] "GET /apply-now.php?post=Tele+Sales+Executive+%2C+Exp.+Min+1-2+Year+%28Only+For+Female%29 HTTP/1.1" 200 22550 "-" "Mozilla/5.0/5.0"
180.179.180.41 - - [07/Aug/2021:22:44:03 +0000] "GET /apply-now.php?post=Tele%20Sales%20Executive%20,%20Exp.%20Min%201-2%20Year%20(Only%20For%20Female) HTTP/1.1" 200 22550 "-" "Mozilla/5.0/5.0"
157.55.39.44 - - [07/Aug/2021:22:44:37 +0000] "GET /sitemap.xml.gz HTTP/1.1" 301 246 "-" "Mozilla/5.0 (compatible; bingbot/2.0; +http://www.bing.com/bingbot.htm)"
157.55.39.44 - - [07/Aug/2021:22:44:56 +0000] "GET /sitemap.xml.gz HTTP/1.1" 200 645 "-" "Mozilla/5.0 (compatible; bingbot/2.0; +http://www.bing.com/bingbot.htm)"
35.196.166.202 - - [07/Aug/2021:22:45:27 +0000] "GET /robots.txt HTTP/1.0" 301 242 "-" "ZoominfoBot (zoominfobot at zoominfo dot com)"
35.196.166.202 - - [07/Aug/2021:22:45:28 +0000] "GET /robots.txt HTTP/1.1" 200 53 "-" "ZoominfoBot (zoominfobot at zoominfo dot com)"
35.196.166.202 - - [07/Aug/2021:22:45:29 +0000] "GET /careers.php HTTP/1.0" 301 243 "-" "ZoominfoBot (zoominfobot at zoominfo dot com)"
35.196.166.202 - - [07/Aug/2021:22:46:09 +0000] "GET /contact-us.php HTTP/1.0" 301 246 "-" "ZoominfoBot (zoominfobot at zoominfo dot com)"
35.196.166.202 - - [07/Aug/2021:22:50:06 +0000] "GET /robots.txt HTTP/1.0" 200 53 "-" "ZoominfoBot (zoominfobot at zoominfo dot com)"
35.196.166.202 - - [07/Aug/2021:22:50:06 +0000] "GET /CashManagement.html HTTP/1.0" 200 20997 "-" "ZoominfoBot (zoominfobot at zoominfo dot com)"
35.196.166.202 - - [07/Aug/2021:22:51:38 +0000] "GET /FAQ HTTP/1.0" 200 24936 "-" "ZoominfoBot (zoominfobot at zoominfo dot com)"
5.45.207.143 - - [07/Aug/2021:22:53:37 +0000] "GET /robots.txt HTTP/1.1" 301 242 "-" "Mozilla/5.0 (compatible; YandexBot/3.0; +http://yandex.com/bots)"
5.255.231.244 - - [07/Aug/2021:22:53:37 +0000] "GET /robots.txt HTTP/1.1" 200 53 "-" "Mozilla/5.0 (compatible; YandexBot/3.0; +http://yandex.com/bots)"
5.45.207.143 - - [07/Aug/2021:22:53:41 +0000] "GET /favicon/apple-icon-114x114.png HTTP/1.1" 301 262 "-" "Mozilla/5.0 (compatible; YandexFavicons/1.0; +http://yandex.com/bots)"
5.255.231.244 - - [07/Aug/2021:22:53:41 +0000] "GET /robots.txt HTTP/1.1" 200 53 "-" "Mozilla/5.0 (compatible; YandexBot/3.0; +http://yandex.com/bots)"
5.45.207.143 - - [07/Aug/2021:22:53:45 +0000] "GET /favicon/apple-icon-114x114.png HTTP/1.1" 200 13944 "-" "Mozilla/5.0 (compatible; YandexFavicons/1.0; +http://yandex.com/bots)"
35.196.166.202 - - [07/Aug/2021:22:55:14 +0000] "GET /Retirement-Pension.html HTTP/1.0" 200 21084 "-" "ZoominfoBot (zoominfobot at zoominfo dot com)"
35.196.166.202 - - [07/Aug/2021:22:56:34 +0000] "GET /index.php HTTP/1.0" 301 241 "-" "ZoominfoBot (zoominfobot at zoominfo dot com)"
35.196.166.202 - - [07/Aug/2021:22:58:04 +0000] "GET /Taxation.html HTTP/1.0" 200 21103 "-" "ZoominfoBot (zoominfobot at zoominfo dot com)"
35.196.166.202 - - [07/Aug/2021:22:59:04 +0000] "GET /Fixed-Deposit.html HTTP/1.0" 200 20797 "-" "ZoominfoBot (zoominfobot at zoominfo dot com)"
35.196.166.202 - - [07/Aug/2021:23:02:53 +0000] "GET /LoanAgainstProperty.html HTTP/1.0" 200 21677 "-" "ZoominfoBot (zoominfobot at zoominfo dot com)"
35.196.166.202 - - [07/Aug/2021:23:09:41 +0000] "GET /favicon/manifest.json HTTP/1.0" 301 253 "-" "ZoominfoBot (zoominfobot at zoominfo dot com)"
35.196.166.202 - - [07/Aug/2021:23:11:00 +0000] "GET /Home-Loan.html HTTP/1.0" 200 21146 "-" "ZoominfoBot (zoominfobot at zoominfo dot com)"
5.255.253.138 - - [07/Aug/2021:23:11:51 +0000] "GET /favicon/android-icon-192x192.png HTTP/1.1" 301 264 "-" "Mozilla/5.0 (compatible; YandexFavicons/1.0; +http://yandex.com/bots)"
5.45.207.143 - - [07/Aug/2021:23:11:52 +0000] "GET /favicon/android-icon-192x192.png HTTP/1.1" 200 27771 "-" "Mozilla/5.0 (compatible; YandexFavicons/1.0; +http://yandex.com/bots)"
35.196.166.202 - - [07/Aug/2021:23:19:28 +0000] "GET /ConsultancyinVariousFields.html HTTP/1.0" 200 21477 "-" "ZoominfoBot (zoominfobot at zoominfo dot com)"
35.196.166.202 - - [07/Aug/2021:23:19:32 +0000] "GET /MutualFunds.html HTTP/1.0" 200 21076 "-" "ZoominfoBot (zoominfobot at zoominfo dot com)"
35.196.166.202 - - [07/Aug/2021:23:20:15 +0000] "GET /Business-Loan.html HTTP/1.0" 200 21270 "-" "ZoominfoBot (zoominfobot at zoominfo dot com)"
35.196.166.202 - - [07/Aug/2021:23:22:07 +0000] "GET /banking-services.php HTTP/1.0" 301 252 "-" "ZoominfoBot (zoominfobot at zoominfo dot com)"
35.196.166.202 - - [07/Aug/2021:23:22:49 +0000] "GET /award-certification.php HTTP/1.0" 301 255 "-" "ZoominfoBot (zoominfobot at zoominfo dot com)"
35.196.166.202 - - [07/Aug/2021:23:27:19 +0000] "GET /Support-Forum HTTP/1.0" 200 24936 "-" "ZoominfoBot (zoominfobot at zoominfo dot com)"
35.196.166.202 - - [07/Aug/2021:23:30:29 +0000] "GET /consultancy-services.php HTTP/1.0" 301 256 "-" "ZoominfoBot (zoominfobot at zoominfo dot com)"
35.196.166.202 - - [07/Aug/2021:23:30:49 +0000] "GET /Careers HTTP/1.0" 200 25245 "-" "ZoominfoBot (zoominfobot at zoominfo dot com)"
35.196.166.202 - - [07/Aug/2021:23:32:05 +0000] "GET /Documentaion HTTP/1.0" 200 24936 "-" "ZoominfoBot (zoominfobot at zoominfo dot com)"
5.188.48.98 - - [07/Aug/2021:23:35:19 +0000] "GET / HTTP/1.0" 301 232 "http://sonvarsa.com/" "Mozilla/5.0 (Windows NT 10.0; Win64; x64) AppleWebKit/537.36 (KHTML, like Gecko) Chrome/90.0.4430.86 Safari/537.36"
5.188.48.98 - - [07/Aug/2021:23:35:19 +0000] "GET / HTTP/1.0" 301 232 "http://sonvarsa.com/" "Mozilla/5.0 (Windows NT 10.0; WOW64) AppleWebKit/537.36 (KHTML, like Gecko) Chrome/90.0.4430.85 Safari/537.36"
5.188.48.98 - - [07/Aug/2021:23:35:19 +0000] "GET / HTTP/1.0" 200 39210 "http://www.sonvarsa.com/" "Mozilla/5.0 (Windows NT 10.0; Win64; x64) AppleWebKit/537.36 (KHTML, like Gecko) Chrome/90.0.4430.86 Safari/537.36"
5.188.48.98 - - [07/Aug/2021:23:35:20 +0000] "GET / HTTP/1.0" 200 39210 "http://www.sonvarsa.com/" "Mozilla/5.0 (Windows NT 10.0; WOW64) AppleWebKit/537.36 (KHTML, like Gecko) Chrome/90.0.4430.85 Safari/537.36"
5.188.48.98 - - [07/Aug/2021:23:35:20 +0000] "GET /Support-Forum HTTP/1.0" 200 24936 "http://www.sonvarsa.com/Support-Forum" "Mozilla/5.0 (Windows NT 10.0; Win64; x64) AppleWebKit/537.36 (KHTML, like Gecko) Chrome/90.0.4430.86 Safari/537.36"
5.188.48.98 - - [07/Aug/2021:23:35:20 +0000] "GET /Support-Forum HTTP/1.0" 200 24936 "http://www.sonvarsa.com/Support-Forum" "Mozilla/5.0 (Windows NT 10.0; WOW64) AppleWebKit/537.36 (KHTML, like Gecko) Chrome/90.0.4430.85 Safari/537.36"
35.196.166.202 - - [07/Aug/2021:23:36:17 +0000] "GET /Vision HTTP/1.0" 200 25472 "-" "ZoominfoBot (zoominfobot at zoominfo dot com)"
35.196.166.202 - - [07/Aug/2021:23:36:52 +0000] "GET /financial-services.php HTTP/1.0" 301 254 "-" "ZoominfoBot (zoominfobot at zoominfo dot com)"
35.196.166.202 - - [07/Aug/2021:23:37:38 +0000] "GET /about-us.php HTTP/1.0" 301 244 "-" "ZoominfoBot (zoominfobot at zoominfo dot com)"
35.196.166.202 - - [07/Aug/2021:23:39:30 +0000] "GET /ChildsFuture.html HTTP/1.0" 200 21382 "-" "ZoominfoBot (zoominfobot at zoominfo dot com)"
35.196.166.202 - - [07/Aug/2021:23:42:31 +0000] "GET /Mission HTTP/1.0" 200 26487 "-" "ZoominfoBot (zoominfobot at zoominfo dot com)"
35.196.166.202 - - [07/Aug/2021:23:44:50 +0000] "GET /PortfolioManagement.html HTTP/1.0" 200 21175 "-" "ZoominfoBot (zoominfobot at zoominfo dot com)"
35.196.166.202 - - [07/Aug/2021:23:46:51 +0000] "GET /CommercialandFinancialLegal.html HTTP/1.0" 200 21151 "-" "ZoominfoBot (zoominfobot at zoominfo dot com)"
35.196.166.202 - - [07/Aug/2021:23:51:16 +0000] "GET /Social-Marketing HTTP/1.0" 200 24936 "-" "ZoominfoBot (zoominfobot at zoominfo dot com)"
208.72.20.109 - - [08/Aug/2021:00:21:19 +0000] "GET / HTTP/1.1" 301 232 "-" "User-Agent\" \"Mozilla/5.0 (Windows NT 6.1;) Gecko/20100101 Firefox/13.0.1, Mozilla/5.0 (Macintosh; Intel Mac OS X 10_10; rv:33.0) Gecko/20100101 Firefox/33.0"
208.72.21.39 - - [08/Aug/2021:00:21:19 +0000] "GET / HTTP/1.1" 200 39210 "-" "User-Agent\" \"Mozilla/5.0 (Windows NT 6.1;) Gecko/20100101 Firefox/13.0.1, Mozilla/5.0 (Macintosh; Intel Mac OS X 10_10; rv:33.0) Gecko/20100101 Firefox/33.0"
66.249.73.170 - - [08/Aug/2021:00:35:21 +0000] "GET /contact-us.php HTTP/1.1" 301 246 "-" "Mozilla/5.0 (Linux; Android 6.0.1; Nexus 5X Build/MMB29P) AppleWebKit/537.36 (KHTML, like Gecko) Chrome/92.0.4515.119 Mobile Safari/537.36 (compatible; Googlebot/2.1; +http://www.google.com/bot.html)"
66.249.65.241 - - [08/Aug/2021:00:35:22 +0000] "GET /robots.txt HTTP/1.1" 200 53 "-" "Mozilla/5.0 (compatible; Googlebot/2.1; +http://www.google.com/bot.html)"
66.249.65.243 - - [08/Aug/2021:00:35:22 +0000] "GET /contact-us.php HTTP/1.1" 200 24578 "-" "Mozilla/5.0 (Linux; Android 6.0.1; Nexus 5X Build/MMB29P) AppleWebKit/537.36 (KHTML, like Gecko) Chrome/92.0.4515.119 Mobile Safari/537.36 (compatible; Googlebot/2.1; +http://www.google.com/bot.html)"
66.249.65.245 - - [08/Aug/2021:00:41:03 +0000] "GET /MutualFunds.html HTTP/1.1" 200 21076 "-" "Mozilla/5.0 (compatible; Googlebot/2.1; +http://www.google.com/bot.html)"
66.249.65.245 - - [08/Aug/2021:00:41:05 +0000] "GET /scripts/pi.init.slider.js HTTP/1.1" 200 1110 "http://www.sonvarsa.com/MutualFunds.html" "Mozilla/5.0 AppleWebKit/537.36 (KHTML, like Gecko; compatible; Googlebot/2.1; +http://www.google.com/bot.html) Chrome/92.0.4515.119 Safari/537.36"
40.77.167.7 - - [08/Aug/2021:01:06:29 +0000] "GET /sitemap.xml HTTP/1.1" 301 243 "-" "Mozilla/5.0 (compatible; bingbot/2.0; +http://www.bing.com/bingbot.htm)"
40.77.167.7 - - [08/Aug/2021:01:06:37 +0000] "GET /sitemap.xml HTTP/1.1" 200 3388 "-" "Mozilla/5.0 (compatible; bingbot/2.0; +http://www.bing.com/bingbot.htm)"
207.46.13.0 - - [08/Aug/2021:01:31:42 +0000] "GET /robots.txt HTTP/1.1" 200 53 "-" "Mozilla/5.0 (compatible; bingbot/2.0; +http://www.bing.com/bingbot.htm)"
207.46.13.0 - - [08/Aug/2021:01:31:43 +0000] "GET /robots.txt HTTP/1.1" 200 53 "-" "Mozilla/5.0 (compatible; bingbot/2.0; +http://www.bing.com/bingbot.htm)"
157.55.39.44 - - [08/Aug/2021:01:31:53 +0000] "GET /sitemap.xml.gz HTTP/1.1" 200 645 "-" "Mozilla/5.0 (compatible; bingbot/2.0; +http://www.bing.com/bingbot.htm)"
157.55.39.44 - - [08/Aug/2021:02:06:47 +0000] "GET / HTTP/1.1" 200 39210 "-" "Mozilla/5.0 (compatible; bingbot/2.0; +http://www.bing.com/bingbot.htm)"
34.139.108.36 - - [08/Aug/2021:02:51:48 +0000] "GET /robots.txt HTTP/1.0" 301 242 "-" "ZoominfoBot (zoominfobot at zoominfo dot com)"
34.139.108.36 - - [08/Aug/2021:02:51:49 +0000] "GET /robots.txt HTTP/1.1" 200 53 "-" "ZoominfoBot (zoominfobot at zoominfo dot com)"
34.139.108.36 - - [08/Aug/2021:02:51:49 +0000] "GET / HTTP/1.0" 301 232 "-" "ZoominfoBot (zoominfobot at zoominfo dot com)"
34.139.108.36 - - [08/Aug/2021:02:52:51 +0000] "GET /robots.txt HTTP/1.0" 200 53 "-" "ZoominfoBot (zoominfobot at zoominfo dot com)"
34.139.108.36 - - [08/Aug/2021:02:52:51 +0000] "GET / HTTP/1.0" 200 39210 "-" "ZoominfoBot (zoominfobot at zoominfo dot com)"
198.204.234.252 - - [08/Aug/2021:03:17:50 +0000] "GET / HTTP/1.1" 200 39210 "http://www.google.com.hk" "Mozilla/5.0 (Windows NT 6.1; WOW64) AppleWebKit/537.36 (KHTML, like Gecko) Chrome/42.0.2311.90 Safari/537.36"
157.55.39.44 - - [08/Aug/2021:03:17:53 +0000] "GET / HTTP/1.1" 200 39210 "-" "Mozilla/5.0 (compatible; bingbot/2.0; +http://www.bing.com/bingbot.htm)"
66.249.65.241 - - [08/Aug/2021:03:43:13 +0000] "GET / HTTP/1.1" 200 39210 "-" "Mozilla/5.0 (Linux; Android 6.0.1; Nexus 5X Build/MMB29P) AppleWebKit/537.36 (KHTML, like Gecko) Chrome/92.0.4515.119 Mobile Safari/537.36 (compatible; Googlebot/2.1; +http://www.google.com/bot.html)"
34.223.100.42 - - [08/Aug/2021:04:11:09 +0000] "GET / HTTP/1.1" 301 232 "-" "Mozilla/5.0 (Windows NT 10.0; Win64; x64) AppleWebKit/537.36 (KHTML, like Gecko; compatible; BW/1.1; bit.ly/2W6Px8S) Chrome/84.0.4147.105 Safari/537.36"
34.223.100.42 - - [08/Aug/2021:04:11:10 +0000] "GET / HTTP/1.1" 200 39210 "-" "Mozilla/5.0 (Windows NT 10.0; Win64; x64) AppleWebKit/537.36 (KHTML, like Gecko; compatible; BW/1.1; bit.ly/2W6Px8S) Chrome/84.0.4147.105 Safari/537.36"
34.223.100.42 - - [08/Aug/2021:04:11:12 +0000] "GET /robots.txt HTTP/1.1" 200 53 "-" "Mozilla/5.0 (Windows NT 10.0; Win64; x64) AppleWebKit/537.36 (KHTML, like Gecko; compatible; BW/1.1; bit.ly/2W6Px8S) Chrome/84.0.4147.105 Safari/537.36"
66.249.73.172 - - [08/Aug/2021:04:30:20 +0000] "GET /Retirement-Pension.html HTTP/1.1" 301 255 "-" "Mozilla/5.0 (Linux; Android 6.0.1; Nexus 5X Build/MMB29P) AppleWebKit/537.36 (KHTML, like Gecko) Chrome/92.0.4515.119 Mobile Safari/537.36 (compatible; Googlebot/2.1; +http://www.google.com/bot.html)"
66.249.65.241 - - [08/Aug/2021:04:30:21 +0000] "GET /Retirement-Pension.html HTTP/1.1" 200 21084 "-" "Mozilla/5.0 (Linux; Android 6.0.1; Nexus 5X Build/MMB29P) AppleWebKit/537.36 (KHTML, like Gecko) Chrome/92.0.4515.119 Mobile Safari/537.36 (compatible; Googlebot/2.1; +http://www.google.com/bot.html)"
157.55.39.44 - - [08/Aug/2021:05:13:04 +0000] "GET / HTTP/1.1" 301 232 "-" "Mozilla/5.0 (compatible; bingbot/2.0; +http://www.bing.com/bingbot.htm)"
157.55.39.44 - - [08/Aug/2021:05:16:35 +0000] "GET / HTTP/1.1" 301 232 "-" "Mozilla/5.0 (compatible; bingbot/2.0; +http://www.bing.com/bingbot.htm)"
51.161.66.99 - - [08/Aug/2021:05:22:44 +0000] "GET / HTTP/1.0" 301 232 "http://sonvarsa.com/" "Mozilla/5.0 (Windows NT 10.0) AppleWebKit/537.36 (KHTML, like Gecko) Chrome/90.0.4430.93 Safari/537.36"
51.161.66.99 - - [08/Aug/2021:05:22:45 +0000] "GET / HTTP/1.0" 200 39210 "http://www.sonvarsa.com/" "Mozilla/5.0 (Windows NT 10.0) AppleWebKit/537.36 (KHTML, like Gecko) Chrome/90.0.4430.93 Safari/537.36"
51.161.66.99 - - [08/Aug/2021:05:22:46 +0000] "GET /Support-Forum HTTP/1.0" 200 24936 "http://www.sonvarsa.com/Support-Forum" "Mozilla/5.0 (Windows NT 10.0) AppleWebKit/537.36 (KHTML, like Gecko) Chrome/90.0.4430.93 Safari/537.36"
66.249.73.174 - - [08/Aug/2021:05:24:20 +0000] "GET /ConsultancyinVariousFields.html HTTP/1.1" 301 263 "-" "Mozilla/5.0 (Linux; Android 6.0.1; Nexus 5X Build/MMB29P) AppleWebKit/537.36 (KHTML, like Gecko) Chrome/92.0.4515.119 Mobile Safari/537.36 (compatible; Googlebot/2.1; +http://www.google.com/bot.html)"
66.249.73.174 - - [08/Aug/2021:05:24:20 +0000] "GET /robots.txt HTTP/1.1" 301 242 "-" "Mozilla/5.0 (compatible; Googlebot/2.1; +http://www.google.com/bot.html)"
66.249.65.245 - - [08/Aug/2021:05:24:20 +0000] "GET /ConsultancyinVariousFields.html HTTP/1.1" 200 21477 "-" "Mozilla/5.0 (Linux; Android 6.0.1; Nexus 5X Build/MMB29P) AppleWebKit/537.36 (KHTML, like Gecko) Chrome/92.0.4515.119 Mobile Safari/537.36 (compatible; Googlebot/2.1; +http://www.google.com/bot.html)"
66.249.65.245 - - [08/Aug/2021:05:24:20 +0000] "GET /robots.txt HTTP/1.1" 200 53 "-" "Mozilla/5.0 (compatible; Googlebot/2.1; +http://www.google.com/bot.html)"
66.249.65.243 - - [08/Aug/2021:05:24:23 +0000] "GET /3dParty/jquery.placeholder.js HTTP/1.1" 200 5476 "http://www.sonvarsa.com/ConsultancyinVariousFields.html" "Mozilla/5.0 (Linux; Android 6.0.1; Nexus 5X Build/MMB29P) AppleWebKit/537.36 (KHTML, like Gecko) Chrome/92.0.4515.119 Mobile Safari/537.36 (compatible; Googlebot/2.1; +http://www.google.com/bot.html)"
66.249.73.172 - - [08/Aug/2021:05:26:26 +0000] "GET /award-certification.php HTTP/1.1" 301 255 "-" "Mozilla/5.0 (Linux; Android 6.0.1; Nexus 5X Build/MMB29P) AppleWebKit/537.36 (KHTML, like Gecko) Chrome/92.0.4515.119 Mobile Safari/537.36 (compatible; Googlebot/2.1; +http://www.google.com/bot.html)"
66.249.65.241 - - [08/Aug/2021:05:26:27 +0000] "GET /award-certification.php HTTP/1.1" 200 17790 "-" "Mozilla/5.0 (Linux; Android 6.0.1; Nexus 5X Build/MMB29P) AppleWebKit/537.36 (KHTML, like Gecko) Chrome/92.0.4515.119 Mobile Safari/537.36 (compatible; Googlebot/2.1; +http://www.google.com/bot.html)"
66.249.73.174 - - [08/Aug/2021:05:37:05 +0000] "GET /award-certification.php HTTP/1.1" 301 255 "-" "Mozilla/5.0 (Linux; Android 6.0.1; Nexus 5X Build/MMB29P) AppleWebKit/537.36 (KHTML, like Gecko) Chrome/92.0.4515.119 Mobile Safari/537.36 (compatible; Googlebot/2.1; +http://www.google.com/bot.html)"
66.249.73.160 - - [08/Aug/2021:05:43:41 +0000] "GET /robots.txt HTTP/1.1" 301 242 "-" "Mozilla/5.0 (compatible; Googlebot/2.1; +http://www.google.com/bot.html)"
66.249.73.174 - - [08/Aug/2021:05:43:41 +0000] "GET /ads.txt HTTP/1.1" 301 239 "-" "Mozilla/5.0 (compatible; Googlebot/2.1; +http://www.google.com/bot.html)"
66.249.73.166 - - [08/Aug/2021:05:43:42 +0000] "GET /ads.txt HTTP/1.1" 301 239 "-" "Mozilla/5.0 (compatible; Googlebot/2.1; +http://www.google.com/bot.html)"
66.249.65.241 - - [08/Aug/2021:05:43:43 +0000] "GET /ads.txt HTTP/1.1" 404 39182 "-" "Mozilla/5.0 (compatible; Googlebot/2.1; +http://www.google.com/bot.html)"
66.249.65.241 - - [08/Aug/2021:05:43:45 +0000] "GET /ads.txt HTTP/1.1" 404 39182 "-" "Mozilla/5.0 (compatible; Googlebot/2.1; +http://www.google.com/bot.html)"
216.244.66.226 - - [08/Aug/2021:06:05:31 +0000] "GET /robots.txt HTTP/1.1" 301 242 "-" "Mozilla/5.0 (compatible; DotBot/1.2; +https://opensiteexplorer.org/dotbot; help@moz.com)"
216.244.66.226 - - [08/Aug/2021:06:05:32 +0000] "GET /robots.txt HTTP/1.1" 200 53 "-" "Mozilla/5.0 (compatible; DotBot/1.2; +https://opensiteexplorer.org/dotbot; help@moz.com)"
216.244.66.226 - - [08/Aug/2021:06:19:50 +0000] "GET /apply-now.php?post=Sales%20Executive%20,%20Exp.%20Min%201-2%20Year HTTP/1.1" 301 298 "-" "Mozilla/5.0 (compatible; DotBot/1.2; +https://opensiteexplorer.org/dotbot; help@moz.com)"
81.222.84.2 - - [08/Aug/2021:06:35:43 +0000] "GET / HTTP/1.0" 301 232 "http://sonvarsa.com/" "Mozilla/5.0 (Windows NT 6.3) AppleWebKit/537.36 (KHTML, like Gecko) Chrome/90.0.4430.72 Safari/537.36"
81.222.84.2 - - [08/Aug/2021:06:35:45 +0000] "GET / HTTP/1.0" 200 39210 "http://www.sonvarsa.com/" "Mozilla/5.0 (Windows NT 6.3) AppleWebKit/537.36 (KHTML, like Gecko) Chrome/90.0.4430.72 Safari/537.36"
81.222.84.2 - - [08/Aug/2021:06:35:48 +0000] "GET /Support-Forum HTTP/1.0" 200 24936 "http://www.sonvarsa.com/Support-Forum" "Mozilla/5.0 (Windows NT 6.3) AppleWebKit/537.36 (KHTML, like Gecko) Chrome/90.0.4430.72 Safari/537.36"
81.222.84.2 - - [08/Aug/2021:06:35:50 +0000] "GET /CommercialandFinancialLegal.html HTTP/1.0" 200 21151 "http://www.sonvarsa.com/CommercialandFinancialLegal.html" "Mozilla/5.0 (Windows NT 6.3) AppleWebKit/537.36 (KHTML, like Gecko) Chrome/90.0.4430.72 Safari/537.36"
66.249.73.170 - - [08/Aug/2021:06:40:29 +0000] "GET /award-certification.php HTTP/1.1" 301 255 "-" "Mozilla/5.0 (compatible; Googlebot/2.1; +http://www.google.com/bot.html)"
66.249.65.241 - - [08/Aug/2021:06:40:29 +0000] "GET /award-certification.php HTTP/1.1" 200 17790 "-" "Mozilla/5.0 (compatible; Googlebot/2.1; +http://www.google.com/bot.html)"
85.249.40.221 - - [08/Aug/2021:06:45:22 +0000] "GET / HTTP/1.0" 301 232 "http://sonvarsa.com/" "Mozilla/5.0 (Windows NT 6.1; WOW64) AppleWebKit/537.36 (KHTML, like Gecko) Chrome/90.0.4430.85 Safari/537.36"
85.249.40.221 - - [08/Aug/2021:06:45:23 +0000] "GET / HTTP/1.0" 200 39210 "http://www.sonvarsa.com/" "Mozilla/5.0 (Windows NT 6.1; WOW64) AppleWebKit/537.36 (KHTML, like Gecko) Chrome/90.0.4430.85 Safari/537.36"
85.249.40.221 - - [08/Aug/2021:06:45:24 +0000] "GET /Support-Forum HTTP/1.0" 200 24936 "http://www.sonvarsa.com/Support-Forum" "Mozilla/5.0 (Windows NT 6.1; WOW64) AppleWebKit/537.36 (KHTML, like Gecko) Chrome/90.0.4430.85 Safari/537.36"
85.249.40.221 - - [08/Aug/2021:06:45:25 +0000] "GET /CommercialandFinancialLegal.html HTTP/1.0" 200 21151 "http://www.sonvarsa.com/CommercialandFinancialLegal.html" "Mozilla/5.0 (Windows NT 6.1; WOW64) AppleWebKit/537.36 (KHTML, like Gecko) Chrome/90.0.4430.85 Safari/537.36"
185.191.171.9 - - [08/Aug/2021:06:48:56 +0000] "GET /robots.txt HTTP/1.1" 200 53 "-" "Mozilla/5.0 (compatible; SemrushBot/7~bl; +http://www.semrush.com/bot.html)"
185.191.171.33 - - [08/Aug/2021:06:48:56 +0000] "GET /Careers HTTP/1.1" 200 25245 "-" "Mozilla/5.0 (compatible; SemrushBot/7~bl; +http://www.semrush.com/bot.html)"
114.119.136.221 - - [08/Aug/2021:06:58:43 +0000] "GET /robots.txt HTTP/1.1" 200 53 "-" "Mozilla/5.0 (compatible;PetalBot;+https://webmaster.petalsearch.com/site/petalbot)"
34.75.245.39 - - [08/Aug/2021:07:14:01 +0000] "GET /robots.txt HTTP/1.0" 301 242 "-" "ZoominfoBot (zoominfobot at zoominfo dot com)"
34.75.245.39 - - [08/Aug/2021:07:14:02 +0000] "GET /robots.txt HTTP/1.1" 200 53 "-" "ZoominfoBot (zoominfobot at zoominfo dot com)"
34.75.245.39 - - [08/Aug/2021:07:14:02 +0000] "GET / HTTP/1.0" 301 232 "-" "ZoominfoBot (zoominfobot at zoominfo dot com)"
34.75.245.39 - - [08/Aug/2021:07:15:10 +0000] "GET /robots.txt HTTP/1.0" 200 53 "-" "ZoominfoBot (zoominfobot at zoominfo dot com)"
34.75.245.39 - - [08/Aug/2021:07:15:10 +0000] "GET / HTTP/1.0" 200 39210 "-" "ZoominfoBot (zoominfobot at zoominfo dot com)"
66.249.73.170 - - [08/Aug/2021:07:16:20 +0000] "GET /Home-Loan.html HTTP/1.1" 301 246 "-" "Mozilla/5.0 (Linux; Android 6.0.1; Nexus 5X Build/MMB29P) AppleWebKit/537.36 (KHTML, like Gecko) Chrome/92.0.4515.119 Mobile Safari/537.36 (compatible; Googlebot/2.1; +http://www.google.com/bot.html)"
66.249.65.243 - - [08/Aug/2021:07:16:21 +0000] "GET /Home-Loan.html HTTP/1.1" 200 21146 "-" "Mozilla/5.0 (Linux; Android 6.0.1; Nexus 5X Build/MMB29P) AppleWebKit/537.36 (KHTML, like Gecko) Chrome/92.0.4515.119 Mobile Safari/537.36 (compatible; Googlebot/2.1; +http://www.google.com/bot.html)"
66.249.65.241 - - [08/Aug/2021:07:28:24 +0000] "GET /LoanAgainstProperty.html HTTP/1.1" 200 21677 "-" "Mozilla/5.0 (compatible; Googlebot/2.1; +http://www.google.com/bot.html)"
157.45.124.61 - - [08/Aug/2021:07:41:59 +0000] "GET /galleryimg/9477357cash1-management-software-in-ahmedabad.png HTTP/1.1" 200 397847 "https://www.google.com/" "Mozilla/5.0 (Windows NT 6.1) AppleWebKit/537.36 (KHTML, like Gecko) Chrome/92.0.4515.107 Safari/537.36"
66.249.73.170 - - [08/Aug/2021:07:43:59 +0000] "GET / HTTP/1.1" 301 232 "-" "Mozilla/5.0 (Linux; Android 6.0.1; Nexus 5X Build/MMB29P) AppleWebKit/537.36 (KHTML, like Gecko) Chrome/92.0.4515.119 Mobile Safari/537.36 (compatible; Googlebot/2.1; +http://www.google.com/bot.html)"
66.249.65.243 - - [08/Aug/2021:07:44:11 +0000] "GET / HTTP/1.1" 200 39210 "-" "Mozilla/5.0 (Linux; Android 6.0.1; Nexus 5X Build/MMB29P) AppleWebKit/537.36 (KHTML, like Gecko) Chrome/92.0.4515.119 Mobile Safari/537.36 (compatible; Googlebot/2.1; +http://www.google.com/bot.html)"
40.77.167.7 - - [08/Aug/2021:07:47:07 +0000] "GET /sitemap.xml HTTP/1.1" 200 3388 "-" "Mozilla/5.0 (compatible; bingbot/2.0; +http://www.bing.com/bingbot.htm)"
66.249.65.245 - - [08/Aug/2021:07:55:20 +0000] "GET /ConsultancyinVariousFields.html HTTP/1.1" 200 21477 "-" "Mozilla/5.0 (compatible; Googlebot/2.1; +http://www.google.com/bot.html)"
35.167.124.165 - - [08/Aug/2021:08:23:04 +0000] "GET / HTTP/1.1" 301 232 "-" "Mozilla/5.0 (X11; Linux x86_64) AppleWebKit/537.36 (KHTML, like Gecko) Chrome/83.0.4103.97 Safari/537.36"
35.167.124.165 - - [08/Aug/2021:08:23:09 +0000] "GET / HTTP/1.1" 200 39210 "-" "Mozilla/5.0 (X11; Linux x86_64) AppleWebKit/537.36 (KHTML, like Gecko) Chrome/83.0.4103.97 Safari/537.36"
35.164.18.186 - - [08/Aug/2021:08:26:15 +0000] "GET /favicon.ico HTTP/1.1" 301 243 "-" "Mozilla/5.0 (X11; Linux x86_64) AppleWebKit/537.36 (KHTML, like Gecko) Chrome/83.0.4103.97 Safari/537.36"
35.164.18.186 - - [08/Aug/2021:08:26:20 +0000] "GET / HTTP/1.1" 301 232 "-" "Mozilla/5.0 (X11; Linux x86_64) AppleWebKit/537.36 (KHTML, like Gecko) Chrome/83.0.4103.97 Safari/537.36"
77.75.78.170 - - [08/Aug/2021:08:33:46 +0000] "GET /robots.txt HTTP/1.1" 200 53 "-" "Mozilla/5.0 (compatible; SeznamBot/3.2; +http://napoveda.seznam.cz/en/seznambot-intro/)"
77.75.78.170 - - [08/Aug/2021:08:33:48 +0000] "GET /galleryimg/de6f5704638a81e60b60711f081c3db8.jpg HTTP/1.1" 304 - "-" "Mozilla/5.0 (compatible; SeznamBot/3.2; +http://napoveda.seznam.cz/en/seznambot-intro/)"
77.75.78.170 - - [08/Aug/2021:08:33:50 +0000] "GET /robots.txt HTTP/1.1" 200 53 "-" "Mozilla/5.0 (compatible; SeznamBot/3.2; +http://napoveda.seznam.cz/en/seznambot-intro/)"
77.75.78.170 - - [08/Aug/2021:08:33:51 +0000] "GET /careers.php HTTP/1.1" 200 25961 "-" "Mozilla/5.0 (compatible; SeznamBot/3.2; +http://napoveda.seznam.cz/en/seznambot-intro/)"
77.75.78.170 - - [08/Aug/2021:08:33:52 +0000] "GET / HTTP/1.1" 200 39210 "-" "Mozilla/5.0 (compatible; SeznamBot/3.2; +http://napoveda.seznam.cz/en/seznambot-intro/)"
114.119.153.53 - - [08/Aug/2021:08:35:24 +0000] "GET /robots.txt HTTP/1.1" 301 242 "-" "Mozilla/5.0 (compatible;PetalBot;+https://webmaster.petalsearch.com/site/petalbot)"
114.119.153.53 - - [08/Aug/2021:08:35:24 +0000] "GET /robots.txt HTTP/1.1" 200 53 "-" "Mozilla/5.0 (compatible;PetalBot;+https://webmaster.petalsearch.com/site/petalbot)"
77.75.76.163 - - [08/Aug/2021:09:23:10 +0000] "GET /robots.txt HTTP/1.1" 200 53 "-" "Mozilla/5.0 (compatible; SeznamBot/3.2; +http://napoveda.seznam.cz/en/seznambot-intro/)"
77.75.76.163 - - [08/Aug/2021:09:23:11 +0000] "GET /contact-us.php HTTP/1.1" 200 24578 "-" "Mozilla/5.0 (compatible; SeznamBot/3.2; +http://napoveda.seznam.cz/en/seznambot-intro/)"
66.249.73.163 - - [08/Aug/2021:09:27:41 +0000] "GET / HTTP/1.1" 301 232 "-" "Mozilla/5.0 (Linux; Android 6.0.1; Nexus 5X Build/MMB29P) AppleWebKit/537.36 (KHTML, like Gecko) Chrome/92.0.4515.119 Mobile Safari/537.36 (compatible; Googlebot/2.1; +http://www.google.com/bot.html)"
66.249.65.241 - - [08/Aug/2021:09:27:46 +0000] "GET /scripts/pi.init.tab.js HTTP/1.1" 200 1107 "http://www.sonvarsa.com/" "Mozilla/5.0 (Linux; Android 6.0.1; Nexus 5X Build/MMB29P) AppleWebKit/537.36 (KHTML, like Gecko) Chrome/92.0.4515.119 Mobile Safari/537.36 (compatible; Googlebot/2.1; +http://www.google.com/bot.html)"
66.249.65.245 - - [08/Aug/2021:09:28:27 +0000] "GET /LoanAgainstProperty.html HTTP/1.1" 200 21677 "-" "Mozilla/5.0 (Linux; Android 6.0.1; Nexus 5X Build/MMB29P) AppleWebKit/537.36 (KHTML, like Gecko) Chrome/92.0.4515.119 Mobile Safari/537.36 (compatible; Googlebot/2.1; +http://www.google.com/bot.html)"
66.249.73.172 - - [08/Aug/2021:09:41:18 +0000] "GET / HTTP/1.1" 301 232 "-" "Mozilla/5.0 (compatible; Googlebot/2.1; +http://www.google.com/bot.html)"
66.249.65.243 - - [08/Aug/2021:09:41:18 +0000] "GET / HTTP/1.1" 200 39210 "-" "Mozilla/5.0 (compatible; Googlebot/2.1; +http://www.google.com/bot.html)"
