104.196.127.152 - - [02/Aug/2021:09:25:12 +0000] "GET /PortfolioManagement.html HTTP/1.0" 200 21175 "-" "ZoominfoBot (zoominfobot at zoominfo dot com)"
104.196.127.152 - - [02/Aug/2021:09:27:32 +0000] "GET /CommercialandFinancialLegal.html HTTP/1.0" 200 21151 "-" "ZoominfoBot (zoominfobot at zoominfo dot com)"
185.191.171.44 - - [02/Aug/2021:09:29:59 +0000] "GET /robots.txt HTTP/1.1" 200 53 "-" "Mozilla/5.0 (compatible; SemrushBot/7~bl; +http://www.semrush.com/bot.html)"
185.191.171.44 - - [02/Aug/2021:09:30:00 +0000] "GET /Vision HTTP/1.1" 200 25472 "-" "Mozilla/5.0 (compatible; SemrushBot/7~bl; +http://www.semrush.com/bot.html)"
104.196.127.152 - - [02/Aug/2021:09:32:34 +0000] "GET /Social-Marketing HTTP/1.0" 200 24936 "-" "ZoominfoBot (zoominfobot at zoominfo dot com)"
131.220.6.152 - - [02/Aug/2021:09:34:15 +0000] "GET / HTTP/1.1" 301 232 "-" "Mozilla/5.0 (X11; Linux x86_64) AppleWebKit/537.36 (KHTML, like Gecko) Chrome/79.0.3945.79 Safari/537.36"
131.220.6.152 - - [02/Aug/2021:09:34:16 +0000] "GET / HTTP/1.1" 200 39210 "-" "Mozilla/5.0 (X11; Linux x86_64) AppleWebKit/537.36 (KHTML, like Gecko) Chrome/79.0.3945.79 Safari/537.36"
157.55.39.44 - - [02/Aug/2021:09:35:58 +0000] "GET /sitemap.xml.gz HTTP/1.1" 200 645 "-" "Mozilla/5.0 (compatible; bingbot/2.0; +http://www.bing.com/bingbot.htm)"
195.181.168.180 - - [02/Aug/2021:10:09:36 +0000] "GET /contact-us.php HTTP/1.1" 301 246 "-" "Mozilla/5.0 (Windows NT 6.1) AppleWebKit/537.36 (KHTML, like Gecko) Chrome/66.0.3359.170 Safari/537.36 OPR/53.0.2907.99"
195.181.168.180 - - [02/Aug/2021:10:09:37 +0000] "GET /contact-us.php HTTP/1.1" 200 24578 "http://sonvarsa.com/contact-us.php" "Mozilla/5.0 (Windows NT 6.1) AppleWebKit/537.36 (KHTML, like Gecko) Chrome/66.0.3359.170 Safari/537.36 OPR/53.0.2907.99"
157.55.39.44 - - [02/Aug/2021:10:25:53 +0000] "GET / HTTP/1.1" 200 39210 "-" "Mozilla/5.0 (compatible; bingbot/2.0; +http://www.bing.com/bingbot.htm)"
207.46.13.0 - - [02/Aug/2021:11:34:24 +0000] "GET /robots.txt HTTP/1.1" 200 53 "-" "Mozilla/5.0 (compatible; bingbot/2.0; +http://www.bing.com/bingbot.htm)"
157.55.39.44 - - [02/Aug/2021:11:34:30 +0000] "GET / HTTP/1.1" 200 39210 "-" "Mozilla/5.0 (compatible; bingbot/2.0; +http://www.bing.com/bingbot.htm)"
183.82.0.219 - - [02/Aug/2021:11:42:57 +0000] "GET /galleryimg/5108552mutualfund-banner.jpg HTTP/1.1" 301 271 "https://www.google.com/" "Mozilla/5.0 (Windows NT 10.0; Win64; x64) AppleWebKit/537.36 (KHTML, like Gecko) Chrome/92.0.4515.107 Safari/537.36"
183.82.0.219 - - [02/Aug/2021:11:42:58 +0000] "GET /galleryimg/5108552mutualfund-banner.jpg HTTP/1.1" 200 222612 "https://www.google.com/" "Mozilla/5.0 (Windows NT 10.0; Win64; x64) AppleWebKit/537.36 (KHTML, like Gecko) Chrome/92.0.4515.107 Safari/537.36"
5.45.207.143 - - [02/Aug/2021:12:08:24 +0000] "GET /robots.txt HTTP/1.1" 200 53 "-" "Mozilla/5.0 (compatible; YandexBot/3.0; +http://yandex.com/bots)"
5.45.207.143 - - [02/Aug/2021:12:08:28 +0000] "GET / HTTP/1.1" 200 39210 "-" "Mozilla/5.0 (compatible; YandexBot/3.0; +http://yandex.com/bots)"
40.77.167.7 - - [02/Aug/2021:12:34:35 +0000] "GET /sitemap.xml HTTP/1.1" 200 3388 "-" "Mozilla/5.0 (compatible; bingbot/2.0; +http://www.bing.com/bingbot.htm)"
65.21.145.128 - - [02/Aug/2021:12:49:44 +0000] "GET /wp-login.php HTTP/1.1" 301 244 "-" "Mozilla/5.0 (X11; Ubuntu; Linux x86_64; rv:62.0) Gecko/20100101 Firefox/62.0"
65.21.145.128 - - [02/Aug/2021:12:49:45 +0000] "GET /wp-login.php HTTP/1.1" 404 39182 "http://sonvarsa.com/wp-login.php" "Mozilla/5.0 (X11; Ubuntu; Linux x86_64; rv:62.0) Gecko/20100101 Firefox/62.0"
138.246.253.5 - - [02/Aug/2021:13:02:44 +0000] "HEAD / HTTP/1.1" 301 - "-" "Mozilla/5.0 (Windows NT 10.0; Win64; x64) AppleWebKit/537.36 (KHTML, like Gecko) Chrome/88.0.4324.146 Safari/537.36"
138.246.253.5 - - [02/Aug/2021:13:24:56 +0000] "HEAD / HTTP/1.1" 301 - "-" "Mozilla/5.0 (Windows NT 10.0; Win64; x64) AppleWebKit/537.36 (KHTML, like Gecko) Chrome/88.0.4324.146 Safari/537.36"
157.55.39.44 - - [02/Aug/2021:13:38:41 +0000] "GET / HTTP/1.1" 301 232 "-" "Mozilla/5.0 (compatible; bingbot/2.0; +http://www.bing.com/bingbot.htm)"
157.55.39.44 - - [02/Aug/2021:13:42:21 +0000] "GET / HTTP/1.1" 301 232 "-" "Mozilla/5.0 (compatible; bingbot/2.0; +http://www.bing.com/bingbot.htm)"
14.139.59.125 - - [02/Aug/2021:13:56:51 +0000] "GET /?utm=semalt.com HTTP/1.1" 301 247 "https://semalt.com-----google.com/?q=semalt" "Mozilla/5.0 (Windows NT 10.0; Win64; x64) AppleWebKit/537.36 (KHTML, like Gecko) Chrome/74.0.3729.169 Safari/537.36"
138.246.253.5 - - [02/Aug/2021:15:17:49 +0000] "HEAD / HTTP/1.1" 301 - "-" "Mozilla/5.0 (Windows NT 10.0; Win64; x64) AppleWebKit/537.36 (KHTML, like Gecko) Chrome/88.0.4324.146 Safari/537.36"
35.229.83.17 - - [02/Aug/2021:15:31:39 +0000] "GET /robots.txt HTTP/1.0" 301 242 "-" "ZoominfoBot (zoominfobot at zoominfo dot com)"
35.229.83.17 - - [02/Aug/2021:15:31:39 +0000] "GET /robots.txt HTTP/1.1" 200 53 "-" "ZoominfoBot (zoominfobot at zoominfo dot com)"
35.229.83.17 - - [02/Aug/2021:15:31:41 +0000] "GET /careers.php HTTP/1.0" 301 243 "-" "ZoominfoBot (zoominfobot at zoominfo dot com)"
35.229.83.17 - - [02/Aug/2021:15:32:30 +0000] "GET /contact-us.php HTTP/1.0" 301 246 "-" "ZoominfoBot (zoominfobot at zoominfo dot com)"
35.229.83.17 - - [02/Aug/2021:15:37:19 +0000] "GET /robots.txt HTTP/1.0" 200 53 "-" "ZoominfoBot (zoominfobot at zoominfo dot com)"
35.229.83.17 - - [02/Aug/2021:15:37:19 +0000] "GET /CashManagement.html HTTP/1.0" 200 20997 "-" "ZoominfoBot (zoominfobot at zoominfo dot com)"
35.229.83.17 - - [02/Aug/2021:15:39:13 +0000] "GET /FAQ HTTP/1.0" 200 24936 "-" "ZoominfoBot (zoominfobot at zoominfo dot com)"
35.229.83.17 - - [02/Aug/2021:15:43:43 +0000] "GET /Retirement-Pension.html HTTP/1.0" 200 21084 "-" "ZoominfoBot (zoominfobot at zoominfo dot com)"
35.229.83.17 - - [02/Aug/2021:15:45:28 +0000] "GET /index.php HTTP/1.0" 301 241 "-" "ZoominfoBot (zoominfobot at zoominfo dot com)"
35.229.83.17 - - [02/Aug/2021:15:47:13 +0000] "GET /Taxation.html HTTP/1.0" 200 21103 "-" "ZoominfoBot (zoominfobot at zoominfo dot com)"
35.229.83.17 - - [02/Aug/2021:15:48:21 +0000] "GET /Fixed-Deposit.html HTTP/1.0" 200 20797 "-" "ZoominfoBot (zoominfobot at zoominfo dot com)"
66.249.66.134 - - [02/Aug/2021:15:48:59 +0000] "GET /robots.txt HTTP/1.1" 301 242 "-" "Mozilla/5.0 (compatible; Googlebot/2.1; +http://www.google.com/bot.html)"
66.249.66.95 - - [02/Aug/2021:15:48:59 +0000] "GET /robots.txt HTTP/1.1" 200 53 "-" "Mozilla/5.0 (compatible; Googlebot/2.1; +http://www.google.com/bot.html)"
66.249.66.136 - - [02/Aug/2021:15:49:01 +0000] "GET /galleryimg/de6f5704638a81e60b60711f081c3db8.jpg HTTP/1.1" 301 279 "-" "Googlebot-Image/1.0"
66.249.66.66 - - [02/Aug/2021:15:49:01 +0000] "GET /galleryimg/de6f5704638a81e60b60711f081c3db8.jpg HTTP/1.1" 200 45438 "-" "Googlebot-Image/1.0"
35.229.83.17 - - [02/Aug/2021:15:52:58 +0000] "GET /LoanAgainstProperty.html HTTP/1.0" 200 21677 "-" "ZoominfoBot (zoominfobot at zoominfo dot com)"
35.229.83.17 - - [02/Aug/2021:16:00:59 +0000] "GET /favicon/manifest.json HTTP/1.0" 301 253 "-" "ZoominfoBot (zoominfobot at zoominfo dot com)"
35.229.83.17 - - [02/Aug/2021:16:02:26 +0000] "GET /Home-Loan.html HTTP/1.0" 200 21146 "-" "ZoominfoBot (zoominfobot at zoominfo dot com)"
35.229.83.17 - - [02/Aug/2021:16:11:28 +0000] "GET /ConsultancyinVariousFields.html HTTP/1.0" 200 21477 "-" "ZoominfoBot (zoominfobot at zoominfo dot com)"
35.229.83.17 - - [02/Aug/2021:16:11:32 +0000] "GET /MutualFunds.html HTTP/1.0" 200 21076 "-" "ZoominfoBot (zoominfobot at zoominfo dot com)"
35.229.83.17 - - [02/Aug/2021:16:12:12 +0000] "GET /Business-Loan.html HTTP/1.0" 200 21270 "-" "ZoominfoBot (zoominfobot at zoominfo dot com)"
35.229.83.17 - - [02/Aug/2021:16:14:12 +0000] "GET /banking-services.php HTTP/1.0" 301 252 "-" "ZoominfoBot (zoominfobot at zoominfo dot com)"
162.55.51.202 - - [02/Aug/2021:16:14:50 +0000] "GET /style.php HTTP/1.1" 404 39182 "anonymousfox.co" "Mozilla/5.0 (Windows NT 10.0; Win64; x64) AppleWebKit/537.36 (KHTML, like Gecko) Chrome/90.0.4430.85 Safari/537.36"
35.229.83.17 - - [02/Aug/2021:16:14:57 +0000] "GET /award-certification.php HTTP/1.0" 301 255 "-" "ZoominfoBot (zoominfobot at zoominfo dot com)"
35.229.83.17 - - [02/Aug/2021:16:19:41 +0000] "GET /Support-Forum HTTP/1.0" 200 24936 "-" "ZoominfoBot (zoominfobot at zoominfo dot com)"
35.229.83.17 - - [02/Aug/2021:16:23:08 +0000] "GET /consultancy-services.php HTTP/1.0" 301 256 "-" "ZoominfoBot (zoominfobot at zoominfo dot com)"
35.229.83.17 - - [02/Aug/2021:16:23:28 +0000] "GET /Careers HTTP/1.0" 200 25245 "-" "ZoominfoBot (zoominfobot at zoominfo dot com)"
35.229.83.17 - - [02/Aug/2021:16:24:49 +0000] "GET /Documentaion HTTP/1.0" 200 24936 "-" "ZoominfoBot (zoominfobot at zoominfo dot com)"
35.185.97.239 - - [02/Aug/2021:16:43:56 +0000] "GET /robots.txt HTTP/1.0" 301 242 "-" "ZoominfoBot (zoominfobot at zoominfo dot com)"
35.185.97.239 - - [02/Aug/2021:16:43:56 +0000] "GET /robots.txt HTTP/1.1" 200 53 "-" "ZoominfoBot (zoominfobot at zoominfo dot com)"
35.185.97.239 - - [02/Aug/2021:16:43:57 +0000] "GET /careers.php HTTP/1.0" 301 243 "-" "ZoominfoBot (zoominfobot at zoominfo dot com)"
35.185.97.239 - - [02/Aug/2021:16:44:54 +0000] "GET /contact-us.php HTTP/1.0" 301 246 "-" "ZoominfoBot (zoominfobot at zoominfo dot com)"
35.185.97.239 - - [02/Aug/2021:16:50:29 +0000] "GET /robots.txt HTTP/1.0" 200 53 "-" "ZoominfoBot (zoominfobot at zoominfo dot com)"
35.185.97.239 - - [02/Aug/2021:16:50:30 +0000] "GET /CashManagement.html HTTP/1.0" 200 20997 "-" "ZoominfoBot (zoominfobot at zoominfo dot com)"
35.185.97.239 - - [02/Aug/2021:16:52:31 +0000] "GET /FAQ HTTP/1.0" 200 24936 "-" "ZoominfoBot (zoominfobot at zoominfo dot com)"
138.246.253.10 - - [02/Aug/2021:16:54:24 +0000] "GET /robots.txt HTTP/1.1" 301 242 "-" "Mozilla/5.0 (Windows NT 10.0; Win64; x64) AppleWebKit/537.36 (KHTML, like Gecko) Chrome/88.0.4324.146 Safari/537.36"
35.185.97.239 - - [02/Aug/2021:16:57:21 +0000] "GET /Retirement-Pension.html HTTP/1.0" 200 21084 "-" "ZoominfoBot (zoominfobot at zoominfo dot com)"
41.103.40.44 - - [02/Aug/2021:16:58:38 +0000] "GET /?utm=semalt.com HTTP/1.1" 301 247 "https://semalt.com-----google.com/?q=semalt" "Mozilla/5.0 (Windows NT 10.0; Win64; x64) AppleWebKit/537.36 (KHTML, like Gecko) Chrome/74.0.3729.169 Safari/537.36"
35.185.97.239 - - [02/Aug/2021:16:59:18 +0000] "GET /index.php HTTP/1.0" 301 241 "-" "ZoominfoBot (zoominfobot at zoominfo dot com)"
35.185.97.239 - - [02/Aug/2021:17:01:23 +0000] "GET /Taxation.html HTTP/1.0" 200 21103 "-" "ZoominfoBot (zoominfobot at zoominfo dot com)"
35.185.97.239 - - [02/Aug/2021:17:02:44 +0000] "GET /Fixed-Deposit.html HTTP/1.0" 200 20797 "-" "ZoominfoBot (zoominfobot at zoominfo dot com)"
35.185.97.239 - - [02/Aug/2021:17:07:58 +0000] "GET /LoanAgainstProperty.html HTTP/1.0" 200 21677 "-" "ZoominfoBot (zoominfobot at zoominfo dot com)"
114.119.136.221 - - [02/Aug/2021:17:11:21 +0000] "GET /robots.txt HTTP/1.1" 301 242 "-" "Mozilla/5.0 (compatible;PetalBot;+https://webmaster.petalsearch.com/site/petalbot)"
114.119.136.221 - - [02/Aug/2021:17:11:21 +0000] "GET /robots.txt HTTP/1.1" 200 53 "-" "Mozilla/5.0 (compatible;PetalBot;+https://webmaster.petalsearch.com/site/petalbot)"
35.185.97.239 - - [02/Aug/2021:17:17:27 +0000] "GET /favicon/manifest.json HTTP/1.0" 301 253 "-" "ZoominfoBot (zoominfobot at zoominfo dot com)"
35.185.97.239 - - [02/Aug/2021:17:19:04 +0000] "GET /Home-Loan.html HTTP/1.0" 200 21146 "-" "ZoominfoBot (zoominfobot at zoominfo dot com)"
35.185.97.239 - - [02/Aug/2021:17:29:16 +0000] "GET /ConsultancyinVariousFields.html HTTP/1.0" 200 21477 "-" "ZoominfoBot (zoominfobot at zoominfo dot com)"
35.185.97.239 - - [02/Aug/2021:17:29:20 +0000] "GET /MutualFunds.html HTTP/1.0" 200 21076 "-" "ZoominfoBot (zoominfobot at zoominfo dot com)"
35.185.97.239 - - [02/Aug/2021:17:30:15 +0000] "GET /Business-Loan.html HTTP/1.0" 200 21270 "-" "ZoominfoBot (zoominfobot at zoominfo dot com)"
35.185.97.239 - - [02/Aug/2021:17:32:25 +0000] "GET /banking-services.php HTTP/1.0" 301 252 "-" "ZoominfoBot (zoominfobot at zoominfo dot com)"
35.185.97.239 - - [02/Aug/2021:17:33:19 +0000] "GET /award-certification.php HTTP/1.0" 301 255 "-" "ZoominfoBot (zoominfobot at zoominfo dot com)"
35.185.97.239 - - [02/Aug/2021:17:38:40 +0000] "GET /Support-Forum HTTP/1.0" 200 24936 "-" "ZoominfoBot (zoominfobot at zoominfo dot com)"
35.185.97.239 - - [02/Aug/2021:17:42:27 +0000] "GET /consultancy-services.php HTTP/1.0" 301 256 "-" "ZoominfoBot (zoominfobot at zoominfo dot com)"
35.185.97.239 - - [02/Aug/2021:17:42:50 +0000] "GET /Careers HTTP/1.0" 200 25245 "-" "ZoominfoBot (zoominfobot at zoominfo dot com)"
35.185.97.239 - - [02/Aug/2021:17:44:12 +0000] "GET /Documentaion HTTP/1.0" 200 24936 "-" "ZoominfoBot (zoominfobot at zoominfo dot com)"
35.185.97.239 - - [02/Aug/2021:17:49:12 +0000] "GET /Vision HTTP/1.0" 200 25472 "-" "ZoominfoBot (zoominfobot at zoominfo dot com)"
35.185.97.239 - - [02/Aug/2021:17:49:58 +0000] "GET /financial-services.php HTTP/1.0" 301 254 "-" "ZoominfoBot (zoominfobot at zoominfo dot com)"
35.185.97.239 - - [02/Aug/2021:17:51:01 +0000] "GET /about-us.php HTTP/1.0" 301 244 "-" "ZoominfoBot (zoominfobot at zoominfo dot com)"
35.185.97.239 - - [02/Aug/2021:17:53:33 +0000] "GET /ChildsFuture.html HTTP/1.0" 200 21382 "-" "ZoominfoBot (zoominfobot at zoominfo dot com)"
35.185.97.239 - - [02/Aug/2021:17:57:20 +0000] "GET /Mission HTTP/1.0" 200 26487 "-" "ZoominfoBot (zoominfobot at zoominfo dot com)"
35.185.97.239 - - [02/Aug/2021:18:00:06 +0000] "GET /PortfolioManagement.html HTTP/1.0" 200 21175 "-" "ZoominfoBot (zoominfobot at zoominfo dot com)"
35.185.97.239 - - [02/Aug/2021:18:02:38 +0000] "GET /CommercialandFinancialLegal.html HTTP/1.0" 200 21151 "-" "ZoominfoBot (zoominfobot at zoominfo dot com)"
54.203.73.198 - - [02/Aug/2021:18:04:10 +0000] "GET / HTTP/1.1" 301 232 "-" "Mozilla/5.0 (X11; Ubuntu; Linux x86_64; rv:82.0) Gecko/20100101 Firefox/82.0"
54.203.73.198 - - [02/Aug/2021:18:04:13 +0000] "GET / HTTP/1.1" 200 39210 "http://sonvarsa.com" "Mozilla/5.0 (X11; Ubuntu; Linux x86_64; rv:82.0) Gecko/20100101 Firefox/82.0"
54.203.73.198 - - [02/Aug/2021:18:04:13 +0000] "GET /favicon/favicon-16x16.png HTTP/1.1" 301 257 "-" "Mozilla/5.0 (X11; Ubuntu; Linux x86_64; rv:82.0) Gecko/20100101 Firefox/82.0"
54.203.73.198 - - [02/Aug/2021:18:04:13 +0000] "GET /robots.txt HTTP/1.1" 301 242 "-" "Mozilla/5.0 (X11; Ubuntu; Linux x86_64; rv:82.0) Gecko/20100101 Firefox/82.0"
54.203.73.198 - - [02/Aug/2021:18:04:14 +0000] "GET /robots.txt HTTP/1.1" 200 53 "http://sonvarsa.com/robots.txt" "Mozilla/5.0 (X11; Ubuntu; Linux x86_64; rv:82.0) Gecko/20100101 Firefox/82.0"
54.203.73.198 - - [02/Aug/2021:18:04:14 +0000] "GET /favicon/favicon-16x16.png HTTP/1.1" 200 1553 "http://sonvarsa.com/favicon/favicon-16x16.png" "Mozilla/5.0 (X11; Ubuntu; Linux x86_64; rv:82.0) Gecko/20100101 Firefox/82.0"
134.122.50.178 - - [02/Aug/2021:18:07:15 +0000] "GET /wp-login.php HTTP/1.1" 301 244 "-" "Mozilla/5.0 (X11; Ubuntu; Linux x86_64; rv:62.0) Gecko/20100101 Firefox/62.0"
134.122.50.178 - - [02/Aug/2021:18:07:16 +0000] "GET /wp-login.php HTTP/1.1" 404 39182 "http://sonvarsa.com/wp-login.php" "Mozilla/5.0 (X11; Ubuntu; Linux x86_64; rv:62.0) Gecko/20100101 Firefox/62.0"
35.185.97.239 - - [02/Aug/2021:18:07:39 +0000] "GET /Social-Marketing HTTP/1.0" 200 24936 "-" "ZoominfoBot (zoominfobot at zoominfo dot com)"
114.79.185.112 - - [02/Aug/2021:18:18:54 +0000] "GET /galleryimg/4461648business_loan_banner.jpg HTTP/1.1" 200 45446 "https://www.google.com/" "Mozilla/5.0 (Windows NT 10.0; Win64; x64) AppleWebKit/537.36 (KHTML, like Gecko) Chrome/92.0.4515.107 Safari/537.36"
5.255.231.244 - - [02/Aug/2021:18:42:29 +0000] "GET /robots.txt HTTP/1.1" 200 53 "-" "Mozilla/5.0 (compatible; YandexBot/3.0; +http://yandex.com/bots)"
5.255.231.244 - - [02/Aug/2021:18:42:33 +0000] "GET /favicon/apple-icon-57x57.png HTTP/1.1" 200 5099 "-" "Mozilla/5.0 (compatible; YandexFavicons/1.0; +http://yandex.com/bots)"
66.249.66.157 - - [02/Aug/2021:19:14:11 +0000] "GET /ChildsFuture.html HTTP/1.1" 301 249 "-" "Mozilla/5.0 (Linux; Android 6.0.1; Nexus 5X Build/MMB29P) AppleWebKit/537.36 (KHTML, like Gecko) Chrome/92.0.4515.119 Mobile Safari/537.36 (compatible; Googlebot/2.1; +http://www.google.com/bot.html)"
66.249.66.74 - - [02/Aug/2021:19:14:11 +0000] "GET /ChildsFuture.html HTTP/1.1" 200 21382 "-" "Mozilla/5.0 (Linux; Android 6.0.1; Nexus 5X Build/MMB29P) AppleWebKit/537.36 (KHTML, like Gecko) Chrome/92.0.4515.119 Mobile Safari/537.36 (compatible; Googlebot/2.1; +http://www.google.com/bot.html)"
157.55.39.44 - - [02/Aug/2021:19:17:44 +0000] "GET /sitemap.xml.gz HTTP/1.1" 301 246 "-" "Mozilla/5.0 (compatible; bingbot/2.0; +http://www.bing.com/bingbot.htm)"
157.55.39.44 - - [02/Aug/2021:19:17:54 +0000] "GET /sitemap.xml.gz HTTP/1.1" 200 645 "-" "Mozilla/5.0 (compatible; bingbot/2.0; +http://www.bing.com/bingbot.htm)"
66.249.66.95 - - [02/Aug/2021:19:42:55 +0000] "GET / HTTP/1.1" 200 39210 "-" "Mozilla/5.0 (compatible; Googlebot/2.1; +http://www.google.com/bot.html)"
66.249.66.66 - - [02/Aug/2021:19:42:59 +0000] "GET /scripts/pi.init.tab.js HTTP/1.1" 200 1107 "http://www.sonvarsa.com/" "Mozilla/5.0 AppleWebKit/537.36 (KHTML, like Gecko; compatible; Googlebot/2.1; +http://www.google.com/bot.html) Chrome/91.0.4472.90 Safari/537.36"
66.249.66.95 - - [02/Aug/2021:19:42:59 +0000] "GET /3dParty/gauge.min.js HTTP/1.1" 200 17654 "http://www.sonvarsa.com/" "Mozilla/5.0 AppleWebKit/537.36 (KHTML, like Gecko; compatible; Googlebot/2.1; +http://www.google.com/bot.html) Chrome/91.0.4472.90 Safari/537.36"
66.249.66.95 - - [02/Aug/2021:19:43:00 +0000] "GET /scripts/pi.parallax.js HTTP/1.1" 200 1897 "http://www.sonvarsa.com/" "Mozilla/5.0 AppleWebKit/537.36 (KHTML, like Gecko; compatible; Googlebot/2.1; +http://www.google.com/bot.html) Chrome/91.0.4472.90 Safari/537.36"
85.10.201.122 - - [02/Aug/2021:19:44:36 +0000] "GET /ads.txt HTTP/1.1" 301 239 "-" "got (https://github.com/sindresorhus/got)"
85.10.201.122 - - [02/Aug/2021:19:44:37 +0000] "GET /ads.txt HTTP/1.1" 404 39182 "-" "got (https://github.com/sindresorhus/got)"
138.246.253.5 - - [02/Aug/2021:20:05:58 +0000] "HEAD / HTTP/1.1" 301 - "-" "Mozilla/5.0 (Windows NT 10.0; Win64; x64) AppleWebKit/537.36 (KHTML, like Gecko) Chrome/88.0.4324.146 Safari/537.36"
66.249.66.138 - - [02/Aug/2021:20:11:33 +0000] "GET /Careers HTTP/1.1" 301 239 "-" "Mozilla/5.0 (Linux; Android 6.0.1; Nexus 5X Build/MMB29P) AppleWebKit/537.36 (KHTML, like Gecko) Chrome/92.0.4515.119 Mobile Safari/537.36 (compatible; Googlebot/2.1; +http://www.google.com/bot.html)"
66.249.66.77 - - [02/Aug/2021:20:11:33 +0000] "GET /Careers HTTP/1.1" 200 25245 "-" "Mozilla/5.0 (Linux; Android 6.0.1; Nexus 5X Build/MMB29P) AppleWebKit/537.36 (KHTML, like Gecko) Chrome/92.0.4515.119 Mobile Safari/537.36 (compatible; Googlebot/2.1; +http://www.google.com/bot.html)"
157.245.218.227 - - [02/Aug/2021:20:38:44 +0000] "GET / HTTP/1.1" 301 232 "-" "Mozilla/5.0 (Macintosh; Intel Mac OS X 10_14_6) AppleWebKit/537.36 (KHTML, like Gecko) Chrome/87.0.4280.88 Safari/537.36"
157.245.8.194 - - [02/Aug/2021:20:38:46 +0000] "GET / HTTP/1.1" 200 39210 "-" "Mozilla/5.0 (Macintosh; Intel Mac OS X 10_14_6) AppleWebKit/537.36 (KHTML, like Gecko) Chrome/87.0.4280.88 Safari/537.36"
40.77.167.7 - - [02/Aug/2021:21:02:15 +0000] "GET /sitemap.xml HTTP/1.1" 301 243 "-" "Mozilla/5.0 (compatible; bingbot/2.0; +http://www.bing.com/bingbot.htm)"
40.77.167.7 - - [02/Aug/2021:21:02:24 +0000] "GET /sitemap.xml HTTP/1.1" 200 3388 "-" "Mozilla/5.0 (compatible; bingbot/2.0; +http://www.bing.com/bingbot.htm)"
66.249.66.157 - - [02/Aug/2021:21:11:33 +0000] "GET /Fixed-Deposit.html HTTP/1.1" 301 250 "-" "Mozilla/5.0 (Linux; Android 6.0.1; Nexus 5X Build/MMB29P) AppleWebKit/537.36 (KHTML, like Gecko) Chrome/92.0.4515.119 Mobile Safari/537.36 (compatible; Googlebot/2.1; +http://www.google.com/bot.html)"
66.249.66.76 - - [02/Aug/2021:21:11:34 +0000] "GET /Fixed-Deposit.html HTTP/1.1" 200 20797 "-" "Mozilla/5.0 (Linux; Android 6.0.1; Nexus 5X Build/MMB29P) AppleWebKit/537.36 (KHTML, like Gecko) Chrome/92.0.4515.119 Mobile Safari/537.36 (compatible; Googlebot/2.1; +http://www.google.com/bot.html)"
66.249.66.75 - - [02/Aug/2021:21:14:59 +0000] "GET / HTTP/1.1" 200 39210 "-" "Mozilla/5.0 (compatible; Googlebot/2.1; +http://www.google.com/bot.html)"
66.249.66.134 - - [02/Aug/2021:21:48:48 +0000] "GET /Fixed-Deposit.html HTTP/1.1" 301 250 "-" "Mozilla/5.0 (compatible; Googlebot/2.1; +http://www.google.com/bot.html)"
66.249.66.76 - - [02/Aug/2021:21:48:48 +0000] "GET /Fixed-Deposit.html HTTP/1.1" 200 20797 "-" "Mozilla/5.0 (compatible; Googlebot/2.1; +http://www.google.com/bot.html)"
143.110.254.148 - - [02/Aug/2021:22:01:16 +0000] "GET /wp-login.php HTTP/1.1" 404 10774 "-" "Mozilla/5.0 (X11; Ubuntu; Linux x86_64; rv:62.0) Gecko/20100101 Firefox/62.0"
112.134.196.111 - - [02/Aug/2021:22:01:20 +0000] "GET /galleryimg/96195331.jpg HTTP/1.1" 301 255 "https://www.google.com/" "Mozilla/5.0 (Windows NT 10.0; Win64; x64) AppleWebKit/537.36 (KHTML, like Gecko) Chrome/92.0.4515.107 Safari/537.36"
112.134.196.111 - - [02/Aug/2021:22:01:21 +0000] "GET /galleryimg/96195331.jpg HTTP/1.1" 200 42966 "https://www.google.com/" "Mozilla/5.0 (Windows NT 10.0; Win64; x64) AppleWebKit/537.36 (KHTML, like Gecko) Chrome/92.0.4515.107 Safari/537.36"
66.249.66.64 - - [02/Aug/2021:22:01:46 +0000] "GET / HTTP/1.1" 200 39210 "-" "Mozilla/5.0 (compatible; Googlebot/2.1; +http://www.google.com/bot.html)"
180.179.180.41 - - [02/Aug/2021:22:19:05 +0000] "GET /robots.txt HTTP/1.1" 200 53 "-" "Mozilla/5.0/5.0"
180.179.180.41 - - [02/Aug/2021:22:19:05 +0000] "GET /apply-now.php?post=Tele+Sales+Executive+%2C+Exp.+Min+1-2+Year+%28Only+For+Female%29 HTTP/1.1" 200 22550 "-" "Mozilla/5.0/5.0"
180.179.180.41 - - [02/Aug/2021:22:19:54 +0000] "GET /apply-now.php?post=Tele%20Sales%20Executive%20,%20Exp.%20Min%201-2%20Year%20(Only%20For%20Female) HTTP/1.1" 200 22550 "-" "Mozilla/5.0/5.0"
66.246.224.13 - - [02/Aug/2021:22:27:09 +0000] "GET /Vision HTTP/1.1" 301 238 "-" "Mozilla/5.0 (compatible; Googlebot/2.1; +http://www.google.com/bot.html)"
66.249.66.134 - - [02/Aug/2021:22:44:40 +0000] "GET /consultancy-services.php HTTP/1.1" 301 256 "-" "Mozilla/5.0 (Linux; Android 6.0.1; Nexus 5X Build/MMB29P) AppleWebKit/537.36 (KHTML, like Gecko) Chrome/92.0.4515.119 Mobile Safari/537.36 (compatible; Googlebot/2.1; +http://www.google.com/bot.html)"
66.249.66.64 - - [02/Aug/2021:22:44:40 +0000] "GET /consultancy-services.php HTTP/1.1" 200 22155 "-" "Mozilla/5.0 (Linux; Android 6.0.1; Nexus 5X Build/MMB29P) AppleWebKit/537.36 (KHTML, like Gecko) Chrome/92.0.4515.119 Mobile Safari/537.36 (compatible; Googlebot/2.1; +http://www.google.com/bot.html)"
66.246.224.13 - - [02/Aug/2021:22:57:33 +0000] "GET /Vision HTTP/1.1" 301 238 "-" "Mozilla/5.0 (compatible; Googlebot/2.1; +http://www.google.com/bot.html)"
66.246.224.13 - - [02/Aug/2021:23:01:51 +0000] "GET /Vision HTTP/1.1" 301 238 "-" "Mozilla/5.0 (compatible; Googlebot/2.1; +http://www.google.com/bot.html)"
66.246.224.13 - - [02/Aug/2021:23:01:53 +0000] "GET /Vision HTTP/1.1" 200 25472 "-" "Mozilla/5.0 (compatible; Googlebot/2.1; +http://www.google.com/bot.html)"
157.55.39.90 - - [02/Aug/2021:23:12:20 +0000] "GET /img_external/revolution-slider/banner-1.jpg HTTP/1.1" 200 106216 "-" "Mozilla/5.0 (compatible; bingbot/2.0; +http://www.bing.com/bingbot.htm)"
157.55.39.44 - - [02/Aug/2021:23:14:47 +0000] "GET / HTTP/1.1" 200 39210 "-" "Mozilla/5.0 (compatible; bingbot/2.0; +http://www.bing.com/bingbot.htm)"
54.36.149.42 - - [02/Aug/2021:23:28:01 +0000] "GET /robots.txt HTTP/1.1" 301 242 "-" "Mozilla/5.0 (compatible; AhrefsBot/7.0; +http://ahrefs.com/robot/)"
54.36.149.42 - - [02/Aug/2021:23:28:02 +0000] "GET /robots.txt HTTP/1.1" 200 53 "-" "Mozilla/5.0 (compatible; AhrefsBot/7.0; +http://ahrefs.com/robot/)"
54.36.149.69 - - [02/Aug/2021:23:28:03 +0000] "GET / HTTP/1.1" 301 232 "-" "Mozilla/5.0 (compatible; AhrefsBot/7.0; +http://ahrefs.com/robot/)"
207.46.13.179 - - [02/Aug/2021:23:33:38 +0000] "GET /3dparty/jquery.scrollto.min.js HTTP/1.1" 301 262 "-" "Mozilla/5.0 (compatible; MSIE 9.0; Windows NT 6.1; Trident/5.0)"
207.46.13.179 - - [02/Aug/2021:23:33:49 +0000] "GET /3dparty/jquery.scrollto.min.js HTTP/1.1" 404 39182 "-" "Mozilla/5.0 (compatible; MSIE 9.0; Windows NT 6.1; Trident/5.0)"
40.77.167.7 - - [02/Aug/2021:23:36:32 +0000] "GET /scripts/pi.tooltip.js HTTP/1.1" 301 253 "-" "Mozilla/5.0 (compatible; MSIE 9.0; Windows NT 6.1; Trident/5.0)"
40.77.167.7 - - [02/Aug/2021:23:36:51 +0000] "GET /scripts/pi.tooltip.js HTTP/1.1" 200 11923 "-" "Mozilla/5.0 (compatible; MSIE 9.0; Windows NT 6.1; Trident/5.0)"
66.249.66.156 - - [02/Aug/2021:23:40:31 +0000] "GET /Vision HTTP/1.1" 301 238 "-" "Mozilla/5.0 (Linux; Android 6.0.1; Nexus 5X Build/MMB29P) AppleWebKit/537.36 (KHTML, like Gecko) Chrome/92.0.4515.119 Mobile Safari/537.36 (compatible; Googlebot/2.1; +http://www.google.com/bot.html)"
66.249.66.64 - - [02/Aug/2021:23:40:32 +0000] "GET /Vision HTTP/1.1" 200 25472 "-" "Mozilla/5.0 (Linux; Android 6.0.1; Nexus 5X Build/MMB29P) AppleWebKit/537.36 (KHTML, like Gecko) Chrome/92.0.4515.119 Mobile Safari/537.36 (compatible; Googlebot/2.1; +http://www.google.com/bot.html)"
66.249.66.64 - - [02/Aug/2021:23:40:35 +0000] "GET /3dParty/gauge.min.js HTTP/1.1" 200 17654 "http://www.sonvarsa.com/Vision" "Mozilla/5.0 (Linux; Android 6.0.1; Nexus 5X Build/MMB29P) AppleWebKit/537.36 (KHTML, like Gecko) Chrome/91.0.4472.90 Mobile Safari/537.36 (compatible; Googlebot/2.1; +http://www.google.com/bot.html)"
66.249.66.95 - - [02/Aug/2021:23:40:36 +0000] "GET /scripts/pi.init.tab.js HTTP/1.1" 200 1107 "http://www.sonvarsa.com/Vision" "Mozilla/5.0 (Linux; Android 6.0.1; Nexus 5X Build/MMB29P) AppleWebKit/537.36 (KHTML, like Gecko) Chrome/91.0.4472.90 Mobile Safari/537.36 (compatible; Googlebot/2.1; +http://www.google.com/bot.html)"
40.77.167.29 - - [02/Aug/2021:23:56:34 +0000] "GET /3dparty/inview.js HTTP/1.1" 301 249 "-" "Mozilla/5.0 (compatible; MSIE 9.0; Windows NT 6.1; Trident/5.0)"
40.77.167.29 - - [02/Aug/2021:23:56:44 +0000] "GET /3dparty/inview.js HTTP/1.1" 404 39182 "-" "Mozilla/5.0 (compatible; MSIE 9.0; Windows NT 6.1; Trident/5.0)"
180.179.180.41 - - [03/Aug/2021:00:07:44 +0000] "GET /Careers HTTP/1.1" 200 25245 "-" "Mozilla/5.0"
185.233.39.68 - - [03/Aug/2021:00:20:05 +0000] "GET / HTTP/1.0" 301 232 "http://sonvarsa.com/" "Mozilla/5.0 (Windows NT 10.0; Win64; x64) AppleWebKit/537.36 (KHTML, like Gecko) Chrome/90.0.4430.72 Safari/537.36 Edg/90.0.818.42"
185.233.39.68 - - [03/Aug/2021:00:20:05 +0000] "GET / HTTP/1.0" 200 39210 "http://www.sonvarsa.com/" "Mozilla/5.0 (Windows NT 10.0; Win64; x64) AppleWebKit/537.36 (KHTML, like Gecko) Chrome/90.0.4430.72 Safari/537.36 Edg/90.0.818.42"
185.233.39.68 - - [03/Aug/2021:00:20:06 +0000] "GET /Support-Forum HTTP/1.0" 200 24936 "http://www.sonvarsa.com/Support-Forum" "Mozilla/5.0 (Windows NT 10.0; Win64; x64) AppleWebKit/537.36 (KHTML, like Gecko) Chrome/90.0.4430.72 Safari/537.36 Edg/90.0.818.42"
185.233.39.68 - - [03/Aug/2021:00:20:06 +0000] "GET /CommercialandFinancialLegal.html HTTP/1.0" 200 21151 "http://www.sonvarsa.com/CommercialandFinancialLegal.html" "Mozilla/5.0 (Windows NT 10.0; Win64; x64) AppleWebKit/537.36 (KHTML, like Gecko) Chrome/90.0.4430.72 Safari/537.36 Edg/90.0.818.42"
157.55.39.44 - - [03/Aug/2021:00:24:03 +0000] "GET / HTTP/1.1" 200 39210 "-" "Mozilla/5.0 (compatible; bingbot/2.0; +http://www.bing.com/bingbot.htm)"
138.246.253.5 - - [03/Aug/2021:00:52:36 +0000] "HEAD / HTTP/1.1" 301 - "-" "Mozilla/5.0 (Windows NT 10.0; Win64; x64) AppleWebKit/537.36 (KHTML, like Gecko) Chrome/88.0.4324.146 Safari/537.36"
5.255.231.244 - - [03/Aug/2021:01:21:42 +0000] "GET /robots.txt HTTP/1.1" 301 242 "-" "Mozilla/5.0 (compatible; YandexBot/3.0; +http://yandex.com/bots)"
5.255.253.166 - - [03/Aug/2021:01:21:42 +0000] "GET /robots.txt HTTP/1.1" 200 53 "-" "Mozilla/5.0 (compatible; YandexBot/3.0; +http://yandex.com/bots)"
5.255.253.138 - - [03/Aug/2021:01:21:46 +0000] "GET /favicon/apple-icon-60x60.png HTTP/1.1" 301 260 "-" "Mozilla/5.0 (compatible; YandexFavicons/1.0; +http://yandex.com/bots)"
5.255.231.244 - - [03/Aug/2021:01:21:47 +0000] "GET /robots.txt HTTP/1.1" 200 53 "-" "Mozilla/5.0 (compatible; YandexBot/3.0; +http://yandex.com/bots)"
5.45.207.143 - - [03/Aug/2021:01:21:51 +0000] "GET /favicon/apple-icon-60x60.png HTTP/1.1" 200 5427 "-" "Mozilla/5.0 (compatible; YandexFavicons/1.0; +http://yandex.com/bots)"
138.246.253.5 - - [03/Aug/2021:01:22:05 +0000] "HEAD / HTTP/1.1" 301 - "-" "Mozilla/5.0 (Windows NT 10.0; Win64; x64) AppleWebKit/537.36 (KHTML, like Gecko) Chrome/88.0.4324.146 Safari/537.36"
66.249.66.138 - - [03/Aug/2021:02:21:54 +0000] "GET /financial-services.php HTTP/1.1" 301 254 "-" "Mozilla/5.0 (Linux; Android 6.0.1; Nexus 5X Build/MMB29P) AppleWebKit/537.36 (KHTML, like Gecko) Chrome/92.0.4515.119 Mobile Safari/537.36 (compatible; Googlebot/2.1; +http://www.google.com/bot.html)"
66.249.66.95 - - [03/Aug/2021:02:21:55 +0000] "GET /financial-services.php HTTP/1.1" 200 24514 "-" "Mozilla/5.0 (Linux; Android 6.0.1; Nexus 5X Build/MMB29P) AppleWebKit/537.36 (KHTML, like Gecko) Chrome/92.0.4515.119 Mobile Safari/537.36 (compatible; Googlebot/2.1; +http://www.google.com/bot.html)"
157.55.39.44 - - [03/Aug/2021:02:21:55 +0000] "GET / HTTP/1.1" 301 232 "-" "Mozilla/5.0 (compatible; bingbot/2.0; +http://www.bing.com/bingbot.htm)"
207.46.13.0 - - [03/Aug/2021:02:21:55 +0000] "GET /robots.txt HTTP/1.1" 301 242 "-" "Mozilla/5.0 (compatible; bingbot/2.0; +http://www.bing.com/bingbot.htm)"
207.46.13.0 - - [03/Aug/2021:02:21:56 +0000] "GET /robots.txt HTTP/1.1" 200 53 "-" "Mozilla/5.0 (compatible; bingbot/2.0; +http://www.bing.com/bingbot.htm)"
157.55.39.44 - - [03/Aug/2021:02:25:15 +0000] "GET / HTTP/1.1" 301 232 "-" "Mozilla/5.0 (compatible; bingbot/2.0; +http://www.bing.com/bingbot.htm)"
66.249.66.138 - - [03/Aug/2021:02:28:06 +0000] "GET /LoanAgainstProperty.html HTTP/1.1" 301 256 "-" "Mozilla/5.0 (Linux; Android 6.0.1; Nexus 5X Build/MMB29P) AppleWebKit/537.36 (KHTML, like Gecko) Chrome/92.0.4515.119 Mobile Safari/537.36 (compatible; Googlebot/2.1; +http://www.google.com/bot.html)"
66.249.66.64 - - [03/Aug/2021:02:28:07 +0000] "GET /LoanAgainstProperty.html HTTP/1.1" 200 21677 "-" "Mozilla/5.0 (Linux; Android 6.0.1; Nexus 5X Build/MMB29P) AppleWebKit/537.36 (KHTML, like Gecko) Chrome/92.0.4515.119 Mobile Safari/537.36 (compatible; Googlebot/2.1; +http://www.google.com/bot.html)"
17.121.115.182 - - [03/Aug/2021:02:48:18 +0000] "GET /robots.txt HTTP/1.1" 301 242 "-" "Mozilla/5.0 (Macintosh; Intel Mac OS X 10_15_5) AppleWebKit/605.1.15 (KHTML, like Gecko) Version/13.1.1 Safari/605.1.15 (Applebot/0.1; +http://www.apple.com/go/applebot)"
17.121.114.239 - - [03/Aug/2021:02:48:18 +0000] "GET /robots.txt HTTP/1.1" 200 53 "-" "Mozilla/5.0 (Macintosh; Intel Mac OS X 10_15_5) AppleWebKit/605.1.15 (KHTML, like Gecko) Version/13.1.1 Safari/605.1.15 (Applebot/0.1; +http://www.apple.com/go/applebot)"
17.121.115.182 - - [03/Aug/2021:02:48:19 +0000] "GET /Home-Loan.html HTTP/1.1" 301 246 "-" "Mozilla/5.0 (Macintosh; Intel Mac OS X 10_15_5) AppleWebKit/605.1.15 (KHTML, like Gecko) Version/13.1.1 Safari/605.1.15 (Applebot/0.1; +http://www.apple.com/go/applebot)"
17.121.114.239 - - [03/Aug/2021:02:48:19 +0000] "GET /Home-Loan.html HTTP/1.1" 200 21146 "-" "Mozilla/5.0 (Macintosh; Intel Mac OS X 10_15_5) AppleWebKit/605.1.15 (KHTML, like Gecko) Version/13.1.1 Safari/605.1.15 (Applebot/0.1; +http://www.apple.com/go/applebot)"
138.246.253.5 - - [03/Aug/2021:02:54:52 +0000] "HEAD / HTTP/1.1" 301 - "-" "Mozilla/5.0 (Windows NT 10.0; Win64; x64) AppleWebKit/537.36 (KHTML, like Gecko) Chrome/88.0.4324.146 Safari/537.36"
138.246.253.5 - - [03/Aug/2021:02:55:58 +0000] "HEAD / HTTP/1.1" 301 - "-" "Mozilla/5.0 (Windows NT 10.0; Win64; x64) AppleWebKit/537.36 (KHTML, like Gecko) Chrome/88.0.4324.146 Safari/537.36"
207.46.13.0 - - [03/Aug/2021:04:15:36 +0000] "GET /robots.txt HTTP/1.1" 301 242 "-" "Mozilla/5.0 (compatible; bingbot/2.0; +http://www.bing.com/bingbot.htm)"
207.46.13.0 - - [03/Aug/2021:04:15:37 +0000] "GET /robots.txt HTTP/1.1" 301 242 "-" "Mozilla/5.0 (compatible; bingbot/2.0; +http://www.bing.com/bingbot.htm)"
40.77.167.7 - - [03/Aug/2021:04:15:49 +0000] "GET /scripts/pi.init.tab.js HTTP/1.1" 301 254 "-" "Mozilla/5.0 (compatible; MSIE 9.0; Windows NT 6.1; Trident/5.0)"
40.77.167.7 - - [03/Aug/2021:04:15:58 +0000] "GET /scripts/pi.init.tab.js HTTP/1.1" 200 1107 "-" "Mozilla/5.0 (compatible; MSIE 9.0; Windows NT 6.1; Trident/5.0)"
138.246.253.5 - - [03/Aug/2021:04:29:19 +0000] "HEAD / HTTP/1.1" 301 - "-" "Mozilla/5.0 (Windows NT 10.0; Win64; x64) AppleWebKit/537.36 (KHTML, like Gecko) Chrome/88.0.4324.146 Safari/537.36"
157.55.39.90 - - [03/Aug/2021:04:32:04 +0000] "GET /scripts/pi.init.revolutionslider.js HTTP/1.1" 301 267 "-" "Mozilla/5.0 (compatible; MSIE 9.0; Windows NT 6.1; Trident/5.0)"
157.55.39.90 - - [03/Aug/2021:04:32:17 +0000] "GET /scripts/pi.init.revolutionslider.js HTTP/1.1" 404 39182 "-" "Mozilla/5.0 (compatible; MSIE 9.0; Windows NT 6.1; Trident/5.0)"
1.38.40.55 - - [03/Aug/2021:04:44:54 +0000] "GET / HTTP/1.1" 200 39210 "https://www.google.com/" "Mozilla/5.0 (Windows NT 10.0; Win64; x64) AppleWebKit/537.36 (KHTML, like Gecko) Chrome/92.0.4515.107 Safari/537.36"
1.38.40.55 - - [03/Aug/2021:04:44:56 +0000] "GET /3dParty/bootstrap/css/bootstrap.min.css HTTP/1.1" 200 2816 "http://www.sonvarsa.com/" "Mozilla/5.0 (Windows NT 10.0; Win64; x64) AppleWebKit/537.36 (KHTML, like Gecko) Chrome/92.0.4515.107 Safari/537.36"
1.38.40.55 - - [03/Aug/2021:04:44:56 +0000] "GET /3dParty/rs-plugin/css/pi.settings.css HTTP/1.1" 200 40726 "http://www.sonvarsa.com/" "Mozilla/5.0 (Windows NT 10.0; Win64; x64) AppleWebKit/537.36 (KHTML, like Gecko) Chrome/92.0.4515.107 Safari/537.36"
1.38.40.55 - - [03/Aug/2021:04:44:56 +0000] "GET /3dParty/colorbox/colorbox.css HTTP/1.1" 200 4461 "http://www.sonvarsa.com/" "Mozilla/5.0 (Windows NT 10.0; Win64; x64) AppleWebKit/537.36 (KHTML, like Gecko) Chrome/92.0.4515.107 Safari/537.36"
1.38.40.55 - - [03/Aug/2021:04:44:56 +0000] "GET /css/typo.css HTTP/1.1" 200 45246 "http://www.sonvarsa.com/" "Mozilla/5.0 (Windows NT 10.0; Win64; x64) AppleWebKit/537.36 (KHTML, like Gecko) Chrome/92.0.4515.107 Safari/537.36"
1.38.40.55 - - [03/Aug/2021:04:44:56 +0000] "GET /css/slider.css HTTP/1.1" 200 5538 "http://www.sonvarsa.com/" "Mozilla/5.0 (Windows NT 10.0; Win64; x64) AppleWebKit/537.36 (KHTML, like Gecko) Chrome/92.0.4515.107 Safari/537.36"
1.38.40.55 - - [03/Aug/2021:04:44:56 +0000] "GET /css/tabs.css HTTP/1.1" 200 31476 "http://www.sonvarsa.com/" "Mozilla/5.0 (Windows NT 10.0; Win64; x64) AppleWebKit/537.36 (KHTML, like Gecko) Chrome/92.0.4515.107 Safari/537.36"
1.38.40.55 - - [03/Aug/2021:04:44:56 +0000] "GET /css/global.css HTTP/1.1" 200 269673 "http://www.sonvarsa.com/" "Mozilla/5.0 (Windows NT 10.0; Win64; x64) AppleWebKit/537.36 (KHTML, like Gecko) Chrome/92.0.4515.107 Safari/537.36"
1.38.40.55 - - [03/Aug/2021:04:44:56 +0000] "GET /css/testimonials.css HTTP/1.1" 200 8163 "http://www.sonvarsa.com/" "Mozilla/5.0 (Windows NT 10.0; Win64; x64) AppleWebKit/537.36 (KHTML, like Gecko) Chrome/92.0.4515.107 Safari/537.36"
1.38.40.55 - - [03/Aug/2021:04:44:57 +0000] "GET /css/tooltips.css HTTP/1.1" 200 5077 "http://www.sonvarsa.com/" "Mozilla/5.0 (Windows NT 10.0; Win64; x64) AppleWebKit/537.36 (KHTML, like Gecko) Chrome/92.0.4515.107 Safari/537.36"
1.38.40.55 - - [03/Aug/2021:04:44:57 +0000] "GET /css/counters.css HTTP/1.1" 200 8860 "http://www.sonvarsa.com/" "Mozilla/5.0 (Windows NT 10.0; Win64; x64) AppleWebKit/537.36 (KHTML, like Gecko) Chrome/92.0.4515.107 Safari/537.36"
1.38.40.55 - - [03/Aug/2021:04:44:57 +0000] "GET /3dParty/fontello/css/fontello.css HTTP/1.1" 200 13928 "http://www.sonvarsa.com/" "Mozilla/5.0 (Windows NT 10.0; Win64; x64) AppleWebKit/537.36 (KHTML, like Gecko) Chrome/92.0.4515.107 Safari/537.36"
1.38.40.55 - - [03/Aug/2021:04:44:57 +0000] "GET /css/social.css HTTP/1.1" 200 51367 "http://www.sonvarsa.com/" "Mozilla/5.0 (Windows NT 10.0; Win64; x64) AppleWebKit/537.36 (KHTML, like Gecko) Chrome/92.0.4515.107 Safari/537.36"
1.38.40.55 - - [03/Aug/2021:04:44:57 +0000] "GET /css/portfolio.css HTTP/1.1" 200 22092 "http://www.sonvarsa.com/" "Mozilla/5.0 (Windows NT 10.0; Win64; x64) AppleWebKit/537.36 (KHTML, like Gecko) Chrome/92.0.4515.107 Safari/537.36"
1.38.40.55 - - [03/Aug/2021:04:44:57 +0000] "GET /img/logo-base.png HTTP/1.1" 200 40166 "http://www.sonvarsa.com/" "Mozilla/5.0 (Windows NT 10.0; Win64; x64) AppleWebKit/537.36 (KHTML, like Gecko) Chrome/92.0.4515.107 Safari/537.36"
1.38.40.55 - - [03/Aug/2021:04:44:57 +0000] "GET /img_external/revolution-slider/banner-2.jpg HTTP/1.1" 200 163024 "http://www.sonvarsa.com/" "Mozilla/5.0 (Windows NT 10.0; Win64; x64) AppleWebKit/537.36 (KHTML, like Gecko) Chrome/92.0.4515.107 Safari/537.36"
1.38.40.55 - - [03/Aug/2021:04:44:57 +0000] "GET /img_external/revolution-slider/banner-1.jpg HTTP/1.1" 200 106216 "http://www.sonvarsa.com/" "Mozilla/5.0 (Windows NT 10.0; Win64; x64) AppleWebKit/537.36 (KHTML, like Gecko) Chrome/92.0.4515.107 Safari/537.36"
1.38.40.55 - - [03/Aug/2021:04:44:57 +0000] "GET /img_external/revolution-slider/banner-4.jpg HTTP/1.1" 200 218166 "http://www.sonvarsa.com/" "Mozilla/5.0 (Windows NT 10.0; Win64; x64) AppleWebKit/537.36 (KHTML, like Gecko) Chrome/92.0.4515.107 Safari/537.36"
1.38.40.55 - - [03/Aug/2021:04:44:57 +0000] "GET /img_external/revolution-slider/banner-5.jpg HTTP/1.1" 200 139874 "http://www.sonvarsa.com/" "Mozilla/5.0 (Windows NT 10.0; Win64; x64) AppleWebKit/537.36 (KHTML, like Gecko) Chrome/92.0.4515.107 Safari/537.36"
1.38.40.55 - - [03/Aug/2021:04:44:57 +0000] "GET /galleryimg/0e3e4e3c607833bed90a2004d8b1220b.png HTTP/1.1" 200 107666 "http://www.sonvarsa.com/" "Mozilla/5.0 (Windows NT 10.0; Win64; x64) AppleWebKit/537.36 (KHTML, like Gecko) Chrome/92.0.4515.107 Safari/537.36"
1.38.40.55 - - [03/Aug/2021:04:44:57 +0000] "GET /img_external/revolution-slider/banner-3.jpg HTTP/1.1" 200 155612 "http://www.sonvarsa.com/" "Mozilla/5.0 (Windows NT 10.0; Win64; x64) AppleWebKit/537.36 (KHTML, like Gecko) Chrome/92.0.4515.107 Safari/537.36"
1.38.40.55 - - [03/Aug/2021:04:45:00 +0000] "GET /3dParty/bootstrap/js/bootstrap.min.js HTTP/1.1" 200 8067 "http://www.sonvarsa.com/" "Mozilla/5.0 (Windows NT 10.0; Win64; x64) AppleWebKit/537.36 (KHTML, like Gecko) Chrome/92.0.4515.107 Safari/537.36"
1.38.40.55 - - [03/Aug/2021:04:45:00 +0000] "GET /3dParty/gauge.min.js HTTP/1.1" 200 17654 "http://www.sonvarsa.com/" "Mozilla/5.0 (Windows NT 10.0; Win64; x64) AppleWebKit/537.36 (KHTML, like Gecko) Chrome/92.0.4515.107 Safari/537.36"
1.38.40.55 - - [03/Aug/2021:04:45:00 +0000] "GET /3dParty/inview.js HTTP/1.1" 200 4574 "http://www.sonvarsa.com/" "Mozilla/5.0 (Windows NT 10.0; Win64; x64) AppleWebKit/537.36 (KHTML, like Gecko) Chrome/92.0.4515.107 Safari/537.36"
1.38.40.55 - - [03/Aug/2021:04:45:00 +0000] "GET /3dParty/jquery.touchSwipe.min.js HTTP/1.1" 200 10802 "http://www.sonvarsa.com/" "Mozilla/5.0 (Windows NT 10.0; Win64; x64) AppleWebKit/537.36 (KHTML, like Gecko) Chrome/92.0.4515.107 Safari/537.36"
1.38.40.55 - - [03/Aug/2021:04:45:00 +0000] "GET /3dParty/rs-plugin/js/jquery.themepunch.tools.min.js HTTP/1.1" 200 93487 "http://www.sonvarsa.com/" "Mozilla/5.0 (Windows NT 10.0; Win64; x64) AppleWebKit/537.36 (KHTML, like Gecko) Chrome/92.0.4515.107 Safari/537.36"
1.38.40.55 - - [03/Aug/2021:04:44:58 +0000] "GET /3dParty/jquery-1.11.0.min.js HTTP/1.1" 200 96383 "http://www.sonvarsa.com/" "Mozilla/5.0 (Windows NT 10.0; Win64; x64) AppleWebKit/537.36 (KHTML, like Gecko) Chrome/92.0.4515.107 Safari/537.36"
1.38.40.55 - - [03/Aug/2021:04:45:01 +0000] "GET /3dParty/requestAnimationFramePolyfill.min.js HTTP/1.1" 200 712 "http://www.sonvarsa.com/" "Mozilla/5.0 (Windows NT 10.0; Win64; x64) AppleWebKit/537.36 (KHTML, like Gecko) Chrome/92.0.4515.107 Safari/537.36"
1.38.40.55 - - [03/Aug/2021:04:45:01 +0000] "GET /3dParty/rs-plugin/js/jquery.themepunch.revolution.min.js HTTP/1.1" 200 105401 "http://www.sonvarsa.com/" "Mozilla/5.0 (Windows NT 10.0; Win64; x64) AppleWebKit/537.36 (KHTML, like Gecko) Chrome/92.0.4515.107 Safari/537.36"
1.38.40.55 - - [03/Aug/2021:04:45:01 +0000] "GET /3dParty/jquery.scrollTo.min.js HTTP/1.1" 200 2609 "http://www.sonvarsa.com/" "Mozilla/5.0 (Windows NT 10.0; Win64; x64) AppleWebKit/537.36 (KHTML, like Gecko) Chrome/92.0.4515.107 Safari/537.36"
1.38.40.55 - - [03/Aug/2021:04:45:01 +0000] "GET /3dParty/jquery.placeholder.js HTTP/1.1" 200 5476 "http://www.sonvarsa.com/" "Mozilla/5.0 (Windows NT 10.0; Win64; x64) AppleWebKit/537.36 (KHTML, like Gecko) Chrome/92.0.4515.107 Safari/537.36"
1.38.40.55 - - [03/Aug/2021:04:45:01 +0000] "GET /3dParty/colorbox/jquery.colorbox-min.js HTTP/1.1" 200 11809 "http://www.sonvarsa.com/" "Mozilla/5.0 (Windows NT 10.0; Win64; x64) AppleWebKit/537.36 (KHTML, like Gecko) Chrome/92.0.4515.107 Safari/537.36"
1.38.40.55 - - [03/Aug/2021:04:45:01 +0000] "GET /scripts/pi.init.revolutionSlider.js HTTP/1.1" 200 766 "http://www.sonvarsa.com/" "Mozilla/5.0 (Windows NT 10.0; Win64; x64) AppleWebKit/537.36 (KHTML, like Gecko) Chrome/92.0.4515.107 Safari/537.36"
1.38.40.55 - - [03/Aug/2021:04:45:02 +0000] "GET /scripts/pi.tab.js HTTP/1.1" 200 3460 "http://www.sonvarsa.com/" "Mozilla/5.0 (Windows NT 10.0; Win64; x64) AppleWebKit/537.36 (KHTML, like Gecko) Chrome/92.0.4515.107 Safari/537.36"
1.38.40.55 - - [03/Aug/2021:04:45:02 +0000] "GET /scripts/pi.global.js HTTP/1.1" 200 31427 "http://www.sonvarsa.com/" "Mozilla/5.0 (Windows NT 10.0; Win64; x64) AppleWebKit/537.36 (KHTML, like Gecko) Chrome/92.0.4515.107 Safari/537.36"
1.38.40.55 - - [03/Aug/2021:04:45:02 +0000] "GET /scripts/pi.init.tab.js HTTP/1.1" 200 1107 "http://www.sonvarsa.com/" "Mozilla/5.0 (Windows NT 10.0; Win64; x64) AppleWebKit/537.36 (KHTML, like Gecko) Chrome/92.0.4515.107 Safari/537.36"
1.38.40.55 - - [03/Aug/2021:04:45:02 +0000] "GET /3dParty/jquery.easing.1.3.js HTTP/1.1" 200 8404 "http://www.sonvarsa.com/" "Mozilla/5.0 (Windows NT 10.0; Win64; x64) AppleWebKit/537.36 (KHTML, like Gecko) Chrome/92.0.4515.107 Safari/537.36"
1.38.40.55 - - [03/Aug/2021:04:45:02 +0000] "GET /scripts/pi.counter.js HTTP/1.1" 200 3610 "http://www.sonvarsa.com/" "Mozilla/5.0 (Windows NT 10.0; Win64; x64) AppleWebKit/537.36 (KHTML, like Gecko) Chrome/92.0.4515.107 Safari/537.36"
1.38.40.55 - - [03/Aug/2021:04:45:02 +0000] "GET /scripts/pi.init.counter.js HTTP/1.1" 200 249 "http://www.sonvarsa.com/" "Mozilla/5.0 (Windows NT 10.0; Win64; x64) AppleWebKit/537.36 (KHTML, like Gecko) Chrome/92.0.4515.107 Safari/537.36"
1.38.40.55 - - [03/Aug/2021:04:45:03 +0000] "GET /scripts/pi.tooltip.js HTTP/1.1" 200 11923 "http://www.sonvarsa.com/" "Mozilla/5.0 (Windows NT 10.0; Win64; x64) AppleWebKit/537.36 (KHTML, like Gecko) Chrome/92.0.4515.107 Safari/537.36"
1.38.40.55 - - [03/Aug/2021:04:45:03 +0000] "GET /scripts/pi.slider.js HTTP/1.1" 200 8118 "http://www.sonvarsa.com/" "Mozilla/5.0 (Windows NT 10.0; Win64; x64) AppleWebKit/537.36 (KHTML, like Gecko) Chrome/92.0.4515.107 Safari/537.36"
1.38.40.55 - - [03/Aug/2021:04:45:03 +0000] "GET /scripts/pi.init.tooltip.js HTTP/1.1" 200 666 "http://www.sonvarsa.com/" "Mozilla/5.0 (Windows NT 10.0; Win64; x64) AppleWebKit/537.36 (KHTML, like Gecko) Chrome/92.0.4515.107 Safari/537.36"
1.38.40.55 - - [03/Aug/2021:04:45:03 +0000] "GET /scripts/pi.init.slider.js HTTP/1.1" 200 1110 "http://www.sonvarsa.com/" "Mozilla/5.0 (Windows NT 10.0; Win64; x64) AppleWebKit/537.36 (KHTML, like Gecko) Chrome/92.0.4515.107 Safari/537.36"
1.38.40.55 - - [03/Aug/2021:04:45:03 +0000] "GET /scripts/pi.parallax.js HTTP/1.1" 200 1897 "http://www.sonvarsa.com/" "Mozilla/5.0 (Windows NT 10.0; Win64; x64) AppleWebKit/537.36 (KHTML, like Gecko) Chrome/92.0.4515.107 Safari/537.36"
1.38.40.55 - - [03/Aug/2021:04:45:03 +0000] "GET /scripts/pi.init.parallax.js HTTP/1.1" 200 183 "http://www.sonvarsa.com/" "Mozilla/5.0 (Windows NT 10.0; Win64; x64) AppleWebKit/537.36 (KHTML, like Gecko) Chrome/92.0.4515.107 Safari/537.36"
54.186.171.82 - - [03/Aug/2021:04:53:12 +0000] "GET /3dParty/inview.js HTTP/1.1" 200 4574 "-" "Mozilla/5.0 (Windows NT 6.1; Win64; x64) AppleWebKit/537.36 (KHTML, like Gecko) Chrome/72.0.3626.109 Safari/537.36"
52.40.32.233 - - [03/Aug/2021:04:53:14 +0000] "GET /3dParty/jquery.scrollTo.min.js HTTP/1.1" 200 2609 "-" "Mozilla/5.0 (Windows NT 6.1; Win64; x64) AppleWebKit/537.36 (KHTML, like Gecko) Chrome/72.0.3626.109 Safari/537.36"
54.188.197.0 - - [03/Aug/2021:04:54:09 +0000] "GET /scripts/pi.init.revolutionSlider.js HTTP/1.1" 200 766 "-" "Mozilla/5.0 (Windows NT 6.1; Win64; x64) AppleWebKit/537.36 (KHTML, like Gecko) Chrome/72.0.3626.109 Safari/537.36"
54.203.0.143 - - [03/Aug/2021:04:54:24 +0000] "GET /3dParty/requestAnimationFramePolyfill.min.js HTTP/1.1" 200 712 "-" "Mozilla/5.0 (Windows NT 6.1; Win64; x64) AppleWebKit/537.36 (KHTML, like Gecko) Chrome/72.0.3626.109 Safari/537.36"
34.220.107.247 - - [03/Aug/2021:04:54:26 +0000] "GET /scripts/pi.init.parallax.js HTTP/1.1" 200 183 "-" "Mozilla/5.0 (Windows NT 6.1; Win64; x64) AppleWebKit/537.36 (KHTML, like Gecko) Chrome/72.0.3626.109 Safari/537.36"
54.186.12.108 - - [03/Aug/2021:04:54:43 +0000] "GET /scripts/pi.init.tab.js HTTP/1.1" 200 1107 "-" "Mozilla/5.0 (Windows NT 6.1; Win64; x64) AppleWebKit/537.36 (KHTML, like Gecko) Chrome/72.0.3626.109 Safari/537.36"
52.33.74.123 - - [03/Aug/2021:04:54:47 +0000] "GET /3dParty/rs-plugin/js/jquery.themepunch.revolution.min.js HTTP/1.1" 200 105401 "-" "Mozilla/5.0 (Windows NT 6.1; Win64; x64) AppleWebKit/537.36 (KHTML, like Gecko) Chrome/72.0.3626.109 Safari/537.36"
52.12.115.170 - - [03/Aug/2021:04:56:05 +0000] "GET /scripts/pi.tooltip.js HTTP/1.1" 200 11923 "-" "Mozilla/5.0 (Windows NT 6.1; Win64; x64) AppleWebKit/537.36 (KHTML, like Gecko) Chrome/72.0.3626.109 Safari/537.36"
34.222.36.197 - - [03/Aug/2021:04:56:13 +0000] "GET /3dParty/gauge.min.js HTTP/1.1" 200 17654 "-" "Mozilla/5.0 (Windows NT 6.1; Win64; x64) AppleWebKit/537.36 (KHTML, like Gecko) Chrome/72.0.3626.109 Safari/537.36"
54.189.34.120 - - [03/Aug/2021:04:56:15 +0000] "GET /3dParty/bootstrap/js/bootstrap.min.js HTTP/1.1" 200 8067 "-" "Mozilla/5.0 (Windows NT 6.1; Win64; x64) AppleWebKit/537.36 (KHTML, like Gecko) Chrome/72.0.3626.109 Safari/537.36"
54.218.53.14 - - [03/Aug/2021:04:56:16 +0000] "GET /scripts/pi.global.js HTTP/1.1" 200 31427 "-" "Mozilla/5.0 (Windows NT 6.1; Win64; x64) AppleWebKit/537.36 (KHTML, like Gecko) Chrome/72.0.3626.109 Safari/537.36"
54.186.171.82 - - [03/Aug/2021:04:56:30 +0000] "GET / HTTP/1.1" 200 39210 "-" "Mozilla/5.0 (Windows NT 6.1; Win64; x64) AppleWebKit/537.36 (KHTML, like Gecko) Chrome/72.0.3626.109 Safari/537.36"
52.35.24.132 - - [03/Aug/2021:04:56:30 +0000] "GET /3dParty/colorbox/jquery.colorbox-min.js HTTP/1.1" 200 11809 "-" "Mozilla/5.0 (Windows NT 6.1; Win64; x64) AppleWebKit/537.36 (KHTML, like Gecko) Chrome/72.0.3626.109 Safari/537.36"
34.212.167.165 - - [03/Aug/2021:04:56:31 +0000] "GET /scripts/pi.tab.js HTTP/1.1" 200 3460 "-" "Mozilla/5.0 (Windows NT 6.1; Win64; x64) AppleWebKit/537.36 (KHTML, like Gecko) Chrome/72.0.3626.109 Safari/537.36"
54.186.12.108 - - [03/Aug/2021:04:56:36 +0000] "GET /scripts/pi.counter.js HTTP/1.1" 200 3610 "-" "Mozilla/5.0 (Windows NT 6.1; Win64; x64) AppleWebKit/537.36 (KHTML, like Gecko) Chrome/72.0.3626.109 Safari/537.36"
54.188.164.45 - - [03/Aug/2021:04:57:05 +0000] "GET /3dParty/jquery-1.11.0.min.js HTTP/1.1" 200 96383 "-" "Mozilla/5.0 (Windows NT 6.1; Win64; x64) AppleWebKit/537.36 (KHTML, like Gecko) Chrome/72.0.3626.109 Safari/537.36"
35.162.64.207 - - [03/Aug/2021:04:57:27 +0000] "GET /scripts/pi.init.tooltip.js HTTP/1.1" 200 666 "-" "Mozilla/5.0 (Windows NT 6.1; Win64; x64) AppleWebKit/537.36 (KHTML, like Gecko) Chrome/72.0.3626.109 Safari/537.36"
34.217.193.95 - - [03/Aug/2021:04:59:18 +0000] "GET /scripts/pi.init.slider.js HTTP/1.1" 200 1110 "-" "Mozilla/5.0 (Windows NT 6.1; Win64; x64) AppleWebKit/537.36 (KHTML, like Gecko) Chrome/72.0.3626.109 Safari/537.36"
34.217.36.187 - - [03/Aug/2021:05:00:41 +0000] "GET /scripts/pi.slider.js HTTP/1.1" 200 8118 "-" "Mozilla/5.0 (Windows NT 6.1; Win64; x64) AppleWebKit/537.36 (KHTML, like Gecko) Chrome/72.0.3626.109 Safari/537.36"
54.218.104.114 - - [03/Aug/2021:05:00:46 +0000] "GET /scripts/pi.init.counter.js HTTP/1.1" 200 249 "-" "Mozilla/5.0 (Windows NT 6.1; Win64; x64) AppleWebKit/537.36 (KHTML, like Gecko) Chrome/72.0.3626.109 Safari/537.36"
54.191.104.159 - - [03/Aug/2021:05:01:01 +0000] "GET /3dParty/rs-plugin/js/jquery.themepunch.tools.min.js HTTP/1.1" 200 93487 "-" "Mozilla/5.0 (Windows NT 6.1; Win64; x64) AppleWebKit/537.36 (KHTML, like Gecko) Chrome/72.0.3626.109 Safari/537.36"
18.236.242.85 - - [03/Aug/2021:05:01:18 +0000] "GET /scripts/pi.parallax.js HTTP/1.1" 200 1897 "-" "Mozilla/5.0 (Windows NT 6.1; Win64; x64) AppleWebKit/537.36 (KHTML, like Gecko) Chrome/72.0.3626.109 Safari/537.36"
34.213.223.33 - - [03/Aug/2021:05:01:36 +0000] "GET /3dParty/jquery.easing.1.3.js HTTP/1.1" 200 8404 "-" "Mozilla/5.0 (Windows NT 6.1; Win64; x64) AppleWebKit/537.36 (KHTML, like Gecko) Chrome/72.0.3626.109 Safari/537.36"
54.185.209.42 - - [03/Aug/2021:05:02:06 +0000] "GET /3dParty/jquery.touchSwipe.min.js HTTP/1.1" 200 10802 "-" "Mozilla/5.0 (Windows NT 6.1; Win64; x64) AppleWebKit/537.36 (KHTML, like Gecko) Chrome/72.0.3626.109 Safari/537.36"
54.70.92.30 - - [03/Aug/2021:05:02:35 +0000] "GET /3dParty/jquery.placeholder.js HTTP/1.1" 200 5476 "-" "Mozilla/5.0 (Windows NT 6.1; Win64; x64) AppleWebKit/537.36 (KHTML, like Gecko) Chrome/72.0.3626.109 Safari/537.36"
207.46.13.131 - - [03/Aug/2021:05:55:45 +0000] "GET /Mission HTTP/1.1" 200 26487 "-" "Mozilla/5.0 (compatible; bingbot/2.0; +http://www.bing.com/bingbot.htm)"
77.111.247.108 - - [03/Aug/2021:05:56:22 +0000] "GET /fckeditor/editor/filemanager/connectors/test.html HTTP/1.1" 301 281 "-" "Mozilla/5.0 (Windows NT 10.0; Win64; x64) AppleWebKit/537.36 (KHTML, like Gecko) Chrome/89.0.3945.117 Safari/537.36"
