92.118.160.45 - - [08/Aug/2021:09:46:14 +0000] "GET / HTTP/1.1" 200 39210 "-" "NetSystemsResearch studies the availability of various services across the internet. Our website is netsystemsresearch.com"
66.249.65.241 - - [08/Aug/2021:09:49:37 +0000] "GET /Home-Loan.html HTTP/1.1" 200 21146 "-" "Mozilla/5.0 (compatible; Googlebot/2.1; +http://www.google.com/bot.html)"
131.220.6.152 - - [08/Aug/2021:10:15:10 +0000] "GET / HTTP/1.1" 301 232 "-" "Mozilla/5.0 (X11; Linux x86_64) AppleWebKit/537.36 (KHTML, like Gecko) Chrome/79.0.3945.79 Safari/537.36"
131.220.6.152 - - [08/Aug/2021:10:15:10 +0000] "GET / HTTP/1.1" 200 39210 "-" "Mozilla/5.0 (X11; Linux x86_64) AppleWebKit/537.36 (KHTML, like Gecko) Chrome/79.0.3945.79 Safari/537.36"
77.75.79.32 - - [08/Aug/2021:10:17:23 +0000] "GET /robots.txt HTTP/1.1" 200 53 "-" "Mozilla/5.0 (compatible; SeznamBot/3.2; +http://napoveda.seznam.cz/en/seznambot-intro/)"
77.75.79.32 - - [08/Aug/2021:10:17:24 +0000] "GET /about-us.php HTTP/1.1" 200 26695 "-" "Mozilla/5.0 (compatible; SeznamBot/3.2; +http://napoveda.seznam.cz/en/seznambot-intro/)"
66.249.65.245 - - [08/Aug/2021:10:21:00 +0000] "GET /sitemap.xml HTTP/1.1" 200 3388 "-" "Mozilla/5.0 (compatible; Googlebot/2.1; +http://www.google.com/bot.html)"
211.249.246.198 - - [08/Aug/2021:10:43:55 +0000] "GET /robots.txt HTTP/1.1" 200 53 "-" "Mozilla/5.0 (compatible; Daum/4.1; +http://cs.daum.net/faq/15/4118.html?faqId=28966)"
211.249.246.198 - - [08/Aug/2021:10:43:55 +0000] "GET /CommercialandFinancialLegal.html HTTP/1.1" 200 21151 "-" "Mozilla/5.0 (compatible; Daum/4.1; +http://cs.daum.net/faq/15/4118.html?faqId=28966)"
211.249.246.198 - - [08/Aug/2021:10:44:12 +0000] "GET /CommercialandFinancialLegal.html HTTP/1.1" 200 21151 "-" "Mozilla/5.0 (compatible; Daum/4.1; +http://cs.daum.net/faq/15/4118.html?faqId=28966)"
211.249.246.198 - - [08/Aug/2021:10:44:31 +0000] "GET /CommercialandFinancialLegal.html HTTP/1.1" 200 21151 "-" "Mozilla/5.0 (compatible; Daum/4.1; +http://cs.daum.net/faq/15/4118.html?faqId=28966)"
185.254.31.122 - - [08/Aug/2021:11:39:43 +0000] "GET /.env HTTP/1.1" 404 39182 "-" "Mozilla/5.0 (X11; Linux x86_64) AppleWebKit/537.36 (KHTML, like Gecko) Chrome/81.0.4044.129 Safari/537.36"
42.236.10.79 - - [08/Aug/2021:11:40:14 +0000] "GET / HTTP/1.1" 200 39210 "http://www.sonvarsa.com/" "-"
157.55.39.44 - - [08/Aug/2021:12:13:55 +0000] "GET / HTTP/1.1" 200 39210 "-" "Mozilla/5.0 (compatible; bingbot/2.0; +http://www.bing.com/bingbot.htm)"
54.75.92.248 - - [08/Aug/2021:12:25:08 +0000] "GET / HTTP/1.1" 301 232 "-" "Mozilla/5.0 (Macintosh; Intel Mac OS X 10.15; rv:81.0) Gecko/20100101 Firefox/81.0"
54.75.92.248 - - [08/Aug/2021:12:25:09 +0000] "GET / HTTP/1.1" 200 39210 "http://165.232.190.148" "Mozilla/5.0 (Macintosh; Intel Mac OS X 10.15; rv:81.0) Gecko/20100101 Firefox/81.0"
180.179.180.41 - - [08/Aug/2021:12:34:39 +0000] "GET /Careers HTTP/1.1" 200 25245 "-" "Mozilla/5.0"
157.55.39.44 - - [08/Aug/2021:13:24:01 +0000] "GET / HTTP/1.1" 200 39210 "-" "Mozilla/5.0 (compatible; bingbot/2.0; +http://www.bing.com/bingbot.htm)"
223.228.250.56 - - [08/Aug/2021:14:39:56 +0000] "GET /galleryimg/4461648business_loan_banner.jpg HTTP/1.1" 200 45446 "https://www.google.com/" "Mozilla/5.0 (Windows NT 6.1; Win64; x64) AppleWebKit/537.36 (KHTML, like Gecko) Chrome/92.0.4515.131 Safari/537.36"
162.214.188.41 - - [08/Aug/2021:14:42:07 +0000] "GET /wp-login.php HTTP/1.1" 301 244 "-" "Mozilla/5.0 (X11; Ubuntu; Linux x86_64; rv:62.0) Gecko/20100101 Firefox/62.0"
162.214.188.41 - - [08/Aug/2021:14:42:09 +0000] "GET /wp-login.php HTTP/1.1" 404 39182 "http://sonvarsa.com/wp-login.php" "Mozilla/5.0 (X11; Ubuntu; Linux x86_64; rv:62.0) Gecko/20100101 Firefox/62.0"
188.130.185.8 - - [08/Aug/2021:15:07:15 +0000] "GET / HTTP/1.0" 301 232 "http://sonvarsa.com/" "Mozilla/5.0 (Windows NT 6.1) AppleWebKit/537.36 (KHTML, like Gecko) Chrome/66.0.3359.181 Safari/537.36"
188.130.185.8 - - [08/Aug/2021:15:07:21 +0000] "GET / HTTP/1.0" 200 39210 "http://www.sonvarsa.com/" "Mozilla/5.0 (Windows NT 6.1) AppleWebKit/537.36 (KHTML, like Gecko) Chrome/66.0.3359.181 Safari/537.36"
188.130.185.8 - - [08/Aug/2021:15:07:28 +0000] "GET /contact-us.php HTTP/1.0" 200 24578 "http://www.sonvarsa.com/contact-us.php" "Mozilla/5.0 (Windows NT 6.1) AppleWebKit/537.36 (KHTML, like Gecko) Chrome/66.0.3359.181 Safari/537.36"
188.130.185.8 - - [08/Aug/2021:15:07:31 +0000] "POST /submit-enquiry.php HTTP/1.0" 200 136 "http://www.sonvarsa.com/contact-us.php" "Mozilla/5.0 (Windows NT 6.1) AppleWebKit/537.36 (KHTML, like Gecko) Chrome/66.0.3359.181 Safari/537.36"
188.130.185.8 - - [08/Aug/2021:15:07:37 +0000] "GET /Thank-You HTTP/1.0" 200 25434 "http://www.sonvarsa.com/Thank-You" "Mozilla/5.0 (Windows NT 6.1) AppleWebKit/537.36 (KHTML, like Gecko) Chrome/66.0.3359.181 Safari/537.36"
188.130.185.8 - - [08/Aug/2021:15:07:37 +0000] "GET / HTTP/1.0" 200 39210 "http://www.sonvarsa.com/" "Mozilla/5.0 (Windows NT 6.1) AppleWebKit/537.36 (KHTML, like Gecko) Chrome/66.0.3359.181 Safari/537.36"
34.73.45.207 - - [08/Aug/2021:15:12:18 +0000] "GET /robots.txt HTTP/1.0" 301 242 "-" "ZoominfoBot (zoominfobot at zoominfo dot com)"
34.73.45.207 - - [08/Aug/2021:15:12:18 +0000] "GET /robots.txt HTTP/1.1" 200 53 "-" "ZoominfoBot (zoominfobot at zoominfo dot com)"
34.73.45.207 - - [08/Aug/2021:15:12:19 +0000] "GET /careers.php HTTP/1.0" 301 243 "-" "ZoominfoBot (zoominfobot at zoominfo dot com)"
34.73.45.207 - - [08/Aug/2021:15:13:14 +0000] "GET /contact-us.php HTTP/1.0" 301 246 "-" "ZoominfoBot (zoominfobot at zoominfo dot com)"
188.130.185.8 - - [08/Aug/2021:15:13:31 +0000] "GET / HTTP/1.0" 301 232 "http://sonvarsa.com/" "Mozilla/5.0 (Windows NT 6.1; Win64; x64) AppleWebKit/537.36 (KHTML, like Gecko) Chrome/67.0.3396.87 Safari/537.36"
188.130.185.8 - - [08/Aug/2021:15:13:31 +0000] "GET / HTTP/1.0" 200 39210 "http://www.sonvarsa.com/" "Mozilla/5.0 (Windows NT 6.1; Win64; x64) AppleWebKit/537.36 (KHTML, like Gecko) Chrome/67.0.3396.87 Safari/537.36"
188.130.185.8 - - [08/Aug/2021:15:13:33 +0000] "GET /contact-us.php HTTP/1.0" 200 24578 "http://www.sonvarsa.com/contact-us.php" "Mozilla/5.0 (Windows NT 6.1; Win64; x64) AppleWebKit/537.36 (KHTML, like Gecko) Chrome/67.0.3396.87 Safari/537.36"
188.130.185.8 - - [08/Aug/2021:15:13:34 +0000] "POST /submit-enquiry.php HTTP/1.0" 200 136 "http://www.sonvarsa.com/contact-us.php" "Mozilla/5.0 (Windows NT 6.1; Win64; x64) AppleWebKit/537.36 (KHTML, like Gecko) Chrome/67.0.3396.87 Safari/537.36"
188.130.185.8 - - [08/Aug/2021:15:13:37 +0000] "GET /Thank-You HTTP/1.0" 200 25434 "http://www.sonvarsa.com/Thank-You" "Mozilla/5.0 (Windows NT 6.1; Win64; x64) AppleWebKit/537.36 (KHTML, like Gecko) Chrome/67.0.3396.87 Safari/537.36"
188.130.185.8 - - [08/Aug/2021:15:13:38 +0000] "GET / HTTP/1.0" 200 39210 "http://www.sonvarsa.com/" "Mozilla/5.0 (Windows NT 6.1; Win64; x64) AppleWebKit/537.36 (KHTML, like Gecko) Chrome/67.0.3396.87 Safari/537.36"
34.73.45.207 - - [08/Aug/2021:15:18:47 +0000] "GET /robots.txt HTTP/1.0" 200 53 "-" "ZoominfoBot (zoominfobot at zoominfo dot com)"
34.73.45.207 - - [08/Aug/2021:15:18:47 +0000] "GET /CashManagement.html HTTP/1.0" 200 20997 "-" "ZoominfoBot (zoominfobot at zoominfo dot com)"
194.32.229.152 - - [08/Aug/2021:15:19:12 +0000] "GET / HTTP/1.0" 301 232 "http://sonvarsa.com/" "Mozilla/5.0 (Windows NT 6.1; WOW64) AppleWebKit/537.36 (KHTML, like Gecko) Chrome/67.0.3396.87 Safari/537.36 OPR/54.0.2952.64 (Edition Yx)"
194.32.229.152 - - [08/Aug/2021:15:19:13 +0000] "GET / HTTP/1.0" 200 39210 "http://www.sonvarsa.com/" "Mozilla/5.0 (Windows NT 6.1; WOW64) AppleWebKit/537.36 (KHTML, like Gecko) Chrome/67.0.3396.87 Safari/537.36 OPR/54.0.2952.64 (Edition Yx)"
194.32.229.152 - - [08/Aug/2021:15:19:14 +0000] "GET /contact-us.php HTTP/1.0" 200 24578 "http://www.sonvarsa.com/contact-us.php" "Mozilla/5.0 (Windows NT 6.1; WOW64) AppleWebKit/537.36 (KHTML, like Gecko) Chrome/67.0.3396.87 Safari/537.36 OPR/54.0.2952.64 (Edition Yx)"
194.32.229.152 - - [08/Aug/2021:15:19:15 +0000] "POST /submit-enquiry.php HTTP/1.0" 200 136 "http://www.sonvarsa.com/contact-us.php" "Mozilla/5.0 (Windows NT 6.1; WOW64) AppleWebKit/537.36 (KHTML, like Gecko) Chrome/67.0.3396.87 Safari/537.36 OPR/54.0.2952.64 (Edition Yx)"
194.32.229.152 - - [08/Aug/2021:15:19:18 +0000] "GET /Thank-You HTTP/1.0" 200 25434 "http://www.sonvarsa.com/Thank-You" "Mozilla/5.0 (Windows NT 6.1; WOW64) AppleWebKit/537.36 (KHTML, like Gecko) Chrome/67.0.3396.87 Safari/537.36 OPR/54.0.2952.64 (Edition Yx)"
194.32.229.152 - - [08/Aug/2021:15:19:18 +0000] "GET / HTTP/1.0" 200 39210 "http://www.sonvarsa.com/" "Mozilla/5.0 (Windows NT 6.1; WOW64) AppleWebKit/537.36 (KHTML, like Gecko) Chrome/67.0.3396.87 Safari/537.36 OPR/54.0.2952.64 (Edition Yx)"
34.73.45.207 - - [08/Aug/2021:15:20:55 +0000] "GET /FAQ HTTP/1.0" 200 24936 "-" "ZoominfoBot (zoominfobot at zoominfo dot com)"
188.130.128.217 - - [08/Aug/2021:15:24:46 +0000] "GET / HTTP/1.0" 301 232 "http://sonvarsa.com/" "Mozilla/5.0 (Windows NT 6.1; WOW64) AppleWebKit/537.36 (KHTML, like Gecko) Chrome/67.0.3396.87 Safari/537.36 OPR/54.0.2952.64 (Edition Yx)"
188.130.128.217 - - [08/Aug/2021:15:24:47 +0000] "GET / HTTP/1.0" 200 39210 "http://www.sonvarsa.com/" "Mozilla/5.0 (Windows NT 6.1; WOW64) AppleWebKit/537.36 (KHTML, like Gecko) Chrome/67.0.3396.87 Safari/537.36 OPR/54.0.2952.64 (Edition Yx)"
188.130.128.217 - - [08/Aug/2021:15:24:48 +0000] "GET /contact-us.php HTTP/1.0" 200 24578 "http://www.sonvarsa.com/contact-us.php" "Mozilla/5.0 (Windows NT 6.1; WOW64) AppleWebKit/537.36 (KHTML, like Gecko) Chrome/67.0.3396.87 Safari/537.36 OPR/54.0.2952.64 (Edition Yx)"
188.130.128.217 - - [08/Aug/2021:15:24:49 +0000] "POST /submit-enquiry.php HTTP/1.0" 200 136 "http://www.sonvarsa.com/contact-us.php" "Mozilla/5.0 (Windows NT 6.1; WOW64) AppleWebKit/537.36 (KHTML, like Gecko) Chrome/67.0.3396.87 Safari/537.36 OPR/54.0.2952.64 (Edition Yx)"
188.130.128.217 - - [08/Aug/2021:15:24:51 +0000] "GET /Thank-You HTTP/1.0" 200 25434 "http://www.sonvarsa.com/Thank-You" "Mozilla/5.0 (Windows NT 6.1; WOW64) AppleWebKit/537.36 (KHTML, like Gecko) Chrome/67.0.3396.87 Safari/537.36 OPR/54.0.2952.64 (Edition Yx)"
188.130.128.217 - - [08/Aug/2021:15:24:53 +0000] "GET / HTTP/1.0" 200 39210 "http://www.sonvarsa.com/" "Mozilla/5.0 (Windows NT 6.1; WOW64) AppleWebKit/537.36 (KHTML, like Gecko) Chrome/67.0.3396.87 Safari/537.36 OPR/54.0.2952.64 (Edition Yx)"
34.73.45.207 - - [08/Aug/2021:15:26:10 +0000] "GET /Retirement-Pension.html HTTP/1.0" 200 21084 "-" "ZoominfoBot (zoominfobot at zoominfo dot com)"
34.73.45.207 - - [08/Aug/2021:15:28:07 +0000] "GET /index.php HTTP/1.0" 301 241 "-" "ZoominfoBot (zoominfobot at zoominfo dot com)"
34.73.45.207 - - [08/Aug/2021:15:29:59 +0000] "GET /Taxation.html HTTP/1.0" 200 21103 "-" "ZoominfoBot (zoominfobot at zoominfo dot com)"
109.248.204.53 - - [08/Aug/2021:15:30:23 +0000] "GET / HTTP/1.0" 301 232 "http://sonvarsa.com/" "Mozilla/5.0 (Windows NT 6.1; Win64; x64) AppleWebKit/537.36 (KHTML, like Gecko) Chrome/66.0.3359.170 Safari/537.36 OPR/53.0.2907.106"
109.248.204.53 - - [08/Aug/2021:15:30:24 +0000] "GET / HTTP/1.0" 200 39210 "http://www.sonvarsa.com/" "Mozilla/5.0 (Windows NT 6.1; Win64; x64) AppleWebKit/537.36 (KHTML, like Gecko) Chrome/66.0.3359.170 Safari/537.36 OPR/53.0.2907.106"
109.248.204.53 - - [08/Aug/2021:15:30:25 +0000] "GET /contact-us.php HTTP/1.0" 200 24578 "http://www.sonvarsa.com/contact-us.php" "Mozilla/5.0 (Windows NT 6.1; Win64; x64) AppleWebKit/537.36 (KHTML, like Gecko) Chrome/66.0.3359.170 Safari/537.36 OPR/53.0.2907.106"
109.248.204.53 - - [08/Aug/2021:15:30:25 +0000] "POST /submit-enquiry.php HTTP/1.0" 200 136 "http://www.sonvarsa.com/contact-us.php" "Mozilla/5.0 (Windows NT 6.1; Win64; x64) AppleWebKit/537.36 (KHTML, like Gecko) Chrome/66.0.3359.170 Safari/537.36 OPR/53.0.2907.106"
109.248.204.53 - - [08/Aug/2021:15:30:28 +0000] "GET /Thank-You HTTP/1.0" 200 25434 "http://www.sonvarsa.com/Thank-You" "Mozilla/5.0 (Windows NT 6.1; Win64; x64) AppleWebKit/537.36 (KHTML, like Gecko) Chrome/66.0.3359.170 Safari/537.36 OPR/53.0.2907.106"
109.248.204.53 - - [08/Aug/2021:15:30:29 +0000] "GET / HTTP/1.0" 200 39210 "http://www.sonvarsa.com/" "Mozilla/5.0 (Windows NT 6.1; Win64; x64) AppleWebKit/537.36 (KHTML, like Gecko) Chrome/66.0.3359.170 Safari/537.36 OPR/53.0.2907.106"
34.73.45.207 - - [08/Aug/2021:15:31:19 +0000] "GET /Fixed-Deposit.html HTTP/1.0" 200 20797 "-" "ZoominfoBot (zoominfobot at zoominfo dot com)"
46.8.17.183 - - [08/Aug/2021:15:36:08 +0000] "GET / HTTP/1.0" 301 232 "http://sonvarsa.com/" "Mozilla/5.0 (Windows NT 6.1) AppleWebKit/537.36 (KHTML, like Gecko) Chrome/67.0.3396.87 Safari/537.36"
46.8.17.183 - - [08/Aug/2021:15:36:08 +0000] "GET / HTTP/1.0" 200 39210 "http://www.sonvarsa.com/" "Mozilla/5.0 (Windows NT 6.1) AppleWebKit/537.36 (KHTML, like Gecko) Chrome/67.0.3396.87 Safari/537.36"
46.8.17.183 - - [08/Aug/2021:15:36:09 +0000] "GET /contact-us.php HTTP/1.0" 200 24578 "http://www.sonvarsa.com/contact-us.php" "Mozilla/5.0 (Windows NT 6.1) AppleWebKit/537.36 (KHTML, like Gecko) Chrome/67.0.3396.87 Safari/537.36"
46.8.17.183 - - [08/Aug/2021:15:36:10 +0000] "POST /submit-enquiry.php HTTP/1.0" 200 136 "http://www.sonvarsa.com/contact-us.php" "Mozilla/5.0 (Windows NT 6.1) AppleWebKit/537.36 (KHTML, like Gecko) Chrome/67.0.3396.87 Safari/537.36"
46.8.17.183 - - [08/Aug/2021:15:36:13 +0000] "GET /Thank-You HTTP/1.0" 200 25434 "http://www.sonvarsa.com/Thank-You" "Mozilla/5.0 (Windows NT 6.1) AppleWebKit/537.36 (KHTML, like Gecko) Chrome/67.0.3396.87 Safari/537.36"
46.8.17.183 - - [08/Aug/2021:15:36:14 +0000] "GET / HTTP/1.0" 200 39210 "http://www.sonvarsa.com/" "Mozilla/5.0 (Windows NT 6.1) AppleWebKit/537.36 (KHTML, like Gecko) Chrome/67.0.3396.87 Safari/537.36"
34.73.45.207 - - [08/Aug/2021:15:36:28 +0000] "GET /LoanAgainstProperty.html HTTP/1.0" 200 21677 "-" "ZoominfoBot (zoominfobot at zoominfo dot com)"
188.130.128.217 - - [08/Aug/2021:15:41:56 +0000] "GET / HTTP/1.0" 301 232 "http://sonvarsa.com/" "Mozilla/5.0 (Windows NT 6.1; Win64; x64) AppleWebKit/537.36 (KHTML, like Gecko) Chrome/68.0.3440.84 Safari/537.36"
188.130.128.217 - - [08/Aug/2021:15:41:59 +0000] "GET / HTTP/1.0" 200 39210 "http://www.sonvarsa.com/" "Mozilla/5.0 (Windows NT 6.1; Win64; x64) AppleWebKit/537.36 (KHTML, like Gecko) Chrome/68.0.3440.84 Safari/537.36"
188.130.128.217 - - [08/Aug/2021:15:42:00 +0000] "GET /contact-us.php HTTP/1.0" 200 24578 "http://www.sonvarsa.com/contact-us.php" "Mozilla/5.0 (Windows NT 6.1; Win64; x64) AppleWebKit/537.36 (KHTML, like Gecko) Chrome/68.0.3440.84 Safari/537.36"
188.130.128.217 - - [08/Aug/2021:15:42:01 +0000] "POST /submit-enquiry.php HTTP/1.0" 200 136 "http://www.sonvarsa.com/contact-us.php" "Mozilla/5.0 (Windows NT 6.1; Win64; x64) AppleWebKit/537.36 (KHTML, like Gecko) Chrome/68.0.3440.84 Safari/537.36"
188.130.128.217 - - [08/Aug/2021:15:42:08 +0000] "GET /Thank-You HTTP/1.0" 200 25434 "http://www.sonvarsa.com/Thank-You" "Mozilla/5.0 (Windows NT 6.1; Win64; x64) AppleWebKit/537.36 (KHTML, like Gecko) Chrome/68.0.3440.84 Safari/537.36"
188.130.128.217 - - [08/Aug/2021:15:42:10 +0000] "GET / HTTP/1.0" 200 39210 "http://www.sonvarsa.com/" "Mozilla/5.0 (Windows NT 6.1; Win64; x64) AppleWebKit/537.36 (KHTML, like Gecko) Chrome/68.0.3440.84 Safari/537.36"
34.73.45.207 - - [08/Aug/2021:15:45:51 +0000] "GET /favicon/manifest.json HTTP/1.0" 301 253 "-" "ZoominfoBot (zoominfobot at zoominfo dot com)"
45.15.73.199 - - [08/Aug/2021:15:47:40 +0000] "GET / HTTP/1.0" 301 232 "http://sonvarsa.com/" "Mozilla/5.0 (Windows NT 6.3; Win64; x64) AppleWebKit/537.36 (KHTML, like Gecko) Chrome/67.0.3396.79 Safari/537.36"
45.15.73.199 - - [08/Aug/2021:15:47:40 +0000] "GET / HTTP/1.0" 200 39210 "http://www.sonvarsa.com/" "Mozilla/5.0 (Windows NT 6.3; Win64; x64) AppleWebKit/537.36 (KHTML, like Gecko) Chrome/67.0.3396.79 Safari/537.36"
45.15.73.199 - - [08/Aug/2021:15:47:41 +0000] "GET /contact-us.php HTTP/1.0" 200 24578 "http://www.sonvarsa.com/contact-us.php" "Mozilla/5.0 (Windows NT 6.3; Win64; x64) AppleWebKit/537.36 (KHTML, like Gecko) Chrome/67.0.3396.79 Safari/537.36"
45.15.73.199 - - [08/Aug/2021:15:47:42 +0000] "POST /submit-enquiry.php HTTP/1.0" 200 136 "http://www.sonvarsa.com/contact-us.php" "Mozilla/5.0 (Windows NT 6.3; Win64; x64) AppleWebKit/537.36 (KHTML, like Gecko) Chrome/67.0.3396.79 Safari/537.36"
34.73.45.207 - - [08/Aug/2021:15:47:44 +0000] "GET /Home-Loan.html HTTP/1.0" 200 21146 "-" "ZoominfoBot (zoominfobot at zoominfo dot com)"
45.15.73.199 - - [08/Aug/2021:15:47:44 +0000] "GET /Thank-You HTTP/1.0" 200 25434 "http://www.sonvarsa.com/Thank-You" "Mozilla/5.0 (Windows NT 6.3; Win64; x64) AppleWebKit/537.36 (KHTML, like Gecko) Chrome/67.0.3396.79 Safari/537.36"
45.15.73.199 - - [08/Aug/2021:15:47:45 +0000] "GET / HTTP/1.0" 200 39210 "http://www.sonvarsa.com/" "Mozilla/5.0 (Windows NT 6.3; Win64; x64) AppleWebKit/537.36 (KHTML, like Gecko) Chrome/67.0.3396.79 Safari/537.36"
46.8.17.183 - - [08/Aug/2021:15:53:20 +0000] "GET / HTTP/1.0" 301 232 "http://sonvarsa.com/" "Mozilla/5.0 (Windows NT 6.1; Win64; x64) AppleWebKit/537.36 (KHTML, like Gecko) Chrome/66.0.3359.170 Safari/537.36 OPR/53.0.2907.99"
46.8.17.183 - - [08/Aug/2021:15:53:20 +0000] "GET / HTTP/1.0" 200 39210 "http://www.sonvarsa.com/" "Mozilla/5.0 (Windows NT 6.1; Win64; x64) AppleWebKit/537.36 (KHTML, like Gecko) Chrome/66.0.3359.170 Safari/537.36 OPR/53.0.2907.99"
46.8.17.183 - - [08/Aug/2021:15:53:22 +0000] "GET /contact-us.php HTTP/1.0" 200 24578 "http://www.sonvarsa.com/contact-us.php" "Mozilla/5.0 (Windows NT 6.1; Win64; x64) AppleWebKit/537.36 (KHTML, like Gecko) Chrome/66.0.3359.170 Safari/537.36 OPR/53.0.2907.99"
46.8.17.183 - - [08/Aug/2021:15:53:24 +0000] "POST /submit-enquiry.php HTTP/1.0" 200 136 "http://www.sonvarsa.com/contact-us.php" "Mozilla/5.0 (Windows NT 6.1; Win64; x64) AppleWebKit/537.36 (KHTML, like Gecko) Chrome/66.0.3359.170 Safari/537.36 OPR/53.0.2907.99"
46.8.17.183 - - [08/Aug/2021:15:53:26 +0000] "GET /Thank-You HTTP/1.0" 200 25434 "http://www.sonvarsa.com/Thank-You" "Mozilla/5.0 (Windows NT 6.1; Win64; x64) AppleWebKit/537.36 (KHTML, like Gecko) Chrome/66.0.3359.170 Safari/537.36 OPR/53.0.2907.99"
46.8.17.183 - - [08/Aug/2021:15:53:27 +0000] "GET / HTTP/1.0" 200 39210 "http://www.sonvarsa.com/" "Mozilla/5.0 (Windows NT 6.1; Win64; x64) AppleWebKit/537.36 (KHTML, like Gecko) Chrome/66.0.3359.170 Safari/537.36 OPR/53.0.2907.99"
34.73.45.207 - - [08/Aug/2021:15:57:48 +0000] "GET /ConsultancyinVariousFields.html HTTP/1.0" 200 21477 "-" "ZoominfoBot (zoominfobot at zoominfo dot com)"
34.73.45.207 - - [08/Aug/2021:15:57:51 +0000] "GET /MutualFunds.html HTTP/1.0" 200 21076 "-" "ZoominfoBot (zoominfobot at zoominfo dot com)"
34.73.45.207 - - [08/Aug/2021:15:58:45 +0000] "GET /Business-Loan.html HTTP/1.0" 200 21270 "-" "ZoominfoBot (zoominfobot at zoominfo dot com)"
45.15.73.199 - - [08/Aug/2021:15:58:54 +0000] "GET / HTTP/1.0" 301 232 "http://sonvarsa.com/" "Mozilla/5.0 (Windows NT 6.3; Win64; x64) AppleWebKit/537.36 (KHTML, like Gecko) Chrome/67.0.3396.79 Safari/537.36"
45.15.73.199 - - [08/Aug/2021:15:58:55 +0000] "GET / HTTP/1.0" 200 39210 "http://www.sonvarsa.com/" "Mozilla/5.0 (Windows NT 6.3; Win64; x64) AppleWebKit/537.36 (KHTML, like Gecko) Chrome/67.0.3396.79 Safari/537.36"
45.15.73.199 - - [08/Aug/2021:15:58:56 +0000] "GET /contact-us.php HTTP/1.0" 200 24578 "http://www.sonvarsa.com/contact-us.php" "Mozilla/5.0 (Windows NT 6.3; Win64; x64) AppleWebKit/537.36 (KHTML, like Gecko) Chrome/67.0.3396.79 Safari/537.36"
45.15.73.199 - - [08/Aug/2021:15:58:57 +0000] "POST /submit-enquiry.php HTTP/1.0" 200 136 "http://www.sonvarsa.com/contact-us.php" "Mozilla/5.0 (Windows NT 6.3; Win64; x64) AppleWebKit/537.36 (KHTML, like Gecko) Chrome/67.0.3396.79 Safari/537.36"
45.15.73.199 - - [08/Aug/2021:15:58:59 +0000] "GET /Thank-You HTTP/1.0" 200 25434 "http://www.sonvarsa.com/Thank-You" "Mozilla/5.0 (Windows NT 6.3; Win64; x64) AppleWebKit/537.36 (KHTML, like Gecko) Chrome/67.0.3396.79 Safari/537.36"
45.15.73.199 - - [08/Aug/2021:15:59:00 +0000] "GET / HTTP/1.0" 200 39210 "http://www.sonvarsa.com/" "Mozilla/5.0 (Windows NT 6.3; Win64; x64) AppleWebKit/537.36 (KHTML, like Gecko) Chrome/67.0.3396.79 Safari/537.36"
34.73.45.207 - - [08/Aug/2021:16:00:45 +0000] "GET /banking-services.php HTTP/1.0" 301 252 "-" "ZoominfoBot (zoominfobot at zoominfo dot com)"
34.73.45.207 - - [08/Aug/2021:16:01:32 +0000] "GET /award-certification.php HTTP/1.0" 301 255 "-" "ZoominfoBot (zoominfobot at zoominfo dot com)"
45.15.73.199 - - [08/Aug/2021:16:04:35 +0000] "GET / HTTP/1.0" 301 232 "http://sonvarsa.com/" "Mozilla/5.0 (Windows NT 6.1) AppleWebKit/537.36 (KHTML, like Gecko) Chrome/66.0.3359.181 Safari/537.36"
217.171.147.223 - - [08/Aug/2021:16:04:36 +0000] "GET / HTTP/1.0" 301 232 "http://sonvarsa.com/" "Mozilla/5.0 (Windows NT 10.0) AppleWebKit/537.36 (KHTML, like Gecko) Chrome/90.0.4430.72 Safari/537.36"
45.15.73.199 - - [08/Aug/2021:16:04:36 +0000] "GET / HTTP/1.0" 200 39210 "http://www.sonvarsa.com/" "Mozilla/5.0 (Windows NT 6.1) AppleWebKit/537.36 (KHTML, like Gecko) Chrome/66.0.3359.181 Safari/537.36"
217.171.147.223 - - [08/Aug/2021:16:04:36 +0000] "GET / HTTP/1.0" 200 39210 "http://www.sonvarsa.com/" "Mozilla/5.0 (Windows NT 10.0) AppleWebKit/537.36 (KHTML, like Gecko) Chrome/90.0.4430.72 Safari/537.36"
217.171.147.223 - - [08/Aug/2021:16:04:37 +0000] "GET /Support-Forum HTTP/1.0" 200 24936 "http://www.sonvarsa.com/Support-Forum" "Mozilla/5.0 (Windows NT 10.0) AppleWebKit/537.36 (KHTML, like Gecko) Chrome/90.0.4430.72 Safari/537.36"
45.15.73.199 - - [08/Aug/2021:16:04:37 +0000] "GET /contact-us.php HTTP/1.0" 200 24578 "http://www.sonvarsa.com/contact-us.php" "Mozilla/5.0 (Windows NT 6.1) AppleWebKit/537.36 (KHTML, like Gecko) Chrome/66.0.3359.181 Safari/537.36"
217.171.147.223 - - [08/Aug/2021:16:04:37 +0000] "GET /CommercialandFinancialLegal.html HTTP/1.0" 200 21151 "http://www.sonvarsa.com/CommercialandFinancialLegal.html" "Mozilla/5.0 (Windows NT 10.0) AppleWebKit/537.36 (KHTML, like Gecko) Chrome/90.0.4430.72 Safari/537.36"
45.15.73.199 - - [08/Aug/2021:16:04:39 +0000] "POST /submit-enquiry.php HTTP/1.0" 200 136 "http://www.sonvarsa.com/contact-us.php" "Mozilla/5.0 (Windows NT 6.1) AppleWebKit/537.36 (KHTML, like Gecko) Chrome/66.0.3359.181 Safari/537.36"
45.15.73.199 - - [08/Aug/2021:16:04:42 +0000] "GET /Thank-You HTTP/1.0" 200 25434 "http://www.sonvarsa.com/Thank-You" "Mozilla/5.0 (Windows NT 6.1) AppleWebKit/537.36 (KHTML, like Gecko) Chrome/66.0.3359.181 Safari/537.36"
45.15.73.199 - - [08/Aug/2021:16:04:43 +0000] "GET / HTTP/1.0" 200 39210 "http://www.sonvarsa.com/" "Mozilla/5.0 (Windows NT 6.1) AppleWebKit/537.36 (KHTML, like Gecko) Chrome/66.0.3359.181 Safari/537.36"
34.73.45.207 - - [08/Aug/2021:16:06:30 +0000] "GET /Support-Forum HTTP/1.0" 200 24936 "-" "ZoominfoBot (zoominfobot at zoominfo dot com)"
34.73.45.207 - - [08/Aug/2021:16:10:01 +0000] "GET /consultancy-services.php HTTP/1.0" 301 256 "-" "ZoominfoBot (zoominfobot at zoominfo dot com)"
109.248.12.66 - - [08/Aug/2021:16:10:19 +0000] "GET / HTTP/1.0" 301 232 "http://sonvarsa.com/" "Mozilla/5.0 (Windows NT 6.3; Win64; x64) AppleWebKit/537.36 (KHTML, like Gecko) Chrome/67.0.3396.99 Safari/537.36"
109.248.12.66 - - [08/Aug/2021:16:10:20 +0000] "GET / HTTP/1.0" 200 39210 "http://www.sonvarsa.com/" "Mozilla/5.0 (Windows NT 6.3; Win64; x64) AppleWebKit/537.36 (KHTML, like Gecko) Chrome/67.0.3396.99 Safari/537.36"
109.248.12.66 - - [08/Aug/2021:16:10:21 +0000] "GET /contact-us.php HTTP/1.0" 200 24578 "http://www.sonvarsa.com/contact-us.php" "Mozilla/5.0 (Windows NT 6.3; Win64; x64) AppleWebKit/537.36 (KHTML, like Gecko) Chrome/67.0.3396.99 Safari/537.36"
109.248.12.66 - - [08/Aug/2021:16:10:22 +0000] "POST /submit-enquiry.php HTTP/1.0" 200 136 "http://www.sonvarsa.com/contact-us.php" "Mozilla/5.0 (Windows NT 6.3; Win64; x64) AppleWebKit/537.36 (KHTML, like Gecko) Chrome/67.0.3396.99 Safari/537.36"
106.223.39.77 - - [08/Aug/2021:16:10:25 +0000] "GET / HTTP/1.1" 200 39210 "-" "Mozilla/5.0 (Linux; Android 11; V2031; wv) AppleWebKit/537.36 (KHTML, like Gecko) Chrome/62.0.3202.84 Mobile Safari/537.36 VivoBrowser/6.9.10.2"
109.248.12.66 - - [08/Aug/2021:16:10:25 +0000] "GET /Thank-You HTTP/1.0" 200 25434 "http://www.sonvarsa.com/Thank-You" "Mozilla/5.0 (Windows NT 6.3; Win64; x64) AppleWebKit/537.36 (KHTML, like Gecko) Chrome/67.0.3396.99 Safari/537.36"
106.223.39.77 - - [08/Aug/2021:16:10:25 +0000] "GET /3dParty/bootstrap/css/bootstrap.min.css HTTP/1.1" 200 2816 "http://www.sonvarsa.com/" "Mozilla/5.0 (Linux; Android 11; V2031; wv) AppleWebKit/537.36 (KHTML, like Gecko) Chrome/62.0.3202.84 Mobile Safari/537.36 VivoBrowser/6.9.10.2"
106.223.39.77 - - [08/Aug/2021:16:10:25 +0000] "GET /3dParty/rs-plugin/css/pi.settings.css HTTP/1.1" 200 40726 "http://www.sonvarsa.com/" "Mozilla/5.0 (Linux; Android 11; V2031; wv) AppleWebKit/537.36 (KHTML, like Gecko) Chrome/62.0.3202.84 Mobile Safari/537.36 VivoBrowser/6.9.10.2"
106.223.39.77 - - [08/Aug/2021:16:10:25 +0000] "GET /css/slider.css HTTP/1.1" 200 5538 "http://www.sonvarsa.com/" "Mozilla/5.0 (Linux; Android 11; V2031; wv) AppleWebKit/537.36 (KHTML, like Gecko) Chrome/62.0.3202.84 Mobile Safari/537.36 VivoBrowser/6.9.10.2"
106.223.39.77 - - [08/Aug/2021:16:10:25 +0000] "GET /3dParty/colorbox/colorbox.css HTTP/1.1" 200 4461 "http://www.sonvarsa.com/" "Mozilla/5.0 (Linux; Android 11; V2031; wv) AppleWebKit/537.36 (KHTML, like Gecko) Chrome/62.0.3202.84 Mobile Safari/537.36 VivoBrowser/6.9.10.2"
106.223.39.77 - - [08/Aug/2021:16:10:25 +0000] "GET /css/tabs.css HTTP/1.1" 200 31476 "http://www.sonvarsa.com/" "Mozilla/5.0 (Linux; Android 11; V2031; wv) AppleWebKit/537.36 (KHTML, like Gecko) Chrome/62.0.3202.84 Mobile Safari/537.36 VivoBrowser/6.9.10.2"
34.73.45.207 - - [08/Aug/2021:16:10:25 +0000] "GET /Careers HTTP/1.0" 200 25245 "-" "ZoominfoBot (zoominfobot at zoominfo dot com)"
106.223.39.77 - - [08/Aug/2021:16:10:25 +0000] "GET /css/testimonials.css HTTP/1.1" 200 8163 "http://www.sonvarsa.com/" "Mozilla/5.0 (Linux; Android 11; V2031; wv) AppleWebKit/537.36 (KHTML, like Gecko) Chrome/62.0.3202.84 Mobile Safari/537.36 VivoBrowser/6.9.10.2"
106.223.39.77 - - [08/Aug/2021:16:10:25 +0000] "GET /css/tooltips.css HTTP/1.1" 200 5077 "http://www.sonvarsa.com/" "Mozilla/5.0 (Linux; Android 11; V2031; wv) AppleWebKit/537.36 (KHTML, like Gecko) Chrome/62.0.3202.84 Mobile Safari/537.36 VivoBrowser/6.9.10.2"
106.223.39.77 - - [08/Aug/2021:16:10:25 +0000] "GET /css/typo.css HTTP/1.1" 200 45246 "http://www.sonvarsa.com/" "Mozilla/5.0 (Linux; Android 11; V2031; wv) AppleWebKit/537.36 (KHTML, like Gecko) Chrome/62.0.3202.84 Mobile Safari/537.36 VivoBrowser/6.9.10.2"
106.223.39.77 - - [08/Aug/2021:16:10:26 +0000] "GET /css/counters.css HTTP/1.1" 200 8860 "http://www.sonvarsa.com/" "Mozilla/5.0 (Linux; Android 11; V2031; wv) AppleWebKit/537.36 (KHTML, like Gecko) Chrome/62.0.3202.84 Mobile Safari/537.36 VivoBrowser/6.9.10.2"
106.223.39.77 - - [08/Aug/2021:16:10:26 +0000] "GET /css/social.css HTTP/1.1" 200 51367 "http://www.sonvarsa.com/" "Mozilla/5.0 (Linux; Android 11; V2031; wv) AppleWebKit/537.36 (KHTML, like Gecko) Chrome/62.0.3202.84 Mobile Safari/537.36 VivoBrowser/6.9.10.2"
106.223.39.77 - - [08/Aug/2021:16:10:26 +0000] "GET /css/portfolio.css HTTP/1.1" 200 22092 "http://www.sonvarsa.com/" "Mozilla/5.0 (Linux; Android 11; V2031; wv) AppleWebKit/537.36 (KHTML, like Gecko) Chrome/62.0.3202.84 Mobile Safari/537.36 VivoBrowser/6.9.10.2"
106.223.39.77 - - [08/Aug/2021:16:10:26 +0000] "GET /3dParty/fontello/css/fontello.css HTTP/1.1" 200 13928 "http://www.sonvarsa.com/" "Mozilla/5.0 (Linux; Android 11; V2031; wv) AppleWebKit/537.36 (KHTML, like Gecko) Chrome/62.0.3202.84 Mobile Safari/537.36 VivoBrowser/6.9.10.2"
106.223.39.77 - - [08/Aug/2021:16:10:25 +0000] "GET /css/global.css HTTP/1.1" 200 269673 "http://www.sonvarsa.com/" "Mozilla/5.0 (Linux; Android 11; V2031; wv) AppleWebKit/537.36 (KHTML, like Gecko) Chrome/62.0.3202.84 Mobile Safari/537.36 VivoBrowser/6.9.10.2"
106.223.39.77 - - [08/Aug/2021:16:10:26 +0000] "GET /img/logo-base.png HTTP/1.1" 200 40166 "http://www.sonvarsa.com/" "Mozilla/5.0 (Linux; Android 11; V2031; wv) AppleWebKit/537.36 (KHTML, like Gecko) Chrome/62.0.3202.84 Mobile Safari/537.36 VivoBrowser/6.9.10.2"
106.223.39.77 - - [08/Aug/2021:16:10:26 +0000] "GET /img_external/revolution-slider/banner-1.jpg HTTP/1.1" 200 106216 "http://www.sonvarsa.com/" "Mozilla/5.0 (Linux; Android 11; V2031; wv) AppleWebKit/537.36 (KHTML, like Gecko) Chrome/62.0.3202.84 Mobile Safari/537.36 VivoBrowser/6.9.10.2"
106.223.39.77 - - [08/Aug/2021:16:10:26 +0000] "GET /3dParty/fontello/font/fontello.woff?45691662 HTTP/1.1" 200 34952 "http://www.sonvarsa.com/3dParty/fontello/css/fontello.css" "Mozilla/5.0 (Linux; Android 11; V2031; wv) AppleWebKit/537.36 (KHTML, like Gecko) Chrome/62.0.3202.84 Mobile Safari/537.36 VivoBrowser/6.9.10.2"
106.223.39.77 - - [08/Aug/2021:16:10:26 +0000] "GET /img/hexagon.png HTTP/1.1" 200 7137 "http://www.sonvarsa.com/" "Mozilla/5.0 (Linux; Android 11; V2031; wv) AppleWebKit/537.36 (KHTML, like Gecko) Chrome/62.0.3202.84 Mobile Safari/537.36 VivoBrowser/6.9.10.2"
106.223.39.77 - - [08/Aug/2021:16:10:26 +0000] "GET /img_external/revolution-slider/banner-5.jpg HTTP/1.1" 200 139874 "http://www.sonvarsa.com/" "Mozilla/5.0 (Linux; Android 11; V2031; wv) AppleWebKit/537.36 (KHTML, like Gecko) Chrome/62.0.3202.84 Mobile Safari/537.36 VivoBrowser/6.9.10.2"
106.223.39.77 - - [08/Aug/2021:16:10:26 +0000] "GET /img_external/revolution-slider/banner-3.jpg HTTP/1.1" 200 155612 "http://www.sonvarsa.com/" "Mozilla/5.0 (Linux; Android 11; V2031; wv) AppleWebKit/537.36 (KHTML, like Gecko) Chrome/62.0.3202.84 Mobile Safari/537.36 VivoBrowser/6.9.10.2"
106.223.39.77 - - [08/Aug/2021:16:10:26 +0000] "GET /img_external/revolution-slider/banner-4.jpg HTTP/1.1" 200 218166 "http://www.sonvarsa.com/" "Mozilla/5.0 (Linux; Android 11; V2031; wv) AppleWebKit/537.36 (KHTML, like Gecko) Chrome/62.0.3202.84 Mobile Safari/537.36 VivoBrowser/6.9.10.2"
106.223.39.77 - - [08/Aug/2021:16:10:26 +0000] "GET /img_external/revolution-slider/banner-2.jpg HTTP/1.1" 200 163024 "http://www.sonvarsa.com/" "Mozilla/5.0 (Linux; Android 11; V2031; wv) AppleWebKit/537.36 (KHTML, like Gecko) Chrome/62.0.3202.84 Mobile Safari/537.36 VivoBrowser/6.9.10.2"
106.223.39.77 - - [08/Aug/2021:16:10:26 +0000] "GET /img/bg-header.jpg HTTP/1.1" 200 28334 "http://www.sonvarsa.com/" "Mozilla/5.0 (Linux; Android 11; V2031; wv) AppleWebKit/537.36 (KHTML, like Gecko) Chrome/62.0.3202.84 Mobile Safari/537.36 VivoBrowser/6.9.10.2"
109.248.12.66 - - [08/Aug/2021:16:10:26 +0000] "GET / HTTP/1.0" 200 39210 "http://www.sonvarsa.com/" "Mozilla/5.0 (Windows NT 6.3; Win64; x64) AppleWebKit/537.36 (KHTML, like Gecko) Chrome/67.0.3396.99 Safari/537.36"
106.223.39.77 - - [08/Aug/2021:16:10:26 +0000] "GET /img/bg-heading.png HTTP/1.1" 200 2830 "http://www.sonvarsa.com/css/typo.css" "Mozilla/5.0 (Linux; Android 11; V2031; wv) AppleWebKit/537.36 (KHTML, like Gecko) Chrome/62.0.3202.84 Mobile Safari/537.36 VivoBrowser/6.9.10.2"
106.223.39.77 - - [08/Aug/2021:16:10:26 +0000] "GET /3dParty/jquery-1.11.0.min.js HTTP/1.1" 200 96383 "http://www.sonvarsa.com/" "Mozilla/5.0 (Linux; Android 11; V2031; wv) AppleWebKit/537.36 (KHTML, like Gecko) Chrome/62.0.3202.84 Mobile Safari/537.36 VivoBrowser/6.9.10.2"
106.223.39.77 - - [08/Aug/2021:16:10:26 +0000] "GET /3dParty/bootstrap/js/bootstrap.min.js HTTP/1.1" 200 8067 "http://www.sonvarsa.com/" "Mozilla/5.0 (Linux; Android 11; V2031; wv) AppleWebKit/537.36 (KHTML, like Gecko) Chrome/62.0.3202.84 Mobile Safari/537.36 VivoBrowser/6.9.10.2"
106.223.39.77 - - [08/Aug/2021:16:10:26 +0000] "GET /3dParty/gauge.min.js HTTP/1.1" 200 17654 "http://www.sonvarsa.com/" "Mozilla/5.0 (Linux; Android 11; V2031; wv) AppleWebKit/537.36 (KHTML, like Gecko) Chrome/62.0.3202.84 Mobile Safari/537.36 VivoBrowser/6.9.10.2"
106.223.39.77 - - [08/Aug/2021:16:10:26 +0000] "GET /3dParty/inview.js HTTP/1.1" 200 4574 "http://www.sonvarsa.com/" "Mozilla/5.0 (Linux; Android 11; V2031; wv) AppleWebKit/537.36 (KHTML, like Gecko) Chrome/62.0.3202.84 Mobile Safari/537.36 VivoBrowser/6.9.10.2"
106.223.39.77 - - [08/Aug/2021:16:10:26 +0000] "GET /3dParty/jquery.touchSwipe.min.js HTTP/1.1" 200 10802 "http://www.sonvarsa.com/" "Mozilla/5.0 (Linux; Android 11; V2031; wv) AppleWebKit/537.36 (KHTML, like Gecko) Chrome/62.0.3202.84 Mobile Safari/537.36 VivoBrowser/6.9.10.2"
106.223.39.77 - - [08/Aug/2021:16:10:26 +0000] "GET /3dParty/rs-plugin/js/jquery.themepunch.tools.min.js HTTP/1.1" 200 93487 "http://www.sonvarsa.com/" "Mozilla/5.0 (Linux; Android 11; V2031; wv) AppleWebKit/537.36 (KHTML, like Gecko) Chrome/62.0.3202.84 Mobile Safari/537.36 VivoBrowser/6.9.10.2"
106.223.39.77 - - [08/Aug/2021:16:10:26 +0000] "GET /3dParty/rs-plugin/js/jquery.themepunch.revolution.min.js HTTP/1.1" 200 105401 "http://www.sonvarsa.com/" "Mozilla/5.0 (Linux; Android 11; V2031; wv) AppleWebKit/537.36 (KHTML, like Gecko) Chrome/62.0.3202.84 Mobile Safari/537.36 VivoBrowser/6.9.10.2"
106.223.39.77 - - [08/Aug/2021:16:10:26 +0000] "GET /3dParty/requestAnimationFramePolyfill.min.js HTTP/1.1" 200 712 "http://www.sonvarsa.com/" "Mozilla/5.0 (Linux; Android 11; V2031; wv) AppleWebKit/537.36 (KHTML, like Gecko) Chrome/62.0.3202.84 Mobile Safari/537.36 VivoBrowser/6.9.10.2"
106.223.39.77 - - [08/Aug/2021:16:10:26 +0000] "GET /3dParty/jquery.scrollTo.min.js HTTP/1.1" 200 2609 "http://www.sonvarsa.com/" "Mozilla/5.0 (Linux; Android 11; V2031; wv) AppleWebKit/537.36 (KHTML, like Gecko) Chrome/62.0.3202.84 Mobile Safari/537.36 VivoBrowser/6.9.10.2"
106.223.39.77 - - [08/Aug/2021:16:10:26 +0000] "GET /3dParty/jquery.placeholder.js HTTP/1.1" 200 5476 "http://www.sonvarsa.com/" "Mozilla/5.0 (Linux; Android 11; V2031; wv) AppleWebKit/537.36 (KHTML, like Gecko) Chrome/62.0.3202.84 Mobile Safari/537.36 VivoBrowser/6.9.10.2"
106.223.39.77 - - [08/Aug/2021:16:10:26 +0000] "GET /3dParty/colorbox/jquery.colorbox-min.js HTTP/1.1" 200 11809 "http://www.sonvarsa.com/" "Mozilla/5.0 (Linux; Android 11; V2031; wv) AppleWebKit/537.36 (KHTML, like Gecko) Chrome/62.0.3202.84 Mobile Safari/537.36 VivoBrowser/6.9.10.2"
106.223.39.77 - - [08/Aug/2021:16:10:26 +0000] "GET /scripts/pi.init.revolutionSlider.js HTTP/1.1" 200 766 "http://www.sonvarsa.com/" "Mozilla/5.0 (Linux; Android 11; V2031; wv) AppleWebKit/537.36 (KHTML, like Gecko) Chrome/62.0.3202.84 Mobile Safari/537.36 VivoBrowser/6.9.10.2"
106.223.39.77 - - [08/Aug/2021:16:10:27 +0000] "GET /scripts/pi.tab.js HTTP/1.1" 200 3460 "http://www.sonvarsa.com/" "Mozilla/5.0 (Linux; Android 11; V2031; wv) AppleWebKit/537.36 (KHTML, like Gecko) Chrome/62.0.3202.84 Mobile Safari/537.36 VivoBrowser/6.9.10.2"
106.223.39.77 - - [08/Aug/2021:16:10:27 +0000] "GET /scripts/pi.global.js HTTP/1.1" 200 31427 "http://www.sonvarsa.com/" "Mozilla/5.0 (Linux; Android 11; V2031; wv) AppleWebKit/537.36 (KHTML, like Gecko) Chrome/62.0.3202.84 Mobile Safari/537.36 VivoBrowser/6.9.10.2"
106.223.39.77 - - [08/Aug/2021:16:10:27 +0000] "GET /scripts/pi.init.tab.js HTTP/1.1" 200 1107 "http://www.sonvarsa.com/" "Mozilla/5.0 (Linux; Android 11; V2031; wv) AppleWebKit/537.36 (KHTML, like Gecko) Chrome/62.0.3202.84 Mobile Safari/537.36 VivoBrowser/6.9.10.2"
106.223.39.77 - - [08/Aug/2021:16:10:27 +0000] "GET /scripts/pi.counter.js HTTP/1.1" 200 3610 "http://www.sonvarsa.com/" "Mozilla/5.0 (Linux; Android 11; V2031; wv) AppleWebKit/537.36 (KHTML, like Gecko) Chrome/62.0.3202.84 Mobile Safari/537.36 VivoBrowser/6.9.10.2"
106.223.39.77 - - [08/Aug/2021:16:10:27 +0000] "GET /3dParty/jquery.easing.1.3.js HTTP/1.1" 200 8404 "http://www.sonvarsa.com/" "Mozilla/5.0 (Linux; Android 11; V2031; wv) AppleWebKit/537.36 (KHTML, like Gecko) Chrome/62.0.3202.84 Mobile Safari/537.36 VivoBrowser/6.9.10.2"
106.223.39.77 - - [08/Aug/2021:16:10:27 +0000] "GET /scripts/pi.init.counter.js HTTP/1.1" 200 249 "http://www.sonvarsa.com/" "Mozilla/5.0 (Linux; Android 11; V2031; wv) AppleWebKit/537.36 (KHTML, like Gecko) Chrome/62.0.3202.84 Mobile Safari/537.36 VivoBrowser/6.9.10.2"
106.223.39.77 - - [08/Aug/2021:16:10:27 +0000] "GET /scripts/pi.tooltip.js HTTP/1.1" 200 11923 "http://www.sonvarsa.com/" "Mozilla/5.0 (Linux; Android 11; V2031; wv) AppleWebKit/537.36 (KHTML, like Gecko) Chrome/62.0.3202.84 Mobile Safari/537.36 VivoBrowser/6.9.10.2"
106.223.39.77 - - [08/Aug/2021:16:10:27 +0000] "GET /scripts/pi.init.parallax.js HTTP/1.1" 200 183 "http://www.sonvarsa.com/" "Mozilla/5.0 (Linux; Android 11; V2031; wv) AppleWebKit/537.36 (KHTML, like Gecko) Chrome/62.0.3202.84 Mobile Safari/537.36 VivoBrowser/6.9.10.2"
106.223.39.77 - - [08/Aug/2021:16:10:27 +0000] "GET /scripts/pi.init.tooltip.js HTTP/1.1" 200 666 "http://www.sonvarsa.com/" "Mozilla/5.0 (Linux; Android 11; V2031; wv) AppleWebKit/537.36 (KHTML, like Gecko) Chrome/62.0.3202.84 Mobile Safari/537.36 VivoBrowser/6.9.10.2"
106.223.39.77 - - [08/Aug/2021:16:10:27 +0000] "GET /scripts/pi.parallax.js HTTP/1.1" 200 1897 "http://www.sonvarsa.com/" "Mozilla/5.0 (Linux; Android 11; V2031; wv) AppleWebKit/537.36 (KHTML, like Gecko) Chrome/62.0.3202.84 Mobile Safari/537.36 VivoBrowser/6.9.10.2"
106.223.39.77 - - [08/Aug/2021:16:10:27 +0000] "GET /scripts/pi.slider.js HTTP/1.1" 200 8118 "http://www.sonvarsa.com/" "Mozilla/5.0 (Linux; Android 11; V2031; wv) AppleWebKit/537.36 (KHTML, like Gecko) Chrome/62.0.3202.84 Mobile Safari/537.36 VivoBrowser/6.9.10.2"
106.223.39.77 - - [08/Aug/2021:16:10:27 +0000] "GET /scripts/pi.init.slider.js HTTP/1.1" 200 1110 "http://www.sonvarsa.com/" "Mozilla/5.0 (Linux; Android 11; V2031; wv) AppleWebKit/537.36 (KHTML, like Gecko) Chrome/62.0.3202.84 Mobile Safari/537.36 VivoBrowser/6.9.10.2"
106.223.39.77 - - [08/Aug/2021:16:10:27 +0000] "GET /galleryimg/0e3e4e3c607833bed90a2004d8b1220b.png HTTP/1.1" 200 107666 "http://www.sonvarsa.com/" "Mozilla/5.0 (Linux; Android 11; V2031; wv) AppleWebKit/537.36 (KHTML, like Gecko) Chrome/62.0.3202.84 Mobile Safari/537.36 VivoBrowser/6.9.10.2"
106.223.39.77 - - [08/Aug/2021:16:10:27 +0000] "GET /galleryimg/4461648business_loan_banner.jpg HTTP/1.1" 200 45446 "http://www.sonvarsa.com/" "Mozilla/5.0 (Linux; Android 11; V2031; wv) AppleWebKit/537.36 (KHTML, like Gecko) Chrome/62.0.3202.84 Mobile Safari/537.36 VivoBrowser/6.9.10.2"
106.223.39.77 - - [08/Aug/2021:16:10:27 +0000] "GET /galleryimg/3731099banner4.jpg HTTP/1.1" 200 45474 "http://www.sonvarsa.com/" "Mozilla/5.0 (Linux; Android 11; V2031; wv) AppleWebKit/537.36 (KHTML, like Gecko) Chrome/62.0.3202.84 Mobile Safari/537.36 VivoBrowser/6.9.10.2"
106.223.39.77 - - [08/Aug/2021:16:10:27 +0000] "GET /galleryimg/3500995home.png HTTP/1.1" 200 189291 "http://www.sonvarsa.com/" "Mozilla/5.0 (Linux; Android 11; V2031; wv) AppleWebKit/537.36 (KHTML, like Gecko) Chrome/62.0.3202.84 Mobile Safari/537.36 VivoBrowser/6.9.10.2"
106.223.39.77 - - [08/Aug/2021:16:10:27 +0000] "GET /galleryimg/831520Portfolio-Management-Today.jpg HTTP/1.1" 200 257451 "http://www.sonvarsa.com/" "Mozilla/5.0 (Linux; Android 11; V2031; wv) AppleWebKit/537.36 (KHTML, like Gecko) Chrome/62.0.3202.84 Mobile Safari/537.36 VivoBrowser/6.9.10.2"
106.223.39.77 - - [08/Aug/2021:16:10:27 +0000] "GET /3dParty/colorbox/images/overlay.png HTTP/1.1" 200 182 "http://www.sonvarsa.com/3dParty/colorbox/colorbox.css" "Mozilla/5.0 (Linux; Android 11; V2031; wv) AppleWebKit/537.36 (KHTML, like Gecko) Chrome/62.0.3202.84 Mobile Safari/537.36 VivoBrowser/6.9.10.2"
106.223.39.77 - - [08/Aug/2021:16:10:27 +0000] "GET /3dParty/rs-plugin/assets/loader.gif HTTP/1.1" 200 2545 "http://www.sonvarsa.com/3dParty/rs-plugin/css/pi.settings.css" "Mozilla/5.0 (Linux; Android 11; V2031; wv) AppleWebKit/537.36 (KHTML, like Gecko) Chrome/62.0.3202.84 Mobile Safari/537.36 VivoBrowser/6.9.10.2"
106.223.39.77 - - [08/Aug/2021:16:10:27 +0000] "GET /3dParty/rs-plugin/assets/timer.png HTTP/1.1" 200 125 "http://www.sonvarsa.com/3dParty/rs-plugin/css/pi.settings.css" "Mozilla/5.0 (Linux; Android 11; V2031; wv) AppleWebKit/537.36 (KHTML, like Gecko) Chrome/62.0.3202.84 Mobile Safari/537.36 VivoBrowser/6.9.10.2"
106.223.39.77 - - [08/Aug/2021:16:10:27 +0000] "GET /favicon/favicon-16x16.png HTTP/1.1" 200 1553 "http://www.sonvarsa.com/" "Mozilla/5.0 (Linux; Android 11; V2031; wv) AppleWebKit/537.36 (KHTML, like Gecko) Chrome/62.0.3202.84 Mobile Safari/537.36 VivoBrowser/6.9.10.2"
106.223.39.77 - - [08/Aug/2021:16:10:27 +0000] "GET /favicon/favicon-96x96.png HTTP/1.1" 200 10640 "http://www.sonvarsa.com/" "Mozilla/5.0 (Linux; Android 11; V2031; wv) AppleWebKit/537.36 (KHTML, like Gecko) Chrome/62.0.3202.84 Mobile Safari/537.36 VivoBrowser/6.9.10.2"
106.223.39.77 - - [08/Aug/2021:16:10:27 +0000] "GET /favicon/favicon-32x32.png HTTP/1.1" 200 2475 "http://www.sonvarsa.com/" "Mozilla/5.0 (Linux; Android 11; V2031; wv) AppleWebKit/537.36 (KHTML, like Gecko) Chrome/62.0.3202.84 Mobile Safari/537.36 VivoBrowser/6.9.10.2"
106.223.39.77 - - [08/Aug/2021:16:10:27 +0000] "GET /favicon/android-icon-192x192.png HTTP/1.1" 200 27771 "http://www.sonvarsa.com/" "Mozilla/5.0 (Linux; Android 11; V2031; wv) AppleWebKit/537.36 (KHTML, like Gecko) Chrome/62.0.3202.84 Mobile Safari/537.36 VivoBrowser/6.9.10.2"
34.73.45.207 - - [08/Aug/2021:16:11:57 +0000] "GET /Documentaion HTTP/1.0" 200 24936 "-" "ZoominfoBot (zoominfobot at zoominfo dot com)"
106.223.39.77 - - [08/Aug/2021:16:12:03 +0000] "GET /careers.php HTTP/1.1" 200 25961 "http://www.sonvarsa.com/" "Mozilla/5.0 (Linux; Android 11; V2031; wv) AppleWebKit/537.36 (KHTML, like Gecko) Chrome/62.0.3202.84 Mobile Safari/537.36 VivoBrowser/6.9.10.2"
106.223.39.77 - - [08/Aug/2021:16:12:04 +0000] "GET /favicon.ico HTTP/1.1" 404 39182 "http://www.sonvarsa.com/careers.php" "Mozilla/5.0 (Linux; Android 11; V2031; wv) AppleWebKit/537.36 (KHTML, like Gecko) Chrome/62.0.3202.84 Mobile Safari/537.36 VivoBrowser/6.9.10.2"
157.55.39.44 - - [08/Aug/2021:16:15:18 +0000] "GET /sitemap.xml.gz HTTP/1.1" 301 246 "-" "Mozilla/5.0 (compatible; bingbot/2.0; +http://www.bing.com/bingbot.htm)"
157.55.39.44 - - [08/Aug/2021:16:15:27 +0000] "GET /sitemap.xml.gz HTTP/1.1" 200 645 "-" "Mozilla/5.0 (compatible; bingbot/2.0; +http://www.bing.com/bingbot.htm)"
46.8.106.217 - - [08/Aug/2021:16:16:11 +0000] "GET / HTTP/1.0" 301 232 "http://sonvarsa.com/" "Mozilla/5.0 (Windows NT 6.1; Win64; x64) AppleWebKit/537.36 (KHTML, like Gecko) Chrome/66.0.3359.181 Safari/537.36"
46.8.106.217 - - [08/Aug/2021:16:16:11 +0000] "GET / HTTP/1.0" 200 39210 "http://www.sonvarsa.com/" "Mozilla/5.0 (Windows NT 6.1; Win64; x64) AppleWebKit/537.36 (KHTML, like Gecko) Chrome/66.0.3359.181 Safari/537.36"
46.8.106.217 - - [08/Aug/2021:16:16:12 +0000] "GET /contact-us.php HTTP/1.0" 200 24578 "http://www.sonvarsa.com/contact-us.php" "Mozilla/5.0 (Windows NT 6.1; Win64; x64) AppleWebKit/537.36 (KHTML, like Gecko) Chrome/66.0.3359.181 Safari/537.36"
46.8.106.217 - - [08/Aug/2021:16:16:13 +0000] "POST /submit-enquiry.php HTTP/1.0" 200 136 "http://www.sonvarsa.com/contact-us.php" "Mozilla/5.0 (Windows NT 6.1; Win64; x64) AppleWebKit/537.36 (KHTML, like Gecko) Chrome/66.0.3359.181 Safari/537.36"
46.8.106.217 - - [08/Aug/2021:16:16:16 +0000] "GET /Thank-You HTTP/1.0" 200 25434 "http://www.sonvarsa.com/Thank-You" "Mozilla/5.0 (Windows NT 6.1; Win64; x64) AppleWebKit/537.36 (KHTML, like Gecko) Chrome/66.0.3359.181 Safari/537.36"
46.8.106.217 - - [08/Aug/2021:16:16:17 +0000] "GET / HTTP/1.0" 200 39210 "http://www.sonvarsa.com/" "Mozilla/5.0 (Windows NT 6.1; Win64; x64) AppleWebKit/537.36 (KHTML, like Gecko) Chrome/66.0.3359.181 Safari/537.36"
34.73.45.207 - - [08/Aug/2021:16:17:01 +0000] "GET /Vision HTTP/1.0" 200 25472 "-" "ZoominfoBot (zoominfobot at zoominfo dot com)"
34.73.45.207 - - [08/Aug/2021:16:17:57 +0000] "GET /financial-services.php HTTP/1.0" 301 254 "-" "ZoominfoBot (zoominfobot at zoominfo dot com)"
34.73.45.207 - - [08/Aug/2021:16:18:53 +0000] "GET /about-us.php HTTP/1.0" 301 244 "-" "ZoominfoBot (zoominfobot at zoominfo dot com)"
106.210.245.6 - - [08/Aug/2021:16:19:44 +0000] "GET /galleryimg/4461648business_loan_banner.jpg HTTP/1.1" 200 45446 "https://www.google.co.in/" "Mozilla/5.0 (Windows NT 6.1) AppleWebKit/537.36 (KHTML, like Gecko) Chrome/92.0.4515.131 Safari/537.36"
106.210.245.6 - - [08/Aug/2021:16:19:47 +0000] "GET /galleryimg/4461648business_loan_banner.jpg HTTP/1.1" 200 45446 "https://www.google.co.in/" "Mozilla/5.0 (Windows NT 6.1) AppleWebKit/537.36 (KHTML, like Gecko) Chrome/92.0.4515.131 Safari/537.36"
34.73.45.207 - - [08/Aug/2021:16:21:17 +0000] "GET /ChildsFuture.html HTTP/1.0" 200 21382 "-" "ZoominfoBot (zoominfobot at zoominfo dot com)"
45.130.136.40 - - [08/Aug/2021:16:21:48 +0000] "GET /about-us.php HTTP/1.1" 301 244 "-" "Mozilla/4.0 (compatible; MSIE 7.0; Windows NT 6.2; WOW64; Trident/7.0; .NET4.0E; .NET4.0C)"
45.130.136.40 - - [08/Aug/2021:16:21:49 +0000] "GET /about-us.php HTTP/1.1" 200 26695 "-" "Mozilla/4.0 (compatible; MSIE 7.0; Windows NT 6.2; WOW64; Trident/7.0; .NET4.0E; .NET4.0C)"
109.248.142.243 - - [08/Aug/2021:16:21:57 +0000] "GET / HTTP/1.0" 301 232 "http://sonvarsa.com/" "Mozilla/5.0 (Windows NT 10.0; Win64; x64) AppleWebKit/537.36 (KHTML, like Gecko) Chrome/66.0.3359.170 Safari/537.36 OPR/53.0.2907.99"
109.248.142.243 - - [08/Aug/2021:16:21:57 +0000] "GET / HTTP/1.0" 200 39210 "http://www.sonvarsa.com/" "Mozilla/5.0 (Windows NT 10.0; Win64; x64) AppleWebKit/537.36 (KHTML, like Gecko) Chrome/66.0.3359.170 Safari/537.36 OPR/53.0.2907.99"
109.248.142.243 - - [08/Aug/2021:16:21:58 +0000] "GET /contact-us.php HTTP/1.0" 200 24578 "http://www.sonvarsa.com/contact-us.php" "Mozilla/5.0 (Windows NT 10.0; Win64; x64) AppleWebKit/537.36 (KHTML, like Gecko) Chrome/66.0.3359.170 Safari/537.36 OPR/53.0.2907.99"
109.248.142.243 - - [08/Aug/2021:16:21:59 +0000] "POST /submit-enquiry.php HTTP/1.0" 200 136 "http://www.sonvarsa.com/contact-us.php" "Mozilla/5.0 (Windows NT 10.0; Win64; x64) AppleWebKit/537.36 (KHTML, like Gecko) Chrome/66.0.3359.170 Safari/537.36 OPR/53.0.2907.99"
109.248.142.243 - - [08/Aug/2021:16:22:02 +0000] "GET /Thank-You HTTP/1.0" 200 25434 "http://www.sonvarsa.com/Thank-You" "Mozilla/5.0 (Windows NT 10.0; Win64; x64) AppleWebKit/537.36 (KHTML, like Gecko) Chrome/66.0.3359.170 Safari/537.36 OPR/53.0.2907.99"
109.248.142.243 - - [08/Aug/2021:16:22:03 +0000] "GET / HTTP/1.0" 200 39210 "http://www.sonvarsa.com/" "Mozilla/5.0 (Windows NT 10.0; Win64; x64) AppleWebKit/537.36 (KHTML, like Gecko) Chrome/66.0.3359.170 Safari/537.36 OPR/53.0.2907.99"
114.119.136.221 - - [08/Aug/2021:16:23:27 +0000] "GET /Mission HTTP/1.1" 200 26487 "-" "Mozilla/5.0 (Linux; Android 7.0;) AppleWebKit/537.36 (KHTML, like Gecko) Mobile Safari/537.36 (compatible; PetalBot;+https://webmaster.petalsearch.com/site/petalbot)"
46.8.106.217 - - [08/Aug/2021:16:27:35 +0000] "GET / HTTP/1.0" 301 232 "http://sonvarsa.com/" "Mozilla/5.0 (Windows NT 10.0; Win64; x64) AppleWebKit/537.36 (KHTML, like Gecko) Chrome/67.0.3396.99 Safari/537.36"
46.8.106.217 - - [08/Aug/2021:16:27:35 +0000] "GET / HTTP/1.0" 200 39210 "http://www.sonvarsa.com/" "Mozilla/5.0 (Windows NT 10.0; Win64; x64) AppleWebKit/537.36 (KHTML, like Gecko) Chrome/67.0.3396.99 Safari/537.36"
46.8.106.217 - - [08/Aug/2021:16:27:36 +0000] "GET /contact-us.php HTTP/1.0" 200 24578 "http://www.sonvarsa.com/contact-us.php" "Mozilla/5.0 (Windows NT 10.0; Win64; x64) AppleWebKit/537.36 (KHTML, like Gecko) Chrome/67.0.3396.99 Safari/537.36"
46.8.106.217 - - [08/Aug/2021:16:27:37 +0000] "POST /submit-enquiry.php HTTP/1.0" 200 136 "http://www.sonvarsa.com/contact-us.php" "Mozilla/5.0 (Windows NT 10.0; Win64; x64) AppleWebKit/537.36 (KHTML, like Gecko) Chrome/67.0.3396.99 Safari/537.36"
46.8.106.217 - - [08/Aug/2021:16:27:41 +0000] "GET /Thank-You HTTP/1.0" 200 25434 "http://www.sonvarsa.com/Thank-You" "Mozilla/5.0 (Windows NT 10.0; Win64; x64) AppleWebKit/537.36 (KHTML, like Gecko) Chrome/67.0.3396.99 Safari/537.36"
46.8.106.217 - - [08/Aug/2021:16:27:41 +0000] "GET / HTTP/1.0" 200 39210 "http://www.sonvarsa.com/" "Mozilla/5.0 (Windows NT 10.0; Win64; x64) AppleWebKit/537.36 (KHTML, like Gecko) Chrome/67.0.3396.99 Safari/537.36"
45.15.73.199 - - [08/Aug/2021:16:33:18 +0000] "GET / HTTP/1.0" 301 232 "http://sonvarsa.com/" "Mozilla/5.0 (Windows NT 6.1; Win64; x64) AppleWebKit/537.36 (KHTML, like Gecko) Chrome/67.0.3396.87 Safari/537.36 OPR/54.0.2952.71"
45.15.73.199 - - [08/Aug/2021:16:33:19 +0000] "GET / HTTP/1.0" 200 39210 "http://www.sonvarsa.com/" "Mozilla/5.0 (Windows NT 6.1; Win64; x64) AppleWebKit/537.36 (KHTML, like Gecko) Chrome/67.0.3396.87 Safari/537.36 OPR/54.0.2952.71"
45.15.73.199 - - [08/Aug/2021:16:33:20 +0000] "GET /contact-us.php HTTP/1.0" 200 24578 "http://www.sonvarsa.com/contact-us.php" "Mozilla/5.0 (Windows NT 6.1; Win64; x64) AppleWebKit/537.36 (KHTML, like Gecko) Chrome/67.0.3396.87 Safari/537.36 OPR/54.0.2952.71"
45.15.73.199 - - [08/Aug/2021:16:33:21 +0000] "POST /submit-enquiry.php HTTP/1.0" 200 136 "http://www.sonvarsa.com/contact-us.php" "Mozilla/5.0 (Windows NT 6.1; Win64; x64) AppleWebKit/537.36 (KHTML, like Gecko) Chrome/67.0.3396.87 Safari/537.36 OPR/54.0.2952.71"
45.15.73.199 - - [08/Aug/2021:16:33:24 +0000] "GET /Thank-You HTTP/1.0" 200 25434 "http://www.sonvarsa.com/Thank-You" "Mozilla/5.0 (Windows NT 6.1; Win64; x64) AppleWebKit/537.36 (KHTML, like Gecko) Chrome/67.0.3396.87 Safari/537.36 OPR/54.0.2952.71"
45.15.73.199 - - [08/Aug/2021:16:33:24 +0000] "GET / HTTP/1.0" 200 39210 "http://www.sonvarsa.com/" "Mozilla/5.0 (Windows NT 6.1; Win64; x64) AppleWebKit/537.36 (KHTML, like Gecko) Chrome/67.0.3396.87 Safari/537.36 OPR/54.0.2952.71"
109.248.139.85 - - [08/Aug/2021:16:39:04 +0000] "GET / HTTP/1.0" 301 232 "http://sonvarsa.com/" "Mozilla/5.0 (Windows NT 6.3; Win64; x64) AppleWebKit/537.36 (KHTML, like Gecko) Chrome/67.0.3396.87 Safari/537.36"
109.248.139.85 - - [08/Aug/2021:16:39:05 +0000] "GET / HTTP/1.0" 200 39210 "http://www.sonvarsa.com/" "Mozilla/5.0 (Windows NT 6.3; Win64; x64) AppleWebKit/537.36 (KHTML, like Gecko) Chrome/67.0.3396.87 Safari/537.36"
