66.249.66.35 - - [06/Aug/2021:09:31:41 +0000] "GET /robots.txt HTTP/1.1" 404 208 "-" "Mozilla/5.0 (compatible; Googlebot/2.1; +http://www.google.com/bot.html)"
66.249.66.58 - - [06/Aug/2021:09:31:42 +0000] "GET / HTTP/1.1" 301 233 "-" "Mozilla/5.0 (compatible; Googlebot/2.1; +http://www.google.com/bot.html)"
66.249.66.35 - - [06/Aug/2021:09:31:42 +0000] "GET / HTTP/1.1" 200 41795 "-" "Mozilla/5.0 (compatible; Googlebot/2.1; +http://www.google.com/bot.html)"
66.249.66.32 - - [06/Aug/2021:09:31:47 +0000] "GET /css_new/font-awesome-4.7.0/css/font-awesome.min.css HTTP/1.1" 404 249 "https://travelsleads.com/" "Mozilla/5.0 AppleWebKit/537.36 (KHTML, like Gecko; compatible; Googlebot/2.1; +http://www.google.com/bot.html) Chrome/92.0.4515.119 Safari/537.36"
77.111.247.21 - - [06/Aug/2021:10:15:22 +0000] "GET /ckeditor/ckfinder/core/connector/php/connector.php HTTP/1.1" 301 283 "-" "Mozilla/5.0 (Windows NT 10.0; Win64; x64) AppleWebKit/537.36 (KHTML, like Gecko) Chrome/89.0.3945.117 Safari/537.36"
77.111.247.21 - - [06/Aug/2021:10:15:24 +0000] "GET /ckeditor/ckfinder/core/connector/php/connector.php HTTP/1.1" 404 248 "-" "Mozilla/5.0 (Windows NT 10.0; Win64; x64) AppleWebKit/537.36 (KHTML, like Gecko) Chrome/89.0.3945.117 Safari/537.36"
114.119.158.253 - - [06/Aug/2021:10:42:07 +0000] "GET /img/15674351593-1.jpg HTTP/1.1" 200 311840 "-" "Mozilla/5.0 (Linux; Android 7.0;) AppleWebKit/537.36 (KHTML, like Gecko) Mobile Safari/537.36 (compatible; PetalBot;+https://webmaster.petalsearch.com/site/petalbot)"
114.119.142.135 - - [06/Aug/2021:10:53:08 +0000] "GET /img/156766319018regDeer1.jpg HTTP/1.1" 200 466409 "-" "Mozilla/5.0 (Linux; Android 7.0;) AppleWebKit/537.36 (KHTML, like Gecko) Mobile Safari/537.36 (compatible; PetalBot;+https://webmaster.petalsearch.com/site/petalbot)"
114.119.165.226 - - [06/Aug/2021:11:03:13 +0000] "GET /img/15753555651.jpg HTTP/1.1" 404 217 "-" "Mozilla/5.0 (Linux; Android 7.0;) AppleWebKit/537.36 (KHTML, like Gecko) Mobile Safari/537.36 (compatible; PetalBot;+https://webmaster.petalsearch.com/site/petalbot)"
114.119.157.4 - - [06/Aug/2021:11:14:16 +0000] "GET /img/15677747982-1.JPG HTTP/1.1" 200 172270 "-" "Mozilla/5.0 (Linux; Android 7.0;) AppleWebKit/537.36 (KHTML, like Gecko) Mobile Safari/537.36 (compatible; PetalBot;+https://webmaster.petalsearch.com/site/petalbot)"
114.119.134.182 - - [06/Aug/2021:11:24:08 +0000] "GET /img/15671659475-1.jpg HTTP/1.1" 200 126392 "-" "Mozilla/5.0 (Linux; Android 7.0;) AppleWebKit/537.36 (KHTML, like Gecko) Mobile Safari/537.36 (compatible; PetalBot;+https://webmaster.petalsearch.com/site/petalbot)"
114.119.157.4 - - [06/Aug/2021:11:34:42 +0000] "GET /rajasthan-tour-package.html HTTP/1.1" 200 36348 "-" "Mozilla/5.0 (Linux; Android 7.0;) AppleWebKit/537.36 (KHTML, like Gecko) Mobile Safari/537.36 (compatible; PetalBot;+https://webmaster.petalsearch.com/site/petalbot)"
173.252.83.20 - - [06/Aug/2021:12:10:53 +0000] "GET /policy.html HTTP/1.1" 200 40506 "-" "facebookexternalhit/1.1 (+http://www.facebook.com/externalhit_uatext.php)"
66.249.66.35 - - [06/Aug/2021:12:27:57 +0000] "GET /package-the-royal-bhutan-on-request.html HTTP/1.1" 200 32324 "-" "Mozilla/5.0 (compatible; Googlebot/2.1; +http://www.google.com/bot.html)"
66.249.66.32 - - [06/Aug/2021:12:28:01 +0000] "GET /js_new/responsive-nav.js HTTP/1.1" 200 1268 "https://travelsleads.com/package-the-royal-bhutan-on-request.html" "Mozilla/5.0 AppleWebKit/537.36 (KHTML, like Gecko; compatible; Googlebot/2.1; +http://www.google.com/bot.html) Chrome/92.0.4515.119 Safari/537.36"
114.119.142.135 - - [06/Aug/2021:12:28:38 +0000] "GET /package-mauritius-tour-on-request.html HTTP/1.1" 200 32241 "-" "Mozilla/5.0 (Linux; Android 7.0;) AppleWebKit/537.36 (KHTML, like Gecko) Mobile Safari/537.36 (compatible; PetalBot;+https://webmaster.petalsearch.com/site/petalbot)"
114.119.158.253 - - [06/Aug/2021:12:41:00 +0000] "GET /img/15672421613-1.jpg HTTP/1.1" 200 246217 "-" "Mozilla/5.0 (Linux; Android 7.0;) AppleWebKit/537.36 (KHTML, like Gecko) Mobile Safari/537.36 (compatible; PetalBot;+https://webmaster.petalsearch.com/site/petalbot)"
114.119.142.135 - - [06/Aug/2021:12:53:59 +0000] "GET /package-jainism-patna-and-rajgir-tour-on-request.html HTTP/1.1" 200 33658 "-" "Mozilla/5.0 (Linux; Android 7.0;) AppleWebKit/537.36 (KHTML, like Gecko) Mobile Safari/537.36 (compatible; PetalBot;+https://webmaster.petalsearch.com/site/petalbot)"
114.119.150.4 - - [06/Aug/2021:13:05:05 +0000] "GET /package-cultural-heritage-tour-%7C-04-nts-05-day-on-request.html HTTP/1.1" 200 32263 "-" "Mozilla/5.0 (Linux; Android 7.0;) AppleWebKit/537.36 (KHTML, like Gecko) Mobile Safari/537.36 (compatible; PetalBot;+https://webmaster.petalsearch.com/site/petalbot)"
54.218.31.144 - - [06/Aug/2021:13:18:40 +0000] "GET / HTTP/1.1" 301 233 "-" "Mozilla/5.0 (X11; Linux x86_64) AppleWebKit/537.36 (KHTML, like Gecko) Chrome/83.0.4103.97 Safari/537.36"
54.218.31.144 - - [06/Aug/2021:13:18:44 +0000] "GET / HTTP/1.1" 200 41795 "-" "Mozilla/5.0 (X11; Linux x86_64) AppleWebKit/537.36 (KHTML, like Gecko) Chrome/83.0.4103.97 Safari/537.36"
114.119.131.180 - - [06/Aug/2021:13:18:58 +0000] "GET /himachal-pradesh-packages-package.html HTTP/1.1" 200 36768 "-" "Mozilla/5.0 (Linux; Android 7.0;) AppleWebKit/537.36 (KHTML, like Gecko) Mobile Safari/537.36 (compatible; PetalBot;+https://webmaster.petalsearch.com/site/petalbot)"
34.220.202.2 - - [06/Aug/2021:13:19:42 +0000] "GET /favicon.ico HTTP/1.1" 301 244 "-" "Mozilla/5.0 (X11; Linux x86_64) AppleWebKit/537.36 (KHTML, like Gecko) Chrome/83.0.4103.97 Safari/537.36"
34.220.202.2 - - [06/Aug/2021:13:19:47 +0000] "GET / HTTP/1.1" 301 233 "-" "Mozilla/5.0 (X11; Linux x86_64) AppleWebKit/537.36 (KHTML, like Gecko) Chrome/83.0.4103.97 Safari/537.36"
54.36.148.3 - - [06/Aug/2021:13:28:41 +0000] "GET / HTTP/1.1" 200 41795 "-" "Mozilla/5.0 (compatible; AhrefsBot/7.0; +http://ahrefs.com/robot/)"
114.119.134.182 - - [06/Aug/2021:13:43:29 +0000] "GET /package-dharamshala-temple-tour-on-request.html HTTP/1.1" 200 32029 "-" "Mozilla/5.0 (Linux; Android 7.0;) AppleWebKit/537.36 (KHTML, like Gecko) Mobile Safari/537.36 (compatible; PetalBot;+https://webmaster.petalsearch.com/site/petalbot)"
114.119.131.180 - - [06/Aug/2021:13:54:02 +0000] "GET /package-varanasi-bodhgaya-gaya-allahabad-varanasi-on-request.html HTTP/1.1" 200 33110 "-" "Mozilla/5.0 (Linux; Android 7.0;) AppleWebKit/537.36 (KHTML, like Gecko) Mobile Safari/537.36 (compatible; PetalBot;+https://webmaster.petalsearch.com/site/petalbot)"
114.119.165.226 - - [06/Aug/2021:14:05:30 +0000] "GET /img/15672470852-1.jpg HTTP/1.1" 200 315998 "-" "Mozilla/5.0 (Linux; Android 7.0;) AppleWebKit/537.36 (KHTML, like Gecko) Mobile Safari/537.36 (compatible; PetalBot;+https://webmaster.petalsearch.com/site/petalbot)"
54.36.148.94 - - [06/Aug/2021:14:11:50 +0000] "GET /robots.txt HTTP/1.1" 404 208 "-" "Mozilla/5.0 (compatible; AhrefsBot/7.0; +http://ahrefs.com/robot/)"
54.36.149.44 - - [06/Aug/2021:14:11:51 +0000] "GET / HTTP/1.1" 200 41795 "-" "Mozilla/5.0 (compatible; AhrefsBot/7.0; +http://ahrefs.com/robot/)"
114.119.134.182 - - [06/Aug/2021:14:30:13 +0000] "GET /package-memorable-andaman-honeymoon-package-on-request.html HTTP/1.1" 200 44020 "-" "Mozilla/5.0 (Linux; Android 7.0;) AppleWebKit/537.36 (KHTML, like Gecko) Mobile Safari/537.36 (compatible; PetalBot;+https://webmaster.petalsearch.com/site/petalbot)"
207.46.13.0 - - [06/Aug/2021:14:34:50 +0000] "GET /robots.txt HTTP/1.1" 301 243 "-" "Mozilla/5.0 (compatible; bingbot/2.0; +http://www.bing.com/bingbot.htm)"
207.46.13.0 - - [06/Aug/2021:14:34:51 +0000] "GET /robots.txt HTTP/1.1" 404 208 "-" "Mozilla/5.0 (compatible; bingbot/2.0; +http://www.bing.com/bingbot.htm)"
40.77.167.88 - - [06/Aug/2021:14:34:56 +0000] "GET / HTTP/1.1" 301 233 "-" "Mozilla/5.0 (compatible; bingbot/2.0; +http://www.bing.com/bingbot.htm)"
114.119.165.226 - - [06/Aug/2021:14:41:50 +0000] "GET /package-delhi-nainital-corbett-on-request.html HTTP/1.1" 200 32155 "-" "Mozilla/5.0 (Linux; Android 7.0;) AppleWebKit/537.36 (KHTML, like Gecko) Mobile Safari/537.36 (compatible; PetalBot;+https://webmaster.petalsearch.com/site/petalbot)"
69.171.249.14 - - [06/Aug/2021:14:47:45 +0000] "GET /policy.html HTTP/1.1" 200 40506 "-" "facebookexternalhit/1.1 (+http://www.facebook.com/externalhit_uatext.php)"
23.228.109.147 - - [06/Aug/2021:14:51:45 +0000] "GET /wp-login.php HTTP/1.1" 301 245 "-" "ALittle Client"
23.228.109.147 - - [06/Aug/2021:14:51:50 +0000] "GET /wp-login.php HTTP/1.1" 404 210 "-" "ALittle Client"
137.226.113.44 - - [06/Aug/2021:14:53:04 +0000] "GET / HTTP/1.1" 200 41795 "-" "Mozilla/5.0 (X11; Linux x86_64; rv:84.0) Gecko/20100101 Firefox/84.0"
114.119.131.180 - - [06/Aug/2021:15:06:10 +0000] "GET /img/15675260463-1.png HTTP/1.1" 200 277799 "-" "Mozilla/5.0 (Linux; Android 7.0;) AppleWebKit/537.36 (KHTML, like Gecko) Mobile Safari/537.36 (compatible; PetalBot;+https://webmaster.petalsearch.com/site/petalbot)"
114.119.165.5 - - [06/Aug/2021:15:31:28 +0000] "GET /img/15674321411-1.JPG HTTP/1.1" 200 163568 "-" "Mozilla/5.0 (Linux; Android 7.0;) AppleWebKit/537.36 (KHTML, like Gecko) Mobile Safari/537.36 (compatible; PetalBot;+https://webmaster.petalsearch.com/site/petalbot)"
66.249.66.38 - - [06/Aug/2021:15:39:01 +0000] "GET /package-singapore-with-cruise-on-request.html HTTP/1.1" 200 33448 "-" "Mozilla/5.0 (Linux; Android 6.0.1; Nexus 5X Build/MMB29P) AppleWebKit/537.36 (KHTML, like Gecko) Chrome/92.0.4515.119 Mobile Safari/537.36 (compatible; Googlebot/2.1; +http://www.google.com/bot.html)"
31.13.103.12 - - [06/Aug/2021:15:39:56 +0000] "GET /policy.html HTTP/1.1" 200 40506 "-" "facebookexternalhit/1.1 (+http://www.facebook.com/externalhit_uatext.php)"
114.119.150.4 - - [06/Aug/2021:15:45:13 +0000] "GET /package-destination-arabian-(dubai)-on-request.html HTTP/1.1" 200 32255 "-" "Mozilla/5.0 (Linux; Android 7.0;) AppleWebKit/537.36 (KHTML, like Gecko) Mobile Safari/537.36 (compatible; PetalBot;+https://webmaster.petalsearch.com/site/petalbot)"
207.46.13.159 - - [06/Aug/2021:15:45:45 +0000] "GET /package-destination-best-of-kerala-on-request.html HTTP/1.1" 200 34458 "-" "Mozilla/5.0 (compatible; bingbot/2.0; +http://www.bing.com/bingbot.htm)"
59.175.144.19 - - [06/Aug/2021:15:57:27 +0000] "GET / HTTP/1.1" 301 233 "-" "GRequests/0.10"
59.175.144.19 - - [06/Aug/2021:15:57:30 +0000] "GET / HTTP/1.1" 200 41795 "http://www.travelsleads.com" "GRequests/0.10"
114.119.131.180 - - [06/Aug/2021:16:11:32 +0000] "GET /img/15674389272-1.webp HTTP/1.1" 200 127436 "-" "Mozilla/5.0 (Linux; Android 7.0;) AppleWebKit/537.36 (KHTML, like Gecko) Mobile Safari/537.36 (compatible; PetalBot;+https://webmaster.petalsearch.com/site/petalbot)"
114.119.150.4 - - [06/Aug/2021:16:28:09 +0000] "GET /robots.txt HTTP/1.1" 404 208 "-" "Mozilla/5.0 (compatible;PetalBot;+https://webmaster.petalsearch.com/site/petalbot)"
114.119.134.182 - - [06/Aug/2021:16:39:03 +0000] "GET /img/15676647794-1.jpg HTTP/1.1" 200 315021 "-" "Mozilla/5.0 (Linux; Android 7.0;) AppleWebKit/537.36 (KHTML, like Gecko) Mobile Safari/537.36 (compatible; PetalBot;+https://webmaster.petalsearch.com/site/petalbot)"
114.119.158.253 - - [06/Aug/2021:17:07:35 +0000] "GET /img/15673386213-1.jpg HTTP/1.1" 200 78257 "-" "Mozilla/5.0 (Linux; Android 7.0;) AppleWebKit/537.36 (KHTML, like Gecko) Mobile Safari/537.36 (compatible; PetalBot;+https://webmaster.petalsearch.com/site/petalbot)"
114.119.150.4 - - [06/Aug/2021:17:22:55 +0000] "GET /package-vadodara-tour-on-request.html HTTP/1.1" 200 32815 "-" "Mozilla/5.0 (Linux; Android 7.0;) AppleWebKit/537.36 (KHTML, like Gecko) Mobile Safari/537.36 (compatible; PetalBot;+https://webmaster.petalsearch.com/site/petalbot)"
207.46.13.159 - - [06/Aug/2021:17:40:25 +0000] "GET /package-memorable-andaman-honeymoon-package-on-request.html HTTP/1.1" 200 44020 "-" "Mozilla/5.0 (compatible; bingbot/2.0; +http://www.bing.com/bingbot.htm)"
31.13.103.116 - - [06/Aug/2021:17:42:00 +0000] "GET /policy.html HTTP/1.1" 200 40506 "-" "facebookexternalhit/1.1 (+http://www.facebook.com/externalhit_uatext.php)"
114.119.165.226 - - [06/Aug/2021:17:50:37 +0000] "GET /policy.html HTTP/1.1" 200 40506 "-" "Mozilla/5.0 (Linux; Android 7.0;) AppleWebKit/537.36 (KHTML, like Gecko) Mobile Safari/537.36 (compatible; PetalBot;+https://webmaster.petalsearch.com/site/petalbot)"
114.119.142.135 - - [06/Aug/2021:18:21:32 +0000] "GET /package-delhi-nainital-kausani-corbett-on-request.html HTTP/1.1" 200 32276 "-" "Mozilla/5.0 (Linux; Android 7.0;) AppleWebKit/537.36 (KHTML, like Gecko) Mobile Safari/537.36 (compatible; PetalBot;+https://webmaster.petalsearch.com/site/petalbot)"
173.252.79.31 - - [06/Aug/2021:20:00:24 +0000] "GET /policy.html HTTP/1.1" 200 40506 "-" "facebookexternalhit/1.1 (+http://www.facebook.com/externalhit_uatext.php)"
114.119.131.180 - - [06/Aug/2021:20:03:05 +0000] "GET /img/15753556811.jpg HTTP/1.1" 404 217 "-" "Mozilla/5.0 (Linux; Android 7.0;) AppleWebKit/537.36 (KHTML, like Gecko) Mobile Safari/537.36 (compatible; PetalBot;+https://webmaster.petalsearch.com/site/petalbot)"
40.77.167.56 - - [06/Aug/2021:20:13:18 +0000] "GET /robots.txt HTTP/1.1" 404 208 "-" "Mozilla/5.0 (compatible; bingbot/2.0; +http://www.bing.com/bingbot.htm)"
40.77.167.56 - - [06/Aug/2021:20:13:19 +0000] "GET /robots.txt HTTP/1.1" 404 208 "-" "Mozilla/5.0 (compatible; bingbot/2.0; +http://www.bing.com/bingbot.htm)"
157.55.39.174 - - [06/Aug/2021:20:13:24 +0000] "GET /package-alor-grande-holiday-resorts-03-night-cost-15999.html HTTP/1.1" 200 32607 "-" "Mozilla/5.0 (compatible; bingbot/2.0; +http://www.bing.com/bingbot.htm)"
114.119.165.5 - - [06/Aug/2021:20:18:36 +0000] "GET /img/15674292353-1.jpg HTTP/1.1" 200 226265 "-" "Mozilla/5.0 (Linux; Android 7.0;) AppleWebKit/537.36 (KHTML, like Gecko) Mobile Safari/537.36 (compatible; PetalBot;+https://webmaster.petalsearch.com/site/petalbot)"
66.249.66.35 - - [06/Aug/2021:20:32:54 +0000] "GET /robots.txt HTTP/1.1" 404 208 "-" "Mozilla/5.0 (compatible; Googlebot/2.1; +http://www.google.com/bot.html)"
66.249.66.38 - - [06/Aug/2021:20:32:55 +0000] "GET /package-singapore-with-cruise-on-request.html HTTP/1.1" 200 33448 "-" "Mozilla/5.0 (compatible; Googlebot/2.1; +http://www.google.com/bot.html)"
114.119.157.4 - - [06/Aug/2021:20:34:25 +0000] "GET /package-mauritius-on-request.html HTTP/1.1" 200 33009 "-" "Mozilla/5.0 (Linux; Android 7.0;) AppleWebKit/537.36 (KHTML, like Gecko) Mobile Safari/537.36 (compatible; PetalBot;+https://webmaster.petalsearch.com/site/petalbot)"
114.119.158.253 - - [06/Aug/2021:20:52:37 +0000] "GET /package-trip-mini-tour-%7C-03-nts-04-day-on-request.html HTTP/1.1" 200 33629 "-" "Mozilla/5.0 (Linux; Android 7.0;) AppleWebKit/537.36 (KHTML, like Gecko) Mobile Safari/537.36 (compatible; PetalBot;+https://webmaster.petalsearch.com/site/petalbot)"
207.46.13.173 - - [06/Aug/2021:20:54:28 +0000] "GET /package-destination-bhaktapur-patan-trip-on-request.html HTTP/1.1" 200 34759 "-" "Mozilla/5.0 (compatible; bingbot/2.0; +http://www.bing.com/bingbot.htm)"
173.208.200.106 - - [06/Aug/2021:20:56:57 +0000] "GET /favicon.ico HTTP/1.1" 404 209 "https://travelsleads.com/" "Mozilla/5.0 (Windows NT 6.1; Win64; x64) AppleWebKit/537.36 (KHTML, like Gecko) Chrome/60.0.3112.90 Safari/537.36"
207.46.13.2 - - [06/Aug/2021:21:03:45 +0000] "GET /img/15675132483-1.jpg HTTP/1.1" 200 565973 "-" "Mozilla/5.0 (compatible; bingbot/2.0; +http://www.bing.com/bingbot.htm)"
114.119.134.182 - - [06/Aug/2021:21:19:55 +0000] "GET /package-agra-ajmer-pushkar-delhi-cost-13295-per-person.html HTTP/1.1" 200 39242 "-" "Mozilla/5.0 (Linux; Android 7.0;) AppleWebKit/537.36 (KHTML, like Gecko) Mobile Safari/537.36 (compatible; PetalBot;+https://webmaster.petalsearch.com/site/petalbot)"
34.241.155.74 - - [06/Aug/2021:21:27:48 +0000] "GET / HTTP/1.1" 301 233 "-" "Mozilla/5.0 (Macintosh; Intel Mac OS X 10.15; rv:81.0) Gecko/20100101 Firefox/81.0"
34.241.155.74 - - [06/Aug/2021:21:27:48 +0000] "GET / HTTP/1.1" 200 41795 "http://165.232.190.148" "Mozilla/5.0 (Macintosh; Intel Mac OS X 10.15; rv:81.0) Gecko/20100101 Firefox/81.0"
114.119.165.226 - - [06/Aug/2021:21:49:51 +0000] "GET /img/15674336555-1.jpeg HTTP/1.1" 200 421275 "-" "Mozilla/5.0 (Linux; Android 7.0;) AppleWebKit/537.36 (KHTML, like Gecko) Mobile Safari/537.36 (compatible; PetalBot;+https://webmaster.petalsearch.com/site/petalbot)"
165.225.210.244 - - [06/Aug/2021:22:01:02 +0000] "GET /img/15672330411-1.jpg HTTP/1.1" 200 1443719 "https://www.google.com/" "Mozilla/5.0 (Windows NT 10.0; Win64; x64) AppleWebKit/537.36 (KHTML, like Gecko) Chrome/92.0.4515.107 Safari/537.36"
40.77.167.88 - - [06/Aug/2021:22:07:18 +0000] "GET /package-destination-escape-to-nepal-on-request.html HTTP/1.1" 200 38622 "-" "Mozilla/5.0 (compatible; bingbot/2.0; +http://www.bing.com/bingbot.htm)"
207.46.13.2 - - [06/Aug/2021:22:46:05 +0000] "GET /img/1567152891PrivateCityTransfersbetweenDelhiandHimachalPradeshPunjab.jpg HTTP/1.1" 200 120275 "-" "Mozilla/5.0 (compatible; bingbot/2.0; +http://www.bing.com/bingbot.htm)"
114.119.165.5 - - [06/Aug/2021:22:49:54 +0000] "GET /img/15671634592-1.jpg HTTP/1.1" 200 512115 "-" "Mozilla/5.0 (Linux; Android 7.0;) AppleWebKit/537.36 (KHTML, like Gecko) Mobile Safari/537.36 (compatible; PetalBot;+https://webmaster.petalsearch.com/site/petalbot)"
93.158.66.18 - - [06/Aug/2021:23:36:58 +0000] "HEAD /.git/config HTTP/1.1" 404 - "-" "python-requests/2.26.0"
93.158.66.18 - - [06/Aug/2021:23:36:58 +0000] "HEAD /.git/config HTTP/1.1" 404 - "-" "python-requests/2.26.0"
93.158.66.18 - - [06/Aug/2021:23:37:05 +0000] "HEAD /.git/config HTTP/1.1" 404 - "-" "python-requests/2.26.0"
93.158.66.18 - - [06/Aug/2021:23:37:05 +0000] "HEAD /.git/config HTTP/1.1" 404 - "-" "python-requests/2.26.0"
207.46.13.124 - - [06/Aug/2021:23:50:38 +0000] "GET /img/15673369791-1.jpg HTTP/1.1" 200 83676 "-" "Mozilla/5.0 (compatible; bingbot/2.0; +http://www.bing.com/bingbot.htm)"
54.36.149.50 - - [07/Aug/2021:00:04:12 +0000] "GET / HTTP/1.1" 200 41795 "-" "Mozilla/5.0 (compatible; AhrefsBot/7.0; +http://ahrefs.com/robot/)"
114.119.131.180 - - [07/Aug/2021:00:07:46 +0000] "GET /package-feel-desert-on-request.html HTTP/1.1" 200 31973 "-" "Mozilla/5.0 (Linux; Android 7.0;) AppleWebKit/537.36 (KHTML, like Gecko) Mobile Safari/537.36 (compatible; PetalBot;+https://webmaster.petalsearch.com/site/petalbot)"
207.46.13.175 - - [07/Aug/2021:00:20:13 +0000] "GET /package-serene-bali-on-request.html HTTP/1.1" 200 34127 "-" "Mozilla/5.0 (compatible; bingbot/2.0; +http://www.bing.com/bingbot.htm)"
66.249.66.32 - - [07/Aug/2021:00:35:21 +0000] "GET /forgot_password.php HTTP/1.1" 200 31216 "-" "Mozilla/5.0 (Linux; Android 6.0.1; Nexus 5X Build/MMB29P) AppleWebKit/537.36 (KHTML, like Gecko) Chrome/92.0.4515.119 Mobile Safari/537.36 (compatible; Googlebot/2.1; +http://www.google.com/bot.html)"
66.249.66.35 - - [07/Aug/2021:00:35:24 +0000] "GET /js_new/wow.min.js HTTP/1.1" 200 4776 "https://travelsleads.com/forgot_password.php" "Mozilla/5.0 (Linux; Android 6.0.1; Nexus 5X Build/MMB29P) AppleWebKit/537.36 (KHTML, like Gecko) Chrome/92.0.4515.119 Mobile Safari/537.36 (compatible; Googlebot/2.1; +http://www.google.com/bot.html)"
52.40.204.219 - - [07/Aug/2021:00:48:14 +0000] "GET /package-manali-delhi-volvo-package-cost-10999-per-couple.html HTTP/1.1" 200 36294 "-" "Mozilla/5.0 (Windows NT 6.1; Win64; x64) AppleWebKit/537.36 (KHTML, like Gecko) Chrome/72.0.3626.109 Safari/537.36"
66.249.66.38 - - [07/Aug/2021:01:14:19 +0000] "GET /package-cultural-heritage-tour-%7C-04-nts-05-day-on-request.html HTTP/1.1" 200 32263 "-" "Mozilla/5.0 (Linux; Android 6.0.1; Nexus 5X Build/MMB29P) AppleWebKit/537.36 (KHTML, like Gecko) Chrome/92.0.4515.119 Mobile Safari/537.36 (compatible; Googlebot/2.1; +http://www.google.com/bot.html)"
66.249.66.32 - - [07/Aug/2021:01:14:23 +0000] "GET /css_new/mont.css/css?family=Montserrat:400,700 HTTP/1.1" 404 218 "https://travelsleads.com/package-cultural-heritage-tour-%7C-04-nts-05-day-on-request.html" "Mozilla/5.0 (Linux; Android 6.0.1; Nexus 5X Build/MMB29P) AppleWebKit/537.36 (KHTML, like Gecko) Chrome/92.0.4515.119 Mobile Safari/537.36 (compatible; Googlebot/2.1; +http://www.google.com/bot.html)"
114.119.165.5 - - [07/Aug/2021:01:14:44 +0000] "GET /package-honeymoon-in-mauritius-on-request.html HTTP/1.1" 200 33324 "-" "Mozilla/5.0 (Linux; Android 7.0;) AppleWebKit/537.36 (KHTML, like Gecko) Mobile Safari/537.36 (compatible; PetalBot;+https://webmaster.petalsearch.com/site/petalbot)"
144.86.173.129 - - [07/Aug/2021:01:26:31 +0000] "GET / HTTP/1.1" 200 41795 "-" "Expanse, a Palo Alto Networks company, searches across the global IPv4 space multiple times per day to identify customers' presences on the Internet. If you would like to be excluded from our scans, please send IP addresses/domains to: scaninfo@paloaltonetworks.com"
207.46.13.159 - - [07/Aug/2021:01:52:04 +0000] "GET /package-agra-cost-4656-per-person.html HTTP/1.1" 200 37753 "-" "Mozilla/5.0 (compatible; bingbot/2.0; +http://www.bing.com/bingbot.htm)"
114.119.165.5 - - [07/Aug/2021:01:57:30 +0000] "GET /img/1567511417971407beech.jpg HTTP/1.1" 200 234622 "-" "Mozilla/5.0 (Linux; Android 7.0;) AppleWebKit/537.36 (KHTML, like Gecko) Mobile Safari/537.36 (compatible; PetalBot;+https://webmaster.petalsearch.com/site/petalbot)"
114.119.131.180 - - [07/Aug/2021:02:23:40 +0000] "GET /package-mauritius-special-on-request.html HTTP/1.1" 200 32585 "-" "Mozilla/5.0 (Linux; Android 7.0;) AppleWebKit/537.36 (KHTML, like Gecko) Mobile Safari/537.36 (compatible; PetalBot;+https://webmaster.petalsearch.com/site/petalbot)"
66.249.66.38 - - [07/Aug/2021:02:40:15 +0000] "GET /forgot_password.php HTTP/1.1" 200 31216 "-" "Mozilla/5.0 (compatible; Googlebot/2.1; +http://www.google.com/bot.html)"
114.119.134.182 - - [07/Aug/2021:02:51:15 +0000] "GET /img/15748347992.jpg HTTP/1.1" 200 198173 "-" "Mozilla/5.0 (Linux; Android 7.0;) AppleWebKit/537.36 (KHTML, like Gecko) Mobile Safari/537.36 (compatible; PetalBot;+https://webmaster.petalsearch.com/site/petalbot)"
114.119.165.5 - - [07/Aug/2021:03:04:07 +0000] "GET /img/15753559762.jpg HTTP/1.1" 404 217 "-" "Mozilla/5.0 (Linux; Android 7.0;) AppleWebKit/537.36 (KHTML, like Gecko) Mobile Safari/537.36 (compatible; PetalBot;+https://webmaster.petalsearch.com/site/petalbot)"
66.249.66.38 - - [07/Aug/2021:04:14:19 +0000] "GET /package-cultural-heritage-tour-%7C-04-nts-05-day-on-request.html HTTP/1.1" 200 32263 "-" "Mozilla/5.0 (compatible; Googlebot/2.1; +http://www.google.com/bot.html)"
40.77.167.99 - - [07/Aug/2021:04:17:30 +0000] "GET /package-mauritius-special-on-request.html HTTP/1.1" 200 32585 "-" "Mozilla/5.0 (compatible; bingbot/2.0; +http://www.bing.com/bingbot.htm)"
207.46.13.175 - - [07/Aug/2021:04:29:27 +0000] "GET /package-wonder-full-gangtok-cost-15700-per-person.html HTTP/1.1" 200 40014 "-" "Mozilla/5.0 (compatible; bingbot/2.0; +http://www.bing.com/bingbot.htm)"
114.119.150.4 - - [07/Aug/2021:04:49:04 +0000] "GET /img/15674118103-1.jpg HTTP/1.1" 200 387827 "-" "Mozilla/5.0 (Linux; Android 7.0;) AppleWebKit/537.36 (KHTML, like Gecko) Mobile Safari/537.36 (compatible; PetalBot;+https://webmaster.petalsearch.com/site/petalbot)"
103.87.92.246 - - [07/Aug/2021:04:54:50 +0000] "GET /img/15672330411-1.jpg HTTP/1.1" 200 1443719 "https://www.google.com/" "Mozilla/5.0 (Windows NT 10.0; Win64; x64) AppleWebKit/537.36 (KHTML, like Gecko) Chrome/92.0.4515.131 Safari/537.36"
66.249.66.32 - - [07/Aug/2021:05:14:19 +0000] "GET /package-cultural-heritage-tour-%7C-04-nts-05-day-on-request.html HTTP/1.1" 200 32263 "-" "Mozilla/5.0 (Linux; Android 6.0.1; Nexus 5X Build/MMB29P) AppleWebKit/537.36 (KHTML, like Gecko) Chrome/92.0.4515.119 Mobile Safari/537.36 (compatible; Googlebot/2.1; +http://www.google.com/bot.html)"
40.77.167.88 - - [07/Aug/2021:05:25:41 +0000] "GET /package-bhuj-tour-on-request.html HTTP/1.1" 200 32995 "-" "Mozilla/5.0 (compatible; bingbot/2.0; +http://www.bing.com/bingbot.htm)"
114.119.131.180 - - [07/Aug/2021:05:39:08 +0000] "GET /img/15674374224-1.jpg HTTP/1.1" 200 203857 "-" "Mozilla/5.0 (Linux; Android 7.0;) AppleWebKit/537.36 (KHTML, like Gecko) Mobile Safari/537.36 (compatible; PetalBot;+https://webmaster.petalsearch.com/site/petalbot)"
65.154.226.250 - - [07/Aug/2021:06:00:13 +0000] "GET / HTTP/1.1" 301 233 "-" "Mozilla/5.0 (Windows NT 10.0; Win64; x64) AppleWebKit/537.36 (KHTML, like Gecko) Chrome/76.0.3809.71 Safari/537.36"
65.154.226.250 - - [07/Aug/2021:06:00:15 +0000] "GET / HTTP/1.1" 200 41795 "-" "Mozilla/5.0 (Windows NT 10.0; Win64; x64) AppleWebKit/537.36 (KHTML, like Gecko) Chrome/76.0.3809.71 Safari/537.36"
65.154.226.250 - - [07/Aug/2021:06:00:16 +0000] "GET /css_new/style.css HTTP/1.1" 200 61631 "https://travelsleads.com/" "Mozilla/5.0 (Windows NT 10.0; Win64; x64) AppleWebKit/537.36 (KHTML, like Gecko) Chrome/76.0.3809.71 Safari/537.36"
65.154.226.250 - - [07/Aug/2021:06:00:16 +0000] "GET /css_new/bootstrap.css HTTP/1.1" 200 121251 "https://travelsleads.com/" "Mozilla/5.0 (Windows NT 10.0; Win64; x64) AppleWebKit/537.36 (KHTML, like Gecko) Chrome/76.0.3809.71 Safari/537.36"
65.154.226.250 - - [07/Aug/2021:06:00:16 +0000] "GET /css_new/font-awesome-4.7.0/css/font-awesome.min.css HTTP/1.1" 404 249 "https://travelsleads.com/" "Mozilla/5.0 (Windows NT 10.0; Win64; x64) AppleWebKit/537.36 (KHTML, like Gecko) Chrome/76.0.3809.71 Safari/537.36"
65.154.226.250 - - [07/Aug/2021:06:00:16 +0000] "GET /css_new/mont.css?family=Montserrat:400,700 HTTP/1.1" 200 3664 "https://travelsleads.com/" "Mozilla/5.0 (Windows NT 10.0; Win64; x64) AppleWebKit/537.36 (KHTML, like Gecko) Chrome/76.0.3809.71 Safari/537.36"
65.154.226.250 - - [07/Aug/2021:06:00:16 +0000] "GET /css_new/animate.css HTTP/1.1" 200 68760 "https://travelsleads.com/" "Mozilla/5.0 (Windows NT 10.0; Win64; x64) AppleWebKit/537.36 (KHTML, like Gecko) Chrome/76.0.3809.71 Safari/537.36"
65.154.226.250 - - [07/Aug/2021:06:00:16 +0000] "GET /js_new/login.js HTTP/1.1" 200 1160 "https://travelsleads.com/" "Mozilla/5.0 (Windows NT 10.0; Win64; x64) AppleWebKit/537.36 (KHTML, like Gecko) Chrome/76.0.3809.71 Safari/537.36"
65.154.226.250 - - [07/Aug/2021:06:00:16 +0000] "GET /js_new/jquery-1.11.1.min.js HTTP/1.1" 200 95786 "https://travelsleads.com/" "Mozilla/5.0 (Windows NT 10.0; Win64; x64) AppleWebKit/537.36 (KHTML, like Gecko) Chrome/76.0.3809.71 Safari/537.36"
65.154.226.250 - - [07/Aug/2021:06:00:16 +0000] "GET /js_new/wow.min.js HTTP/1.1" 200 4776 "https://travelsleads.com/" "Mozilla/5.0 (Windows NT 10.0; Win64; x64) AppleWebKit/537.36 (KHTML, like Gecko) Chrome/76.0.3809.71 Safari/537.36"
65.154.226.250 - - [07/Aug/2021:06:00:16 +0000] "GET /js_new/jquery.easydropdown.js HTTP/1.1" 200 12390 "https://travelsleads.com/" "Mozilla/5.0 (Windows NT 10.0; Win64; x64) AppleWebKit/537.36 (KHTML, like Gecko) Chrome/76.0.3809.71 Safari/537.36"
65.154.226.250 - - [07/Aug/2021:06:00:16 +0000] "GET /js_new/responsive-nav.js HTTP/1.1" 200 1268 "https://travelsleads.com/" "Mozilla/5.0 (Windows NT 10.0; Win64; x64) AppleWebKit/537.36 (KHTML, like Gecko) Chrome/76.0.3809.71 Safari/537.36"
65.154.226.250 - - [07/Aug/2021:06:00:16 +0000] "GET /images_new/logo.png HTTP/1.1" 200 36069 "https://travelsleads.com/" "Mozilla/5.0 (Windows NT 10.0; Win64; x64) AppleWebKit/537.36 (KHTML, like Gecko) Chrome/76.0.3809.71 Safari/537.36"
65.154.226.250 - - [07/Aug/2021:06:00:17 +0000] "GET /images_new/nav.png HTTP/1.1" 200 2881 "https://travelsleads.com/" "Mozilla/5.0 (Windows NT 10.0; Win64; x64) AppleWebKit/537.36 (KHTML, like Gecko) Chrome/76.0.3809.71 Safari/537.36"
65.154.226.250 - - [07/Aug/2021:06:00:17 +0000] "GET /img/1565470876a1.jpg HTTP/1.1" 200 33187 "https://travelsleads.com/" "Mozilla/5.0 (Windows NT 10.0; Win64; x64) AppleWebKit/537.36 (KHTML, like Gecko) Chrome/76.0.3809.71 Safari/537.36"
65.154.226.250 - - [07/Aug/2021:06:00:17 +0000] "GET /img/1565471054a6.jpg HTTP/1.1" 200 34216 "https://travelsleads.com/" "Mozilla/5.0 (Windows NT 10.0; Win64; x64) AppleWebKit/537.36 (KHTML, like Gecko) Chrome/76.0.3809.71 Safari/537.36"
65.154.226.250 - - [07/Aug/2021:06:00:17 +0000] "GET /img/1565470845a2.jpg HTTP/1.1" 200 36403 "https://travelsleads.com/" "Mozilla/5.0 (Windows NT 10.0; Win64; x64) AppleWebKit/537.36 (KHTML, like Gecko) Chrome/76.0.3809.71 Safari/537.36"
65.154.226.250 - - [07/Aug/2021:06:00:17 +0000] "GET /images/656e84e.jpg HTTP/1.1" 200 87284 "https://travelsleads.com/" "Mozilla/5.0 (Windows NT 10.0; Win64; x64) AppleWebKit/537.36 (KHTML, like Gecko) Chrome/76.0.3809.71 Safari/537.36"
65.154.226.250 - - [07/Aug/2021:06:00:17 +0000] "GET /images/tour-and-travel.jpg HTTP/1.1" 200 320106 "https://travelsleads.com/" "Mozilla/5.0 (Windows NT 10.0; Win64; x64) AppleWebKit/537.36 (KHTML, like Gecko) Chrome/76.0.3809.71 Safari/537.36"
65.154.226.250 - - [07/Aug/2021:06:00:17 +0000] "GET /images/banner.jpg HTTP/1.1" 200 469630 "https://travelsleads.com/" "Mozilla/5.0 (Windows NT 10.0; Win64; x64) AppleWebKit/537.36 (KHTML, like Gecko) Chrome/76.0.3809.71 Safari/537.36"
65.154.226.250 - - [07/Aug/2021:06:00:17 +0000] "GET /img/1566288705download.jpg HTTP/1.1" 200 4359 "https://travelsleads.com/" "Mozilla/5.0 (Windows NT 10.0; Win64; x64) AppleWebKit/537.36 (KHTML, like Gecko) Chrome/76.0.3809.71 Safari/537.36"
65.154.226.250 - - [07/Aug/2021:06:00:17 +0000] "GET /form_new/index.php HTTP/1.1" 200 8596 "https://travelsleads.com/" "Mozilla/5.0 (Windows NT 10.0; Win64; x64) AppleWebKit/537.36 (KHTML, like Gecko) Chrome/76.0.3809.71 Safari/537.36"
65.154.226.250 - - [07/Aug/2021:06:00:18 +0000] "GET /img/1565470985a3.jpg HTTP/1.1" 200 35247 "https://travelsleads.com/" "Mozilla/5.0 (Windows NT 10.0; Win64; x64) AppleWebKit/537.36 (KHTML, like Gecko) Chrome/76.0.3809.71 Safari/537.36"
65.154.226.250 - - [07/Aug/2021:06:00:18 +0000] "GET /img/156648791011-512.png HTTP/1.1" 404 222 "https://travelsleads.com/" "Mozilla/5.0 (Windows NT 10.0; Win64; x64) AppleWebKit/537.36 (KHTML, like Gecko) Chrome/76.0.3809.71 Safari/537.36"
65.154.226.250 - - [07/Aug/2021:06:00:18 +0000] "GET /images_new/search.png HTTP/1.1" 404 219 "https://travelsleads.com/css_new/style.css" "Mozilla/5.0 (Windows NT 10.0; Win64; x64) AppleWebKit/537.36 (KHTML, like Gecko) Chrome/76.0.3809.71 Safari/537.36"
65.154.226.250 - - [07/Aug/2021:06:00:18 +0000] "GET /images_new/img-sprite.png HTTP/1.1" 200 26716 "https://travelsleads.com/css_new/style.css" "Mozilla/5.0 (Windows NT 10.0; Win64; x64) AppleWebKit/537.36 (KHTML, like Gecko) Chrome/76.0.3809.71 Safari/537.36"
65.154.226.250 - - [07/Aug/2021:06:00:18 +0000] "GET /img/15677750783-1.jpg HTTP/1.1" 200 369607 "https://travelsleads.com/" "Mozilla/5.0 (Windows NT 10.0; Win64; x64) AppleWebKit/537.36 (KHTML, like Gecko) Chrome/76.0.3809.71 Safari/537.36"
65.154.226.250 - - [07/Aug/2021:06:00:18 +0000] "GET /form_new/css/wickedpicker.css HTTP/1.1" 200 3105 "https://travelsleads.com/form_new/index.php" "Mozilla/5.0 (Windows NT 10.0; Win64; x64) AppleWebKit/537.36 (KHTML, like Gecko) Chrome/76.0.3809.71 Safari/537.36"
65.154.226.250 - - [07/Aug/2021:06:00:18 +0000] "GET /form_new/css/style.css?v1 HTTP/1.1" 200 6915 "https://travelsleads.com/form_new/index.php" "Mozilla/5.0 (Windows NT 10.0; Win64; x64) AppleWebKit/537.36 (KHTML, like Gecko) Chrome/76.0.3809.71 Safari/537.36"
65.154.226.250 - - [07/Aug/2021:06:00:18 +0000] "GET /form_new/css/jquery-ui.css HTTP/1.1" 200 32787 "https://travelsleads.com/form_new/index.php" "Mozilla/5.0 (Windows NT 10.0; Win64; x64) AppleWebKit/537.36 (KHTML, like Gecko) Chrome/76.0.3809.71 Safari/537.36"
65.154.226.250 - - [07/Aug/2021:06:00:18 +0000] "GET /img/15677747982-1.JPG HTTP/1.1" 200 172270 "https://travelsleads.com/" "Mozilla/5.0 (Windows NT 10.0; Win64; x64) AppleWebKit/537.36 (KHTML, like Gecko) Chrome/76.0.3809.71 Safari/537.36"
65.154.226.250 - - [07/Aug/2021:06:00:18 +0000] "GET /form_new/css/bootstrap.css HTTP/1.1" 200 142245 "https://travelsleads.com/form_new/index.php" "Mozilla/5.0 (Windows NT 10.0; Win64; x64) AppleWebKit/537.36 (KHTML, like Gecko) Chrome/76.0.3809.71 Safari/537.36"
65.154.226.250 - - [07/Aug/2021:06:00:18 +0000] "GET /img/15677766845-1.jpg HTTP/1.1" 200 253671 "https://travelsleads.com/" "Mozilla/5.0 (Windows NT 10.0; Win64; x64) AppleWebKit/537.36 (KHTML, like Gecko) Chrome/76.0.3809.71 Safari/537.36"
65.154.226.250 - - [07/Aug/2021:06:00:18 +0000] "GET /form_new/js/jquery.min.js HTTP/1.1" 200 95992 "https://travelsleads.com/form_new/index.php" "Mozilla/5.0 (Windows NT 10.0; Win64; x64) AppleWebKit/537.36 (KHTML, like Gecko) Chrome/76.0.3809.71 Safari/537.36"
65.154.226.250 - - [07/Aug/2021:06:00:18 +0000] "GET /form_new/js/move-top.js HTTP/1.1" 200 1330 "https://travelsleads.com/form_new/index.php" "Mozilla/5.0 (Windows NT 10.0; Win64; x64) AppleWebKit/537.36 (KHTML, like Gecko) Chrome/76.0.3809.71 Safari/537.36"
65.154.226.250 - - [07/Aug/2021:06:00:18 +0000] "GET /form_new/js/easing.js HTTP/1.1" 200 4759 "https://travelsleads.com/form_new/index.php" "Mozilla/5.0 (Windows NT 10.0; Win64; x64) AppleWebKit/537.36 (KHTML, like Gecko) Chrome/76.0.3809.71 Safari/537.36"
65.154.226.250 - - [07/Aug/2021:06:00:18 +0000] "GET /form_new/js/jquery-ui.js HTTP/1.1" 200 450163 "https://travelsleads.com/form_new/index.php" "Mozilla/5.0 (Windows NT 10.0; Win64; x64) AppleWebKit/537.36 (KHTML, like Gecko) Chrome/76.0.3809.71 Safari/537.36"
65.154.226.250 - - [07/Aug/2021:06:00:18 +0000] "GET /img/15677759284-1.jpg HTTP/1.1" 200 332100 "https://travelsleads.com/" "Mozilla/5.0 (Windows NT 10.0; Win64; x64) AppleWebKit/537.36 (KHTML, like Gecko) Chrome/76.0.3809.71 Safari/537.36"
65.154.226.250 - - [07/Aug/2021:06:00:19 +0000] "GET /form_new/js/wickedpicker.js HTTP/1.1" 200 13743 "https://travelsleads.com/form_new/index.php" "Mozilla/5.0 (Windows NT 10.0; Win64; x64) AppleWebKit/537.36 (KHTML, like Gecko) Chrome/76.0.3809.71 Safari/537.36"
65.154.226.250 - - [07/Aug/2021:06:00:19 +0000] "GET /img/1577693739nepal.jfif HTTP/1.1" 200 864766 "https://travelsleads.com/" "Mozilla/5.0 (Windows NT 10.0; Win64; x64) AppleWebKit/537.36 (KHTML, like Gecko) Chrome/76.0.3809.71 Safari/537.36"
65.154.226.250 - - [07/Aug/2021:06:00:19 +0000] "GET /img/15675260463-1.png HTTP/1.1" 200 277799 "https://travelsleads.com/" "Mozilla/5.0 (Windows NT 10.0; Win64; x64) AppleWebKit/537.36 (KHTML, like Gecko) Chrome/76.0.3809.71 Safari/537.36"
65.154.226.250 - - [07/Aug/2021:06:00:19 +0000] "GET /img/1577692896nepal.jpg HTTP/1.1" 200 874558 "https://travelsleads.com/" "Mozilla/5.0 (Windows NT 10.0; Win64; x64) AppleWebKit/537.36 (KHTML, like Gecko) Chrome/76.0.3809.71 Safari/537.36"
65.154.226.250 - - [07/Aug/2021:06:00:19 +0000] "GET /img/1577693110nepal.jpg HTTP/1.1" 200 219034 "https://travelsleads.com/" "Mozilla/5.0 (Windows NT 10.0; Win64; x64) AppleWebKit/537.36 (KHTML, like Gecko) Chrome/76.0.3809.71 Safari/537.36"
65.154.226.250 - - [07/Aug/2021:06:00:19 +0000] "GET /images_new/footer.jpg HTTP/1.1" 200 212463 "https://travelsleads.com/css_new/style.css" "Mozilla/5.0 (Windows NT 10.0; Win64; x64) AppleWebKit/537.36 (KHTML, like Gecko) Chrome/76.0.3809.71 Safari/537.36"
65.154.226.250 - - [07/Aug/2021:06:00:19 +0000] "GET /form_new/images_new/date-icon.png HTTP/1.1" 404 231 "https://travelsleads.com/form_new/css/style.css?v1" "Mozilla/5.0 (Windows NT 10.0; Win64; x64) AppleWebKit/537.36 (KHTML, like Gecko) Chrome/76.0.3809.71 Safari/537.36"
114.119.165.226 - - [07/Aug/2021:06:25:34 +0000] "GET /img/15671651084-1.jpg HTTP/1.1" 200 99054 "-" "Mozilla/5.0 (Linux; Android 7.0;) AppleWebKit/537.36 (KHTML, like Gecko) Mobile Safari/537.36 (compatible; PetalBot;+https://webmaster.petalsearch.com/site/petalbot)"
114.119.165.226 - - [07/Aug/2021:07:21:32 +0000] "GET /package-destination-kuala-lumpur-cameron-highlands-on-request.html HTTP/1.1" 200 33297 "-" "Mozilla/5.0 (Linux; Android 7.0;) AppleWebKit/537.36 (KHTML, like Gecko) Mobile Safari/537.36 (compatible; PetalBot;+https://webmaster.petalsearch.com/site/petalbot)"
66.249.66.32 - - [07/Aug/2021:07:38:12 +0000] "GET /package-penang-orient-kuala-lumpur-on-request.html HTTP/1.1" 200 32011 "-" "Mozilla/5.0 (Linux; Android 6.0.1; Nexus 5X Build/MMB29P) AppleWebKit/537.36 (KHTML, like Gecko) Chrome/92.0.4515.119 Mobile Safari/537.36 (compatible; Googlebot/2.1; +http://www.google.com/bot.html)"
66.249.66.38 - - [07/Aug/2021:07:38:15 +0000] "GET /css_new/mont.css/css?family=Montserrat:400,700 HTTP/1.1" 404 218 "https://travelsleads.com/package-penang-orient-kuala-lumpur-on-request.html" "Mozilla/5.0 (Linux; Android 6.0.1; Nexus 5X Build/MMB29P) AppleWebKit/537.36 (KHTML, like Gecko) Chrome/92.0.4515.119 Mobile Safari/537.36 (compatible; Googlebot/2.1; +http://www.google.com/bot.html)"
173.252.95.25 - - [07/Aug/2021:08:00:24 +0000] "GET /policy.html HTTP/1.1" 200 40506 "-" "facebookexternalhit/1.1 (+http://www.facebook.com/externalhit_uatext.php)"
173.252.107.17 - - [07/Aug/2021:08:00:26 +0000] "GET /policy.html HTTP/1.1" 200 40506 "-" "facebookexternalhit/1.1 (+http://www.facebook.com/externalhit_uatext.php)"
114.119.131.180 - - [07/Aug/2021:08:25:43 +0000] "GET /package-thailand-tour-on-request.html HTTP/1.1" 200 32624 "-" "Mozilla/5.0 (Linux; Android 7.0;) AppleWebKit/537.36 (KHTML, like Gecko) Mobile Safari/537.36 (compatible; PetalBot;+https://webmaster.petalsearch.com/site/petalbot)"
66.249.66.32 - - [07/Aug/2021:09:09:38 +0000] "GET /robots.txt HTTP/1.1" 404 208 "-" "Mozilla/5.0 (compatible; Googlebot/2.1; +http://www.google.com/bot.html)"
66.249.66.38 - - [07/Aug/2021:09:09:39 +0000] "GET /package-darjeeling-tour-package-cost-30400-per-person.html HTTP/1.1" 200 45488 "-" "Mozilla/5.0 (Linux; Android 6.0.1; Nexus 5X Build/MMB29P) AppleWebKit/537.36 (KHTML, like Gecko) Chrome/92.0.4515.119 Mobile Safari/537.36 (compatible; Googlebot/2.1; +http://www.google.com/bot.html)"
114.119.131.180 - - [07/Aug/2021:09:09:42 +0000] "GET /img/15677750783-1.jpg HTTP/1.1" 200 369607 "-" "Mozilla/5.0 (Linux; Android 7.0;) AppleWebKit/537.36 (KHTML, like Gecko) Mobile Safari/537.36 (compatible; PetalBot;+https://webmaster.petalsearch.com/site/petalbot)"
66.249.66.35 - - [07/Aug/2021:09:36:42 +0000] "GET /package-destination-dubai-on-request.html HTTP/1.1" 200 32243 "-" "Mozilla/5.0 (compatible; Googlebot/2.1; +http://www.google.com/bot.html)"
114.119.128.14 - - [07/Aug/2021:09:42:13 +0000] "GET /img/15671666656-1.jpg HTTP/1.1" 200 53075 "-" "Mozilla/5.0 (Linux; Android 7.0;) AppleWebKit/537.36 (KHTML, like Gecko) Mobile Safari/537.36 (compatible; PetalBot;+https://webmaster.petalsearch.com/site/petalbot)"
114.119.165.5 - - [07/Aug/2021:10:03:11 +0000] "GET /img/15675793242-1.webp HTTP/1.1" 200 157650 "-" "Mozilla/5.0 (Linux; Android 7.0;) AppleWebKit/537.36 (KHTML, like Gecko) Mobile Safari/537.36 (compatible; PetalBot;+https://webmaster.petalsearch.com/site/petalbot)"
54.36.149.0 - - [07/Aug/2021:10:11:10 +0000] "GET / HTTP/1.1" 200 41795 "-" "Mozilla/5.0 (compatible; AhrefsBot/7.0; +http://ahrefs.com/robot/)"
114.119.128.253 - - [07/Aug/2021:10:13:41 +0000] "GET /img/15748349291.jpg HTTP/1.1" 200 266420 "-" "Mozilla/5.0 (Linux; Android 7.0;) AppleWebKit/537.36 (KHTML, like Gecko) Mobile Safari/537.36 (compatible; PetalBot;+https://webmaster.petalsearch.com/site/petalbot)"
114.119.158.253 - - [07/Aug/2021:10:23:19 +0000] "GET /img/15675024444-1.jpg HTTP/1.1" 200 201352 "-" "Mozilla/5.0 (Linux; Android 7.0;) AppleWebKit/537.36 (KHTML, like Gecko) Mobile Safari/537.36 (compatible; PetalBot;+https://webmaster.petalsearch.com/site/petalbot)"
114.119.131.180 - - [07/Aug/2021:10:42:56 +0000] "GET /img/15674257995-1.jpg HTTP/1.1" 200 1000045 "-" "Mozilla/5.0 (Linux; Android 7.0;) AppleWebKit/537.36 (KHTML, like Gecko) Mobile Safari/537.36 (compatible; PetalBot;+https://webmaster.petalsearch.com/site/petalbot)"
114.119.158.253 - - [07/Aug/2021:10:53:03 +0000] "GET /package-chandigarh-manali-car-package-cost-16999-per-couple.html HTTP/1.1" 200 34109 "-" "Mozilla/5.0 (Linux; Android 7.0;) AppleWebKit/537.36 (KHTML, like Gecko) Mobile Safari/537.36 (compatible; PetalBot;+https://webmaster.petalsearch.com/site/petalbot)"
114.119.128.253 - - [07/Aug/2021:11:23:16 +0000] "GET /package-tour-special-kerala-on-request.html HTTP/1.1" 200 33713 "-" "Mozilla/5.0 (Linux; Android 7.0;) AppleWebKit/537.36 (KHTML, like Gecko) Mobile Safari/537.36 (compatible; PetalBot;+https://webmaster.petalsearch.com/site/petalbot)"
66.249.66.38 - - [07/Aug/2021:11:32:29 +0000] "GET /package-temple-and-tiger-tour-on-ruquest.html HTTP/1.1" 200 32063 "-" "Mozilla/5.0 (compatible; Googlebot/2.1; +http://www.google.com/bot.html)"
114.119.131.180 - - [07/Aug/2021:11:33:57 +0000] "GET /package-delhi-agra-cost-6844-per-person.html HTTP/1.1" 200 37852 "-" "Mozilla/5.0 (Linux; Android 7.0;) AppleWebKit/537.36 (KHTML, like Gecko) Mobile Safari/537.36 (compatible; PetalBot;+https://webmaster.petalsearch.com/site/petalbot)"
114.119.158.253 - - [07/Aug/2021:11:43:45 +0000] "GET /img/1577693739nepal.jfif HTTP/1.1" 200 864766 "-" "Mozilla/5.0 (Linux; Android 7.0;) AppleWebKit/537.36 (KHTML, like Gecko) Mobile Safari/537.36 (compatible; PetalBot;+https://webmaster.petalsearch.com/site/petalbot)"
95.79.84.116 - - [07/Aug/2021:11:44:02 +0000] "GET / HTTP/1.0" 301 233 "http://travelsleads.com/" "Mozilla/5.0 (Windows NT 6.3; Win64; x64) AppleWebKit/537.36 (KHTML, like Gecko) Chrome/90.0.4430.85 Safari/537.36 Edg/90.0.818.46"
95.79.84.116 - - [07/Aug/2021:11:44:03 +0000] "GET / HTTP/1.0" 200 41795 "https://travelsleads.com/" "Mozilla/5.0 (Windows NT 6.3; Win64; x64) AppleWebKit/537.36 (KHTML, like Gecko) Chrome/90.0.4430.85 Safari/537.36 Edg/90.0.818.46"
95.79.84.116 - - [07/Aug/2021:11:44:04 +0000] "GET /package-amazing-andaman-honeymoon-package-on-request.html HTTP/1.0" 200 40693 "https://travelsleads.com/package-amazing-andaman-honeymoon-package-on-request.html" "Mozilla/5.0 (Windows NT 6.3; Win64; x64) AppleWebKit/537.36 (KHTML, like Gecko) Chrome/90.0.4430.85 Safari/537.36 Edg/90.0.818.46"
114.119.131.180 - - [07/Aug/2021:11:54:29 +0000] "GET /destination-singapore-trip-package.html HTTP/1.1" 200 35321 "-" "Mozilla/5.0 (Linux; Android 7.0;) AppleWebKit/537.36 (KHTML, like Gecko) Mobile Safari/537.36 (compatible; PetalBot;+https://webmaster.petalsearch.com/site/petalbot)"
114.119.131.180 - - [07/Aug/2021:12:04:11 +0000] "GET /img/15674202712-1.jpg HTTP/1.1" 200 998114 "-" "Mozilla/5.0 (Linux; Android 7.0;) AppleWebKit/537.36 (KHTML, like Gecko) Mobile Safari/537.36 (compatible; PetalBot;+https://webmaster.petalsearch.com/site/petalbot)"
114.119.128.253 - - [07/Aug/2021:12:14:11 +0000] "GET /package-alor-grande-holiday-resorts-03-night-cost-15999.html HTTP/1.1" 200 32607 "-" "Mozilla/5.0 (Linux; Android 7.0;) AppleWebKit/537.36 (KHTML, like Gecko) Mobile Safari/537.36 (compatible; PetalBot;+https://webmaster.petalsearch.com/site/petalbot)"
54.36.149.62 - - [07/Aug/2021:12:16:32 +0000] "GET /robots.txt HTTP/1.1" 404 208 "-" "Mozilla/5.0 (compatible; AhrefsBot/7.0; +http://ahrefs.com/robot/)"
54.36.148.215 - - [07/Aug/2021:12:16:34 +0000] "GET / HTTP/1.1" 200 41795 "-" "Mozilla/5.0 (compatible; AhrefsBot/7.0; +http://ahrefs.com/robot/)"
114.119.128.253 - - [07/Aug/2021:12:45:27 +0000] "GET /img/1577692896nepal.jpg HTTP/1.1" 200 874558 "-" "Mozilla/5.0 (Linux; Android 7.0;) AppleWebKit/537.36 (KHTML, like Gecko) Mobile Safari/537.36 (compatible; PetalBot;+https://webmaster.petalsearch.com/site/petalbot)"
114.119.131.180 - - [07/Aug/2021:13:07:11 +0000] "GET /package-delhi-to-shimla-cost-15999-per-couple.html HTTP/1.1" 200 34739 "-" "Mozilla/5.0 (Linux; Android 7.0;) AppleWebKit/537.36 (KHTML, like Gecko) Mobile Safari/537.36 (compatible; PetalBot;+https://webmaster.petalsearch.com/site/petalbot)"
54.149.251.6 - - [07/Aug/2021:13:39:55 +0000] "GET / HTTP/1.1" 200 41795 "-" "Mozilla/5.0 (X11; Linux x86_64) AppleWebKit/537.36 (KHTML, like Gecko) Chrome/83.0.4103.97 Safari/537.36"
34.220.58.206 - - [07/Aug/2021:13:40:26 +0000] "GET /favicon.ico HTTP/1.1" 404 209 "-" "Mozilla/5.0 (X11; Linux x86_64) AppleWebKit/537.36 (KHTML, like Gecko) Chrome/83.0.4103.97 Safari/537.36"
34.220.58.206 - - [07/Aug/2021:13:40:30 +0000] "GET / HTTP/1.1" 200 41795 "-" "Mozilla/5.0 (X11; Linux x86_64) AppleWebKit/537.36 (KHTML, like Gecko) Chrome/83.0.4103.97 Safari/537.36"
54.187.49.134 - - [07/Aug/2021:13:41:05 +0000] "GET / HTTP/1.1" 301 233 "-" "Mozilla/5.0 (X11; Linux x86_64) AppleWebKit/537.36 (KHTML, like Gecko) Chrome/83.0.4103.97 Safari/537.36"
54.187.49.134 - - [07/Aug/2021:13:41:09 +0000] "GET / HTTP/1.1" 200 41795 "-" "Mozilla/5.0 (X11; Linux x86_64) AppleWebKit/537.36 (KHTML, like Gecko) Chrome/83.0.4103.97 Safari/537.36"
54.184.208.83 - - [07/Aug/2021:13:44:51 +0000] "GET / HTTP/1.1" 301 233 "-" "Mozilla/5.0 (X11; Linux x86_64) AppleWebKit/537.36 (KHTML, like Gecko) Chrome/83.0.4103.97 Safari/537.36"
54.201.33.194 - - [07/Aug/2021:13:53:06 +0000] "GET / HTTP/1.1" 200 41795 "-" "Mozilla/5.0 (X11; Linux x86_64) AppleWebKit/537.36 (KHTML, like Gecko) Chrome/83.0.4103.97 Safari/537.36"
66.249.73.92 - - [07/Aug/2021:13:55:20 +0000] "GET /robots.txt HTTP/1.1" 301 243 "-" "Mozilla/5.0 (compatible; Googlebot/2.1; +http://www.google.com/bot.html)"
66.249.73.64 - - [07/Aug/2021:13:55:22 +0000] "GET /robots.txt HTTP/1.1" 404 208 "-" "Mozilla/5.0 (compatible; Googlebot/2.1; +http://www.google.com/bot.html)"
66.249.73.92 - - [07/Aug/2021:13:55:22 +0000] "GET / HTTP/1.1" 301 233 "-" "Mozilla/5.0 (compatible; Googlebot/2.1; +http://www.google.com/bot.html)"
66.249.73.70 - - [07/Aug/2021:13:55:24 +0000] "GET / HTTP/1.1" 200 41795 "-" "Mozilla/5.0 (compatible; Googlebot/2.1; +http://www.google.com/bot.html)"
114.119.128.14 - - [07/Aug/2021:14:09:11 +0000] "GET /img/15676643293-1.jpg HTTP/1.1" 200 306024 "-" "Mozilla/5.0 (Linux; Android 7.0;) AppleWebKit/537.36 (KHTML, like Gecko) Mobile Safari/537.36 (compatible; PetalBot;+https://webmaster.petalsearch.com/site/petalbot)"
50.112.220.205 - - [07/Aug/2021:14:17:42 +0000] "GET / HTTP/1.1" 301 233 "-" "Mozilla/5.0 (X11; Linux x86_64) AppleWebKit/537.36 (KHTML, like Gecko) Chrome/83.0.4103.97 Safari/537.36"
50.112.220.205 - - [07/Aug/2021:14:17:49 +0000] "GET / HTTP/1.1" 200 41795 "-" "Mozilla/5.0 (X11; Linux x86_64) AppleWebKit/537.36 (KHTML, like Gecko) Chrome/83.0.4103.97 Safari/537.36"
54.218.169.163 - - [07/Aug/2021:14:26:49 +0000] "GET /favicon.ico HTTP/1.1" 301 244 "-" "Mozilla/5.0 (X11; Linux x86_64) AppleWebKit/537.36 (KHTML, like Gecko) Chrome/83.0.4103.97 Safari/537.36"
54.218.169.163 - - [07/Aug/2021:14:26:53 +0000] "GET / HTTP/1.1" 301 233 "-" "Mozilla/5.0 (X11; Linux x86_64) AppleWebKit/537.36 (KHTML, like Gecko) Chrome/83.0.4103.97 Safari/537.36"
114.119.128.14 - - [07/Aug/2021:14:29:13 +0000] "GET /img/15672330411-1.jpg HTTP/1.1" 200 1443719 "-" "Mozilla/5.0 (Linux; Android 7.0;) AppleWebKit/537.36 (KHTML, like Gecko) Mobile Safari/537.36 (compatible; PetalBot;+https://webmaster.petalsearch.com/site/petalbot)"
34.212.53.116 - - [07/Aug/2021:14:30:05 +0000] "GET / HTTP/1.1" 301 233 "-" "Mozilla/5.0 (X11; Linux x86_64) AppleWebKit/537.36 (KHTML, like Gecko) Chrome/83.0.4103.97 Safari/537.36"
34.212.53.116 - - [07/Aug/2021:14:30:09 +0000] "GET / HTTP/1.1" 200 41795 "-" "Mozilla/5.0 (X11; Linux x86_64) AppleWebKit/537.36 (KHTML, like Gecko) Chrome/83.0.4103.97 Safari/537.36"
35.160.213.141 - - [07/Aug/2021:14:32:26 +0000] "GET / HTTP/1.1" 301 233 "-" "Mozilla/5.0 (X11; Linux x86_64) AppleWebKit/537.36 (KHTML, like Gecko) Chrome/83.0.4103.97 Safari/537.36"
35.160.213.141 - - [07/Aug/2021:14:32:31 +0000] "GET / HTTP/1.1" 200 41795 "http://travelsleads.com" "Mozilla/5.0 (X11; Linux x86_64) AppleWebKit/537.36 (KHTML, like Gecko) Chrome/83.0.4103.97 Safari/537.36"
54.213.14.1 - - [07/Aug/2021:15:02:48 +0000] "GET / HTTP/1.1" 200 41795 "-" "Mozilla/5.0 (X11; Linux x86_64) AppleWebKit/537.36 (KHTML, like Gecko) Chrome/83.0.4103.97 Safari/537.36"
114.119.128.14 - - [07/Aug/2021:15:31:10 +0000] "GET /img/15672415811-1.jpg HTTP/1.1" 200 1290990 "-" "Mozilla/5.0 (Linux; Android 7.0;) AppleWebKit/537.36 (KHTML, like Gecko) Mobile Safari/537.36 (compatible; PetalBot;+https://webmaster.petalsearch.com/site/petalbot)"
69.171.249.120 - - [07/Aug/2021:15:33:44 +0000] "GET /policy.html HTTP/1.1" 200 40506 "-" "facebookexternalhit/1.1 (+http://www.facebook.com/externalhit_uatext.php)"
114.119.128.253 - - [07/Aug/2021:15:41:29 +0000] "GET /package-best-thailand-on-request.html HTTP/1.1" 200 32620 "-" "Mozilla/5.0 (Linux; Android 7.0;) AppleWebKit/537.36 (KHTML, like Gecko) Mobile Safari/537.36 (compatible; PetalBot;+https://webmaster.petalsearch.com/site/petalbot)"
114.119.128.253 - - [07/Aug/2021:15:52:20 +0000] "GET /package-destination-sri-lanka-on-request.html HTTP/1.1" 200 34204 "-" "Mozilla/5.0 (Linux; Android 7.0;) AppleWebKit/537.36 (KHTML, like Gecko) Mobile Safari/537.36 (compatible; PetalBot;+https://webmaster.petalsearch.com/site/petalbot)"
114.119.158.253 - - [07/Aug/2021:16:01:46 +0000] "GET /img/15674358381-1.jpg HTTP/1.1" 200 116070 "-" "Mozilla/5.0 (Linux; Android 7.0;) AppleWebKit/537.36 (KHTML, like Gecko) Mobile Safari/537.36 (compatible; PetalBot;+https://webmaster.petalsearch.com/site/petalbot)"
114.119.158.253 - - [07/Aug/2021:16:12:04 +0000] "GET /img/15674333604-1.jpg HTTP/1.1" 200 697667 "-" "Mozilla/5.0 (Linux; Android 7.0;) AppleWebKit/537.36 (KHTML, like Gecko) Mobile Safari/537.36 (compatible; PetalBot;+https://webmaster.petalsearch.com/site/petalbot)"
114.119.131.180 - - [07/Aug/2021:16:21:39 +0000] "GET /package-destination-kathmandu-on-request.html HTTP/1.1" 200 34487 "-" "Mozilla/5.0 (Linux; Android 7.0;) AppleWebKit/537.36 (KHTML, like Gecko) Mobile Safari/537.36 (compatible; PetalBot;+https://webmaster.petalsearch.com/site/petalbot)"
114.119.165.5 - - [07/Aug/2021:16:31:02 +0000] "GET /img/15671640353-1.jpg HTTP/1.1" 200 299424 "-" "Mozilla/5.0 (Linux; Android 7.0;) AppleWebKit/537.36 (KHTML, like Gecko) Mobile Safari/537.36 (compatible; PetalBot;+https://webmaster.petalsearch.com/site/petalbot)"
