114.119.159.232 - - [02/Sep/2021:08:31:18 +0000] "GET /package-trip-of-sri-lanka-%7C-06-nts-07-day-on-request.html HTTP/1.1" 200 33347 "-" "Mozilla/5.0 (Linux; Android 7.0;) AppleWebKit/537.36 (KHTML, like Gecko) Mobile Safari/537.36 (compatible; PetalBot;+https://webmaster.petalsearch.com/site/petalbot)"
54.36.148.219 - - [02/Sep/2021:08:35:40 +0000] "GET /package-khajuraho-temple-with-tiger-on-request.html HTTP/1.1" 200 32078 "-" "Mozilla/5.0 (compatible; AhrefsBot/7.0; +http://ahrefs.com/robot/)"
114.119.139.172 - - [02/Sep/2021:08:49:18 +0000] "GET /package-north-east-package-manas-national-park-cost-13510-per-person.html HTTP/1.1" 200 36907 "-" "Mozilla/5.0 (Linux; Android 7.0;) AppleWebKit/537.36 (KHTML, like Gecko) Mobile Safari/537.36 (compatible; PetalBot;+https://webmaster.petalsearch.com/site/petalbot)"
40.77.167.67 - - [02/Sep/2021:09:34:07 +0000] "GET /package-thailand-holiday-package-on-request.html HTTP/1.1" 200 31845 "-" "Mozilla/5.0 (compatible; bingbot/2.0; +http://www.bing.com/bingbot.htm)"
69.171.249.2 - - [02/Sep/2021:09:39:01 +0000] "GET /policy.html HTTP/1.1" 200 40506 "-" "facebookexternalhit/1.1 (+http://www.facebook.com/externalhit_uatext.php)"
69.171.249.19 - - [02/Sep/2021:09:39:06 +0000] "GET /policy.html HTTP/1.1" 200 40506 "-" "facebookexternalhit/1.1 (+http://www.facebook.com/externalhit_uatext.php)"
157.55.39.167 - - [02/Sep/2021:10:00:06 +0000] "GET / HTTP/1.1" 200 41795 "-" "Mozilla/5.0 (compatible; bingbot/2.0; +http://www.bing.com/bingbot.htm)"
100.21.218.158 - - [02/Sep/2021:11:06:19 +0000] "GET / HTTP/1.1" 301 233 "-" "Mozilla/5.0 (X11; Ubuntu; Linux x86_64; rv:82.0) Gecko/20100101 Firefox/82.0"
100.21.218.158 - - [02/Sep/2021:11:06:20 +0000] "GET / HTTP/1.1" 200 41795 "http://travelsleads.com" "Mozilla/5.0 (X11; Ubuntu; Linux x86_64; rv:82.0) Gecko/20100101 Firefox/82.0"
100.21.218.158 - - [02/Sep/2021:11:06:21 +0000] "GET /robots.txt HTTP/1.1" 301 243 "-" "Mozilla/5.0 (X11; Ubuntu; Linux x86_64; rv:82.0) Gecko/20100101 Firefox/82.0"
100.21.218.158 - - [02/Sep/2021:11:06:21 +0000] "GET /favicon.ico HTTP/1.1" 301 244 "-" "Mozilla/5.0 (X11; Ubuntu; Linux x86_64; rv:82.0) Gecko/20100101 Firefox/82.0"
100.21.218.158 - - [02/Sep/2021:11:06:22 +0000] "GET /favicon.ico HTTP/1.1" 404 209 "http://travelsleads.com/favicon.ico" "Mozilla/5.0 (X11; Ubuntu; Linux x86_64; rv:82.0) Gecko/20100101 Firefox/82.0"
100.21.218.158 - - [02/Sep/2021:11:06:22 +0000] "GET /robots.txt HTTP/1.1" 404 208 "http://travelsleads.com/robots.txt" "Mozilla/5.0 (X11; Ubuntu; Linux x86_64; rv:82.0) Gecko/20100101 Firefox/82.0"
185.160.67.20 - - [02/Sep/2021:12:27:25 +0000] "GET /wp-login.php HTTP/1.1" 301 245 "-" "Mozilla/5.0 (X11; Ubuntu; Linux x86_64; rv:62.0) Gecko/20100101 Firefox/62.0"
185.160.67.20 - - [02/Sep/2021:12:27:25 +0000] "GET /wp-login.php HTTP/1.1" 301 245 "-" "Mozilla/5.0 (X11; Ubuntu; Linux x86_64; rv:62.0) Gecko/20100101 Firefox/62.0"
185.160.67.20 - - [02/Sep/2021:12:27:25 +0000] "GET /wp-login.php HTTP/1.1" 301 245 "-" "Mozilla/5.0 (X11; Ubuntu; Linux x86_64; rv:62.0) Gecko/20100101 Firefox/62.0"
185.160.67.20 - - [02/Sep/2021:12:27:25 +0000] "GET /wp-login.php HTTP/1.1" 301 245 "-" "Mozilla/5.0 (X11; Ubuntu; Linux x86_64; rv:62.0) Gecko/20100101 Firefox/62.0"
185.160.67.20 - - [02/Sep/2021:12:27:25 +0000] "GET /wp-login.php HTTP/1.1" 301 245 "-" "Mozilla/5.0 (X11; Ubuntu; Linux x86_64; rv:62.0) Gecko/20100101 Firefox/62.0"
185.160.67.20 - - [02/Sep/2021:12:27:25 +0000] "GET /wp-login.php HTTP/1.1" 301 245 "-" "Mozilla/5.0 (X11; Ubuntu; Linux x86_64; rv:62.0) Gecko/20100101 Firefox/62.0"
185.160.67.20 - - [02/Sep/2021:12:27:25 +0000] "GET /wp-login.php HTTP/1.1" 301 245 "-" "Mozilla/5.0 (X11; Ubuntu; Linux x86_64; rv:62.0) Gecko/20100101 Firefox/62.0"
185.160.67.20 - - [02/Sep/2021:12:27:25 +0000] "GET /wp-login.php HTTP/1.1" 301 245 "-" "Mozilla/5.0 (X11; Ubuntu; Linux x86_64; rv:62.0) Gecko/20100101 Firefox/62.0"
185.160.67.20 - - [02/Sep/2021:12:27:26 +0000] "GET /wp-login.php HTTP/1.1" 404 210 "http://travelsleads.com/wp-login.php" "Mozilla/5.0 (X11; Ubuntu; Linux x86_64; rv:62.0) Gecko/20100101 Firefox/62.0"
185.160.67.20 - - [02/Sep/2021:12:27:26 +0000] "GET /wp-login.php HTTP/1.1" 404 210 "http://travelsleads.com/wp-login.php" "Mozilla/5.0 (X11; Ubuntu; Linux x86_64; rv:62.0) Gecko/20100101 Firefox/62.0"
185.160.67.20 - - [02/Sep/2021:12:27:26 +0000] "GET /wp-login.php HTTP/1.1" 404 210 "http://travelsleads.com/wp-login.php" "Mozilla/5.0 (X11; Ubuntu; Linux x86_64; rv:62.0) Gecko/20100101 Firefox/62.0"
185.160.67.20 - - [02/Sep/2021:12:27:26 +0000] "GET /wp-login.php HTTP/1.1" 404 210 "http://travelsleads.com/wp-login.php" "Mozilla/5.0 (X11; Ubuntu; Linux x86_64; rv:62.0) Gecko/20100101 Firefox/62.0"
185.160.67.20 - - [02/Sep/2021:12:27:26 +0000] "GET /wp-login.php HTTP/1.1" 404 210 "http://travelsleads.com/wp-login.php" "Mozilla/5.0 (X11; Ubuntu; Linux x86_64; rv:62.0) Gecko/20100101 Firefox/62.0"
185.160.67.20 - - [02/Sep/2021:12:27:26 +0000] "GET /wp-login.php HTTP/1.1" 404 210 "http://travelsleads.com/wp-login.php" "Mozilla/5.0 (X11; Ubuntu; Linux x86_64; rv:62.0) Gecko/20100101 Firefox/62.0"
185.160.67.20 - - [02/Sep/2021:12:27:26 +0000] "GET /wp-login.php HTTP/1.1" 404 210 "http://travelsleads.com/wp-login.php" "Mozilla/5.0 (X11; Ubuntu; Linux x86_64; rv:62.0) Gecko/20100101 Firefox/62.0"
185.160.67.20 - - [02/Sep/2021:12:27:26 +0000] "GET /wp-login.php HTTP/1.1" 404 210 "http://travelsleads.com/wp-login.php" "Mozilla/5.0 (X11; Ubuntu; Linux x86_64; rv:62.0) Gecko/20100101 Firefox/62.0"
156.67.218.117 - - [02/Sep/2021:12:28:05 +0000] "GET /wp-login.php HTTP/1.1" 301 245 "-" "Mozilla/5.0 (X11; Ubuntu; Linux x86_64; rv:62.0) Gecko/20100101 Firefox/62.0"
156.67.218.117 - - [02/Sep/2021:12:28:05 +0000] "GET /wp-login.php HTTP/1.1" 301 245 "-" "Mozilla/5.0 (X11; Ubuntu; Linux x86_64; rv:62.0) Gecko/20100101 Firefox/62.0"
156.67.218.117 - - [02/Sep/2021:12:28:05 +0000] "GET /wp-login.php HTTP/1.1" 301 245 "-" "Mozilla/5.0 (X11; Ubuntu; Linux x86_64; rv:62.0) Gecko/20100101 Firefox/62.0"
156.67.218.117 - - [02/Sep/2021:12:28:06 +0000] "GET /wp-login.php HTTP/1.1" 301 245 "-" "Mozilla/5.0 (X11; Ubuntu; Linux x86_64; rv:62.0) Gecko/20100101 Firefox/62.0"
156.67.218.117 - - [02/Sep/2021:12:28:06 +0000] "GET /wp-login.php HTTP/1.1" 301 245 "-" "Mozilla/5.0 (X11; Ubuntu; Linux x86_64; rv:62.0) Gecko/20100101 Firefox/62.0"
156.67.218.117 - - [02/Sep/2021:12:28:06 +0000] "GET /wp-login.php HTTP/1.1" 301 245 "-" "Mozilla/5.0 (X11; Ubuntu; Linux x86_64; rv:62.0) Gecko/20100101 Firefox/62.0"
156.67.218.117 - - [02/Sep/2021:12:28:06 +0000] "GET /wp-login.php HTTP/1.1" 301 245 "-" "Mozilla/5.0 (X11; Ubuntu; Linux x86_64; rv:62.0) Gecko/20100101 Firefox/62.0"
156.67.218.117 - - [02/Sep/2021:12:28:06 +0000] "GET /wp-login.php HTTP/1.1" 301 245 "-" "Mozilla/5.0 (X11; Ubuntu; Linux x86_64; rv:62.0) Gecko/20100101 Firefox/62.0"
156.67.218.117 - - [02/Sep/2021:12:28:06 +0000] "GET /wp-login.php HTTP/1.1" 404 210 "http://travelsleads.com/wp-login.php" "Mozilla/5.0 (X11; Ubuntu; Linux x86_64; rv:62.0) Gecko/20100101 Firefox/62.0"
156.67.218.117 - - [02/Sep/2021:12:28:06 +0000] "GET /wp-login.php HTTP/1.1" 404 210 "http://travelsleads.com/wp-login.php" "Mozilla/5.0 (X11; Ubuntu; Linux x86_64; rv:62.0) Gecko/20100101 Firefox/62.0"
156.67.218.117 - - [02/Sep/2021:12:28:06 +0000] "GET /wp-login.php HTTP/1.1" 404 210 "http://travelsleads.com/wp-login.php" "Mozilla/5.0 (X11; Ubuntu; Linux x86_64; rv:62.0) Gecko/20100101 Firefox/62.0"
156.67.218.117 - - [02/Sep/2021:12:28:07 +0000] "GET /wp-login.php HTTP/1.1" 404 210 "http://travelsleads.com/wp-login.php" "Mozilla/5.0 (X11; Ubuntu; Linux x86_64; rv:62.0) Gecko/20100101 Firefox/62.0"
156.67.218.117 - - [02/Sep/2021:12:28:07 +0000] "GET /wp-login.php HTTP/1.1" 404 210 "http://travelsleads.com/wp-login.php" "Mozilla/5.0 (X11; Ubuntu; Linux x86_64; rv:62.0) Gecko/20100101 Firefox/62.0"
156.67.218.117 - - [02/Sep/2021:12:28:07 +0000] "GET /wp-login.php HTTP/1.1" 404 210 "http://travelsleads.com/wp-login.php" "Mozilla/5.0 (X11; Ubuntu; Linux x86_64; rv:62.0) Gecko/20100101 Firefox/62.0"
156.67.218.117 - - [02/Sep/2021:12:28:07 +0000] "GET /wp-login.php HTTP/1.1" 404 210 "http://travelsleads.com/wp-login.php" "Mozilla/5.0 (X11; Ubuntu; Linux x86_64; rv:62.0) Gecko/20100101 Firefox/62.0"
156.67.218.117 - - [02/Sep/2021:12:28:07 +0000] "GET /wp-login.php HTTP/1.1" 404 210 "http://travelsleads.com/wp-login.php" "Mozilla/5.0 (X11; Ubuntu; Linux x86_64; rv:62.0) Gecko/20100101 Firefox/62.0"
31.13.127.34 - - [02/Sep/2021:13:04:15 +0000] "GET /policy.html HTTP/1.1" 200 40506 "-" "facebookexternalhit/1.1 (+http://www.facebook.com/externalhit_uatext.php)"
207.46.13.92 - - [02/Sep/2021:13:15:08 +0000] "GET /package-delhi-manali-car-package-cost-20999-per-couple.html HTTP/1.1" 200 33912 "-" "Mozilla/5.0 (compatible; bingbot/2.0; +http://www.bing.com/bingbot.htm)"
54.149.14.90 - - [02/Sep/2021:13:30:38 +0000] "GET / HTTP/1.1" 200 41795 "-" "Mozilla/5.0 (X11; Linux x86_64) AppleWebKit/537.36 (KHTML, like Gecko) Chrome/83.0.4103.97 Safari/537.36"
207.46.13.125 - - [02/Sep/2021:15:03:49 +0000] "GET /img/15748468842.jpg HTTP/1.1" 200 381214 "-" "Mozilla/5.0 (compatible; bingbot/2.0; +http://www.bing.com/bingbot.htm)"
40.77.167.18 - - [02/Sep/2021:15:54:04 +0000] "GET /package-singapore-malaysia-package-on-request.html HTTP/1.1" 200 33283 "-" "Mozilla/5.0 (compatible; bingbot/2.0; +http://www.bing.com/bingbot.htm)"
157.55.39.167 - - [02/Sep/2021:16:12:32 +0000] "GET / HTTP/1.1" 301 233 "-" "Mozilla/5.0 (compatible; bingbot/2.0; +http://www.bing.com/bingbot.htm)"
114.119.159.216 - - [02/Sep/2021:16:38:25 +0000] "GET /package-kerala-package-tour-on-request.html HTTP/1.1" 200 34051 "-" "Mozilla/5.0 (Linux; Android 7.0;) AppleWebKit/537.36 (KHTML, like Gecko) Mobile Safari/537.36 (compatible; PetalBot;+https://webmaster.petalsearch.com/site/petalbot)"
114.119.159.20 - - [02/Sep/2021:16:50:53 +0000] "GET /package-singapore-fun-tours-on-request.html HTTP/1.1" 200 32894 "-" "Mozilla/5.0 (Linux; Android 7.0;) AppleWebKit/537.36 (KHTML, like Gecko) Mobile Safari/537.36 (compatible; PetalBot;+https://webmaster.petalsearch.com/site/petalbot)"
54.36.148.102 - - [02/Sep/2021:17:15:16 +0000] "GET / HTTP/1.1" 200 41795 "-" "Mozilla/5.0 (compatible; AhrefsBot/7.0; +http://ahrefs.com/robot/)"
114.119.159.19 - - [02/Sep/2021:17:35:39 +0000] "GET /package-bali-family-getaway-land-only-on-request.html HTTP/1.1" 200 34226 "-" "Mozilla/5.0 (Linux; Android 7.0;) AppleWebKit/537.36 (KHTML, like Gecko) Mobile Safari/537.36 (compatible; PetalBot;+https://webmaster.petalsearch.com/site/petalbot)"
114.119.159.232 - - [02/Sep/2021:17:50:09 +0000] "GET /nepal-tour-packages-package.html HTTP/1.1" 200 35464 "-" "Mozilla/5.0 (Linux; Android 7.0;) AppleWebKit/537.36 (KHTML, like Gecko) Mobile Safari/537.36 (compatible; PetalBot;+https://webmaster.petalsearch.com/site/petalbot)"
173.252.107.8 - - [02/Sep/2021:18:02:50 +0000] "GET /policy.html HTTP/1.1" 200 40506 "-" "facebookexternalhit/1.1 (+http://www.facebook.com/externalhit_uatext.php)"
35.164.39.19 - - [02/Sep/2021:18:27:23 +0000] "GET / HTTP/1.1" 301 233 "-" "Mozilla/5.0 (Macintosh; Intel Mac OS X 10_13_6) AppleWebKit/537.36 (KHTML, like Gecko) Chrome/74.0.3694.0 Safari/537.36 Chrome-Lighthouse"
35.164.39.19 - - [02/Sep/2021:18:27:24 +0000] "GET / HTTP/1.1" 200 41795 "-" "Mozilla/5.0 (Macintosh; Intel Mac OS X 10_13_6) AppleWebKit/537.36 (KHTML, like Gecko) Chrome/74.0.3694.0 Safari/537.36 Chrome-Lighthouse"
35.164.39.19 - - [02/Sep/2021:18:27:25 +0000] "GET /css_new/bootstrap.css HTTP/1.1" 200 121251 "https://travelsleads.com/" "Mozilla/5.0 (Macintosh; Intel Mac OS X 10_13_6) AppleWebKit/537.36 (KHTML, like Gecko) Chrome/74.0.3694.0 Safari/537.36 Chrome-Lighthouse"
35.164.39.19 - - [02/Sep/2021:18:27:25 +0000] "GET /css_new/style.css HTTP/1.1" 200 61631 "https://travelsleads.com/" "Mozilla/5.0 (Macintosh; Intel Mac OS X 10_13_6) AppleWebKit/537.36 (KHTML, like Gecko) Chrome/74.0.3694.0 Safari/537.36 Chrome-Lighthouse"
35.164.39.19 - - [02/Sep/2021:18:27:25 +0000] "GET /css_new/font-awesome-4.7.0/css/font-awesome.min.css HTTP/1.1" 404 249 "https://travelsleads.com/" "Mozilla/5.0 (Macintosh; Intel Mac OS X 10_13_6) AppleWebKit/537.36 (KHTML, like Gecko) Chrome/74.0.3694.0 Safari/537.36 Chrome-Lighthouse"
35.164.39.19 - - [02/Sep/2021:18:27:25 +0000] "GET /css_new/animate.css HTTP/1.1" 200 68760 "https://travelsleads.com/" "Mozilla/5.0 (Macintosh; Intel Mac OS X 10_13_6) AppleWebKit/537.36 (KHTML, like Gecko) Chrome/74.0.3694.0 Safari/537.36 Chrome-Lighthouse"
35.164.39.19 - - [02/Sep/2021:18:27:25 +0000] "GET /css_new/mont.css?family=Montserrat:400,700 HTTP/1.1" 200 3664 "https://travelsleads.com/" "Mozilla/5.0 (Macintosh; Intel Mac OS X 10_13_6) AppleWebKit/537.36 (KHTML, like Gecko) Chrome/74.0.3694.0 Safari/537.36 Chrome-Lighthouse"
35.164.39.19 - - [02/Sep/2021:18:27:25 +0000] "GET /js_new/login.js HTTP/1.1" 200 1160 "https://travelsleads.com/" "Mozilla/5.0 (Macintosh; Intel Mac OS X 10_13_6) AppleWebKit/537.36 (KHTML, like Gecko) Chrome/74.0.3694.0 Safari/537.36 Chrome-Lighthouse"
35.164.39.19 - - [02/Sep/2021:18:27:25 +0000] "GET /js_new/jquery.easydropdown.js HTTP/1.1" 200 12390 "https://travelsleads.com/" "Mozilla/5.0 (Macintosh; Intel Mac OS X 10_13_6) AppleWebKit/537.36 (KHTML, like Gecko) Chrome/74.0.3694.0 Safari/537.36 Chrome-Lighthouse"
35.164.39.19 - - [02/Sep/2021:18:27:26 +0000] "GET /js_new/wow.min.js HTTP/1.1" 200 4776 "https://travelsleads.com/" "Mozilla/5.0 (Macintosh; Intel Mac OS X 10_13_6) AppleWebKit/537.36 (KHTML, like Gecko) Chrome/74.0.3694.0 Safari/537.36 Chrome-Lighthouse"
35.164.39.19 - - [02/Sep/2021:18:27:26 +0000] "GET /images_new/logo.png HTTP/1.1" 200 36069 "https://travelsleads.com/" "Mozilla/5.0 (Macintosh; Intel Mac OS X 10_13_6) AppleWebKit/537.36 (KHTML, like Gecko) Chrome/74.0.3694.0 Safari/537.36 Chrome-Lighthouse"
35.164.39.19 - - [02/Sep/2021:18:27:26 +0000] "GET /images_new/nav.png HTTP/1.1" 200 2881 "https://travelsleads.com/" "Mozilla/5.0 (Macintosh; Intel Mac OS X 10_13_6) AppleWebKit/537.36 (KHTML, like Gecko) Chrome/74.0.3694.0 Safari/537.36 Chrome-Lighthouse"
35.164.39.19 - - [02/Sep/2021:18:27:25 +0000] "GET /js_new/jquery-1.11.1.min.js HTTP/1.1" 200 95786 "https://travelsleads.com/" "Mozilla/5.0 (Macintosh; Intel Mac OS X 10_13_6) AppleWebKit/537.36 (KHTML, like Gecko) Chrome/74.0.3694.0 Safari/537.36 Chrome-Lighthouse"
35.164.39.19 - - [02/Sep/2021:18:27:26 +0000] "GET /js_new/responsive-nav.js HTTP/1.1" 200 1268 "https://travelsleads.com/" "Mozilla/5.0 (Macintosh; Intel Mac OS X 10_13_6) AppleWebKit/537.36 (KHTML, like Gecko) Chrome/74.0.3694.0 Safari/537.36 Chrome-Lighthouse"
35.164.39.19 - - [02/Sep/2021:18:27:26 +0000] "GET /images/656e84e.jpg HTTP/1.1" 200 87284 "https://travelsleads.com/" "Mozilla/5.0 (Macintosh; Intel Mac OS X 10_13_6) AppleWebKit/537.36 (KHTML, like Gecko) Chrome/74.0.3694.0 Safari/537.36 Chrome-Lighthouse"
35.164.39.19 - - [02/Sep/2021:18:27:26 +0000] "GET /images/tour-and-travel.jpg HTTP/1.1" 200 320106 "https://travelsleads.com/" "Mozilla/5.0 (Macintosh; Intel Mac OS X 10_13_6) AppleWebKit/537.36 (KHTML, like Gecko) Chrome/74.0.3694.0 Safari/537.36 Chrome-Lighthouse"
35.164.39.19 - - [02/Sep/2021:18:27:26 +0000] "GET /img/1565470876a1.jpg HTTP/1.1" 200 33187 "https://travelsleads.com/" "Mozilla/5.0 (Macintosh; Intel Mac OS X 10_13_6) AppleWebKit/537.36 (KHTML, like Gecko) Chrome/74.0.3694.0 Safari/537.36 Chrome-Lighthouse"
35.164.39.19 - - [02/Sep/2021:18:27:26 +0000] "GET /img/1565471054a6.jpg HTTP/1.1" 200 34216 "https://travelsleads.com/" "Mozilla/5.0 (Macintosh; Intel Mac OS X 10_13_6) AppleWebKit/537.36 (KHTML, like Gecko) Chrome/74.0.3694.0 Safari/537.36 Chrome-Lighthouse"
35.164.39.19 - - [02/Sep/2021:18:27:26 +0000] "GET /img/1565470845a2.jpg HTTP/1.1" 200 36403 "https://travelsleads.com/" "Mozilla/5.0 (Macintosh; Intel Mac OS X 10_13_6) AppleWebKit/537.36 (KHTML, like Gecko) Chrome/74.0.3694.0 Safari/537.36 Chrome-Lighthouse"
35.164.39.19 - - [02/Sep/2021:18:27:26 +0000] "GET /images/banner.jpg HTTP/1.1" 200 469630 "https://travelsleads.com/" "Mozilla/5.0 (Macintosh; Intel Mac OS X 10_13_6) AppleWebKit/537.36 (KHTML, like Gecko) Chrome/74.0.3694.0 Safari/537.36 Chrome-Lighthouse"
35.164.39.19 - - [02/Sep/2021:18:27:26 +0000] "GET /form_new/index.php HTTP/1.1" 200 8596 "https://travelsleads.com/" "Mozilla/5.0 (Macintosh; Intel Mac OS X 10_13_6) AppleWebKit/537.36 (KHTML, like Gecko) Chrome/74.0.3694.0 Safari/537.36 Chrome-Lighthouse"
35.164.39.19 - - [02/Sep/2021:18:27:26 +0000] "GET /img/1566288705download.jpg HTTP/1.1" 200 4359 "https://travelsleads.com/" "Mozilla/5.0 (Macintosh; Intel Mac OS X 10_13_6) AppleWebKit/537.36 (KHTML, like Gecko) Chrome/74.0.3694.0 Safari/537.36 Chrome-Lighthouse"
35.164.39.19 - - [02/Sep/2021:18:27:26 +0000] "GET /img/156648791011-512.png HTTP/1.1" 404 222 "https://travelsleads.com/" "Mozilla/5.0 (Macintosh; Intel Mac OS X 10_13_6) AppleWebKit/537.36 (KHTML, like Gecko) Chrome/74.0.3694.0 Safari/537.36 Chrome-Lighthouse"
35.164.39.19 - - [02/Sep/2021:18:27:26 +0000] "GET /img/1565470985a3.jpg HTTP/1.1" 200 35247 "https://travelsleads.com/" "Mozilla/5.0 (Macintosh; Intel Mac OS X 10_13_6) AppleWebKit/537.36 (KHTML, like Gecko) Chrome/74.0.3694.0 Safari/537.36 Chrome-Lighthouse"
35.164.39.19 - - [02/Sep/2021:18:27:27 +0000] "GET /form_new/css/wickedpicker.css HTTP/1.1" 200 3105 "https://travelsleads.com/form_new/index.php" "Mozilla/5.0 (Macintosh; Intel Mac OS X 10_13_6) AppleWebKit/537.36 (KHTML, like Gecko) Chrome/74.0.3694.0 Safari/537.36 Chrome-Lighthouse"
35.164.39.19 - - [02/Sep/2021:18:27:27 +0000] "GET /form_new/css/jquery-ui.css HTTP/1.1" 200 32787 "https://travelsleads.com/form_new/index.php" "Mozilla/5.0 (Macintosh; Intel Mac OS X 10_13_6) AppleWebKit/537.36 (KHTML, like Gecko) Chrome/74.0.3694.0 Safari/537.36 Chrome-Lighthouse"
35.164.39.19 - - [02/Sep/2021:18:27:27 +0000] "GET /form_new/css/style.css?v1 HTTP/1.1" 200 6915 "https://travelsleads.com/form_new/index.php" "Mozilla/5.0 (Macintosh; Intel Mac OS X 10_13_6) AppleWebKit/537.36 (KHTML, like Gecko) Chrome/74.0.3694.0 Safari/537.36 Chrome-Lighthouse"
35.164.39.19 - - [02/Sep/2021:18:27:27 +0000] "GET /form_new/js/jquery.min.js HTTP/1.1" 200 95992 "https://travelsleads.com/form_new/index.php" "Mozilla/5.0 (Macintosh; Intel Mac OS X 10_13_6) AppleWebKit/537.36 (KHTML, like Gecko) Chrome/74.0.3694.0 Safari/537.36 Chrome-Lighthouse"
35.164.39.19 - - [02/Sep/2021:18:27:27 +0000] "GET /form_new/js/move-top.js HTTP/1.1" 200 1330 "https://travelsleads.com/form_new/index.php" "Mozilla/5.0 (Macintosh; Intel Mac OS X 10_13_6) AppleWebKit/537.36 (KHTML, like Gecko) Chrome/74.0.3694.0 Safari/537.36 Chrome-Lighthouse"
35.164.39.19 - - [02/Sep/2021:18:27:27 +0000] "GET /form_new/css/bootstrap.css HTTP/1.1" 200 142245 "https://travelsleads.com/form_new/index.php" "Mozilla/5.0 (Macintosh; Intel Mac OS X 10_13_6) AppleWebKit/537.36 (KHTML, like Gecko) Chrome/74.0.3694.0 Safari/537.36 Chrome-Lighthouse"
35.164.39.19 - - [02/Sep/2021:18:27:27 +0000] "GET /form_new/js/easing.js HTTP/1.1" 200 4759 "https://travelsleads.com/form_new/index.php" "Mozilla/5.0 (Macintosh; Intel Mac OS X 10_13_6) AppleWebKit/537.36 (KHTML, like Gecko) Chrome/74.0.3694.0 Safari/537.36 Chrome-Lighthouse"
35.164.39.19 - - [02/Sep/2021:18:27:27 +0000] "GET /form_new/js/wickedpicker.js HTTP/1.1" 200 13743 "https://travelsleads.com/form_new/index.php" "Mozilla/5.0 (Macintosh; Intel Mac OS X 10_13_6) AppleWebKit/537.36 (KHTML, like Gecko) Chrome/74.0.3694.0 Safari/537.36 Chrome-Lighthouse"
35.164.39.19 - - [02/Sep/2021:18:27:27 +0000] "GET /form_new/js/jquery-ui.js HTTP/1.1" 200 450163 "https://travelsleads.com/form_new/index.php" "Mozilla/5.0 (Macintosh; Intel Mac OS X 10_13_6) AppleWebKit/537.36 (KHTML, like Gecko) Chrome/74.0.3694.0 Safari/537.36 Chrome-Lighthouse"
35.164.39.19 - - [02/Sep/2021:18:27:27 +0000] "GET /img/15677766845-1.jpg HTTP/1.1" 200 253671 "https://travelsleads.com/" "Mozilla/5.0 (Macintosh; Intel Mac OS X 10_13_6) AppleWebKit/537.36 (KHTML, like Gecko) Chrome/74.0.3694.0 Safari/537.36 Chrome-Lighthouse"
35.164.39.19 - - [02/Sep/2021:18:27:27 +0000] "GET /img/15677759284-1.jpg HTTP/1.1" 200 332100 "https://travelsleads.com/" "Mozilla/5.0 (Macintosh; Intel Mac OS X 10_13_6) AppleWebKit/537.36 (KHTML, like Gecko) Chrome/74.0.3694.0 Safari/537.36 Chrome-Lighthouse"
35.164.39.19 - - [02/Sep/2021:18:27:27 +0000] "GET /img/15677750783-1.jpg HTTP/1.1" 200 369607 "https://travelsleads.com/" "Mozilla/5.0 (Macintosh; Intel Mac OS X 10_13_6) AppleWebKit/537.36 (KHTML, like Gecko) Chrome/74.0.3694.0 Safari/537.36 Chrome-Lighthouse"
35.164.39.19 - - [02/Sep/2021:18:27:27 +0000] "GET /img/1577692896nepal.jpg HTTP/1.1" 200 874558 "https://travelsleads.com/" "Mozilla/5.0 (Macintosh; Intel Mac OS X 10_13_6) AppleWebKit/537.36 (KHTML, like Gecko) Chrome/74.0.3694.0 Safari/537.36 Chrome-Lighthouse"
35.164.39.19 - - [02/Sep/2021:18:27:27 +0000] "GET /img/15677747982-1.JPG HTTP/1.1" 200 172270 "https://travelsleads.com/" "Mozilla/5.0 (Macintosh; Intel Mac OS X 10_13_6) AppleWebKit/537.36 (KHTML, like Gecko) Chrome/74.0.3694.0 Safari/537.36 Chrome-Lighthouse"
35.164.39.19 - - [02/Sep/2021:18:27:27 +0000] "GET /form_new/images_new/date-icon.png HTTP/1.1" 404 231 "https://travelsleads.com/form_new/css/style.css?v1" "Mozilla/5.0 (Macintosh; Intel Mac OS X 10_13_6) AppleWebKit/537.36 (KHTML, like Gecko) Chrome/74.0.3694.0 Safari/537.36 Chrome-Lighthouse"
35.164.39.19 - - [02/Sep/2021:18:27:27 +0000] "GET /img/1577693739nepal.jfif HTTP/1.1" 200 864766 "https://travelsleads.com/" "Mozilla/5.0 (Macintosh; Intel Mac OS X 10_13_6) AppleWebKit/537.36 (KHTML, like Gecko) Chrome/74.0.3694.0 Safari/537.36 Chrome-Lighthouse"
35.164.39.19 - - [02/Sep/2021:18:27:27 +0000] "GET /img/15675260463-1.png HTTP/1.1" 200 277799 "https://travelsleads.com/" "Mozilla/5.0 (Macintosh; Intel Mac OS X 10_13_6) AppleWebKit/537.36 (KHTML, like Gecko) Chrome/74.0.3694.0 Safari/537.36 Chrome-Lighthouse"
35.164.39.19 - - [02/Sep/2021:18:27:28 +0000] "GET /img/1577693110nepal.jpg HTTP/1.1" 200 219034 "https://travelsleads.com/" "Mozilla/5.0 (Macintosh; Intel Mac OS X 10_13_6) AppleWebKit/537.36 (KHTML, like Gecko) Chrome/74.0.3694.0 Safari/537.36 Chrome-Lighthouse"
35.164.39.19 - - [02/Sep/2021:18:27:28 +0000] "GET /images_new/search.png HTTP/1.1" 404 219 "https://travelsleads.com/css_new/style.css" "Mozilla/5.0 (Macintosh; Intel Mac OS X 10_13_6) AppleWebKit/537.36 (KHTML, like Gecko) Chrome/74.0.3694.0 Safari/537.36 Chrome-Lighthouse"
35.164.39.19 - - [02/Sep/2021:18:27:28 +0000] "GET /images_new/img-sprite.png HTTP/1.1" 200 26716 "https://travelsleads.com/css_new/style.css" "Mozilla/5.0 (Macintosh; Intel Mac OS X 10_13_6) AppleWebKit/537.36 (KHTML, like Gecko) Chrome/74.0.3694.0 Safari/537.36 Chrome-Lighthouse"
35.164.39.19 - - [02/Sep/2021:18:27:28 +0000] "GET /images_new/footer.jpg HTTP/1.1" 200 212463 "https://travelsleads.com/css_new/style.css" "Mozilla/5.0 (Macintosh; Intel Mac OS X 10_13_6) AppleWebKit/537.36 (KHTML, like Gecko) Chrome/74.0.3694.0 Safari/537.36 Chrome-Lighthouse"
35.164.39.19 - - [02/Sep/2021:18:27:29 +0000] "GET /css_new/font-awesome-4.7.0/css/font-awesome.min.css HTTP/1.1" 404 249 "https://travelsleads.com/" "Mozilla/5.0 (Macintosh; Intel Mac OS X 10_13_6) AppleWebKit/537.36 (KHTML, like Gecko) Chrome/74.0.3694.0 Safari/537.36 Chrome-Lighthouse"
35.164.39.19 - - [02/Sep/2021:18:27:33 +0000] "GET /form_new/images_new/arrow.png HTTP/1.1" 404 227 "https://travelsleads.com/form_new/css/style.css?v1" "Mozilla/5.0 (Macintosh; Intel Mac OS X 10_13_6) AppleWebKit/537.36 (KHTML, like Gecko) Chrome/74.0.3694.0 Safari/537.36 Chrome-Lighthouse"
35.164.39.19 - - [02/Sep/2021:18:27:35 +0000] "GET /robots.txt HTTP/1.1" 404 208 "https://travelsleads.com/" "Mozilla/5.0 (Macintosh; Intel Mac OS X 10_13_6) AppleWebKit/537.36 (KHTML, like Gecko) Chrome/74.0.3694.0 Safari/537.36 Chrome-Lighthouse"
35.164.39.19 - - [02/Sep/2021:18:27:36 +0000] "GET /asset-manifest.json HTTP/1.1" 404 217 "https://travelsleads.com/" "Mozilla/5.0 (Macintosh; Intel Mac OS X 10_13_6) AppleWebKit/537.36 (KHTML, like Gecko) Chrome/74.0.3694.0 Safari/537.36 Chrome-Lighthouse"
66.249.68.59 - - [02/Sep/2021:18:34:02 +0000] "GET /package-destination-sri-lanka-on-request.html HTTP/1.1" 200 34204 "-" "Mozilla/5.0 (Linux; Android 6.0.1; Nexus 5X Build/MMB29P) AppleWebKit/537.36 (KHTML, like Gecko) Chrome/92.0.4515.119 Mobile Safari/537.36 (compatible; Googlebot/2.1; +http://www.google.com/bot.html)"
66.249.68.55 - - [02/Sep/2021:18:34:25 +0000] "GET /css_new/mont.css/css?family=Montserrat:400,700 HTTP/1.1" 404 218 "https://travelsleads.com/package-destination-sri-lanka-on-request.html" "Mozilla/5.0 (Linux; Android 6.0.1; Nexus 5X Build/MMB29P) AppleWebKit/537.36 (KHTML, like Gecko) Chrome/92.0.4515.119 Mobile Safari/537.36 (compatible; Googlebot/2.1; +http://www.google.com/bot.html)"
157.55.39.167 - - [02/Sep/2021:19:22:32 +0000] "GET / HTTP/1.1" 200 41795 "-" "Mozilla/5.0 (compatible; bingbot/2.0; +http://www.bing.com/bingbot.htm)"
54.36.148.212 - - [02/Sep/2021:19:38:42 +0000] "GET /robots.txt HTTP/1.1" 404 208 "-" "Mozilla/5.0 (compatible; AhrefsBot/7.0; +http://ahrefs.com/robot/)"
54.36.148.60 - - [02/Sep/2021:19:38:44 +0000] "GET / HTTP/1.1" 200 41795 "-" "Mozilla/5.0 (compatible; AhrefsBot/7.0; +http://ahrefs.com/robot/)"
157.55.39.169 - - [02/Sep/2021:19:55:40 +0000] "GET /robots.txt HTTP/1.1" 404 208 "-" "Mozilla/5.0 (compatible; bingbot/2.0; +http://www.bing.com/bingbot.htm)"
157.55.39.169 - - [02/Sep/2021:19:55:41 +0000] "GET /robots.txt HTTP/1.1" 404 208 "-" "Mozilla/5.0 (compatible; bingbot/2.0; +http://www.bing.com/bingbot.htm)"
40.77.167.67 - - [02/Sep/2021:19:55:48 +0000] "GET /package-destination-kuala-lumpur-cameron-highlands-on-request.html HTTP/1.1" 200 33297 "-" "Mozilla/5.0 (compatible; bingbot/2.0; +http://www.bing.com/bingbot.htm)"
40.77.167.29 - - [02/Sep/2021:19:58:43 +0000] "GET /gujarat-packages-package.html HTTP/1.1" 200 35172 "-" "Mozilla/5.0 (compatible; bingbot/2.0; +http://www.bing.com/bingbot.htm)"
173.252.83.24 - - [02/Sep/2021:20:13:29 +0000] "GET /policy.html HTTP/1.1" 200 40506 "-" "facebookexternalhit/1.1 (+http://www.facebook.com/externalhit_uatext.php)"
66.249.68.57 - - [02/Sep/2021:20:18:18 +0000] "GET /robots.txt HTTP/1.1" 404 208 "-" "Mozilla/5.0 (compatible; Googlebot/2.1; +http://www.google.com/bot.html)"
66.249.68.57 - - [02/Sep/2021:20:18:19 +0000] "GET /package-delhi-mussoorie-corbett-nainital-on-request.html HTTP/1.1" 200 33930 "-" "Mozilla/5.0 (Linux; Android 6.0.1; Nexus 5X Build/MMB29P) AppleWebKit/537.36 (KHTML, like Gecko) Chrome/92.0.4515.119 Mobile Safari/537.36 (compatible; Googlebot/2.1; +http://www.google.com/bot.html)"
75.119.129.90 - - [02/Sep/2021:20:21:13 +0000] "GET / HTTP/1.1" 200 41795 "-" "Mozilla/5.0 (Windows NT 10.0; Win64; x64) AppleWebKit/537.36 (KHTML, like Gecko) Chrome/91.0.4472.77 Safari/537.36"
185.220.100.245 - - [02/Sep/2021:20:33:42 +0000] "GET /.git/config HTTP/1.1" 404 209 "-" "Go-http-client/1.1"
23.129.64.134 - - [02/Sep/2021:20:33:43 +0000] "GET /.git/config HTTP/1.1" 301 244 "-" "Go-http-client/1.1"
199.249.230.186 - - [02/Sep/2021:20:33:46 +0000] "GET /.git/config HTTP/1.1" 404 209 "http://travelsleads.com/.git/config" "Go-http-client/1.1"
66.220.149.8 - - [02/Sep/2021:21:04:01 +0000] "GET /policy.html HTTP/1.1" 200 40506 "-" "facebookexternalhit/1.1 (+http://www.facebook.com/externalhit_uatext.php)"
137.226.113.44 - - [02/Sep/2021:21:14:21 +0000] "GET / HTTP/1.1" 200 41795 "-" "Mozilla/5.0 (X11; Linux x86_64; rv:84.0) Gecko/20100101 Firefox/84.0"
114.119.159.197 - - [02/Sep/2021:21:56:53 +0000] "GET /package-thailand-holiday-package-on-request.html HTTP/1.1" 200 31845 "-" "Mozilla/5.0 (Linux; Android 7.0;) AppleWebKit/537.36 (KHTML, like Gecko) Mobile Safari/537.36 (compatible; PetalBot;+https://webmaster.petalsearch.com/site/petalbot)"
114.119.159.208 - - [02/Sep/2021:22:09:34 +0000] "GET /package-meraden-la-oasis-goa-03night-cost-19999.html HTTP/1.1" 200 33538 "-" "Mozilla/5.0 (Linux; Android 7.0;) AppleWebKit/537.36 (KHTML, like Gecko) Mobile Safari/537.36 (compatible; PetalBot;+https://webmaster.petalsearch.com/site/petalbot)"
114.119.159.19 - - [02/Sep/2021:22:21:45 +0000] "GET /package-best-honeymoon-destination-in-kashmir-on-request.html HTTP/1.1" 200 32100 "-" "Mozilla/5.0 (Linux; Android 7.0;) AppleWebKit/537.36 (KHTML, like Gecko) Mobile Safari/537.36 (compatible; PetalBot;+https://webmaster.petalsearch.com/site/petalbot)"
91.219.60.108 - - [02/Sep/2021:22:34:02 +0000] "GET /wp-login.php HTTP/1.1" 301 245 "-" "Mozilla/5.0 (X11; Ubuntu; Linux x86_64; rv:62.0) Gecko/20100101 Firefox/62.0"
91.219.60.108 - - [02/Sep/2021:22:34:02 +0000] "GET /wp-login.php HTTP/1.1" 404 210 "http://www.travelsleads.com/wp-login.php" "Mozilla/5.0 (X11; Ubuntu; Linux x86_64; rv:62.0) Gecko/20100101 Firefox/62.0"
198.27.82.45 - - [02/Sep/2021:22:34:26 +0000] "GET /wp-login.php HTTP/1.1" 301 245 "-" "Mozilla/5.0 (X11; Ubuntu; Linux x86_64; rv:62.0) Gecko/20100101 Firefox/62.0"
198.27.82.45 - - [02/Sep/2021:22:34:27 +0000] "GET /wp-login.php HTTP/1.1" 404 210 "http://www.travelsleads.com/wp-login.php" "Mozilla/5.0 (X11; Ubuntu; Linux x86_64; rv:62.0) Gecko/20100101 Firefox/62.0"
207.46.13.97 - - [02/Sep/2021:23:06:47 +0000] "GET /package-statue-of-unity-tour-on-request.html HTTP/1.1" 200 33092 "-" "Mozilla/5.0 (compatible; bingbot/2.0; +http://www.bing.com/bingbot.htm)"
114.119.159.20 - - [02/Sep/2021:23:40:10 +0000] "GET /package-jainism-tour-to-shikhar-ji-and-rajgir-on-request.html HTTP/1.1" 200 34950 "-" "Mozilla/5.0 (Linux; Android 7.0;) AppleWebKit/537.36 (KHTML, like Gecko) Mobile Safari/537.36 (compatible; PetalBot;+https://webmaster.petalsearch.com/site/petalbot)"
31.13.127.119 - - [03/Sep/2021:00:11:43 +0000] "GET /policy.html HTTP/1.1" 200 40506 "-" "facebookexternalhit/1.1 (+http://www.facebook.com/externalhit_uatext.php)"
114.119.159.228 - - [03/Sep/2021:01:05:08 +0000] "GET /destination-malaysia-tour-package.html HTTP/1.1" 200 33532 "-" "Mozilla/5.0 (Linux; Android 7.0;) AppleWebKit/537.36 (KHTML, like Gecko) Mobile Safari/537.36 (compatible; PetalBot;+https://webmaster.petalsearch.com/site/petalbot)"
157.55.39.105 - - [03/Sep/2021:01:34:54 +0000] "GET /robots.txt HTTP/1.1" 301 243 "-" "Mozilla/5.0 (compatible; bingbot/2.0; +http://www.bing.com/bingbot.htm)"
157.55.39.105 - - [03/Sep/2021:01:34:55 +0000] "GET /robots.txt HTTP/1.1" 404 208 "-" "Mozilla/5.0 (compatible; bingbot/2.0; +http://www.bing.com/bingbot.htm)"
157.55.39.167 - - [03/Sep/2021:01:34:57 +0000] "GET / HTTP/1.1" 301 233 "-" "Mozilla/5.0 (compatible; bingbot/2.0; +http://www.bing.com/bingbot.htm)"
207.46.13.97 - - [03/Sep/2021:01:40:22 +0000] "GET /package-agra-ajmer-pushkar-delhi-cost-13295-per-person.html HTTP/1.1" 200 39242 "-" "Mozilla/5.0 (compatible; bingbot/2.0; +http://www.bing.com/bingbot.htm)"
114.119.159.197 - - [03/Sep/2021:01:48:17 +0000] "GET /package-delhi-manali-car-package-cost-20999-per-couple.html HTTP/1.1" 200 33912 "-" "Mozilla/5.0 (Linux; Android 7.0;) AppleWebKit/537.36 (KHTML, like Gecko) Mobile Safari/537.36 (compatible; PetalBot;+https://webmaster.petalsearch.com/site/petalbot)"
144.86.173.131 - - [03/Sep/2021:01:49:21 +0000] "GET / HTTP/1.1" 200 41795 "-" "Expanse, a Palo Alto Networks company, searches across the global IPv4 space multiple times per day to identify customers' presences on the Internet. If you would like to be excluded from our scans, please send IP addresses/domains to: scaninfo@paloaltonetworks.com"
114.119.159.228 - - [03/Sep/2021:03:45:45 +0000] "GET /package-varanasi-allahabad-on-request.html HTTP/1.1" 200 32649 "-" "Mozilla/5.0 (Linux; Android 7.0;) AppleWebKit/537.36 (KHTML, like Gecko) Mobile Safari/537.36 (compatible; PetalBot;+https://webmaster.petalsearch.com/site/petalbot)"
114.119.159.20 - - [03/Sep/2021:04:04:35 +0000] "GET /robots.txt HTTP/1.1" 404 208 "-" "Mozilla/5.0 (compatible;PetalBot;+https://webmaster.petalsearch.com/site/petalbot)"
66.249.68.55 - - [03/Sep/2021:04:04:59 +0000] "GET /package-darjeeling-2nt-%7C-gangtok-2-nt-cost-14000-per-person.html HTTP/1.1" 200 42350 "-" "Mozilla/5.0 (Linux; Android 6.0.1; Nexus 5X Build/MMB29P) AppleWebKit/537.36 (KHTML, like Gecko) Chrome/92.0.4515.119 Mobile Safari/537.36 (compatible; Googlebot/2.1; +http://www.google.com/bot.html)"
114.119.159.228 - - [03/Sep/2021:04:19:41 +0000] "GET /hotel.php HTTP/1.1" 200 29556 "-" "Mozilla/5.0 (Linux; Android 7.0;) AppleWebKit/537.36 (KHTML, like Gecko) Mobile Safari/537.36 (compatible; PetalBot;+https://webmaster.petalsearch.com/site/petalbot)"
114.119.139.172 - - [03/Sep/2021:04:33:11 +0000] "GET /aboutus.html HTTP/1.1" 200 32085 "-" "Mozilla/5.0 (Linux; Android 7.0;) AppleWebKit/537.36 (KHTML, like Gecko) Mobile Safari/537.36 (compatible; PetalBot;+https://webmaster.petalsearch.com/site/petalbot)"
157.55.39.167 - - [03/Sep/2021:04:44:37 +0000] "GET / HTTP/1.1" 200 41795 "-" "Mozilla/5.0 (compatible; bingbot/2.0; +http://www.bing.com/bingbot.htm)"
114.119.159.19 - - [03/Sep/2021:04:46:36 +0000] "GET /package-alor-grande-holiday-resorts-03-night-cost-15999.html HTTP/1.1" 200 32607 "-" "Mozilla/5.0 (Linux; Android 7.0;) AppleWebKit/537.36 (KHTML, like Gecko) Mobile Safari/537.36 (compatible; PetalBot;+https://webmaster.petalsearch.com/site/petalbot)"
66.249.68.57 - - [03/Sep/2021:04:58:19 +0000] "GET /package-delhi-mussoorie-corbett-nainital-on-request.html HTTP/1.1" 200 33930 "-" "Mozilla/5.0 (Linux; Android 6.0.1; Nexus 5X Build/MMB29P) AppleWebKit/537.36 (KHTML, like Gecko) Chrome/92.0.4515.119 Mobile Safari/537.36 (compatible; Googlebot/2.1; +http://www.google.com/bot.html)"
66.249.68.55 - - [03/Sep/2021:04:58:27 +0000] "GET /js_new/wow.min.js HTTP/1.1" 200 4776 "https://travelsleads.com/package-delhi-mussoorie-corbett-nainital-on-request.html" "Mozilla/5.0 (Linux; Android 6.0.1; Nexus 5X Build/MMB29P) AppleWebKit/537.36 (KHTML, like Gecko) Chrome/92.0.4515.119 Mobile Safari/537.36 (compatible; Googlebot/2.1; +http://www.google.com/bot.html)"
66.249.68.55 - - [03/Sep/2021:04:58:27 +0000] "GET /css_new/mont.css/css?family=Montserrat:400,700 HTTP/1.1" 404 218 "https://travelsleads.com/package-delhi-mussoorie-corbett-nainital-on-request.html" "Mozilla/5.0 (Linux; Android 6.0.1; Nexus 5X Build/MMB29P) AppleWebKit/537.36 (KHTML, like Gecko) Chrome/92.0.4515.119 Mobile Safari/537.36 (compatible; Googlebot/2.1; +http://www.google.com/bot.html)"
114.119.159.216 - - [03/Sep/2021:05:00:12 +0000] "GET /destination-thailand-package.html HTTP/1.1" 200 35318 "-" "Mozilla/5.0 (Linux; Android 7.0;) AppleWebKit/537.36 (KHTML, like Gecko) Mobile Safari/537.36 (compatible; PetalBot;+https://webmaster.petalsearch.com/site/petalbot)"
114.119.159.216 - - [03/Sep/2021:05:13:37 +0000] "GET /goa-package.html HTTP/1.1" 200 34546 "-" "Mozilla/5.0 (Linux; Android 7.0;) AppleWebKit/537.36 (KHTML, like Gecko) Mobile Safari/537.36 (compatible; PetalBot;+https://webmaster.petalsearch.com/site/petalbot)"
168.119.1.119 - - [03/Sep/2021:05:24:40 +0000] "GET /wp-login.php HTTP/1.1" 301 245 "-" "Mozilla/5.0 (X11; Ubuntu; Linux x86_64; rv:62.0) Gecko/20100101 Firefox/62.0"
168.119.1.119 - - [03/Sep/2021:05:24:40 +0000] "GET /wp-login.php HTTP/1.1" 404 210 "http://travelsleads.com/wp-login.php" "Mozilla/5.0 (X11; Ubuntu; Linux x86_64; rv:62.0) Gecko/20100101 Firefox/62.0"
114.119.159.216 - - [03/Sep/2021:05:43:17 +0000] "GET /package-delhi-nainital-kasouni-corbett-on-request.html HTTP/1.1" 200 32393 "-" "Mozilla/5.0 (Linux; Android 7.0;) AppleWebKit/537.36 (KHTML, like Gecko) Mobile Safari/537.36 (compatible; PetalBot;+https://webmaster.petalsearch.com/site/petalbot)"
114.119.159.19 - - [03/Sep/2021:06:21:54 +0000] "GET /package-statue-of-unity-tour-on-request.html HTTP/1.1" 200 33092 "-" "Mozilla/5.0 (Linux; Android 7.0;) AppleWebKit/537.36 (KHTML, like Gecko) Mobile Safari/537.36 (compatible; PetalBot;+https://webmaster.petalsearch.com/site/petalbot)"
31.13.127.34 - - [03/Sep/2021:06:47:48 +0000] "GET /policy.html HTTP/1.1" 200 40506 "-" "facebookexternalhit/1.1 (+http://www.facebook.com/externalhit_uatext.php)"
66.220.149.8 - - [03/Sep/2021:07:49:54 +0000] "GET /policy.html HTTP/1.1" 200 40506 "-" "facebookexternalhit/1.1 (+http://www.facebook.com/externalhit_uatext.php)"
173.252.111.12 - - [03/Sep/2021:07:51:19 +0000] "GET /policy.html HTTP/1.1" 200 40506 "-" "facebookexternalhit/1.1 (+http://www.facebook.com/externalhit_uatext.php)"
114.119.159.232 - - [03/Sep/2021:09:28:11 +0000] "GET /career.html HTTP/1.1" 200 30732 "-" "Mozilla/5.0 (Linux; Android 7.0;) AppleWebKit/537.36 (KHTML, like Gecko) Mobile Safari/537.36 (compatible; PetalBot;+https://webmaster.petalsearch.com/site/petalbot)"
114.119.159.19 - - [03/Sep/2021:09:59:46 +0000] "GET /package-glimpse-of-andaman-trip-on-request.html HTTP/1.1" 200 42620 "-" "Mozilla/5.0 (Linux; Android 7.0;) AppleWebKit/537.36 (KHTML, like Gecko) Mobile Safari/537.36 (compatible; PetalBot;+https://webmaster.petalsearch.com/site/petalbot)"
114.119.139.172 - - [03/Sep/2021:10:11:38 +0000] "GET /package-darjeeling-2nt-%7C-gangtok-2-nt-cost-14000-per-person.html HTTP/1.1" 200 42350 "-" "Mozilla/5.0 (Linux; Android 7.0;) AppleWebKit/537.36 (KHTML, like Gecko) Mobile Safari/537.36 (compatible; PetalBot;+https://webmaster.petalsearch.com/site/petalbot)"
54.36.148.84 - - [03/Sep/2021:10:21:14 +0000] "GET /robots.txt HTTP/1.1" 404 208 "-" "Mozilla/5.0 (compatible; AhrefsBot/7.0; +http://ahrefs.com/robot/)"
54.36.148.96 - - [03/Sep/2021:10:21:15 +0000] "GET / HTTP/1.1" 200 41795 "-" "Mozilla/5.0 (compatible; AhrefsBot/7.0; +http://ahrefs.com/robot/)"
114.119.159.232 - - [03/Sep/2021:10:22:29 +0000] "GET /jammu-and-kashmir-packages-package.html HTTP/1.1" 200 35396 "-" "Mozilla/5.0 (Linux; Android 7.0;) AppleWebKit/537.36 (KHTML, like Gecko) Mobile Safari/537.36 (compatible; PetalBot;+https://webmaster.petalsearch.com/site/petalbot)"
173.252.95.17 - - [03/Sep/2021:10:37:54 +0000] "GET /policy.html HTTP/1.1" 200 40506 "-" "facebookexternalhit/1.1 (+http://www.facebook.com/externalhit_uatext.php)"
114.119.159.20 - - [03/Sep/2021:11:22:21 +0000] "GET /package-magical-andamans-honeymoon-package-on-request.html HTTP/1.1" 200 43609 "-" "Mozilla/5.0 (Linux; Android 7.0;) AppleWebKit/537.36 (KHTML, like Gecko) Mobile Safari/537.36 (compatible; PetalBot;+https://webmaster.petalsearch.com/site/petalbot)"
157.55.39.167 - - [03/Sep/2021:11:23:55 +0000] "GET / HTTP/1.1" 301 233 "-" "Mozilla/5.0 (compatible; bingbot/2.0; +http://www.bing.com/bingbot.htm)"
114.119.159.228 - - [03/Sep/2021:12:29:02 +0000] "GET /package-north-east-package-kaziranga-national-park-cost-9920-per-person.html HTTP/1.1" 200 38725 "-" "Mozilla/5.0 (Linux; Android 7.0;) AppleWebKit/537.36 (KHTML, like Gecko) Mobile Safari/537.36 (compatible; PetalBot;+https://webmaster.petalsearch.com/site/petalbot)"
31.13.127.7 - - [03/Sep/2021:12:55:38 +0000] "GET /policy.html HTTP/1.1" 200 40506 "-" "facebookexternalhit/1.1 (+http://www.facebook.com/externalhit_uatext.php)"
66.249.70.102 - - [03/Sep/2021:12:58:19 +0000] "GET /robots.txt HTTP/1.1" 404 208 "-" "Mozilla/5.0 (compatible; Googlebot/2.1; +http://www.google.com/bot.html)"
66.249.70.99 - - [03/Sep/2021:12:58:20 +0000] "GET /package-delhi-mussoorie-corbett-nainital-on-request.html HTTP/1.1" 200 33930 "-" "Mozilla/5.0 (Linux; Android 6.0.1; Nexus 5X Build/MMB29P) AppleWebKit/537.36 (KHTML, like Gecko) Chrome/92.0.4515.119 Mobile Safari/537.36 (compatible; Googlebot/2.1; +http://www.google.com/bot.html)"
69.171.249.6 - - [03/Sep/2021:13:05:11 +0000] "GET /policy.html HTTP/1.1" 200 40506 "-" "facebookexternalhit/1.1 (+http://www.facebook.com/externalhit_uatext.php)"
54.188.10.108 - - [03/Sep/2021:13:40:14 +0000] "GET / HTTP/1.1" 200 41795 "-" "Mozilla/5.0 (X11; Linux x86_64) AppleWebKit/537.36 (KHTML, like Gecko) Chrome/83.0.4103.97 Safari/537.36"
34.211.82.101 - - [03/Sep/2021:13:40:32 +0000] "GET /favicon.ico HTTP/1.1" 404 209 "-" "Mozilla/5.0 (X11; Linux x86_64) AppleWebKit/537.36 (KHTML, like Gecko) Chrome/83.0.4103.97 Safari/537.36"
34.211.82.101 - - [03/Sep/2021:13:40:35 +0000] "GET / HTTP/1.1" 200 41795 "-" "Mozilla/5.0 (X11; Linux x86_64) AppleWebKit/537.36 (KHTML, like Gecko) Chrome/83.0.4103.97 Safari/537.36"
66.249.70.96 - - [03/Sep/2021:14:06:53 +0000] "GET /package-delhi-mussoorie-corbett-nainital-on-request.html HTTP/1.1" 200 33930 "-" "Mozilla/5.0 (compatible; Googlebot/2.1; +http://www.google.com/bot.html)"
66.249.70.96 - - [03/Sep/2021:14:06:57 +0000] "GET /css_new/mont.css/css?family=Montserrat:400,700 HTTP/1.1" 404 218 "https://travelsleads.com/package-delhi-mussoorie-corbett-nainital-on-request.html" "Mozilla/5.0 AppleWebKit/537.36 (KHTML, like Gecko; compatible; Googlebot/2.1; +http://www.google.com/bot.html) Chrome/92.0.4515.119 Safari/537.36"
157.55.39.167 - - [03/Sep/2021:14:32:14 +0000] "GET / HTTP/1.1" 200 41795 "-" "Mozilla/5.0 (compatible; bingbot/2.0; +http://www.bing.com/bingbot.htm)"
69.171.251.21 - - [03/Sep/2021:15:59:18 +0000] "GET /policy.html HTTP/1.1" 200 40506 "-" "facebookexternalhit/1.1 (+http://www.facebook.com/externalhit_uatext.php)"
114.119.139.172 - - [03/Sep/2021:16:53:18 +0000] "GET /package-rajkot-tour-on-request.html HTTP/1.1" 200 32509 "-" "Mozilla/5.0 (Linux; Android 7.0;) AppleWebKit/537.36 (KHTML, like Gecko) Mobile Safari/537.36 (compatible; PetalBot;+https://webmaster.petalsearch.com/site/petalbot)"
113.211.208.4 - - [03/Sep/2021:16:54:16 +0000] "GET /img/15674372183-1.jpg HTTP/1.1" 200 150213 "https://www.google.com/" "Mozilla/5.0 (Windows NT 10.0; Win64; x64) AppleWebKit/537.36 (KHTML, like Gecko) Chrome/93.0.4577.63 Safari/537.36"
203.137.115.113 - - [03/Sep/2021:16:54:31 +0000] "GET /wp-login.php HTTP/1.1" 301 245 "-" "Mozilla/5.0 (X11; Ubuntu; Linux x86_64; rv:62.0) Gecko/20100101 Firefox/62.0"
203.137.115.113 - - [03/Sep/2021:16:54:32 +0000] "GET /wp-login.php HTTP/1.1" 404 210 "http://travelsleads.com/wp-login.php" "Mozilla/5.0 (X11; Ubuntu; Linux x86_64; rv:62.0) Gecko/20100101 Firefox/62.0"
54.36.148.204 - - [03/Sep/2021:17:30:19 +0000] "GET / HTTP/1.1" 200 41795 "-" "Mozilla/5.0 (compatible; AhrefsBot/7.0; +http://ahrefs.com/robot/)"
144.86.173.83 - - [03/Sep/2021:18:18:01 +0000] "GET / HTTP/1.1" 301 233 "-" "Expanse, a Palo Alto Networks company, searches across the global IPv4 space multiple times per day to identify customers' presences on the Internet. If you would like to be excluded from our scans, please send IP addresses/domains to: scaninfo@paloaltonetworks.com"
114.119.159.234 - - [03/Sep/2021:18:57:03 +0000] "GET /package-amazing-north-east-package-cost-9680-per-person.html HTTP/1.1" 200 39681 "-" "Mozilla/5.0 (Linux; Android 7.0;) AppleWebKit/537.36 (KHTML, like Gecko) Mobile Safari/537.36 (compatible; PetalBot;+https://webmaster.petalsearch.com/site/petalbot)"
114.119.159.197 - - [03/Sep/2021:19:12:15 +0000] "GET /package-penang-orient-kuala-lumpur-on-request.html HTTP/1.1" 200 32011 "-" "Mozilla/5.0 (Linux; Android 7.0;) AppleWebKit/537.36 (KHTML, like Gecko) Mobile Safari/537.36 (compatible; PetalBot;+https://webmaster.petalsearch.com/site/petalbot)"
54.36.148.153 - - [03/Sep/2021:19:27:54 +0000] "GET / HTTP/1.1" 200 41795 "-" "Mozilla/5.0 (compatible; AhrefsBot/7.0; +http://ahrefs.com/robot/)"
66.220.149.117 - - [03/Sep/2021:19:55:28 +0000] "GET /policy.html HTTP/1.1" 200 40506 "-" "facebookexternalhit/1.1 (+http://www.facebook.com/externalhit_uatext.php)"
157.55.39.167 - - [03/Sep/2021:20:45:11 +0000] "GET / HTTP/1.1" 301 233 "-" "Mozilla/5.0 (compatible; bingbot/2.0; +http://www.bing.com/bingbot.htm)"
114.119.159.19 - - [03/Sep/2021:21:02:20 +0000] "GET /package-shimla-manali-car-package-cost-25999-per-couple.html HTTP/1.1" 200 34775 "-" "Mozilla/5.0 (Linux; Android 7.0;) AppleWebKit/537.36 (KHTML, like Gecko) Mobile Safari/537.36 (compatible; PetalBot;+https://webmaster.petalsearch.com/site/petalbot)"
114.119.159.232 - - [03/Sep/2021:21:02:21 +0000] "GET /package-shimla-manali-car-package-cost-25999-per-couple.html HTTP/1.1" 200 34775 "-" "Mozilla/5.0 (Linux; Android 7.0;) AppleWebKit/537.36 (KHTML, like Gecko) Mobile Safari/537.36 (compatible; PetalBot;+https://webmaster.petalsearch.com/site/petalbot)"
72.200.103.220 - - [03/Sep/2021:21:07:45 +0000] "GET / HTTP/1.1" 301 233 "-" "colly - https://github.com/gocolly/colly/v2"
72.200.103.220 - - [03/Sep/2021:21:07:47 +0000] "GET / HTTP/1.1" 200 41795 "http://travelsleads.com" "colly - https://github.com/gocolly/colly/v2"
114.119.159.234 - - [03/Sep/2021:21:27:57 +0000] "GET /package-mauritius-and-unlimited-romance-on-request.html HTTP/1.1" 200 32553 "-" "Mozilla/5.0 (Linux; Android 7.0;) AppleWebKit/537.36 (KHTML, like Gecko) Mobile Safari/537.36 (compatible; PetalBot;+https://webmaster.petalsearch.com/site/petalbot)"
106.53.83.56 - - [03/Sep/2021:21:48:13 +0000] "GET / HTTP/1.1" 301 233 "-" "Mozilla/5.0 (compatible; ThinkChaos/0.3.0; +In_the_test_phase,_if_the_ThinkChaos_brings_you_trouble,_please_add_disallow_to_the_robots.txt._Thank_you.)"
106.53.83.56 - - [03/Sep/2021:21:48:17 +0000] "GET / HTTP/1.1" 200 41795 "http://www.travelsleads.com" "Mozilla/5.0 (compatible; ThinkChaos/0.3.0; +In_the_test_phase,_if_the_ThinkChaos_brings_you_trouble,_please_add_disallow_to_the_robots.txt._Thank_you.)"
114.119.159.20 - - [03/Sep/2021:22:18:50 +0000] "GET /andaman-packages-package.html HTTP/1.1" 200 35561 "-" "Mozilla/5.0 (Linux; Android 7.0;) AppleWebKit/537.36 (KHTML, like Gecko) Mobile Safari/537.36 (compatible; PetalBot;+https://webmaster.petalsearch.com/site/petalbot)"
207.46.13.113 - - [03/Sep/2021:22:19:12 +0000] "GET /package-best-of-bali-on-request.html HTTP/1.1" 200 34381 "-" "Mozilla/5.0 (compatible; bingbot/2.0; +http://www.bing.com/bingbot.htm)"
5.181.235.74 - - [03/Sep/2021:22:51:17 +0000] "GET / HTTP/1.1" 301 233 "-" "Mozilla/5.0 (Windows NT 10.0; Win64; x64) AppleWebKit/537.36 (KHTML, like Gecko) Chrome/88.0.4240.193 Safari/537.36"
5.181.235.74 - - [03/Sep/2021:22:51:19 +0000] "GET / HTTP/1.1" 200 41795 "-" "Mozilla/5.0 (Windows NT 10.0; Win64; x64) AppleWebKit/537.36 (KHTML, like Gecko) Chrome/88.0.4240.193 Safari/537.36"
5.181.235.74 - - [03/Sep/2021:22:51:20 +0000] "GET //wp-includes/wlwmanifest.xml HTTP/1.1" 404 225 "-" "Mozilla/5.0 (Windows NT 10.0; Win64; x64) AppleWebKit/537.36 (KHTML, like Gecko) Chrome/88.0.4240.193 Safari/537.36"
5.181.235.74 - - [03/Sep/2021:22:51:20 +0000] "GET //xmlrpc.php?rsd HTTP/1.1" 404 208 "-" "Mozilla/5.0 (Windows NT 10.0; Win64; x64) AppleWebKit/537.36 (KHTML, like Gecko) Chrome/88.0.4240.193 Safari/537.36"
5.181.235.74 - - [03/Sep/2021:22:51:20 +0000] "GET / HTTP/1.1" 200 41795 "-" "Mozilla/5.0 (Windows NT 10.0; Win64; x64) AppleWebKit/537.36 (KHTML, like Gecko) Chrome/88.0.4240.193 Safari/537.36"
5.181.235.74 - - [03/Sep/2021:22:51:21 +0000] "GET //blog/wp-includes/wlwmanifest.xml HTTP/1.1" 404 230 "-" "Mozilla/5.0 (Windows NT 10.0; Win64; x64) AppleWebKit/537.36 (KHTML, like Gecko) Chrome/88.0.4240.193 Safari/537.36"
5.181.235.74 - - [03/Sep/2021:22:51:21 +0000] "GET //web/wp-includes/wlwmanifest.xml HTTP/1.1" 404 229 "-" "Mozilla/5.0 (Windows NT 10.0; Win64; x64) AppleWebKit/537.36 (KHTML, like Gecko) Chrome/88.0.4240.193 Safari/537.36"
5.181.235.74 - - [03/Sep/2021:22:51:21 +0000] "GET //wordpress/wp-includes/wlwmanifest.xml HTTP/1.1" 404 235 "-" "Mozilla/5.0 (Windows NT 10.0; Win64; x64) AppleWebKit/537.36 (KHTML, like Gecko) Chrome/88.0.4240.193 Safari/537.36"
5.181.235.74 - - [03/Sep/2021:22:51:21 +0000] "GET //website/wp-includes/wlwmanifest.xml HTTP/1.1" 404 233 "-" "Mozilla/5.0 (Windows NT 10.0; Win64; x64) AppleWebKit/537.36 (KHTML, like Gecko) Chrome/88.0.4240.193 Safari/537.36"
5.181.235.74 - - [03/Sep/2021:22:51:21 +0000] "GET //wp/wp-includes/wlwmanifest.xml HTTP/1.1" 404 228 "-" "Mozilla/5.0 (Windows NT 10.0; Win64; x64) AppleWebKit/537.36 (KHTML, like Gecko) Chrome/88.0.4240.193 Safari/537.36"
5.181.235.74 - - [03/Sep/2021:22:51:22 +0000] "GET //news/wp-includes/wlwmanifest.xml HTTP/1.1" 404 230 "-" "Mozilla/5.0 (Windows NT 10.0; Win64; x64) AppleWebKit/537.36 (KHTML, like Gecko) Chrome/88.0.4240.193 Safari/537.36"
5.181.235.74 - - [03/Sep/2021:22:51:22 +0000] "GET //2020/wp-includes/wlwmanifest.xml HTTP/1.1" 404 230 "-" "Mozilla/5.0 (Windows NT 10.0; Win64; x64) AppleWebKit/537.36 (KHTML, like Gecko) Chrome/88.0.4240.193 Safari/537.36"
5.181.235.74 - - [03/Sep/2021:22:51:22 +0000] "GET //2019/wp-includes/wlwmanifest.xml HTTP/1.1" 404 230 "-" "Mozilla/5.0 (Windows NT 10.0; Win64; x64) AppleWebKit/537.36 (KHTML, like Gecko) Chrome/88.0.4240.193 Safari/537.36"
5.181.235.74 - - [03/Sep/2021:22:51:22 +0000] "GET //shop/wp-includes/wlwmanifest.xml HTTP/1.1" 404 230 "-" "Mozilla/5.0 (Windows NT 10.0; Win64; x64) AppleWebKit/537.36 (KHTML, like Gecko) Chrome/88.0.4240.193 Safari/537.36"
5.181.235.74 - - [03/Sep/2021:22:51:22 +0000] "GET //wp1/wp-includes/wlwmanifest.xml HTTP/1.1" 404 229 "-" "Mozilla/5.0 (Windows NT 10.0; Win64; x64) AppleWebKit/537.36 (KHTML, like Gecko) Chrome/88.0.4240.193 Safari/537.36"
5.181.235.74 - - [03/Sep/2021:22:51:23 +0000] "GET //test/wp-includes/wlwmanifest.xml HTTP/1.1" 404 230 "-" "Mozilla/5.0 (Windows NT 10.0; Win64; x64) AppleWebKit/537.36 (KHTML, like Gecko) Chrome/88.0.4240.193 Safari/537.36"
5.181.235.74 - - [03/Sep/2021:22:51:23 +0000] "GET //wp2/wp-includes/wlwmanifest.xml HTTP/1.1" 404 229 "-" "Mozilla/5.0 (Windows NT 10.0; Win64; x64) AppleWebKit/537.36 (KHTML, like Gecko) Chrome/88.0.4240.193 Safari/537.36"
5.181.235.74 - - [03/Sep/2021:22:51:23 +0000] "GET //site/wp-includes/wlwmanifest.xml HTTP/1.1" 404 230 "-" "Mozilla/5.0 (Windows NT 10.0; Win64; x64) AppleWebKit/537.36 (KHTML, like Gecko) Chrome/88.0.4240.193 Safari/537.36"
5.181.235.74 - - [03/Sep/2021:22:51:23 +0000] "GET //cms/wp-includes/wlwmanifest.xml HTTP/1.1" 404 229 "-" "Mozilla/5.0 (Windows NT 10.0; Win64; x64) AppleWebKit/537.36 (KHTML, like Gecko) Chrome/88.0.4240.193 Safari/537.36"
