54.70.53.60 - - [08/Sep/2021:19:24:36 +0000] "GET /js_new/login.js HTTP/1.1" 200 1160 "https://travelsleads.com/andaman-packages-package.html" "Mozilla/5.0 (Windows NT 6.1; Win64; x64; rv:90.0) Gecko/20100101 Firefox/90.0"
54.70.53.60 - - [08/Sep/2021:19:24:36 +0000] "GET /js_new/jquery.easydropdown.js HTTP/1.1" 200 12390 "https://travelsleads.com/andaman-packages-package.html" "Mozilla/5.0 (Windows NT 6.1; Win64; x64; rv:90.0) Gecko/20100101 Firefox/90.0"
54.70.53.60 - - [08/Sep/2021:19:24:36 +0000] "GET /js_new/wow.min.js HTTP/1.1" 200 4776 "https://travelsleads.com/andaman-packages-package.html" "Mozilla/5.0 (Windows NT 6.1; Win64; x64; rv:90.0) Gecko/20100101 Firefox/90.0"
54.70.53.60 - - [08/Sep/2021:19:24:36 +0000] "GET /js_new/jquery-1.11.1.min.js HTTP/1.1" 200 95786 "https://travelsleads.com/andaman-packages-package.html" "Mozilla/5.0 (Windows NT 6.1; Win64; x64; rv:90.0) Gecko/20100101 Firefox/90.0"
54.70.53.60 - - [08/Sep/2021:19:24:37 +0000] "GET /js_new/responsive-nav.js HTTP/1.1" 200 1268 "https://travelsleads.com/andaman-packages-package.html" "Mozilla/5.0 (Windows NT 6.1; Win64; x64; rv:90.0) Gecko/20100101 Firefox/90.0"
54.70.53.60 - - [08/Sep/2021:19:24:37 +0000] "GET /images_new/logo.png HTTP/1.1" 200 36069 "https://travelsleads.com/andaman-packages-package.html" "Mozilla/5.0 (Windows NT 6.1; Win64; x64; rv:90.0) Gecko/20100101 Firefox/90.0"
54.70.53.60 - - [08/Sep/2021:19:24:37 +0000] "GET /images_new/nav.png HTTP/1.1" 200 2881 "https://travelsleads.com/andaman-packages-package.html" "Mozilla/5.0 (Windows NT 6.1; Win64; x64; rv:90.0) Gecko/20100101 Firefox/90.0"
54.70.53.60 - - [08/Sep/2021:19:24:37 +0000] "GET /img/15748413002.jpg HTTP/1.1" 200 219131 "https://travelsleads.com/andaman-packages-package.html" "Mozilla/5.0 (Windows NT 6.1; Win64; x64; rv:90.0) Gecko/20100101 Firefox/90.0"
54.70.53.60 - - [08/Sep/2021:19:24:37 +0000] "GET /img/1567236927Stunning-Honeymoon-Packages-In-Andaman-With-Prices.jpg HTTP/1.1" 200 171404 "https://travelsleads.com/andaman-packages-package.html" "Mozilla/5.0 (Windows NT 6.1; Win64; x64; rv:90.0) Gecko/20100101 Firefox/90.0"
54.70.53.60 - - [08/Sep/2021:19:24:37 +0000] "GET /img/15748349291.jpg HTTP/1.1" 200 266420 "https://travelsleads.com/andaman-packages-package.html" "Mozilla/5.0 (Windows NT 6.1; Win64; x64; rv:90.0) Gecko/20100101 Firefox/90.0"
54.70.53.60 - - [08/Sep/2021:19:24:37 +0000] "GET /images_new/search.png HTTP/1.1" 404 219 "https://travelsleads.com/css_new/style.css" "Mozilla/5.0 (Windows NT 6.1; Win64; x64; rv:90.0) Gecko/20100101 Firefox/90.0"
54.70.53.60 - - [08/Sep/2021:19:24:37 +0000] "GET /img/15748345051.png HTTP/1.1" 200 1133590 "https://travelsleads.com/andaman-packages-package.html" "Mozilla/5.0 (Windows NT 6.1; Win64; x64; rv:90.0) Gecko/20100101 Firefox/90.0"
54.70.53.60 - - [08/Sep/2021:19:24:37 +0000] "GET /img/15748347992.jpg HTTP/1.1" 200 198173 "https://travelsleads.com/andaman-packages-package.html" "Mozilla/5.0 (Windows NT 6.1; Win64; x64; rv:90.0) Gecko/20100101 Firefox/90.0"
54.70.53.60 - - [08/Sep/2021:19:24:37 +0000] "GET /images_new/img-sprite.png HTTP/1.1" 200 26716 "https://travelsleads.com/css_new/style.css" "Mozilla/5.0 (Windows NT 6.1; Win64; x64; rv:90.0) Gecko/20100101 Firefox/90.0"
54.70.53.60 - - [08/Sep/2021:19:24:38 +0000] "GET /images_new/footer.jpg HTTP/1.1" 200 212463 "https://travelsleads.com/css_new/style.css" "Mozilla/5.0 (Windows NT 6.1; Win64; x64; rv:90.0) Gecko/20100101 Firefox/90.0"
114.119.159.216 - - [08/Sep/2021:19:31:45 +0000] "GET /package-temple-and-tiger-tour-on-ruquest.html HTTP/1.1" 200 32063 "-" "Mozilla/5.0 (Linux; Android 7.0;) AppleWebKit/537.36 (KHTML, like Gecko) Mobile Safari/537.36 (compatible; PetalBot;+https://webmaster.petalsearch.com/site/petalbot)"
66.249.68.57 - - [08/Sep/2021:19:36:43 +0000] "GET /img/15674134441-1.jpg HTTP/1.1" 200 315797 "-" "Googlebot-Image/1.0"
114.119.139.172 - - [08/Sep/2021:19:50:42 +0000] "GET /package-darjeeling-2nt-%7C-gangtok-2-nt-cost-14000-per-person.html HTTP/1.1" 200 42350 "-" "Mozilla/5.0 (Linux; Android 7.0;) AppleWebKit/537.36 (KHTML, like Gecko) Mobile Safari/537.36 (compatible; PetalBot;+https://webmaster.petalsearch.com/site/petalbot)"
66.249.68.59 - - [08/Sep/2021:21:08:10 +0000] "GET /goa-package.html HTTP/1.1" 200 34546 "-" "Mozilla/5.0 (Linux; Android 6.0.1; Nexus 5X Build/MMB29P) AppleWebKit/537.36 (KHTML, like Gecko) Chrome/92.0.4515.119 Mobile Safari/537.36 (compatible; Googlebot/2.1; +http://www.google.com/bot.html)"
66.249.68.59 - - [08/Sep/2021:21:36:43 +0000] "GET /img/15674206573-1.jpg HTTP/1.1" 200 766725 "-" "Googlebot-Image/1.0"
66.249.68.55 - - [08/Sep/2021:21:42:38 +0000] "GET /package-thailand-holiday-package-on-request.html HTTP/1.1" 200 31845 "-" "Mozilla/5.0 (compatible; Googlebot/2.1; +http://www.google.com/bot.html)"
66.249.68.57 - - [08/Sep/2021:21:42:43 +0000] "GET /css_new/animate.css HTTP/1.1" 200 68760 "https://travelsleads.com/package-thailand-holiday-package-on-request.html" "Mozilla/5.0 AppleWebKit/537.36 (KHTML, like Gecko; compatible; Googlebot/2.1; +http://www.google.com/bot.html) Chrome/92.0.4515.119 Safari/537.36"
66.249.68.57 - - [08/Sep/2021:23:06:43 +0000] "GET /img/15753555651.jpg HTTP/1.1" 404 217 "-" "Googlebot-Image/1.0"
89.40.112.86 - - [08/Sep/2021:23:46:04 +0000] "GET /package-amazing-singapore-on-request.html HTTP/1.1" 200 33114 "-" "Mozilla/5.0 (X11; Linux x86_64) AppleWebKit/537.36 (KHTML, like Gecko) Chrome/70.0.3538.67 Safari/537.36"
66.249.68.59 - - [08/Sep/2021:23:47:36 +0000] "GET /robots.txt HTTP/1.1" 404 208 "-" "Mozilla/5.0 (compatible; Googlebot/2.1; +http://www.google.com/bot.html)"
66.249.68.57 - - [08/Sep/2021:23:47:39 +0000] "GET /package-bali-family-getaway-land-only-on-request.html HTTP/1.1" 200 34226 "-" "Mozilla/5.0 (Linux; Android 6.0.1; Nexus 5X Build/MMB29P) AppleWebKit/537.36 (KHTML, like Gecko) Chrome/92.0.4515.119 Mobile Safari/537.36 (compatible; Googlebot/2.1; +http://www.google.com/bot.html)"
35.240.150.121 - - [09/Sep/2021:00:21:07 +0000] "GET / HTTP/1.1" 301 233 "-" "Mozilla/5.0 (Windows NT 10.0; Win64; x64) AppleWebKit/537.36 (KHTML, like Gecko) Chrome/78.0.3904.108 Safari/537.36"
35.240.150.121 - - [09/Sep/2021:00:21:07 +0000] "GET / HTTP/1.1" 200 41795 "-" "Mozilla/5.0 (Windows NT 10.0; Win64; x64) AppleWebKit/537.36 (KHTML, like Gecko) Chrome/78.0.3904.108 Safari/537.36"
35.240.150.121 - - [09/Sep/2021:00:21:09 +0000] "GET //wp-includes/wlwmanifest.xml HTTP/1.1" 404 225 "-" "Mozilla/5.0 (Windows NT 10.0; Win64; x64) AppleWebKit/537.36 (KHTML, like Gecko) Chrome/78.0.3904.108 Safari/537.36"
35.240.150.121 - - [09/Sep/2021:00:21:09 +0000] "GET //xmlrpc.php?rsd HTTP/1.1" 404 208 "-" "Mozilla/5.0 (Windows NT 10.0; Win64; x64) AppleWebKit/537.36 (KHTML, like Gecko) Chrome/78.0.3904.108 Safari/537.36"
35.240.150.121 - - [09/Sep/2021:00:21:10 +0000] "GET / HTTP/1.1" 200 41795 "-" "Mozilla/5.0 (Windows NT 10.0; Win64; x64) AppleWebKit/537.36 (KHTML, like Gecko) Chrome/78.0.3904.108 Safari/537.36"
35.240.150.121 - - [09/Sep/2021:00:21:11 +0000] "GET //blog/wp-includes/wlwmanifest.xml HTTP/1.1" 404 230 "-" "Mozilla/5.0 (Windows NT 10.0; Win64; x64) AppleWebKit/537.36 (KHTML, like Gecko) Chrome/78.0.3904.108 Safari/537.36"
35.240.150.121 - - [09/Sep/2021:00:21:11 +0000] "GET //web/wp-includes/wlwmanifest.xml HTTP/1.1" 404 229 "-" "Mozilla/5.0 (Windows NT 10.0; Win64; x64) AppleWebKit/537.36 (KHTML, like Gecko) Chrome/78.0.3904.108 Safari/537.36"
35.240.150.121 - - [09/Sep/2021:00:21:11 +0000] "GET //wordpress/wp-includes/wlwmanifest.xml HTTP/1.1" 404 235 "-" "Mozilla/5.0 (Windows NT 10.0; Win64; x64) AppleWebKit/537.36 (KHTML, like Gecko) Chrome/78.0.3904.108 Safari/537.36"
35.240.150.121 - - [09/Sep/2021:00:21:12 +0000] "GET //website/wp-includes/wlwmanifest.xml HTTP/1.1" 404 233 "-" "Mozilla/5.0 (Windows NT 10.0; Win64; x64) AppleWebKit/537.36 (KHTML, like Gecko) Chrome/78.0.3904.108 Safari/537.36"
35.240.150.121 - - [09/Sep/2021:00:21:12 +0000] "GET //wp/wp-includes/wlwmanifest.xml HTTP/1.1" 404 228 "-" "Mozilla/5.0 (Windows NT 10.0; Win64; x64) AppleWebKit/537.36 (KHTML, like Gecko) Chrome/78.0.3904.108 Safari/537.36"
35.240.150.121 - - [09/Sep/2021:00:21:12 +0000] "GET //news/wp-includes/wlwmanifest.xml HTTP/1.1" 404 230 "-" "Mozilla/5.0 (Windows NT 10.0; Win64; x64) AppleWebKit/537.36 (KHTML, like Gecko) Chrome/78.0.3904.108 Safari/537.36"
35.240.150.121 - - [09/Sep/2021:00:21:12 +0000] "GET //2018/wp-includes/wlwmanifest.xml HTTP/1.1" 404 230 "-" "Mozilla/5.0 (Windows NT 10.0; Win64; x64) AppleWebKit/537.36 (KHTML, like Gecko) Chrome/78.0.3904.108 Safari/537.36"
35.240.150.121 - - [09/Sep/2021:00:21:12 +0000] "GET //2019/wp-includes/wlwmanifest.xml HTTP/1.1" 404 230 "-" "Mozilla/5.0 (Windows NT 10.0; Win64; x64) AppleWebKit/537.36 (KHTML, like Gecko) Chrome/78.0.3904.108 Safari/537.36"
35.240.150.121 - - [09/Sep/2021:00:21:12 +0000] "GET //shop/wp-includes/wlwmanifest.xml HTTP/1.1" 404 230 "-" "Mozilla/5.0 (Windows NT 10.0; Win64; x64) AppleWebKit/537.36 (KHTML, like Gecko) Chrome/78.0.3904.108 Safari/537.36"
35.240.150.121 - - [09/Sep/2021:00:21:12 +0000] "GET //wp1/wp-includes/wlwmanifest.xml HTTP/1.1" 404 229 "-" "Mozilla/5.0 (Windows NT 10.0; Win64; x64) AppleWebKit/537.36 (KHTML, like Gecko) Chrome/78.0.3904.108 Safari/537.36"
35.240.150.121 - - [09/Sep/2021:00:21:12 +0000] "GET //test/wp-includes/wlwmanifest.xml HTTP/1.1" 404 230 "-" "Mozilla/5.0 (Windows NT 10.0; Win64; x64) AppleWebKit/537.36 (KHTML, like Gecko) Chrome/78.0.3904.108 Safari/537.36"
35.240.150.121 - - [09/Sep/2021:00:21:12 +0000] "GET //media/wp-includes/wlwmanifest.xml HTTP/1.1" 404 231 "-" "Mozilla/5.0 (Windows NT 10.0; Win64; x64) AppleWebKit/537.36 (KHTML, like Gecko) Chrome/78.0.3904.108 Safari/537.36"
35.240.150.121 - - [09/Sep/2021:00:21:12 +0000] "GET //wp2/wp-includes/wlwmanifest.xml HTTP/1.1" 404 229 "-" "Mozilla/5.0 (Windows NT 10.0; Win64; x64) AppleWebKit/537.36 (KHTML, like Gecko) Chrome/78.0.3904.108 Safari/537.36"
35.240.150.121 - - [09/Sep/2021:00:21:12 +0000] "GET //site/wp-includes/wlwmanifest.xml HTTP/1.1" 404 230 "-" "Mozilla/5.0 (Windows NT 10.0; Win64; x64) AppleWebKit/537.36 (KHTML, like Gecko) Chrome/78.0.3904.108 Safari/537.36"
35.240.150.121 - - [09/Sep/2021:00:21:13 +0000] "GET //cms/wp-includes/wlwmanifest.xml HTTP/1.1" 404 229 "-" "Mozilla/5.0 (Windows NT 10.0; Win64; x64) AppleWebKit/537.36 (KHTML, like Gecko) Chrome/78.0.3904.108 Safari/537.36"
35.240.150.121 - - [09/Sep/2021:00:21:13 +0000] "GET //sito/wp-includes/wlwmanifest.xml HTTP/1.1" 404 230 "-" "Mozilla/5.0 (Windows NT 10.0; Win64; x64) AppleWebKit/537.36 (KHTML, like Gecko) Chrome/78.0.3904.108 Safari/537.36"
207.46.13.97 - - [09/Sep/2021:00:27:53 +0000] "GET /package-romantic-of-bhutan-on-request.html HTTP/1.1" 200 32166 "-" "Mozilla/5.0 (compatible; bingbot/2.0; +http://www.bing.com/bingbot.htm)"
157.55.39.167 - - [09/Sep/2021:00:31:30 +0000] "GET / HTTP/1.1" 301 233 "-" "Mozilla/5.0 (compatible; bingbot/2.0; +http://www.bing.com/bingbot.htm)"
66.249.68.57 - - [09/Sep/2021:00:36:43 +0000] "GET /img/15674249624-1.png HTTP/1.1" 200 3683319 "-" "Googlebot-Image/1.0"
114.119.159.19 - - [09/Sep/2021:00:40:32 +0000] "GET /package-varanasi-allahabad-on-request.html HTTP/1.1" 200 32649 "-" "Mozilla/5.0 (Linux; Android 7.0;) AppleWebKit/537.36 (KHTML, like Gecko) Mobile Safari/537.36 (compatible; PetalBot;+https://webmaster.petalsearch.com/site/petalbot)"
66.249.68.57 - - [09/Sep/2021:00:52:39 +0000] "GET /package-destination-gangtok-package-trip-on-request.html HTTP/1.1" 200 34028 "-" "Mozilla/5.0 (Linux; Android 6.0.1; Nexus 5X Build/MMB29P) AppleWebKit/537.36 (KHTML, like Gecko) Chrome/92.0.4515.119 Mobile Safari/537.36 (compatible; Googlebot/2.1; +http://www.google.com/bot.html)"
66.249.68.57 - - [09/Sep/2021:00:59:30 +0000] "GET / HTTP/1.1" 200 41795 "-" "Mozilla/5.0 (Linux; Android 6.0.1; Nexus 5X Build/MMB29P) AppleWebKit/537.36 (KHTML, like Gecko) Chrome/92.0.4515.119 Mobile Safari/537.36 (compatible; Googlebot/2.1; +http://www.google.com/bot.html)"
66.249.68.59 - - [09/Sep/2021:01:03:11 +0000] "GET /package-affordable-bali-on-request.html HTTP/1.1" 200 34009 "-" "Mozilla/5.0 (Linux; Android 6.0.1; Nexus 5X Build/MMB29P) AppleWebKit/537.36 (KHTML, like Gecko) Chrome/92.0.4515.119 Mobile Safari/537.36 (compatible; Googlebot/2.1; +http://www.google.com/bot.html)"
66.249.68.59 - - [09/Sep/2021:01:03:13 +0000] "GET /css_new/mont.css/css?family=Montserrat:400,700 HTTP/1.1" 404 218 "https://travelsleads.com/package-affordable-bali-on-request.html" "Mozilla/5.0 (Linux; Android 6.0.1; Nexus 5X Build/MMB29P) AppleWebKit/537.36 (KHTML, like Gecko) Chrome/92.0.4515.119 Mobile Safari/537.36 (compatible; Googlebot/2.1; +http://www.google.com/bot.html)"
66.249.68.59 - - [09/Sep/2021:01:09:30 +0000] "GET / HTTP/1.1" 200 41795 "-" "Mozilla/5.0 (compatible; Googlebot/2.1; +http://www.google.com/bot.html)"
66.249.68.57 - - [09/Sep/2021:01:09:34 +0000] "GET /form_new/js/easing.js HTTP/1.1" 200 4759 "https://travelsleads.com/form_new/index.php" "Mozilla/5.0 AppleWebKit/537.36 (KHTML, like Gecko; compatible; Googlebot/2.1; +http://www.google.com/bot.html) Chrome/92.0.4515.119 Safari/537.36"
66.249.68.55 - - [09/Sep/2021:01:12:43 +0000] "GET /img/15674289672-1.jpg HTTP/1.1" 200 787746 "-" "Googlebot-Image/1.0"
96.62.119.11 - - [09/Sep/2021:01:49:12 +0000] "GET /wp-login.php HTTP/1.1" 301 245 "-" "Mozilla/5.0 (X11; Ubuntu; Linux x86_64; rv:62.0) Gecko/20100101 Firefox/62.0"
96.62.119.11 - - [09/Sep/2021:01:49:13 +0000] "GET /wp-login.php HTTP/1.1" 404 210 "http://travelsleads.com/wp-login.php" "Mozilla/5.0 (X11; Ubuntu; Linux x86_64; rv:62.0) Gecko/20100101 Firefox/62.0"
114.119.159.197 - - [09/Sep/2021:02:02:08 +0000] "GET /goa-package.html HTTP/1.1" 200 34546 "-" "Mozilla/5.0 (Linux; Android 7.0;) AppleWebKit/537.36 (KHTML, like Gecko) Mobile Safari/537.36 (compatible; PetalBot;+https://webmaster.petalsearch.com/site/petalbot)"
54.36.149.102 - - [09/Sep/2021:02:07:47 +0000] "GET /robots.txt HTTP/1.1" 404 208 "-" "Mozilla/5.0 (compatible; AhrefsBot/7.0; +http://ahrefs.com/robot/)"
54.36.148.93 - - [09/Sep/2021:02:07:48 +0000] "GET / HTTP/1.1" 200 41795 "-" "Mozilla/5.0 (compatible; AhrefsBot/7.0; +http://ahrefs.com/robot/)"
85.208.98.51 - - [09/Sep/2021:02:33:09 +0000] "GET /package-destination-nepal-trip-on-request.html HTTP/1.1" 200 35251 "-" "Mozilla/5.0 (compatible; SemrushBot-BM/1.0; +http://www.semrush.com/bot.html)"
114.119.159.232 - - [09/Sep/2021:02:39:44 +0000] "GET /robots.txt HTTP/1.1" 404 208 "-" "Mozilla/5.0 (compatible;PetalBot;+https://webmaster.petalsearch.com/site/petalbot)"
66.249.68.55 - - [09/Sep/2021:03:19:52 +0000] "GET /package-glimpse-of-andaman-trip-on-request.html HTTP/1.1" 200 42620 "-" "Mozilla/5.0 (compatible; Googlebot/2.1; +http://www.google.com/bot.html)"
66.249.68.57 - - [09/Sep/2021:03:19:58 +0000] "GET /js_new/responsive-nav.js HTTP/1.1" 200 1268 "https://travelsleads.com/package-glimpse-of-andaman-trip-on-request.html" "Mozilla/5.0 AppleWebKit/537.36 (KHTML, like Gecko; compatible; Googlebot/2.1; +http://www.google.com/bot.html) Chrome/92.0.4515.119 Safari/537.36"
114.119.139.172 - - [09/Sep/2021:03:20:12 +0000] "GET /hotel.php HTTP/1.1" 200 29556 "-" "Mozilla/5.0 (Linux; Android 7.0;) AppleWebKit/537.36 (KHTML, like Gecko) Mobile Safari/537.36 (compatible; PetalBot;+https://webmaster.petalsearch.com/site/petalbot)"
34.87.139.190 - - [09/Sep/2021:03:37:52 +0000] "GET / HTTP/1.1" 301 233 "-" "Mozilla/5.0 (Windows NT 10.0; Win64; x64) AppleWebKit/537.36 (KHTML, like Gecko) Chrome/78.0.3904.108 Safari/537.36"
34.87.139.190 - - [09/Sep/2021:03:37:54 +0000] "GET / HTTP/1.1" 200 41795 "-" "Mozilla/5.0 (Windows NT 10.0; Win64; x64) AppleWebKit/537.36 (KHTML, like Gecko) Chrome/78.0.3904.108 Safari/537.36"
34.87.139.190 - - [09/Sep/2021:03:37:54 +0000] "GET //wp-includes/wlwmanifest.xml HTTP/1.1" 404 225 "-" "Mozilla/5.0 (Windows NT 10.0; Win64; x64) AppleWebKit/537.36 (KHTML, like Gecko) Chrome/78.0.3904.108 Safari/537.36"
34.87.139.190 - - [09/Sep/2021:03:37:54 +0000] "GET //xmlrpc.php?rsd HTTP/1.1" 404 208 "-" "Mozilla/5.0 (Windows NT 10.0; Win64; x64) AppleWebKit/537.36 (KHTML, like Gecko) Chrome/78.0.3904.108 Safari/537.36"
34.87.139.190 - - [09/Sep/2021:03:37:54 +0000] "GET / HTTP/1.1" 200 41795 "-" "Mozilla/5.0 (Windows NT 10.0; Win64; x64) AppleWebKit/537.36 (KHTML, like Gecko) Chrome/78.0.3904.108 Safari/537.36"
34.87.139.190 - - [09/Sep/2021:03:37:55 +0000] "GET //blog/wp-includes/wlwmanifest.xml HTTP/1.1" 404 230 "-" "Mozilla/5.0 (Windows NT 10.0; Win64; x64) AppleWebKit/537.36 (KHTML, like Gecko) Chrome/78.0.3904.108 Safari/537.36"
34.87.139.190 - - [09/Sep/2021:03:37:55 +0000] "GET //web/wp-includes/wlwmanifest.xml HTTP/1.1" 404 229 "-" "Mozilla/5.0 (Windows NT 10.0; Win64; x64) AppleWebKit/537.36 (KHTML, like Gecko) Chrome/78.0.3904.108 Safari/537.36"
34.87.139.190 - - [09/Sep/2021:03:37:55 +0000] "GET //wordpress/wp-includes/wlwmanifest.xml HTTP/1.1" 404 235 "-" "Mozilla/5.0 (Windows NT 10.0; Win64; x64) AppleWebKit/537.36 (KHTML, like Gecko) Chrome/78.0.3904.108 Safari/537.36"
34.87.139.190 - - [09/Sep/2021:03:37:55 +0000] "GET //website/wp-includes/wlwmanifest.xml HTTP/1.1" 404 233 "-" "Mozilla/5.0 (Windows NT 10.0; Win64; x64) AppleWebKit/537.36 (KHTML, like Gecko) Chrome/78.0.3904.108 Safari/537.36"
34.87.139.190 - - [09/Sep/2021:03:37:55 +0000] "GET //wp/wp-includes/wlwmanifest.xml HTTP/1.1" 404 228 "-" "Mozilla/5.0 (Windows NT 10.0; Win64; x64) AppleWebKit/537.36 (KHTML, like Gecko) Chrome/78.0.3904.108 Safari/537.36"
34.87.139.190 - - [09/Sep/2021:03:37:55 +0000] "GET //news/wp-includes/wlwmanifest.xml HTTP/1.1" 404 230 "-" "Mozilla/5.0 (Windows NT 10.0; Win64; x64) AppleWebKit/537.36 (KHTML, like Gecko) Chrome/78.0.3904.108 Safari/537.36"
34.87.139.190 - - [09/Sep/2021:03:37:55 +0000] "GET //2018/wp-includes/wlwmanifest.xml HTTP/1.1" 404 230 "-" "Mozilla/5.0 (Windows NT 10.0; Win64; x64) AppleWebKit/537.36 (KHTML, like Gecko) Chrome/78.0.3904.108 Safari/537.36"
34.87.139.190 - - [09/Sep/2021:03:37:55 +0000] "GET //2019/wp-includes/wlwmanifest.xml HTTP/1.1" 404 230 "-" "Mozilla/5.0 (Windows NT 10.0; Win64; x64) AppleWebKit/537.36 (KHTML, like Gecko) Chrome/78.0.3904.108 Safari/537.36"
34.87.139.190 - - [09/Sep/2021:03:37:55 +0000] "GET //shop/wp-includes/wlwmanifest.xml HTTP/1.1" 404 230 "-" "Mozilla/5.0 (Windows NT 10.0; Win64; x64) AppleWebKit/537.36 (KHTML, like Gecko) Chrome/78.0.3904.108 Safari/537.36"
34.87.139.190 - - [09/Sep/2021:03:37:55 +0000] "GET //wp1/wp-includes/wlwmanifest.xml HTTP/1.1" 404 229 "-" "Mozilla/5.0 (Windows NT 10.0; Win64; x64) AppleWebKit/537.36 (KHTML, like Gecko) Chrome/78.0.3904.108 Safari/537.36"
34.87.139.190 - - [09/Sep/2021:03:37:56 +0000] "GET //test/wp-includes/wlwmanifest.xml HTTP/1.1" 404 230 "-" "Mozilla/5.0 (Windows NT 10.0; Win64; x64) AppleWebKit/537.36 (KHTML, like Gecko) Chrome/78.0.3904.108 Safari/537.36"
34.87.139.190 - - [09/Sep/2021:03:37:56 +0000] "GET //media/wp-includes/wlwmanifest.xml HTTP/1.1" 404 231 "-" "Mozilla/5.0 (Windows NT 10.0; Win64; x64) AppleWebKit/537.36 (KHTML, like Gecko) Chrome/78.0.3904.108 Safari/537.36"
34.87.139.190 - - [09/Sep/2021:03:37:56 +0000] "GET //wp2/wp-includes/wlwmanifest.xml HTTP/1.1" 404 229 "-" "Mozilla/5.0 (Windows NT 10.0; Win64; x64) AppleWebKit/537.36 (KHTML, like Gecko) Chrome/78.0.3904.108 Safari/537.36"
34.87.139.190 - - [09/Sep/2021:03:37:56 +0000] "GET //site/wp-includes/wlwmanifest.xml HTTP/1.1" 404 230 "-" "Mozilla/5.0 (Windows NT 10.0; Win64; x64) AppleWebKit/537.36 (KHTML, like Gecko) Chrome/78.0.3904.108 Safari/537.36"
34.87.139.190 - - [09/Sep/2021:03:37:56 +0000] "GET //cms/wp-includes/wlwmanifest.xml HTTP/1.1" 404 229 "-" "Mozilla/5.0 (Windows NT 10.0; Win64; x64) AppleWebKit/537.36 (KHTML, like Gecko) Chrome/78.0.3904.108 Safari/537.36"
34.87.139.190 - - [09/Sep/2021:03:37:56 +0000] "GET //sito/wp-includes/wlwmanifest.xml HTTP/1.1" 404 230 "-" "Mozilla/5.0 (Windows NT 10.0; Win64; x64) AppleWebKit/537.36 (KHTML, like Gecko) Chrome/78.0.3904.108 Safari/537.36"
157.55.39.167 - - [09/Sep/2021:03:42:01 +0000] "GET / HTTP/1.1" 200 41795 "-" "Mozilla/5.0 (compatible; bingbot/2.0; +http://www.bing.com/bingbot.htm)"
69.171.249.5 - - [09/Sep/2021:03:47:13 +0000] "GET /policy.html HTTP/1.1" 200 40506 "-" "facebookexternalhit/1.1 (+http://www.facebook.com/externalhit_uatext.php)"
66.249.68.59 - - [09/Sep/2021:03:48:43 +0000] "GET /img/ HTTP/1.1" 403 213 "-" "Googlebot-Image/1.0"
54.36.148.41 - - [09/Sep/2021:03:50:57 +0000] "GET / HTTP/1.1" 200 41795 "-" "Mozilla/5.0 (compatible; AhrefsBot/7.0; +http://ahrefs.com/robot/)"
114.119.159.232 - - [09/Sep/2021:04:55:37 +0000] "GET /aboutus.html HTTP/1.1" 200 32085 "-" "Mozilla/5.0 (Linux; Android 7.0;) AppleWebKit/537.36 (KHTML, like Gecko) Mobile Safari/537.36 (compatible; PetalBot;+https://webmaster.petalsearch.com/site/petalbot)"
112.140.188.140 - - [09/Sep/2021:05:02:59 +0000] "GET /img/15672330411-1.jpg HTTP/1.1" 200 1443719 "https://www.google.com/" "Mozilla/5.0 (Windows NT 10.0; Win64; x64) AppleWebKit/537.36 (KHTML, like Gecko) Chrome/93.0.4577.63 Safari/537.36"
157.55.39.169 - - [09/Sep/2021:05:24:48 +0000] "GET /robots.txt HTTP/1.1" 404 208 "-" "Mozilla/5.0 (compatible; bingbot/2.0; +http://www.bing.com/bingbot.htm)"
157.55.39.169 - - [09/Sep/2021:05:24:49 +0000] "GET /robots.txt HTTP/1.1" 404 208 "-" "Mozilla/5.0 (compatible; bingbot/2.0; +http://www.bing.com/bingbot.htm)"
207.46.13.92 - - [09/Sep/2021:05:24:58 +0000] "GET /package-destination-kathmandu-on-request.html HTTP/1.1" 200 34487 "-" "Mozilla/5.0 (compatible; bingbot/2.0; +http://www.bing.com/bingbot.htm)"
54.36.149.14 - - [09/Sep/2021:05:46:07 +0000] "GET /package-khajuraho-temple-with-tiger-on-request.html HTTP/1.1" 200 32078 "-" "Mozilla/5.0 (compatible; AhrefsBot/7.0; +http://ahrefs.com/robot/)"
114.119.159.232 - - [09/Sep/2021:05:47:31 +0000] "GET /north-east-package.html HTTP/1.1" 200 35879 "-" "Mozilla/5.0 (Linux; Android 7.0;) AppleWebKit/537.36 (KHTML, like Gecko) Mobile Safari/537.36 (compatible; PetalBot;+https://webmaster.petalsearch.com/site/petalbot)"
114.119.159.234 - - [09/Sep/2021:06:06:26 +0000] "GET /robots.txt HTTP/1.1" 404 208 "-" "Mozilla/5.0 (compatible;PetalBot;+https://webmaster.petalsearch.com/site/petalbot)"
114.119.159.228 - - [09/Sep/2021:06:25:01 +0000] "GET /package-statue-of-unity-tour-on-request.html HTTP/1.1" 200 33092 "-" "Mozilla/5.0 (Linux; Android 7.0;) AppleWebKit/537.36 (KHTML, like Gecko) Mobile Safari/537.36 (compatible; PetalBot;+https://webmaster.petalsearch.com/site/petalbot)"
49.34.93.129 - - [09/Sep/2021:06:39:30 +0000] "GET /img/15672330411-1.jpg HTTP/1.1" 200 1443719 "https://www.google.com/" "Mozilla/5.0 (Linux; Android 6.0.1; vivo 1606) AppleWebKit/537.36 (KHTML, like Gecko) Chrome/91.0.4472.101 Mobile Safari/537.36"
66.249.68.59 - - [09/Sep/2021:06:51:56 +0000] "GET /forgot_password.php HTTP/1.1" 200 31216 "-" "Mozilla/5.0 (Linux; Android 6.0.1; Nexus 5X Build/MMB29P) AppleWebKit/537.36 (KHTML, like Gecko) Chrome/92.0.4515.119 Mobile Safari/537.36 (compatible; Googlebot/2.1; +http://www.google.com/bot.html)"
173.252.127.11 - - [09/Sep/2021:07:54:47 +0000] "GET /policy.html HTTP/1.1" 200 40506 "-" "facebookexternalhit/1.1 (+http://www.facebook.com/externalhit_uatext.php)"
58.53.128.88 - - [09/Sep/2021:08:14:25 +0000] "GET / HTTP/1.1" 301 233 "-" "GRequests/0.10"
58.53.128.88 - - [09/Sep/2021:08:14:27 +0000] "GET / HTTP/1.1" 200 41795 "http://www.travelsleads.com" "GRequests/0.10"
35.178.178.107 - - [09/Sep/2021:09:02:10 +0000] "HEAD / HTTP/1.1" 200 - "-" "webprosbot/2.0 (abuse-6337@webpros.com)"
31.13.103.2 - - [09/Sep/2021:09:16:46 +0000] "GET /policy.html HTTP/1.1" 200 40506 "-" "facebookexternalhit/1.1 (+http://www.facebook.com/externalhit_uatext.php)"
69.63.189.119 - - [09/Sep/2021:10:04:30 +0000] "GET /policy.html HTTP/1.1" 200 40506 "-" "facebookexternalhit/1.1 (+http://www.facebook.com/externalhit_uatext.php)"
69.63.189.119 - - [09/Sep/2021:10:04:30 +0000] "GET /policy.html HTTP/1.1" 200 40506 "-" "facebookexternalhit/1.1 (+http://www.facebook.com/externalhit_uatext.php)"
69.63.189.1 - - [09/Sep/2021:10:04:31 +0000] "GET /policy.html HTTP/1.1" 200 40506 "-" "facebookexternalhit/1.1 (+http://www.facebook.com/externalhit_uatext.php)"
69.63.189.116 - - [09/Sep/2021:10:04:31 +0000] "GET /policy.html HTTP/1.1" 200 40506 "-" "facebookexternalhit/1.1 (+http://www.facebook.com/externalhit_uatext.php)"
69.63.189.116 - - [09/Sep/2021:10:04:32 +0000] "GET /policy.html HTTP/1.1" 200 40506 "-" "facebookexternalhit/1.1 (+http://www.facebook.com/externalhit_uatext.php)"
69.63.189.120 - - [09/Sep/2021:10:04:32 +0000] "GET /policy.html HTTP/1.1" 200 40506 "-" "facebookexternalhit/1.1 (+http://www.facebook.com/externalhit_uatext.php)"
69.63.189.116 - - [09/Sep/2021:10:04:34 +0000] "GET /policy.html HTTP/1.1" 200 40506 "-" "facebookexternalhit/1.1 (+http://www.facebook.com/externalhit_uatext.php)"
69.63.189.1 - - [09/Sep/2021:10:04:35 +0000] "GET /policy.html HTTP/1.1" 200 40506 "-" "facebookexternalhit/1.1 (+http://www.facebook.com/externalhit_uatext.php)"
69.63.189.116 - - [09/Sep/2021:10:04:37 +0000] "GET /policy.html HTTP/1.1" 200 40506 "-" "facebookexternalhit/1.1 (+http://www.facebook.com/externalhit_uatext.php)"
69.171.251.1 - - [09/Sep/2021:10:05:00 +0000] "GET /policy.html HTTP/1.1" 200 40506 "-" "facebookexternalhit/1.1 (+http://www.facebook.com/externalhit_uatext.php)"
69.63.189.118 - - [09/Sep/2021:10:05:00 +0000] "GET /policy.html HTTP/1.1" 200 40506 "-" "facebookexternalhit/1.1 (+http://www.facebook.com/externalhit_uatext.php)"
69.171.249.10 - - [09/Sep/2021:10:05:01 +0000] "GET /policy.html HTTP/1.1" 200 40506 "-" "facebookexternalhit/1.1 (+http://www.facebook.com/externalhit_uatext.php)"
66.249.68.55 - - [09/Sep/2021:10:10:32 +0000] "GET /package-darjeeling-2nt-%7C-gangtok-2-nt-cost-14000-per-person.html HTTP/1.1" 200 42350 "-" "Mozilla/5.0 (Linux; Android 6.0.1; Nexus 5X Build/MMB29P) AppleWebKit/537.36 (KHTML, like Gecko) Chrome/92.0.4515.119 Mobile Safari/537.36 (compatible; Googlebot/2.1; +http://www.google.com/bot.html)"
157.55.39.167 - - [09/Sep/2021:10:19:06 +0000] "GET / HTTP/1.1" 301 233 "-" "Mozilla/5.0 (compatible; bingbot/2.0; +http://www.bing.com/bingbot.htm)"
66.249.68.59 - - [09/Sep/2021:10:22:59 +0000] "GET / HTTP/1.1" 200 41795 "-" "Mozilla/5.0 (Linux; Android 6.0.1; Nexus 5X Build/MMB29P) AppleWebKit/537.36 (KHTML, like Gecko) Chrome/92.0.4515.119 Mobile Safari/537.36 (compatible; Googlebot/2.1; +http://www.google.com/bot.html)"
207.46.13.97 - - [09/Sep/2021:10:30:09 +0000] "GET /package-destination-gangtok-package-trip-on-request.html HTTP/1.1" 200 34028 "-" "Mozilla/5.0 (compatible; bingbot/2.0; +http://www.bing.com/bingbot.htm)"
66.249.68.59 - - [09/Sep/2021:10:33:07 +0000] "GET / HTTP/1.1" 200 41795 "-" "Mozilla/5.0 (compatible; Googlebot/2.1; +http://www.google.com/bot.html)"
114.119.159.19 - - [09/Sep/2021:11:29:56 +0000] "GET /package-north-east-package-kaziranga-national-park-cost-9920-per-person.html HTTP/1.1" 200 38725 "-" "Mozilla/5.0 (Linux; Android 7.0;) AppleWebKit/537.36 (KHTML, like Gecko) Mobile Safari/537.36 (compatible; PetalBot;+https://webmaster.petalsearch.com/site/petalbot)"
157.55.39.116 - - [09/Sep/2021:12:00:05 +0000] "GET /package-mauritius-and-unlimited-romance-on-request.html HTTP/1.1" 200 32553 "-" "Mozilla/5.0 (compatible; bingbot/2.0; +http://www.bing.com/bingbot.htm)"
66.249.75.211 - - [09/Sep/2021:12:16:30 +0000] "GET /robots.txt HTTP/1.1" 404 208 "-" "Mozilla/5.0 (compatible; Googlebot/2.1; +http://www.google.com/bot.html)"
66.249.75.211 - - [09/Sep/2021:12:16:30 +0000] "GET /form_new/css/wickedpicker.css HTTP/1.1" 200 3105 "https://travelsleads.com/form_new/index.php" "Mozilla/5.0 (Linux; Android 6.0.1; Nexus 5X Build/MMB29P) AppleWebKit/537.36 (KHTML, like Gecko) Chrome/92.0.4515.119 Mobile Safari/537.36 (compatible; Googlebot/2.1; +http://www.google.com/bot.html)"
66.249.75.223 - - [09/Sep/2021:12:16:32 +0000] "GET /robots.txt HTTP/1.1" 301 243 "-" "Mozilla/5.0 (compatible; Googlebot/2.1; +http://www.google.com/bot.html)"
66.249.75.223 - - [09/Sep/2021:12:16:32 +0000] "GET / HTTP/1.1" 301 233 "-" "Mozilla/5.0 (compatible; Googlebot/2.1; +http://www.google.com/bot.html)"
66.249.75.221 - - [09/Sep/2021:12:16:33 +0000] "GET / HTTP/1.1" 301 233 "-" "Mozilla/5.0 (Linux; Android 6.0.1; Nexus 5X Build/MMB29P) AppleWebKit/537.36 (KHTML, like Gecko) Chrome/92.0.4515.119 Mobile Safari/537.36 (compatible; Googlebot/2.1; +http://www.google.com/bot.html)"
66.249.75.213 - - [09/Sep/2021:12:16:35 +0000] "GET / HTTP/1.1" 200 41795 "-" "Mozilla/5.0 (compatible; Googlebot/2.1; +http://www.google.com/bot.html)"
66.249.75.211 - - [09/Sep/2021:12:16:36 +0000] "GET / HTTP/1.1" 200 41795 "-" "Mozilla/5.0 (Linux; Android 6.0.1; Nexus 5X Build/MMB29P) AppleWebKit/537.36 (KHTML, like Gecko) Chrome/92.0.4515.119 Mobile Safari/537.36 (compatible; Googlebot/2.1; +http://www.google.com/bot.html)"
69.63.184.116 - - [09/Sep/2021:12:17:30 +0000] "GET /policy.html HTTP/1.1" 200 40506 "-" "facebookexternalhit/1.1 (+http://www.facebook.com/externalhit_uatext.php)"
66.249.75.215 - - [09/Sep/2021:12:18:42 +0000] "GET /img/156648791011-512.png HTTP/1.1" 404 222 "-" "Googlebot-Image/1.0"
66.249.75.213 - - [09/Sep/2021:12:18:43 +0000] "GET /favicon.ico HTTP/1.1" 404 209 "-" "Googlebot-Image/1.0"
66.249.75.213 - - [09/Sep/2021:12:19:45 +0000] "GET /aboutus.html HTTP/1.1" 200 32085 "-" "Mozilla/5.0 (Linux; Android 6.0.1; Nexus 5X Build/MMB29P) AppleWebKit/537.36 (KHTML, like Gecko) Chrome/92.0.4515.119 Mobile Safari/537.36 (compatible; Googlebot/2.1; +http://www.google.com/bot.html)"
66.249.75.215 - - [09/Sep/2021:12:19:47 +0000] "GET /goa-package.html HTTP/1.1" 200 34546 "-" "Mozilla/5.0 (Linux; Android 6.0.1; Nexus 5X Build/MMB29P) AppleWebKit/537.36 (KHTML, like Gecko) Chrome/92.0.4515.119 Mobile Safari/537.36 (compatible; Googlebot/2.1; +http://www.google.com/bot.html)"
66.249.75.211 - - [09/Sep/2021:12:19:48 +0000] "GET /css_new/mont.css?family=Montserrat:400,700 HTTP/1.1" 200 3664 "https://travelsleads.com/" "Mozilla/5.0 (Linux; Android 6.0.1; Nexus 5X Build/MMB29P) AppleWebKit/537.36 (KHTML, like Gecko) Chrome/92.0.4515.119 Mobile Safari/537.36 (compatible; Googlebot/2.1; +http://www.google.com/bot.html)"
66.249.75.213 - - [09/Sep/2021:12:19:48 +0000] "GET /forgot_password.php HTTP/1.1" 200 31216 "-" "Mozilla/5.0 (Linux; Android 6.0.1; Nexus 5X Build/MMB29P) AppleWebKit/537.36 (KHTML, like Gecko) Chrome/92.0.4515.119 Mobile Safari/537.36 (compatible; Googlebot/2.1; +http://www.google.com/bot.html)"
66.249.75.211 - - [09/Sep/2021:12:19:49 +0000] "GET /package-destination-sri-lanka-on-request.html HTTP/1.1" 200 34204 "-" "Mozilla/5.0 (Linux; Android 6.0.1; Nexus 5X Build/MMB29P) AppleWebKit/537.36 (KHTML, like Gecko) Chrome/92.0.4515.119 Mobile Safari/537.36 (compatible; Googlebot/2.1; +http://www.google.com/bot.html)"
66.249.75.213 - - [09/Sep/2021:12:19:50 +0000] "GET /package-delhi-to-shimla-cost-15999-per-couple.html HTTP/1.1" 200 34739 "-" "Mozilla/5.0 (compatible; Googlebot/2.1; +http://www.google.com/bot.html)"
66.249.75.213 - - [09/Sep/2021:12:19:51 +0000] "GET /package-glimpse-of-andaman-trip-on-request.html HTTP/1.1" 200 42620 "-" "Mozilla/5.0 (compatible; Googlebot/2.1; +http://www.google.com/bot.html)"
66.249.75.213 - - [09/Sep/2021:12:19:52 +0000] "GET /package-magical-andamans-honeymoon-package-on-request.html HTTP/1.1" 200 43609 "-" "Mozilla/5.0 (compatible; Googlebot/2.1; +http://www.google.com/bot.html)"
66.249.75.213 - - [09/Sep/2021:12:19:53 +0000] "GET /package-delhi-manali-car-package-cost-20999-per-couple.html HTTP/1.1" 200 33912 "-" "Mozilla/5.0 (compatible; Googlebot/2.1; +http://www.google.com/bot.html)"
66.249.75.213 - - [09/Sep/2021:12:20:28 +0000] "GET /css_new/mont.css/css?family=Montserrat:400,700 HTTP/1.1" 404 218 "https://travelsleads.com/package-destination-sri-lanka-on-request.html" "Mozilla/5.0 (Linux; Android 6.0.1; Nexus 5X Build/MMB29P) AppleWebKit/537.36 (KHTML, like Gecko) Chrome/92.0.4515.119 Mobile Safari/537.36 (compatible; Googlebot/2.1; +http://www.google.com/bot.html)"
114.119.139.172 - - [09/Sep/2021:12:20:39 +0000] "GET /package-darjeeling-tour-package-cost-30400-per-person.html HTTP/1.1" 200 45488 "-" "Mozilla/5.0 (Linux; Android 7.0;) AppleWebKit/537.36 (KHTML, like Gecko) Mobile Safari/537.36 (compatible; PetalBot;+https://webmaster.petalsearch.com/site/petalbot)"
173.252.87.112 - - [09/Sep/2021:12:37:45 +0000] "GET /policy.html HTTP/1.1" 200 40506 "-" "facebookexternalhit/1.1 (+http://www.facebook.com/externalhit_uatext.php)"
66.249.75.215 - - [09/Sep/2021:12:40:44 +0000] "GET /package-darjeeling-2nt-%7C-gangtok-2-nt-cost-14000-per-person.html HTTP/1.1" 200 42350 "-" "Mozilla/5.0 (Linux; Android 6.0.1; Nexus 5X Build/MMB29P) AppleWebKit/537.36 (KHTML, like Gecko) Chrome/92.0.4515.119 Mobile Safari/537.36 (compatible; Googlebot/2.1; +http://www.google.com/bot.html)"
69.63.184.112 - - [09/Sep/2021:12:56:26 +0000] "GET /policy.html HTTP/1.1" 200 40506 "-" "facebookexternalhit/1.1 (+http://www.facebook.com/externalhit_uatext.php)"
173.252.127.18 - - [09/Sep/2021:13:24:25 +0000] "GET /policy.html HTTP/1.1" 200 40506 "-" "facebookexternalhit/1.1 (+http://www.facebook.com/externalhit_uatext.php)"
157.55.39.167 - - [09/Sep/2021:13:28:36 +0000] "GET / HTTP/1.1" 200 41795 "-" "Mozilla/5.0 (compatible; bingbot/2.0; +http://www.bing.com/bingbot.htm)"
66.249.75.215 - - [09/Sep/2021:13:37:09 +0000] "GET /css_new/mont.css?family=Montserrat:400,700 HTTP/1.1" 200 3664 "https://travelsleads.com/" "Mozilla/5.0 AppleWebKit/537.36 (KHTML, like Gecko; compatible; Googlebot/2.1; +http://www.google.com/bot.html) Chrome/92.0.4515.119 Safari/537.36"
54.191.245.254 - - [09/Sep/2021:13:47:06 +0000] "GET / HTTP/1.1" 301 233 "-" "Mozilla/5.0 (X11; Linux x86_64) AppleWebKit/537.36 (KHTML, like Gecko) Chrome/83.0.4103.97 Safari/537.36"
54.191.245.254 - - [09/Sep/2021:13:47:10 +0000] "GET / HTTP/1.1" 200 41795 "-" "Mozilla/5.0 (X11; Linux x86_64) AppleWebKit/537.36 (KHTML, like Gecko) Chrome/83.0.4103.97 Safari/537.36"
18.236.182.151 - - [09/Sep/2021:13:47:12 +0000] "GET / HTTP/1.1" 200 41795 "-" "Mozilla/5.0 (X11; Linux x86_64) AppleWebKit/537.36 (KHTML, like Gecko) Chrome/83.0.4103.97 Safari/537.36"
54.186.206.208 - - [09/Sep/2021:13:47:20 +0000] "GET /favicon.ico HTTP/1.1" 404 209 "-" "Mozilla/5.0 (X11; Linux x86_64) AppleWebKit/537.36 (KHTML, like Gecko) Chrome/83.0.4103.97 Safari/537.36"
54.186.206.208 - - [09/Sep/2021:13:47:23 +0000] "GET / HTTP/1.1" 200 41795 "-" "Mozilla/5.0 (X11; Linux x86_64) AppleWebKit/537.36 (KHTML, like Gecko) Chrome/83.0.4103.97 Safari/537.36"
54.148.30.169 - - [09/Sep/2021:13:47:34 +0000] "GET /favicon.ico HTTP/1.1" 301 244 "-" "Mozilla/5.0 (X11; Linux x86_64) AppleWebKit/537.36 (KHTML, like Gecko) Chrome/83.0.4103.97 Safari/537.36"
54.148.30.169 - - [09/Sep/2021:13:47:37 +0000] "GET / HTTP/1.1" 301 233 "-" "Mozilla/5.0 (X11; Linux x86_64) AppleWebKit/537.36 (KHTML, like Gecko) Chrome/83.0.4103.97 Safari/537.36"
54.148.30.169 - - [09/Sep/2021:13:47:38 +0000] "GET / HTTP/1.1" 200 41795 "http://travelsleads.com" "Mozilla/5.0 (X11; Linux x86_64) AppleWebKit/537.36 (KHTML, like Gecko) Chrome/83.0.4103.97 Safari/537.36"
66.249.75.211 - - [09/Sep/2021:13:55:18 +0000] "GET /package-amazing-north-east-package-cost-9680-per-person.html HTTP/1.1" 200 39681 "-" "Mozilla/5.0 (Linux; Android 6.0.1; Nexus 5X Build/MMB29P) AppleWebKit/537.36 (KHTML, like Gecko) Chrome/92.0.4515.119 Mobile Safari/537.36 (compatible; Googlebot/2.1; +http://www.google.com/bot.html)"
114.119.139.172 - - [09/Sep/2021:15:02:24 +0000] "GET /package-magical-andamans-honeymoon-package-on-request.html HTTP/1.1" 200 43609 "-" "Mozilla/5.0 (Linux; Android 7.0;) AppleWebKit/537.36 (KHTML, like Gecko) Mobile Safari/537.36 (compatible; PetalBot;+https://webmaster.petalsearch.com/site/petalbot)"
66.249.75.213 - - [09/Sep/2021:15:06:57 +0000] "GET /package-affordable-bali-on-request.html HTTP/1.1" 200 34009 "-" "Mozilla/5.0 (compatible; Googlebot/2.1; +http://www.google.com/bot.html)"
66.249.75.215 - - [09/Sep/2021:16:18:50 +0000] "GET /package-amazing-north-east-package-cost-9680-per-person.html HTTP/1.1" 200 39681 "-" "Mozilla/5.0 (compatible; Googlebot/2.1; +http://www.google.com/bot.html)"
114.119.159.19 - - [09/Sep/2021:16:38:54 +0000] "GET /destination-thailand-package.html HTTP/1.1" 200 35318 "-" "Mozilla/5.0 (Linux; Android 7.0;) AppleWebKit/537.36 (KHTML, like Gecko) Mobile Safari/537.36 (compatible; PetalBot;+https://webmaster.petalsearch.com/site/petalbot)"
207.46.13.113 - - [09/Sep/2021:16:46:08 +0000] "GET /package-best-thailand-on-request.html HTTP/1.1" 200 32620 "-" "Mozilla/5.0 (compatible; bingbot/2.0; +http://www.bing.com/bingbot.htm)"
54.36.149.71 - - [09/Sep/2021:16:53:42 +0000] "GET /robots.txt HTTP/1.1" 404 208 "-" "Mozilla/5.0 (compatible; AhrefsBot/7.0; +http://ahrefs.com/robot/)"
54.36.148.128 - - [09/Sep/2021:16:53:43 +0000] "GET / HTTP/1.1" 200 41795 "-" "Mozilla/5.0 (compatible; AhrefsBot/7.0; +http://ahrefs.com/robot/)"
69.63.184.1 - - [09/Sep/2021:17:25:14 +0000] "GET /policy.html HTTP/1.1" 200 40506 "-" "facebookexternalhit/1.1 (+http://www.facebook.com/externalhit_uatext.php)"
114.119.159.197 - - [09/Sep/2021:17:27:26 +0000] "GET /uttarakhand-tour-packages-package.html HTTP/1.1" 200 35591 "-" "Mozilla/5.0 (Linux; Android 7.0;) AppleWebKit/537.36 (KHTML, like Gecko) Mobile Safari/537.36 (compatible; PetalBot;+https://webmaster.petalsearch.com/site/petalbot)"
54.36.148.2 - - [09/Sep/2021:17:28:44 +0000] "GET / HTTP/1.1" 200 41795 "-" "Mozilla/5.0 (compatible; AhrefsBot/7.0; +http://ahrefs.com/robot/)"
66.249.75.215 - - [09/Sep/2021:17:33:00 +0000] "GET /package-singapore-malaysia-package-on-request.html HTTP/1.1" 200 33283 "-" "Mozilla/5.0 (compatible; Googlebot/2.1; +http://www.google.com/bot.html)"
114.119.139.172 - - [09/Sep/2021:18:14:15 +0000] "GET /package-kashmir-soulful-on-request.html HTTP/1.1" 200 33644 "-" "Mozilla/5.0 (Linux; Android 7.0;) AppleWebKit/537.36 (KHTML, like Gecko) Mobile Safari/537.36 (compatible; PetalBot;+https://webmaster.petalsearch.com/site/petalbot)"
114.119.159.232 - - [09/Sep/2021:18:32:14 +0000] "GET /package-jaipur-delhi-cost-9718-per-person.html HTTP/1.1" 200 38492 "-" "Mozilla/5.0 (Linux; Android 7.0;) AppleWebKit/537.36 (KHTML, like Gecko) Mobile Safari/537.36 (compatible; PetalBot;+https://webmaster.petalsearch.com/site/petalbot)"
114.119.159.216 - - [09/Sep/2021:18:51:11 +0000] "GET /madhya-pradesh-tour-package.html HTTP/1.1" 200 36488 "-" "Mozilla/5.0 (Linux; Android 7.0;) AppleWebKit/537.36 (KHTML, like Gecko) Mobile Safari/537.36 (compatible; PetalBot;+https://webmaster.petalsearch.com/site/petalbot)"
198.204.234.252 - - [09/Sep/2021:18:54:58 +0000] "GET / HTTP/1.1" 200 41795 "http://www.google.com.hk" "Mozilla/5.0 (Windows NT 6.1; WOW64) AppleWebKit/537.36 (KHTML, like Gecko) Chrome/42.0.2311.90 Safari/537.36"
157.55.39.167 - - [09/Sep/2021:19:37:42 +0000] "GET / HTTP/1.1" 301 233 "-" "Mozilla/5.0 (compatible; bingbot/2.0; +http://www.bing.com/bingbot.htm)"
173.252.79.15 - - [09/Sep/2021:20:19:12 +0000] "GET /policy.html HTTP/1.1" 200 40506 "-" "facebookexternalhit/1.1 (+http://www.facebook.com/externalhit_uatext.php)"
66.249.75.215 - - [09/Sep/2021:20:23:41 +0000] "GET /form_new/css/jquery-ui.css HTTP/1.1" 200 32787 "https://travelsleads.com/form_new/index.php" "Mozilla/5.0 AppleWebKit/537.36 (KHTML, like Gecko; compatible; Googlebot/2.1; +http://www.google.com/bot.html) Chrome/92.0.4515.119 Safari/537.36"
173.252.127.22 - - [09/Sep/2021:22:07:48 +0000] "GET /policy.html HTTP/1.1" 200 40506 "-" "facebookexternalhit/1.1 (+http://www.facebook.com/externalhit_uatext.php)"
114.119.139.172 - - [09/Sep/2021:22:12:11 +0000] "GET /package-bhuj-tour-on-request.html HTTP/1.1" 200 32995 "-" "Mozilla/5.0 (Linux; Android 7.0;) AppleWebKit/537.36 (KHTML, like Gecko) Mobile Safari/537.36 (compatible; PetalBot;+https://webmaster.petalsearch.com/site/petalbot)"
157.55.39.116 - - [09/Sep/2021:22:23:27 +0000] "GET /package-affordable-bali-romantic-package-land-only-on-request.html HTTP/1.1" 200 34042 "-" "Mozilla/5.0 (compatible; bingbot/2.0; +http://www.bing.com/bingbot.htm)"
207.46.13.125 - - [09/Sep/2021:22:28:45 +0000] "GET /package-north-east-package-cherrapunjee-tour-cost-7070-per-person.html HTTP/1.1" 200 38827 "-" "Mozilla/5.0 (compatible; bingbot/2.0; +http://www.bing.com/bingbot.htm)"
114.119.159.234 - - [09/Sep/2021:22:31:49 +0000] "GET /jammu-and-kashmir-packages-package.html HTTP/1.1" 200 35396 "-" "Mozilla/5.0 (Linux; Android 7.0;) AppleWebKit/537.36 (KHTML, like Gecko) Mobile Safari/537.36 (compatible; PetalBot;+https://webmaster.petalsearch.com/site/petalbot)"
114.119.159.20 - - [09/Sep/2021:22:49:56 +0000] "GET /package-glimpse-of-andaman-trip-on-request.html HTTP/1.1" 200 42620 "-" "Mozilla/5.0 (Linux; Android 7.0;) AppleWebKit/537.36 (KHTML, like Gecko) Mobile Safari/537.36 (compatible; PetalBot;+https://webmaster.petalsearch.com/site/petalbot)"
173.252.127.113 - - [09/Sep/2021:23:20:07 +0000] "GET /policy.html HTTP/1.1" 200 40506 "-" "facebookexternalhit/1.1 (+http://www.facebook.com/externalhit_uatext.php)"
66.220.149.29 - - [09/Sep/2021:23:58:10 +0000] "GET /robots.txt HTTP/1.1" 301 243 "-" "facebookexternalhit/1.1 (+http://www.facebook.com/externalhit_uatext.php)"
66.220.149.29 - - [09/Sep/2021:23:58:11 +0000] "GET /robots.txt HTTP/1.1" 404 208 "-" "facebookexternalhit/1.1 (+http://www.facebook.com/externalhit_uatext.php)"
66.220.149.41 - - [09/Sep/2021:23:58:27 +0000] "GET /?fbclid=IwAR3dGMwpfJCCGazFG9fsGESKKt97s_GZ6-2w-VUrrU9umuRAfNj0FRMjKEo HTTP/1.1" 301 302 "-" "Mozilla/5.0 (Windows NT 10.0; Win64; x64) AppleWebKit/537.36 (KHTML, like Gecko) Chrome/93.0.4577.63 Safari/537.36 Edg/93.0.961.38"
66.220.149.17 - - [09/Sep/2021:23:58:28 +0000] "GET /?fbclid=IwAR3dGMwpfJCCGazFG9fsGESKKt97s_GZ6-2w-VUrrU9umuRAfNj0FRMjKEo HTTP/1.1" 200 41795 "-" "Mozilla/5.0 (Windows NT 10.0; Win64; x64) AppleWebKit/537.36 (KHTML, like Gecko) Chrome/93.0.4577.63 Safari/537.36 Edg/93.0.961.38"
66.220.149.27 - - [09/Sep/2021:23:58:29 +0000] "GET /css_new/style.css HTTP/1.1" 200 61631 "https://travelsleads.com/?fbclid=IwAR3dGMwpfJCCGazFG9fsGESKKt97s_GZ6-2w-VUrrU9umuRAfNj0FRMjKEo" "Mozilla/5.0 (Windows NT 10.0; Win64; x64) AppleWebKit/537.36 (KHTML, like Gecko) Chrome/93.0.4577.63 Safari/537.36 Edg/93.0.961.38"
66.220.149.28 - - [09/Sep/2021:23:58:29 +0000] "GET /css_new/font-awesome-4.7.0/css/font-awesome.min.css HTTP/1.1" 404 249 "https://travelsleads.com/?fbclid=IwAR3dGMwpfJCCGazFG9fsGESKKt97s_GZ6-2w-VUrrU9umuRAfNj0FRMjKEo" "Mozilla/5.0 (Windows NT 10.0; Win64; x64) AppleWebKit/537.36 (KHTML, like Gecko) Chrome/93.0.4577.63 Safari/537.36 Edg/93.0.961.38"
66.220.149.14 - - [09/Sep/2021:23:58:29 +0000] "GET /css_new/bootstrap.css HTTP/1.1" 200 121251 "https://travelsleads.com/?fbclid=IwAR3dGMwpfJCCGazFG9fsGESKKt97s_GZ6-2w-VUrrU9umuRAfNj0FRMjKEo" "Mozilla/5.0 (Windows NT 10.0; Win64; x64) AppleWebKit/537.36 (KHTML, like Gecko) Chrome/93.0.4577.63 Safari/537.36 Edg/93.0.961.38"
66.220.149.28 - - [09/Sep/2021:23:58:30 +0000] "GET /css_new/mont.css?family=Montserrat:400,700 HTTP/1.1" 200 3664 "https://travelsleads.com/?fbclid=IwAR3dGMwpfJCCGazFG9fsGESKKt97s_GZ6-2w-VUrrU9umuRAfNj0FRMjKEo" "Mozilla/5.0 (Windows NT 10.0; Win64; x64) AppleWebKit/537.36 (KHTML, like Gecko) Chrome/93.0.4577.63 Safari/537.36 Edg/93.0.961.38"
66.220.149.27 - - [09/Sep/2021:23:58:30 +0000] "GET /js_new/jquery-1.11.1.min.js HTTP/1.1" 200 95786 "https://travelsleads.com/?fbclid=IwAR3dGMwpfJCCGazFG9fsGESKKt97s_GZ6-2w-VUrrU9umuRAfNj0FRMjKEo" "Mozilla/5.0 (Windows NT 10.0; Win64; x64) AppleWebKit/537.36 (KHTML, like Gecko) Chrome/93.0.4577.63 Safari/537.36 Edg/93.0.961.38"
66.220.149.14 - - [09/Sep/2021:23:58:30 +0000] "GET /css_new/animate.css HTTP/1.1" 200 68760 "https://travelsleads.com/?fbclid=IwAR3dGMwpfJCCGazFG9fsGESKKt97s_GZ6-2w-VUrrU9umuRAfNj0FRMjKEo" "Mozilla/5.0 (Windows NT 10.0; Win64; x64) AppleWebKit/537.36 (KHTML, like Gecko) Chrome/93.0.4577.63 Safari/537.36 Edg/93.0.961.38"
66.220.149.28 - - [09/Sep/2021:23:58:31 +0000] "GET /js_new/login.js HTTP/1.1" 200 1160 "https://travelsleads.com/?fbclid=IwAR3dGMwpfJCCGazFG9fsGESKKt97s_GZ6-2w-VUrrU9umuRAfNj0FRMjKEo" "Mozilla/5.0 (Windows NT 10.0; Win64; x64) AppleWebKit/537.36 (KHTML, like Gecko) Chrome/93.0.4577.63 Safari/537.36 Edg/93.0.961.38"
66.220.149.28 - - [09/Sep/2021:23:58:32 +0000] "GET /js_new/jquery.easydropdown.js HTTP/1.1" 200 12390 "https://travelsleads.com/?fbclid=IwAR3dGMwpfJCCGazFG9fsGESKKt97s_GZ6-2w-VUrrU9umuRAfNj0FRMjKEo" "Mozilla/5.0 (Windows NT 10.0; Win64; x64) AppleWebKit/537.36 (KHTML, like Gecko) Chrome/93.0.4577.63 Safari/537.36 Edg/93.0.961.38"
66.220.149.14 - - [09/Sep/2021:23:58:32 +0000] "GET /js_new/wow.min.js HTTP/1.1" 200 4776 "https://travelsleads.com/?fbclid=IwAR3dGMwpfJCCGazFG9fsGESKKt97s_GZ6-2w-VUrrU9umuRAfNj0FRMjKEo" "Mozilla/5.0 (Windows NT 10.0; Win64; x64) AppleWebKit/537.36 (KHTML, like Gecko) Chrome/93.0.4577.63 Safari/537.36 Edg/93.0.961.38"
66.220.149.28 - - [09/Sep/2021:23:58:33 +0000] "GET /js_new/responsive-nav.js HTTP/1.1" 200 1268 "https://travelsleads.com/?fbclid=IwAR3dGMwpfJCCGazFG9fsGESKKt97s_GZ6-2w-VUrrU9umuRAfNj0FRMjKEo" "Mozilla/5.0 (Windows NT 10.0; Win64; x64) AppleWebKit/537.36 (KHTML, like Gecko) Chrome/93.0.4577.63 Safari/537.36 Edg/93.0.961.38"
66.220.149.14 - - [09/Sep/2021:23:58:33 +0000] "GET /images_new/logo.png HTTP/1.1" 200 36069 "https://travelsleads.com/?fbclid=IwAR3dGMwpfJCCGazFG9fsGESKKt97s_GZ6-2w-VUrrU9umuRAfNj0FRMjKEo" "Mozilla/5.0 (Windows NT 10.0; Win64; x64) AppleWebKit/537.36 (KHTML, like Gecko) Chrome/93.0.4577.63 Safari/537.36 Edg/93.0.961.38"
66.220.149.27 - - [09/Sep/2021:23:58:33 +0000] "GET /images_new/nav.png HTTP/1.1" 200 2881 "https://travelsleads.com/?fbclid=IwAR3dGMwpfJCCGazFG9fsGESKKt97s_GZ6-2w-VUrrU9umuRAfNj0FRMjKEo" "Mozilla/5.0 (Windows NT 10.0; Win64; x64) AppleWebKit/537.36 (KHTML, like Gecko) Chrome/93.0.4577.63 Safari/537.36 Edg/93.0.961.38"
66.220.149.17 - - [09/Sep/2021:23:58:34 +0000] "GET /form_new/index.php HTTP/1.1" 200 8596 "https://travelsleads.com/?fbclid=IwAR3dGMwpfJCCGazFG9fsGESKKt97s_GZ6-2w-VUrrU9umuRAfNj0FRMjKEo" "Mozilla/5.0 (Windows NT 10.0; Win64; x64) AppleWebKit/537.36 (KHTML, like Gecko) Chrome/93.0.4577.63 Safari/537.36 Edg/93.0.961.38"
66.220.149.14 - - [09/Sep/2021:23:58:34 +0000] "GET /img/1565470876a1.jpg HTTP/1.1" 200 33187 "https://travelsleads.com/?fbclid=IwAR3dGMwpfJCCGazFG9fsGESKKt97s_GZ6-2w-VUrrU9umuRAfNj0FRMjKEo" "Mozilla/5.0 (Windows NT 10.0; Win64; x64) AppleWebKit/537.36 (KHTML, like Gecko) Chrome/93.0.4577.63 Safari/537.36 Edg/93.0.961.38"
66.220.149.27 - - [09/Sep/2021:23:58:34 +0000] "GET /images_new/footer.jpg HTTP/1.1" 200 212463 "https://travelsleads.com/css_new/style.css" "Mozilla/5.0 (Windows NT 10.0; Win64; x64) AppleWebKit/537.36 (KHTML, like Gecko) Chrome/93.0.4577.63 Safari/537.36 Edg/93.0.961.38"
66.220.149.28 - - [09/Sep/2021:23:58:34 +0000] "GET /images/banner.jpg HTTP/1.1" 200 469630 "https://travelsleads.com/?fbclid=IwAR3dGMwpfJCCGazFG9fsGESKKt97s_GZ6-2w-VUrrU9umuRAfNj0FRMjKEo" "Mozilla/5.0 (Windows NT 10.0; Win64; x64) AppleWebKit/537.36 (KHTML, like Gecko) Chrome/93.0.4577.63 Safari/537.36 Edg/93.0.961.38"
66.220.149.43 - - [09/Sep/2021:23:58:35 +0000] "GET /form_new/css/wickedpicker.css HTTP/1.1" 200 3105 "https://travelsleads.com/form_new/index.php" "Mozilla/5.0 (Windows NT 10.0; Win64; x64) AppleWebKit/537.36 (KHTML, like Gecko) Chrome/93.0.4577.63 Safari/537.36 Edg/93.0.961.38"
66.220.149.14 - - [09/Sep/2021:23:58:35 +0000] "GET /img/1565471054a6.jpg HTTP/1.1" 200 34216 "https://travelsleads.com/?fbclid=IwAR3dGMwpfJCCGazFG9fsGESKKt97s_GZ6-2w-VUrrU9umuRAfNj0FRMjKEo" "Mozilla/5.0 (Windows NT 10.0; Win64; x64) AppleWebKit/537.36 (KHTML, like Gecko) Chrome/93.0.4577.63 Safari/537.36 Edg/93.0.961.38"
66.220.149.17 - - [09/Sep/2021:23:58:35 +0000] "GET /form_new/css/bootstrap.css HTTP/1.1" 200 142245 "https://travelsleads.com/form_new/index.php" "Mozilla/5.0 (Windows NT 10.0; Win64; x64) AppleWebKit/537.36 (KHTML, like Gecko) Chrome/93.0.4577.63 Safari/537.36 Edg/93.0.961.38"
157.55.39.169 - - [09/Sep/2021:23:58:35 +0000] "GET /robots.txt HTTP/1.1" 404 208 "-" "Mozilla/5.0 (compatible; bingbot/2.0; +http://www.bing.com/bingbot.htm)"
66.220.149.27 - - [09/Sep/2021:23:58:36 +0000] "GET /img/1565470845a2.jpg HTTP/1.1" 200 36403 "https://travelsleads.com/?fbclid=IwAR3dGMwpfJCCGazFG9fsGESKKt97s_GZ6-2w-VUrrU9umuRAfNj0FRMjKEo" "Mozilla/5.0 (Windows NT 10.0; Win64; x64) AppleWebKit/537.36 (KHTML, like Gecko) Chrome/93.0.4577.63 Safari/537.36 Edg/93.0.961.38"
66.220.149.43 - - [09/Sep/2021:23:58:36 +0000] "GET /img/1565470985a3.jpg HTTP/1.1" 200 35247 "https://travelsleads.com/?fbclid=IwAR3dGMwpfJCCGazFG9fsGESKKt97s_GZ6-2w-VUrrU9umuRAfNj0FRMjKEo" "Mozilla/5.0 (Windows NT 10.0; Win64; x64) AppleWebKit/537.36 (KHTML, like Gecko) Chrome/93.0.4577.63 Safari/537.36 Edg/93.0.961.38"
66.220.149.28 - - [09/Sep/2021:23:58:36 +0000] "GET /form_new/css/style.css?v1 HTTP/1.1" 200 6915 "https://travelsleads.com/form_new/index.php" "Mozilla/5.0 (Windows NT 10.0; Win64; x64) AppleWebKit/537.36 (KHTML, like Gecko) Chrome/93.0.4577.63 Safari/537.36 Edg/93.0.961.38"
157.55.39.169 - - [09/Sep/2021:23:58:36 +0000] "GET /robots.txt HTTP/1.1" 404 208 "-" "Mozilla/5.0 (compatible; bingbot/2.0; +http://www.bing.com/bingbot.htm)"
66.220.149.17 - - [09/Sep/2021:23:58:37 +0000] "GET /images/656e84e.jpg HTTP/1.1" 200 87284 "https://travelsleads.com/?fbclid=IwAR3dGMwpfJCCGazFG9fsGESKKt97s_GZ6-2w-VUrrU9umuRAfNj0FRMjKEo" "Mozilla/5.0 (X11; Linux x86_64) AppleWebKit/537.36 (KHTML, like Gecko) Chrome/92.0.4515.159 Safari/537.36"
157.55.39.167 - - [09/Sep/2021:23:58:48 +0000] "GET /nepal-tour-packages-package.html HTTP/1.1" 200 35464 "-" "Mozilla/5.0 (compatible; bingbot/2.0; +http://www.bing.com/bingbot.htm)"
