122.161.69.139 - - [16/Aug/2021:09:57:07 +0000] "GET /admin@indiahellotravels/css/responsive.css HTTP/1.1" 200 14089 "https://travelsleads.com/admin@indiahellotravels/index.php" "Mozilla/5.0 (Windows NT 10.0; Win64; x64) AppleWebKit/537.36 (KHTML, like Gecko) Chrome/92.0.4515.131 Safari/537.36"
122.161.69.139 - - [16/Aug/2021:09:57:07 +0000] "GET /admin@indiahellotravels/css/bootstrap.css HTTP/1.1" 200 121155 "https://travelsleads.com/admin@indiahellotravels/index.php" "Mozilla/5.0 (Windows NT 10.0; Win64; x64) AppleWebKit/537.36 (KHTML, like Gecko) Chrome/92.0.4515.131 Safari/537.36"
122.161.69.139 - - [16/Aug/2021:09:57:07 +0000] "GET /admin@indiahellotravels/images/login-logo.png HTTP/1.1" 200 17768 "https://travelsleads.com/admin@indiahellotravels/index.php" "Mozilla/5.0 (Windows NT 10.0; Win64; x64) AppleWebKit/537.36 (KHTML, like Gecko) Chrome/92.0.4515.131 Safari/537.36"
122.161.69.139 - - [16/Aug/2021:09:57:07 +0000] "GET /admin@indiahellotravels/images/login-img.png HTTP/1.1" 200 61506 "https://travelsleads.com/admin@indiahellotravels/index.php" "Mozilla/5.0 (Windows NT 10.0; Win64; x64) AppleWebKit/537.36 (KHTML, like Gecko) Chrome/92.0.4515.131 Safari/537.36"
122.161.69.139 - - [16/Aug/2021:09:57:07 +0000] "GET /admin@indiahellotravels/images/login_btn_bg.png HTTP/1.1" 200 1006 "https://travelsleads.com/admin@indiahellotravels/css/custom.css" "Mozilla/5.0 (Windows NT 10.0; Win64; x64) AppleWebKit/537.36 (KHTML, like Gecko) Chrome/92.0.4515.131 Safari/537.36"
122.161.69.139 - - [16/Aug/2021:09:57:07 +0000] "GET /favicon.ico HTTP/1.1" 404 209 "https://travelsleads.com/admin@indiahellotravels/index.php" "Mozilla/5.0 (Windows NT 10.0; Win64; x64) AppleWebKit/537.36 (KHTML, like Gecko) Chrome/92.0.4515.131 Safari/537.36"
122.161.69.139 - - [16/Aug/2021:09:57:28 +0000] "POST /admin@indiahellotravels/index.php HTTP/1.1" 200 1878 "https://travelsleads.com/admin@indiahellotravels/index.php" "Mozilla/5.0 (Windows NT 10.0; Win64; x64) AppleWebKit/537.36 (KHTML, like Gecko) Chrome/92.0.4515.131 Safari/537.36"
122.161.69.139 - - [16/Aug/2021:09:57:51 +0000] "POST /admin@indiahellotravels/index.php HTTP/1.1" 200 1878 "https://travelsleads.com/admin@indiahellotravels/index.php" "Mozilla/5.0 (Windows NT 10.0; Win64; x64) AppleWebKit/537.36 (KHTML, like Gecko) Chrome/92.0.4515.131 Safari/537.36"
122.161.69.139 - - [16/Aug/2021:09:58:00 +0000] "POST /admin@indiahellotravels/index.php HTTP/1.1" 200 1878 "https://travelsleads.com/admin@indiahellotravels/index.php" "Mozilla/5.0 (Windows NT 10.0; Win64; x64) AppleWebKit/537.36 (KHTML, like Gecko) Chrome/92.0.4515.131 Safari/537.36"
122.161.69.139 - - [16/Aug/2021:09:58:13 +0000] "POST /admin@indiahellotravels/index.php HTTP/1.1" 200 1878 "https://travelsleads.com/admin@indiahellotravels/index.php" "Mozilla/5.0 (Windows NT 10.0; Win64; x64) AppleWebKit/537.36 (KHTML, like Gecko) Chrome/92.0.4515.131 Safari/537.36"
122.161.69.139 - - [16/Aug/2021:09:58:26 +0000] "POST /admin@indiahellotravels/index.php HTTP/1.1" 200 1878 "https://travelsleads.com/admin@indiahellotravels/index.php" "Mozilla/5.0 (Windows NT 10.0; Win64; x64) AppleWebKit/537.36 (KHTML, like Gecko) Chrome/92.0.4515.131 Safari/537.36"
122.161.69.139 - - [16/Aug/2021:09:58:35 +0000] "POST /admin@indiahellotravels/index.php HTTP/1.1" 200 1878 "https://travelsleads.com/admin@indiahellotravels/index.php" "Mozilla/5.0 (Windows NT 10.0; Win64; x64) AppleWebKit/537.36 (KHTML, like Gecko) Chrome/92.0.4515.131 Safari/537.36"
122.161.69.139 - - [16/Aug/2021:09:58:47 +0000] "POST /admin@indiahellotravels/index.php HTTP/1.1" 200 1878 "https://travelsleads.com/admin@indiahellotravels/index.php" "Mozilla/5.0 (Windows NT 10.0; Win64; x64) AppleWebKit/537.36 (KHTML, like Gecko) Chrome/92.0.4515.131 Safari/537.36"
122.161.69.139 - - [16/Aug/2021:09:58:56 +0000] "POST /admin@indiahellotravels/index.php HTTP/1.1" 200 1878 "https://travelsleads.com/admin@indiahellotravels/index.php" "Mozilla/5.0 (Windows NT 10.0; Win64; x64) AppleWebKit/537.36 (KHTML, like Gecko) Chrome/92.0.4515.131 Safari/537.36"
122.161.69.139 - - [16/Aug/2021:09:59:23 +0000] "POST /admin@indiahellotravels/index.php HTTP/1.1" 200 1878 "https://travelsleads.com/admin@indiahellotravels/index.php" "Mozilla/5.0 (Windows NT 10.0; Win64; x64) AppleWebKit/537.36 (KHTML, like Gecko) Chrome/92.0.4515.131 Safari/537.36"
122.161.69.139 - - [16/Aug/2021:10:04:58 +0000] "POST /admin@indiahellotravels/index.php HTTP/1.1" 200 1878 "https://travelsleads.com/admin@indiahellotravels/index.php" "Mozilla/5.0 (Windows NT 10.0; Win64; x64) AppleWebKit/537.36 (KHTML, like Gecko) Chrome/92.0.4515.131 Safari/537.36"
122.161.69.139 - - [16/Aug/2021:10:14:20 +0000] "POST /admin@indiahellotravels/index.php HTTP/1.1" 200 1878 "https://travelsleads.com/admin@indiahellotravels/index.php" "Mozilla/5.0 (Windows NT 10.0; Win64; x64) AppleWebKit/537.36 (KHTML, like Gecko) Chrome/92.0.4515.131 Safari/537.36"
114.119.139.172 - - [16/Aug/2021:11:06:55 +0000] "GET /robots.txt HTTP/1.1" 404 208 "-" "Mozilla/5.0 (compatible;PetalBot;+https://webmaster.petalsearch.com/site/petalbot)"
122.161.69.139 - - [16/Aug/2021:11:10:50 +0000] "GET / HTTP/1.1" 200 41795 "-" "Mozilla/5.0 (Windows NT 10.0; Win64; x64) AppleWebKit/537.36 (KHTML, like Gecko) Chrome/92.0.4515.131 Safari/537.36"
122.161.69.139 - - [16/Aug/2021:11:10:50 +0000] "GET /css_new/font-awesome-4.7.0/css/font-awesome.min.css HTTP/1.1" 404 249 "https://travelsleads.com/" "Mozilla/5.0 (Windows NT 10.0; Win64; x64) AppleWebKit/537.36 (KHTML, like Gecko) Chrome/92.0.4515.131 Safari/537.36"
122.161.69.139 - - [16/Aug/2021:11:10:50 +0000] "GET /css_new/mont.css?family=Montserrat:400,700 HTTP/1.1" 200 3664 "https://travelsleads.com/" "Mozilla/5.0 (Windows NT 10.0; Win64; x64) AppleWebKit/537.36 (KHTML, like Gecko) Chrome/92.0.4515.131 Safari/537.36"
122.161.69.139 - - [16/Aug/2021:11:10:50 +0000] "GET /css_new/bootstrap.css HTTP/1.1" 200 121251 "https://travelsleads.com/" "Mozilla/5.0 (Windows NT 10.0; Win64; x64) AppleWebKit/537.36 (KHTML, like Gecko) Chrome/92.0.4515.131 Safari/537.36"
122.161.69.139 - - [16/Aug/2021:11:10:50 +0000] "GET /css_new/style.css HTTP/1.1" 200 61631 "https://travelsleads.com/" "Mozilla/5.0 (Windows NT 10.0; Win64; x64) AppleWebKit/537.36 (KHTML, like Gecko) Chrome/92.0.4515.131 Safari/537.36"
122.161.69.139 - - [16/Aug/2021:11:10:50 +0000] "GET /js_new/jquery.easydropdown.js HTTP/1.1" 200 12390 "https://travelsleads.com/" "Mozilla/5.0 (Windows NT 10.0; Win64; x64) AppleWebKit/537.36 (KHTML, like Gecko) Chrome/92.0.4515.131 Safari/537.36"
122.161.69.139 - - [16/Aug/2021:11:10:50 +0000] "GET /js_new/login.js HTTP/1.1" 200 1160 "https://travelsleads.com/" "Mozilla/5.0 (Windows NT 10.0; Win64; x64) AppleWebKit/537.36 (KHTML, like Gecko) Chrome/92.0.4515.131 Safari/537.36"
122.161.69.139 - - [16/Aug/2021:11:10:51 +0000] "GET /js_new/wow.min.js HTTP/1.1" 200 4776 "https://travelsleads.com/" "Mozilla/5.0 (Windows NT 10.0; Win64; x64) AppleWebKit/537.36 (KHTML, like Gecko) Chrome/92.0.4515.131 Safari/537.36"
122.161.69.139 - - [16/Aug/2021:11:10:50 +0000] "GET /js_new/jquery-1.11.1.min.js HTTP/1.1" 200 95786 "https://travelsleads.com/" "Mozilla/5.0 (Windows NT 10.0; Win64; x64) AppleWebKit/537.36 (KHTML, like Gecko) Chrome/92.0.4515.131 Safari/537.36"
122.161.69.139 - - [16/Aug/2021:11:10:50 +0000] "GET /css_new/animate.css HTTP/1.1" 200 68760 "https://travelsleads.com/" "Mozilla/5.0 (Windows NT 10.0; Win64; x64) AppleWebKit/537.36 (KHTML, like Gecko) Chrome/92.0.4515.131 Safari/537.36"
122.161.69.139 - - [16/Aug/2021:11:10:51 +0000] "GET /js_new/responsive-nav.js HTTP/1.1" 200 1268 "https://travelsleads.com/" "Mozilla/5.0 (Windows NT 10.0; Win64; x64) AppleWebKit/537.36 (KHTML, like Gecko) Chrome/92.0.4515.131 Safari/537.36"
122.161.69.139 - - [16/Aug/2021:11:10:51 +0000] "GET /images_new/logo.png HTTP/1.1" 200 36069 "https://travelsleads.com/" "Mozilla/5.0 (Windows NT 10.0; Win64; x64) AppleWebKit/537.36 (KHTML, like Gecko) Chrome/92.0.4515.131 Safari/537.36"
122.161.69.139 - - [16/Aug/2021:11:10:51 +0000] "GET /images_new/nav.png HTTP/1.1" 200 2881 "https://travelsleads.com/" "Mozilla/5.0 (Windows NT 10.0; Win64; x64) AppleWebKit/537.36 (KHTML, like Gecko) Chrome/92.0.4515.131 Safari/537.36"
122.161.69.139 - - [16/Aug/2021:11:10:51 +0000] "GET /img/1565470876a1.jpg HTTP/1.1" 200 33187 "https://travelsleads.com/" "Mozilla/5.0 (Windows NT 10.0; Win64; x64) AppleWebKit/537.36 (KHTML, like Gecko) Chrome/92.0.4515.131 Safari/537.36"
122.161.69.139 - - [16/Aug/2021:11:10:51 +0000] "GET /img/1565471054a6.jpg HTTP/1.1" 200 34216 "https://travelsleads.com/" "Mozilla/5.0 (Windows NT 10.0; Win64; x64) AppleWebKit/537.36 (KHTML, like Gecko) Chrome/92.0.4515.131 Safari/537.36"
122.161.69.139 - - [16/Aug/2021:11:10:51 +0000] "GET /img/1565470845a2.jpg HTTP/1.1" 200 36403 "https://travelsleads.com/" "Mozilla/5.0 (Windows NT 10.0; Win64; x64) AppleWebKit/537.36 (KHTML, like Gecko) Chrome/92.0.4515.131 Safari/537.36"
122.161.69.139 - - [16/Aug/2021:11:10:51 +0000] "GET /img/1565470985a3.jpg HTTP/1.1" 200 35247 "https://travelsleads.com/" "Mozilla/5.0 (Windows NT 10.0; Win64; x64) AppleWebKit/537.36 (KHTML, like Gecko) Chrome/92.0.4515.131 Safari/537.36"
122.161.69.139 - - [16/Aug/2021:11:10:51 +0000] "GET /images/656e84e.jpg HTTP/1.1" 200 87284 "https://travelsleads.com/" "Mozilla/5.0 (Windows NT 10.0; Win64; x64) AppleWebKit/537.36 (KHTML, like Gecko) Chrome/92.0.4515.131 Safari/537.36"
122.161.69.139 - - [16/Aug/2021:11:10:51 +0000] "GET /images/tour-and-travel.jpg HTTP/1.1" 200 320106 "https://travelsleads.com/" "Mozilla/5.0 (Windows NT 10.0; Win64; x64) AppleWebKit/537.36 (KHTML, like Gecko) Chrome/92.0.4515.131 Safari/537.36"
122.161.69.139 - - [16/Aug/2021:11:10:51 +0000] "GET /images/banner.jpg HTTP/1.1" 200 469630 "https://travelsleads.com/" "Mozilla/5.0 (Windows NT 10.0; Win64; x64) AppleWebKit/537.36 (KHTML, like Gecko) Chrome/92.0.4515.131 Safari/537.36"
122.161.69.139 - - [16/Aug/2021:11:10:51 +0000] "GET /img/156648791011-512.png HTTP/1.1" 404 222 "https://travelsleads.com/" "Mozilla/5.0 (Windows NT 10.0; Win64; x64) AppleWebKit/537.36 (KHTML, like Gecko) Chrome/92.0.4515.131 Safari/537.36"
122.161.69.139 - - [16/Aug/2021:11:10:51 +0000] "GET /img/1566288705download.jpg HTTP/1.1" 200 4359 "https://travelsleads.com/" "Mozilla/5.0 (Windows NT 10.0; Win64; x64) AppleWebKit/537.36 (KHTML, like Gecko) Chrome/92.0.4515.131 Safari/537.36"
122.161.69.139 - - [16/Aug/2021:11:10:51 +0000] "GET /img/15677766845-1.jpg HTTP/1.1" 200 253671 "https://travelsleads.com/" "Mozilla/5.0 (Windows NT 10.0; Win64; x64) AppleWebKit/537.36 (KHTML, like Gecko) Chrome/92.0.4515.131 Safari/537.36"
122.161.69.139 - - [16/Aug/2021:11:10:51 +0000] "GET /img/15677747982-1.JPG HTTP/1.1" 200 172270 "https://travelsleads.com/" "Mozilla/5.0 (Windows NT 10.0; Win64; x64) AppleWebKit/537.36 (KHTML, like Gecko) Chrome/92.0.4515.131 Safari/537.36"
122.161.69.139 - - [16/Aug/2021:11:10:51 +0000] "GET /img/15677750783-1.jpg HTTP/1.1" 200 369607 "https://travelsleads.com/" "Mozilla/5.0 (Windows NT 10.0; Win64; x64) AppleWebKit/537.36 (KHTML, like Gecko) Chrome/92.0.4515.131 Safari/537.36"
122.161.69.139 - - [16/Aug/2021:11:10:51 +0000] "GET /img/15677759284-1.jpg HTTP/1.1" 200 332100 "https://travelsleads.com/" "Mozilla/5.0 (Windows NT 10.0; Win64; x64) AppleWebKit/537.36 (KHTML, like Gecko) Chrome/92.0.4515.131 Safari/537.36"
122.161.69.139 - - [16/Aug/2021:11:10:52 +0000] "GET /form_new/index.php HTTP/1.1" 200 8596 "https://travelsleads.com/" "Mozilla/5.0 (Windows NT 10.0; Win64; x64) AppleWebKit/537.36 (KHTML, like Gecko) Chrome/92.0.4515.131 Safari/537.36"
122.161.69.139 - - [16/Aug/2021:11:10:52 +0000] "GET /img/15675260463-1.png HTTP/1.1" 200 277799 "https://travelsleads.com/" "Mozilla/5.0 (Windows NT 10.0; Win64; x64) AppleWebKit/537.36 (KHTML, like Gecko) Chrome/92.0.4515.131 Safari/537.36"
122.161.69.139 - - [16/Aug/2021:11:10:52 +0000] "GET /img/1577693110nepal.jpg HTTP/1.1" 200 219034 "https://travelsleads.com/" "Mozilla/5.0 (Windows NT 10.0; Win64; x64) AppleWebKit/537.36 (KHTML, like Gecko) Chrome/92.0.4515.131 Safari/537.36"
122.161.69.139 - - [16/Aug/2021:11:10:52 +0000] "GET /img/1577693739nepal.jfif HTTP/1.1" 200 864766 "https://travelsleads.com/" "Mozilla/5.0 (Windows NT 10.0; Win64; x64) AppleWebKit/537.36 (KHTML, like Gecko) Chrome/92.0.4515.131 Safari/537.36"
122.161.69.139 - - [16/Aug/2021:11:10:52 +0000] "GET /images_new/search.png HTTP/1.1" 404 219 "https://travelsleads.com/css_new/style.css" "Mozilla/5.0 (Windows NT 10.0; Win64; x64) AppleWebKit/537.36 (KHTML, like Gecko) Chrome/92.0.4515.131 Safari/537.36"
122.161.69.139 - - [16/Aug/2021:11:10:52 +0000] "GET /form_new/css/bootstrap.css HTTP/1.1" 200 142245 "https://travelsleads.com/form_new/index.php" "Mozilla/5.0 (Windows NT 10.0; Win64; x64) AppleWebKit/537.36 (KHTML, like Gecko) Chrome/92.0.4515.131 Safari/537.36"
122.161.69.139 - - [16/Aug/2021:11:10:52 +0000] "GET /form_new/css/wickedpicker.css HTTP/1.1" 200 3105 "https://travelsleads.com/form_new/index.php" "Mozilla/5.0 (Windows NT 10.0; Win64; x64) AppleWebKit/537.36 (KHTML, like Gecko) Chrome/92.0.4515.131 Safari/537.36"
122.161.69.139 - - [16/Aug/2021:11:10:52 +0000] "GET /form_new/css/style.css?v1 HTTP/1.1" 200 6915 "https://travelsleads.com/form_new/index.php" "Mozilla/5.0 (Windows NT 10.0; Win64; x64) AppleWebKit/537.36 (KHTML, like Gecko) Chrome/92.0.4515.131 Safari/537.36"
122.161.69.139 - - [16/Aug/2021:11:10:52 +0000] "GET /form_new/css/jquery-ui.css HTTP/1.1" 200 32787 "https://travelsleads.com/form_new/index.php" "Mozilla/5.0 (Windows NT 10.0; Win64; x64) AppleWebKit/537.36 (KHTML, like Gecko) Chrome/92.0.4515.131 Safari/537.36"
122.161.69.139 - - [16/Aug/2021:11:10:52 +0000] "GET /form_new/js/jquery.min.js HTTP/1.1" 200 95992 "https://travelsleads.com/form_new/index.php" "Mozilla/5.0 (Windows NT 10.0; Win64; x64) AppleWebKit/537.36 (KHTML, like Gecko) Chrome/92.0.4515.131 Safari/537.36"
122.161.69.139 - - [16/Aug/2021:11:10:53 +0000] "GET /form_new/js/move-top.js HTTP/1.1" 200 1330 "https://travelsleads.com/form_new/index.php" "Mozilla/5.0 (Windows NT 10.0; Win64; x64) AppleWebKit/537.36 (KHTML, like Gecko) Chrome/92.0.4515.131 Safari/537.36"
122.161.69.139 - - [16/Aug/2021:11:10:53 +0000] "GET /form_new/js/jquery-ui.js HTTP/1.1" 200 450163 "https://travelsleads.com/form_new/index.php" "Mozilla/5.0 (Windows NT 10.0; Win64; x64) AppleWebKit/537.36 (KHTML, like Gecko) Chrome/92.0.4515.131 Safari/537.36"
122.161.69.139 - - [16/Aug/2021:11:10:53 +0000] "GET /form_new/js/easing.js HTTP/1.1" 200 4759 "https://travelsleads.com/form_new/index.php" "Mozilla/5.0 (Windows NT 10.0; Win64; x64) AppleWebKit/537.36 (KHTML, like Gecko) Chrome/92.0.4515.131 Safari/537.36"
122.161.69.139 - - [16/Aug/2021:11:10:52 +0000] "GET /img/1577692896nepal.jpg HTTP/1.1" 200 874558 "https://travelsleads.com/" "Mozilla/5.0 (Windows NT 10.0; Win64; x64) AppleWebKit/537.36 (KHTML, like Gecko) Chrome/92.0.4515.131 Safari/537.36"
122.161.69.139 - - [16/Aug/2021:11:10:53 +0000] "GET /form_new/js/wickedpicker.js HTTP/1.1" 200 13743 "https://travelsleads.com/form_new/index.php" "Mozilla/5.0 (Windows NT 10.0; Win64; x64) AppleWebKit/537.36 (KHTML, like Gecko) Chrome/92.0.4515.131 Safari/537.36"
122.161.69.139 - - [16/Aug/2021:11:10:53 +0000] "GET /images_new/img-sprite.png HTTP/1.1" 200 26716 "https://travelsleads.com/css_new/style.css" "Mozilla/5.0 (Windows NT 10.0; Win64; x64) AppleWebKit/537.36 (KHTML, like Gecko) Chrome/92.0.4515.131 Safari/537.36"
122.161.69.139 - - [16/Aug/2021:11:10:53 +0000] "GET /images_new/footer.jpg HTTP/1.1" 200 212463 "https://travelsleads.com/css_new/style.css" "Mozilla/5.0 (Windows NT 10.0; Win64; x64) AppleWebKit/537.36 (KHTML, like Gecko) Chrome/92.0.4515.131 Safari/537.36"
122.161.69.139 - - [16/Aug/2021:11:10:53 +0000] "GET /form_new/images_new/date-icon.png HTTP/1.1" 404 231 "https://travelsleads.com/form_new/css/style.css?v1" "Mozilla/5.0 (Windows NT 10.0; Win64; x64) AppleWebKit/537.36 (KHTML, like Gecko) Chrome/92.0.4515.131 Safari/537.36"
66.249.79.163 - - [16/Aug/2021:11:11:47 +0000] "GET /img/15672415811-1.jpg HTTP/1.1" 200 1290990 "-" "Googlebot-Image/1.0"
54.36.149.70 - - [16/Aug/2021:11:21:20 +0000] "GET / HTTP/1.1" 200 41795 "-" "Mozilla/5.0 (compatible; AhrefsBot/7.0; +http://ahrefs.com/robot/)"
114.119.139.172 - - [16/Aug/2021:12:22:21 +0000] "GET /package-magical-andamans-honeymoon-package-on-request.html HTTP/1.1" 200 43609 "-" "Mozilla/5.0 (Linux; Android 7.0;) AppleWebKit/537.36 (KHTML, like Gecko) Mobile Safari/537.36 (compatible; PetalBot;+https://webmaster.petalsearch.com/site/petalbot)"
31.13.115.117 - - [16/Aug/2021:12:42:27 +0000] "GET /?fbclid=IwAR1ZrXlBcfY5BBqfcY6WIttNShOawsfGY6zZqj_Jop66_c4urFgUBW-bSVk HTTP/1.1" 200 41795 "-" "Mozilla/5.0 (X11; Linux x86_64) AppleWebKit/537.36 (KHTML, like Gecko) Chrome/92.0.4515.107 Safari/537.36"
31.13.115.13 - - [16/Aug/2021:12:42:28 +0000] "GET /css_new/style.css HTTP/1.1" 200 61631 "https://travelsleads.com/?fbclid=IwAR1ZrXlBcfY5BBqfcY6WIttNShOawsfGY6zZqj_Jop66_c4urFgUBW-bSVk" "Mozilla/5.0 (X11; Linux x86_64) AppleWebKit/537.36 (KHTML, like Gecko) Chrome/92.0.4515.107 Safari/537.36"
31.13.115.113 - - [16/Aug/2021:12:42:28 +0000] "GET /css_new/font-awesome-4.7.0/css/font-awesome.min.css HTTP/1.1" 404 249 "https://travelsleads.com/?fbclid=IwAR1ZrXlBcfY5BBqfcY6WIttNShOawsfGY6zZqj_Jop66_c4urFgUBW-bSVk" "Mozilla/5.0 (X11; Linux x86_64) AppleWebKit/537.36 (KHTML, like Gecko) Chrome/92.0.4515.107 Safari/537.36"
31.13.115.6 - - [16/Aug/2021:12:42:28 +0000] "GET /css_new/bootstrap.css HTTP/1.1" 200 121251 "https://travelsleads.com/?fbclid=IwAR1ZrXlBcfY5BBqfcY6WIttNShOawsfGY6zZqj_Jop66_c4urFgUBW-bSVk" "Mozilla/5.0 (X11; Linux x86_64) AppleWebKit/537.36 (KHTML, like Gecko) Chrome/92.0.4515.107 Safari/537.36"
31.13.115.113 - - [16/Aug/2021:12:42:29 +0000] "GET /css_new/mont.css?family=Montserrat:400,700 HTTP/1.1" 200 3664 "https://travelsleads.com/?fbclid=IwAR1ZrXlBcfY5BBqfcY6WIttNShOawsfGY6zZqj_Jop66_c4urFgUBW-bSVk" "Mozilla/5.0 (X11; Linux x86_64) AppleWebKit/537.36 (KHTML, like Gecko) Chrome/92.0.4515.107 Safari/537.36"
31.13.115.13 - - [16/Aug/2021:12:42:29 +0000] "GET /css_new/animate.css HTTP/1.1" 200 68760 "https://travelsleads.com/?fbclid=IwAR1ZrXlBcfY5BBqfcY6WIttNShOawsfGY6zZqj_Jop66_c4urFgUBW-bSVk" "Mozilla/5.0 (X11; Linux x86_64) AppleWebKit/537.36 (KHTML, like Gecko) Chrome/92.0.4515.107 Safari/537.36"
31.13.115.6 - - [16/Aug/2021:12:42:29 +0000] "GET /js_new/jquery-1.11.1.min.js HTTP/1.1" 200 95786 "https://travelsleads.com/?fbclid=IwAR1ZrXlBcfY5BBqfcY6WIttNShOawsfGY6zZqj_Jop66_c4urFgUBW-bSVk" "Mozilla/5.0 (X11; Linux x86_64) AppleWebKit/537.36 (KHTML, like Gecko) Chrome/92.0.4515.107 Safari/537.36"
31.13.115.113 - - [16/Aug/2021:12:42:29 +0000] "GET /js_new/login.js HTTP/1.1" 200 1160 "https://travelsleads.com/?fbclid=IwAR1ZrXlBcfY5BBqfcY6WIttNShOawsfGY6zZqj_Jop66_c4urFgUBW-bSVk" "Mozilla/5.0 (X11; Linux x86_64) AppleWebKit/537.36 (KHTML, like Gecko) Chrome/92.0.4515.107 Safari/537.36"
31.13.115.13 - - [16/Aug/2021:12:42:30 +0000] "GET /js_new/jquery.easydropdown.js HTTP/1.1" 200 12390 "https://travelsleads.com/?fbclid=IwAR1ZrXlBcfY5BBqfcY6WIttNShOawsfGY6zZqj_Jop66_c4urFgUBW-bSVk" "Mozilla/5.0 (X11; Linux x86_64) AppleWebKit/537.36 (KHTML, like Gecko) Chrome/92.0.4515.107 Safari/537.36"
31.13.115.113 - - [16/Aug/2021:12:42:30 +0000] "GET /js_new/wow.min.js HTTP/1.1" 200 4776 "https://travelsleads.com/?fbclid=IwAR1ZrXlBcfY5BBqfcY6WIttNShOawsfGY6zZqj_Jop66_c4urFgUBW-bSVk" "Mozilla/5.0 (X11; Linux x86_64) AppleWebKit/537.36 (KHTML, like Gecko) Chrome/92.0.4515.107 Safari/537.36"
31.13.115.13 - - [16/Aug/2021:12:42:30 +0000] "GET /js_new/responsive-nav.js HTTP/1.1" 200 1268 "https://travelsleads.com/?fbclid=IwAR1ZrXlBcfY5BBqfcY6WIttNShOawsfGY6zZqj_Jop66_c4urFgUBW-bSVk" "Mozilla/5.0 (X11; Linux x86_64) AppleWebKit/537.36 (KHTML, like Gecko) Chrome/92.0.4515.107 Safari/537.36"
31.13.115.113 - - [16/Aug/2021:12:42:31 +0000] "GET /images_new/logo.png HTTP/1.1" 200 36069 "https://travelsleads.com/?fbclid=IwAR1ZrXlBcfY5BBqfcY6WIttNShOawsfGY6zZqj_Jop66_c4urFgUBW-bSVk" "Mozilla/5.0 (X11; Linux x86_64) AppleWebKit/537.36 (KHTML, like Gecko) Chrome/92.0.4515.107 Safari/537.36"
31.13.115.6 - - [16/Aug/2021:12:42:31 +0000] "GET /images_new/nav.png HTTP/1.1" 200 2881 "https://travelsleads.com/?fbclid=IwAR1ZrXlBcfY5BBqfcY6WIttNShOawsfGY6zZqj_Jop66_c4urFgUBW-bSVk" "Mozilla/5.0 (X11; Linux x86_64) AppleWebKit/537.36 (KHTML, like Gecko) Chrome/92.0.4515.107 Safari/537.36"
31.13.115.117 - - [16/Aug/2021:12:42:31 +0000] "GET /form_new/index.php HTTP/1.1" 200 8596 "https://travelsleads.com/?fbclid=IwAR1ZrXlBcfY5BBqfcY6WIttNShOawsfGY6zZqj_Jop66_c4urFgUBW-bSVk" "Mozilla/5.0 (X11; Linux x86_64) AppleWebKit/537.36 (KHTML, like Gecko) Chrome/92.0.4515.107 Safari/537.36"
31.13.115.13 - - [16/Aug/2021:12:42:31 +0000] "GET /images/banner.jpg HTTP/1.1" 200 469630 "https://travelsleads.com/?fbclid=IwAR1ZrXlBcfY5BBqfcY6WIttNShOawsfGY6zZqj_Jop66_c4urFgUBW-bSVk" "Mozilla/5.0 (X11; Linux x86_64) AppleWebKit/537.36 (KHTML, like Gecko) Chrome/92.0.4515.107 Safari/537.36"
31.13.115.6 - - [16/Aug/2021:12:42:32 +0000] "GET /img/1565470876a1.jpg HTTP/1.1" 200 33187 "https://travelsleads.com/?fbclid=IwAR1ZrXlBcfY5BBqfcY6WIttNShOawsfGY6zZqj_Jop66_c4urFgUBW-bSVk" "Mozilla/5.0 (X11; Linux x86_64) AppleWebKit/537.36 (KHTML, like Gecko) Chrome/92.0.4515.107 Safari/537.36"
31.13.115.113 - - [16/Aug/2021:12:42:32 +0000] "GET /images_new/footer.jpg HTTP/1.1" 200 212463 "https://travelsleads.com/css_new/style.css" "Mozilla/5.0 (X11; Linux x86_64) AppleWebKit/537.36 (KHTML, like Gecko) Chrome/92.0.4515.107 Safari/537.36"
31.13.115.17 - - [16/Aug/2021:12:42:32 +0000] "GET /form_new/css/wickedpicker.css HTTP/1.1" 200 3105 "https://travelsleads.com/form_new/index.php" "Mozilla/5.0 (X11; Linux x86_64) AppleWebKit/537.36 (KHTML, like Gecko) Chrome/92.0.4515.107 Safari/537.36"
31.13.115.117 - - [16/Aug/2021:12:42:32 +0000] "GET /form_new/css/bootstrap.css HTTP/1.1" 200 142245 "https://travelsleads.com/form_new/index.php" "Mozilla/5.0 (X11; Linux x86_64) AppleWebKit/537.36 (KHTML, like Gecko) Chrome/92.0.4515.107 Safari/537.36"
31.13.115.6 - - [16/Aug/2021:12:42:32 +0000] "GET /img/1565471054a6.jpg HTTP/1.1" 200 34216 "https://travelsleads.com/?fbclid=IwAR1ZrXlBcfY5BBqfcY6WIttNShOawsfGY6zZqj_Jop66_c4urFgUBW-bSVk" "Mozilla/5.0 (X11; Linux x86_64) AppleWebKit/537.36 (KHTML, like Gecko) Chrome/92.0.4515.107 Safari/537.36"
31.13.115.13 - - [16/Aug/2021:12:42:33 +0000] "GET /img/1565470845a2.jpg HTTP/1.1" 200 36403 "https://travelsleads.com/?fbclid=IwAR1ZrXlBcfY5BBqfcY6WIttNShOawsfGY6zZqj_Jop66_c4urFgUBW-bSVk" "Mozilla/5.0 (X11; Linux x86_64) AppleWebKit/537.36 (KHTML, like Gecko) Chrome/92.0.4515.107 Safari/537.36"
31.13.115.17 - - [16/Aug/2021:12:42:33 +0000] "GET /form_new/css/style.css?v1 HTTP/1.1" 200 6915 "https://travelsleads.com/form_new/index.php" "Mozilla/5.0 (X11; Linux x86_64) AppleWebKit/537.36 (KHTML, like Gecko) Chrome/92.0.4515.107 Safari/537.36"
31.13.115.113 - - [16/Aug/2021:12:42:33 +0000] "GET /img/1565470985a3.jpg HTTP/1.1" 200 35247 "https://travelsleads.com/?fbclid=IwAR1ZrXlBcfY5BBqfcY6WIttNShOawsfGY6zZqj_Jop66_c4urFgUBW-bSVk" "Mozilla/5.0 (X11; Linux x86_64) AppleWebKit/537.36 (KHTML, like Gecko) Chrome/92.0.4515.107 Safari/537.36"
31.13.115.117 - - [16/Aug/2021:12:42:33 +0000] "GET /form_new/css/jquery-ui.css HTTP/1.1" 200 32787 "https://travelsleads.com/form_new/index.php" "Mozilla/5.0 (X11; Linux x86_64) AppleWebKit/537.36 (KHTML, like Gecko) Chrome/92.0.4515.107 Safari/537.36"
31.13.115.6 - - [16/Aug/2021:12:42:33 +0000] "GET /img/156648791011-512.png HTTP/1.1" 404 222 "https://travelsleads.com/?fbclid=IwAR1ZrXlBcfY5BBqfcY6WIttNShOawsfGY6zZqj_Jop66_c4urFgUBW-bSVk" "Mozilla/5.0 (X11; Linux x86_64) AppleWebKit/537.36 (KHTML, like Gecko) Chrome/92.0.4515.107 Safari/537.36"
31.13.115.17 - - [16/Aug/2021:12:42:33 +0000] "GET /form_new/js/jquery.min.js HTTP/1.1" 200 95992 "https://travelsleads.com/form_new/index.php" "Mozilla/5.0 (X11; Linux x86_64) AppleWebKit/537.36 (KHTML, like Gecko) Chrome/92.0.4515.107 Safari/537.36"
31.13.115.13 - - [16/Aug/2021:12:42:33 +0000] "GET /images_new/search.png HTTP/1.1" 404 219 "https://travelsleads.com/css_new/style.css" "Mozilla/5.0 (X11; Linux x86_64) AppleWebKit/537.36 (KHTML, like Gecko) Chrome/92.0.4515.107 Safari/537.36"
31.13.115.117 - - [16/Aug/2021:12:42:34 +0000] "GET /form_new/js/move-top.js HTTP/1.1" 200 1330 "https://travelsleads.com/form_new/index.php" "Mozilla/5.0 (X11; Linux x86_64) AppleWebKit/537.36 (KHTML, like Gecko) Chrome/92.0.4515.107 Safari/537.36"
31.13.115.113 - - [16/Aug/2021:12:42:34 +0000] "GET /images/tour-and-travel.jpg HTTP/1.1" 200 320106 "https://travelsleads.com/?fbclid=IwAR1ZrXlBcfY5BBqfcY6WIttNShOawsfGY6zZqj_Jop66_c4urFgUBW-bSVk" "Mozilla/5.0 (X11; Linux x86_64) AppleWebKit/537.36 (KHTML, like Gecko) Chrome/92.0.4515.107 Safari/537.36"
31.13.115.6 - - [16/Aug/2021:12:42:34 +0000] "GET /img/15677766845-1.jpg HTTP/1.1" 200 253671 "https://travelsleads.com/?fbclid=IwAR1ZrXlBcfY5BBqfcY6WIttNShOawsfGY6zZqj_Jop66_c4urFgUBW-bSVk" "Mozilla/5.0 (X11; Linux x86_64) AppleWebKit/537.36 (KHTML, like Gecko) Chrome/92.0.4515.107 Safari/537.36"
31.13.115.17 - - [16/Aug/2021:12:42:35 +0000] "GET /form_new/js/easing.js HTTP/1.1" 200 4759 "https://travelsleads.com/form_new/index.php" "Mozilla/5.0 (X11; Linux x86_64) AppleWebKit/537.36 (KHTML, like Gecko) Chrome/92.0.4515.107 Safari/537.36"
31.13.115.13 - - [16/Aug/2021:12:42:34 +0000] "GET /img/15677759284-1.jpg HTTP/1.1" 200 332100 "https://travelsleads.com/?fbclid=IwAR1ZrXlBcfY5BBqfcY6WIttNShOawsfGY6zZqj_Jop66_c4urFgUBW-bSVk" "Mozilla/5.0 (X11; Linux x86_64) AppleWebKit/537.36 (KHTML, like Gecko) Chrome/92.0.4515.107 Safari/537.36"
31.13.115.113 - - [16/Aug/2021:12:42:35 +0000] "GET /images/656e84e.jpg HTTP/1.1" 200 87284 "https://travelsleads.com/?fbclid=IwAR1ZrXlBcfY5BBqfcY6WIttNShOawsfGY6zZqj_Jop66_c4urFgUBW-bSVk" "Mozilla/5.0 (X11; Linux x86_64) AppleWebKit/537.36 (KHTML, like Gecko) Chrome/92.0.4515.107 Safari/537.36"
31.13.115.17 - - [16/Aug/2021:12:42:35 +0000] "GET /form_new/js/wickedpicker.js HTTP/1.1" 200 13743 "https://travelsleads.com/form_new/index.php" "Mozilla/5.0 (X11; Linux x86_64) AppleWebKit/537.36 (KHTML, like Gecko) Chrome/92.0.4515.107 Safari/537.36"
31.13.115.117 - - [16/Aug/2021:12:42:35 +0000] "GET /form_new/js/jquery-ui.js HTTP/1.1" 200 450163 "https://travelsleads.com/form_new/index.php" "Mozilla/5.0 (X11; Linux x86_64) AppleWebKit/537.36 (KHTML, like Gecko) Chrome/92.0.4515.107 Safari/537.36"
31.13.115.13 - - [16/Aug/2021:12:42:35 +0000] "GET /img/15677747982-1.JPG HTTP/1.1" 200 172270 "https://travelsleads.com/?fbclid=IwAR1ZrXlBcfY5BBqfcY6WIttNShOawsfGY6zZqj_Jop66_c4urFgUBW-bSVk" "Mozilla/5.0 (X11; Linux x86_64) AppleWebKit/537.36 (KHTML, like Gecko) Chrome/92.0.4515.107 Safari/537.36"
31.13.115.6 - - [16/Aug/2021:12:42:35 +0000] "GET /img/15677750783-1.jpg HTTP/1.1" 200 369607 "https://travelsleads.com/?fbclid=IwAR1ZrXlBcfY5BBqfcY6WIttNShOawsfGY6zZqj_Jop66_c4urFgUBW-bSVk" "Mozilla/5.0 (X11; Linux x86_64) AppleWebKit/537.36 (KHTML, like Gecko) Chrome/92.0.4515.107 Safari/537.36"
31.13.115.117 - - [16/Aug/2021:12:42:36 +0000] "GET /form_new/images_new/date-icon.png HTTP/1.1" 404 231 "https://travelsleads.com/form_new/css/style.css?v1" "Mozilla/5.0 (X11; Linux x86_64) AppleWebKit/537.36 (KHTML, like Gecko) Chrome/92.0.4515.107 Safari/537.36"
31.13.115.113 - - [16/Aug/2021:12:42:36 +0000] "GET /img/1577693739nepal.jfif HTTP/1.1" 200 864766 "https://travelsleads.com/?fbclid=IwAR1ZrXlBcfY5BBqfcY6WIttNShOawsfGY6zZqj_Jop66_c4urFgUBW-bSVk" "Mozilla/5.0 (X11; Linux x86_64) AppleWebKit/537.36 (KHTML, like Gecko) Chrome/92.0.4515.107 Safari/537.36"
31.13.115.13 - - [16/Aug/2021:12:42:37 +0000] "GET /img/15675260463-1.png HTTP/1.1" 200 277799 "https://travelsleads.com/?fbclid=IwAR1ZrXlBcfY5BBqfcY6WIttNShOawsfGY6zZqj_Jop66_c4urFgUBW-bSVk" "Mozilla/5.0 (X11; Linux x86_64) AppleWebKit/537.36 (KHTML, like Gecko) Chrome/92.0.4515.107 Safari/537.36"
31.13.115.6 - - [16/Aug/2021:12:42:37 +0000] "GET /img/1577692896nepal.jpg HTTP/1.1" 200 874558 "https://travelsleads.com/?fbclid=IwAR1ZrXlBcfY5BBqfcY6WIttNShOawsfGY6zZqj_Jop66_c4urFgUBW-bSVk" "Mozilla/5.0 (X11; Linux x86_64) AppleWebKit/537.36 (KHTML, like Gecko) Chrome/92.0.4515.107 Safari/537.36"
31.13.115.113 - - [16/Aug/2021:12:42:38 +0000] "GET /img/1577693110nepal.jpg HTTP/1.1" 200 219034 "https://travelsleads.com/?fbclid=IwAR1ZrXlBcfY5BBqfcY6WIttNShOawsfGY6zZqj_Jop66_c4urFgUBW-bSVk" "Mozilla/5.0 (X11; Linux x86_64) AppleWebKit/537.36 (KHTML, like Gecko) Chrome/92.0.4515.107 Safari/537.36"
31.13.115.13 - - [16/Aug/2021:12:42:38 +0000] "GET /images_new/img-sprite.png HTTP/1.1" 200 26716 "https://travelsleads.com/css_new/style.css" "Mozilla/5.0 (X11; Linux x86_64) AppleWebKit/537.36 (KHTML, like Gecko) Chrome/92.0.4515.107 Safari/537.36"
31.13.115.6 - - [16/Aug/2021:12:42:38 +0000] "GET /img/1566288705download.jpg HTTP/1.1" 200 4359 "https://travelsleads.com/?fbclid=IwAR1ZrXlBcfY5BBqfcY6WIttNShOawsfGY6zZqj_Jop66_c4urFgUBW-bSVk" "Mozilla/5.0 (X11; Linux x86_64) AppleWebKit/537.36 (KHTML, like Gecko) Chrome/92.0.4515.107 Safari/537.36"
31.13.115.113 - - [16/Aug/2021:12:42:39 +0000] "GET /favicon.ico HTTP/1.1" 404 209 "https://travelsleads.com/?fbclid=IwAR1ZrXlBcfY5BBqfcY6WIttNShOawsfGY6zZqj_Jop66_c4urFgUBW-bSVk" "Mozilla/5.0 (X11; Linux x86_64) AppleWebKit/537.36 (KHTML, like Gecko) Chrome/92.0.4515.107 Safari/537.36"
31.13.115.119 - - [16/Aug/2021:12:42:52 +0000] "GET /form_new/images/cal.png HTTP/1.1" 404 221 "https://travelsleads.com/form_new/css/jquery-ui.css" "Mozilla/5.0 (X11; Linux x86_64) AppleWebKit/537.36 (KHTML, like Gecko) Chrome/92.0.4515.107 Safari/537.36"
31.13.115.13 - - [16/Aug/2021:12:42:52 +0000] "GET /form_new/images/cal1.png HTTP/1.1" 404 222 "https://travelsleads.com/form_new/css/jquery-ui.css" "Mozilla/5.0 (X11; Linux x86_64) AppleWebKit/537.36 (KHTML, like Gecko) Chrome/92.0.4515.107 Safari/537.36"
173.252.127.27 - - [16/Aug/2021:12:43:02 +0000] "GET /img/1565470876a1.jpg HTTP/1.1" 200 33187 "-" "adreview/1.0"
65.20.252.252 - - [16/Aug/2021:12:45:50 +0000] "GET /contact.html HTTP/1.0" 200 33451 "-" "Mozilla/5.0 (Windows NT 6.2; Win64; x64; rv:61.0) Gecko/20100101 Firefox/61.0"
65.20.252.252 - - [16/Aug/2021:12:46:03 +0000] "POST /contact.html HTTP/1.0" 200 33561 "https://travelsleads.com/contact.html" "Mozilla/5.0 (Windows NT 6.2; Win64; x64; rv:61.0) Gecko/20100101 Firefox/61.0"
114.119.159.228 - - [16/Aug/2021:13:08:57 +0000] "GET /package-rajkot-tour-on-request.html HTTP/1.1" 200 32509 "-" "Mozilla/5.0 (Linux; Android 7.0;) AppleWebKit/537.36 (KHTML, like Gecko) Mobile Safari/537.36 (compatible; PetalBot;+https://webmaster.petalsearch.com/site/petalbot)"
54.191.168.143 - - [16/Aug/2021:13:23:26 +0000] "GET / HTTP/1.1" 301 233 "-" "Mozilla/5.0 (X11; Linux x86_64) AppleWebKit/537.36 (KHTML, like Gecko) Chrome/83.0.4103.97 Safari/537.36"
54.191.168.143 - - [16/Aug/2021:13:23:32 +0000] "GET / HTTP/1.1" 200 41795 "-" "Mozilla/5.0 (X11; Linux x86_64) AppleWebKit/537.36 (KHTML, like Gecko) Chrome/83.0.4103.97 Safari/537.36"
40.77.167.67 - - [16/Aug/2021:13:24:15 +0000] "GET /package-kerala-package-tour-on-request.html HTTP/1.1" 200 34051 "-" "Mozilla/5.0 (compatible; bingbot/2.0; +http://www.bing.com/bingbot.htm)"
52.42.22.225 - - [16/Aug/2021:13:24:22 +0000] "GET /favicon.ico HTTP/1.1" 301 244 "-" "Mozilla/5.0 (X11; Linux x86_64) AppleWebKit/537.36 (KHTML, like Gecko) Chrome/83.0.4103.97 Safari/537.36"
52.42.22.225 - - [16/Aug/2021:13:24:27 +0000] "GET / HTTP/1.1" 301 233 "-" "Mozilla/5.0 (X11; Linux x86_64) AppleWebKit/537.36 (KHTML, like Gecko) Chrome/83.0.4103.97 Safari/537.36"
69.171.249.16 - - [16/Aug/2021:13:29:59 +0000] "GET /policy.html HTTP/1.1" 200 40506 "-" "facebookexternalhit/1.1 (+http://www.facebook.com/externalhit_uatext.php)"
114.119.159.228 - - [16/Aug/2021:13:31:49 +0000] "GET /package-amazing-north-east-package-cost-9680-per-person.html HTTP/1.1" 200 39681 "-" "Mozilla/5.0 (Linux; Android 7.0;) AppleWebKit/537.36 (KHTML, like Gecko) Mobile Safari/537.36 (compatible; PetalBot;+https://webmaster.petalsearch.com/site/petalbot)"
54.36.149.36 - - [16/Aug/2021:13:59:01 +0000] "GET / HTTP/1.1" 200 41795 "-" "Mozilla/5.0 (compatible; AhrefsBot/7.0; +http://ahrefs.com/robot/)"
114.119.159.228 - - [16/Aug/2021:14:19:06 +0000] "GET /package-kerala-package-tour-on-request.html HTTP/1.1" 200 34051 "-" "Mozilla/5.0 (Linux; Android 7.0;) AppleWebKit/537.36 (KHTML, like Gecko) Mobile Safari/537.36 (compatible; PetalBot;+https://webmaster.petalsearch.com/site/petalbot)"
207.244.230.205 - - [16/Aug/2021:14:40:52 +0000] "GET / HTTP/1.1" 301 233 "-" "colly - https://github.com/gocolly/colly/v2"
207.244.230.205 - - [16/Aug/2021:14:40:53 +0000] "GET / HTTP/1.1" 200 41795 "http://travelsleads.com" "colly - https://github.com/gocolly/colly/v2"
207.244.230.205 - - [16/Aug/2021:14:41:29 +0000] "GET /images_new/logo.png HTTP/1.1" 200 36069 "-" "Go-http-client/1.1"
209.126.5.104 - - [16/Aug/2021:16:05:15 +0000] "GET /wp-login.php HTTP/1.1" 301 245 "-" "Mozilla/5.0 (X11; Ubuntu; Linux x86_64; rv:62.0) Gecko/20100101 Firefox/62.0"
209.126.5.104 - - [16/Aug/2021:16:05:16 +0000] "GET /wp-login.php HTTP/1.1" 404 210 "http://travelsleads.com/wp-login.php" "Mozilla/5.0 (X11; Ubuntu; Linux x86_64; rv:62.0) Gecko/20100101 Firefox/62.0"
157.55.39.174 - - [16/Aug/2021:16:12:49 +0000] "GET /package-thailand-02-pattaya-02-bangkok-on-request.html HTTP/1.1" 200 32486 "-" "Mozilla/5.0 (compatible; bingbot/2.0; +http://www.bing.com/bingbot.htm)"
69.63.184.120 - - [16/Aug/2021:16:22:49 +0000] "GET /policy.html HTTP/1.1" 200 40506 "-" "facebookexternalhit/1.1 (+http://www.facebook.com/externalhit_uatext.php)"
114.119.159.19 - - [16/Aug/2021:16:48:39 +0000] "GET /package-mauritius-and-unlimited-romance-on-request.html HTTP/1.1" 200 32553 "-" "Mozilla/5.0 (Linux; Android 7.0;) AppleWebKit/537.36 (KHTML, like Gecko) Mobile Safari/537.36 (compatible; PetalBot;+https://webmaster.petalsearch.com/site/petalbot)"
66.249.79.166 - - [16/Aug/2021:17:56:34 +0000] "GET /package-cultural-heritage-tour-%7C-04-nts-05-day-on-request.html HTTP/1.1" 200 32263 "-" "Mozilla/5.0 (Linux; Android 6.0.1; Nexus 5X Build/MMB29P) AppleWebKit/537.36 (KHTML, like Gecko) Chrome/92.0.4515.119 Mobile Safari/537.36 (compatible; Googlebot/2.1; +http://www.google.com/bot.html)"
66.249.79.160 - - [16/Aug/2021:17:56:40 +0000] "GET /css_new/mont.css/css?family=Montserrat:400,700 HTTP/1.1" 404 218 "https://travelsleads.com/package-cultural-heritage-tour-%7C-04-nts-05-day-on-request.html" "Mozilla/5.0 (Linux; Android 6.0.1; Nexus 5X Build/MMB29P) AppleWebKit/537.36 (KHTML, like Gecko) Chrome/92.0.4515.119 Mobile Safari/537.36 (compatible; Googlebot/2.1; +http://www.google.com/bot.html)"
66.249.79.160 - - [16/Aug/2021:17:56:41 +0000] "GET /js_new/responsive-nav.js HTTP/1.1" 200 1268 "https://travelsleads.com/package-cultural-heritage-tour-%7C-04-nts-05-day-on-request.html" "Mozilla/5.0 (Linux; Android 6.0.1; Nexus 5X Build/MMB29P) AppleWebKit/537.36 (KHTML, like Gecko) Chrome/92.0.4515.119 Mobile Safari/537.36 (compatible; Googlebot/2.1; +http://www.google.com/bot.html)"
66.249.79.160 - - [16/Aug/2021:17:56:42 +0000] "GET /form_new/css/jquery-ui.css HTTP/1.1" 200 32787 "https://travelsleads.com/form_new/index.php" "Mozilla/5.0 (Linux; Android 6.0.1; Nexus 5X Build/MMB29P) AppleWebKit/537.36 (KHTML, like Gecko) Chrome/92.0.4515.119 Mobile Safari/537.36 (compatible; Googlebot/2.1; +http://www.google.com/bot.html)"
114.119.159.228 - - [16/Aug/2021:18:25:31 +0000] "GET /package-varanasi-allahabad-on-request.html HTTP/1.1" 200 32649 "-" "Mozilla/5.0 (Linux; Android 7.0;) AppleWebKit/537.36 (KHTML, like Gecko) Mobile Safari/537.36 (compatible; PetalBot;+https://webmaster.petalsearch.com/site/petalbot)"
216.19.195.2 - - [16/Aug/2021:18:43:36 +0000] "GET / HTTP/1.1" 200 41795 "https://www.google.com/" "Mozilla/5.0 (Macintosh; U; Intel Mac OS X 10.5; en-US; rv:1.9.1b3) Gecko/20090305 Firefox/3.1b3 GTB5"
66.249.79.160 - - [16/Aug/2021:18:46:46 +0000] "GET /package-delhi-mussoorie-corbett-nainital-on-request.html HTTP/1.1" 200 33930 "-" "Mozilla/5.0 (compatible; Googlebot/2.1; +http://www.google.com/bot.html)"
66.249.79.160 - - [16/Aug/2021:18:46:46 +0000] "GET /robots.txt HTTP/1.1" 404 208 "-" "Mozilla/5.0 (compatible; Googlebot/2.1; +http://www.google.com/bot.html)"
66.249.79.160 - - [16/Aug/2021:18:46:52 +0000] "GET /css_new/bootstrap.css HTTP/1.1" 200 121251 "https://travelsleads.com/package-delhi-mussoorie-corbett-nainital-on-request.html" "Mozilla/5.0 AppleWebKit/537.36 (KHTML, like Gecko; compatible; Googlebot/2.1; +http://www.google.com/bot.html) Chrome/92.0.4515.119 Safari/537.36"
66.249.79.160 - - [16/Aug/2021:18:46:57 +0000] "GET /js_new/jquery-1.11.1.min.js HTTP/1.1" 200 95786 "https://travelsleads.com/package-delhi-mussoorie-corbett-nainital-on-request.html" "Mozilla/5.0 AppleWebKit/537.36 (KHTML, like Gecko; compatible; Googlebot/2.1; +http://www.google.com/bot.html) Chrome/92.0.4515.119 Safari/537.36"
66.249.79.160 - - [16/Aug/2021:18:47:08 +0000] "GET /js_new/responsive-nav.js HTTP/1.1" 200 1268 "https://travelsleads.com/package-delhi-mussoorie-corbett-nainital-on-request.html" "Mozilla/5.0 AppleWebKit/537.36 (KHTML, like Gecko; compatible; Googlebot/2.1; +http://www.google.com/bot.html) Chrome/92.0.4515.119 Safari/537.36"
66.249.79.166 - - [16/Aug/2021:18:59:49 +0000] "GET /img/1567145333maxresdefault.jpg HTTP/1.1" 200 203602 "-" "Googlebot-Image/1.0"
173.252.127.119 - - [16/Aug/2021:19:02:15 +0000] "GET /policy.html HTTP/1.1" 200 40506 "-" "facebookexternalhit/1.1 (+http://www.facebook.com/externalhit_uatext.php)"
66.249.79.166 - - [16/Aug/2021:19:15:34 +0000] "GET /package-cultural-heritage-tour-%7C-04-nts-05-day-on-request.html HTTP/1.1" 200 32263 "-" "Mozilla/5.0 (compatible; Googlebot/2.1; +http://www.google.com/bot.html)"
66.249.79.160 - - [16/Aug/2021:19:15:47 +0000] "GET /js_new/jquery.easydropdown.js HTTP/1.1" 200 12390 "https://travelsleads.com/package-cultural-heritage-tour-%7C-04-nts-05-day-on-request.html" "Mozilla/5.0 AppleWebKit/537.36 (KHTML, like Gecko; compatible; Googlebot/2.1; +http://www.google.com/bot.html) Chrome/92.0.4515.119 Safari/537.36"
66.249.79.163 - - [16/Aug/2021:19:15:48 +0000] "GET /js_new/login.js HTTP/1.1" 200 1160 "https://travelsleads.com/package-cultural-heritage-tour-%7C-04-nts-05-day-on-request.html" "Mozilla/5.0 AppleWebKit/537.36 (KHTML, like Gecko; compatible; Googlebot/2.1; +http://www.google.com/bot.html) Chrome/92.0.4515.119 Safari/537.36"
66.249.79.163 - - [16/Aug/2021:19:15:50 +0000] "GET /form_new/index.php HTTP/1.1" 200 8596 "https://travelsleads.com/package-cultural-heritage-tour-%7C-04-nts-05-day-on-request.html" "Mozilla/5.0 AppleWebKit/537.36 (KHTML, like Gecko; compatible; Googlebot/2.1; +http://www.google.com/bot.html) Chrome/92.0.4515.119 Safari/537.36"
66.249.79.160 - - [16/Aug/2021:19:15:51 +0000] "GET /form_new/css/wickedpicker.css HTTP/1.1" 200 3105 "https://travelsleads.com/form_new/index.php" "Mozilla/5.0 AppleWebKit/537.36 (KHTML, like Gecko; compatible; Googlebot/2.1; +http://www.google.com/bot.html) Chrome/92.0.4515.119 Safari/537.36"
66.249.79.160 - - [16/Aug/2021:19:15:51 +0000] "GET /form_new/js/easing.js HTTP/1.1" 200 4759 "https://travelsleads.com/form_new/index.php" "Mozilla/5.0 AppleWebKit/537.36 (KHTML, like Gecko; compatible; Googlebot/2.1; +http://www.google.com/bot.html) Chrome/92.0.4515.119 Safari/537.36"
66.249.79.160 - - [16/Aug/2021:19:15:52 +0000] "GET /form_new/css/jquery-ui.css HTTP/1.1" 200 32787 "https://travelsleads.com/form_new/index.php" "Mozilla/5.0 AppleWebKit/537.36 (KHTML, like Gecko; compatible; Googlebot/2.1; +http://www.google.com/bot.html) Chrome/92.0.4515.119 Safari/537.36"
66.249.79.160 - - [16/Aug/2021:19:15:53 +0000] "GET /form_new/js/wickedpicker.js HTTP/1.1" 200 13743 "https://travelsleads.com/form_new/index.php" "Mozilla/5.0 AppleWebKit/537.36 (KHTML, like Gecko; compatible; Googlebot/2.1; +http://www.google.com/bot.html) Chrome/92.0.4515.119 Safari/537.36"
66.249.79.160 - - [16/Aug/2021:19:15:54 +0000] "GET /form_new/css/style.css?v1 HTTP/1.1" 200 6915 "https://travelsleads.com/form_new/index.php" "Mozilla/5.0 AppleWebKit/537.36 (KHTML, like Gecko; compatible; Googlebot/2.1; +http://www.google.com/bot.html) Chrome/92.0.4515.119 Safari/537.36"
54.36.148.163 - - [16/Aug/2021:19:21:29 +0000] "GET /robots.txt HTTP/1.1" 404 208 "-" "Mozilla/5.0 (compatible; AhrefsBot/7.0; +http://ahrefs.com/robot/)"
54.36.148.100 - - [16/Aug/2021:19:21:31 +0000] "GET / HTTP/1.1" 200 41795 "-" "Mozilla/5.0 (compatible; AhrefsBot/7.0; +http://ahrefs.com/robot/)"
114.119.159.228 - - [16/Aug/2021:19:21:42 +0000] "GET /package-temple-and-tiger-tour-on-ruquest.html HTTP/1.1" 200 32063 "-" "Mozilla/5.0 (Linux; Android 7.0;) AppleWebKit/537.36 (KHTML, like Gecko) Mobile Safari/537.36 (compatible; PetalBot;+https://webmaster.petalsearch.com/site/petalbot)"
66.249.79.166 - - [16/Aug/2021:19:23:47 +0000] "GET /img/15671628311-1.jpg HTTP/1.1" 200 143311 "-" "Googlebot-Image/1.0"
66.249.79.166 - - [16/Aug/2021:19:30:38 +0000] "GET /img/15671666656-1.jpg HTTP/1.1" 200 53075 "-" "Googlebot-Image/1.0"
54.39.29.64 - - [16/Aug/2021:19:33:22 +0000] "GET / HTTP/1.0" 301 233 "http://travelsleads.com/" "Mozilla/5.0 (Windows NT 10.0; Win64; x64) AppleWebKit/537.36 (KHTML, like Gecko) Chrome/83.0.4093.3 Safari/537.36"
54.39.29.64 - - [16/Aug/2021:19:33:23 +0000] "GET / HTTP/1.0" 200 41795 "https://travelsleads.com/" "Mozilla/5.0 (Windows NT 10.0; Win64; x64) AppleWebKit/537.36 (KHTML, like Gecko) Chrome/83.0.4093.3 Safari/537.36"
54.39.29.64 - - [16/Aug/2021:19:33:25 +0000] "GET /package-amazing-andaman-honeymoon-package-on-request.html HTTP/1.0" 200 40693 "https://travelsleads.com/package-amazing-andaman-honeymoon-package-on-request.html" "Mozilla/5.0 (Windows NT 10.0; Win64; x64) AppleWebKit/537.36 (KHTML, like Gecko) Chrome/83.0.4093.3 Safari/537.36"
114.119.159.19 - - [16/Aug/2021:19:54:05 +0000] "GET /leh-ladakh-package-package.html HTTP/1.1" 200 35620 "-" "Mozilla/5.0 (Linux; Android 7.0;) AppleWebKit/537.36 (KHTML, like Gecko) Mobile Safari/537.36 (compatible; PetalBot;+https://webmaster.petalsearch.com/site/petalbot)"
66.249.79.166 - - [16/Aug/2021:20:07:29 +0000] "GET /img/1577692896nepal.jpg HTTP/1.1" 200 874558 "-" "Googlebot-Image/1.0"
54.175.154.52 - - [16/Aug/2021:20:13:20 +0000] "GET / HTTP/1.1" 200 41795 "-" "Mozilla/5.0 (X11; Linux x86_64) AppleWebKit/537.36 (KHTML, like Gecko) Chrome/58.0.3029.110 Safari/537.36"
31.13.115.15 - - [16/Aug/2021:20:37:20 +0000] "GET /policy.html HTTP/1.1" 200 40506 "-" "facebookexternalhit/1.1 (+http://www.facebook.com/externalhit_uatext.php)"
144.86.173.135 - - [16/Aug/2021:21:08:00 +0000] "GET / HTTP/1.1" 301 233 "-" "Expanse, a Palo Alto Networks company, searches across the global IPv4 space multiple times per day to identify customers' presences on the Internet. If you would like to be excluded from our scans, please send IP addresses/domains to: scaninfo@paloaltonetworks.com"
207.46.13.124 - - [16/Aug/2021:21:55:20 +0000] "GET /package-chandigarh-manali-car-package-cost-16999-per-couple.html HTTP/1.1" 200 34109 "-" "Mozilla/5.0 (compatible; bingbot/2.0; +http://www.bing.com/bingbot.htm)"
54.39.29.64 - - [16/Aug/2021:23:45:45 +0000] "GET / HTTP/1.0" 301 233 "http://travelsleads.com/" "Mozilla/5.0 (Windows NT 10.0; ) AppleWebKit/537.36 (KHTML, like Gecko) Chrome/83.0.4103.34 Safari/537.36 Edg/83.0.478.25"
54.39.29.64 - - [16/Aug/2021:23:45:46 +0000] "GET / HTTP/1.0" 200 41795 "https://travelsleads.com/" "Mozilla/5.0 (Windows NT 10.0; ) AppleWebKit/537.36 (KHTML, like Gecko) Chrome/83.0.4103.34 Safari/537.36 Edg/83.0.478.25"
114.119.159.208 - - [16/Aug/2021:23:47:57 +0000] "GET /package-bali-family-getaway-land-only-on-request.html HTTP/1.1" 200 34226 "-" "Mozilla/5.0 (Linux; Android 7.0;) AppleWebKit/537.36 (KHTML, like Gecko) Mobile Safari/537.36 (compatible; PetalBot;+https://webmaster.petalsearch.com/site/petalbot)"
40.77.167.18 - - [16/Aug/2021:23:53:28 +0000] "GET /package-vadodara-tour-on-request.html HTTP/1.1" 200 32815 "-" "Mozilla/5.0 (compatible; bingbot/2.0; +http://www.bing.com/bingbot.htm)"
92.118.160.5 - - [17/Aug/2021:00:06:08 +0000] "GET / HTTP/1.1" 200 41795 "-" "NetSystemsResearch studies the availability of various services across the internet. Our website is netsystemsresearch.com"
114.119.159.197 - - [17/Aug/2021:00:26:55 +0000] "GET /package-glimpse-of-andaman-trip-on-request.html HTTP/1.1" 200 42620 "-" "Mozilla/5.0 (Linux; Android 7.0;) AppleWebKit/537.36 (KHTML, like Gecko) Mobile Safari/537.36 (compatible; PetalBot;+https://webmaster.petalsearch.com/site/petalbot)"
173.252.111.6 - - [17/Aug/2021:00:34:44 +0000] "GET /policy.html HTTP/1.1" 200 40506 "-" "facebookexternalhit/1.1 (+http://www.facebook.com/externalhit_uatext.php)"
114.119.159.20 - - [17/Aug/2021:00:47:17 +0000] "GET /package-jaipur-jodhpur-pushkar-cost-15055-per-person.html HTTP/1.1" 200 40752 "-" "Mozilla/5.0 (Linux; Android 7.0;) AppleWebKit/537.36 (KHTML, like Gecko) Mobile Safari/537.36 (compatible; PetalBot;+https://webmaster.petalsearch.com/site/petalbot)"
114.119.159.232 - - [17/Aug/2021:00:55:56 +0000] "GET /darjeeling-sikkim-packages-package.html HTTP/1.1" 200 34625 "-" "Mozilla/5.0 (Linux; Android 7.0;) AppleWebKit/537.36 (KHTML, like Gecko) Mobile Safari/537.36 (compatible; PetalBot;+https://webmaster.petalsearch.com/site/petalbot)"
114.119.159.197 - - [17/Aug/2021:01:29:57 +0000] "GET /package-destination-nepal-trip-on-request.html HTTP/1.1" 200 35251 "-" "Mozilla/5.0 (Linux; Android 7.0;) AppleWebKit/537.36 (KHTML, like Gecko) Mobile Safari/537.36 (compatible; PetalBot;+https://webmaster.petalsearch.com/site/petalbot)"
114.119.159.19 - - [17/Aug/2021:01:49:39 +0000] "GET /kerala-packages-package.html HTTP/1.1" 200 34396 "-" "Mozilla/5.0 (Linux; Android 7.0;) AppleWebKit/537.36 (KHTML, like Gecko) Mobile Safari/537.36 (compatible; PetalBot;+https://webmaster.petalsearch.com/site/petalbot)"
173.252.127.12 - - [17/Aug/2021:02:03:36 +0000] "GET /policy.html HTTP/1.1" 200 40506 "-" "facebookexternalhit/1.1 (+http://www.facebook.com/externalhit_uatext.php)"
207.46.13.185 - - [17/Aug/2021:02:25:14 +0000] "GET /destination-malaysia-tour-package.html HTTP/1.1" 200 33532 "-" "Mozilla/5.0 (compatible; bingbot/2.0; +http://www.bing.com/bingbot.htm)"
40.77.167.67 - - [17/Aug/2021:02:36:12 +0000] "GET /img/15672421613-1.jpg HTTP/1.1" 200 246217 "-" "Mozilla/5.0 (compatible; bingbot/2.0; +http://www.bing.com/bingbot.htm)"
69.63.189.120 - - [17/Aug/2021:03:45:46 +0000] "GET /policy.html HTTP/1.1" 200 40506 "-" "facebookexternalhit/1.1 (+http://www.facebook.com/externalhit_uatext.php)"
114.119.159.228 - - [17/Aug/2021:03:51:10 +0000] "GET /package-wonder-full-gangtok-cost-15700-per-person.html HTTP/1.1" 200 40014 "-" "Mozilla/5.0 (Linux; Android 7.0;) AppleWebKit/537.36 (KHTML, like Gecko) Mobile Safari/537.36 (compatible; PetalBot;+https://webmaster.petalsearch.com/site/petalbot)"
54.36.148.179 - - [17/Aug/2021:03:54:13 +0000] "GET /robots.txt HTTP/1.1" 404 208 "-" "Mozilla/5.0 (compatible; AhrefsBot/7.0; +http://ahrefs.com/robot/)"
54.36.148.107 - - [17/Aug/2021:03:54:14 +0000] "GET / HTTP/1.1" 200 41795 "-" "Mozilla/5.0 (compatible; AhrefsBot/7.0; +http://ahrefs.com/robot/)"
31.13.103.17 - - [17/Aug/2021:04:00:22 +0000] "GET /policy.html HTTP/1.1" 200 40506 "-" "facebookexternalhit/1.1 (+http://www.facebook.com/externalhit_uatext.php)"
114.119.159.19 - - [17/Aug/2021:04:21:44 +0000] "GET /nepal-tour-packages-package.html HTTP/1.1" 200 35464 "-" "Mozilla/5.0 (Linux; Android 7.0;) AppleWebKit/537.36 (KHTML, like Gecko) Mobile Safari/537.36 (compatible; PetalBot;+https://webmaster.petalsearch.com/site/petalbot)"
66.249.79.160 - - [17/Aug/2021:04:29:43 +0000] "GET /img/15748335211.jpg HTTP/1.1" 200 214818 "-" "Googlebot-Image/1.0"
54.36.148.142 - - [17/Aug/2021:04:34:15 +0000] "GET / HTTP/1.1" 200 41795 "-" "Mozilla/5.0 (compatible; AhrefsBot/7.0; +http://ahrefs.com/robot/)"
114.119.159.228 - - [17/Aug/2021:05:07:52 +0000] "GET /package-kashmir-soulful-on-request.html HTTP/1.1" 200 33644 "-" "Mozilla/5.0 (Linux; Android 7.0;) AppleWebKit/537.36 (KHTML, like Gecko) Mobile Safari/537.36 (compatible; PetalBot;+https://webmaster.petalsearch.com/site/petalbot)"
66.249.79.166 - - [17/Aug/2021:05:15:34 +0000] "GET /package-cultural-heritage-tour-%7C-04-nts-05-day-on-request.html HTTP/1.1" 200 32263 "-" "Mozilla/5.0 (Linux; Android 6.0.1; Nexus 5X Build/MMB29P) AppleWebKit/537.36 (KHTML, like Gecko) Chrome/92.0.4515.119 Mobile Safari/537.36 (compatible; Googlebot/2.1; +http://www.google.com/bot.html)"
66.249.79.166 - - [17/Aug/2021:05:16:17 +0000] "GET /css_new/mont.css/css?family=Montserrat:400,700 HTTP/1.1" 404 218 "https://travelsleads.com/package-cultural-heritage-tour-%7C-04-nts-05-day-on-request.html" "Mozilla/5.0 (Linux; Android 6.0.1; Nexus 5X Build/MMB29P) AppleWebKit/537.36 (KHTML, like Gecko) Chrome/92.0.4515.119 Mobile Safari/537.36 (compatible; Googlebot/2.1; +http://www.google.com/bot.html)"
66.249.79.160 - - [17/Aug/2021:05:16:40 +0000] "GET /form_new/js/move-top.js HTTP/1.1" 200 1330 "https://travelsleads.com/form_new/index.php" "Mozilla/5.0 (Linux; Android 6.0.1; Nexus 5X Build/MMB29P) AppleWebKit/537.36 (KHTML, like Gecko) Chrome/92.0.4515.119 Mobile Safari/537.36 (compatible; Googlebot/2.1; +http://www.google.com/bot.html)"
114.119.139.172 - - [17/Aug/2021:05:24:24 +0000] "GET /package-delhi-mussoorie-corbett-kausani-nainital-on-request-on-request.html HTTP/1.1" 200 32953 "-" "Mozilla/5.0 (Linux; Android 7.0;) AppleWebKit/537.36 (KHTML, like Gecko) Mobile Safari/537.36 (compatible; PetalBot;+https://webmaster.petalsearch.com/site/petalbot)"
13.66.139.1 - - [17/Aug/2021:05:28:48 +0000] "GET /robots.txt HTTP/1.1" 404 208 "-" "Mozilla/5.0 (compatible; bingbot/2.0; +http://www.bing.com/bingbot.htm)"
