54.36.148.223 - - [20/Aug/2021:09:51:15 +0000] "GET / HTTP/1.1" 200 41795 "-" "Mozilla/5.0 (compatible; AhrefsBot/7.0; +http://ahrefs.com/robot/)"
207.46.13.185 - - [20/Aug/2021:10:49:18 +0000] "GET /leh-ladakh-package-package.html HTTP/1.1" 200 35620 "-" "Mozilla/5.0 (compatible; bingbot/2.0; +http://www.bing.com/bingbot.htm)"
173.252.107.6 - - [20/Aug/2021:11:10:22 +0000] "GET /policy.html HTTP/1.1" 200 40506 "-" "facebookexternalhit/1.1 (+http://www.facebook.com/externalhit_uatext.php)"
173.252.127.119 - - [20/Aug/2021:11:33:14 +0000] "GET /policy.html HTTP/1.1" 200 40506 "-" "facebookexternalhit/1.1 (+http://www.facebook.com/externalhit_uatext.php)"
173.252.127.111 - - [20/Aug/2021:11:33:15 +0000] "GET /policy.html HTTP/1.1" 200 40506 "-" "facebookexternalhit/1.1 (+http://www.facebook.com/externalhit_uatext.php)"
173.252.127.3 - - [20/Aug/2021:11:33:15 +0000] "GET /policy.html HTTP/1.1" 200 40506 "-" "facebookexternalhit/1.1 (+http://www.facebook.com/externalhit_uatext.php)"
173.252.127.25 - - [20/Aug/2021:11:33:15 +0000] "GET /policy.html HTTP/1.1" 200 40506 "-" "facebookexternalhit/1.1 (+http://www.facebook.com/externalhit_uatext.php)"
173.252.127.12 - - [20/Aug/2021:11:33:15 +0000] "GET /policy.html HTTP/1.1" 200 40506 "-" "facebookexternalhit/1.1 (+http://www.facebook.com/externalhit_uatext.php)"
173.252.127.11 - - [20/Aug/2021:11:33:15 +0000] "GET /policy.html HTTP/1.1" 200 40506 "-" "facebookexternalhit/1.1 (+http://www.facebook.com/externalhit_uatext.php)"
173.252.127.118 - - [20/Aug/2021:11:33:16 +0000] "GET /policy.html HTTP/1.1" 200 40506 "-" "facebookexternalhit/1.1 (+http://www.facebook.com/externalhit_uatext.php)"
173.252.127.24 - - [20/Aug/2021:11:33:16 +0000] "GET /policy.html HTTP/1.1" 200 40506 "-" "facebookexternalhit/1.1 (+http://www.facebook.com/externalhit_uatext.php)"
69.171.251.10 - - [20/Aug/2021:11:33:16 +0000] "GET /policy.html HTTP/1.1" 200 40506 "-" "facebookexternalhit/1.1 (+http://www.facebook.com/externalhit_uatext.php)"
69.171.251.3 - - [20/Aug/2021:11:33:16 +0000] "GET /policy.html HTTP/1.1" 200 40506 "-" "facebookexternalhit/1.1 (+http://www.facebook.com/externalhit_uatext.php)"
173.252.127.14 - - [20/Aug/2021:11:33:16 +0000] "GET /policy.html HTTP/1.1" 200 40506 "-" "facebookexternalhit/1.1 (+http://www.facebook.com/externalhit_uatext.php)"
173.252.127.111 - - [20/Aug/2021:11:33:16 +0000] "GET /policy.html HTTP/1.1" 200 40506 "-" "facebookexternalhit/1.1 (+http://www.facebook.com/externalhit_uatext.php)"
69.171.251.117 - - [20/Aug/2021:11:33:17 +0000] "GET /policy.html HTTP/1.1" 200 40506 "-" "facebookexternalhit/1.1 (+http://www.facebook.com/externalhit_uatext.php)"
173.252.127.4 - - [20/Aug/2021:11:33:17 +0000] "GET /policy.html HTTP/1.1" 200 40506 "-" "facebookexternalhit/1.1 (+http://www.facebook.com/externalhit_uatext.php)"
173.252.127.25 - - [20/Aug/2021:11:33:18 +0000] "GET /policy.html HTTP/1.1" 200 40506 "-" "facebookexternalhit/1.1 (+http://www.facebook.com/externalhit_uatext.php)"
173.252.111.1 - - [20/Aug/2021:11:33:26 +0000] "GET /policy.html HTTP/1.1" 200 40506 "-" "facebookexternalhit/1.1 (+http://www.facebook.com/externalhit_uatext.php)"
122.161.76.26 - - [20/Aug/2021:12:29:28 +0000] "GET / HTTP/1.1" 200 41795 "-" "Mozilla/5.0 (Windows NT 10.0; Win64; x64) AppleWebKit/537.36 (KHTML, like Gecko) Chrome/92.0.4515.159 Safari/537.36"
122.161.76.26 - - [20/Aug/2021:12:29:28 +0000] "GET /css_new/bootstrap.css HTTP/1.1" 200 121251 "https://travelsleads.com/" "Mozilla/5.0 (Windows NT 10.0; Win64; x64) AppleWebKit/537.36 (KHTML, like Gecko) Chrome/92.0.4515.159 Safari/537.36"
122.161.76.26 - - [20/Aug/2021:12:29:28 +0000] "GET /css_new/font-awesome-4.7.0/css/font-awesome.min.css HTTP/1.1" 404 249 "https://travelsleads.com/" "Mozilla/5.0 (Windows NT 10.0; Win64; x64) AppleWebKit/537.36 (KHTML, like Gecko) Chrome/92.0.4515.159 Safari/537.36"
122.161.76.26 - - [20/Aug/2021:12:29:28 +0000] "GET /css_new/style.css HTTP/1.1" 200 61631 "https://travelsleads.com/" "Mozilla/5.0 (Windows NT 10.0; Win64; x64) AppleWebKit/537.36 (KHTML, like Gecko) Chrome/92.0.4515.159 Safari/537.36"
122.161.76.26 - - [20/Aug/2021:12:29:28 +0000] "GET /css_new/mont.css?family=Montserrat:400,700 HTTP/1.1" 200 3664 "https://travelsleads.com/" "Mozilla/5.0 (Windows NT 10.0; Win64; x64) AppleWebKit/537.36 (KHTML, like Gecko) Chrome/92.0.4515.159 Safari/537.36"
122.161.76.26 - - [20/Aug/2021:12:29:28 +0000] "GET /js_new/login.js HTTP/1.1" 200 1160 "https://travelsleads.com/" "Mozilla/5.0 (Windows NT 10.0; Win64; x64) AppleWebKit/537.36 (KHTML, like Gecko) Chrome/92.0.4515.159 Safari/537.36"
122.161.76.26 - - [20/Aug/2021:12:29:28 +0000] "GET /js_new/jquery.easydropdown.js HTTP/1.1" 200 12390 "https://travelsleads.com/" "Mozilla/5.0 (Windows NT 10.0; Win64; x64) AppleWebKit/537.36 (KHTML, like Gecko) Chrome/92.0.4515.159 Safari/537.36"
122.161.76.26 - - [20/Aug/2021:12:29:28 +0000] "GET /js_new/wow.min.js HTTP/1.1" 200 4776 "https://travelsleads.com/" "Mozilla/5.0 (Windows NT 10.0; Win64; x64) AppleWebKit/537.36 (KHTML, like Gecko) Chrome/92.0.4515.159 Safari/537.36"
122.161.76.26 - - [20/Aug/2021:12:29:28 +0000] "GET /css_new/animate.css HTTP/1.1" 200 68760 "https://travelsleads.com/" "Mozilla/5.0 (Windows NT 10.0; Win64; x64) AppleWebKit/537.36 (KHTML, like Gecko) Chrome/92.0.4515.159 Safari/537.36"
122.161.76.26 - - [20/Aug/2021:12:29:28 +0000] "GET /js_new/jquery-1.11.1.min.js HTTP/1.1" 200 95786 "https://travelsleads.com/" "Mozilla/5.0 (Windows NT 10.0; Win64; x64) AppleWebKit/537.36 (KHTML, like Gecko) Chrome/92.0.4515.159 Safari/537.36"
122.161.76.26 - - [20/Aug/2021:12:29:28 +0000] "GET /js_new/responsive-nav.js HTTP/1.1" 200 1268 "https://travelsleads.com/" "Mozilla/5.0 (Windows NT 10.0; Win64; x64) AppleWebKit/537.36 (KHTML, like Gecko) Chrome/92.0.4515.159 Safari/537.36"
122.161.76.26 - - [20/Aug/2021:12:29:28 +0000] "GET /images_new/nav.png HTTP/1.1" 200 2881 "https://travelsleads.com/" "Mozilla/5.0 (Windows NT 10.0; Win64; x64) AppleWebKit/537.36 (KHTML, like Gecko) Chrome/92.0.4515.159 Safari/537.36"
122.161.76.26 - - [20/Aug/2021:12:29:28 +0000] "GET /img/1565470876a1.jpg HTTP/1.1" 200 33187 "https://travelsleads.com/" "Mozilla/5.0 (Windows NT 10.0; Win64; x64) AppleWebKit/537.36 (KHTML, like Gecko) Chrome/92.0.4515.159 Safari/537.36"
122.161.76.26 - - [20/Aug/2021:12:29:28 +0000] "GET /img/1565471054a6.jpg HTTP/1.1" 200 34216 "https://travelsleads.com/" "Mozilla/5.0 (Windows NT 10.0; Win64; x64) AppleWebKit/537.36 (KHTML, like Gecko) Chrome/92.0.4515.159 Safari/537.36"
122.161.76.26 - - [20/Aug/2021:12:29:28 +0000] "GET /images/656e84e.jpg HTTP/1.1" 200 87284 "https://travelsleads.com/" "Mozilla/5.0 (Windows NT 10.0; Win64; x64) AppleWebKit/537.36 (KHTML, like Gecko) Chrome/92.0.4515.159 Safari/537.36"
122.161.76.26 - - [20/Aug/2021:12:29:28 +0000] "GET /images/tour-and-travel.jpg HTTP/1.1" 200 320106 "https://travelsleads.com/" "Mozilla/5.0 (Windows NT 10.0; Win64; x64) AppleWebKit/537.36 (KHTML, like Gecko) Chrome/92.0.4515.159 Safari/537.36"
122.161.76.26 - - [20/Aug/2021:12:29:28 +0000] "GET /form_new/index.php HTTP/1.1" 200 8596 "https://travelsleads.com/" "Mozilla/5.0 (Windows NT 10.0; Win64; x64) AppleWebKit/537.36 (KHTML, like Gecko) Chrome/92.0.4515.159 Safari/537.36"
122.161.76.26 - - [20/Aug/2021:12:29:28 +0000] "GET /img/1565470845a2.jpg HTTP/1.1" 200 36403 "https://travelsleads.com/" "Mozilla/5.0 (Windows NT 10.0; Win64; x64) AppleWebKit/537.36 (KHTML, like Gecko) Chrome/92.0.4515.159 Safari/537.36"
122.161.76.26 - - [20/Aug/2021:12:29:28 +0000] "GET /img/1565470985a3.jpg HTTP/1.1" 200 35247 "https://travelsleads.com/" "Mozilla/5.0 (Windows NT 10.0; Win64; x64) AppleWebKit/537.36 (KHTML, like Gecko) Chrome/92.0.4515.159 Safari/537.36"
122.161.76.26 - - [20/Aug/2021:12:29:28 +0000] "GET /img/156648791011-512.png HTTP/1.1" 404 222 "https://travelsleads.com/" "Mozilla/5.0 (Windows NT 10.0; Win64; x64) AppleWebKit/537.36 (KHTML, like Gecko) Chrome/92.0.4515.159 Safari/537.36"
122.161.76.26 - - [20/Aug/2021:12:29:28 +0000] "GET /images/banner.jpg HTTP/1.1" 200 469630 "https://travelsleads.com/" "Mozilla/5.0 (Windows NT 10.0; Win64; x64) AppleWebKit/537.36 (KHTML, like Gecko) Chrome/92.0.4515.159 Safari/537.36"
122.161.76.26 - - [20/Aug/2021:12:29:28 +0000] "GET /images_new/logo.png HTTP/1.1" 200 36069 "https://travelsleads.com/" "Mozilla/5.0 (Windows NT 10.0; Win64; x64) AppleWebKit/537.36 (KHTML, like Gecko) Chrome/92.0.4515.159 Safari/537.36"
122.161.76.26 - - [20/Aug/2021:12:29:29 +0000] "GET /img/1566288705download.jpg HTTP/1.1" 200 4359 "https://travelsleads.com/" "Mozilla/5.0 (Windows NT 10.0; Win64; x64) AppleWebKit/537.36 (KHTML, like Gecko) Chrome/92.0.4515.159 Safari/537.36"
122.161.76.26 - - [20/Aug/2021:12:29:29 +0000] "GET /img/15677766845-1.jpg HTTP/1.1" 200 253671 "https://travelsleads.com/" "Mozilla/5.0 (Windows NT 10.0; Win64; x64) AppleWebKit/537.36 (KHTML, like Gecko) Chrome/92.0.4515.159 Safari/537.36"
122.161.76.26 - - [20/Aug/2021:12:29:29 +0000] "GET /form_new/css/bootstrap.css HTTP/1.1" 200 142245 "https://travelsleads.com/form_new/index.php" "Mozilla/5.0 (Windows NT 10.0; Win64; x64) AppleWebKit/537.36 (KHTML, like Gecko) Chrome/92.0.4515.159 Safari/537.36"
122.161.76.26 - - [20/Aug/2021:12:29:29 +0000] "GET /form_new/css/wickedpicker.css HTTP/1.1" 200 3105 "https://travelsleads.com/form_new/index.php" "Mozilla/5.0 (Windows NT 10.0; Win64; x64) AppleWebKit/537.36 (KHTML, like Gecko) Chrome/92.0.4515.159 Safari/537.36"
122.161.76.26 - - [20/Aug/2021:12:29:29 +0000] "GET /form_new/css/style.css?v1 HTTP/1.1" 200 6915 "https://travelsleads.com/form_new/index.php" "Mozilla/5.0 (Windows NT 10.0; Win64; x64) AppleWebKit/537.36 (KHTML, like Gecko) Chrome/92.0.4515.159 Safari/537.36"
122.161.76.26 - - [20/Aug/2021:12:29:29 +0000] "GET /form_new/js/jquery.min.js HTTP/1.1" 200 95992 "https://travelsleads.com/form_new/index.php" "Mozilla/5.0 (Windows NT 10.0; Win64; x64) AppleWebKit/537.36 (KHTML, like Gecko) Chrome/92.0.4515.159 Safari/537.36"
122.161.76.26 - - [20/Aug/2021:12:29:29 +0000] "GET /form_new/css/jquery-ui.css HTTP/1.1" 200 32787 "https://travelsleads.com/form_new/index.php" "Mozilla/5.0 (Windows NT 10.0; Win64; x64) AppleWebKit/537.36 (KHTML, like Gecko) Chrome/92.0.4515.159 Safari/537.36"
122.161.76.26 - - [20/Aug/2021:12:29:29 +0000] "GET /form_new/js/move-top.js HTTP/1.1" 200 1330 "https://travelsleads.com/form_new/index.php" "Mozilla/5.0 (Windows NT 10.0; Win64; x64) AppleWebKit/537.36 (KHTML, like Gecko) Chrome/92.0.4515.159 Safari/537.36"
122.161.76.26 - - [20/Aug/2021:12:29:29 +0000] "GET /form_new/js/easing.js HTTP/1.1" 200 4759 "https://travelsleads.com/form_new/index.php" "Mozilla/5.0 (Windows NT 10.0; Win64; x64) AppleWebKit/537.36 (KHTML, like Gecko) Chrome/92.0.4515.159 Safari/537.36"
122.161.76.26 - - [20/Aug/2021:12:29:29 +0000] "GET /form_new/js/wickedpicker.js HTTP/1.1" 200 13743 "https://travelsleads.com/form_new/index.php" "Mozilla/5.0 (Windows NT 10.0; Win64; x64) AppleWebKit/537.36 (KHTML, like Gecko) Chrome/92.0.4515.159 Safari/537.36"
122.161.76.26 - - [20/Aug/2021:12:29:29 +0000] "GET /img/15677759284-1.jpg HTTP/1.1" 200 332100 "https://travelsleads.com/" "Mozilla/5.0 (Windows NT 10.0; Win64; x64) AppleWebKit/537.36 (KHTML, like Gecko) Chrome/92.0.4515.159 Safari/537.36"
122.161.76.26 - - [20/Aug/2021:12:29:29 +0000] "GET /img/15677750783-1.jpg HTTP/1.1" 200 369607 "https://travelsleads.com/" "Mozilla/5.0 (Windows NT 10.0; Win64; x64) AppleWebKit/537.36 (KHTML, like Gecko) Chrome/92.0.4515.159 Safari/537.36"
122.161.76.26 - - [20/Aug/2021:12:29:29 +0000] "GET /img/15677747982-1.JPG HTTP/1.1" 200 172270 "https://travelsleads.com/" "Mozilla/5.0 (Windows NT 10.0; Win64; x64) AppleWebKit/537.36 (KHTML, like Gecko) Chrome/92.0.4515.159 Safari/537.36"
122.161.76.26 - - [20/Aug/2021:12:29:29 +0000] "GET /img/15675260463-1.png HTTP/1.1" 200 277799 "https://travelsleads.com/" "Mozilla/5.0 (Windows NT 10.0; Win64; x64) AppleWebKit/537.36 (KHTML, like Gecko) Chrome/92.0.4515.159 Safari/537.36"
122.161.76.26 - - [20/Aug/2021:12:29:29 +0000] "GET /form_new/images_new/date-icon.png HTTP/1.1" 404 231 "https://travelsleads.com/form_new/css/style.css?v1" "Mozilla/5.0 (Windows NT 10.0; Win64; x64) AppleWebKit/537.36 (KHTML, like Gecko) Chrome/92.0.4515.159 Safari/537.36"
122.161.76.26 - - [20/Aug/2021:12:29:29 +0000] "GET /img/1577693739nepal.jfif HTTP/1.1" 200 864766 "https://travelsleads.com/" "Mozilla/5.0 (Windows NT 10.0; Win64; x64) AppleWebKit/537.36 (KHTML, like Gecko) Chrome/92.0.4515.159 Safari/537.36"
122.161.76.26 - - [20/Aug/2021:12:29:30 +0000] "GET /images_new/search.png HTTP/1.1" 404 219 "https://travelsleads.com/css_new/style.css" "Mozilla/5.0 (Windows NT 10.0; Win64; x64) AppleWebKit/537.36 (KHTML, like Gecko) Chrome/92.0.4515.159 Safari/537.36"
122.161.76.26 - - [20/Aug/2021:12:29:30 +0000] "GET /images_new/img-sprite.png HTTP/1.1" 200 26716 "https://travelsleads.com/css_new/style.css" "Mozilla/5.0 (Windows NT 10.0; Win64; x64) AppleWebKit/537.36 (KHTML, like Gecko) Chrome/92.0.4515.159 Safari/537.36"
122.161.76.26 - - [20/Aug/2021:12:29:30 +0000] "GET /images_new/footer.jpg HTTP/1.1" 200 212463 "https://travelsleads.com/css_new/style.css" "Mozilla/5.0 (Windows NT 10.0; Win64; x64) AppleWebKit/537.36 (KHTML, like Gecko) Chrome/92.0.4515.159 Safari/537.36"
122.161.76.26 - - [20/Aug/2021:12:29:30 +0000] "GET /img/1577693110nepal.jpg HTTP/1.1" 200 219034 "https://travelsleads.com/" "Mozilla/5.0 (Windows NT 10.0; Win64; x64) AppleWebKit/537.36 (KHTML, like Gecko) Chrome/92.0.4515.159 Safari/537.36"
122.161.76.26 - - [20/Aug/2021:12:29:29 +0000] "GET /form_new/js/jquery-ui.js HTTP/1.1" 200 450163 "https://travelsleads.com/form_new/index.php" "Mozilla/5.0 (Windows NT 10.0; Win64; x64) AppleWebKit/537.36 (KHTML, like Gecko) Chrome/92.0.4515.159 Safari/537.36"
122.161.76.26 - - [20/Aug/2021:12:29:29 +0000] "GET /img/1577692896nepal.jpg HTTP/1.1" 200 874558 "https://travelsleads.com/" "Mozilla/5.0 (Windows NT 10.0; Win64; x64) AppleWebKit/537.36 (KHTML, like Gecko) Chrome/92.0.4515.159 Safari/537.36"
122.161.76.26 - - [20/Aug/2021:12:29:31 +0000] "GET /favicon.ico HTTP/1.1" 404 209 "https://travelsleads.com/" "Mozilla/5.0 (Windows NT 10.0; Win64; x64) AppleWebKit/537.36 (KHTML, like Gecko) Chrome/92.0.4515.159 Safari/537.36"
122.161.76.26 - - [20/Aug/2021:12:30:07 +0000] "GET /?fbclid=IwAR3aNfJEFsPC0hgPd6iI-WOZEI9Ro1Uk1sG0S25k3yuUQ07_H0SJOuBEvUM HTTP/1.1" 301 302 "https://l.facebook.com/" "Mozilla/5.0 (Windows NT 10.0; Win64; x64) AppleWebKit/537.36 (KHTML, like Gecko) Chrome/92.0.4515.159 Safari/537.36"
122.161.76.26 - - [20/Aug/2021:12:30:07 +0000] "GET /?fbclid=IwAR3aNfJEFsPC0hgPd6iI-WOZEI9Ro1Uk1sG0S25k3yuUQ07_H0SJOuBEvUM HTTP/1.1" 200 41795 "https://l.facebook.com/" "Mozilla/5.0 (Windows NT 10.0; Win64; x64) AppleWebKit/537.36 (KHTML, like Gecko) Chrome/92.0.4515.159 Safari/537.36"
122.161.76.26 - - [20/Aug/2021:12:30:08 +0000] "GET /css_new/font-awesome-4.7.0/css/font-awesome.min.css HTTP/1.1" 404 249 "https://travelsleads.com/?fbclid=IwAR3aNfJEFsPC0hgPd6iI-WOZEI9Ro1Uk1sG0S25k3yuUQ07_H0SJOuBEvUM" "Mozilla/5.0 (Windows NT 10.0; Win64; x64) AppleWebKit/537.36 (KHTML, like Gecko) Chrome/92.0.4515.159 Safari/537.36"
122.161.76.26 - - [20/Aug/2021:12:30:08 +0000] "GET /img/156648791011-512.png HTTP/1.1" 404 222 "https://travelsleads.com/?fbclid=IwAR3aNfJEFsPC0hgPd6iI-WOZEI9Ro1Uk1sG0S25k3yuUQ07_H0SJOuBEvUM" "Mozilla/5.0 (Windows NT 10.0; Win64; x64) AppleWebKit/537.36 (KHTML, like Gecko) Chrome/92.0.4515.159 Safari/537.36"
122.161.76.26 - - [20/Aug/2021:12:30:08 +0000] "GET /form_new/index.php HTTP/1.1" 200 8596 "https://travelsleads.com/?fbclid=IwAR3aNfJEFsPC0hgPd6iI-WOZEI9Ro1Uk1sG0S25k3yuUQ07_H0SJOuBEvUM" "Mozilla/5.0 (Windows NT 10.0; Win64; x64) AppleWebKit/537.36 (KHTML, like Gecko) Chrome/92.0.4515.159 Safari/537.36"
122.161.76.26 - - [20/Aug/2021:12:30:08 +0000] "GET /images_new/search.png HTTP/1.1" 404 219 "https://travelsleads.com/css_new/style.css" "Mozilla/5.0 (Windows NT 10.0; Win64; x64) AppleWebKit/537.36 (KHTML, like Gecko) Chrome/92.0.4515.159 Safari/537.36"
122.161.76.26 - - [20/Aug/2021:12:30:08 +0000] "GET /form_new/images_new/date-icon.png HTTP/1.1" 404 231 "https://travelsleads.com/form_new/css/style.css?v1" "Mozilla/5.0 (Windows NT 10.0; Win64; x64) AppleWebKit/537.36 (KHTML, like Gecko) Chrome/92.0.4515.159 Safari/537.36"
122.161.76.26 - - [20/Aug/2021:12:30:18 +0000] "GET /?fbclid=IwAR3aNfJEFsPC0hgPd6iI-WOZEI9Ro1Uk1sG0S25k3yuUQ07_H0SJOuBEvUM HTTP/1.1" 200 41795 "https://l.facebook.com/" "Mozilla/5.0 (Windows NT 10.0; Win64; x64) AppleWebKit/537.36 (KHTML, like Gecko) Chrome/92.0.4515.159 Safari/537.36"
122.161.76.26 - - [20/Aug/2021:12:30:19 +0000] "GET /css_new/font-awesome-4.7.0/css/font-awesome.min.css HTTP/1.1" 404 249 "https://travelsleads.com/?fbclid=IwAR3aNfJEFsPC0hgPd6iI-WOZEI9Ro1Uk1sG0S25k3yuUQ07_H0SJOuBEvUM" "Mozilla/5.0 (Windows NT 10.0; Win64; x64) AppleWebKit/537.36 (KHTML, like Gecko) Chrome/92.0.4515.159 Safari/537.36"
122.161.76.26 - - [20/Aug/2021:12:30:19 +0000] "GET /img/156648791011-512.png HTTP/1.1" 404 222 "https://travelsleads.com/?fbclid=IwAR3aNfJEFsPC0hgPd6iI-WOZEI9Ro1Uk1sG0S25k3yuUQ07_H0SJOuBEvUM" "Mozilla/5.0 (Windows NT 10.0; Win64; x64) AppleWebKit/537.36 (KHTML, like Gecko) Chrome/92.0.4515.159 Safari/537.36"
122.161.76.26 - - [20/Aug/2021:12:30:19 +0000] "GET /form_new/index.php HTTP/1.1" 200 8596 "https://travelsleads.com/?fbclid=IwAR3aNfJEFsPC0hgPd6iI-WOZEI9Ro1Uk1sG0S25k3yuUQ07_H0SJOuBEvUM" "Mozilla/5.0 (Windows NT 10.0; Win64; x64) AppleWebKit/537.36 (KHTML, like Gecko) Chrome/92.0.4515.159 Safari/537.36"
122.161.76.26 - - [20/Aug/2021:12:30:19 +0000] "GET /images_new/search.png HTTP/1.1" 404 219 "https://travelsleads.com/css_new/style.css" "Mozilla/5.0 (Windows NT 10.0; Win64; x64) AppleWebKit/537.36 (KHTML, like Gecko) Chrome/92.0.4515.159 Safari/537.36"
122.161.76.26 - - [20/Aug/2021:12:30:19 +0000] "GET /form_new/images_new/date-icon.png HTTP/1.1" 404 231 "https://travelsleads.com/form_new/css/style.css?v1" "Mozilla/5.0 (Windows NT 10.0; Win64; x64) AppleWebKit/537.36 (KHTML, like Gecko) Chrome/92.0.4515.159 Safari/537.36"
34.210.229.77 - - [20/Aug/2021:13:18:55 +0000] "GET / HTTP/1.1" 200 41795 "-" "Mozilla/5.0 (X11; Linux x86_64) AppleWebKit/537.36 (KHTML, like Gecko) Chrome/83.0.4103.97 Safari/537.36"
18.237.61.100 - - [20/Aug/2021:13:18:59 +0000] "GET / HTTP/1.1" 301 233 "-" "Mozilla/5.0 (X11; Linux x86_64) AppleWebKit/537.36 (KHTML, like Gecko) Chrome/83.0.4103.97 Safari/537.36"
52.88.218.28 - - [20/Aug/2021:13:19:15 +0000] "GET /favicon.ico HTTP/1.1" 404 209 "-" "Mozilla/5.0 (X11; Linux x86_64) AppleWebKit/537.36 (KHTML, like Gecko) Chrome/83.0.4103.97 Safari/537.36"
52.88.218.28 - - [20/Aug/2021:13:19:18 +0000] "GET / HTTP/1.1" 200 41795 "-" "Mozilla/5.0 (X11; Linux x86_64) AppleWebKit/537.36 (KHTML, like Gecko) Chrome/83.0.4103.97 Safari/537.36"
66.249.70.123 - - [20/Aug/2021:14:07:59 +0000] "GET /jammu-and-kashmir-packages-package.html HTTP/1.1" 200 35396 "-" "Mozilla/5.0 (compatible; Googlebot/2.1; +http://www.google.com/bot.html)"
66.249.70.123 - - [20/Aug/2021:14:08:02 +0000] "GET /css_new/animate.css HTTP/1.1" 200 68760 "https://travelsleads.com/jammu-and-kashmir-packages-package.html" "Mozilla/5.0 AppleWebKit/537.36 (KHTML, like Gecko; compatible; Googlebot/2.1; +http://www.google.com/bot.html) Chrome/92.0.4515.119 Safari/537.36"
66.249.70.121 - - [20/Aug/2021:14:08:04 +0000] "GET /css_new/font-awesome-4.7.0/css/font-awesome.min.css HTTP/1.1" 404 249 "https://travelsleads.com/jammu-and-kashmir-packages-package.html" "Mozilla/5.0 AppleWebKit/537.36 (KHTML, like Gecko; compatible; Googlebot/2.1; +http://www.google.com/bot.html) Chrome/92.0.4515.119 Safari/537.36"
66.249.70.119 - - [20/Aug/2021:14:08:05 +0000] "GET /css_new/font-awesome-4.7.0/css/font-awesome.min.css HTTP/1.1" 404 249 "https://travelsleads.com/jammu-and-kashmir-packages-package.html" "Mozilla/5.0 AppleWebKit/537.36 (KHTML, like Gecko; compatible; Googlebot/2.1; +http://www.google.com/bot.html) Chrome/92.0.4515.119 Safari/537.36"
66.249.70.121 - - [20/Aug/2021:14:15:37 +0000] "GET /package-singapore-with-cruise-on-request.html HTTP/1.1" 200 33448 "-" "Mozilla/5.0 (compatible; Googlebot/2.1; +http://www.google.com/bot.html)"
103.85.22.199 - - [20/Aug/2021:14:20:27 +0000] "GET /wp-admin/upload_index.php?auth=f02pz3831W0DTtLgq26L HTTP/1.1" 404 223 "-" "Mozilla/5.0 (Windows NT 10.0; Win64; x64) AppleWebKit/537.36 (KHTML, like Gecko) Chrome/92.0.4515.107 Safari/537.36"
31.13.103.20 - - [20/Aug/2021:15:17:28 +0000] "GET /policy.html HTTP/1.1" 200 40506 "-" "facebookexternalhit/1.1 (+http://www.facebook.com/externalhit_uatext.php)"
66.249.70.119 - - [20/Aug/2021:15:56:34 +0000] "GET /package-cultural-heritage-tour-%7C-04-nts-05-day-on-request.html HTTP/1.1" 200 32263 "-" "Mozilla/5.0 (Linux; Android 6.0.1; Nexus 5X Build/MMB29P) AppleWebKit/537.36 (KHTML, like Gecko) Chrome/92.0.4515.119 Mobile Safari/537.36 (compatible; Googlebot/2.1; +http://www.google.com/bot.html)"
66.249.70.119 - - [20/Aug/2021:15:56:38 +0000] "GET /css_new/mont.css/css?family=Montserrat:400,700 HTTP/1.1" 404 218 "https://travelsleads.com/package-cultural-heritage-tour-%7C-04-nts-05-day-on-request.html" "Mozilla/5.0 (Linux; Android 6.0.1; Nexus 5X Build/MMB29P) AppleWebKit/537.36 (KHTML, like Gecko) Chrome/92.0.4515.119 Mobile Safari/537.36 (compatible; Googlebot/2.1; +http://www.google.com/bot.html)"
23.228.109.147 - - [20/Aug/2021:17:17:30 +0000] "GET /assets/admin/js/plugins/elFinder/php/connector.minimal.php HTTP/1.1" 301 291 "-" "ALittle Client"
23.228.109.147 - - [20/Aug/2021:17:17:30 +0000] "GET /assets/js/elfinder/php/connector.minimal.php HTTP/1.1" 301 277 "-" "ALittle Client"
23.228.109.147 - - [20/Aug/2021:17:17:37 +0000] "GET /assets/js/elfinder/php/connector.minimal.php HTTP/1.1" 404 242 "-" "ALittle Client"
23.228.109.147 - - [20/Aug/2021:17:17:39 +0000] "GET /assets/admin/js/plugins/elFinder/php/connector.minimal.php HTTP/1.1" 404 256 "-" "ALittle Client"
114.119.159.234 - - [20/Aug/2021:17:22:49 +0000] "GET /robots.txt HTTP/1.1" 404 208 "-" "Mozilla/5.0 (compatible;PetalBot;+https://webmaster.petalsearch.com/site/petalbot)"
173.252.79.23 - - [20/Aug/2021:17:26:08 +0000] "GET /policy.html HTTP/1.1" 200 40506 "-" "facebookexternalhit/1.1 (+http://www.facebook.com/externalhit_uatext.php)"
66.249.70.119 - - [20/Aug/2021:17:59:11 +0000] "GET /forgot_password.php HTTP/1.1" 200 31216 "-" "Mozilla/5.0 (Linux; Android 6.0.1; Nexus 5X Build/MMB29P) AppleWebKit/537.36 (KHTML, like Gecko) Chrome/92.0.4515.119 Mobile Safari/537.36 (compatible; Googlebot/2.1; +http://www.google.com/bot.html)"
66.249.70.119 - - [20/Aug/2021:17:59:11 +0000] "GET /robots.txt HTTP/1.1" 404 208 "-" "Mozilla/5.0 (compatible; Googlebot/2.1; +http://www.google.com/bot.html)"
66.249.70.121 - - [20/Aug/2021:17:59:14 +0000] "GET /css_new/mont.css/css?family=Montserrat:400,700 HTTP/1.1" 404 218 "https://travelsleads.com/forgot_password.php" "Mozilla/5.0 (Linux; Android 6.0.1; Nexus 5X Build/MMB29P) AppleWebKit/537.36 (KHTML, like Gecko) Chrome/92.0.4515.119 Mobile Safari/537.36 (compatible; Googlebot/2.1; +http://www.google.com/bot.html)"
66.249.70.119 - - [20/Aug/2021:17:59:14 +0000] "GET /js_new/wow.min.js HTTP/1.1" 200 4776 "https://travelsleads.com/forgot_password.php" "Mozilla/5.0 (Linux; Android 6.0.1; Nexus 5X Build/MMB29P) AppleWebKit/537.36 (KHTML, like Gecko) Chrome/92.0.4515.119 Mobile Safari/537.36 (compatible; Googlebot/2.1; +http://www.google.com/bot.html)"
114.119.159.19 - - [20/Aug/2021:18:06:18 +0000] "GET /package-trip-to-kerala-on-request.html HTTP/1.1" 200 35679 "-" "Mozilla/5.0 (Linux; Android 7.0;) AppleWebKit/537.36 (KHTML, like Gecko) Mobile Safari/537.36 (compatible; PetalBot;+https://webmaster.petalsearch.com/site/petalbot)"
66.249.70.119 - - [20/Aug/2021:18:39:10 +0000] "GET /package-singapore-with-cruise-on-request.html HTTP/1.1" 200 33448 "-" "Mozilla/5.0 (Linux; Android 6.0.1; Nexus 5X Build/MMB29P) AppleWebKit/537.36 (KHTML, like Gecko) Chrome/92.0.4515.119 Mobile Safari/537.36 (compatible; Googlebot/2.1; +http://www.google.com/bot.html)"
114.119.159.232 - - [20/Aug/2021:18:55:54 +0000] "GET /package-wildlife-tour-kashmir-on-request.html HTTP/1.1" 200 33580 "-" "Mozilla/5.0 (Linux; Android 7.0;) AppleWebKit/537.36 (KHTML, like Gecko) Mobile Safari/537.36 (compatible; PetalBot;+https://webmaster.petalsearch.com/site/petalbot)"
66.249.70.123 - - [20/Aug/2021:19:01:48 +0000] "GET /destination-thailand-package.html HTTP/1.1" 200 35318 "-" "Mozilla/5.0 (Linux; Android 6.0.1; Nexus 5X Build/MMB29P) AppleWebKit/537.36 (KHTML, like Gecko) Chrome/92.0.4515.119 Mobile Safari/537.36 (compatible; Googlebot/2.1; +http://www.google.com/bot.html)"
66.249.70.119 - - [20/Aug/2021:19:01:53 +0000] "GET /css_new/font-awesome-4.7.0/css/font-awesome.min.css HTTP/1.1" 404 249 "https://travelsleads.com/destination-thailand-package.html" "Mozilla/5.0 (Linux; Android 6.0.1; Nexus 5X Build/MMB29P) AppleWebKit/537.36 (KHTML, like Gecko) Chrome/92.0.4515.119 Mobile Safari/537.36 (compatible; Googlebot/2.1; +http://www.google.com/bot.html)"
114.119.159.228 - - [20/Aug/2021:19:24:58 +0000] "GET /package-tour-special-kerala-on-request.html HTTP/1.1" 200 33713 "-" "Mozilla/5.0 (Linux; Android 7.0;) AppleWebKit/537.36 (KHTML, like Gecko) Mobile Safari/537.36 (compatible; PetalBot;+https://webmaster.petalsearch.com/site/petalbot)"
138.246.253.24 - - [20/Aug/2021:19:51:15 +0000] "GET /robots.txt HTTP/1.1" 404 208 "-" "Mozilla/5.0 (Windows NT 10.0; Win64; x64) AppleWebKit/537.36 (KHTML, like Gecko) Chrome/88.0.4324.146 Safari/537.36"
54.36.148.137 - - [20/Aug/2021:20:14:42 +0000] "GET /robots.txt HTTP/1.1" 404 208 "-" "Mozilla/5.0 (compatible; AhrefsBot/7.0; +http://ahrefs.com/robot/)"
54.36.148.36 - - [20/Aug/2021:20:14:43 +0000] "GET / HTTP/1.1" 200 41795 "-" "Mozilla/5.0 (compatible; AhrefsBot/7.0; +http://ahrefs.com/robot/)"
114.119.159.208 - - [20/Aug/2021:20:25:10 +0000] "GET /robots.txt HTTP/1.1" 404 208 "-" "Mozilla/5.0 (compatible;PetalBot;+https://webmaster.petalsearch.com/site/petalbot)"
54.36.149.47 - - [20/Aug/2021:21:03:16 +0000] "GET /robots.txt HTTP/1.1" 404 208 "-" "Mozilla/5.0 (compatible; AhrefsBot/7.0; +http://ahrefs.com/robot/)"
54.36.148.37 - - [20/Aug/2021:21:03:17 +0000] "GET / HTTP/1.1" 200 41795 "-" "Mozilla/5.0 (compatible; AhrefsBot/7.0; +http://ahrefs.com/robot/)"
66.249.70.121 - - [20/Aug/2021:21:12:54 +0000] "GET /jammu-and-kashmir-packages-package.html HTTP/1.1" 200 35396 "-" "Mozilla/5.0 (Linux; Android 6.0.1; Nexus 5X Build/MMB29P) AppleWebKit/537.36 (KHTML, like Gecko) Chrome/92.0.4515.119 Mobile Safari/537.36 (compatible; Googlebot/2.1; +http://www.google.com/bot.html)"
66.249.70.121 - - [20/Aug/2021:21:12:58 +0000] "GET /css_new/font-awesome-4.7.0/css/font-awesome.min.css HTTP/1.1" 404 249 "https://travelsleads.com/jammu-and-kashmir-packages-package.html" "Mozilla/5.0 (Linux; Android 6.0.1; Nexus 5X Build/MMB29P) AppleWebKit/537.36 (KHTML, like Gecko) Chrome/92.0.4515.119 Mobile Safari/537.36 (compatible; Googlebot/2.1; +http://www.google.com/bot.html)"
40.77.167.67 - - [20/Aug/2021:21:15:22 +0000] "GET /package-wonder-full-gangtok-cost-15700-per-person.html HTTP/1.1" 200 40014 "-" "Mozilla/5.0 (compatible; bingbot/2.0; +http://www.bing.com/bingbot.htm)"
207.46.13.97 - - [20/Aug/2021:21:48:45 +0000] "GET /package-amazing-andaman-honeymoon-package-on-request.html HTTP/1.1" 200 40693 "-" "Mozilla/5.0 (compatible; bingbot/2.0; +http://www.bing.com/bingbot.htm)"
207.46.13.97 - - [20/Aug/2021:21:50:05 +0000] "GET /package-destination-shot-trip-leh-cost-8500-per-person.html HTTP/1.1" 200 36688 "-" "Mozilla/5.0 (compatible; bingbot/2.0; +http://www.bing.com/bingbot.htm)"
114.119.159.228 - - [20/Aug/2021:22:07:01 +0000] "GET /package-singapore-malaysia-package-on-request.html HTTP/1.1" 200 33283 "-" "Mozilla/5.0 (Linux; Android 7.0;) AppleWebKit/537.36 (KHTML, like Gecko) Mobile Safari/537.36 (compatible; PetalBot;+https://webmaster.petalsearch.com/site/petalbot)"
54.39.29.64 - - [20/Aug/2021:22:46:52 +0000] "GET / HTTP/1.0" 301 233 "http://travelsleads.com/" "Mozilla/5.0 (Windows NT 10.0; Win64; x64) AppleWebKit/537.36 (KHTML, like Gecko) Chrome/83.0.4089.0 Safari/537.36"
54.39.29.64 - - [20/Aug/2021:22:46:53 +0000] "GET / HTTP/1.0" 200 41795 "https://travelsleads.com/" "Mozilla/5.0 (Windows NT 10.0; Win64; x64) AppleWebKit/537.36 (KHTML, like Gecko) Chrome/83.0.4089.0 Safari/537.36"
54.39.29.64 - - [20/Aug/2021:22:46:54 +0000] "GET /package-amazing-andaman-honeymoon-package-on-request.html HTTP/1.0" 200 40693 "https://travelsleads.com/package-amazing-andaman-honeymoon-package-on-request.html" "Mozilla/5.0 (Windows NT 10.0; Win64; x64) AppleWebKit/537.36 (KHTML, like Gecko) Chrome/83.0.4089.0 Safari/537.36"
66.249.70.121 - - [20/Aug/2021:22:57:56 +0000] "GET /img/15675137515-1.jpg HTTP/1.1" 200 235843 "-" "Googlebot-Image/1.0"
69.63.189.2 - - [20/Aug/2021:23:11:23 +0000] "GET /policy.html HTTP/1.1" 200 40506 "-" "facebookexternalhit/1.1 (+http://www.facebook.com/externalhit_uatext.php)"
66.249.70.121 - - [20/Aug/2021:23:16:34 +0000] "GET /package-cultural-heritage-tour-%7C-04-nts-05-day-on-request.html HTTP/1.1" 200 32263 "-" "Mozilla/5.0 (compatible; Googlebot/2.1; +http://www.google.com/bot.html)"
114.119.159.232 - - [20/Aug/2021:23:31:54 +0000] "GET /bhutan-packages-package.html HTTP/1.1" 200 35309 "-" "Mozilla/5.0 (Linux; Android 7.0;) AppleWebKit/537.36 (KHTML, like Gecko) Mobile Safari/537.36 (compatible; PetalBot;+https://webmaster.petalsearch.com/site/petalbot)"
207.46.13.125 - - [20/Aug/2021:23:42:31 +0000] "GET /img/15748468842.jpg HTTP/1.1" 200 381214 "-" "Mozilla/5.0 (compatible; bingbot/2.0; +http://www.bing.com/bingbot.htm)"
66.249.70.119 - - [20/Aug/2021:23:57:55 +0000] "GET /img/15675132483-1.jpg HTTP/1.1" 200 565973 "-" "Googlebot-Image/1.0"
66.249.70.123 - - [21/Aug/2021:00:06:07 +0000] "GET /package-delhi-mussoorie-corbett-nainital-on-request.html HTTP/1.1" 200 33930 "-" "Mozilla/5.0 (compatible; Googlebot/2.1; +http://www.google.com/bot.html)"
66.249.70.123 - - [21/Aug/2021:00:20:23 +0000] "GET /destination-thailand-package.html HTTP/1.1" 200 35318 "-" "Mozilla/5.0 (compatible; Googlebot/2.1; +http://www.google.com/bot.html)"
207.46.13.185 - - [21/Aug/2021:00:33:46 +0000] "GET /darjeeling-sikkim-packages-package.html HTTP/1.1" 200 34625 "-" "Mozilla/5.0 (compatible; bingbot/2.0; +http://www.bing.com/bingbot.htm)"
173.252.111.116 - - [21/Aug/2021:00:50:00 +0000] "GET /policy.html HTTP/1.1" 200 40506 "-" "facebookexternalhit/1.1 (+http://www.facebook.com/externalhit_uatext.php)"
54.39.29.64 - - [21/Aug/2021:01:39:24 +0000] "GET / HTTP/1.0" 301 233 "http://travelsleads.com/" "Mozilla/5.0 (Windows NT 6.3; Win64; x64) AppleWebKit/537.36 (KHTML, like Gecko) Chrome/83.0.4103.61 Safari/537.36"
54.39.29.64 - - [21/Aug/2021:01:39:25 +0000] "GET / HTTP/1.0" 200 41795 "https://travelsleads.com/" "Mozilla/5.0 (Windows NT 6.3; Win64; x64) AppleWebKit/537.36 (KHTML, like Gecko) Chrome/83.0.4103.61 Safari/537.36"
54.39.29.64 - - [21/Aug/2021:01:39:26 +0000] "GET /package-amazing-andaman-honeymoon-package-on-request.html HTTP/1.0" 200 40693 "https://travelsleads.com/package-amazing-andaman-honeymoon-package-on-request.html" "Mozilla/5.0 (Windows NT 6.3; Win64; x64) AppleWebKit/537.36 (KHTML, like Gecko) Chrome/83.0.4103.61 Safari/537.36"
114.119.159.216 - - [21/Aug/2021:02:32:12 +0000] "GET /package-short-trip-of-bhutan-on-request.html HTTP/1.1" 200 31869 "-" "Mozilla/5.0 (Linux; Android 7.0;) AppleWebKit/537.36 (KHTML, like Gecko) Mobile Safari/537.36 (compatible; PetalBot;+https://webmaster.petalsearch.com/site/petalbot)"
40.77.167.67 - - [21/Aug/2021:03:14:55 +0000] "GET /img/15671628311-1.jpg HTTP/1.1" 200 143311 "-" "Mozilla/5.0 (compatible; bingbot/2.0; +http://www.bing.com/bingbot.htm)"
77.111.247.252 - - [21/Aug/2021:03:15:17 +0000] "GET /FCKeditor/editor/filemanager/connectors/test.html HTTP/1.1" 301 282 "-" "Mozilla/5.0 (Windows NT 10.0; Win64; x64) AppleWebKit/537.36 (KHTML, like Gecko) Chrome/89.0.3945.117 Safari/537.36"
77.111.247.7 - - [21/Aug/2021:03:15:17 +0000] "GET /fckeditor/editor/filemanager/connectors/test.html HTTP/1.1" 301 282 "-" "Mozilla/5.0 (Windows NT 10.0; Win64; x64) AppleWebKit/537.36 (KHTML, like Gecko) Chrome/89.0.3945.117 Safari/537.36"
77.111.247.159 - - [21/Aug/2021:03:15:17 +0000] "GET /admin/fckeditor/editor/filemanager/connectors/test.html HTTP/1.1" 301 288 "-" "Mozilla/5.0 (Windows NT 10.0; Win64; x64) AppleWebKit/537.36 (KHTML, like Gecko) Chrome/89.0.3945.117 Safari/537.36"
192.99.92.13 - - [21/Aug/2021:03:15:17 +0000] "GET /js/fckeditor/editor/filemanager/connectors/test.html HTTP/1.1" 301 285 "-" "Mozilla/5.0 (Windows NT 10.0; Win64; x64) AppleWebKit/537.36 (KHTML, like Gecko) Chrome/89.0.3945.117 Safari/537.36"
77.111.247.7 - - [21/Aug/2021:03:15:18 +0000] "GET /fckeditor/editor/filemanager/connectors/test.html HTTP/1.1" 200 30392 "-" "Mozilla/5.0 (Windows NT 10.0; Win64; x64) AppleWebKit/537.36 (KHTML, like Gecko) Chrome/89.0.3945.117 Safari/537.36"
77.111.247.252 - - [21/Aug/2021:03:15:18 +0000] "GET /FCKeditor/editor/filemanager/connectors/test.html HTTP/1.1" 200 30392 "-" "Mozilla/5.0 (Windows NT 10.0; Win64; x64) AppleWebKit/537.36 (KHTML, like Gecko) Chrome/89.0.3945.117 Safari/537.36"
77.111.247.159 - - [21/Aug/2021:03:15:18 +0000] "GET /admin/fckeditor/editor/filemanager/connectors/test.html HTTP/1.1" 200 30392 "-" "Mozilla/5.0 (Windows NT 10.0; Win64; x64) AppleWebKit/537.36 (KHTML, like Gecko) Chrome/89.0.3945.117 Safari/537.36"
192.99.92.13 - - [21/Aug/2021:03:15:28 +0000] "GET /js/fckeditor/editor/filemanager/connectors/test.html HTTP/1.1" 200 30392 "-" "Mozilla/5.0 (Windows NT 10.0; Win64; x64) AppleWebKit/537.36 (KHTML, like Gecko) Chrome/89.0.3945.117 Safari/537.36"
114.119.159.208 - - [21/Aug/2021:03:47:41 +0000] "GET /package-varanasi-bodhgaya-and-gaya-on-request.html HTTP/1.1" 200 32265 "-" "Mozilla/5.0 (Linux; Android 7.0;) AppleWebKit/537.36 (KHTML, like Gecko) Mobile Safari/537.36 (compatible; PetalBot;+https://webmaster.petalsearch.com/site/petalbot)"
69.63.184.2 - - [21/Aug/2021:03:48:29 +0000] "GET /policy.html HTTP/1.1" 200 40506 "-" "facebookexternalhit/1.1 (+http://www.facebook.com/externalhit_uatext.php)"
69.63.189.1 - - [21/Aug/2021:03:55:27 +0000] "GET /policy.html HTTP/1.1" 200 40506 "-" "facebookexternalhit/1.1 (+http://www.facebook.com/externalhit_uatext.php)"
66.249.70.121 - - [21/Aug/2021:04:16:28 +0000] "GET /package-darjeeling-2nt-%7C-gangtok-2-nt-cost-14000-per-person.html HTTP/1.1" 200 42350 "-" "Mozilla/5.0 (Linux; Android 6.0.1; Nexus 5X Build/MMB29P) AppleWebKit/537.36 (KHTML, like Gecko) Chrome/92.0.4515.119 Mobile Safari/537.36 (compatible; Googlebot/2.1; +http://www.google.com/bot.html)"
66.249.70.121 - - [21/Aug/2021:04:16:32 +0000] "GET /css_new/mont.css/css?family=Montserrat:400,700 HTTP/1.1" 404 218 "https://travelsleads.com/package-darjeeling-2nt-%7C-gangtok-2-nt-cost-14000-per-person.html" "Mozilla/5.0 (Linux; Android 6.0.1; Nexus 5X Build/MMB29P) AppleWebKit/537.36 (KHTML, like Gecko) Chrome/92.0.4515.119 Mobile Safari/537.36 (compatible; Googlebot/2.1; +http://www.google.com/bot.html)"
66.249.70.121 - - [21/Aug/2021:04:16:33 +0000] "GET /css_new/mont.css/css?family=Montserrat:400,700 HTTP/1.1" 404 218 "https://travelsleads.com/package-darjeeling-2nt-%7C-gangtok-2-nt-cost-14000-per-person.html" "Mozilla/5.0 (Linux; Android 6.0.1; Nexus 5X Build/MMB29P) AppleWebKit/537.36 (KHTML, like Gecko) Chrome/92.0.4515.119 Mobile Safari/537.36 (compatible; Googlebot/2.1; +http://www.google.com/bot.html)"
114.119.159.228 - - [21/Aug/2021:04:20:09 +0000] "GET /package-bhutan-destination-on-request.html HTTP/1.1" 200 32452 "-" "Mozilla/5.0 (Linux; Android 7.0;) AppleWebKit/537.36 (KHTML, like Gecko) Mobile Safari/537.36 (compatible; PetalBot;+https://webmaster.petalsearch.com/site/petalbot)"
66.249.70.123 - - [21/Aug/2021:05:02:50 +0000] "GET /package-cultural-heritage-tour-%7C-04-nts-05-day-on-request.html HTTP/1.1" 200 32263 "-" "Mozilla/5.0 (Linux; Android 6.0.1; Nexus 5X Build/MMB29P) AppleWebKit/537.36 (KHTML, like Gecko) Chrome/92.0.4515.119 Mobile Safari/537.36 (compatible; Googlebot/2.1; +http://www.google.com/bot.html)"
66.249.70.123 - - [21/Aug/2021:05:03:24 +0000] "GET /css_new/bootstrap.css HTTP/1.1" 200 121251 "https://travelsleads.com/package-cultural-heritage-tour-%7C-04-nts-05-day-on-request.html" "Mozilla/5.0 (Linux; Android 6.0.1; Nexus 5X Build/MMB29P) AppleWebKit/537.36 (KHTML, like Gecko) Chrome/92.0.4515.119 Mobile Safari/537.36 (compatible; Googlebot/2.1; +http://www.google.com/bot.html)"
66.249.70.119 - - [21/Aug/2021:05:03:34 +0000] "GET /form_new/css/wickedpicker.css HTTP/1.1" 200 3105 "https://travelsleads.com/form_new/index.php" "Mozilla/5.0 (Linux; Android 6.0.1; Nexus 5X Build/MMB29P) AppleWebKit/537.36 (KHTML, like Gecko) Chrome/92.0.4515.119 Mobile Safari/537.36 (compatible; Googlebot/2.1; +http://www.google.com/bot.html)"
66.249.70.121 - - [21/Aug/2021:05:22:12 +0000] "GET / HTTP/1.1" 200 41795 "-" "Mozilla/5.0 (compatible; Googlebot/2.1; +http://www.google.com/bot.html)"
66.249.70.123 - - [21/Aug/2021:05:42:47 +0000] "GET /package-cultural-heritage-tour-%7C-04-nts-05-day-on-request.html HTTP/1.1" 200 32263 "-" "Mozilla/5.0 (Linux; Android 6.0.1; Nexus 5X Build/MMB29P) AppleWebKit/537.36 (KHTML, like Gecko) Chrome/92.0.4515.119 Mobile Safari/537.36 (compatible; Googlebot/2.1; +http://www.google.com/bot.html)"
66.249.70.119 - - [21/Aug/2021:05:42:55 +0000] "GET /form_new/css/jquery-ui.css HTTP/1.1" 200 32787 "https://travelsleads.com/form_new/index.php" "Mozilla/5.0 (Linux; Android 6.0.1; Nexus 5X Build/MMB29P) AppleWebKit/537.36 (KHTML, like Gecko) Chrome/92.0.4515.119 Mobile Safari/537.36 (compatible; Googlebot/2.1; +http://www.google.com/bot.html)"
66.249.70.121 - - [21/Aug/2021:05:42:56 +0000] "GET /form_new/js/wickedpicker.js HTTP/1.1" 200 13743 "https://travelsleads.com/form_new/index.php" "Mozilla/5.0 (Linux; Android 6.0.1; Nexus 5X Build/MMB29P) AppleWebKit/537.36 (KHTML, like Gecko) Chrome/92.0.4515.119 Mobile Safari/537.36 (compatible; Googlebot/2.1; +http://www.google.com/bot.html)"
66.249.70.121 - - [21/Aug/2021:05:42:57 +0000] "GET /form_new/css/style.css?v1 HTTP/1.1" 200 6915 "https://travelsleads.com/form_new/index.php" "Mozilla/5.0 (Linux; Android 6.0.1; Nexus 5X Build/MMB29P) AppleWebKit/537.36 (KHTML, like Gecko) Chrome/92.0.4515.119 Mobile Safari/537.36 (compatible; Googlebot/2.1; +http://www.google.com/bot.html)"
66.249.70.114 - - [21/Aug/2021:05:52:30 +0000] "GET /robots.txt HTTP/1.1" 301 243 "-" "Mozilla/5.0 (compatible; Googlebot/2.1; +http://www.google.com/bot.html)"
66.249.70.121 - - [21/Aug/2021:05:52:31 +0000] "GET /robots.txt HTTP/1.1" 404 208 "-" "Mozilla/5.0 (compatible; Googlebot/2.1; +http://www.google.com/bot.html)"
66.249.70.110 - - [21/Aug/2021:05:52:32 +0000] "GET / HTTP/1.1" 301 233 "-" "Mozilla/5.0 (compatible; Googlebot/2.1; +http://www.google.com/bot.html)"
54.39.29.64 - - [21/Aug/2021:05:55:52 +0000] "GET / HTTP/1.0" 301 233 "http://travelsleads.com/" "Mozilla/5.0 (Windows NT 10.0; Win64; x64) AppleWebKit/537.36 (KHTML, like Gecko) Chrome/83.0.4103.24 Safari/537.36"
54.39.29.64 - - [21/Aug/2021:05:55:53 +0000] "GET / HTTP/1.0" 200 41795 "https://travelsleads.com/" "Mozilla/5.0 (Windows NT 10.0; Win64; x64) AppleWebKit/537.36 (KHTML, like Gecko) Chrome/83.0.4103.24 Safari/537.36"
54.39.29.64 - - [21/Aug/2021:05:55:54 +0000] "GET /package-amazing-andaman-honeymoon-package-on-request.html HTTP/1.0" 200 40693 "https://travelsleads.com/package-amazing-andaman-honeymoon-package-on-request.html" "Mozilla/5.0 (Windows NT 10.0; Win64; x64) AppleWebKit/537.36 (KHTML, like Gecko) Chrome/83.0.4103.24 Safari/537.36"
66.249.70.121 - - [21/Aug/2021:07:25:51 +0000] "GET /robots.txt HTTP/1.1" 404 208 "-" "Mozilla/5.0 (compatible; Googlebot/2.1; +http://www.google.com/bot.html)"
114.119.159.234 - - [21/Aug/2021:07:27:19 +0000] "GET /madhya-pradesh-tour-package.html HTTP/1.1" 200 36488 "-" "Mozilla/5.0 (Linux; Android 7.0;) AppleWebKit/537.36 (KHTML, like Gecko) Mobile Safari/537.36 (compatible; PetalBot;+https://webmaster.petalsearch.com/site/petalbot)"
157.55.39.167 - - [21/Aug/2021:07:41:51 +0000] "GET / HTTP/1.1" 200 41795 "-" "Mozilla/5.0 (compatible; bingbot/2.0; +http://www.bing.com/bingbot.htm)"
40.77.167.18 - - [21/Aug/2021:07:42:13 +0000] "GET /css_new/bootstrap.css HTTP/1.1" 200 121251 "-" "Mozilla/5.0 (compatible; bingbot/2.0; +http://www.bing.com/bingbot.htm)"
207.46.13.125 - - [21/Aug/2021:07:42:17 +0000] "GET /css_new/font-awesome-4.7.0/css/font-awesome.min.css HTTP/1.1" 404 249 "-" "Mozilla/5.0 (compatible; bingbot/2.0; +http://www.bing.com/bingbot.htm)"
40.77.167.29 - - [21/Aug/2021:07:42:17 +0000] "GET /js_new/jquery.easydropdown.js HTTP/1.1" 200 12390 "-" "Mozilla/5.0 (compatible; bingbot/2.0; +http://www.bing.com/bingbot.htm)"
207.46.13.185 - - [21/Aug/2021:07:42:17 +0000] "GET /css_new/mont.css?family=Montserrat:400,700 HTTP/1.1" 200 3664 "-" "Mozilla/5.0 (compatible; bingbot/2.0; +http://www.bing.com/bingbot.htm)"
207.46.13.97 - - [21/Aug/2021:07:42:21 +0000] "GET /css_new/animate.css HTTP/1.1" 200 68760 "-" "Mozilla/5.0 (compatible; bingbot/2.0; +http://www.bing.com/bingbot.htm)"
40.77.167.67 - - [21/Aug/2021:07:42:22 +0000] "GET /form_new/index.php HTTP/1.1" 200 8596 "-" "Mozilla/5.0 (compatible; bingbot/2.0; +http://www.bing.com/bingbot.htm)"
207.46.13.185 - - [21/Aug/2021:07:42:27 +0000] "GET /js_new/jquery-1.11.1.min.js HTTP/1.1" 200 95786 "-" "Mozilla/5.0 (compatible; bingbot/2.0; +http://www.bing.com/bingbot.htm)"
207.46.13.97 - - [21/Aug/2021:07:42:32 +0000] "GET /js_new/login.js HTTP/1.1" 200 1160 "-" "Mozilla/5.0 (compatible; bingbot/2.0; +http://www.bing.com/bingbot.htm)"
207.46.13.97 - - [21/Aug/2021:07:42:33 +0000] "GET /js_new/responsive-nav.js HTTP/1.1" 200 1268 "-" "Mozilla/5.0 (compatible; bingbot/2.0; +http://www.bing.com/bingbot.htm)"
40.77.167.29 - - [21/Aug/2021:07:42:37 +0000] "GET /js_new/wow.min.js HTTP/1.1" 200 4776 "-" "Mozilla/5.0 (compatible; bingbot/2.0; +http://www.bing.com/bingbot.htm)"
40.77.167.51 - - [21/Aug/2021:07:55:07 +0000] "GET /robots.txt HTTP/1.1" 404 208 "-" "Mozilla/5.0 (compatible; bingbot/2.0; +http://www.bing.com/bingbot.htm)"
40.77.167.51 - - [21/Aug/2021:07:55:08 +0000] "GET /robots.txt HTTP/1.1" 404 208 "-" "Mozilla/5.0 (compatible; bingbot/2.0; +http://www.bing.com/bingbot.htm)"
114.119.159.208 - - [21/Aug/2021:08:09:14 +0000] "GET /package-trip-of-sri-lanka-%7C-06-nts-07-day-on-request.html HTTP/1.1" 200 33347 "-" "Mozilla/5.0 (Linux; Android 7.0;) AppleWebKit/537.36 (KHTML, like Gecko) Mobile Safari/537.36 (compatible; PetalBot;+https://webmaster.petalsearch.com/site/petalbot)"
144.86.173.4 - - [21/Aug/2021:08:12:59 +0000] "GET / HTTP/1.1" 301 233 "-" "Expanse, a Palo Alto Networks company, searches across the global IPv4 space multiple times per day to identify customers' presences on the Internet. If you would like to be excluded from our scans, please send IP addresses/domains to: scaninfo@paloaltonetworks.com"
40.77.188.180 - - [21/Aug/2021:08:13:18 +0000] "GET /css_new/style.css HTTP/1.1" 200 61631 "-" "Mozilla/5.0 (Windows NT 6.1; WOW64) AppleWebKit/534+ (KHTML, like Gecko) BingPreview/1.0b"
40.77.188.180 - - [21/Aug/2021:08:13:21 +0000] "GET /form_new/css/wickedpicker.css HTTP/1.1" 200 3105 "-" "Mozilla/5.0 (Windows NT 6.1; WOW64) AppleWebKit/534+ (KHTML, like Gecko) BingPreview/1.0b"
40.77.188.180 - - [21/Aug/2021:08:13:20 +0000] "GET /img/1577693739nepal.jfif HTTP/1.1" 200 864766 "-" "Mozilla/5.0 (Windows NT 6.1; WOW64) AppleWebKit/534+ (KHTML, like Gecko) BingPreview/1.0b"
40.77.188.180 - - [21/Aug/2021:08:13:21 +0000] "GET /form_new/css/style.css?v1 HTTP/1.1" 200 6915 "-" "Mozilla/5.0 (Windows NT 6.1; WOW64) AppleWebKit/534+ (KHTML, like Gecko) BingPreview/1.0b"
40.77.188.180 - - [21/Aug/2021:08:13:21 +0000] "GET /form_new/css/bootstrap.css HTTP/1.1" 200 142245 "-" "Mozilla/5.0 (Windows NT 6.1; WOW64) AppleWebKit/534+ (KHTML, like Gecko) BingPreview/1.0b"
40.77.188.180 - - [21/Aug/2021:08:13:22 +0000] "GET /form_new/js/move-top.js HTTP/1.1" 200 1330 "-" "Mozilla/5.0 (Windows NT 6.1; WOW64) AppleWebKit/534+ (KHTML, like Gecko) BingPreview/1.0b"
40.77.188.180 - - [21/Aug/2021:08:13:22 +0000] "GET /form_new/js/easing.js HTTP/1.1" 200 4759 "-" "Mozilla/5.0 (Windows NT 6.1; WOW64) AppleWebKit/534+ (KHTML, like Gecko) BingPreview/1.0b"
40.77.188.180 - - [21/Aug/2021:08:13:22 +0000] "GET /form_new/js/jquery.min.js HTTP/1.1" 200 95992 "-" "Mozilla/5.0 (Windows NT 6.1; WOW64) AppleWebKit/534+ (KHTML, like Gecko) BingPreview/1.0b"
40.77.188.180 - - [21/Aug/2021:08:13:23 +0000] "GET /form_new/css/jquery-ui.css HTTP/1.1" 200 32787 "-" "Mozilla/5.0 (Windows NT 6.1; WOW64) AppleWebKit/534+ (KHTML, like Gecko) BingPreview/1.0b"
40.77.188.180 - - [21/Aug/2021:08:13:23 +0000] "GET /form_new/js/wickedpicker.js HTTP/1.1" 200 13743 "-" "Mozilla/5.0 (Windows NT 6.1; WOW64) AppleWebKit/534+ (KHTML, like Gecko) BingPreview/1.0b"
40.77.188.180 - - [21/Aug/2021:08:13:23 +0000] "GET /form_new/js/jquery-ui.js HTTP/1.1" 200 450163 "-" "Mozilla/5.0 (Windows NT 6.1; WOW64) AppleWebKit/534+ (KHTML, like Gecko) BingPreview/1.0b"
31.13.115.2 - - [21/Aug/2021:09:37:07 +0000] "GET /policy.html HTTP/1.1" 200 40506 "-" "facebookexternalhit/1.1 (+http://www.facebook.com/externalhit_uatext.php)"
31.13.115.1 - - [21/Aug/2021:09:37:12 +0000] "GET /policy.html HTTP/1.1" 200 40506 "-" "facebookexternalhit/1.1 (+http://www.facebook.com/externalhit_uatext.php)"
31.13.115.4 - - [21/Aug/2021:09:37:15 +0000] "GET /policy.html HTTP/1.1" 200 40506 "-" "facebookexternalhit/1.1 (+http://www.facebook.com/externalhit_uatext.php)"
31.13.115.117 - - [21/Aug/2021:09:37:15 +0000] "GET /policy.html HTTP/1.1" 200 40506 "-" "facebookexternalhit/1.1 (+http://www.facebook.com/externalhit_uatext.php)"
31.13.115.10 - - [21/Aug/2021:09:37:17 +0000] "GET /policy.html HTTP/1.1" 200 40506 "-" "facebookexternalhit/1.1 (+http://www.facebook.com/externalhit_uatext.php)"
31.13.115.9 - - [21/Aug/2021:09:37:28 +0000] "GET /policy.html HTTP/1.1" 200 40506 "-" "facebookexternalhit/1.1 (+http://www.facebook.com/externalhit_uatext.php)"
31.13.115.18 - - [21/Aug/2021:09:38:12 +0000] "GET /policy.html HTTP/1.1" 200 40506 "-" "facebookexternalhit/1.1 (+http://www.facebook.com/externalhit_uatext.php)"
23.228.109.147 - - [21/Aug/2021:09:38:19 +0000] "GET /vendor/filemanager/php/connector.php HTTP/1.1" 301 269 "-" "ALittle Client"
23.228.109.147 - - [21/Aug/2021:09:38:31 +0000] "GET /vendor/filemanager/php/connector.php HTTP/1.1" 404 234 "-" "ALittle Client"
66.249.70.119 - - [21/Aug/2021:09:49:51 +0000] "GET /package-darjeeling-2nt-%7C-gangtok-2-nt-cost-14000-per-person.html HTTP/1.1" 200 42350 "-" "Mozilla/5.0 (compatible; Googlebot/2.1; +http://www.google.com/bot.html)"
66.249.70.123 - - [21/Aug/2021:10:02:43 +0000] "GET /package-delhi-mussoorie-corbett-nainital-on-request.html HTTP/1.1" 200 33930 "-" "Mozilla/5.0 (Linux; Android 6.0.1; Nexus 5X Build/MMB29P) AppleWebKit/537.36 (KHTML, like Gecko) Chrome/92.0.4515.119 Mobile Safari/537.36 (compatible; Googlebot/2.1; +http://www.google.com/bot.html)"
66.249.70.121 - - [21/Aug/2021:10:12:32 +0000] "GET /package-singapore-with-cruise-on-request.html HTTP/1.1" 200 33448 "-" "Mozilla/5.0 (Linux; Android 6.0.1; Nexus 5X Build/MMB29P) AppleWebKit/537.36 (KHTML, like Gecko) Chrome/92.0.4515.119 Mobile Safari/537.36 (compatible; Googlebot/2.1; +http://www.google.com/bot.html)"
66.249.70.119 - - [21/Aug/2021:10:12:36 +0000] "GET /css_new/mont.css/css?family=Montserrat:400,700 HTTP/1.1" 404 218 "https://travelsleads.com/package-singapore-with-cruise-on-request.html" "Mozilla/5.0 (Linux; Android 6.0.1; Nexus 5X Build/MMB29P) AppleWebKit/537.36 (KHTML, like Gecko) Chrome/92.0.4515.119 Mobile Safari/537.36 (compatible; Googlebot/2.1; +http://www.google.com/bot.html)"
54.36.148.42 - - [21/Aug/2021:10:32:46 +0000] "GET / HTTP/1.1" 200 41795 "-" "Mozilla/5.0 (compatible; AhrefsBot/7.0; +http://ahrefs.com/robot/)"
114.119.159.228 - - [21/Aug/2021:11:01:45 +0000] "GET /contact.html HTTP/1.1" 200 33451 "-" "Mozilla/5.0 (Linux; Android 7.0;) AppleWebKit/537.36 (KHTML, like Gecko) Mobile Safari/537.36 (compatible; PetalBot;+https://webmaster.petalsearch.com/site/petalbot)"
31.13.115.18 - - [21/Aug/2021:11:20:16 +0000] "GET /policy.html HTTP/1.1" 200 40506 "-" "facebookexternalhit/1.1 (+http://www.facebook.com/externalhit_uatext.php)"
31.13.103.22 - - [21/Aug/2021:11:25:01 +0000] "GET /policy.html HTTP/1.1" 200 40506 "-" "facebookexternalhit/1.1 (+http://www.facebook.com/externalhit_uatext.php)"
173.252.127.21 - - [21/Aug/2021:11:25:02 +0000] "GET /policy.html HTTP/1.1" 200 40506 "-" "facebookexternalhit/1.1 (+http://www.facebook.com/externalhit_uatext.php)"
31.13.115.4 - - [21/Aug/2021:11:25:05 +0000] "GET /policy.html HTTP/1.1" 200 40506 "-" "facebookexternalhit/1.1 (+http://www.facebook.com/externalhit_uatext.php)"
114.119.159.216 - - [21/Aug/2021:11:32:10 +0000] "GET /package-north-east-package-kaziranga-02-night-03-days-cost-10920-per-person.html HTTP/1.1" 200 38222 "-" "Mozilla/5.0 (Linux; Android 7.0;) AppleWebKit/537.36 (KHTML, like Gecko) Mobile Safari/537.36 (compatible; PetalBot;+https://webmaster.petalsearch.com/site/petalbot)"
51.79.177.125 - - [21/Aug/2021:11:37:53 +0000] "GET /filemanager/dialog.php HTTP/1.1" 301 255 "-" "Mozilla/5.0 (Macintosh; Intel Mac OS X 10.15; rv:77.0) Gecko/20100101 Firefox/77.0"
51.79.177.125 - - [21/Aug/2021:11:37:53 +0000] "GET /filemanager/dialog.php HTTP/1.1" 404 220 "-" "Mozilla/5.0 (Macintosh; Intel Mac OS X 10.15; rv:77.0) Gecko/20100101 Firefox/77.0"
51.79.177.125 - - [21/Aug/2021:11:37:53 +0000] "GET /assets/filemanager/dialog.php HTTP/1.1" 301 262 "-" "Mozilla/5.0 (Macintosh; Intel Mac OS X 10.15; rv:77.0) Gecko/20100101 Firefox/77.0"
51.79.177.125 - - [21/Aug/2021:11:37:53 +0000] "GET /assets/filemanager/dialog.php HTTP/1.1" 404 227 "-" "Mozilla/5.0 (Macintosh; Intel Mac OS X 10.15; rv:77.0) Gecko/20100101 Firefox/77.0"
