114.119.158.253 - - [05/Aug/2021:00:53:50 +0000] "GET /package-trip-of-sri-lanka-%7C-06-nts-07-day-on-request.html HTTP/1.1" 200 33347 "-" "Mozilla/5.0 (Linux; Android 7.0;) AppleWebKit/537.36 (KHTML, like Gecko) Mobile Safari/537.36 (compatible; PetalBot;+https://webmaster.petalsearch.com/site/petalbot)"
114.119.165.226 - - [05/Aug/2021:01:26:02 +0000] "GET /goa-package.html HTTP/1.1" 200 34546 "-" "Mozilla/5.0 (Linux; Android 7.0;) AppleWebKit/537.36 (KHTML, like Gecko) Mobile Safari/537.36 (compatible; PetalBot;+https://webmaster.petalsearch.com/site/petalbot)"
114.119.165.5 - - [05/Aug/2021:01:38:41 +0000] "GET /package-round-trip-with-ayurveda-on-request.html HTTP/1.1" 200 34365 "-" "Mozilla/5.0 (Linux; Android 7.0;) AppleWebKit/537.36 (KHTML, like Gecko) Mobile Safari/537.36 (compatible; PetalBot;+https://webmaster.petalsearch.com/site/petalbot)"
207.46.13.175 - - [05/Aug/2021:01:43:01 +0000] "GET /img/15674115552-1.jpg HTTP/1.1" 200 615210 "-" "Mozilla/5.0 (compatible; bingbot/2.0; +http://www.bing.com/bingbot.htm)"
114.119.165.5 - - [05/Aug/2021:01:46:10 +0000] "GET /package-magical-andamans-honeymoon-package-on-request.html HTTP/1.1" 200 43609 "-" "Mozilla/5.0 (Linux; Android 7.0;) AppleWebKit/537.36 (KHTML, like Gecko) Mobile Safari/537.36 (compatible; PetalBot;+https://webmaster.petalsearch.com/site/petalbot)"
114.119.134.182 - - [05/Aug/2021:02:22:11 +0000] "GET /images/blog.jpg HTTP/1.1" 404 213 "-" "Mozilla/5.0 (Linux; Android 7.0;) AppleWebKit/537.36 (KHTML, like Gecko) Mobile Safari/537.36 (compatible; PetalBot;+https://webmaster.petalsearch.com/site/petalbot)"
66.249.66.38 - - [05/Aug/2021:02:26:38 +0000] "GET /package-rajkot-tour-on-request.html HTTP/1.1" 200 32509 "-" "Mozilla/5.0 (Linux; Android 6.0.1; Nexus 5X Build/MMB29P) AppleWebKit/537.36 (KHTML, like Gecko) Chrome/92.0.4515.119 Mobile Safari/537.36 (compatible; Googlebot/2.1; +http://www.google.com/bot.html)"
66.249.66.32 - - [05/Aug/2021:02:26:42 +0000] "GET /css_new/mont.css/css?family=Montserrat:400,700 HTTP/1.1" 404 218 "https://travelsleads.com/package-rajkot-tour-on-request.html" "Mozilla/5.0 (Linux; Android 6.0.1; Nexus 5X Build/MMB29P) AppleWebKit/537.36 (KHTML, like Gecko) Chrome/91.0.4472.90 Mobile Safari/537.36 (compatible; Googlebot/2.1; +http://www.google.com/bot.html)"
66.249.66.32 - - [05/Aug/2021:02:26:42 +0000] "GET /form_new/css/bootstrap.css HTTP/1.1" 200 142245 "https://travelsleads.com/form_new/index.php" "Mozilla/5.0 (Linux; Android 6.0.1; Nexus 5X Build/MMB29P) AppleWebKit/537.36 (KHTML, like Gecko) Chrome/91.0.4472.90 Mobile Safari/537.36 (compatible; Googlebot/2.1; +http://www.google.com/bot.html)"
114.119.158.253 - - [05/Aug/2021:02:39:54 +0000] "GET /madhya-pradesh-tour-package.html HTTP/1.1" 200 36488 "-" "Mozilla/5.0 (Linux; Android 7.0;) AppleWebKit/537.36 (KHTML, like Gecko) Mobile Safari/537.36 (compatible; PetalBot;+https://webmaster.petalsearch.com/site/petalbot)"
66.249.66.35 - - [05/Aug/2021:02:53:53 +0000] "GET /destination-thailand-package.html HTTP/1.1" 200 35318 "-" "Mozilla/5.0 (Linux; Android 6.0.1; Nexus 5X Build/MMB29P) AppleWebKit/537.36 (KHTML, like Gecko) Chrome/92.0.4515.119 Mobile Safari/537.36 (compatible; Googlebot/2.1; +http://www.google.com/bot.html)"
114.119.142.135 - - [05/Aug/2021:02:58:47 +0000] "GET /package-leh-ladakh-diskit-trip-cost-47500.html HTTP/1.1" 200 34838 "-" "Mozilla/5.0 (Linux; Android 7.0;) AppleWebKit/537.36 (KHTML, like Gecko) Mobile Safari/537.36 (compatible; PetalBot;+https://webmaster.petalsearch.com/site/petalbot)"
114.119.150.4 - - [05/Aug/2021:03:34:41 +0000] "GET /package-bali-family-getaway-land-only-on-request.html HTTP/1.1" 200 34226 "-" "Mozilla/5.0 (Linux; Android 7.0;) AppleWebKit/537.36 (KHTML, like Gecko) Mobile Safari/537.36 (compatible; PetalBot;+https://webmaster.petalsearch.com/site/petalbot)"
114.119.165.226 - - [05/Aug/2021:03:57:52 +0000] "GET /package-bhuj-tour-on-request.html HTTP/1.1" 200 32995 "-" "Mozilla/5.0 (Linux; Android 7.0;) AppleWebKit/537.36 (KHTML, like Gecko) Mobile Safari/537.36 (compatible; PetalBot;+https://webmaster.petalsearch.com/site/petalbot)"
37.120.235.171 - - [05/Aug/2021:04:25:54 +0000] "GET / HTTP/1.0" 301 233 "http://travelsleads.com/" "Mozilla/5.0 (Windows NT 10.0; Win64; x64) AppleWebKit/537.36 (KHTML, like Gecko) Chrome/66.0.3359.170 Safari/537.36 OPR/53.0.2907.68"
37.120.235.171 - - [05/Aug/2021:04:25:55 +0000] "GET / HTTP/1.0" 200 41795 "https://travelsleads.com/" "Mozilla/5.0 (Windows NT 10.0; Win64; x64) AppleWebKit/537.36 (KHTML, like Gecko) Chrome/66.0.3359.170 Safari/537.36 OPR/53.0.2907.68"
37.120.235.171 - - [05/Aug/2021:04:25:56 +0000] "GET /contact.html HTTP/1.0" 200 33451 "https://travelsleads.com/contact.html" "Mozilla/5.0 (Windows NT 10.0; Win64; x64) AppleWebKit/537.36 (KHTML, like Gecko) Chrome/66.0.3359.170 Safari/537.36 OPR/53.0.2907.68"
37.120.235.171 - - [05/Aug/2021:04:25:57 +0000] "POST /contact.html HTTP/1.0" 200 33561 "https://travelsleads.com/contact.html" "Mozilla/5.0 (Windows NT 10.0; Win64; x64) AppleWebKit/537.36 (KHTML, like Gecko) Chrome/66.0.3359.170 Safari/537.36 OPR/53.0.2907.68"
114.119.142.135 - - [05/Aug/2021:04:40:07 +0000] "GET /uttarakhand-tour-packages-package.html HTTP/1.1" 200 35591 "-" "Mozilla/5.0 (Linux; Android 7.0;) AppleWebKit/537.36 (KHTML, like Gecko) Mobile Safari/537.36 (compatible; PetalBot;+https://webmaster.petalsearch.com/site/petalbot)"
173.252.111.15 - - [05/Aug/2021:04:49:35 +0000] "GET /policy.html HTTP/1.1" 200 40506 "-" "facebookexternalhit/1.1 (+http://www.facebook.com/externalhit_uatext.php)"
54.36.148.53 - - [05/Aug/2021:04:55:25 +0000] "GET / HTTP/1.1" 200 41795 "-" "Mozilla/5.0 (compatible; AhrefsBot/7.0; +http://ahrefs.com/robot/)"
114.119.134.182 - - [05/Aug/2021:05:04:04 +0000] "GET /contact.html HTTP/1.1" 200 33451 "-" "Mozilla/5.0 (Linux; Android 7.0;) AppleWebKit/537.36 (KHTML, like Gecko) Mobile Safari/537.36 (compatible; PetalBot;+https://webmaster.petalsearch.com/site/petalbot)"
114.119.165.226 - - [05/Aug/2021:05:17:32 +0000] "GET /terms.html HTTP/1.1" 200 38635 "-" "Mozilla/5.0 (Linux; Android 7.0;) AppleWebKit/537.36 (KHTML, like Gecko) Mobile Safari/537.36 (compatible; PetalBot;+https://webmaster.petalsearch.com/site/petalbot)"
100.21.218.158 - - [05/Aug/2021:05:35:30 +0000] "GET / HTTP/1.1" 301 233 "-" "Mozilla/5.0 (X11; Ubuntu; Linux x86_64; rv:82.0) Gecko/20100101 Firefox/82.0"
100.21.218.158 - - [05/Aug/2021:05:35:31 +0000] "GET / HTTP/1.1" 200 41795 "http://travelsleads.com" "Mozilla/5.0 (X11; Ubuntu; Linux x86_64; rv:82.0) Gecko/20100101 Firefox/82.0"
100.21.218.158 - - [05/Aug/2021:05:35:32 +0000] "GET /robots.txt HTTP/1.1" 301 243 "-" "Mozilla/5.0 (X11; Ubuntu; Linux x86_64; rv:82.0) Gecko/20100101 Firefox/82.0"
100.21.218.158 - - [05/Aug/2021:05:35:32 +0000] "GET /favicon.ico HTTP/1.1" 301 244 "-" "Mozilla/5.0 (X11; Ubuntu; Linux x86_64; rv:82.0) Gecko/20100101 Firefox/82.0"
100.21.218.158 - - [05/Aug/2021:05:35:33 +0000] "GET /favicon.ico HTTP/1.1" 404 209 "http://travelsleads.com/favicon.ico" "Mozilla/5.0 (X11; Ubuntu; Linux x86_64; rv:82.0) Gecko/20100101 Firefox/82.0"
100.21.218.158 - - [05/Aug/2021:05:35:33 +0000] "GET /robots.txt HTTP/1.1" 404 208 "http://travelsleads.com/robots.txt" "Mozilla/5.0 (X11; Ubuntu; Linux x86_64; rv:82.0) Gecko/20100101 Firefox/82.0"
114.119.142.135 - - [05/Aug/2021:05:37:33 +0000] "GET /package-destination-bhaktapur-patan-trip-on-request.html HTTP/1.1" 200 34759 "-" "Mozilla/5.0 (Linux; Android 7.0;) AppleWebKit/537.36 (KHTML, like Gecko) Mobile Safari/537.36 (compatible; PetalBot;+https://webmaster.petalsearch.com/site/petalbot)"
114.119.134.182 - - [05/Aug/2021:05:43:50 +0000] "GET /package-shimla-manali-volvo-package-cost-17999-per-couple.html HTTP/1.1" 200 34779 "-" "Mozilla/5.0 (Linux; Android 7.0;) AppleWebKit/537.36 (KHTML, like Gecko) Mobile Safari/537.36 (compatible; PetalBot;+https://webmaster.petalsearch.com/site/petalbot)"
114.119.131.180 - - [05/Aug/2021:05:50:10 +0000] "GET /kerala-packages-package.html HTTP/1.1" 200 34396 "-" "Mozilla/5.0 (Linux; Android 7.0;) AppleWebKit/537.36 (KHTML, like Gecko) Mobile Safari/537.36 (compatible; PetalBot;+https://webmaster.petalsearch.com/site/petalbot)"
114.119.134.182 - - [05/Aug/2021:05:59:36 +0000] "GET /package-destination-dubai-on-request.html HTTP/1.1" 200 32243 "-" "Mozilla/5.0 (Linux; Android 7.0;) AppleWebKit/537.36 (KHTML, like Gecko) Mobile Safari/537.36 (compatible; PetalBot;+https://webmaster.petalsearch.com/site/petalbot)"
114.119.134.182 - - [05/Aug/2021:06:06:45 +0000] "GET /leh-ladakh-package-package.html HTTP/1.1" 200 35620 "-" "Mozilla/5.0 (Linux; Android 7.0;) AppleWebKit/537.36 (KHTML, like Gecko) Mobile Safari/537.36 (compatible; PetalBot;+https://webmaster.petalsearch.com/site/petalbot)"
114.119.134.182 - - [05/Aug/2021:06:15:03 +0000] "GET /package-singapore-malaysia-package-on-request.html HTTP/1.1" 200 33283 "-" "Mozilla/5.0 (Linux; Android 7.0;) AppleWebKit/537.36 (KHTML, like Gecko) Mobile Safari/537.36 (compatible; PetalBot;+https://webmaster.petalsearch.com/site/petalbot)"
114.119.142.135 - - [05/Aug/2021:06:43:57 +0000] "GET /package-singapore-trip-on-request.html HTTP/1.1" 200 32107 "-" "Mozilla/5.0 (Linux; Android 7.0;) AppleWebKit/537.36 (KHTML, like Gecko) Mobile Safari/537.36 (compatible; PetalBot;+https://webmaster.petalsearch.com/site/petalbot)"
31.13.103.13 - - [05/Aug/2021:08:45:44 +0000] "GET /robots.txt HTTP/1.1" 404 208 "-" "facebookexternalhit/1.1 (+http://www.facebook.com/externalhit_uatext.php)"
31.13.103.24 - - [05/Aug/2021:08:45:45 +0000] "GET / HTTP/1.1" 200 41795 "-" "facebookexternalhit/1.1 (+http://www.facebook.com/externalhit_uatext.php)"
66.249.66.38 - - [05/Aug/2021:09:43:14 +0000] "GET /robots.txt HTTP/1.1" 404 208 "-" "Mozilla/5.0 (compatible; Googlebot/2.1; +http://www.google.com/bot.html)"
66.249.66.32 - - [05/Aug/2021:09:43:15 +0000] "GET /package-khajuraho-temples-with-panna-national-park-on-request.html HTTP/1.1" 200 33735 "-" "Mozilla/5.0 (compatible; Googlebot/2.1; +http://www.google.com/bot.html)"
66.249.66.38 - - [05/Aug/2021:09:49:14 +0000] "GET /package-delhi-mussoorie-corbett-nainital-on-request.html HTTP/1.1" 200 33930 "-" "Mozilla/5.0 (compatible; Googlebot/2.1; +http://www.google.com/bot.html)"
66.249.66.32 - - [05/Aug/2021:09:49:17 +0000] "GET /css_new/mont.css/css?family=Montserrat:400,700 HTTP/1.1" 404 218 "https://travelsleads.com/package-delhi-mussoorie-corbett-nainital-on-request.html" "Mozilla/5.0 AppleWebKit/537.36 (KHTML, like Gecko; compatible; Googlebot/2.1; +http://www.google.com/bot.html) Chrome/91.0.4472.90 Safari/537.36"
66.249.66.35 - - [05/Aug/2021:09:49:18 +0000] "GET /form_new/css/bootstrap.css HTTP/1.1" 200 142245 "https://travelsleads.com/form_new/index.php" "Mozilla/5.0 AppleWebKit/537.36 (KHTML, like Gecko; compatible; Googlebot/2.1; +http://www.google.com/bot.html) Chrome/91.0.4472.90 Safari/537.36"
66.249.66.32 - - [05/Aug/2021:09:57:19 +0000] "GET /img/1567152891PrivateCityTransfersbetweenDelhiandHimachalPradeshPunjab.jpg HTTP/1.1" 200 120275 "-" "Googlebot-Image/1.0"
31.210.20.127 - - [05/Aug/2021:10:34:26 +0000] "GET /.env HTTP/1.1" 404 202 "-" "Mozilla/5.0 (Macintosh; Intel Mac OS X 10_10_1) AppleWebKit/537.36 (KHTML, like Gecko) Chrome/39.0.2171.95 Safari/537.36"
31.210.20.127 - - [05/Aug/2021:10:34:28 +0000] "GET /vendor/.env HTTP/1.1" 404 209 "-" "Mozilla/5.0 (Macintosh; Intel Mac OS X 10_10_1) AppleWebKit/537.36 (KHTML, like Gecko) Chrome/39.0.2171.95 Safari/537.36"
31.210.20.127 - - [05/Aug/2021:10:34:29 +0000] "GET /assets/.env HTTP/1.1" 404 209 "-" "Mozilla/5.0 (Macintosh; Intel Mac OS X 10_10_1) AppleWebKit/537.36 (KHTML, like Gecko) Chrome/39.0.2171.95 Safari/537.36"
31.210.20.127 - - [05/Aug/2021:10:34:30 +0000] "GET /storage/.env HTTP/1.1" 404 210 "-" "Mozilla/5.0 (Macintosh; Intel Mac OS X 10_10_1) AppleWebKit/537.36 (KHTML, like Gecko) Chrome/39.0.2171.95 Safari/537.36"
31.210.20.127 - - [05/Aug/2021:10:34:31 +0000] "GET /shop/.env HTTP/1.1" 404 207 "-" "Mozilla/5.0 (Macintosh; Intel Mac OS X 10_10_1) AppleWebKit/537.36 (KHTML, like Gecko) Chrome/39.0.2171.95 Safari/537.36"
31.210.20.127 - - [05/Aug/2021:10:34:32 +0000] "GET /public/.env HTTP/1.1" 404 209 "-" "Mozilla/5.0 (Macintosh; Intel Mac OS X 10_10_1) AppleWebKit/537.36 (KHTML, like Gecko) Chrome/39.0.2171.95 Safari/537.36"
31.210.20.127 - - [05/Aug/2021:10:34:33 +0000] "GET /app/.env HTTP/1.1" 404 206 "-" "Mozilla/5.0 (Macintosh; Intel Mac OS X 10_10_1) AppleWebKit/537.36 (KHTML, like Gecko) Chrome/39.0.2171.95 Safari/537.36"
31.210.20.127 - - [05/Aug/2021:10:34:35 +0000] "GET /admin/.env HTTP/1.1" 404 208 "-" "Mozilla/5.0 (Macintosh; Intel Mac OS X 10_10_1) AppleWebKit/537.36 (KHTML, like Gecko) Chrome/39.0.2171.95 Safari/537.36"
31.210.20.127 - - [05/Aug/2021:10:34:36 +0000] "GET /laravel/.env HTTP/1.1" 404 210 "-" "Mozilla/5.0 (Macintosh; Intel Mac OS X 10_10_1) AppleWebKit/537.36 (KHTML, like Gecko) Chrome/39.0.2171.95 Safari/537.36"
31.210.20.127 - - [05/Aug/2021:10:34:37 +0000] "GET /dev/.env HTTP/1.1" 404 206 "-" "Mozilla/5.0 (Macintosh; Intel Mac OS X 10_10_1) AppleWebKit/537.36 (KHTML, like Gecko) Chrome/39.0.2171.95 Safari/537.36"
31.210.20.127 - - [05/Aug/2021:10:34:38 +0000] "GET /test/.env HTTP/1.1" 404 207 "-" "Mozilla/5.0 (Macintosh; Intel Mac OS X 10_10_1) AppleWebKit/537.36 (KHTML, like Gecko) Chrome/39.0.2171.95 Safari/537.36"
31.210.20.127 - - [05/Aug/2021:10:34:39 +0000] "GET /portal/.env HTTP/1.1" 404 209 "-" "Mozilla/5.0 (Macintosh; Intel Mac OS X 10_10_1) AppleWebKit/537.36 (KHTML, like Gecko) Chrome/39.0.2171.95 Safari/537.36"
31.210.20.127 - - [05/Aug/2021:10:34:40 +0000] "GET /blog/.env HTTP/1.1" 404 207 "-" "Mozilla/5.0 (Macintosh; Intel Mac OS X 10_10_1) AppleWebKit/537.36 (KHTML, like Gecko) Chrome/39.0.2171.95 Safari/537.36"
31.210.20.127 - - [05/Aug/2021:10:34:41 +0000] "POST / HTTP/1.1" 200 41795 "-" "Mozilla/5.0 (Macintosh; Intel Mac OS X 10_10_1) AppleWebKit/537.36 (KHTML, like Gecko) Chrome/39.0.2171.95 Safari/537.36"
31.210.20.127 - - [05/Aug/2021:10:34:42 +0000] "GET /vendor/phpunit/phpunit/src/Util/PHP/eval-stdin.php HTTP/1.1" 301 283 "-" "Mozilla/5.0 (Macintosh; Intel Mac OS X 10_10_1) AppleWebKit/537.36 (KHTML, like Gecko) Chrome/39.0.2171.95 Safari/537.36"
31.13.115.4 - - [05/Aug/2021:11:30:58 +0000] "GET /policy.html HTTP/1.1" 200 40506 "-" "facebookexternalhit/1.1 (+http://www.facebook.com/externalhit_uatext.php)"
54.186.131.97 - - [05/Aug/2021:13:22:21 +0000] "GET / HTTP/1.1" 301 233 "-" "Mozilla/5.0 (X11; Linux x86_64) AppleWebKit/537.36 (KHTML, like Gecko) Chrome/83.0.4103.97 Safari/537.36"
54.186.131.97 - - [05/Aug/2021:13:22:27 +0000] "GET / HTTP/1.1" 200 41795 "-" "Mozilla/5.0 (X11; Linux x86_64) AppleWebKit/537.36 (KHTML, like Gecko) Chrome/83.0.4103.97 Safari/537.36"
54.244.101.188 - - [05/Aug/2021:13:23:11 +0000] "GET /favicon.ico HTTP/1.1" 301 244 "-" "Mozilla/5.0 (X11; Linux x86_64) AppleWebKit/537.36 (KHTML, like Gecko) Chrome/83.0.4103.97 Safari/537.36"
54.244.101.188 - - [05/Aug/2021:13:23:14 +0000] "GET / HTTP/1.1" 301 233 "-" "Mozilla/5.0 (X11; Linux x86_64) AppleWebKit/537.36 (KHTML, like Gecko) Chrome/83.0.4103.97 Safari/537.36"
54.244.101.188 - - [05/Aug/2021:13:23:16 +0000] "GET / HTTP/1.1" 200 41795 "http://travelsleads.com" "Mozilla/5.0 (X11; Linux x86_64) AppleWebKit/537.36 (KHTML, like Gecko) Chrome/83.0.4103.97 Safari/537.36"
66.249.66.38 - - [05/Aug/2021:15:09:38 +0000] "GET /package-best-of-bali-on-request.html HTTP/1.1" 200 34381 "-" "Mozilla/5.0 (compatible; Googlebot/2.1; +http://www.google.com/bot.html)"
54.36.149.77 - - [05/Aug/2021:15:43:43 +0000] "GET / HTTP/1.1" 200 41795 "-" "Mozilla/5.0 (compatible; AhrefsBot/7.0; +http://ahrefs.com/robot/)"
161.35.55.157 - - [05/Aug/2021:15:45:36 +0000] "GET /wp-login.php HTTP/1.1" 301 245 "-" "Mozilla/5.0 (X11; Ubuntu; Linux x86_64; rv:62.0) Gecko/20100101 Firefox/62.0"
161.35.55.157 - - [05/Aug/2021:15:45:37 +0000] "GET /wp-login.php HTTP/1.1" 404 210 "http://travelsleads.com/wp-login.php" "Mozilla/5.0 (X11; Ubuntu; Linux x86_64; rv:62.0) Gecko/20100101 Firefox/62.0"
207.46.13.124 - - [05/Aug/2021:16:09:52 +0000] "GET /package-bhutan-destination-on-request.html HTTP/1.1" 200 32452 "-" "Mozilla/5.0 (compatible; bingbot/2.0; +http://www.bing.com/bingbot.htm)"
40.77.167.88 - - [05/Aug/2021:16:22:02 +0000] "GET /package-affordable-bali-on-request.html HTTP/1.1" 200 34009 "-" "Mozilla/5.0 (compatible; bingbot/2.0; +http://www.bing.com/bingbot.htm)"
165.227.210.100 - - [05/Aug/2021:16:47:38 +0000] "GET / HTTP/1.0" 200 41795 "-" "Mozilla/5.0 (compatible; NetcraftSurveyAgent/1.0; +info@netcraft.com)"
35.245.188.175 - - [05/Aug/2021:16:50:40 +0000] "GET / HTTP/1.1" 301 233 "-" "Mozilla/5.0 (Windows NT 6.1; WOW64; Trident/7.0; rv:11.0) like Gecko"
35.245.188.175 - - [05/Aug/2021:16:50:41 +0000] "GET / HTTP/1.1" 200 41795 "-" "Mozilla/5.0 (Windows NT 6.1; WOW64; Trident/7.0; rv:11.0) like Gecko"
207.46.13.2 - - [05/Aug/2021:17:06:27 +0000] "GET /package-amazing-singapore-on-request.html HTTP/1.1" 200 33114 "-" "Mozilla/5.0 (compatible; bingbot/2.0; +http://www.bing.com/bingbot.htm)"
157.55.39.112 - - [05/Aug/2021:17:07:04 +0000] "GET /package-tour-special-kerala-on-request.html HTTP/1.1" 200 33713 "-" "Mozilla/5.0 (compatible; bingbot/2.0; +http://www.bing.com/bingbot.htm)"
207.46.13.2 - - [05/Aug/2021:17:25:49 +0000] "GET /destination-singapore-trip-package.html HTTP/1.1" 200 35321 "-" "Mozilla/5.0 (compatible; bingbot/2.0; +http://www.bing.com/bingbot.htm)"
45.82.71.196 - - [05/Aug/2021:17:56:36 +0000] "GET / HTTP/1.1" 301 233 "-" "python-urllib3/1.26.3"
45.82.71.196 - - [05/Aug/2021:17:56:48 +0000] "GET / HTTP/1.1" 200 41795 "-" "python-urllib3/1.26.3"
164.90.131.76 - - [05/Aug/2021:18:01:38 +0000] "GET / HTTP/1.0" 200 41795 "-" "Mozilla/5.0 (compatible; NetcraftSurveyAgent/1.0; +info@netcraft.com)"
40.77.167.88 - - [05/Aug/2021:18:07:59 +0000] "GET /nepal-tour-packages-package.html HTTP/1.1" 200 35464 "-" "Mozilla/5.0 (compatible; bingbot/2.0; +http://www.bing.com/bingbot.htm)"
157.55.39.80 - - [05/Aug/2021:18:31:44 +0000] "GET /package-manali-delhi-volvo-package-cost-10999-per-couple.html HTTP/1.1" 200 36294 "-" "Mozilla/5.0 (compatible; bingbot/2.0; +http://www.bing.com/bingbot.htm)"
69.171.249.15 - - [05/Aug/2021:18:48:37 +0000] "GET /policy.html HTTP/1.1" 200 40506 "-" "facebookexternalhit/1.1 (+http://www.facebook.com/externalhit_uatext.php)"
66.220.149.5 - - [05/Aug/2021:18:48:41 +0000] "GET /policy.html HTTP/1.1" 200 40506 "-" "facebookexternalhit/1.1 (+http://www.facebook.com/externalhit_uatext.php)"
157.55.39.174 - - [05/Aug/2021:18:58:34 +0000] "GET /package-shimla-manali-volvo-package-cost-17999-per-couple.html HTTP/1.1" 200 34779 "-" "Mozilla/5.0 (compatible; bingbot/2.0; +http://www.bing.com/bingbot.htm)"
157.55.39.174 - - [05/Aug/2021:19:01:06 +0000] "GET /package-jainism-tour-to-shikhar-ji-and-rajgir-on-request.html HTTP/1.1" 200 34950 "-" "Mozilla/5.0 (compatible; bingbot/2.0; +http://www.bing.com/bingbot.htm)"
207.46.13.175 - - [05/Aug/2021:19:05:48 +0000] "GET /package-paro-thimphu-punakha-paro-on-request.html HTTP/1.1" 200 33642 "-" "Mozilla/5.0 (compatible; bingbot/2.0; +http://www.bing.com/bingbot.htm)"
157.55.39.80 - - [05/Aug/2021:19:15:38 +0000] "GET /package-singapore-malaysia-package-on-request.html HTTP/1.1" 200 33283 "-" "Mozilla/5.0 (compatible; bingbot/2.0; +http://www.bing.com/bingbot.htm)"
114.119.150.4 - - [05/Aug/2021:19:24:21 +0000] "GET /package-north-east-package-kaziranga-national-park-cost-9920-per-person.html HTTP/1.1" 200 38725 "-" "Mozilla/5.0 (Linux; Android 7.0;) AppleWebKit/537.36 (KHTML, like Gecko) Mobile Safari/537.36 (compatible; PetalBot;+https://webmaster.petalsearch.com/site/petalbot)"
114.119.142.135 - - [05/Aug/2021:19:29:34 +0000] "GET /package-delhi-mussoorie-corbett-kausani-nainital-on-request-on-request.html HTTP/1.1" 200 32953 "-" "Mozilla/5.0 (Linux; Android 7.0;) AppleWebKit/537.36 (KHTML, like Gecko) Mobile Safari/537.36 (compatible; PetalBot;+https://webmaster.petalsearch.com/site/petalbot)"
114.119.157.4 - - [05/Aug/2021:19:35:02 +0000] "GET /package-thailand-02-pattaya-02-bangkok-on-request.html HTTP/1.1" 200 32486 "-" "Mozilla/5.0 (Linux; Android 7.0;) AppleWebKit/537.36 (KHTML, like Gecko) Mobile Safari/537.36 (compatible; PetalBot;+https://webmaster.petalsearch.com/site/petalbot)"
114.119.128.253 - - [05/Aug/2021:19:40:40 +0000] "GET /img/15748413002.jpg HTTP/1.1" 200 219131 "-" "Mozilla/5.0 (Linux; Android 7.0;) AppleWebKit/537.36 (KHTML, like Gecko) Mobile Safari/537.36 (compatible; PetalBot;+https://webmaster.petalsearch.com/site/petalbot)"
207.46.13.173 - - [05/Aug/2021:19:41:36 +0000] "GET /package-jainism-patna-and-rajgir-tour-on-request.html HTTP/1.1" 200 33658 "-" "Mozilla/5.0 (compatible; bingbot/2.0; +http://www.bing.com/bingbot.htm)"
54.36.148.59 - - [05/Aug/2021:19:44:51 +0000] "GET / HTTP/1.1" 200 41795 "-" "Mozilla/5.0 (compatible; AhrefsBot/7.0; +http://ahrefs.com/robot/)"
195.154.122.102 - - [05/Aug/2021:19:44:52 +0000] "GET /css_new/style.css HTTP/1.1" 200 61631 "https://travelsleads.com/" "Mozilla/5.0 (compatible; AhrefsBot/7.0; +http://ahrefs.com/robot/)"
195.154.122.102 - - [05/Aug/2021:19:44:52 +0000] "GET /css_new/font-awesome-4.7.0/css/font-awesome.min.css HTTP/1.1" 404 249 "https://travelsleads.com/" "Mozilla/5.0 (compatible; AhrefsBot/7.0; +http://ahrefs.com/robot/)"
195.154.122.102 - - [05/Aug/2021:19:44:52 +0000] "GET /css_new/animate.css HTTP/1.1" 200 68760 "https://travelsleads.com/" "Mozilla/5.0 (compatible; AhrefsBot/7.0; +http://ahrefs.com/robot/)"
195.154.122.102 - - [05/Aug/2021:19:44:52 +0000] "GET /css_new/mont.css?family=Montserrat:400,700 HTTP/1.1" 200 3664 "https://travelsleads.com/" "Mozilla/5.0 (compatible; AhrefsBot/7.0; +http://ahrefs.com/robot/)"
195.154.122.102 - - [05/Aug/2021:19:44:53 +0000] "GET /js_new/login.js HTTP/1.1" 200 1160 "https://travelsleads.com/" "Mozilla/5.0 (compatible; AhrefsBot/7.0; +http://ahrefs.com/robot/)"
195.154.122.102 - - [05/Aug/2021:19:44:53 +0000] "GET /js_new/jquery.easydropdown.js HTTP/1.1" 200 12390 "https://travelsleads.com/" "Mozilla/5.0 (compatible; AhrefsBot/7.0; +http://ahrefs.com/robot/)"
195.154.122.102 - - [05/Aug/2021:19:44:52 +0000] "GET /css_new/bootstrap.css HTTP/1.1" 200 121251 "https://travelsleads.com/" "Mozilla/5.0 (compatible; AhrefsBot/7.0; +http://ahrefs.com/robot/)"
195.154.122.102 - - [05/Aug/2021:19:44:53 +0000] "GET /js_new/wow.min.js HTTP/1.1" 200 4776 "https://travelsleads.com/" "Mozilla/5.0 (compatible; AhrefsBot/7.0; +http://ahrefs.com/robot/)"
195.154.122.102 - - [05/Aug/2021:19:44:53 +0000] "GET /js_new/jquery-1.11.1.min.js HTTP/1.1" 200 95786 "https://travelsleads.com/" "Mozilla/5.0 (compatible; AhrefsBot/7.0; +http://ahrefs.com/robot/)"
195.154.122.102 - - [05/Aug/2021:19:44:53 +0000] "GET /js_new/responsive-nav.js HTTP/1.1" 200 1268 "https://travelsleads.com/" "Mozilla/5.0 (compatible; AhrefsBot/7.0; +http://ahrefs.com/robot/)"
195.154.122.102 - - [05/Aug/2021:19:44:53 +0000] "GET /form_new/index.php HTTP/1.1" 200 8596 "https://travelsleads.com/" "Mozilla/5.0 (compatible; AhrefsBot/7.0; +http://ahrefs.com/robot/)"
195.154.122.102 - - [05/Aug/2021:19:44:53 +0000] "GET /form_new/css/bootstrap.css HTTP/1.1" 200 142245 "https://travelsleads.com/form_new/index.php" "Mozilla/5.0 (compatible; AhrefsBot/7.0; +http://ahrefs.com/robot/)"
195.154.122.102 - - [05/Aug/2021:19:44:53 +0000] "GET /form_new/css/jquery-ui.css HTTP/1.1" 200 32787 "https://travelsleads.com/form_new/index.php" "Mozilla/5.0 (compatible; AhrefsBot/7.0; +http://ahrefs.com/robot/)"
195.154.122.102 - - [05/Aug/2021:19:44:53 +0000] "GET /form_new/css/wickedpicker.css HTTP/1.1" 200 3105 "https://travelsleads.com/form_new/index.php" "Mozilla/5.0 (compatible; AhrefsBot/7.0; +http://ahrefs.com/robot/)"
195.154.122.102 - - [05/Aug/2021:19:44:53 +0000] "GET /form_new/css/style.css?v1 HTTP/1.1" 200 6915 "https://travelsleads.com/form_new/index.php" "Mozilla/5.0 (compatible; AhrefsBot/7.0; +http://ahrefs.com/robot/)"
195.154.122.102 - - [05/Aug/2021:19:44:53 +0000] "GET /form_new/js/jquery.min.js HTTP/1.1" 200 95992 "https://travelsleads.com/form_new/index.php" "Mozilla/5.0 (compatible; AhrefsBot/7.0; +http://ahrefs.com/robot/)"
195.154.122.102 - - [05/Aug/2021:19:44:53 +0000] "GET /form_new/js/move-top.js HTTP/1.1" 200 1330 "https://travelsleads.com/form_new/index.php" "Mozilla/5.0 (compatible; AhrefsBot/7.0; +http://ahrefs.com/robot/)"
195.154.122.102 - - [05/Aug/2021:19:44:53 +0000] "GET /form_new/js/easing.js HTTP/1.1" 200 4759 "https://travelsleads.com/form_new/index.php" "Mozilla/5.0 (compatible; AhrefsBot/7.0; +http://ahrefs.com/robot/)"
195.154.122.102 - - [05/Aug/2021:19:44:53 +0000] "GET /form_new/js/wickedpicker.js HTTP/1.1" 200 13743 "https://travelsleads.com/form_new/index.php" "Mozilla/5.0 (compatible; AhrefsBot/7.0; +http://ahrefs.com/robot/)"
195.154.122.102 - - [05/Aug/2021:19:44:53 +0000] "GET /form_new/js/jquery-ui.js HTTP/1.1" 200 450163 "https://travelsleads.com/form_new/index.php" "Mozilla/5.0 (compatible; AhrefsBot/7.0; +http://ahrefs.com/robot/)"
114.119.142.135 - - [05/Aug/2021:19:46:27 +0000] "GET /images_new/blog.jpg HTTP/1.1" 404 217 "-" "Mozilla/5.0 (Linux; Android 7.0;) AppleWebKit/537.36 (KHTML, like Gecko) Mobile Safari/537.36 (compatible; PetalBot;+https://webmaster.petalsearch.com/site/petalbot)"
114.119.158.253 - - [05/Aug/2021:19:52:15 +0000] "GET /package-khajuraho-temples-with-panna-national-park-on-request.html HTTP/1.1" 200 33735 "-" "Mozilla/5.0 (Linux; Android 7.0;) AppleWebKit/537.36 (KHTML, like Gecko) Mobile Safari/537.36 (compatible; PetalBot;+https://webmaster.petalsearch.com/site/petalbot)"
114.119.158.253 - - [05/Aug/2021:20:03:45 +0000] "GET /package-singapore-with-cruise-on-request.html HTTP/1.1" 200 33448 "-" "Mozilla/5.0 (Linux; Android 7.0;) AppleWebKit/537.36 (KHTML, like Gecko) Mobile Safari/537.36 (compatible; PetalBot;+https://webmaster.petalsearch.com/site/petalbot)"
114.119.131.180 - - [05/Aug/2021:20:09:30 +0000] "GET /img/15675132483-1.jpg HTTP/1.1" 200 565973 "-" "Mozilla/5.0 (Linux; Android 7.0;) AppleWebKit/537.36 (KHTML, like Gecko) Mobile Safari/537.36 (compatible; PetalBot;+https://webmaster.petalsearch.com/site/petalbot)"
114.119.157.4 - - [05/Aug/2021:20:15:23 +0000] "GET /package-north-east-package-cherrapunjee-tour-cost-7070-per-person.html HTTP/1.1" 200 38827 "-" "Mozilla/5.0 (Linux; Android 7.0;) AppleWebKit/537.36 (KHTML, like Gecko) Mobile Safari/537.36 (compatible; PetalBot;+https://webmaster.petalsearch.com/site/petalbot)"
114.119.157.4 - - [05/Aug/2021:20:21:15 +0000] "GET /img/15674324362-1.jpg HTTP/1.1" 200 185567 "-" "Mozilla/5.0 (Linux; Android 7.0;) AppleWebKit/537.36 (KHTML, like Gecko) Mobile Safari/537.36 (compatible; PetalBot;+https://webmaster.petalsearch.com/site/petalbot)"
114.119.165.5 - - [05/Aug/2021:20:27:16 +0000] "GET /package-darjeeling-tour-package-cost-30400-per-person.html HTTP/1.1" 200 45488 "-" "Mozilla/5.0 (Linux; Android 7.0;) AppleWebKit/537.36 (KHTML, like Gecko) Mobile Safari/537.36 (compatible; PetalBot;+https://webmaster.petalsearch.com/site/petalbot)"
114.119.128.14 - - [05/Aug/2021:20:33:16 +0000] "GET /robots.txt HTTP/1.1" 404 208 "-" "Mozilla/5.0 (compatible;PetalBot;+https://webmaster.petalsearch.com/site/petalbot)"
114.119.142.135 - - [05/Aug/2021:20:39:14 +0000] "GET /forgot_password.php HTTP/1.1" 200 31216 "-" "Mozilla/5.0 (Linux; Android 7.0;) AppleWebKit/537.36 (KHTML, like Gecko) Mobile Safari/537.36 (compatible; PetalBot;+https://webmaster.petalsearch.com/site/petalbot)"
114.119.142.135 - - [05/Aug/2021:20:45:16 +0000] "GET /img/15676713665-1.jpg HTTP/1.1" 200 487857 "-" "Mozilla/5.0 (Linux; Android 7.0;) AppleWebKit/537.36 (KHTML, like Gecko) Mobile Safari/537.36 (compatible; PetalBot;+https://webmaster.petalsearch.com/site/petalbot)"
66.249.66.32 - - [05/Aug/2021:20:47:36 +0000] "GET / HTTP/1.1" 200 41795 "-" "Mozilla/5.0 (Linux; Android 6.0.1; Nexus 5X Build/MMB29P) AppleWebKit/537.36 (KHTML, like Gecko) Chrome/92.0.4515.119 Mobile Safari/537.36 (compatible; Googlebot/2.1; +http://www.google.com/bot.html)"
66.249.66.35 - - [05/Aug/2021:20:47:39 +0000] "GET /css_new/font-awesome-4.7.0/css/font-awesome.min.css HTTP/1.1" 404 249 "https://travelsleads.com/" "Mozilla/5.0 (Linux; Android 6.0.1; Nexus 5X Build/MMB29P) AppleWebKit/537.36 (KHTML, like Gecko) Chrome/91.0.4472.90 Mobile Safari/537.36 (compatible; Googlebot/2.1; +http://www.google.com/bot.html)"
114.119.157.4 - - [05/Aug/2021:20:51:16 +0000] "GET /img/15675820716-1.jpg HTTP/1.1" 200 429701 "-" "Mozilla/5.0 (Linux; Android 7.0;) AppleWebKit/537.36 (KHTML, like Gecko) Mobile Safari/537.36 (compatible; PetalBot;+https://webmaster.petalsearch.com/site/petalbot)"
69.171.251.9 - - [05/Aug/2021:20:53:15 +0000] "GET /policy.html HTTP/1.1" 200 40506 "-" "facebookexternalhit/1.1 (+http://www.facebook.com/externalhit_uatext.php)"
114.119.128.253 - - [05/Aug/2021:20:57:18 +0000] "GET /img/1567236927Stunning-Honeymoon-Packages-In-Andaman-With-Prices.jpg HTTP/1.1" 200 171404 "-" "Mozilla/5.0 (Linux; Android 7.0;) AppleWebKit/537.36 (KHTML, like Gecko) Mobile Safari/537.36 (compatible; PetalBot;+https://webmaster.petalsearch.com/site/petalbot)"
40.77.167.99 - - [05/Aug/2021:21:01:56 +0000] "GET /package-destination-gangtok-package-trip-on-request.html HTTP/1.1" 200 34028 "-" "Mozilla/5.0 (compatible; bingbot/2.0; +http://www.bing.com/bingbot.htm)"
114.119.158.253 - - [05/Aug/2021:21:03:18 +0000] "GET /package-jainism-tour-to-shikhar-ji-and-rajgir-on-request.html HTTP/1.1" 200 34950 "-" "Mozilla/5.0 (Linux; Android 7.0;) AppleWebKit/537.36 (KHTML, like Gecko) Mobile Safari/537.36 (compatible; PetalBot;+https://webmaster.petalsearch.com/site/petalbot)"
114.119.165.5 - - [05/Aug/2021:21:09:19 +0000] "GET /img/15674960601-1.jpg HTTP/1.1" 200 532443 "-" "Mozilla/5.0 (Linux; Android 7.0;) AppleWebKit/537.36 (KHTML, like Gecko) Mobile Safari/537.36 (compatible; PetalBot;+https://webmaster.petalsearch.com/site/petalbot)"
114.119.165.5 - - [05/Aug/2021:21:15:29 +0000] "GET /package-destination-best-kathmandu-trip-on-request.html HTTP/1.1" 200 36311 "-" "Mozilla/5.0 (Linux; Android 7.0;) AppleWebKit/537.36 (KHTML, like Gecko) Mobile Safari/537.36 (compatible; PetalBot;+https://webmaster.petalsearch.com/site/petalbot)"
207.46.13.175 - - [05/Aug/2021:21:18:51 +0000] "GET /package-goa-tour-packages-cost-6984.html HTTP/1.1" 200 32844 "-" "Mozilla/5.0 (compatible; bingbot/2.0; +http://www.bing.com/bingbot.htm)"
34.243.10.227 - - [05/Aug/2021:21:19:53 +0000] "GET / HTTP/1.1" 301 233 "-" "Mozilla/5.0 (Macintosh; Intel Mac OS X 10.15; rv:81.0) Gecko/20100101 Firefox/81.0"
34.243.10.227 - - [05/Aug/2021:21:19:53 +0000] "GET / HTTP/1.1" 200 41795 "http://165.232.190.148" "Mozilla/5.0 (Macintosh; Intel Mac OS X 10.15; rv:81.0) Gecko/20100101 Firefox/81.0"
114.119.158.253 - - [05/Aug/2021:21:21:15 +0000] "GET /package-destination-dubai-dubai-on-request.html HTTP/1.1" 200 33661 "-" "Mozilla/5.0 (Linux; Android 7.0;) AppleWebKit/537.36 (KHTML, like Gecko) Mobile Safari/537.36 (compatible; PetalBot;+https://webmaster.petalsearch.com/site/petalbot)"
114.119.165.226 - - [05/Aug/2021:21:27:54 +0000] "GET /package-serene-bali-on-request.html HTTP/1.1" 200 34127 "-" "Mozilla/5.0 (Linux; Android 7.0;) AppleWebKit/537.36 (KHTML, like Gecko) Mobile Safari/537.36 (compatible; PetalBot;+https://webmaster.petalsearch.com/site/petalbot)"
157.55.39.112 - - [05/Aug/2021:21:27:58 +0000] "GET /package-best-thailand-on-request.html HTTP/1.1" 200 32620 "-" "Mozilla/5.0 (compatible; bingbot/2.0; +http://www.bing.com/bingbot.htm)"
157.55.39.112 - - [05/Aug/2021:21:31:49 +0000] "GET /package-best-of-bali-on-request.html HTTP/1.1" 200 34381 "-" "Mozilla/5.0 (compatible; bingbot/2.0; +http://www.bing.com/bingbot.htm)"
207.46.13.124 - - [05/Aug/2021:21:33:38 +0000] "GET /package-north-east-package-cherrapunjee-tour-cost-7070-per-person.html HTTP/1.1" 200 38827 "-" "Mozilla/5.0 (compatible; bingbot/2.0; +http://www.bing.com/bingbot.htm)"
114.119.165.5 - - [05/Aug/2021:21:33:58 +0000] "GET /package-meraden-la-oasis-goa-03night-cost-19999.html HTTP/1.1" 200 33538 "-" "Mozilla/5.0 (Linux; Android 7.0;) AppleWebKit/537.36 (KHTML, like Gecko) Mobile Safari/537.36 (compatible; PetalBot;+https://webmaster.petalsearch.com/site/petalbot)"
69.171.249.22 - - [05/Aug/2021:23:06:56 +0000] "GET /policy.html HTTP/1.1" 200 40506 "-" "facebookexternalhit/1.1 (+http://www.facebook.com/externalhit_uatext.php)"
114.119.150.4 - - [05/Aug/2021:23:37:19 +0000] "GET /img/15674344221-1.png HTTP/1.1" 200 2000481 "-" "Mozilla/5.0 (Linux; Android 7.0;) AppleWebKit/537.36 (KHTML, like Gecko) Mobile Safari/537.36 (compatible; PetalBot;+https://webmaster.petalsearch.com/site/petalbot)"
114.119.165.226 - - [05/Aug/2021:23:45:18 +0000] "GET /package-thailand-package-on-request.html HTTP/1.1" 200 32017 "-" "Mozilla/5.0 (Linux; Android 7.0;) AppleWebKit/537.36 (KHTML, like Gecko) Mobile Safari/537.36 (compatible; PetalBot;+https://webmaster.petalsearch.com/site/petalbot)"
114.119.142.135 - - [05/Aug/2021:23:51:21 +0000] "GET /package-temple-and-tiger-tour-on-ruquest.html HTTP/1.1" 200 32063 "-" "Mozilla/5.0 (Linux; Android 7.0;) AppleWebKit/537.36 (KHTML, like Gecko) Mobile Safari/537.36 (compatible; PetalBot;+https://webmaster.petalsearch.com/site/petalbot)"
157.55.39.174 - - [05/Aug/2021:23:52:42 +0000] "GET /package-the-royal-bhutan-on-request.html HTTP/1.1" 200 32324 "-" "Mozilla/5.0 (compatible; bingbot/2.0; +http://www.bing.com/bingbot.htm)"
114.119.165.226 - - [05/Aug/2021:23:57:22 +0000] "GET /img/15672526324-1.jpg HTTP/1.1" 200 201248 "-" "Mozilla/5.0 (Linux; Android 7.0;) AppleWebKit/537.36 (KHTML, like Gecko) Mobile Safari/537.36 (compatible; PetalBot;+https://webmaster.petalsearch.com/site/petalbot)"
114.119.128.14 - - [06/Aug/2021:00:03:47 +0000] "GET /img/15677766845-1.jpg HTTP/1.1" 200 253671 "-" "Mozilla/5.0 (Linux; Android 7.0;) AppleWebKit/537.36 (KHTML, like Gecko) Mobile Safari/537.36 (compatible; PetalBot;+https://webmaster.petalsearch.com/site/petalbot)"
157.55.39.174 - - [06/Aug/2021:00:04:04 +0000] "GET /package-destination-kathmandu-on-request.html HTTP/1.1" 200 34487 "-" "Mozilla/5.0 (compatible; bingbot/2.0; +http://www.bing.com/bingbot.htm)"
114.119.134.182 - - [06/Aug/2021:00:16:24 +0000] "GET /img/15677759284-1.jpg HTTP/1.1" 200 332100 "-" "Mozilla/5.0 (Linux; Android 7.0;) AppleWebKit/537.36 (KHTML, like Gecko) Mobile Safari/537.36 (compatible; PetalBot;+https://webmaster.petalsearch.com/site/petalbot)"
54.72.135.122 - - [06/Aug/2021:00:26:10 +0000] "GET / HTTP/1.1" 301 233 "-" "Mozilla/5.0 (Macintosh; Intel Mac OS X 10.15; rv:81.0) Gecko/20100101 Firefox/81.0"
54.72.135.122 - - [06/Aug/2021:00:26:11 +0000] "GET / HTTP/1.1" 200 41795 "http://165.232.190.148" "Mozilla/5.0 (Macintosh; Intel Mac OS X 10.15; rv:81.0) Gecko/20100101 Firefox/81.0"
114.119.158.253 - - [06/Aug/2021:00:33:42 +0000] "GET /package-destination-escape-to-nepal-on-request.html HTTP/1.1" 200 38622 "-" "Mozilla/5.0 (Linux; Android 7.0;) AppleWebKit/537.36 (KHTML, like Gecko) Mobile Safari/537.36 (compatible; PetalBot;+https://webmaster.petalsearch.com/site/petalbot)"
114.119.142.135 - - [06/Aug/2021:00:44:42 +0000] "GET /img/156767975815674127074-1.jpg HTTP/1.1" 200 337494 "-" "Mozilla/5.0 (Linux; Android 7.0;) AppleWebKit/537.36 (KHTML, like Gecko) Mobile Safari/537.36 (compatible; PetalBot;+https://webmaster.petalsearch.com/site/petalbot)"
114.119.128.14 - - [06/Aug/2021:00:50:48 +0000] "GET /package-shimla-manali-car-package-cost-25999-per-couple.html HTTP/1.1" 200 34775 "-" "Mozilla/5.0 (Linux; Android 7.0;) AppleWebKit/537.36 (KHTML, like Gecko) Mobile Safari/537.36 (compatible; PetalBot;+https://webmaster.petalsearch.com/site/petalbot)"
114.119.134.182 - - [06/Aug/2021:00:57:00 +0000] "GET /package-experience-dubai-on-request.html HTTP/1.1" 200 33838 "-" "Mozilla/5.0 (Linux; Android 7.0;) AppleWebKit/537.36 (KHTML, like Gecko) Mobile Safari/537.36 (compatible; PetalBot;+https://webmaster.petalsearch.com/site/petalbot)"
114.119.150.4 - - [06/Aug/2021:01:09:11 +0000] "GET /package-delhi-manali-car-package-cost-20999-per-couple.html HTTP/1.1" 200 33912 "-" "Mozilla/5.0 (Linux; Android 7.0;) AppleWebKit/537.36 (KHTML, like Gecko) Mobile Safari/537.36 (compatible; PetalBot;+https://webmaster.petalsearch.com/site/petalbot)"
114.119.158.253 - - [06/Aug/2021:01:15:18 +0000] "GET /package-short-trip-of-bhutan-on-request.html HTTP/1.1" 200 31869 "-" "Mozilla/5.0 (Linux; Android 7.0;) AppleWebKit/537.36 (KHTML, like Gecko) Mobile Safari/537.36 (compatible; PetalBot;+https://webmaster.petalsearch.com/site/petalbot)"
114.119.142.135 - - [06/Aug/2021:01:21:28 +0000] "GET /img/15674115552-1.jpg HTTP/1.1" 200 615210 "-" "Mozilla/5.0 (Linux; Android 7.0;) AppleWebKit/537.36 (KHTML, like Gecko) Mobile Safari/537.36 (compatible; PetalBot;+https://webmaster.petalsearch.com/site/petalbot)"
114.119.142.135 - - [06/Aug/2021:01:27:38 +0000] "GET /package-amazing-andaman-honeymoon-package-on-request.html HTTP/1.1" 200 40693 "-" "Mozilla/5.0 (Linux; Android 7.0;) AppleWebKit/537.36 (KHTML, like Gecko) Mobile Safari/537.36 (compatible; PetalBot;+https://webmaster.petalsearch.com/site/petalbot)"
114.119.134.182 - - [06/Aug/2021:01:33:50 +0000] "GET /img/15675805943-1.jpg HTTP/1.1" 200 149433 "-" "Mozilla/5.0 (Linux; Android 7.0;) AppleWebKit/537.36 (KHTML, like Gecko) Mobile Safari/537.36 (compatible; PetalBot;+https://webmaster.petalsearch.com/site/petalbot)"
114.119.128.253 - - [06/Aug/2021:01:39:56 +0000] "GET /package-temple-and-tiger-safari-on-request.html HTTP/1.1" 200 32723 "-" "Mozilla/5.0 (Linux; Android 7.0;) AppleWebKit/537.36 (KHTML, like Gecko) Mobile Safari/537.36 (compatible; PetalBot;+https://webmaster.petalsearch.com/site/petalbot)"
114.119.158.253 - - [06/Aug/2021:01:46:01 +0000] "GET /img/15675019182-1.jpg HTTP/1.1" 200 625032 "-" "Mozilla/5.0 (Linux; Android 7.0;) AppleWebKit/537.36 (KHTML, like Gecko) Mobile Safari/537.36 (compatible; PetalBot;+https://webmaster.petalsearch.com/site/petalbot)"
114.119.165.226 - - [06/Aug/2021:01:52:51 +0000] "GET /img/15672418952-1.jpg HTTP/1.1" 200 1007246 "-" "Mozilla/5.0 (Linux; Android 7.0;) AppleWebKit/537.36 (KHTML, like Gecko) Mobile Safari/537.36 (compatible; PetalBot;+https://webmaster.petalsearch.com/site/petalbot)"
54.36.148.132 - - [06/Aug/2021:02:03:05 +0000] "GET /robots.txt HTTP/1.1" 404 208 "-" "Mozilla/5.0 (compatible; AhrefsBot/7.0; +http://ahrefs.com/robot/)"
54.36.149.68 - - [06/Aug/2021:02:03:06 +0000] "GET / HTTP/1.1" 200 41795 "-" "Mozilla/5.0 (compatible; AhrefsBot/7.0; +http://ahrefs.com/robot/)"
207.46.13.173 - - [06/Aug/2021:02:04:14 +0000] "GET /package-varanasi-bodhgaya-and-gaya-on-request.html HTTP/1.1" 200 32265 "-" "Mozilla/5.0 (compatible; bingbot/2.0; +http://www.bing.com/bingbot.htm)"
114.119.128.14 - - [06/Aug/2021:02:04:54 +0000] "GET /gujarat-packages-package.html HTTP/1.1" 200 35172 "-" "Mozilla/5.0 (Linux; Android 7.0;) AppleWebKit/537.36 (KHTML, like Gecko) Mobile Safari/537.36 (compatible; PetalBot;+https://webmaster.petalsearch.com/site/petalbot)"
207.46.13.173 - - [06/Aug/2021:02:10:03 +0000] "GET /package-destination-dubai-dubai-on-request.html HTTP/1.1" 200 33661 "-" "Mozilla/5.0 (compatible; bingbot/2.0; +http://www.bing.com/bingbot.htm)"
157.55.39.174 - - [06/Aug/2021:03:27:53 +0000] "GET /package-the-crown-goa-5-star-hotel-in-panaji-hotel-cost-22999.html HTTP/1.1" 200 32030 "-" "Mozilla/5.0 (compatible; bingbot/2.0; +http://www.bing.com/bingbot.htm)"
40.77.167.99 - - [06/Aug/2021:03:44:24 +0000] "GET /package-meraden-la-oasis-goa-03night-cost-19999.html HTTP/1.1" 200 33538 "-" "Mozilla/5.0 (compatible; bingbot/2.0; +http://www.bing.com/bingbot.htm)"
207.46.13.124 - - [06/Aug/2021:04:11:45 +0000] "GET /package-destination-arabian-(dubai)-on-request.html HTTP/1.1" 200 32255 "-" "Mozilla/5.0 (compatible; bingbot/2.0; +http://www.bing.com/bingbot.htm)"
114.119.142.135 - - [06/Aug/2021:04:18:34 +0000] "GET /img/15674249624-1.png HTTP/1.1" 200 3683319 "-" "Mozilla/5.0 (Linux; Android 7.0;) AppleWebKit/537.36 (KHTML, like Gecko) Mobile Safari/537.36 (compatible; PetalBot;+https://webmaster.petalsearch.com/site/petalbot)"
114.119.142.135 - - [06/Aug/2021:04:27:00 +0000] "GET /img/15673369791-1.jpg HTTP/1.1" 200 83676 "-" "Mozilla/5.0 (Linux; Android 7.0;) AppleWebKit/537.36 (KHTML, like Gecko) Mobile Safari/537.36 (compatible; PetalBot;+https://webmaster.petalsearch.com/site/petalbot)"
114.119.134.182 - - [06/Aug/2021:04:36:44 +0000] "GET /destination-in-sri-lanka-package.html HTTP/1.1" 200 35514 "-" "Mozilla/5.0 (Linux; Android 7.0;) AppleWebKit/537.36 (KHTML, like Gecko) Mobile Safari/537.36 (compatible; PetalBot;+https://webmaster.petalsearch.com/site/petalbot)"
114.119.150.4 - - [06/Aug/2021:04:54:24 +0000] "GET /destination-bali-package.html HTTP/1.1" 200 35358 "-" "Mozilla/5.0 (Linux; Android 7.0;) AppleWebKit/537.36 (KHTML, like Gecko) Mobile Safari/537.36 (compatible; PetalBot;+https://webmaster.petalsearch.com/site/petalbot)"
114.119.158.253 - - [06/Aug/2021:05:31:58 +0000] "GET /img/15748345051.png HTTP/1.1" 200 1133590 "-" "Mozilla/5.0 (Linux; Android 7.0;) AppleWebKit/537.36 (KHTML, like Gecko) Mobile Safari/537.36 (compatible; PetalBot;+https://webmaster.petalsearch.com/site/petalbot)"
114.119.165.226 - - [06/Aug/2021:05:41:19 +0000] "GET /package-paro-thimphu-punakha-paro-on-request.html HTTP/1.1" 200 33642 "-" "Mozilla/5.0 (Linux; Android 7.0;) AppleWebKit/537.36 (KHTML, like Gecko) Mobile Safari/537.36 (compatible; PetalBot;+https://webmaster.petalsearch.com/site/petalbot)"
114.119.131.180 - - [06/Aug/2021:05:50:44 +0000] "GET /package-khajuraho-temple-with-tiger-on-request.html HTTP/1.1" 200 32078 "-" "Mozilla/5.0 (Linux; Android 7.0;) AppleWebKit/537.36 (KHTML, like Gecko) Mobile Safari/537.36 (compatible; PetalBot;+https://webmaster.petalsearch.com/site/petalbot)"
66.249.66.38 - - [06/Aug/2021:05:56:39 +0000] "GET /robots.txt HTTP/1.1" 404 208 "-" "Mozilla/5.0 (compatible; Googlebot/2.1; +http://www.google.com/bot.html)"
66.249.66.32 - - [06/Aug/2021:05:56:41 +0000] "GET /package-cultural-heritage-tour-%7C-04-nts-05-day-on-request.html HTTP/1.1" 200 32263 "-" "Mozilla/5.0 (Linux; Android 6.0.1; Nexus 5X Build/MMB29P) AppleWebKit/537.36 (KHTML, like Gecko) Chrome/92.0.4515.119 Mobile Safari/537.36 (compatible; Googlebot/2.1; +http://www.google.com/bot.html)"
66.249.66.35 - - [06/Aug/2021:05:56:47 +0000] "GET /css_new/mont.css/css?family=Montserrat:400,700 HTTP/1.1" 404 218 "https://travelsleads.com/package-cultural-heritage-tour-%7C-04-nts-05-day-on-request.html" "Mozilla/5.0 (Linux; Android 6.0.1; Nexus 5X Build/MMB29P) AppleWebKit/537.36 (KHTML, like Gecko) Chrome/92.0.4515.119 Mobile Safari/537.36 (compatible; Googlebot/2.1; +http://www.google.com/bot.html)"
66.249.66.32 - - [06/Aug/2021:05:56:48 +0000] "GET /form_new/js/wickedpicker.js HTTP/1.1" 200 13743 "https://travelsleads.com/form_new/index.php" "Mozilla/5.0 (Linux; Android 6.0.1; Nexus 5X Build/MMB29P) AppleWebKit/537.36 (KHTML, like Gecko) Chrome/92.0.4515.119 Mobile Safari/537.36 (compatible; Googlebot/2.1; +http://www.google.com/bot.html)"
66.249.66.32 - - [06/Aug/2021:05:58:37 +0000] "GET /package-destination-sri-lanka-on-request.html HTTP/1.1" 200 34204 "-" "Mozilla/5.0 (Linux; Android 6.0.1; Nexus 5X Build/MMB29P) AppleWebKit/537.36 (KHTML, like Gecko) Chrome/92.0.4515.119 Mobile Safari/537.36 (compatible; Googlebot/2.1; +http://www.google.com/bot.html)"
66.249.66.35 - - [06/Aug/2021:05:58:53 +0000] "GET /css_new/mont.css/css?family=Montserrat:400,700 HTTP/1.1" 404 218 "https://travelsleads.com/package-destination-sri-lanka-on-request.html" "Mozilla/5.0 (Linux; Android 6.0.1; Nexus 5X Build/MMB29P) AppleWebKit/537.36 (KHTML, like Gecko) Chrome/92.0.4515.119 Mobile Safari/537.36 (compatible; Googlebot/2.1; +http://www.google.com/bot.html)"
114.119.158.253 - - [06/Aug/2021:05:59:46 +0000] "GET /package-exploring-andaman-package-on-request.html HTTP/1.1" 200 39711 "-" "Mozilla/5.0 (Linux; Android 7.0;) AppleWebKit/537.36 (KHTML, like Gecko) Mobile Safari/537.36 (compatible; PetalBot;+https://webmaster.petalsearch.com/site/petalbot)"
114.119.134.182 - - [06/Aug/2021:06:09:55 +0000] "GET /img/15672446625-1.jpg HTTP/1.1" 200 64247 "-" "Mozilla/5.0 (Linux; Android 7.0;) AppleWebKit/537.36 (KHTML, like Gecko) Mobile Safari/537.36 (compatible; PetalBot;+https://webmaster.petalsearch.com/site/petalbot)"
114.119.157.4 - - [06/Aug/2021:06:19:53 +0000] "GET /img/15748468842.jpg HTTP/1.1" 200 381214 "-" "Mozilla/5.0 (Linux; Android 7.0;) AppleWebKit/537.36 (KHTML, like Gecko) Mobile Safari/537.36 (compatible; PetalBot;+https://webmaster.petalsearch.com/site/petalbot)"
207.46.13.173 - - [06/Aug/2021:06:20:38 +0000] "GET /package-north-east-package-manas-national-park-cost-13510-per-person.html HTTP/1.1" 200 36907 "-" "Mozilla/5.0 (compatible; bingbot/2.0; +http://www.bing.com/bingbot.htm)"
114.119.131.180 - - [06/Aug/2021:06:29:31 +0000] "GET /package-romantic-of-bhutan-on-request.html HTTP/1.1" 200 32166 "-" "Mozilla/5.0 (Linux; Android 7.0;) AppleWebKit/537.36 (KHTML, like Gecko) Mobile Safari/537.36 (compatible; PetalBot;+https://webmaster.petalsearch.com/site/petalbot)"
207.46.13.124 - - [06/Aug/2021:06:50:02 +0000] "GET /uttarakhand-tour-packages-package.html HTTP/1.1" 200 35591 "-" "Mozilla/5.0 (compatible; bingbot/2.0; +http://www.bing.com/bingbot.htm)"
114.119.165.226 - - [06/Aug/2021:07:10:22 +0000] "GET /img/15748451431.jpg HTTP/1.1" 200 201318 "-" "Mozilla/5.0 (Linux; Android 7.0;) AppleWebKit/537.36 (KHTML, like Gecko) Mobile Safari/537.36 (compatible; PetalBot;+https://webmaster.petalsearch.com/site/petalbot)"
114.119.158.253 - - [06/Aug/2021:07:20:30 +0000] "GET /img/15671628311-1.jpg HTTP/1.1" 200 143311 "-" "Mozilla/5.0 (Linux; Android 7.0;) AppleWebKit/537.36 (KHTML, like Gecko) Mobile Safari/537.36 (compatible; PetalBot;+https://webmaster.petalsearch.com/site/petalbot)"
114.119.157.4 - - [06/Aug/2021:07:29:45 +0000] "GET /package-varanasi-on-request.html HTTP/1.1" 200 31774 "-" "Mozilla/5.0 (Linux; Android 7.0;) AppleWebKit/537.36 (KHTML, like Gecko) Mobile Safari/537.36 (compatible; PetalBot;+https://webmaster.petalsearch.com/site/petalbot)"
114.119.134.182 - - [06/Aug/2021:07:40:03 +0000] "GET /img/15674206573-1.jpg HTTP/1.1" 200 766725 "-" "Mozilla/5.0 (Linux; Android 7.0;) AppleWebKit/537.36 (KHTML, like Gecko) Mobile Safari/537.36 (compatible; PetalBot;+https://webmaster.petalsearch.com/site/petalbot)"
66.220.149.41 - - [06/Aug/2021:07:42:45 +0000] "GET /policy.html HTTP/1.1" 200 40506 "-" "facebookexternalhit/1.1 (+http://www.facebook.com/externalhit_uatext.php)"
114.119.157.4 - - [06/Aug/2021:07:53:01 +0000] "GET /package-the-royal-bhutan-on-request.html HTTP/1.1" 200 32324 "-" "Mozilla/5.0 (Linux; Android 7.0;) AppleWebKit/537.36 (KHTML, like Gecko) Mobile Safari/537.36 (compatible; PetalBot;+https://webmaster.petalsearch.com/site/petalbot)"
114.119.150.4 - - [06/Aug/2021:07:59:38 +0000] "GET /package-singapore-fun-tours-on-request.html HTTP/1.1" 200 32894 "-" "Mozilla/5.0 (Linux; Android 7.0;) AppleWebKit/537.36 (KHTML, like Gecko) Mobile Safari/537.36 (compatible; PetalBot;+https://webmaster.petalsearch.com/site/petalbot)"
66.249.66.35 - - [06/Aug/2021:08:10:51 +0000] "GET /package-destination-sri-lanka-on-request.html HTTP/1.1" 200 34204 "-" "Mozilla/5.0 (compatible; Googlebot/2.1; +http://www.google.com/bot.html)"
66.249.66.35 - - [06/Aug/2021:08:10:55 +0000] "GET /css_new/mont.css/css?family=Montserrat:400,700 HTTP/1.1" 404 218 "https://travelsleads.com/package-destination-sri-lanka-on-request.html" "Mozilla/5.0 AppleWebKit/537.36 (KHTML, like Gecko; compatible; Googlebot/2.1; +http://www.google.com/bot.html) Chrome/92.0.4515.119 Safari/537.36"
66.249.66.35 - - [06/Aug/2021:08:10:56 +0000] "GET /form_new/css/wickedpicker.css HTTP/1.1" 200 3105 "https://travelsleads.com/form_new/index.php" "Mozilla/5.0 AppleWebKit/537.36 (KHTML, like Gecko; compatible; Googlebot/2.1; +http://www.google.com/bot.html) Chrome/92.0.4515.119 Safari/537.36"
31.13.127.120 - - [06/Aug/2021:08:20:33 +0000] "GET /policy.html HTTP/1.1" 200 40506 "-" "facebookexternalhit/1.1 (+http://www.facebook.com/externalhit_uatext.php)"
66.249.66.35 - - [06/Aug/2021:08:27:44 +0000] "GET /package-delhi-mussoorie-corbett-nainital-on-request.html HTTP/1.1" 200 33930 "-" "Mozilla/5.0 (Linux; Android 6.0.1; Nexus 5X Build/MMB29P) AppleWebKit/537.36 (KHTML, like Gecko) Chrome/92.0.4515.119 Mobile Safari/537.36 (compatible; Googlebot/2.1; +http://www.google.com/bot.html)"
66.249.66.35 - - [06/Aug/2021:08:27:59 +0000] "GET /form_new/js/wickedpicker.js HTTP/1.1" 200 13743 "https://travelsleads.com/form_new/index.php" "Mozilla/5.0 (Linux; Android 6.0.1; Nexus 5X Build/MMB29P) AppleWebKit/537.36 (KHTML, like Gecko) Chrome/92.0.4515.119 Mobile Safari/537.36 (compatible; Googlebot/2.1; +http://www.google.com/bot.html)"
138.246.253.24 - - [06/Aug/2021:08:41:49 +0000] "GET /robots.txt HTTP/1.1" 404 208 "-" "Mozilla/5.0 (Windows NT 10.0; Win64; x64) AppleWebKit/537.36 (KHTML, like Gecko) Chrome/88.0.4324.146 Safari/537.36"
157.55.39.80 - - [06/Aug/2021:08:46:58 +0000] "GET /package-shimla-manali-car-package-cost-25999-per-couple.html HTTP/1.1" 200 34775 "-" "Mozilla/5.0 (compatible; bingbot/2.0; +http://www.bing.com/bingbot.htm)"
157.55.39.80 - - [06/Aug/2021:08:47:58 +0000] "GET /package-delhi-mussoorie-corbett-nainital-on-request.html HTTP/1.1" 200 33930 "-" "Mozilla/5.0 (compatible; bingbot/2.0; +http://www.bing.com/bingbot.htm)"
157.55.39.112 - - [06/Aug/2021:09:06:05 +0000] "GET /package-destination-sri-lanka-on-request.html HTTP/1.1" 200 34204 "-" "Mozilla/5.0 (compatible; bingbot/2.0; +http://www.bing.com/bingbot.htm)"
31.13.103.19 - - [06/Aug/2021:09:29:30 +0000] "GET /policy.html HTTP/1.1" 200 40506 "-" "facebookexternalhit/1.1 (+http://www.facebook.com/externalhit_uatext.php)"
66.249.66.54 - - [06/Aug/2021:09:31:40 +0000] "GET /robots.txt HTTP/1.1" 301 243 "-" "Mozilla/5.0 (compatible; Googlebot/2.1; +http://www.google.com/bot.html)"
