65.154.226.220 - - [24/Oct/2021:13:34:53 +0000] "GET /galleryimg/00c55c0abc2c2ac324d3903ab3564726.jpg HTTP/1.1" 200 34881 "https://tripperhub.com/" "Mozilla/5.0 (Windows NT 10.0; Win64; x64) AppleWebKit/537.36 (KHTML, like Gecko) Chrome/79.0.3945.79 Safari/537.36"
65.154.226.220 - - [24/Oct/2021:13:34:53 +0000] "GET /galleryimg/d8708f42badd0616971446a111c636e3.jpg HTTP/1.1" 200 308984 "https://tripperhub.com/" "Mozilla/5.0 (Windows NT 10.0; Win64; x64) AppleWebKit/537.36 (KHTML, like Gecko) Chrome/79.0.3945.79 Safari/537.36"
65.154.226.220 - - [24/Oct/2021:13:34:53 +0000] "GET /galleryimg/0e7bce3111c660f2c735f5ed8299a967.jpg HTTP/1.1" 200 327703 "https://tripperhub.com/" "Mozilla/5.0 (Windows NT 10.0; Win64; x64) AppleWebKit/537.36 (KHTML, like Gecko) Chrome/79.0.3945.79 Safari/537.36"
65.154.226.220 - - [24/Oct/2021:13:34:53 +0000] "GET /images/slider/slider1.jpg HTTP/1.1" 200 383894 "https://tripperhub.com/" "Mozilla/5.0 (Windows NT 10.0; Win64; x64) AppleWebKit/537.36 (KHTML, like Gecko) Chrome/79.0.3945.79 Safari/537.36"
65.154.226.220 - - [24/Oct/2021:13:34:54 +0000] "GET /galleryimg/4d620e38c0cd1505f1e8e6c83a6178ea.jpg HTTP/1.1" 200 30813 "https://tripperhub.com/" "Mozilla/5.0 (Windows NT 10.0; Win64; x64) AppleWebKit/537.36 (KHTML, like Gecko) Chrome/79.0.3945.79 Safari/537.36"
65.154.226.220 - - [24/Oct/2021:13:34:54 +0000] "GET /galleryimg/d0e32166bdbda50759796a519bdae2c1.jpg HTTP/1.1" 200 27043 "https://tripperhub.com/" "Mozilla/5.0 (Windows NT 10.0; Win64; x64) AppleWebKit/537.36 (KHTML, like Gecko) Chrome/79.0.3945.79 Safari/537.36"
65.154.226.220 - - [24/Oct/2021:13:34:54 +0000] "GET /galleryimg/22cc428317e334b10915a985acea507e.jpg HTTP/1.1" 200 226270 "https://tripperhub.com/" "Mozilla/5.0 (Windows NT 10.0; Win64; x64) AppleWebKit/537.36 (KHTML, like Gecko) Chrome/79.0.3945.79 Safari/537.36"
65.154.226.220 - - [24/Oct/2021:13:34:54 +0000] "GET /images/slider/slider3.jpg HTTP/1.1" 200 419419 "https://tripperhub.com/" "Mozilla/5.0 (Windows NT 10.0; Win64; x64) AppleWebKit/537.36 (KHTML, like Gecko) Chrome/79.0.3945.79 Safari/537.36"
65.154.226.220 - - [24/Oct/2021:13:34:54 +0000] "GET /images/slider/slider2.jpg HTTP/1.1" 200 475189 "https://tripperhub.com/" "Mozilla/5.0 (Windows NT 10.0; Win64; x64) AppleWebKit/537.36 (KHTML, like Gecko) Chrome/79.0.3945.79 Safari/537.36"
65.154.226.220 - - [24/Oct/2021:13:34:54 +0000] "GET /images/slider/slider6.jpg HTTP/1.1" 200 584897 "https://tripperhub.com/" "Mozilla/5.0 (Windows NT 10.0; Win64; x64) AppleWebKit/537.36 (KHTML, like Gecko) Chrome/79.0.3945.79 Safari/537.36"
65.154.226.220 - - [24/Oct/2021:13:34:54 +0000] "GET /images/slider/slider4.jpg HTTP/1.1" 200 629263 "https://tripperhub.com/" "Mozilla/5.0 (Windows NT 10.0; Win64; x64) AppleWebKit/537.36 (KHTML, like Gecko) Chrome/79.0.3945.79 Safari/537.36"
65.154.226.220 - - [24/Oct/2021:13:34:54 +0000] "GET /images/slider/slider7.jpg HTTP/1.1" 200 718618 "https://tripperhub.com/" "Mozilla/5.0 (Windows NT 10.0; Win64; x64) AppleWebKit/537.36 (KHTML, like Gecko) Chrome/79.0.3945.79 Safari/537.36"
65.154.226.220 - - [24/Oct/2021:13:34:54 +0000] "GET /google-captcha/img/loader.gif HTTP/1.1" 200 1352 "https://tripperhub.com/" "Mozilla/5.0 (Windows NT 10.0; Win64; x64) AppleWebKit/537.36 (KHTML, like Gecko) Chrome/79.0.3945.79 Safari/537.36"
65.154.226.220 - - [24/Oct/2021:13:34:54 +0000] "GET /images/slider/slider5.jpg HTTP/1.1" 200 669942 "https://tripperhub.com/" "Mozilla/5.0 (Windows NT 10.0; Win64; x64) AppleWebKit/537.36 (KHTML, like Gecko) Chrome/79.0.3945.79 Safari/537.36"
65.154.226.220 - - [24/Oct/2021:13:34:54 +0000] "GET /images/slider/slider8.jpg HTTP/1.1" 200 698550 "https://tripperhub.com/" "Mozilla/5.0 (Windows NT 10.0; Win64; x64) AppleWebKit/537.36 (KHTML, like Gecko) Chrome/79.0.3945.79 Safari/537.36"
65.154.226.220 - - [24/Oct/2021:13:34:55 +0000] "GET /galleryimg/b0177f4d1a31f1132b80b571d8dfc6fc.jpg HTTP/1.1" 200 51439 "https://tripperhub.com/" "Mozilla/5.0 (Windows NT 10.0; Win64; x64) AppleWebKit/537.36 (KHTML, like Gecko) Chrome/79.0.3945.79 Safari/537.36"
65.154.226.220 - - [24/Oct/2021:13:34:55 +0000] "GET /galleryimg/f844020e73fff4bf3292d1a801fefef2.jpg HTTP/1.1" 200 197496 "https://tripperhub.com/" "Mozilla/5.0 (Windows NT 10.0; Win64; x64) AppleWebKit/537.36 (KHTML, like Gecko) Chrome/79.0.3945.79 Safari/537.36"
65.154.226.220 - - [24/Oct/2021:13:34:55 +0000] "GET /images/payment1.png HTTP/1.1" 200 86929 "https://tripperhub.com/" "Mozilla/5.0 (Windows NT 10.0; Win64; x64) AppleWebKit/537.36 (KHTML, like Gecko) Chrome/79.0.3945.79 Safari/537.36"
65.154.226.220 - - [24/Oct/2021:13:34:55 +0000] "GET /images/payment2.png HTTP/1.1" 200 59882 "https://tripperhub.com/" "Mozilla/5.0 (Windows NT 10.0; Win64; x64) AppleWebKit/537.36 (KHTML, like Gecko) Chrome/79.0.3945.79 Safari/537.36"
65.154.226.220 - - [24/Oct/2021:13:34:55 +0000] "GET /images/payment3.png HTTP/1.1" 200 41256 "https://tripperhub.com/" "Mozilla/5.0 (Windows NT 10.0; Win64; x64) AppleWebKit/537.36 (KHTML, like Gecko) Chrome/79.0.3945.79 Safari/537.36"
65.154.226.220 - - [24/Oct/2021:13:34:55 +0000] "GET /images/payment4.png HTTP/1.1" 200 79821 "https://tripperhub.com/" "Mozilla/5.0 (Windows NT 10.0; Win64; x64) AppleWebKit/537.36 (KHTML, like Gecko) Chrome/79.0.3945.79 Safari/537.36"
2.57.122.148 - - [24/Oct/2021:13:57:05 +0000] "GET /.env HTTP/1.1" 301 235 "-" "Mozilla/5.0 (X11; Linux x86_64) AppleWebKit/537.36 (KHTML, like Gecko) Chrome/81.0.4044.129 Safari/537.36"
2.57.122.148 - - [24/Oct/2021:13:57:38 +0000] "POST / HTTP/1.1" 301 231 "-" "Mozilla/5.0 (X11; Linux x86_64) AppleWebKit/537.36 (KHTML, like Gecko) Chrome/81.0.4044.129 Safari/537.36"
18.192.36.99 - - [24/Oct/2021:14:18:19 +0000] "GET /.well-known/acme-challenge/YR1Z-C5x6_WkNkNW9vbSKl9ysM-M2qDd_4JgmM3EpUs HTTP/1.1" 404 196 "-" "Mozilla/5.0 (compatible; Let's Encrypt validation server; +https://www.letsencrypt.org)"
3.19.56.43 - - [24/Oct/2021:14:18:19 +0000] "GET /.well-known/acme-challenge/YR1Z-C5x6_WkNkNW9vbSKl9ysM-M2qDd_4JgmM3EpUs HTTP/1.1" 404 196 "-" "Mozilla/5.0 (compatible; Let's Encrypt validation server; +https://www.letsencrypt.org)"
34.219.87.132 - - [24/Oct/2021:14:18:19 +0000] "GET /.well-known/acme-challenge/YR1Z-C5x6_WkNkNW9vbSKl9ysM-M2qDd_4JgmM3EpUs HTTP/1.1" 404 196 "-" "Mozilla/5.0 (compatible; Let's Encrypt validation server; +https://www.letsencrypt.org)"
64.78.149.164 - - [24/Oct/2021:14:18:20 +0000] "GET /.well-known/acme-challenge/YR1Z-C5x6_WkNkNW9vbSKl9ysM-M2qDd_4JgmM3EpUs HTTP/1.1" 404 196 "-" "Mozilla/5.0 (compatible; Let's Encrypt validation server; +https://www.letsencrypt.org)"
3.120.130.29 - - [24/Oct/2021:15:18:22 +0000] "GET /.well-known/acme-challenge/eMeCPqKQdO5QqKU-l5ACPxESOhOYCh6Qwk4_OhJ4Dwg HTTP/1.1" 404 196 "-" "Mozilla/5.0 (compatible; Let's Encrypt validation server; +https://www.letsencrypt.org)"
52.39.4.59 - - [24/Oct/2021:15:18:22 +0000] "GET /.well-known/acme-challenge/eMeCPqKQdO5QqKU-l5ACPxESOhOYCh6Qwk4_OhJ4Dwg HTTP/1.1" 404 196 "-" "Mozilla/5.0 (compatible; Let's Encrypt validation server; +https://www.letsencrypt.org)"
3.142.122.14 - - [24/Oct/2021:15:18:22 +0000] "GET /.well-known/acme-challenge/eMeCPqKQdO5QqKU-l5ACPxESOhOYCh6Qwk4_OhJ4Dwg HTTP/1.1" 404 196 "-" "Mozilla/5.0 (compatible; Let's Encrypt validation server; +https://www.letsencrypt.org)"
66.133.109.36 - - [24/Oct/2021:15:18:22 +0000] "GET /.well-known/acme-challenge/eMeCPqKQdO5QqKU-l5ACPxESOhOYCh6Qwk4_OhJ4Dwg HTTP/1.1" 404 196 "-" "Mozilla/5.0 (compatible; Let's Encrypt validation server; +https://www.letsencrypt.org)"
18.192.36.99 - - [24/Oct/2021:16:18:20 +0000] "GET /.well-known/acme-challenge/6TQYhBiJKqwDlVdhz_YclqY8rjtW6PAQHFY-3HihYcg HTTP/1.1" 404 196 "-" "Mozilla/5.0 (compatible; Let's Encrypt validation server; +https://www.letsencrypt.org)"
3.19.56.43 - - [24/Oct/2021:16:18:20 +0000] "GET /.well-known/acme-challenge/6TQYhBiJKqwDlVdhz_YclqY8rjtW6PAQHFY-3HihYcg HTTP/1.1" 404 196 "-" "Mozilla/5.0 (compatible; Let's Encrypt validation server; +https://www.letsencrypt.org)"
34.221.255.206 - - [24/Oct/2021:16:18:20 +0000] "GET /.well-known/acme-challenge/6TQYhBiJKqwDlVdhz_YclqY8rjtW6PAQHFY-3HihYcg HTTP/1.1" 404 196 "-" "Mozilla/5.0 (compatible; Let's Encrypt validation server; +https://www.letsencrypt.org)"
64.78.149.164 - - [24/Oct/2021:16:18:20 +0000] "GET /.well-known/acme-challenge/6TQYhBiJKqwDlVdhz_YclqY8rjtW6PAQHFY-3HihYcg HTTP/1.1" 404 196 "-" "Mozilla/5.0 (compatible; Let's Encrypt validation server; +https://www.letsencrypt.org)"
66.249.79.38 - - [24/Oct/2021:17:07:04 +0000] "GET / HTTP/1.1" 200 8821 "-" "Mozilla/5.0 (compatible; Googlebot/2.1; +http://www.google.com/bot.html)"
34.210.69.77 - - [24/Oct/2021:17:15:39 +0000] "GET / HTTP/1.1" 200 8821 "-" "Mozilla/5.0 (X11; Linux x86_64) AppleWebKit/537.36 (KHTML, like Gecko) Chrome/83.0.4103.97 Safari/537.36"
18.237.158.85 - - [24/Oct/2021:17:16:01 +0000] "GET /favicon.ico HTTP/1.1" 404 56175 "-" "Mozilla/5.0 (X11; Linux x86_64) AppleWebKit/537.36 (KHTML, like Gecko) Chrome/83.0.4103.97 Safari/537.36"
18.237.158.85 - - [24/Oct/2021:17:16:05 +0000] "GET / HTTP/1.1" 200 8821 "-" "Mozilla/5.0 (X11; Linux x86_64) AppleWebKit/537.36 (KHTML, like Gecko) Chrome/83.0.4103.97 Safari/537.36"
35.86.131.140 - - [24/Oct/2021:17:16:27 +0000] "GET / HTTP/1.1" 301 231 "-" "Mozilla/5.0 (X11; Linux x86_64) AppleWebKit/537.36 (KHTML, like Gecko) Chrome/83.0.4103.97 Safari/537.36"
35.86.131.140 - - [24/Oct/2021:17:16:31 +0000] "GET / HTTP/1.1" 200 8821 "-" "Mozilla/5.0 (X11; Linux x86_64) AppleWebKit/537.36 (KHTML, like Gecko) Chrome/83.0.4103.97 Safari/537.36"
54.191.192.109 - - [24/Oct/2021:17:16:56 +0000] "GET /favicon.ico HTTP/1.1" 301 242 "-" "Mozilla/5.0 (X11; Linux x86_64) AppleWebKit/537.36 (KHTML, like Gecko) Chrome/83.0.4103.97 Safari/537.36"
54.191.192.109 - - [24/Oct/2021:17:17:01 +0000] "GET / HTTP/1.1" 301 231 "-" "Mozilla/5.0 (X11; Linux x86_64) AppleWebKit/537.36 (KHTML, like Gecko) Chrome/83.0.4103.97 Safari/537.36"
3.120.130.29 - - [24/Oct/2021:17:18:23 +0000] "GET /.well-known/acme-challenge/m24hEW3dpoTUyDg14VWPChbmg3cm6tO_bKfpj7sLCI0 HTTP/1.1" 404 196 "-" "Mozilla/5.0 (compatible; Let's Encrypt validation server; +https://www.letsencrypt.org)"
66.133.109.36 - - [24/Oct/2021:17:18:23 +0000] "GET /.well-known/acme-challenge/m24hEW3dpoTUyDg14VWPChbmg3cm6tO_bKfpj7sLCI0 HTTP/1.1" 404 196 "-" "Mozilla/5.0 (compatible; Let's Encrypt validation server; +https://www.letsencrypt.org)"
3.19.56.43 - - [24/Oct/2021:17:18:23 +0000] "GET /.well-known/acme-challenge/m24hEW3dpoTUyDg14VWPChbmg3cm6tO_bKfpj7sLCI0 HTTP/1.1" 404 196 "-" "Mozilla/5.0 (compatible; Let's Encrypt validation server; +https://www.letsencrypt.org)"
34.219.87.132 - - [24/Oct/2021:17:18:23 +0000] "GET /.well-known/acme-challenge/m24hEW3dpoTUyDg14VWPChbmg3cm6tO_bKfpj7sLCI0 HTTP/1.1" 404 196 "-" "Mozilla/5.0 (compatible; Let's Encrypt validation server; +https://www.letsencrypt.org)"
54.191.143.28 - - [24/Oct/2021:17:25:05 +0000] "GET / HTTP/1.1" 301 231 "-" "Mozilla/5.0 (X11; Linux x86_64) AppleWebKit/537.36 (KHTML, like Gecko) Chrome/83.0.4103.97 Safari/537.36"
54.191.143.28 - - [24/Oct/2021:17:25:08 +0000] "GET / HTTP/1.1" 200 8821 "-" "Mozilla/5.0 (X11; Linux x86_64) AppleWebKit/537.36 (KHTML, like Gecko) Chrome/83.0.4103.97 Safari/537.36"
34.222.219.199 - - [24/Oct/2021:17:26:23 +0000] "GET /favicon.ico HTTP/1.1" 301 242 "-" "Mozilla/5.0 (X11; Linux x86_64) AppleWebKit/537.36 (KHTML, like Gecko) Chrome/83.0.4103.97 Safari/537.36"
34.222.219.199 - - [24/Oct/2021:17:26:26 +0000] "GET /favicon.ico HTTP/1.1" 404 56175 "http://tripperhub.com/favicon.ico" "Mozilla/5.0 (X11; Linux x86_64) AppleWebKit/537.36 (KHTML, like Gecko) Chrome/83.0.4103.97 Safari/537.36"
34.222.219.199 - - [24/Oct/2021:17:26:28 +0000] "GET / HTTP/1.1" 301 231 "-" "Mozilla/5.0 (X11; Linux x86_64) AppleWebKit/537.36 (KHTML, like Gecko) Chrome/83.0.4103.97 Safari/537.36"
34.222.219.199 - - [24/Oct/2021:17:26:30 +0000] "GET / HTTP/1.1" 200 8821 "http://tripperhub.com" "Mozilla/5.0 (X11; Linux x86_64) AppleWebKit/537.36 (KHTML, like Gecko) Chrome/83.0.4103.97 Safari/537.36"
3.120.130.29 - - [24/Oct/2021:18:18:19 +0000] "GET /.well-known/acme-challenge/47Olu_XR04y_TrmtQgrdJxyUOQBJjsmcxF_rFMmcnmc HTTP/1.1" 404 196 "-" "Mozilla/5.0 (compatible; Let's Encrypt validation server; +https://www.letsencrypt.org)"
34.221.255.206 - - [24/Oct/2021:18:18:19 +0000] "GET /.well-known/acme-challenge/47Olu_XR04y_TrmtQgrdJxyUOQBJjsmcxF_rFMmcnmc HTTP/1.1" 404 196 "-" "Mozilla/5.0 (compatible; Let's Encrypt validation server; +https://www.letsencrypt.org)"
3.19.56.43 - - [24/Oct/2021:18:18:19 +0000] "GET /.well-known/acme-challenge/47Olu_XR04y_TrmtQgrdJxyUOQBJjsmcxF_rFMmcnmc HTTP/1.1" 404 196 "-" "Mozilla/5.0 (compatible; Let's Encrypt validation server; +https://www.letsencrypt.org)"
66.133.109.36 - - [24/Oct/2021:18:18:19 +0000] "GET /.well-known/acme-challenge/47Olu_XR04y_TrmtQgrdJxyUOQBJjsmcxF_rFMmcnmc HTTP/1.1" 404 196 "-" "Mozilla/5.0 (compatible; Let's Encrypt validation server; +https://www.letsencrypt.org)"
3.120.130.29 - - [24/Oct/2021:19:18:21 +0000] "GET /.well-known/acme-challenge/ToJS3Qh6LkvoluwlxVzu9FoZC30sJGkZuIH4j0ncKF8 HTTP/1.1" 404 196 "-" "Mozilla/5.0 (compatible; Let's Encrypt validation server; +https://www.letsencrypt.org)"
18.116.86.117 - - [24/Oct/2021:19:18:21 +0000] "GET /.well-known/acme-challenge/ToJS3Qh6LkvoluwlxVzu9FoZC30sJGkZuIH4j0ncKF8 HTTP/1.1" 404 196 "-" "Mozilla/5.0 (compatible; Let's Encrypt validation server; +https://www.letsencrypt.org)"
66.133.109.36 - - [24/Oct/2021:19:18:21 +0000] "GET /.well-known/acme-challenge/ToJS3Qh6LkvoluwlxVzu9FoZC30sJGkZuIH4j0ncKF8 HTTP/1.1" 404 196 "-" "Mozilla/5.0 (compatible; Let's Encrypt validation server; +https://www.letsencrypt.org)"
34.221.255.206 - - [24/Oct/2021:19:18:22 +0000] "GET /.well-known/acme-challenge/ToJS3Qh6LkvoluwlxVzu9FoZC30sJGkZuIH4j0ncKF8 HTTP/1.1" 404 196 "-" "Mozilla/5.0 (compatible; Let's Encrypt validation server; +https://www.letsencrypt.org)"
51.222.253.14 - - [24/Oct/2021:19:27:08 +0000] "GET /robots.txt HTTP/1.1" 404 56174 "-" "Mozilla/5.0 (compatible; AhrefsBot/7.0; +http://ahrefs.com/robot/)"
54.36.149.82 - - [24/Oct/2021:19:27:10 +0000] "GET / HTTP/1.1" 200 8821 "-" "Mozilla/5.0 (compatible; AhrefsBot/7.0; +http://ahrefs.com/robot/)"
23.88.7.117 - - [24/Oct/2021:19:47:54 +0000] "GET /wp-admin/css/ HTTP/1.1" 301 244 "binance.com" "Mozilla/5.0 (Windows NT 10.0; Win64; x64) AppleWebKit/537.36 (KHTML, like Gecko) Chrome/90.0.4430.85 Safari/537.36"
23.88.7.117 - - [24/Oct/2021:19:47:58 +0000] "GET /wp-admin/css/ HTTP/1.1" 404 56177 "binance.com" "Mozilla/5.0 (Windows NT 10.0; Win64; x64) AppleWebKit/537.36 (KHTML, like Gecko) Chrome/90.0.4430.85 Safari/537.36"
23.88.7.117 - - [24/Oct/2021:19:48:04 +0000] "GET /.well-known/ HTTP/1.1" 301 243 "binance.com" "Mozilla/5.0 (Windows NT 10.0; Win64; x64) AppleWebKit/537.36 (KHTML, like Gecko) Chrome/90.0.4430.85 Safari/537.36"
23.88.7.117 - - [24/Oct/2021:19:48:08 +0000] "GET /.well-known/ HTTP/1.1" 404 56176 "binance.com" "Mozilla/5.0 (Windows NT 10.0; Win64; x64) AppleWebKit/537.36 (KHTML, like Gecko) Chrome/90.0.4430.85 Safari/537.36"
23.88.7.117 - - [24/Oct/2021:19:48:14 +0000] "GET /sites/default/files/ HTTP/1.1" 301 251 "binance.com" "Mozilla/5.0 (Windows NT 10.0; Win64; x64) AppleWebKit/537.36 (KHTML, like Gecko) Chrome/90.0.4430.85 Safari/537.36"
23.88.7.117 - - [24/Oct/2021:19:48:17 +0000] "GET /sites/default/files/ HTTP/1.1" 404 56184 "binance.com" "Mozilla/5.0 (Windows NT 10.0; Win64; x64) AppleWebKit/537.36 (KHTML, like Gecko) Chrome/90.0.4430.85 Safari/537.36"
23.88.7.117 - - [24/Oct/2021:19:48:23 +0000] "GET /admin/controller/extension/extension/ HTTP/1.1" 301 268 "binance.com" "Mozilla/5.0 (Windows NT 10.0; Win64; x64) AppleWebKit/537.36 (KHTML, like Gecko) Chrome/90.0.4430.85 Safari/537.36"
23.88.7.117 - - [24/Oct/2021:19:48:27 +0000] "GET /admin/controller/extension/extension/ HTTP/1.1" 404 56201 "binance.com" "Mozilla/5.0 (Windows NT 10.0; Win64; x64) AppleWebKit/537.36 (KHTML, like Gecko) Chrome/90.0.4430.85 Safari/537.36"
23.88.7.117 - - [24/Oct/2021:19:48:33 +0000] "GET /uploads/ HTTP/1.1" 301 239 "binance.com" "Mozilla/5.0 (Windows NT 10.0; Win64; x64) AppleWebKit/537.36 (KHTML, like Gecko) Chrome/90.0.4430.85 Safari/537.36"
23.88.7.117 - - [24/Oct/2021:19:48:38 +0000] "GET /uploads/ HTTP/1.1" 404 56172 "binance.com" "Mozilla/5.0 (Windows NT 10.0; Win64; x64) AppleWebKit/537.36 (KHTML, like Gecko) Chrome/90.0.4430.85 Safari/537.36"
23.88.7.117 - - [24/Oct/2021:19:48:43 +0000] "GET /images/ HTTP/1.1" 301 238 "binance.com" "Mozilla/5.0 (Windows NT 10.0; Win64; x64) AppleWebKit/537.36 (KHTML, like Gecko) Chrome/90.0.4430.85 Safari/537.36"
23.88.7.117 - - [24/Oct/2021:19:48:48 +0000] "GET /images/ HTTP/1.1" 403 56171 "binance.com" "Mozilla/5.0 (Windows NT 10.0; Win64; x64) AppleWebKit/537.36 (KHTML, like Gecko) Chrome/90.0.4430.85 Safari/537.36"
3.120.130.29 - - [24/Oct/2021:20:18:19 +0000] "GET /.well-known/acme-challenge/Fp3adTrIc2Jo8GNUNV17Cv_kDbjhMr5Bjjwyn3GFDRo HTTP/1.1" 404 196 "-" "Mozilla/5.0 (compatible; Let's Encrypt validation server; +https://www.letsencrypt.org)"
64.78.149.164 - - [24/Oct/2021:20:18:19 +0000] "GET /.well-known/acme-challenge/Fp3adTrIc2Jo8GNUNV17Cv_kDbjhMr5Bjjwyn3GFDRo HTTP/1.1" 404 196 "-" "Mozilla/5.0 (compatible; Let's Encrypt validation server; +https://www.letsencrypt.org)"
34.221.255.206 - - [24/Oct/2021:20:18:19 +0000] "GET /.well-known/acme-challenge/Fp3adTrIc2Jo8GNUNV17Cv_kDbjhMr5Bjjwyn3GFDRo HTTP/1.1" 404 196 "-" "Mozilla/5.0 (compatible; Let's Encrypt validation server; +https://www.letsencrypt.org)"
3.19.56.43 - - [24/Oct/2021:20:18:19 +0000] "GET /.well-known/acme-challenge/Fp3adTrIc2Jo8GNUNV17Cv_kDbjhMr5Bjjwyn3GFDRo HTTP/1.1" 404 196 "-" "Mozilla/5.0 (compatible; Let's Encrypt validation server; +https://www.letsencrypt.org)"
66.249.79.44 - - [24/Oct/2021:20:27:32 +0000] "GET /package-details.php?url=CHARMOFRANIKHET HTTP/1.1" 200 8590 "-" "Mozilla/5.0 (Linux; Android 6.0.1; Nexus 5X Build/MMB29P) AppleWebKit/537.36 (KHTML, like Gecko) Chrome/94.0.4606.81 Mobile Safari/537.36 (compatible; Googlebot/2.1; +http://www.google.com/bot.html)"
3.120.130.29 - - [24/Oct/2021:21:18:22 +0000] "GET /.well-known/acme-challenge/t_ybRkSXisdGZ5JFl5KDYBHe1K1v2BSRpsqGitRg-_M HTTP/1.1" 404 196 "-" "Mozilla/5.0 (compatible; Let's Encrypt validation server; +https://www.letsencrypt.org)"
34.221.255.206 - - [24/Oct/2021:21:18:22 +0000] "GET /.well-known/acme-challenge/t_ybRkSXisdGZ5JFl5KDYBHe1K1v2BSRpsqGitRg-_M HTTP/1.1" 404 196 "-" "Mozilla/5.0 (compatible; Let's Encrypt validation server; +https://www.letsencrypt.org)"
3.142.122.14 - - [24/Oct/2021:21:18:22 +0000] "GET /.well-known/acme-challenge/t_ybRkSXisdGZ5JFl5KDYBHe1K1v2BSRpsqGitRg-_M HTTP/1.1" 404 196 "-" "Mozilla/5.0 (compatible; Let's Encrypt validation server; +https://www.letsencrypt.org)"
66.133.109.36 - - [24/Oct/2021:21:18:22 +0000] "GET /.well-known/acme-challenge/t_ybRkSXisdGZ5JFl5KDYBHe1K1v2BSRpsqGitRg-_M HTTP/1.1" 404 196 "-" "Mozilla/5.0 (compatible; Let's Encrypt validation server; +https://www.letsencrypt.org)"
3.120.130.29 - - [24/Oct/2021:22:18:21 +0000] "GET /.well-known/acme-challenge/I0wNGl2DqkFoGmqUL2J3QxEKMfL5KW5Rc3e6b3exE70 HTTP/1.1" 404 196 "-" "Mozilla/5.0 (compatible; Let's Encrypt validation server; +https://www.letsencrypt.org)"
3.142.122.14 - - [24/Oct/2021:22:18:22 +0000] "GET /.well-known/acme-challenge/I0wNGl2DqkFoGmqUL2J3QxEKMfL5KW5Rc3e6b3exE70 HTTP/1.1" 404 196 "-" "Mozilla/5.0 (compatible; Let's Encrypt validation server; +https://www.letsencrypt.org)"
34.221.255.206 - - [24/Oct/2021:22:18:22 +0000] "GET /.well-known/acme-challenge/I0wNGl2DqkFoGmqUL2J3QxEKMfL5KW5Rc3e6b3exE70 HTTP/1.1" 404 196 "-" "Mozilla/5.0 (compatible; Let's Encrypt validation server; +https://www.letsencrypt.org)"
64.78.149.164 - - [24/Oct/2021:22:18:22 +0000] "GET /.well-known/acme-challenge/I0wNGl2DqkFoGmqUL2J3QxEKMfL5KW5Rc3e6b3exE70 HTTP/1.1" 404 196 "-" "Mozilla/5.0 (compatible; Let's Encrypt validation server; +https://www.letsencrypt.org)"
18.159.196.172 - - [24/Oct/2021:23:18:20 +0000] "GET /.well-known/acme-challenge/SyeFmqOcs-LCfxmzCH_lpmLEj8LASUz5qXKoiW_cuBA HTTP/1.1" 404 196 "-" "Mozilla/5.0 (compatible; Let's Encrypt validation server; +https://www.letsencrypt.org)"
34.221.255.206 - - [24/Oct/2021:23:18:20 +0000] "GET /.well-known/acme-challenge/SyeFmqOcs-LCfxmzCH_lpmLEj8LASUz5qXKoiW_cuBA HTTP/1.1" 404 196 "-" "Mozilla/5.0 (compatible; Let's Encrypt validation server; +https://www.letsencrypt.org)"
3.142.122.14 - - [24/Oct/2021:23:18:20 +0000] "GET /.well-known/acme-challenge/SyeFmqOcs-LCfxmzCH_lpmLEj8LASUz5qXKoiW_cuBA HTTP/1.1" 404 196 "-" "Mozilla/5.0 (compatible; Let's Encrypt validation server; +https://www.letsencrypt.org)"
64.78.149.164 - - [24/Oct/2021:23:18:20 +0000] "GET /.well-known/acme-challenge/SyeFmqOcs-LCfxmzCH_lpmLEj8LASUz5qXKoiW_cuBA HTTP/1.1" 404 196 "-" "Mozilla/5.0 (compatible; Let's Encrypt validation server; +https://www.letsencrypt.org)"
66.249.79.38 - - [24/Oct/2021:23:42:28 +0000] "GET /robots.txt HTTP/1.1" 404 56174 "-" "Mozilla/5.0 (compatible; Googlebot/2.1; +http://www.google.com/bot.html)"
66.249.79.44 - - [24/Oct/2021:23:42:29 +0000] "GET /package-details.php?url=KrabiEasy HTTP/1.1" 200 9609 "-" "Mozilla/5.0 (compatible; Googlebot/2.1; +http://www.google.com/bot.html)"
18.192.36.99 - - [25/Oct/2021:00:18:24 +0000] "GET /.well-known/acme-challenge/jrwHf4SWTuk-n8KCa2sMAvQE_qLXbNo8_ySGHF8URsQ HTTP/1.1" 404 196 "-" "Mozilla/5.0 (compatible; Let's Encrypt validation server; +https://www.letsencrypt.org)"
34.219.87.132 - - [25/Oct/2021:00:18:24 +0000] "GET /.well-known/acme-challenge/jrwHf4SWTuk-n8KCa2sMAvQE_qLXbNo8_ySGHF8URsQ HTTP/1.1" 404 196 "-" "Mozilla/5.0 (compatible; Let's Encrypt validation server; +https://www.letsencrypt.org)"
18.116.86.117 - - [25/Oct/2021:00:18:24 +0000] "GET /.well-known/acme-challenge/jrwHf4SWTuk-n8KCa2sMAvQE_qLXbNo8_ySGHF8URsQ HTTP/1.1" 404 196 "-" "Mozilla/5.0 (compatible; Let's Encrypt validation server; +https://www.letsencrypt.org)"
66.133.109.36 - - [25/Oct/2021:00:18:25 +0000] "GET /.well-known/acme-challenge/jrwHf4SWTuk-n8KCa2sMAvQE_qLXbNo8_ySGHF8URsQ HTTP/1.1" 404 196 "-" "Mozilla/5.0 (compatible; Let's Encrypt validation server; +https://www.letsencrypt.org)"
66.249.79.32 - - [25/Oct/2021:00:27:02 +0000] "GET /package-details.php?url=KULLUMANALIVOLVOTOUR HTTP/1.1" 200 9495 "-" "Mozilla/5.0 (Linux; Android 6.0.1; Nexus 5X Build/MMB29P) AppleWebKit/537.36 (KHTML, like Gecko) Chrome/94.0.4606.81 Mobile Safari/537.36 (compatible; Googlebot/2.1; +http://www.google.com/bot.html)"
66.249.79.38 - - [25/Oct/2021:00:50:45 +0000] "GET /package-details.php?url=HIMACHALWITHGOLDENTEMPLE HTTP/1.1" 200 10153 "-" "Mozilla/5.0 (Linux; Android 6.0.1; Nexus 5X Build/MMB29P) AppleWebKit/537.36 (KHTML, like Gecko) Chrome/94.0.4606.81 Mobile Safari/537.36 (compatible; Googlebot/2.1; +http://www.google.com/bot.html)"
3.120.130.29 - - [25/Oct/2021:01:18:18 +0000] "GET /.well-known/acme-challenge/5DQp5lZvFKY8arAD4rVCx2PCrkiwbLYFZrY__k1brZo HTTP/1.1" 404 196 "-" "Mozilla/5.0 (compatible; Let's Encrypt validation server; +https://www.letsencrypt.org)"
3.19.56.43 - - [25/Oct/2021:01:18:18 +0000] "GET /.well-known/acme-challenge/5DQp5lZvFKY8arAD4rVCx2PCrkiwbLYFZrY__k1brZo HTTP/1.1" 404 196 "-" "Mozilla/5.0 (compatible; Let's Encrypt validation server; +https://www.letsencrypt.org)"
66.133.109.36 - - [25/Oct/2021:01:18:19 +0000] "GET /.well-known/acme-challenge/5DQp5lZvFKY8arAD4rVCx2PCrkiwbLYFZrY__k1brZo HTTP/1.1" 404 196 "-" "Mozilla/5.0 (compatible; Let's Encrypt validation server; +https://www.letsencrypt.org)"
52.39.4.59 - - [25/Oct/2021:01:18:19 +0000] "GET /.well-known/acme-challenge/5DQp5lZvFKY8arAD4rVCx2PCrkiwbLYFZrY__k1brZo HTTP/1.1" 404 196 "-" "Mozilla/5.0 (compatible; Let's Encrypt validation server; +https://www.letsencrypt.org)"
65.21.247.250 - - [25/Oct/2021:01:40:24 +0000] "GET /wp-content/plugins/dzs-zoomsounds/savepng.php?location=FoxTest.php HTTP/1.1" 403 199 "www.bing.com" "Mozilla/5.0 (Windows NT 10.0; Win64; x64) AppleWebKit/537.36 (KHTML, like Gecko) Chrome/90.0.4430.85 Safari/537.36"
66.249.79.38 - - [25/Oct/2021:02:16:44 +0000] "GET /package-details.php?url=KOLLAMKOVALAMHONEYMOONTOUR HTTP/1.1" 200 9671 "-" "Mozilla/5.0 (compatible; Googlebot/2.1; +http://www.google.com/bot.html)"
18.192.36.99 - - [25/Oct/2021:02:18:23 +0000] "GET /.well-known/acme-challenge/1BUeqnfvgOC6M62aFNsQcQKSGRedjBCH5gdrnRuUwOU HTTP/1.1" 404 196 "-" "Mozilla/5.0 (compatible; Let's Encrypt validation server; +https://www.letsencrypt.org)"
18.116.86.117 - - [25/Oct/2021:02:18:23 +0000] "GET /.well-known/acme-challenge/1BUeqnfvgOC6M62aFNsQcQKSGRedjBCH5gdrnRuUwOU HTTP/1.1" 404 196 "-" "Mozilla/5.0 (compatible; Let's Encrypt validation server; +https://www.letsencrypt.org)"
34.221.255.206 - - [25/Oct/2021:02:18:23 +0000] "GET /.well-known/acme-challenge/1BUeqnfvgOC6M62aFNsQcQKSGRedjBCH5gdrnRuUwOU HTTP/1.1" 404 196 "-" "Mozilla/5.0 (compatible; Let's Encrypt validation server; +https://www.letsencrypt.org)"
66.133.109.36 - - [25/Oct/2021:02:18:23 +0000] "GET /.well-known/acme-challenge/1BUeqnfvgOC6M62aFNsQcQKSGRedjBCH5gdrnRuUwOU HTTP/1.1" 404 196 "-" "Mozilla/5.0 (compatible; Let's Encrypt validation server; +https://www.letsencrypt.org)"
66.249.79.32 - - [25/Oct/2021:03:05:45 +0000] "GET /booking.php?tourname=SHIMLA%20KULLU%20MANALI%20VOLVO HTTP/1.1" 200 6454 "-" "Mozilla/5.0 (Linux; Android 6.0.1; Nexus 5X Build/MMB29P) AppleWebKit/537.36 (KHTML, like Gecko) Chrome/94.0.4606.81 Mobile Safari/537.36 (compatible; Googlebot/2.1; +http://www.google.com/bot.html)"
54.36.149.9 - - [25/Oct/2021:03:16:29 +0000] "GET / HTTP/1.1" 200 8821 "-" "Mozilla/5.0 (compatible; AhrefsBot/7.0; +http://ahrefs.com/robot/)"
18.192.36.99 - - [25/Oct/2021:03:18:20 +0000] "GET /.well-known/acme-challenge/iShte1Mz-a4b0_8mSPFpOl1QxhOoIuT6XiLh1gufc78 HTTP/1.1" 404 196 "-" "Mozilla/5.0 (compatible; Let's Encrypt validation server; +https://www.letsencrypt.org)"
34.219.87.132 - - [25/Oct/2021:03:18:20 +0000] "GET /.well-known/acme-challenge/iShte1Mz-a4b0_8mSPFpOl1QxhOoIuT6XiLh1gufc78 HTTP/1.1" 404 196 "-" "Mozilla/5.0 (compatible; Let's Encrypt validation server; +https://www.letsencrypt.org)"
3.142.122.14 - - [25/Oct/2021:03:18:20 +0000] "GET /.well-known/acme-challenge/iShte1Mz-a4b0_8mSPFpOl1QxhOoIuT6XiLh1gufc78 HTTP/1.1" 404 196 "-" "Mozilla/5.0 (compatible; Let's Encrypt validation server; +https://www.letsencrypt.org)"
66.133.109.36 - - [25/Oct/2021:03:18:20 +0000] "GET /.well-known/acme-challenge/iShte1Mz-a4b0_8mSPFpOl1QxhOoIuT6XiLh1gufc78 HTTP/1.1" 404 196 "-" "Mozilla/5.0 (compatible; Let's Encrypt validation server; +https://www.letsencrypt.org)"
104.196.14.91 - - [25/Oct/2021:03:44:59 +0000] "GET /robots.txt HTTP/1.0" 301 241 "-" "ZoominfoBot (zoominfobot at zoominfo dot com)"
104.196.14.91 - - [25/Oct/2021:03:45:00 +0000] "GET /robots.txt HTTP/1.1" 404 56174 "-" "ZoominfoBot (zoominfobot at zoominfo dot com)"
104.196.14.91 - - [25/Oct/2021:03:45:01 +0000] "GET / HTTP/1.0" 301 231 "-" "ZoominfoBot (zoominfobot at zoominfo dot com)"
104.196.14.91 - - [25/Oct/2021:03:45:02 +0000] "GET /robots.txt HTTP/1.0" 404 56174 "-" "ZoominfoBot (zoominfobot at zoominfo dot com)"
104.196.14.91 - - [25/Oct/2021:03:45:05 +0000] "GET / HTTP/1.0" 200 8821 "-" "ZoominfoBot (zoominfobot at zoominfo dot com)"
104.196.14.91 - - [25/Oct/2021:03:45:29 +0000] "GET /robots.txt HTTP/1.0" 301 245 "-" "ZoominfoBot (zoominfobot at zoominfo dot com)"
104.196.14.91 - - [25/Oct/2021:03:45:30 +0000] "GET /robots.txt HTTP/1.1" 301 241 "-" "ZoominfoBot (zoominfobot at zoominfo dot com)"
104.196.14.91 - - [25/Oct/2021:03:45:32 +0000] "GET /robots.txt HTTP/1.1" 404 56174 "-" "ZoominfoBot (zoominfobot at zoominfo dot com)"
104.196.14.91 - - [25/Oct/2021:03:45:33 +0000] "GET / HTTP/1.0" 301 235 "-" "ZoominfoBot (zoominfobot at zoominfo dot com)"
104.196.14.91 - - [25/Oct/2021:03:45:33 +0000] "GET /robots.txt HTTP/1.0" 301 241 "-" "ZoominfoBot (zoominfobot at zoominfo dot com)"
104.196.14.91 - - [25/Oct/2021:03:45:33 +0000] "GET /robots.txt HTTP/1.1" 404 56174 "-" "ZoominfoBot (zoominfobot at zoominfo dot com)"
104.196.14.91 - - [25/Oct/2021:03:45:37 +0000] "GET / HTTP/1.0" 301 231 "-" "ZoominfoBot (zoominfobot at zoominfo dot com)"
66.249.79.32 - - [25/Oct/2021:03:49:45 +0000] "GET /booking.php?tourname=DELIGHT%20OF%20KASHMIR HTTP/1.1" 200 6449 "-" "Mozilla/5.0 (Linux; Android 6.0.1; Nexus 5X Build/MMB29P) AppleWebKit/537.36 (KHTML, like Gecko) Chrome/94.0.4606.81 Mobile Safari/537.36 (compatible; Googlebot/2.1; +http://www.google.com/bot.html)"
66.249.79.38 - - [25/Oct/2021:04:09:33 +0000] "GET /contents.php?url=Cancellation HTTP/1.1" 200 9498 "-" "Mozilla/5.0 (Linux; Android 6.0.1; Nexus 5X Build/MMB29P) AppleWebKit/537.36 (KHTML, like Gecko) Chrome/94.0.4606.81 Mobile Safari/537.36 (compatible; Googlebot/2.1; +http://www.google.com/bot.html)"
18.192.36.99 - - [25/Oct/2021:04:18:21 +0000] "GET /.well-known/acme-challenge/x-JLgQCqu1F6UA-zlH2n-vUCceRA2y1rEa41nPThcwE HTTP/1.1" 404 196 "-" "Mozilla/5.0 (compatible; Let's Encrypt validation server; +https://www.letsencrypt.org)"
18.116.86.117 - - [25/Oct/2021:04:18:21 +0000] "GET /.well-known/acme-challenge/x-JLgQCqu1F6UA-zlH2n-vUCceRA2y1rEa41nPThcwE HTTP/1.1" 404 196 "-" "Mozilla/5.0 (compatible; Let's Encrypt validation server; +https://www.letsencrypt.org)"
34.221.255.206 - - [25/Oct/2021:04:18:21 +0000] "GET /.well-known/acme-challenge/x-JLgQCqu1F6UA-zlH2n-vUCceRA2y1rEa41nPThcwE HTTP/1.1" 404 196 "-" "Mozilla/5.0 (compatible; Let's Encrypt validation server; +https://www.letsencrypt.org)"
66.133.109.36 - - [25/Oct/2021:04:18:21 +0000] "GET /.well-known/acme-challenge/x-JLgQCqu1F6UA-zlH2n-vUCceRA2y1rEa41nPThcwE HTTP/1.1" 404 196 "-" "Mozilla/5.0 (compatible; Let's Encrypt validation server; +https://www.letsencrypt.org)"
66.249.79.38 - - [25/Oct/2021:04:47:13 +0000] "GET /packages.php?url=HimachalPradesh HTTP/1.1" 200 6716 "-" "Mozilla/5.0 (Linux; Android 6.0.1; Nexus 5X Build/MMB29P) AppleWebKit/537.36 (KHTML, like Gecko) Chrome/94.0.4606.81 Mobile Safari/537.36 (compatible; Googlebot/2.1; +http://www.google.com/bot.html)"
66.249.79.38 - - [25/Oct/2021:04:49:57 +0000] "GET /package-details.php?url=TAWANGEXCURSIONTOURPACKAGE HTTP/1.1" 200 11521 "-" "Mozilla/5.0 (Linux; Android 6.0.1; Nexus 5X Build/MMB29P) AppleWebKit/537.36 (KHTML, like Gecko) Chrome/94.0.4606.81 Mobile Safari/537.36 (compatible; Googlebot/2.1; +http://www.google.com/bot.html)"
131.220.6.152 - - [25/Oct/2021:04:59:03 +0000] "GET / HTTP/1.1" 200 8821 "-" "Mozilla/5.0 (X11; Linux x86_64) AppleWebKit/537.36 (KHTML, like Gecko) Chrome/79.0.3945.79 Safari/537.36"
66.249.79.44 - - [25/Oct/2021:05:09:41 +0000] "GET /package-details.php?url=HoneymooninBali HTTP/1.1" 200 10210 "-" "Mozilla/5.0 (Linux; Android 6.0.1; Nexus 5X Build/MMB29P) AppleWebKit/537.36 (KHTML, like Gecko) Chrome/94.0.4606.81 Mobile Safari/537.36 (compatible; Googlebot/2.1; +http://www.google.com/bot.html)"
149.255.58.9 - - [25/Oct/2021:05:12:19 +0000] "GET / HTTP/1.1" 301 231 "-" "-"
149.255.58.9 - - [25/Oct/2021:05:12:20 +0000] "GET / HTTP/1.1" 200 56164 "-" "-"
18.159.196.172 - - [25/Oct/2021:05:18:20 +0000] "GET /.well-known/acme-challenge/zFGM6WsYK6G7JpEsId0qXrwlxhevD52jcnFV-PN-Qf8 HTTP/1.1" 404 196 "-" "Mozilla/5.0 (compatible; Let's Encrypt validation server; +https://www.letsencrypt.org)"
3.19.56.43 - - [25/Oct/2021:05:18:20 +0000] "GET /.well-known/acme-challenge/zFGM6WsYK6G7JpEsId0qXrwlxhevD52jcnFV-PN-Qf8 HTTP/1.1" 404 196 "-" "Mozilla/5.0 (compatible; Let's Encrypt validation server; +https://www.letsencrypt.org)"
34.219.87.132 - - [25/Oct/2021:05:18:20 +0000] "GET /.well-known/acme-challenge/zFGM6WsYK6G7JpEsId0qXrwlxhevD52jcnFV-PN-Qf8 HTTP/1.1" 404 196 "-" "Mozilla/5.0 (compatible; Let's Encrypt validation server; +https://www.letsencrypt.org)"
66.133.109.36 - - [25/Oct/2021:05:18:20 +0000] "GET /.well-known/acme-challenge/zFGM6WsYK6G7JpEsId0qXrwlxhevD52jcnFV-PN-Qf8 HTTP/1.1" 404 196 "-" "Mozilla/5.0 (compatible; Let's Encrypt validation server; +https://www.letsencrypt.org)"
66.249.79.32 - - [25/Oct/2021:05:39:39 +0000] "GET /packages.php?url=Rajasthan HTTP/1.1" 200 7314 "-" "Mozilla/5.0 (compatible; Googlebot/2.1; +http://www.google.com/bot.html)"
35.237.201.60 - - [25/Oct/2021:05:52:03 +0000] "GET /robots.txt HTTP/1.0" 404 56174 "-" "ZoominfoBot (zoominfobot at zoominfo dot com)"
35.237.201.60 - - [25/Oct/2021:05:52:04 +0000] "GET /package-details.php?url=SHIMLAVOLVOTOURPACKAGE HTTP/1.0" 200 8524 "-" "ZoominfoBot (zoominfobot at zoominfo dot com)"
35.237.201.60 - - [25/Oct/2021:05:52:07 +0000] "GET /package-details.php?url=KASHMIRHOUSEBOATTOURWITHSONMARGANDPAHALGAM HTTP/1.0" 200 10549 "-" "ZoominfoBot (zoominfobot at zoominfo dot com)"
35.237.201.60 - - [25/Oct/2021:05:52:09 +0000] "GET /packages.php?url=HimachalPradesh HTTP/1.0" 200 6716 "-" "ZoominfoBot (zoominfobot at zoominfo dot com)"
35.237.201.60 - - [25/Oct/2021:05:52:11 +0000] "GET /package-details.php?url=KASHMIRHOUSEBOATPACKAGEWITHSONMARG HTTP/1.0" 200 10031 "-" "ZoominfoBot (zoominfobot at zoominfo dot com)"
35.237.201.60 - - [25/Oct/2021:05:52:13 +0000] "GET /package-details.php?url=ROMANTICGETAWAYTOKASHMIR HTTP/1.0" 200 9609 "-" "ZoominfoBot (zoominfobot at zoominfo dot com)"
35.237.201.60 - - [25/Oct/2021:05:52:15 +0000] "GET /contents.php?url=About-Us HTTP/1.0" 200 8152 "-" "ZoominfoBot (zoominfobot at zoominfo dot com)"
35.237.201.60 - - [25/Oct/2021:05:52:17 +0000] "GET /package-details.php?url=DHARAMSHALADALHOUSIEVOLVO HTTP/1.0" 200 9417 "-" "ZoominfoBot (zoominfobot at zoominfo dot com)"
35.237.201.60 - - [25/Oct/2021:05:52:19 +0000] "GET /package-details.php?url=HIMACHALWITHGOLDENTEMPLE HTTP/1.0" 200 10153 "-" "ZoominfoBot (zoominfobot at zoominfo dot com)"
35.237.201.60 - - [25/Oct/2021:05:52:21 +0000] "GET /package-details.php?url=SHIMLAMANALIWITHCHANDIGARH HTTP/1.0" 200 9348 "-" "ZoominfoBot (zoominfobot at zoominfo dot com)"
35.237.201.60 - - [25/Oct/2021:05:52:23 +0000] "GET /package-details.php?url=MUMBAIGOABEACHESTOUR HTTP/1.0" 200 10197 "-" "ZoominfoBot (zoominfobot at zoominfo dot com)"
35.237.201.60 - - [25/Oct/2021:05:52:25 +0000] "GET /package-details.php?url=SHIMLAKULLUMANALICARTOUR HTTP/1.0" 200 9516 "-" "ZoominfoBot (zoominfobot at zoominfo dot com)"
35.237.201.60 - - [25/Oct/2021:05:52:28 +0000] "GET /package-details.php?url=KASHMIRHOUSEBOATTOURWITHPAHALGAM HTTP/1.0" 200 10116 "-" "ZoominfoBot (zoominfobot at zoominfo dot com)"
35.237.201.60 - - [25/Oct/2021:05:52:30 +0000] "GET /package-details.php?url=BESTOFINDIANBEACHESTOUR HTTP/1.0" 200 10692 "-" "ZoominfoBot (zoominfobot at zoominfo dot com)"
35.237.201.60 - - [25/Oct/2021:05:52:32 +0000] "GET /package-details.php?url=SHIMLAKULLUMANALIVOLVO HTTP/1.0" 200 9628 "-" "ZoominfoBot (zoominfobot at zoominfo dot com)"
35.237.201.60 - - [25/Oct/2021:05:52:34 +0000] "GET /package-details.php?url=GOLDENTRIANGLEWITHGOATOUR HTTP/1.0" 200 10456 "-" "ZoominfoBot (zoominfobot at zoominfo dot com)"
35.237.201.60 - - [25/Oct/2021:05:52:36 +0000] "GET /package-details.php?url=JEWELLSOFKASHMIR HTTP/1.0" 200 10325 "-" "ZoominfoBot (zoominfobot at zoominfo dot com)"
35.237.201.60 - - [25/Oct/2021:05:52:38 +0000] "GET /package-details.php?url=GOLDENBEACHESOFGOATOUR HTTP/1.0" 200 9666 "-" "ZoominfoBot (zoominfobot at zoominfo dot com)"
35.237.201.60 - - [25/Oct/2021:05:52:40 +0000] "GET /packages.php?url=Goa HTTP/1.0" 200 6182 "-" "ZoominfoBot (zoominfobot at zoominfo dot com)"
35.237.201.60 - - [25/Oct/2021:05:52:42 +0000] "GET /package-details.php?url=HIMACHALHONEYMOONPACKAGE HTTP/1.0" 200 9980 "-" "ZoominfoBot (zoominfobot at zoominfo dot com)"
35.237.201.60 - - [25/Oct/2021:05:52:45 +0000] "GET /package-details.php?url=HIMACHALTOURPACKAGE HTTP/1.0" 200 9862 "-" "ZoominfoBot (zoominfobot at zoominfo dot com)"
35.237.201.60 - - [25/Oct/2021:05:52:47 +0000] "GET /contents.php?url=Payment-Option HTTP/1.0" 200 5804 "-" "ZoominfoBot (zoominfobot at zoominfo dot com)"
35.237.201.60 - - [25/Oct/2021:05:52:49 +0000] "GET /package-details.php?url=SHIMLAMANALIHONEYMOONTOUR HTTP/1.0" 200 9677 "-" "ZoominfoBot (zoominfobot at zoominfo dot com)"
35.237.201.60 - - [25/Oct/2021:05:52:51 +0000] "GET /package-details.php?url=BESTOFKASHMIRTOURPACKAGE HTTP/1.0" 200 10209 "-" "ZoominfoBot (zoominfobot at zoominfo dot com)"
35.237.201.60 - - [25/Oct/2021:05:52:53 +0000] "GET /package-details.php?url=MANALIHONEYMOONVOLVOTOUR HTTP/1.0" 200 9593 "-" "ZoominfoBot (zoominfobot at zoominfo dot com)"
35.237.201.60 - - [25/Oct/2021:05:52:55 +0000] "GET /package-details.php?url=KASHMIRHOUSEBOATTOURWITHGULMARG HTTP/1.0" 200 10064 "-" "ZoominfoBot (zoominfobot at zoominfo dot com)"
35.237.201.60 - - [25/Oct/2021:05:52:57 +0000] "GET /package-details.php?url=KULLUMANALIVOLVOTOUR HTTP/1.0" 200 9495 "-" "ZoominfoBot (zoominfobot at zoominfo dot com)"
35.237.201.60 - - [25/Oct/2021:05:52:59 +0000] "GET /package-details.php?url=SHIMLAHONEYMOONBYCAR HTTP/1.0" 200 9588 "-" "ZoominfoBot (zoominfobot at zoominfo dot com)"
35.237.201.60 - - [25/Oct/2021:05:53:01 +0000] "GET /packages.php?url=Kashmir HTTP/1.0" 200 6780 "-" "ZoominfoBot (zoominfobot at zoominfo dot com)"
35.237.201.60 - - [25/Oct/2021:05:53:03 +0000] "GET /package-details.php?url=KASHMIRHOUSEBOATTOURWITHGULMARGANDPAHALGAM HTTP/1.0" 200 10354 "-" "ZoominfoBot (zoominfobot at zoominfo dot com)"
45.84.83.220 - - [25/Oct/2021:06:08:38 +0000] "HEAD / HTTP/1.1" 200 - "-" "-"
18.159.196.172 - - [25/Oct/2021:06:18:19 +0000] "GET /.well-known/acme-challenge/xA4nOMJd3YBxN7zg0eWjMMGa9YOm5Jz-8FSGc5wAWFg HTTP/1.1" 404 196 "-" "Mozilla/5.0 (compatible; Let's Encrypt validation server; +https://www.letsencrypt.org)"
3.142.122.14 - - [25/Oct/2021:06:18:20 +0000] "GET /.well-known/acme-challenge/xA4nOMJd3YBxN7zg0eWjMMGa9YOm5Jz-8FSGc5wAWFg HTTP/1.1" 404 196 "-" "Mozilla/5.0 (compatible; Let's Encrypt validation server; +https://www.letsencrypt.org)"
34.219.87.132 - - [25/Oct/2021:06:18:20 +0000] "GET /.well-known/acme-challenge/xA4nOMJd3YBxN7zg0eWjMMGa9YOm5Jz-8FSGc5wAWFg HTTP/1.1" 404 196 "-" "Mozilla/5.0 (compatible; Let's Encrypt validation server; +https://www.letsencrypt.org)"
66.133.109.36 - - [25/Oct/2021:06:18:20 +0000] "GET /.well-known/acme-challenge/xA4nOMJd3YBxN7zg0eWjMMGa9YOm5Jz-8FSGc5wAWFg HTTP/1.1" 404 196 "-" "Mozilla/5.0 (compatible; Let's Encrypt validation server; +https://www.letsencrypt.org)"
66.249.79.44 - - [25/Oct/2021:06:26:27 +0000] "GET /package-details.php?url=SHIMLAKULLUMANALICARTOUR HTTP/1.1" 200 9516 "-" "Mozilla/5.0 (Linux; Android 6.0.1; Nexus 5X Build/MMB29P) AppleWebKit/537.36 (KHTML, like Gecko) Chrome/94.0.4606.81 Mobile Safari/537.36 (compatible; Googlebot/2.1; +http://www.google.com/bot.html)"
66.249.79.44 - - [25/Oct/2021:06:55:49 +0000] "GET /packages.php?url=Rajasthan HTTP/1.1" 200 7314 "-" "Mozilla/5.0 (Linux; Android 6.0.1; Nexus 5X Build/MMB29P) AppleWebKit/537.36 (KHTML, like Gecko) Chrome/94.0.4606.81 Mobile Safari/537.36 (compatible; Googlebot/2.1; +http://www.google.com/bot.html)"
66.249.79.32 - - [25/Oct/2021:07:14:51 +0000] "GET /package-details.php?url=MUMBAIGOABEACHESTOUR HTTP/1.1" 200 10197 "-" "Mozilla/5.0 (Linux; Android 6.0.1; Nexus 5X Build/MMB29P) AppleWebKit/537.36 (KHTML, like Gecko) Chrome/94.0.4606.81 Mobile Safari/537.36 (compatible; Googlebot/2.1; +http://www.google.com/bot.html)"
18.192.36.99 - - [25/Oct/2021:07:18:20 +0000] "GET /.well-known/acme-challenge/SBXRM715IGUCxoOy-DghlcDmddpmpt6ynHKP-QT-jnQ HTTP/1.1" 404 196 "-" "Mozilla/5.0 (compatible; Let's Encrypt validation server; +https://www.letsencrypt.org)"
18.116.86.117 - - [25/Oct/2021:07:18:20 +0000] "GET /.well-known/acme-challenge/SBXRM715IGUCxoOy-DghlcDmddpmpt6ynHKP-QT-jnQ HTTP/1.1" 404 196 "-" "Mozilla/5.0 (compatible; Let's Encrypt validation server; +https://www.letsencrypt.org)"
34.219.87.132 - - [25/Oct/2021:07:18:20 +0000] "GET /.well-known/acme-challenge/SBXRM715IGUCxoOy-DghlcDmddpmpt6ynHKP-QT-jnQ HTTP/1.1" 404 196 "-" "Mozilla/5.0 (compatible; Let's Encrypt validation server; +https://www.letsencrypt.org)"
64.78.149.164 - - [25/Oct/2021:07:18:20 +0000] "GET /.well-known/acme-challenge/SBXRM715IGUCxoOy-DghlcDmddpmpt6ynHKP-QT-jnQ HTTP/1.1" 404 196 "-" "Mozilla/5.0 (compatible; Let's Encrypt validation server; +https://www.letsencrypt.org)"
66.249.79.38 - - [25/Oct/2021:07:39:41 +0000] "GET /packages.php?url=HimachalPradesh HTTP/1.1" 200 6716 "-" "Mozilla/5.0 (compatible; Googlebot/2.1; +http://www.google.com/bot.html)"
72.14.199.173 - - [25/Oct/2021:08:03:05 +0000] "GET /images/Yatra-white.png HTTP/1.1" 200 10751 "http://mail.google.com/" "Mozilla/5.0 (Windows NT 10.0; Win64; x64) AppleWebKit/537.36 (KHTML, like Gecko) Chrome/42.0.2311.135 Safari/537.36 Edge/12.246 Mozilla/5.0"
66.249.84.245 - - [25/Oct/2021:08:03:52 +0000] "GET /images/Yatra-white.png HTTP/1.1" 200 10751 "-" "Mozilla/5.0 (Windows NT 5.1; rv:11.0) Gecko Firefox/11.0 (via ggpht.com GoogleImageProxy)"
18.159.196.172 - - [25/Oct/2021:08:18:20 +0000] "GET /.well-known/acme-challenge/4ahh7qE2F9dvd_O9lN20pxGyYcs6UQx-UA1yT6lH25A HTTP/1.1" 404 196 "-" "Mozilla/5.0 (compatible; Let's Encrypt validation server; +https://www.letsencrypt.org)"
18.116.86.117 - - [25/Oct/2021:08:18:20 +0000] "GET /.well-known/acme-challenge/4ahh7qE2F9dvd_O9lN20pxGyYcs6UQx-UA1yT6lH25A HTTP/1.1" 404 196 "-" "Mozilla/5.0 (compatible; Let's Encrypt validation server; +https://www.letsencrypt.org)"
34.219.87.132 - - [25/Oct/2021:08:18:20 +0000] "GET /.well-known/acme-challenge/4ahh7qE2F9dvd_O9lN20pxGyYcs6UQx-UA1yT6lH25A HTTP/1.1" 404 196 "-" "Mozilla/5.0 (compatible; Let's Encrypt validation server; +https://www.letsencrypt.org)"
64.78.149.164 - - [25/Oct/2021:08:18:20 +0000] "GET /.well-known/acme-challenge/4ahh7qE2F9dvd_O9lN20pxGyYcs6UQx-UA1yT6lH25A HTTP/1.1" 404 196 "-" "Mozilla/5.0 (compatible; Let's Encrypt validation server; +https://www.letsencrypt.org)"
66.249.79.32 - - [25/Oct/2021:08:46:47 +0000] "GET /galleryimg/5279734RT47.jpg HTTP/1.1" 404 56190 "-" "Googlebot-Image/1.0"
91.241.19.243 - - [25/Oct/2021:08:58:23 +0000] "GET / HTTP/1.1" 301 231 "-" "Mozilla/5.0 (Windows NT 6.1; WOW64) AppleWebKit/537.1 (KHTML, like Gecko) Chrome/22.0.1207.1 Safari/537.1"
91.241.19.243 - - [25/Oct/2021:08:58:24 +0000] "GET / HTTP/1.1" 200 8821 "-" "Mozilla/5.0 (Windows NT 6.1; WOW64) AppleWebKit/537.1 (KHTML, like Gecko) Chrome/22.0.1207.1 Safari/537.1"
66.249.84.235 - - [25/Oct/2021:09:15:14 +0000] "GET /images/Yatra-white.png HTTP/1.1" 200 10751 "-" "Mozilla/5.0 (Windows NT 5.1; rv:11.0) Gecko Firefox/11.0 (via ggpht.com GoogleImageProxy)"
18.159.196.172 - - [25/Oct/2021:09:18:19 +0000] "GET /.well-known/acme-challenge/d53zHSQ5JoBPDs0IyB5K-6-UvVcH-FpVzaEbGgKsGuc HTTP/1.1" 404 196 "-" "Mozilla/5.0 (compatible; Let's Encrypt validation server; +https://www.letsencrypt.org)"
34.219.87.132 - - [25/Oct/2021:09:18:20 +0000] "GET /.well-known/acme-challenge/d53zHSQ5JoBPDs0IyB5K-6-UvVcH-FpVzaEbGgKsGuc HTTP/1.1" 404 196 "-" "Mozilla/5.0 (compatible; Let's Encrypt validation server; +https://www.letsencrypt.org)"
3.19.56.43 - - [25/Oct/2021:09:18:20 +0000] "GET /.well-known/acme-challenge/d53zHSQ5JoBPDs0IyB5K-6-UvVcH-FpVzaEbGgKsGuc HTTP/1.1" 404 196 "-" "Mozilla/5.0 (compatible; Let's Encrypt validation server; +https://www.letsencrypt.org)"
64.78.149.164 - - [25/Oct/2021:09:18:20 +0000] "GET /.well-known/acme-challenge/d53zHSQ5JoBPDs0IyB5K-6-UvVcH-FpVzaEbGgKsGuc HTTP/1.1" 404 196 "-" "Mozilla/5.0 (compatible; Let's Encrypt validation server; +https://www.letsencrypt.org)"
154.23.190.146 - - [25/Oct/2021:09:36:48 +0000] "GET /wp-content/uploads/upload_index.php?auth=f02pz3831W0DTtLgq26L HTTP/1.1" 404 56225 "-" "Mozilla/5.0 (Windows NT 10.0; Win64; x64) AppleWebKit/537.36 (KHTML, like Gecko) Chrome/92.0.4515.107 Safari/537.36"
66.249.79.32 - - [25/Oct/2021:09:54:17 +0000] "GET /galleryimg/8312144RT34.jpg HTTP/1.1" 404 56190 "-" "Googlebot-Image/1.0"
3.120.130.29 - - [25/Oct/2021:10:18:22 +0000] "GET /.well-known/acme-challenge/SrzX6KD37mFoUZXXd_gal9Mhyyv0zjhThCuEgQ5eZnI HTTP/1.1" 404 196 "-" "Mozilla/5.0 (compatible; Let's Encrypt validation server; +https://www.letsencrypt.org)"
18.116.86.117 - - [25/Oct/2021:10:18:22 +0000] "GET /.well-known/acme-challenge/SrzX6KD37mFoUZXXd_gal9Mhyyv0zjhThCuEgQ5eZnI HTTP/1.1" 404 196 "-" "Mozilla/5.0 (compatible; Let's Encrypt validation server; +https://www.letsencrypt.org)"
64.78.149.164 - - [25/Oct/2021:10:18:22 +0000] "GET /.well-known/acme-challenge/SrzX6KD37mFoUZXXd_gal9Mhyyv0zjhThCuEgQ5eZnI HTTP/1.1" 404 196 "-" "Mozilla/5.0 (compatible; Let's Encrypt validation server; +https://www.letsencrypt.org)"
34.219.87.132 - - [25/Oct/2021:10:18:22 +0000] "GET /.well-known/acme-challenge/SrzX6KD37mFoUZXXd_gal9Mhyyv0zjhThCuEgQ5eZnI HTTP/1.1" 404 196 "-" "Mozilla/5.0 (compatible; Let's Encrypt validation server; +https://www.letsencrypt.org)"
3.120.130.29 - - [25/Oct/2021:11:18:33 +0000] "GET /.well-known/acme-challenge/uxuLa1YIK5mB4jhywnZcOC0z3hEq3vjbRfxAwyrpKp0 HTTP/1.1" 404 196 "-" "Mozilla/5.0 (compatible; Let's Encrypt validation server; +https://www.letsencrypt.org)"
34.219.87.132 - - [25/Oct/2021:11:18:34 +0000] "GET /.well-known/acme-challenge/uxuLa1YIK5mB4jhywnZcOC0z3hEq3vjbRfxAwyrpKp0 HTTP/1.1" 404 196 "-" "Mozilla/5.0 (compatible; Let's Encrypt validation server; +https://www.letsencrypt.org)"
3.142.122.14 - - [25/Oct/2021:11:18:34 +0000] "GET /.well-known/acme-challenge/uxuLa1YIK5mB4jhywnZcOC0z3hEq3vjbRfxAwyrpKp0 HTTP/1.1" 404 196 "-" "Mozilla/5.0 (compatible; Let's Encrypt validation server; +https://www.letsencrypt.org)"
66.133.109.36 - - [25/Oct/2021:11:18:34 +0000] "GET /.well-known/acme-challenge/uxuLa1YIK5mB4jhywnZcOC0z3hEq3vjbRfxAwyrpKp0 HTTP/1.1" 404 196 "-" "Mozilla/5.0 (compatible; Let's Encrypt validation server; +https://www.letsencrypt.org)"
134.209.127.243 - - [25/Oct/2021:12:12:35 +0000] "GET / HTTP/1.1" 301 231 "-" "Mozilla/5.0 (Macintosh; Intel Mac OS X 10.14; rv:81.0) Gecko/20100101 Firefox/81.0"
134.209.127.243 - - [25/Oct/2021:12:12:35 +0000] "GET /vendor/phpunit/Util/PHP/eval-stdin.php HTTP/1.1" 403 199 "-" "Mozilla/5.0 (compatible; Googlebot/2.1; +http://www.google.com/bot.html)"
134.209.127.243 - - [25/Oct/2021:12:12:36 +0000] "GET /vendor/phpunit/Util/PHP/eval-stdin HTTP/1.1" 403 199 "-" "Mozilla/5.0 (compatible; Googlebot/2.1; +http://www.google.com/bot.html)"
134.209.127.243 - - [25/Oct/2021:12:12:36 +0000] "GET /vendor/phpunit/phpunit/Util/PHP/eval-stdin.php HTTP/1.1" 403 199 "-" "Mozilla/5.0 (compatible; Googlebot/2.1; +http://www.google.com/bot.html)"
134.209.127.243 - - [25/Oct/2021:12:12:37 +0000] "GET /vendor/phpunit/phpunit/Util/PHP/eval-stdin HTTP/1.1" 403 199 "-" "Mozilla/5.0 (compatible; Googlebot/2.1; +http://www.google.com/bot.html)"
134.209.127.243 - - [25/Oct/2021:12:12:37 +0000] "GET /vendor/phpunit/phpunit/src/Util/PHP/eval-stdin.php HTTP/1.1" 403 199 "-" "Mozilla/5.0 (compatible; Googlebot/2.1; +http://www.google.com/bot.html)"
134.209.127.243 - - [25/Oct/2021:12:12:38 +0000] "GET /vendor/phpunit/phpunit/src/Util/PHP/eval-stdin HTTP/1.1" 403 199 "-" "Mozilla/5.0 (compatible; Googlebot/2.1; +http://www.google.com/bot.html)"
134.209.127.243 - - [25/Oct/2021:12:12:38 +0000] "GET /vendor/phpunit/src/Util/PHP/eval-stdin.php HTTP/1.1" 403 199 "-" "Mozilla/5.0 (compatible; Googlebot/2.1; +http://www.google.com/bot.html)"
134.209.127.243 - - [25/Oct/2021:12:12:38 +0000] "GET /vendor/phpunit/src/Util/PHP/eval-stdin HTTP/1.1" 403 199 "-" "Mozilla/5.0 (compatible; Googlebot/2.1; +http://www.google.com/bot.html)"
134.209.127.243 - - [25/Oct/2021:12:12:39 +0000] "GET /sites/all/libraries/mailchimp/vendor/phpunit/phpunit/src/Util/PHP/eval-stdin.php HTTP/1.1" 403 199 "-" "Mozilla/5.0 (compatible; Googlebot/2.1; +http://www.google.com/bot.html)"
134.209.127.243 - - [25/Oct/2021:12:12:39 +0000] "GET /sites/all/libraries/mailchimp/vendor/phpunit/phpunit/src/Util/PHP/eval-stdin HTTP/1.1" 403 199 "-" "Mozilla/5.0 (compatible; Googlebot/2.1; +http://www.google.com/bot.html)"
134.209.127.243 - - [25/Oct/2021:12:12:40 +0000] "GET /sites/default/libraries/mailchimp/vendor/phpunit/phpunit/src/Util/PHP/eval-stdin.php HTTP/1.1" 403 199 "-" "Mozilla/5.0 (compatible; Googlebot/2.1; +http://www.google.com/bot.html)"
134.209.127.243 - - [25/Oct/2021:12:12:40 +0000] "GET /sites/default/libraries/mailchimp/vendor/phpunit/phpunit/src/Util/PHP/eval-stdin HTTP/1.1" 403 199 "-" "Mozilla/5.0 (compatible; Googlebot/2.1; +http://www.google.com/bot.html)"
134.209.127.243 - - [25/Oct/2021:12:12:40 +0000] "GET /sites/vendor/phpunit/phpunit/src/Util/PHP/eval-stdin.php HTTP/1.1" 403 199 "-" "Mozilla/5.0 (compatible; Googlebot/2.1; +http://www.google.com/bot.html)"
134.209.127.243 - - [25/Oct/2021:12:12:41 +0000] "GET /sites/vendor/phpunit/phpunit/src/Util/PHP/eval-stdin HTTP/1.1" 403 199 "-" "Mozilla/5.0 (compatible; Googlebot/2.1; +http://www.google.com/bot.html)"
134.209.127.243 - - [25/Oct/2021:12:12:41 +0000] "GET /old/vendor/phpunit/phpunit/src/Util/PHP/eval-stdin.php HTTP/1.1" 403 199 "-" "Mozilla/5.0 (compatible; Googlebot/2.1; +http://www.google.com/bot.html)"
134.209.127.243 - - [25/Oct/2021:12:12:42 +0000] "GET /old/vendor/phpunit/phpunit/src/Util/PHP/eval-stdin HTTP/1.1" 403 199 "-" "Mozilla/5.0 (compatible; Googlebot/2.1; +http://www.google.com/bot.html)"
134.209.127.243 - - [25/Oct/2021:12:12:42 +0000] "GET /modules/autoupgrade/vendor/phpunit/phpunit/src/Util/PHP/eval-stdin.php HTTP/1.1" 403 199 "-" "Mozilla/5.0 (compatible; Googlebot/2.1; +http://www.google.com/bot.html)"
134.209.127.243 - - [25/Oct/2021:12:12:43 +0000] "GET /modules/autoupgrade/vendor/phpunit/phpunit/src/Util/PHP/eval-stdin HTTP/1.1" 403 199 "-" "Mozilla/5.0 (compatible; Googlebot/2.1; +http://www.google.com/bot.html)"
134.209.127.243 - - [25/Oct/2021:12:12:43 +0000] "GET /modules/autoupgrade/vendor/phpunit/phpunit/src/util/php/eval-stdin.php HTTP/1.1" 403 199 "-" "Mozilla/5.0 (compatible; Googlebot/2.1; +http://www.google.com/bot.html)"
