66.249.79.32 - - [22/Oct/2021:14:05:23 +0000] "GET /js/main.js HTTP/1.1" 200 2508 "https://tripperhub.com/package-details.php?url=COLORSOFKERALA-HONEYMOONTOUR" "Mozilla/5.0 AppleWebKit/537.36 (KHTML, like Gecko; compatible; Googlebot/2.1; +http://www.google.com/bot.html) Chrome/94.0.4606.81 Safari/537.36"
66.249.79.38 - - [22/Oct/2021:14:07:13 +0000] "GET /package-details.php?url=KULLUMANALIVOLVOTOUR HTTP/1.1" 200 9495 "-" "Mozilla/5.0 (compatible; Googlebot/2.1; +http://www.google.com/bot.html)"
66.249.79.44 - - [22/Oct/2021:14:08:19 +0000] "GET /package-details.php?url=KASHMIRHOUSEBOATTOURWITHGULMARGANDSONMARG HTTP/1.1" 200 10155 "-" "Mozilla/5.0 (compatible; Googlebot/2.1; +http://www.google.com/bot.html)"
18.159.196.172 - - [22/Oct/2021:14:18:19 +0000] "GET /.well-known/acme-challenge/r8Ma48BMBvQ4hEC2N2GYI444MtIHscknBJs6AlENRug HTTP/1.1" 404 196 "-" "Mozilla/5.0 (compatible; Let's Encrypt validation server; +https://www.letsencrypt.org)"
3.19.56.43 - - [22/Oct/2021:14:18:19 +0000] "GET /.well-known/acme-challenge/r8Ma48BMBvQ4hEC2N2GYI444MtIHscknBJs6AlENRug HTTP/1.1" 404 196 "-" "Mozilla/5.0 (compatible; Let's Encrypt validation server; +https://www.letsencrypt.org)"
52.39.4.59 - - [22/Oct/2021:14:18:20 +0000] "GET /.well-known/acme-challenge/r8Ma48BMBvQ4hEC2N2GYI444MtIHscknBJs6AlENRug HTTP/1.1" 404 196 "-" "Mozilla/5.0 (compatible; Let's Encrypt validation server; +https://www.letsencrypt.org)"
64.78.149.164 - - [22/Oct/2021:14:18:20 +0000] "GET /.well-known/acme-challenge/r8Ma48BMBvQ4hEC2N2GYI444MtIHscknBJs6AlENRug HTTP/1.1" 404 196 "-" "Mozilla/5.0 (compatible; Let's Encrypt validation server; +https://www.letsencrypt.org)"
66.249.79.32 - - [22/Oct/2021:14:55:08 +0000] "GET /package-details.php?url=KASHMIRHOUSEBOATTOURWITHGULMARG HTTP/1.1" 200 10064 "-" "Mozilla/5.0 (Linux; Android 6.0.1; Nexus 5X Build/MMB29P) AppleWebKit/537.36 (KHTML, like Gecko) Chrome/94.0.4606.81 Mobile Safari/537.36 (compatible; Googlebot/2.1; +http://www.google.com/bot.html)"
66.249.79.32 - - [22/Oct/2021:14:55:09 +0000] "GET /package-details.php?url=JAIPURRANTHAMBOREWEEKENDTOUR HTTP/1.1" 200 8860 "-" "Mozilla/5.0 (compatible; Googlebot/2.1; +http://www.google.com/bot.html)"
66.249.79.32 - - [22/Oct/2021:14:55:11 +0000] "GET /package-details.php?url=HIMACHALTOURPACKAGE HTTP/1.1" 200 9862 "-" "Mozilla/5.0 (compatible; Googlebot/2.1; +http://www.google.com/bot.html)"
66.249.79.32 - - [22/Oct/2021:14:55:13 +0000] "GET /js/plugin.js HTTP/1.1" 200 121569 "https://tripperhub.com/package-details.php?url=JAIPURRANTHAMBOREWEEKENDTOUR" "Mozilla/5.0 AppleWebKit/537.36 (KHTML, like Gecko; compatible; Googlebot/2.1; +http://www.google.com/bot.html) Chrome/94.0.4606.81 Safari/537.36"
66.249.79.32 - - [22/Oct/2021:14:55:25 +0000] "GET /js/tabs.js HTTP/1.1" 200 88 "https://tripperhub.com/package-details.php?url=HIMACHALTOURPACKAGE" "Mozilla/5.0 AppleWebKit/537.36 (KHTML, like Gecko; compatible; Googlebot/2.1; +http://www.google.com/bot.html) Chrome/94.0.4606.81 Safari/537.36"
66.249.79.32 - - [22/Oct/2021:14:58:25 +0000] "GET /packages.php?url=Singapore HTTP/1.1" 200 6211 "-" "Mozilla/5.0 (Linux; Android 6.0.1; Nexus 5X Build/MMB29P) AppleWebKit/537.36 (KHTML, like Gecko) Chrome/94.0.4606.81 Mobile Safari/537.36 (compatible; Googlebot/2.1; +http://www.google.com/bot.html)"
66.249.79.44 - - [22/Oct/2021:15:02:42 +0000] "GET /contents.php?url=Privacy-Policy HTTP/1.1" 200 8200 "-" "Mozilla/5.0 (compatible; Googlebot/2.1; +http://www.google.com/bot.html)"
66.249.79.38 - - [22/Oct/2021:15:07:00 +0000] "GET /package-details.php?url=SHIMLAVOLVOTOURPACKAGE HTTP/1.1" 200 8524 "-" "Mozilla/5.0 (compatible; Googlebot/2.1; +http://www.google.com/bot.html)"
66.249.79.32 - - [22/Oct/2021:15:15:33 +0000] "GET /package-details.php?url=PenangCityTourwithKualaLumpur HTTP/1.1" 200 9015 "-" "Mozilla/5.0 (compatible; Googlebot/2.1; +http://www.google.com/bot.html)"
18.192.36.99 - - [22/Oct/2021:15:18:19 +0000] "GET /.well-known/acme-challenge/ORVthm37ux2-8eoPRqLAFzLDNn7cLv5QfXJHdnZYsr0 HTTP/1.1" 404 196 "-" "Mozilla/5.0 (compatible; Let's Encrypt validation server; +https://www.letsencrypt.org)"
18.116.86.117 - - [22/Oct/2021:15:18:19 +0000] "GET /.well-known/acme-challenge/ORVthm37ux2-8eoPRqLAFzLDNn7cLv5QfXJHdnZYsr0 HTTP/1.1" 404 196 "-" "Mozilla/5.0 (compatible; Let's Encrypt validation server; +https://www.letsencrypt.org)"
34.221.255.206 - - [22/Oct/2021:15:18:19 +0000] "GET /.well-known/acme-challenge/ORVthm37ux2-8eoPRqLAFzLDNn7cLv5QfXJHdnZYsr0 HTTP/1.1" 404 196 "-" "Mozilla/5.0 (compatible; Let's Encrypt validation server; +https://www.letsencrypt.org)"
64.78.149.164 - - [22/Oct/2021:15:18:19 +0000] "GET /.well-known/acme-challenge/ORVthm37ux2-8eoPRqLAFzLDNn7cLv5QfXJHdnZYsr0 HTTP/1.1" 404 196 "-" "Mozilla/5.0 (compatible; Let's Encrypt validation server; +https://www.letsencrypt.org)"
157.90.209.83 - - [22/Oct/2021:15:18:21 +0000] "GET /robots.txt HTTP/1.1" 301 241 "-" "Mozilla/5.0 (compatible; BLEXBot/1.0; +http://webmeup-crawler.com/)"
157.90.209.83 - - [22/Oct/2021:15:18:22 +0000] "GET /robots.txt HTTP/1.1" 404 56174 "-" "Mozilla/5.0 (compatible; BLEXBot/1.0; +http://webmeup-crawler.com/)"
157.90.209.83 - - [22/Oct/2021:15:18:22 +0000] "GET /sitemap.xml HTTP/1.1" 301 242 "-" "Mozilla/5.0 (compatible; BLEXBot/1.0; +http://webmeup-crawler.com/)"
157.90.209.83 - - [22/Oct/2021:15:18:23 +0000] "GET /sitemap.xml HTTP/1.1" 404 56175 "-" "Mozilla/5.0 (compatible; BLEXBot/1.0; +http://webmeup-crawler.com/)"
157.90.209.83 - - [22/Oct/2021:15:18:27 +0000] "GET /sitemap.xml HTTP/1.1" 301 246 "-" "Mozilla/5.0 (compatible; BLEXBot/1.0; +http://webmeup-crawler.com/)"
157.90.209.83 - - [22/Oct/2021:15:18:28 +0000] "GET /sitemap.xml HTTP/1.1" 301 242 "-" "Mozilla/5.0 (compatible; BLEXBot/1.0; +http://webmeup-crawler.com/)"
157.90.209.83 - - [22/Oct/2021:15:18:28 +0000] "GET /sitemap.xml HTTP/1.1" 404 56175 "-" "Mozilla/5.0 (compatible; BLEXBot/1.0; +http://webmeup-crawler.com/)"
157.90.209.83 - - [22/Oct/2021:15:18:30 +0000] "GET / HTTP/1.1" 200 8821 "-" "Mozilla/5.0 (compatible; BLEXBot/1.0; +http://webmeup-crawler.com/)"
157.90.209.83 - - [22/Oct/2021:15:18:32 +0000] "GET /booking.php HTTP/1.1" 200 6430 "-" "Mozilla/5.0 (compatible; BLEXBot/1.0; +http://webmeup-crawler.com/)"
157.90.209.83 - - [22/Oct/2021:15:18:37 +0000] "GET /contact-us.php HTTP/1.1" 200 4270 "-" "Mozilla/5.0 (compatible; BLEXBot/1.0; +http://webmeup-crawler.com/)"
157.90.209.83 - - [22/Oct/2021:15:18:40 +0000] "GET /contents.php?url=About-Us HTTP/1.1" 200 8152 "-" "Mozilla/5.0 (compatible; BLEXBot/1.0; +http://webmeup-crawler.com/)"
157.90.209.83 - - [22/Oct/2021:15:18:43 +0000] "GET /contents.php?url=Cancellation HTTP/1.1" 200 9498 "-" "Mozilla/5.0 (compatible; BLEXBot/1.0; +http://webmeup-crawler.com/)"
157.90.209.83 - - [22/Oct/2021:15:18:45 +0000] "GET /contents.php?url=Disclaimer HTTP/1.1" 200 5804 "-" "Mozilla/5.0 (compatible; BLEXBot/1.0; +http://webmeup-crawler.com/)"
157.90.209.83 - - [22/Oct/2021:15:18:58 +0000] "GET /contents.php?url=Payment-Option HTTP/1.1" 200 5804 "-" "Mozilla/5.0 (compatible; BLEXBot/1.0; +http://webmeup-crawler.com/)"
157.90.209.83 - - [22/Oct/2021:15:19:02 +0000] "GET /contents.php?url=Pre-Wedding HTTP/1.1" 200 5804 "-" "Mozilla/5.0 (compatible; BLEXBot/1.0; +http://webmeup-crawler.com/)"
157.90.209.83 - - [22/Oct/2021:15:19:05 +0000] "GET /contents.php?url=Privacy-Policy HTTP/1.1" 200 8200 "-" "Mozilla/5.0 (compatible; BLEXBot/1.0; +http://webmeup-crawler.com/)"
157.90.209.83 - - [22/Oct/2021:15:19:08 +0000] "GET /contents.php?url=Terms-of-Service HTTP/1.1" 200 8790 "-" "Mozilla/5.0 (compatible; BLEXBot/1.0; +http://webmeup-crawler.com/)"
157.90.209.83 - - [22/Oct/2021:15:19:10 +0000] "GET /index.php HTTP/1.1" 200 8819 "-" "Mozilla/5.0 (compatible; BLEXBot/1.0; +http://webmeup-crawler.com/)"
157.90.209.83 - - [22/Oct/2021:15:19:12 +0000] "GET /package-details.php?url=ALLEPPEYHONEYMOONTOUR HTTP/1.1" 200 9600 "-" "Mozilla/5.0 (compatible; BLEXBot/1.0; +http://webmeup-crawler.com/)"
157.90.209.83 - - [22/Oct/2021:15:19:14 +0000] "GET /package-details.php?url=ASSAM&ARUNACHALPRADESH HTTP/1.1" 200 7379 "-" "Mozilla/5.0 (compatible; BLEXBot/1.0; +http://webmeup-crawler.com/)"
157.90.209.83 - - [22/Oct/2021:15:19:16 +0000] "GET /package-details.php?url=ATHIRAPALLYHONEYMOONTOUR HTTP/1.1" 200 9684 "-" "Mozilla/5.0 (compatible; BLEXBot/1.0; +http://webmeup-crawler.com/)"
157.90.209.83 - - [22/Oct/2021:15:19:18 +0000] "GET /package-details.php?url=AdventurousBaliTour HTTP/1.1" 200 9897 "-" "Mozilla/5.0 (compatible; BLEXBot/1.0; +http://webmeup-crawler.com/)"
157.90.209.83 - - [22/Oct/2021:15:19:20 +0000] "GET /package-details.php?url=AmazingDubaiTour HTTP/1.1" 200 10391 "-" "Mozilla/5.0 (compatible; BLEXBot/1.0; +http://webmeup-crawler.com/)"
157.90.209.83 - - [22/Oct/2021:15:19:22 +0000] "GET /package-details.php?url=BESTOFINDIANBEACHESTOUR HTTP/1.1" 200 10692 "-" "Mozilla/5.0 (compatible; BLEXBot/1.0; +http://webmeup-crawler.com/)"
157.90.209.83 - - [22/Oct/2021:15:19:55 +0000] "GET /package-details.php?url=BESTOFKASHMIRTOURPACKAGE HTTP/1.1" 200 10209 "-" "Mozilla/5.0 (compatible; BLEXBot/1.0; +http://webmeup-crawler.com/)"
157.90.209.83 - - [22/Oct/2021:15:19:57 +0000] "GET /package-details.php?url=BESTOFKERALAHONEYMOONTOUR HTTP/1.1" 200 10435 "-" "Mozilla/5.0 (compatible; BLEXBot/1.0; +http://webmeup-crawler.com/)"
157.90.209.83 - - [22/Oct/2021:15:19:59 +0000] "GET /package-details.php?url=BaliEasyTour HTTP/1.1" 200 9632 "-" "Mozilla/5.0 (compatible; BLEXBot/1.0; +http://webmeup-crawler.com/)"
157.90.209.83 - - [22/Oct/2021:15:20:03 +0000] "GET /package-details.php?url=BaliwithUBUD HTTP/1.1" 200 10322 "-" "Mozilla/5.0 (compatible; BLEXBot/1.0; +http://webmeup-crawler.com/)"
157.90.209.83 - - [22/Oct/2021:15:20:05 +0000] "GET /package-details.php?url=BangkokPattayaWeekender HTTP/1.1" 200 9530 "-" "Mozilla/5.0 (compatible; BLEXBot/1.0; +http://webmeup-crawler.com/)"
157.90.209.83 - - [22/Oct/2021:15:20:06 +0000] "GET /package-details.php?url=BestofSingaporeTour HTTP/1.1" 200 10158 "-" "Mozilla/5.0 (compatible; BLEXBot/1.0; +http://webmeup-crawler.com/)"
157.90.209.83 - - [22/Oct/2021:15:20:09 +0000] "GET /package-details.php?url=BestofWestBengalandSikkimTour HTTP/1.1" 200 11385 "-" "Mozilla/5.0 (compatible; BLEXBot/1.0; +http://webmeup-crawler.com/)"
157.90.209.83 - - [22/Oct/2021:15:20:11 +0000] "GET /package-details.php?url=CHARMOFRANIKHET HTTP/1.1" 200 8590 "-" "Mozilla/5.0 (compatible; BLEXBot/1.0; +http://webmeup-crawler.com/)"
157.90.209.83 - - [22/Oct/2021:15:20:14 +0000] "GET /package-details.php?url=COLORSOFKERALA-HONEYMOONTOUR HTTP/1.1" 200 10642 "-" "Mozilla/5.0 (compatible; BLEXBot/1.0; +http://webmeup-crawler.com/)"
157.90.209.83 - - [22/Oct/2021:15:20:18 +0000] "GET /package-details.php?url=ClassicalBali HTTP/1.1" 200 9927 "-" "Mozilla/5.0 (compatible; BLEXBot/1.0; +http://webmeup-crawler.com/)"
157.90.209.83 - - [22/Oct/2021:15:20:20 +0000] "GET /package-details.php?url=DELHIAGARJAIPURTOUR HTTP/1.1" 200 9484 "-" "Mozilla/5.0 (compatible; BLEXBot/1.0; +http://webmeup-crawler.com/)"
157.90.209.83 - - [22/Oct/2021:15:20:22 +0000] "GET /package-details.php?url=DELHINAINITALTOUR HTTP/1.1" 200 8326 "-" "Mozilla/5.0 (compatible; BLEXBot/1.0; +http://webmeup-crawler.com/)"
157.90.209.83 - - [22/Oct/2021:15:20:23 +0000] "GET /package-details.php?url=DELHITAJMAHALPINKCITY HTTP/1.1" 200 9522 "-" "Mozilla/5.0 (compatible; BLEXBot/1.0; +http://webmeup-crawler.com/)"
157.90.209.83 - - [22/Oct/2021:15:20:26 +0000] "GET /package-details.php?url=DELIGHTOFKASHMIR HTTP/1.1" 200 10289 "-" "Mozilla/5.0 (compatible; BLEXBot/1.0; +http://webmeup-crawler.com/)"
157.90.209.83 - - [22/Oct/2021:15:20:29 +0000] "GET /package-details.php?url=DHARAMSHALADALHOUSIEVOLVO HTTP/1.1" 200 9417 "-" "Mozilla/5.0 (compatible; BLEXBot/1.0; +http://webmeup-crawler.com/)"
157.90.209.83 - - [22/Oct/2021:15:20:31 +0000] "GET /package-details.php?url=Darjeeling%E2%80%93TheQueenofHills HTTP/1.1" 200 9272 "-" "Mozilla/5.0 (compatible; BLEXBot/1.0; +http://webmeup-crawler.com/)"
66.249.79.32 - - [22/Oct/2021:15:20:33 +0000] "GET /index.php HTTP/1.1" 200 8819 "-" "Mozilla/5.0 (Linux; Android 6.0.1; Nexus 5X Build/MMB29P) AppleWebKit/537.36 (KHTML, like Gecko) Chrome/94.0.4606.81 Mobile Safari/537.36 (compatible; Googlebot/2.1; +http://www.google.com/bot.html)"
157.90.209.83 - - [22/Oct/2021:15:20:33 +0000] "GET /package-details.php?url=Dubai&AbuDhabiTour HTTP/1.1" 200 7379 "-" "Mozilla/5.0 (compatible; BLEXBot/1.0; +http://webmeup-crawler.com/)"
66.249.79.32 - - [22/Oct/2021:15:20:36 +0000] "GET /js/main-1.js HTTP/1.1" 200 510 "https://tripperhub.com/index.php" "Mozilla/5.0 (Linux; Android 6.0.1; Nexus 5X Build/MMB29P) AppleWebKit/537.36 (KHTML, like Gecko) Chrome/94.0.4606.81 Mobile Safari/537.36 (compatible; Googlebot/2.1; +http://www.google.com/bot.html)"
66.249.79.32 - - [22/Oct/2021:15:20:37 +0000] "GET /js/custom-countdown.js HTTP/1.1" 200 533 "https://tripperhub.com/index.php" "Mozilla/5.0 (Linux; Android 6.0.1; Nexus 5X Build/MMB29P) AppleWebKit/537.36 (KHTML, like Gecko) Chrome/94.0.4606.81 Mobile Safari/537.36 (compatible; Googlebot/2.1; +http://www.google.com/bot.html)"
157.90.209.83 - - [22/Oct/2021:15:20:46 +0000] "GET /package-details.php?url=DubaiDelightTour HTTP/1.1" 200 10086 "-" "Mozilla/5.0 (compatible; BLEXBot/1.0; +http://webmeup-crawler.com/)"
157.90.209.83 - - [22/Oct/2021:15:20:49 +0000] "GET /package-details.php?url=ExcitingMalaysia HTTP/1.1" 200 9543 "-" "Mozilla/5.0 (compatible; BLEXBot/1.0; +http://webmeup-crawler.com/)"
157.90.209.83 - - [22/Oct/2021:15:20:54 +0000] "GET /package-details.php?url=ExcitingSingaporeTour HTTP/1.1" 200 9878 "-" "Mozilla/5.0 (compatible; BLEXBot/1.0; +http://webmeup-crawler.com/)"
157.90.209.83 - - [22/Oct/2021:15:20:56 +0000] "GET /package-details.php?url=ExcitingUAE HTTP/1.1" 200 10190 "-" "Mozilla/5.0 (compatible; BLEXBot/1.0; +http://webmeup-crawler.com/)"
157.90.209.83 - - [22/Oct/2021:15:20:58 +0000] "GET /package-details.php?url=ExperienceThailand HTTP/1.1" 200 10157 "-" "Mozilla/5.0 (compatible; BLEXBot/1.0; +http://webmeup-crawler.com/)"
157.90.209.83 - - [22/Oct/2021:15:20:59 +0000] "GET /package-details.php?url=GARHWALKUMAONTRIP HTTP/1.1" 200 12578 "-" "Mozilla/5.0 (compatible; BLEXBot/1.0; +http://webmeup-crawler.com/)"
157.90.209.83 - - [22/Oct/2021:15:21:01 +0000] "GET /package-details.php?url=GOLDENBEACHESOFGOATOUR HTTP/1.1" 200 9666 "-" "Mozilla/5.0 (compatible; BLEXBot/1.0; +http://webmeup-crawler.com/)"
157.90.209.83 - - [22/Oct/2021:15:21:04 +0000] "GET /package-details.php?url=GOLDENTRIANGLEWITHGOATOUR HTTP/1.1" 200 10456 "-" "Mozilla/5.0 (compatible; BLEXBot/1.0; +http://webmeup-crawler.com/)"
157.90.209.83 - - [22/Oct/2021:15:21:06 +0000] "GET /package-details.php?url=HIMACHALHONEYMOONPACKAGE HTTP/1.1" 200 9980 "-" "Mozilla/5.0 (compatible; BLEXBot/1.0; +http://webmeup-crawler.com/)"
157.90.209.83 - - [22/Oct/2021:15:21:10 +0000] "GET /package-details.php?url=HIMACHALTOURPACKAGE HTTP/1.1" 200 9862 "-" "Mozilla/5.0 (compatible; BLEXBot/1.0; +http://webmeup-crawler.com/)"
157.90.209.83 - - [22/Oct/2021:15:21:13 +0000] "GET /package-details.php?url=HIMACHALWITHGOLDENTEMPLE HTTP/1.1" 200 10153 "-" "Mozilla/5.0 (compatible; BLEXBot/1.0; +http://webmeup-crawler.com/)"
157.90.209.83 - - [22/Oct/2021:15:21:15 +0000] "GET /package-details.php?url=HOUSEBOATHONEYMOONTOUR HTTP/1.1" 200 9541 "-" "Mozilla/5.0 (compatible; BLEXBot/1.0; +http://webmeup-crawler.com/)"
157.90.209.83 - - [22/Oct/2021:15:21:18 +0000] "GET /package-details.php?url=HoneymooninBali HTTP/1.1" 200 10210 "-" "Mozilla/5.0 (compatible; BLEXBot/1.0; +http://webmeup-crawler.com/)"
157.90.209.83 - - [22/Oct/2021:15:21:20 +0000] "GET /package-details.php?url=JAIPURPUSHKARWEEKENDTOUR HTTP/1.1" 200 8787 "-" "Mozilla/5.0 (compatible; BLEXBot/1.0; +http://webmeup-crawler.com/)"
157.90.209.83 - - [22/Oct/2021:15:21:22 +0000] "GET /package-details.php?url=JAIPURRANTHAMBOREWEEKENDTOUR HTTP/1.1" 200 8860 "-" "Mozilla/5.0 (compatible; BLEXBot/1.0; +http://webmeup-crawler.com/)"
157.90.209.83 - - [22/Oct/2021:15:21:25 +0000] "GET /package-details.php?url=JAIPURTOURPACKAGE HTTP/1.1" 200 8645 "-" "Mozilla/5.0 (compatible; BLEXBot/1.0; +http://webmeup-crawler.com/)"
157.90.209.83 - - [22/Oct/2021:15:21:26 +0000] "GET /package-details.php?url=JEWELLSOFKASHMIR HTTP/1.1" 200 10325 "-" "Mozilla/5.0 (compatible; BLEXBot/1.0; +http://webmeup-crawler.com/)"
157.90.209.83 - - [22/Oct/2021:15:21:29 +0000] "GET /package-details.php?url=JODHPURJAISALMERWEEKENDTOUR HTTP/1.1" 200 8495 "-" "Mozilla/5.0 (compatible; BLEXBot/1.0; +http://webmeup-crawler.com/)"
157.90.209.83 - - [22/Oct/2021:15:21:31 +0000] "GET /package-details.php?url=KASHMIRHONEYMOONTOUR HTTP/1.1" 200 9661 "-" "Mozilla/5.0 (compatible; BLEXBot/1.0; +http://webmeup-crawler.com/)"
157.90.209.83 - - [22/Oct/2021:15:21:33 +0000] "GET /package-details.php?url=KASHMIRHOUSEBOATPACKAGEWITHSONMARG HTTP/1.1" 200 10031 "-" "Mozilla/5.0 (compatible; BLEXBot/1.0; +http://webmeup-crawler.com/)"
157.90.209.83 - - [22/Oct/2021:15:21:35 +0000] "GET /package-details.php?url=KASHMIRHOUSEBOATTOURWITHGULMARG HTTP/1.1" 200 10064 "-" "Mozilla/5.0 (compatible; BLEXBot/1.0; +http://webmeup-crawler.com/)"
157.90.209.83 - - [22/Oct/2021:15:21:37 +0000] "GET /package-details.php?url=KASHMIRHOUSEBOATTOURWITHGULMARGANDPAHALGAM HTTP/1.1" 200 10354 "-" "Mozilla/5.0 (compatible; BLEXBot/1.0; +http://webmeup-crawler.com/)"
157.90.209.83 - - [22/Oct/2021:15:21:40 +0000] "GET /package-details.php?url=KASHMIRHOUSEBOATTOURWITHGULMARGANDSONMARG HTTP/1.1" 200 10155 "-" "Mozilla/5.0 (compatible; BLEXBot/1.0; +http://webmeup-crawler.com/)"
157.90.209.83 - - [22/Oct/2021:15:21:42 +0000] "GET /package-details.php?url=KASHMIRHOUSEBOATTOURWITHPAHALGAM HTTP/1.1" 200 10116 "-" "Mozilla/5.0 (compatible; BLEXBot/1.0; +http://webmeup-crawler.com/)"
157.90.209.83 - - [22/Oct/2021:15:21:44 +0000] "GET /package-details.php?url=KASHMIRHOUSEBOATTOURWITHSONMARGANDPAHALGAM HTTP/1.1" 200 10549 "-" "Mozilla/5.0 (compatible; BLEXBot/1.0; +http://webmeup-crawler.com/)"
157.90.209.83 - - [22/Oct/2021:15:21:45 +0000] "GET /package-details.php?url=KAZIRANGAWITHMEGHALAYA HTTP/1.1" 200 10859 "-" "Mozilla/5.0 (compatible; BLEXBot/1.0; +http://webmeup-crawler.com/)"
157.90.209.83 - - [22/Oct/2021:15:21:48 +0000] "GET /package-details.php?url=KERALAHONEYMOONTOUR HTTP/1.1" 200 11208 "-" "Mozilla/5.0 (compatible; BLEXBot/1.0; +http://webmeup-crawler.com/)"
157.90.209.83 - - [22/Oct/2021:15:21:50 +0000] "GET /package-details.php?url=KOLLAMKOVALAMHONEYMOONTOUR HTTP/1.1" 200 9671 "-" "Mozilla/5.0 (compatible; BLEXBot/1.0; +http://webmeup-crawler.com/)"
157.90.209.83 - - [22/Oct/2021:15:21:52 +0000] "GET /package-details.php?url=KOVALAMANDKANYAKUMARIHONEYMOONTOUR HTTP/1.1" 200 10021 "-" "Mozilla/5.0 (compatible; BLEXBot/1.0; +http://webmeup-crawler.com/)"
157.90.209.83 - - [22/Oct/2021:15:21:55 +0000] "GET /package-details.php?url=KOVALAMMUNNARHONEYMOONTOUR HTTP/1.1" 200 10630 "-" "Mozilla/5.0 (compatible; BLEXBot/1.0; +http://webmeup-crawler.com/)"
157.90.209.83 - - [22/Oct/2021:15:21:57 +0000] "GET /package-details.php?url=KULLUMANALIVOLVOTOUR HTTP/1.1" 200 9495 "-" "Mozilla/5.0 (compatible; BLEXBot/1.0; +http://webmeup-crawler.com/)"
157.90.209.83 - - [22/Oct/2021:15:22:00 +0000] "GET /package-details.php?url=KohSamuiEasy HTTP/1.1" 200 8919 "-" "Mozilla/5.0 (compatible; BLEXBot/1.0; +http://webmeup-crawler.com/)"
157.90.209.83 - - [22/Oct/2021:15:22:05 +0000] "GET /package-details.php?url=KrabiEasy HTTP/1.1" 200 9609 "-" "Mozilla/5.0 (compatible; BLEXBot/1.0; +http://webmeup-crawler.com/)"
157.90.209.83 - - [22/Oct/2021:15:22:07 +0000] "GET /package-details.php?url=KualaLumpurCityBreak HTTP/1.1" 200 9048 "-" "Mozilla/5.0 (compatible; BLEXBot/1.0; +http://webmeup-crawler.com/)"
157.90.209.83 - - [22/Oct/2021:15:22:12 +0000] "GET /package-details.php?url=MAGICALKASHMIR HTTP/1.1" 200 11199 "-" "Mozilla/5.0 (compatible; BLEXBot/1.0; +http://webmeup-crawler.com/)"
157.90.209.83 - - [22/Oct/2021:15:22:14 +0000] "GET /package-details.php?url=MAGNIFICIENTBALI HTTP/1.1" 200 10197 "-" "Mozilla/5.0 (compatible; BLEXBot/1.0; +http://webmeup-crawler.com/)"
157.90.209.83 - - [22/Oct/2021:15:22:18 +0000] "GET /package-details.php?url=MANALIHONEYMOONVOLVOTOUR HTTP/1.1" 200 9593 "-" "Mozilla/5.0 (compatible; BLEXBot/1.0; +http://webmeup-crawler.com/)"
157.90.209.83 - - [22/Oct/2021:15:22:23 +0000] "GET /package-details.php?url=MATHURAANDVRINDAVANPACKAGEWEEKENDTOUR HTTP/1.1" 200 8428 "-" "Mozilla/5.0 (compatible; BLEXBot/1.0; +http://webmeup-crawler.com/)"
157.90.209.83 - - [22/Oct/2021:15:22:24 +0000] "GET /package-details.php?url=MOUNTAINMAGICINKAUSANI HTTP/1.1" 200 8869 "-" "Mozilla/5.0 (compatible; BLEXBot/1.0; +http://webmeup-crawler.com/)"
157.90.209.83 - - [22/Oct/2021:15:22:26 +0000] "GET /package-details.php?url=MUMBAIGOABEACHESTOUR HTTP/1.1" 200 10197 "-" "Mozilla/5.0 (compatible; BLEXBot/1.0; +http://webmeup-crawler.com/)"
157.90.209.83 - - [22/Oct/2021:15:22:28 +0000] "GET /package-details.php?url=MUNNARHONEYMOONTOUR HTTP/1.1" 200 9796 "-" "Mozilla/5.0 (compatible; BLEXBot/1.0; +http://webmeup-crawler.com/)"
157.90.209.83 - - [22/Oct/2021:15:22:32 +0000] "GET /package-details.php?url=Malaysia-TrulyAsia HTTP/1.1" 200 9184 "-" "Mozilla/5.0 (compatible; BLEXBot/1.0; +http://webmeup-crawler.com/)"
157.90.209.83 - - [22/Oct/2021:15:22:34 +0000] "GET /package-details.php?url=MalaysiaWildlifeTour HTTP/1.1" 200 9794 "-" "Mozilla/5.0 (compatible; BLEXBot/1.0; +http://webmeup-crawler.com/)"
157.90.209.83 - - [22/Oct/2021:15:22:37 +0000] "GET /package-details.php?url=MesmerizingMalaysia HTTP/1.1" 200 9797 "-" "Mozilla/5.0 (compatible; BLEXBot/1.0; +http://webmeup-crawler.com/)"
157.90.209.83 - - [22/Oct/2021:15:22:38 +0000] "GET /package-details.php?url=NATURALNAINITAL HTTP/1.1" 200 8477 "-" "Mozilla/5.0 (compatible; BLEXBot/1.0; +http://webmeup-crawler.com/)"
157.90.209.83 - - [22/Oct/2021:15:22:40 +0000] "GET /package-details.php?url=PattayaEasy HTTP/1.1" 200 9613 "-" "Mozilla/5.0 (compatible; BLEXBot/1.0; +http://webmeup-crawler.com/)"
157.90.209.83 - - [22/Oct/2021:15:22:42 +0000] "GET /package-details.php?url=PenangCityTourwithKualaLumpur HTTP/1.1" 200 9015 "-" "Mozilla/5.0 (compatible; BLEXBot/1.0; +http://webmeup-crawler.com/)"
157.90.209.83 - - [22/Oct/2021:15:22:44 +0000] "GET /package-details.php?url=PhuketEasy HTTP/1.1" 200 9006 "-" "Mozilla/5.0 (compatible; BLEXBot/1.0; +http://webmeup-crawler.com/)"
157.90.209.83 - - [22/Oct/2021:15:22:46 +0000] "GET /package-details.php?url=RAJASTHANADVENTURETOUR HTTP/1.1" 200 9512 "-" "Mozilla/5.0 (compatible; BLEXBot/1.0; +http://webmeup-crawler.com/)"
157.90.209.83 - - [22/Oct/2021:15:22:48 +0000] "GET /package-details.php?url=RANTHAMBORETOURPACKAGE HTTP/1.1" 200 8759 "-" "Mozilla/5.0 (compatible; BLEXBot/1.0; +http://webmeup-crawler.com/)"
157.90.209.83 - - [22/Oct/2021:15:22:51 +0000] "GET /package-details.php?url=ROMANTICGETAWAYTOKASHMIR HTTP/1.1" 200 9609 "-" "Mozilla/5.0 (compatible; BLEXBot/1.0; +http://webmeup-crawler.com/)"
157.90.209.83 - - [22/Oct/2021:15:22:52 +0000] "GET /package-details.php?url=SHIMLAHONEYMOONBYCAR HTTP/1.1" 200 9588 "-" "Mozilla/5.0 (compatible; BLEXBot/1.0; +http://webmeup-crawler.com/)"
157.90.209.83 - - [22/Oct/2021:15:22:57 +0000] "GET /package-details.php?url=SHIMLAKULLUMANALICARTOUR HTTP/1.1" 200 9516 "-" "Mozilla/5.0 (compatible; BLEXBot/1.0; +http://webmeup-crawler.com/)"
157.90.209.83 - - [22/Oct/2021:15:23:00 +0000] "GET /package-details.php?url=SHIMLAKULLUMANALIVOLVO HTTP/1.1" 200 9628 "-" "Mozilla/5.0 (compatible; BLEXBot/1.0; +http://webmeup-crawler.com/)"
157.90.209.83 - - [22/Oct/2021:15:23:03 +0000] "GET /package-details.php?url=SHIMLAMANALIHONEYMOONTOUR HTTP/1.1" 200 9677 "-" "Mozilla/5.0 (compatible; BLEXBot/1.0; +http://webmeup-crawler.com/)"
157.90.209.83 - - [22/Oct/2021:15:23:04 +0000] "GET /package-details.php?url=SHIMLAMANALIWITHCHANDIGARH HTTP/1.1" 200 9348 "-" "Mozilla/5.0 (compatible; BLEXBot/1.0; +http://webmeup-crawler.com/)"
157.90.209.83 - - [22/Oct/2021:15:23:06 +0000] "GET /package-details.php?url=SHIMLAVOLVOTOURPACKAGE HTTP/1.1" 200 8524 "-" "Mozilla/5.0 (compatible; BLEXBot/1.0; +http://webmeup-crawler.com/)"
157.90.209.83 - - [22/Oct/2021:15:23:08 +0000] "GET /package-details.php?url=SIGHTSOFASSAM HTTP/1.1" 200 11453 "-" "Mozilla/5.0 (compatible; BLEXBot/1.0; +http://webmeup-crawler.com/)"
157.90.209.83 - - [22/Oct/2021:15:23:10 +0000] "GET /package-details.php?url=SPLENDORSOFNORTHEAST HTTP/1.1" 200 10686 "-" "Mozilla/5.0 (compatible; BLEXBot/1.0; +http://webmeup-crawler.com/)"
157.90.209.83 - - [22/Oct/2021:15:23:12 +0000] "GET /package-details.php?url=SimplyDubaiTour HTTP/1.1" 200 9526 "-" "Mozilla/5.0 (compatible; BLEXBot/1.0; +http://webmeup-crawler.com/)"
157.90.209.83 - - [22/Oct/2021:15:23:14 +0000] "GET /package-details.php?url=SimplySingaporeTour HTTP/1.1" 200 9593 "-" "Mozilla/5.0 (compatible; BLEXBot/1.0; +http://webmeup-crawler.com/)"
157.90.209.83 - - [22/Oct/2021:15:23:16 +0000] "GET /package-details.php?url=SingaporeSuperSaverFamilyTour HTTP/1.1" 200 9921 "-" "Mozilla/5.0 (compatible; BLEXBot/1.0; +http://webmeup-crawler.com/)"
157.90.209.83 - - [22/Oct/2021:15:23:17 +0000] "GET /package-details.php?url=TAWANGEXCURSIONTOURPACKAGE HTTP/1.1" 200 11521 "-" "Mozilla/5.0 (compatible; BLEXBot/1.0; +http://webmeup-crawler.com/)"
157.90.209.83 - - [22/Oct/2021:15:23:19 +0000] "GET /package-details.php?url=ThailandHoneymoonTour HTTP/1.1" 200 9903 "-" "Mozilla/5.0 (compatible; BLEXBot/1.0; +http://webmeup-crawler.com/)"
157.90.209.83 - - [22/Oct/2021:15:23:21 +0000] "GET /package-details.php?url=TheHillTriangle HTTP/1.1" 200 9724 "-" "Mozilla/5.0 (compatible; BLEXBot/1.0; +http://webmeup-crawler.com/)"
157.90.209.83 - - [22/Oct/2021:15:23:36 +0000] "GET /package-details.php?url=ThePicturesqueSikkimTour HTTP/1.1" 200 9799 "-" "Mozilla/5.0 (compatible; BLEXBot/1.0; +http://webmeup-crawler.com/)"
157.90.209.83 - - [22/Oct/2021:15:23:40 +0000] "GET /package-details.php?url=UDAIPURJAIPURTOUR5DAYS HTTP/1.1" 200 8827 "-" "Mozilla/5.0 (compatible; BLEXBot/1.0; +http://webmeup-crawler.com/)"
157.90.209.83 - - [22/Oct/2021:15:23:42 +0000] "GET /package-details.php?url=UDAIPURJODHPURWEEKENDTOUR HTTP/1.1" 200 8926 "-" "Mozilla/5.0 (compatible; BLEXBot/1.0; +http://webmeup-crawler.com/)"
157.90.209.83 - - [22/Oct/2021:15:23:47 +0000] "GET /package-details.php?url=UDAIPURMOUNTABUWEEKENDTOUR HTTP/1.1" 200 8758 "-" "Mozilla/5.0 (compatible; BLEXBot/1.0; +http://webmeup-crawler.com/)"
157.90.209.83 - - [22/Oct/2021:15:23:52 +0000] "GET /package-details.php?url=UnexploredSingapore HTTP/1.1" 200 9995 "-" "Mozilla/5.0 (compatible; BLEXBot/1.0; +http://webmeup-crawler.com/)"
157.90.209.83 - - [22/Oct/2021:15:23:59 +0000] "GET /package-details.php?url=VAGAMONHONEYMOONTOUR HTTP/1.1" 200 9937 "-" "Mozilla/5.0 (compatible; BLEXBot/1.0; +http://webmeup-crawler.com/)"
157.90.209.83 - - [22/Oct/2021:15:24:00 +0000] "GET /packages.php?url=Bali HTTP/1.1" 200 5748 "-" "Mozilla/5.0 (compatible; BLEXBot/1.0; +http://webmeup-crawler.com/)"
157.90.209.83 - - [22/Oct/2021:15:24:03 +0000] "GET /packages.php?url=Dubai HTTP/1.1" 200 6213 "-" "Mozilla/5.0 (compatible; BLEXBot/1.0; +http://webmeup-crawler.com/)"
157.90.209.83 - - [22/Oct/2021:15:24:06 +0000] "GET /packages.php?url=Goa HTTP/1.1" 200 6182 "-" "Mozilla/5.0 (compatible; BLEXBot/1.0; +http://webmeup-crawler.com/)"
66.249.79.38 - - [22/Oct/2021:15:24:07 +0000] "GET /package-details.php?url=KOVALAMANDKANYAKUMARIHONEYMOONTOUR HTTP/1.1" 200 10021 "-" "Mozilla/5.0 (Linux; Android 6.0.1; Nexus 5X Build/MMB29P) AppleWebKit/537.36 (KHTML, like Gecko) Chrome/94.0.4606.81 Mobile Safari/537.36 (compatible; Googlebot/2.1; +http://www.google.com/bot.html)"
157.90.209.83 - - [22/Oct/2021:15:24:13 +0000] "GET /packages.php?url=HimachalPradesh HTTP/1.1" 200 6716 "-" "Mozilla/5.0 (compatible; BLEXBot/1.0; +http://webmeup-crawler.com/)"
157.90.209.83 - - [22/Oct/2021:15:24:17 +0000] "GET /packages.php?url=Indonesia HTTP/1.1" 200 6265 "-" "Mozilla/5.0 (compatible; BLEXBot/1.0; +http://webmeup-crawler.com/)"
157.90.209.83 - - [22/Oct/2021:15:24:26 +0000] "GET /packages.php?url=Kashmir HTTP/1.1" 200 6780 "-" "Mozilla/5.0 (compatible; BLEXBot/1.0; +http://webmeup-crawler.com/)"
157.90.209.83 - - [22/Oct/2021:15:24:28 +0000] "GET /packages.php?url=Kerala HTTP/1.1" 200 6633 "-" "Mozilla/5.0 (compatible; BLEXBot/1.0; +http://webmeup-crawler.com/)"
157.90.209.83 - - [22/Oct/2021:15:24:29 +0000] "GET /packages.php?url=Malaysia HTTP/1.1" 200 6291 "-" "Mozilla/5.0 (compatible; BLEXBot/1.0; +http://webmeup-crawler.com/)"
157.90.209.83 - - [22/Oct/2021:15:24:31 +0000] "GET /packages.php?url=NorthEast HTTP/1.1" 200 6494 "-" "Mozilla/5.0 (compatible; BLEXBot/1.0; +http://webmeup-crawler.com/)"
157.90.209.83 - - [22/Oct/2021:15:24:35 +0000] "GET /packages.php?url=Rajasthan HTTP/1.1" 200 7314 "-" "Mozilla/5.0 (compatible; BLEXBot/1.0; +http://webmeup-crawler.com/)"
157.90.209.83 - - [22/Oct/2021:15:24:42 +0000] "GET /packages.php?url=Singapore HTTP/1.1" 200 6211 "-" "Mozilla/5.0 (compatible; BLEXBot/1.0; +http://webmeup-crawler.com/)"
157.90.209.83 - - [22/Oct/2021:15:24:48 +0000] "GET /packages.php?url=Thailand HTTP/1.1" 200 6382 "-" "Mozilla/5.0 (compatible; BLEXBot/1.0; +http://webmeup-crawler.com/)"
157.90.209.83 - - [22/Oct/2021:15:24:52 +0000] "GET /packages.php?url=Uttarakhand HTTP/1.1" 200 6228 "-" "Mozilla/5.0 (compatible; BLEXBot/1.0; +http://webmeup-crawler.com/)"
66.249.79.38 - - [22/Oct/2021:15:29:50 +0000] "GET /package-details.php?url=SingaporeSuperSaverFamilyTour HTTP/1.1" 200 9921 "-" "Mozilla/5.0 (compatible; Googlebot/2.1; +http://www.google.com/bot.html)"
66.249.79.38 - - [22/Oct/2021:15:29:54 +0000] "GET /css/bootstrap.min.css HTTP/1.1" 200 19756 "https://tripperhub.com/package-details.php?url=SingaporeSuperSaverFamilyTour" "Mozilla/5.0 AppleWebKit/537.36 (KHTML, like Gecko; compatible; Googlebot/2.1; +http://www.google.com/bot.html) Chrome/94.0.4606.81 Safari/537.36"
66.249.79.32 - - [22/Oct/2021:15:40:08 +0000] "GET /package-details.php?url=SIGHTSOFASSAM HTTP/1.1" 200 11453 "-" "Mozilla/5.0 (Linux; Android 6.0.1; Nexus 5X Build/MMB29P) AppleWebKit/537.36 (KHTML, like Gecko) Chrome/94.0.4606.81 Mobile Safari/537.36 (compatible; Googlebot/2.1; +http://www.google.com/bot.html)"
66.249.79.38 - - [22/Oct/2021:15:40:08 +0000] "GET /robots.txt HTTP/1.1" 404 56174 "-" "Mozilla/5.0 (compatible; Googlebot/2.1; +http://www.google.com/bot.html)"
66.249.79.44 - - [22/Oct/2021:15:40:10 +0000] "GET /package-details.php?url=GOLDENBEACHESOFGOATOUR HTTP/1.1" 200 9666 "-" "Mozilla/5.0 (Linux; Android 6.0.1; Nexus 5X Build/MMB29P) AppleWebKit/537.36 (KHTML, like Gecko) Chrome/94.0.4606.81 Mobile Safari/537.36 (compatible; Googlebot/2.1; +http://www.google.com/bot.html)"
66.249.79.32 - - [22/Oct/2021:15:41:16 +0000] "GET /package-details.php?url=GARHWALKUMAONTRIP HTTP/1.1" 200 12578 "-" "Mozilla/5.0 (compatible; Googlebot/2.1; +http://www.google.com/bot.html)"
66.249.79.38 - - [22/Oct/2021:15:49:50 +0000] "GET /package-details.php?url=ClassicalBali HTTP/1.1" 200 9927 "-" "Mozilla/5.0 (compatible; Googlebot/2.1; +http://www.google.com/bot.html)"
66.249.79.44 - - [22/Oct/2021:15:55:16 +0000] "GET /package-details.php?url=KASHMIRHONEYMOONTOUR HTTP/1.1" 200 9661 "-" "Mozilla/5.0 (Linux; Android 6.0.1; Nexus 5X Build/MMB29P) AppleWebKit/537.36 (KHTML, like Gecko) Chrome/94.0.4606.81 Mobile Safari/537.36 (compatible; Googlebot/2.1; +http://www.google.com/bot.html)"
66.249.79.32 - - [22/Oct/2021:15:57:50 +0000] "GET /package-details.php?url=BaliEasyTour HTTP/1.1" 200 9632 "-" "Mozilla/5.0 (compatible; Googlebot/2.1; +http://www.google.com/bot.html)"
66.249.79.32 - - [22/Oct/2021:16:02:58 +0000] "GET /package-details.php?url=AmazingDubaiTour HTTP/1.1" 200 10391 "-" "Mozilla/5.0 (compatible; Googlebot/2.1; +http://www.google.com/bot.html)"
66.249.79.44 - - [22/Oct/2021:16:05:32 +0000] "GET /package-details.php?url=BestofSingaporeTour HTTP/1.1" 200 10158 "-" "Mozilla/5.0 (compatible; Googlebot/2.1; +http://www.google.com/bot.html)"
66.249.79.38 - - [22/Oct/2021:16:08:07 +0000] "GET /contents.php?url=Terms-of-Service HTTP/1.1" 200 8790 "-" "Mozilla/5.0 (Linux; Android 6.0.1; Nexus 5X Build/MMB29P) AppleWebKit/537.36 (KHTML, like Gecko) Chrome/94.0.4606.81 Mobile Safari/537.36 (compatible; Googlebot/2.1; +http://www.google.com/bot.html)"
66.249.79.44 - - [22/Oct/2021:16:10:41 +0000] "GET /packages.php?url=Dubai HTTP/1.1" 200 6213 "-" "Mozilla/5.0 (Linux; Android 6.0.1; Nexus 5X Build/MMB29P) AppleWebKit/537.36 (KHTML, like Gecko) Chrome/94.0.4606.81 Mobile Safari/537.36 (compatible; Googlebot/2.1; +http://www.google.com/bot.html)"
66.249.79.32 - - [22/Oct/2021:16:10:44 +0000] "GET /font/flaticon.css HTTP/1.1" 200 553 "https://tripperhub.com/packages.php?url=Dubai" "Mozilla/5.0 (Linux; Android 6.0.1; Nexus 5X Build/MMB29P) AppleWebKit/537.36 (KHTML, like Gecko) Chrome/94.0.4606.81 Mobile Safari/537.36 (compatible; Googlebot/2.1; +http://www.google.com/bot.html)"
66.249.79.32 - - [22/Oct/2021:16:10:44 +0000] "GET /js/main.js HTTP/1.1" 200 2508 "https://tripperhub.com/packages.php?url=Dubai" "Mozilla/5.0 (Linux; Android 6.0.1; Nexus 5X Build/MMB29P) AppleWebKit/537.36 (KHTML, like Gecko) Chrome/94.0.4606.81 Mobile Safari/537.36 (compatible; Googlebot/2.1; +http://www.google.com/bot.html)"
66.249.79.38 - - [22/Oct/2021:16:10:46 +0000] "GET /js/preloader.js HTTP/1.1" 200 298 "https://tripperhub.com/packages.php?url=Dubai" "Mozilla/5.0 (Linux; Android 6.0.1; Nexus 5X Build/MMB29P) AppleWebKit/537.36 (KHTML, like Gecko) Chrome/94.0.4606.81 Mobile Safari/537.36 (compatible; Googlebot/2.1; +http://www.google.com/bot.html)"
66.249.79.32 - - [22/Oct/2021:16:15:49 +0000] "GET /package-details.php?url=JODHPURJAISALMERWEEKENDTOUR HTTP/1.1" 200 8495 "-" "Mozilla/5.0 (Linux; Android 6.0.1; Nexus 5X Build/MMB29P) AppleWebKit/537.36 (KHTML, like Gecko) Chrome/94.0.4606.81 Mobile Safari/537.36 (compatible; Googlebot/2.1; +http://www.google.com/bot.html)"
18.192.36.99 - - [22/Oct/2021:16:18:21 +0000] "GET /.well-known/acme-challenge/PinnXPNVWtstXVoyUf554HAjak0BQrxUZo8Fs9Jj69A HTTP/1.1" 404 196 "-" "Mozilla/5.0 (compatible; Let's Encrypt validation server; +https://www.letsencrypt.org)"
52.39.4.59 - - [22/Oct/2021:16:18:21 +0000] "GET /.well-known/acme-challenge/PinnXPNVWtstXVoyUf554HAjak0BQrxUZo8Fs9Jj69A HTTP/1.1" 404 196 "-" "Mozilla/5.0 (compatible; Let's Encrypt validation server; +https://www.letsencrypt.org)"
18.116.86.117 - - [22/Oct/2021:16:18:21 +0000] "GET /.well-known/acme-challenge/PinnXPNVWtstXVoyUf554HAjak0BQrxUZo8Fs9Jj69A HTTP/1.1" 404 196 "-" "Mozilla/5.0 (compatible; Let's Encrypt validation server; +https://www.letsencrypt.org)"
64.78.149.164 - - [22/Oct/2021:16:18:21 +0000] "GET /.well-known/acme-challenge/PinnXPNVWtstXVoyUf554HAjak0BQrxUZo8Fs9Jj69A HTTP/1.1" 404 196 "-" "Mozilla/5.0 (compatible; Let's Encrypt validation server; +https://www.letsencrypt.org)"
66.249.79.32 - - [22/Oct/2021:16:18:23 +0000] "GET /package-details.php?url=PattayaEasy HTTP/1.1" 200 9613 "-" "Mozilla/5.0 (compatible; Googlebot/2.1; +http://www.google.com/bot.html)"
66.249.79.38 - - [22/Oct/2021:16:18:26 +0000] "GET /js/tabs.js HTTP/1.1" 200 88 "https://tripperhub.com/package-details.php?url=PattayaEasy" "Mozilla/5.0 AppleWebKit/537.36 (KHTML, like Gecko; compatible; Googlebot/2.1; +http://www.google.com/bot.html) Chrome/94.0.4606.81 Safari/537.36"
66.249.79.32 - - [22/Oct/2021:16:20:57 +0000] "GET /package-details.php?url=KOVALAMANDKANYAKUMARIHONEYMOONTOUR HTTP/1.1" 200 10021 "-" "Mozilla/5.0 (compatible; Googlebot/2.1; +http://www.google.com/bot.html)"
66.249.79.44 - - [22/Oct/2021:16:26:06 +0000] "GET /package-details.php?url=VAGAMONHONEYMOONTOUR HTTP/1.1" 200 9937 "-" "Mozilla/5.0 (Linux; Android 6.0.1; Nexus 5X Build/MMB29P) AppleWebKit/537.36 (KHTML, like Gecko) Chrome/94.0.4606.81 Mobile Safari/537.36 (compatible; Googlebot/2.1; +http://www.google.com/bot.html)"
66.249.79.38 - - [22/Oct/2021:16:28:39 +0000] "GET /package-details.php?url=VAGAMONHONEYMOONTOUR HTTP/1.1" 200 9937 "-" "Mozilla/5.0 (compatible; Googlebot/2.1; +http://www.google.com/bot.html)"
66.249.79.38 - - [22/Oct/2021:16:31:14 +0000] "GET /package-details.php?url=DELHIAGRAJAIPUR12DAYSTOUR HTTP/1.1" 200 9875 "-" "Mozilla/5.0 (Linux; Android 6.0.1; Nexus 5X Build/MMB29P) AppleWebKit/537.36 (KHTML, like Gecko) Chrome/94.0.4606.81 Mobile Safari/537.36 (compatible; Googlebot/2.1; +http://www.google.com/bot.html)"
66.249.79.38 - - [22/Oct/2021:16:33:48 +0000] "GET /package-details.php?url=BESTOFKASHMIRTOURPACKAGE HTTP/1.1" 200 10209 "-" "Mozilla/5.0 (Linux; Android 6.0.1; Nexus 5X Build/MMB29P) AppleWebKit/537.36 (KHTML, like Gecko) Chrome/94.0.4606.81 Mobile Safari/537.36 (compatible; Googlebot/2.1; +http://www.google.com/bot.html)"
66.249.79.38 - - [22/Oct/2021:16:36:22 +0000] "GET /package-details.php?url=SimplySingaporeTour HTTP/1.1" 200 9593 "-" "Mozilla/5.0 (compatible; Googlebot/2.1; +http://www.google.com/bot.html)"
66.249.79.38 - - [22/Oct/2021:16:36:55 +0000] "GET /contact-us.php HTTP/1.1" 200 4270 "-" "Mozilla/5.0 (Linux; Android 6.0.1; Nexus 5X Build/MMB29P) AppleWebKit/537.36 (KHTML, like Gecko) Chrome/94.0.4606.81 Mobile Safari/537.36 (compatible; Googlebot/2.1; +http://www.google.com/bot.html)"
66.249.79.44 - - [22/Oct/2021:16:41:30 +0000] "GET /package-details.php?url=KAZIRANGAWITHMEGHALAYA HTTP/1.1" 200 10859 "-" "Mozilla/5.0 (compatible; Googlebot/2.1; +http://www.google.com/bot.html)"
66.249.79.38 - - [22/Oct/2021:16:44:04 +0000] "GET /package-details.php?url=DELHINAINITALTOUR HTTP/1.1" 200 8326 "-" "Mozilla/5.0 (compatible; Googlebot/2.1; +http://www.google.com/bot.html)"
66.249.79.44 - - [22/Oct/2021:16:46:39 +0000] "GET /package-details.php?url=MesmerizingMalaysia HTTP/1.1" 200 9797 "-" "Mozilla/5.0 (compatible; Googlebot/2.1; +http://www.google.com/bot.html)"
66.249.79.32 - - [22/Oct/2021:16:49:13 +0000] "GET /package-details.php?url=NATURALNAINITAL HTTP/1.1" 200 8477 "-" "Mozilla/5.0 (Linux; Android 6.0.1; Nexus 5X Build/MMB29P) AppleWebKit/537.36 (KHTML, like Gecko) Chrome/94.0.4606.81 Mobile Safari/537.36 (compatible; Googlebot/2.1; +http://www.google.com/bot.html)"
66.249.79.44 - - [22/Oct/2021:17:06:16 +0000] "GET /package-details.php?url=SHIMLAVOLVOTOURPACKAGE HTTP/1.1" 200 8524 "-" "Mozilla/5.0 (Linux; Android 6.0.1; Nexus 5X Build/MMB29P) AppleWebKit/537.36 (KHTML, like Gecko) Chrome/94.0.4606.81 Mobile Safari/537.36 (compatible; Googlebot/2.1; +http://www.google.com/bot.html)"
3.120.130.29 - - [22/Oct/2021:17:18:20 +0000] "GET /.well-known/acme-challenge/ZhfpATeOshsc8rjJRY2bwCutM5gNxuLR57Ql3IP9iaI HTTP/1.1" 404 196 "-" "Mozilla/5.0 (compatible; Let's Encrypt validation server; +https://www.letsencrypt.org)"
3.19.56.43 - - [22/Oct/2021:17:18:20 +0000] "GET /.well-known/acme-challenge/ZhfpATeOshsc8rjJRY2bwCutM5gNxuLR57Ql3IP9iaI HTTP/1.1" 404 196 "-" "Mozilla/5.0 (compatible; Let's Encrypt validation server; +https://www.letsencrypt.org)"
34.221.255.206 - - [22/Oct/2021:17:18:20 +0000] "GET /.well-known/acme-challenge/ZhfpATeOshsc8rjJRY2bwCutM5gNxuLR57Ql3IP9iaI HTTP/1.1" 404 196 "-" "Mozilla/5.0 (compatible; Let's Encrypt validation server; +https://www.letsencrypt.org)"
64.78.149.164 - - [22/Oct/2021:17:18:20 +0000] "GET /.well-known/acme-challenge/ZhfpATeOshsc8rjJRY2bwCutM5gNxuLR57Ql3IP9iaI HTTP/1.1" 404 196 "-" "Mozilla/5.0 (compatible; Let's Encrypt validation server; +https://www.letsencrypt.org)"
35.85.65.197 - - [22/Oct/2021:17:43:11 +0000] "GET / HTTP/1.1" 301 231 "-" "Mozilla/5.0 (X11; Linux x86_64) AppleWebKit/537.36 (KHTML, like Gecko) Chrome/83.0.4103.97 Safari/537.36"
54.201.143.246 - - [22/Oct/2021:17:43:15 +0000] "GET / HTTP/1.1" 200 8821 "-" "Mozilla/5.0 (X11; Linux x86_64) AppleWebKit/537.36 (KHTML, like Gecko) Chrome/83.0.4103.97 Safari/537.36"
35.85.65.197 - - [22/Oct/2021:17:43:15 +0000] "GET / HTTP/1.1" 200 8821 "-" "Mozilla/5.0 (X11; Linux x86_64) AppleWebKit/537.36 (KHTML, like Gecko) Chrome/83.0.4103.97 Safari/537.36"
54.245.59.202 - - [22/Oct/2021:17:43:29 +0000] "GET /favicon.ico HTTP/1.1" 301 242 "-" "Mozilla/5.0 (X11; Linux x86_64) AppleWebKit/537.36 (KHTML, like Gecko) Chrome/83.0.4103.97 Safari/537.36"
54.191.104.209 - - [22/Oct/2021:17:43:33 +0000] "GET /favicon.ico HTTP/1.1" 404 56175 "-" "Mozilla/5.0 (X11; Linux x86_64) AppleWebKit/537.36 (KHTML, like Gecko) Chrome/83.0.4103.97 Safari/537.36"
54.245.59.202 - - [22/Oct/2021:17:43:34 +0000] "GET / HTTP/1.1" 301 231 "-" "Mozilla/5.0 (X11; Linux x86_64) AppleWebKit/537.36 (KHTML, like Gecko) Chrome/83.0.4103.97 Safari/537.36"
54.245.59.202 - - [22/Oct/2021:17:43:36 +0000] "GET / HTTP/1.1" 200 8821 "http://tripperhub.com" "Mozilla/5.0 (X11; Linux x86_64) AppleWebKit/537.36 (KHTML, like Gecko) Chrome/83.0.4103.97 Safari/537.36"
54.191.104.209 - - [22/Oct/2021:17:43:37 +0000] "GET / HTTP/1.1" 200 8821 "-" "Mozilla/5.0 (X11; Linux x86_64) AppleWebKit/537.36 (KHTML, like Gecko) Chrome/83.0.4103.97 Safari/537.36"
66.249.79.44 - - [22/Oct/2021:17:57:11 +0000] "GET /package-details.php?url=TAWANGEXCURSIONTOURPACKAGE HTTP/1.1" 200 11521 "-" "Mozilla/5.0 (Linux; Android 6.0.1; Nexus 5X Build/MMB29P) AppleWebKit/537.36 (KHTML, like Gecko) Chrome/94.0.4606.81 Mobile Safari/537.36 (compatible; Googlebot/2.1; +http://www.google.com/bot.html)"
3.120.130.29 - - [22/Oct/2021:18:18:22 +0000] "GET /.well-known/acme-challenge/A5bvMKskx31_19jLLc6n7BfEIvGah5lLDxGSPwMrMJc HTTP/1.1" 404 196 "-" "Mozilla/5.0 (compatible; Let's Encrypt validation server; +https://www.letsencrypt.org)"
52.39.4.59 - - [22/Oct/2021:18:18:22 +0000] "GET /.well-known/acme-challenge/A5bvMKskx31_19jLLc6n7BfEIvGah5lLDxGSPwMrMJc HTTP/1.1" 404 196 "-" "Mozilla/5.0 (compatible; Let's Encrypt validation server; +https://www.letsencrypt.org)"
18.116.86.117 - - [22/Oct/2021:18:18:22 +0000] "GET /.well-known/acme-challenge/A5bvMKskx31_19jLLc6n7BfEIvGah5lLDxGSPwMrMJc HTTP/1.1" 404 196 "-" "Mozilla/5.0 (compatible; Let's Encrypt validation server; +https://www.letsencrypt.org)"
64.78.149.164 - - [22/Oct/2021:18:18:23 +0000] "GET /.well-known/acme-challenge/A5bvMKskx31_19jLLc6n7BfEIvGah5lLDxGSPwMrMJc HTTP/1.1" 404 196 "-" "Mozilla/5.0 (compatible; Let's Encrypt validation server; +https://www.letsencrypt.org)"
66.228.47.158 - - [22/Oct/2021:18:33:27 +0000] "POST /upl.php HTTP/1.1" 301 238 "tripperhub.com" "Mozilla/5.1 (Windows NT 6.0; WOW64) AppleWebKit/533.36 (KHTML, like Gecko) Chrome/46.0.2754.75 Safari/533.36"
66.228.47.158 - - [22/Oct/2021:18:33:28 +0000] "GET /upl.php HTTP/1.1" 404 56171 "tripperhub.com" "Mozilla/5.1 (Windows NT 6.0; WOW64) AppleWebKit/533.36 (KHTML, like Gecko) Chrome/46.0.2754.75 Safari/533.36"
45.90.63.39 - - [22/Oct/2021:18:57:25 +0000] "GET / HTTP/1.1" 200 8821 "-" "Mozilla/5.0 (Windows NT 10.0; Win64; x64) AppleWebKit/537.36 (KHTML, like Gecko) Chrome/94.0.4606.61 Safari/537.36"
45.90.63.39 - - [22/Oct/2021:18:57:26 +0000] "GET /favicon.ico HTTP/1.1" 404 56175 "-" "Mozilla/5.0 (Windows NT 10.0; Win64; x64) AppleWebKit/537.36 (KHTML, like Gecko) Chrome/94.0.4606.61 Safari/537.36"
66.249.79.32 - - [22/Oct/2021:18:59:29 +0000] "GET /package-details.php?url=ClassicalBali HTTP/1.1" 200 9927 "-" "Mozilla/5.0 (Linux; Android 6.0.1; Nexus 5X Build/MMB29P) AppleWebKit/537.36 (KHTML, like Gecko) Chrome/94.0.4606.81 Mobile Safari/537.36 (compatible; Googlebot/2.1; +http://www.google.com/bot.html)"
34.219.87.132 - - [22/Oct/2021:19:18:30 +0000] "GET /.well-known/acme-challenge/tdWbOZ4JtTTszMq9AnkphsoYD2h3MWQrxumAska7Upg HTTP/1.1" 404 196 "-" "Mozilla/5.0 (compatible; Let's Encrypt validation server; +https://www.letsencrypt.org)"
3.120.130.29 - - [22/Oct/2021:19:18:30 +0000] "GET /.well-known/acme-challenge/tdWbOZ4JtTTszMq9AnkphsoYD2h3MWQrxumAska7Upg HTTP/1.1" 404 196 "-" "Mozilla/5.0 (compatible; Let's Encrypt validation server; +https://www.letsencrypt.org)"
3.19.56.43 - - [22/Oct/2021:19:18:30 +0000] "GET /.well-known/acme-challenge/tdWbOZ4JtTTszMq9AnkphsoYD2h3MWQrxumAska7Upg HTTP/1.1" 404 196 "-" "Mozilla/5.0 (compatible; Let's Encrypt validation server; +https://www.letsencrypt.org)"
66.133.109.36 - - [22/Oct/2021:19:18:30 +0000] "GET /.well-known/acme-challenge/tdWbOZ4JtTTszMq9AnkphsoYD2h3MWQrxumAska7Upg HTTP/1.1" 404 196 "-" "Mozilla/5.0 (compatible; Let's Encrypt validation server; +https://www.letsencrypt.org)"
66.249.79.38 - - [22/Oct/2021:19:40:29 +0000] "GET /package-details.php?url=DELHINAINITALTOUR HTTP/1.1" 200 8326 "-" "Mozilla/5.0 (Linux; Android 6.0.1; Nexus 5X Build/MMB29P) AppleWebKit/537.36 (KHTML, like Gecko) Chrome/94.0.4606.81 Mobile Safari/537.36 (compatible; Googlebot/2.1; +http://www.google.com/bot.html)"
66.249.79.38 - - [22/Oct/2021:19:51:37 +0000] "GET /package-details.php?url=BaliEasyTour HTTP/1.1" 200 9632 "-" "Mozilla/5.0 (Linux; Android 6.0.1; Nexus 5X Build/MMB29P) AppleWebKit/537.36 (KHTML, like Gecko) Chrome/94.0.4606.81 Mobile Safari/537.36 (compatible; Googlebot/2.1; +http://www.google.com/bot.html)"
66.249.79.32 - - [22/Oct/2021:20:01:00 +0000] "GET /images/slider/slider4.jpg HTTP/1.1" 200 629263 "-" "Googlebot-Image/1.0"
66.249.79.32 - - [22/Oct/2021:20:08:35 +0000] "GET /galleryimg/4d620e38c0cd1505f1e8e6c83a6178ea.jpg HTTP/1.1" 200 30813 "-" "Googlebot-Image/1.0"
66.249.79.44 - - [22/Oct/2021:20:14:00 +0000] "GET / HTTP/1.1" 200 8821 "-" "Mozilla/5.0 (Linux; Android 6.0.1; Nexus 5X Build/MMB29P) AppleWebKit/537.36 (KHTML, like Gecko) Chrome/94.0.4606.81 Mobile Safari/537.36 (compatible; Googlebot/2.1; +http://www.google.com/bot.html)"
66.249.79.38 - - [22/Oct/2021:20:14:03 +0000] "GET /js/main-1.js HTTP/1.1" 200 510 "https://tripperhub.com/" "Mozilla/5.0 (Linux; Android 6.0.1; Nexus 5X Build/MMB29P) AppleWebKit/537.36 (KHTML, like Gecko) Chrome/94.0.4606.81 Mobile Safari/537.36 (compatible; Googlebot/2.1; +http://www.google.com/bot.html)"
66.249.79.32 - - [22/Oct/2021:20:14:04 +0000] "GET /js/custom-countdown.js HTTP/1.1" 200 533 "https://tripperhub.com/" "Mozilla/5.0 (Linux; Android 6.0.1; Nexus 5X Build/MMB29P) AppleWebKit/537.36 (KHTML, like Gecko) Chrome/94.0.4606.81 Mobile Safari/537.36 (compatible; Googlebot/2.1; +http://www.google.com/bot.html)"
3.120.130.29 - - [22/Oct/2021:20:18:19 +0000] "GET /.well-known/acme-challenge/jIx4381WIaGPOTlWYWtteYIuzn5HO9ktMRMCunNEc6g HTTP/1.1" 404 196 "-" "Mozilla/5.0 (compatible; Let's Encrypt validation server; +https://www.letsencrypt.org)"
3.142.122.14 - - [22/Oct/2021:20:18:19 +0000] "GET /.well-known/acme-challenge/jIx4381WIaGPOTlWYWtteYIuzn5HO9ktMRMCunNEc6g HTTP/1.1" 404 196 "-" "Mozilla/5.0 (compatible; Let's Encrypt validation server; +https://www.letsencrypt.org)"
34.221.255.206 - - [22/Oct/2021:20:18:19 +0000] "GET /.well-known/acme-challenge/jIx4381WIaGPOTlWYWtteYIuzn5HO9ktMRMCunNEc6g HTTP/1.1" 404 196 "-" "Mozilla/5.0 (compatible; Let's Encrypt validation server; +https://www.letsencrypt.org)"
66.133.109.36 - - [22/Oct/2021:20:18:19 +0000] "GET /.well-known/acme-challenge/jIx4381WIaGPOTlWYWtteYIuzn5HO9ktMRMCunNEc6g HTTP/1.1" 404 196 "-" "Mozilla/5.0 (compatible; Let's Encrypt validation server; +https://www.letsencrypt.org)"
66.249.79.44 - - [22/Oct/2021:20:23:36 +0000] "GET /images/slider/slider2.jpg HTTP/1.1" 200 475189 "-" "Googlebot-Image/1.0"
66.249.79.44 - - [22/Oct/2021:20:31:06 +0000] "GET /galleryimg/22cc428317e334b10915a985acea507e.jpg HTTP/1.1" 200 226270 "-" "Googlebot-Image/1.0"
66.249.79.32 - - [22/Oct/2021:20:37:18 +0000] "GET /package-details.php?url=JAIPURRANTHAMBOREWEEKENDTOUR HTTP/1.1" 200 8860 "-" "Mozilla/5.0 (Linux; Android 6.0.1; Nexus 5X Build/MMB29P) AppleWebKit/537.36 (KHTML, like Gecko) Chrome/94.0.4606.81 Mobile Safari/537.36 (compatible; Googlebot/2.1; +http://www.google.com/bot.html)"
66.249.79.44 - - [22/Oct/2021:20:38:35 +0000] "GET /galleryimg/b232eb69f463fd00d01c534ff859726c.jpg HTTP/1.1" 200 77902 "-" "Googlebot-Image/1.0"
66.249.79.44 - - [22/Oct/2021:20:46:06 +0000] "GET /galleryimg/00c55c0abc2c2ac324d3903ab3564726.jpg HTTP/1.1" 200 34881 "-" "Googlebot-Image/1.0"
66.249.79.38 - - [22/Oct/2021:21:01:41 +0000] "GET /galleryimg/b0177f4d1a31f1132b80b571d8dfc6fc.jpg HTTP/1.1" 200 51439 "-" "Googlebot-Image/1.0"
66.249.79.44 - - [22/Oct/2021:21:09:52 +0000] "GET /galleryimg/81cf06d6bd356d2eee5b4b9e980ef871.png HTTP/1.1" 200 133563 "-" "Googlebot-Image/1.0"
3.120.130.29 - - [22/Oct/2021:21:18:18 +0000] "GET /.well-known/acme-challenge/9JUAopl-Ub3i2QVoxt9eUQM5AZYlujAXlcAh69aAOwk HTTP/1.1" 404 196 "-" "Mozilla/5.0 (compatible; Let's Encrypt validation server; +https://www.letsencrypt.org)"
3.19.56.43 - - [22/Oct/2021:21:18:18 +0000] "GET /.well-known/acme-challenge/9JUAopl-Ub3i2QVoxt9eUQM5AZYlujAXlcAh69aAOwk HTTP/1.1" 404 196 "-" "Mozilla/5.0 (compatible; Let's Encrypt validation server; +https://www.letsencrypt.org)"
34.219.87.132 - - [22/Oct/2021:21:18:19 +0000] "GET /.well-known/acme-challenge/9JUAopl-Ub3i2QVoxt9eUQM5AZYlujAXlcAh69aAOwk HTTP/1.1" 404 196 "-" "Mozilla/5.0 (compatible; Let's Encrypt validation server; +https://www.letsencrypt.org)"
66.133.109.36 - - [22/Oct/2021:21:18:19 +0000] "GET /.well-known/acme-challenge/9JUAopl-Ub3i2QVoxt9eUQM5AZYlujAXlcAh69aAOwk HTTP/1.1" 404 196 "-" "Mozilla/5.0 (compatible; Let's Encrypt validation server; +https://www.letsencrypt.org)"
207.46.13.84 - - [22/Oct/2021:21:44:09 +0000] "GET /package-details.php?url=UDAIPURJODHPURWEEKENDTOUR HTTP/1.1" 200 8926 "-" "Mozilla/5.0 (compatible; bingbot/2.0; +http://www.bing.com/bingbot.htm)"
66.249.79.32 - - [22/Oct/2021:22:07:20 +0000] "GET /package-details.php?url=PenangCityTourwithKualaLumpur HTTP/1.1" 200 9015 "-" "Mozilla/5.0 (Linux; Android 6.0.1; Nexus 5X Build/MMB29P) AppleWebKit/537.36 (KHTML, like Gecko) Chrome/94.0.4606.81 Mobile Safari/537.36 (compatible; Googlebot/2.1; +http://www.google.com/bot.html)"
3.120.130.29 - - [22/Oct/2021:22:18:21 +0000] "GET /.well-known/acme-challenge/t_SN_cUo5p8mz632zGW2AJOiwcHATaNbN6dO5gE3C0U HTTP/1.1" 404 196 "-" "Mozilla/5.0 (compatible; Let's Encrypt validation server; +https://www.letsencrypt.org)"
