66.249.79.44 - - [23/Oct/2021:07:28:39 +0000] "GET /package-details.php?url=SHIMLAMANALIHONEYMOONTOUR HTTP/1.1" 200 9677 "-" "Mozilla/5.0 (Linux; Android 6.0.1; Nexus 5X Build/MMB29P) AppleWebKit/537.36 (KHTML, like Gecko) Chrome/94.0.4606.81 Mobile Safari/537.36 (compatible; Googlebot/2.1; +http://www.google.com/bot.html)"
66.249.79.38 - - [23/Oct/2021:07:44:32 +0000] "GET /package-details.php?url=RANTHAMBHOREJAIPURAJMER12DAYSTOUR HTTP/1.1" 200 10068 "-" "Mozilla/5.0 (Linux; Android 6.0.1; Nexus 5X Build/MMB29P) AppleWebKit/537.36 (KHTML, like Gecko) Chrome/94.0.4606.81 Mobile Safari/537.36 (compatible; Googlebot/2.1; +http://www.google.com/bot.html)"
72.14.199.164 - - [23/Oct/2021:08:15:02 +0000] "GET /images/Yatra-white.png HTTP/1.1" 200 10751 "http://mail.google.com/" "Mozilla/5.0 (Windows NT 10.0; Win64; x64) AppleWebKit/537.36 (KHTML, like Gecko) Chrome/42.0.2311.135 Safari/537.36 Edge/12.246 Mozilla/5.0"
72.14.199.164 - - [23/Oct/2021:08:16:02 +0000] "GET /images/Yatra-white.png HTTP/1.1" 200 10751 "http://mail.google.com/" "Mozilla/5.0 (Windows NT 10.0; Win64; x64) AppleWebKit/537.36 (KHTML, like Gecko) Chrome/42.0.2311.135 Safari/537.36 Edge/12.246 Mozilla/5.0"
18.192.36.99 - - [23/Oct/2021:08:18:21 +0000] "GET /.well-known/acme-challenge/qoMOj2kCnHLhgJLIsGLkFcjazuMLFVI73OM4a4J2Sc8 HTTP/1.1" 404 196 "-" "Mozilla/5.0 (compatible; Let's Encrypt validation server; +https://www.letsencrypt.org)"
34.219.87.132 - - [23/Oct/2021:08:18:21 +0000] "GET /.well-known/acme-challenge/qoMOj2kCnHLhgJLIsGLkFcjazuMLFVI73OM4a4J2Sc8 HTTP/1.1" 404 196 "-" "Mozilla/5.0 (compatible; Let's Encrypt validation server; +https://www.letsencrypt.org)"
18.116.86.117 - - [23/Oct/2021:08:18:21 +0000] "GET /.well-known/acme-challenge/qoMOj2kCnHLhgJLIsGLkFcjazuMLFVI73OM4a4J2Sc8 HTTP/1.1" 404 196 "-" "Mozilla/5.0 (compatible; Let's Encrypt validation server; +https://www.letsencrypt.org)"
64.78.149.164 - - [23/Oct/2021:08:18:21 +0000] "GET /.well-known/acme-challenge/qoMOj2kCnHLhgJLIsGLkFcjazuMLFVI73OM4a4J2Sc8 HTTP/1.1" 404 196 "-" "Mozilla/5.0 (compatible; Let's Encrypt validation server; +https://www.letsencrypt.org)"
66.249.84.235 - - [23/Oct/2021:08:32:32 +0000] "GET /images/Yatra-white.png HTTP/1.1" 200 10751 "-" "Mozilla/5.0 (Windows NT 5.1; rv:11.0) Gecko Firefox/11.0 (via ggpht.com GoogleImageProxy)"
66.249.79.44 - - [23/Oct/2021:09:05:37 +0000] "GET /galleryimg/f844020e73fff4bf3292d1a801fefef2.jpg HTTP/1.1" 200 197496 "-" "Googlebot-Image/1.0"
66.249.79.38 - - [23/Oct/2021:09:10:57 +0000] "GET /contents.php?url=Cancellation HTTP/1.1" 200 9498 "-" "Mozilla/5.0 (Linux; Android 6.0.1; Nexus 5X Build/MMB29P) AppleWebKit/537.36 (KHTML, like Gecko) Chrome/94.0.4606.81 Mobile Safari/537.36 (compatible; Googlebot/2.1; +http://www.google.com/bot.html)"
72.14.199.170 - - [23/Oct/2021:09:14:29 +0000] "GET /images/Yatra-white.png HTTP/1.1" 200 10751 "http://mail.google.com/" "Mozilla/5.0 (Windows NT 10.0; Win64; x64) AppleWebKit/537.36 (KHTML, like Gecko) Chrome/42.0.2311.135 Safari/537.36 Edge/12.246 Mozilla/5.0"
18.159.196.172 - - [23/Oct/2021:09:18:20 +0000] "GET /.well-known/acme-challenge/w5oGHagdK3s_3Z0aUvOwv0AgSxSrzmSxAh5HNURMbt0 HTTP/1.1" 404 196 "-" "Mozilla/5.0 (compatible; Let's Encrypt validation server; +https://www.letsencrypt.org)"
52.39.4.59 - - [23/Oct/2021:09:18:20 +0000] "GET /.well-known/acme-challenge/w5oGHagdK3s_3Z0aUvOwv0AgSxSrzmSxAh5HNURMbt0 HTTP/1.1" 404 196 "-" "Mozilla/5.0 (compatible; Let's Encrypt validation server; +https://www.letsencrypt.org)"
3.142.122.14 - - [23/Oct/2021:09:18:20 +0000] "GET /.well-known/acme-challenge/w5oGHagdK3s_3Z0aUvOwv0AgSxSrzmSxAh5HNURMbt0 HTTP/1.1" 404 196 "-" "Mozilla/5.0 (compatible; Let's Encrypt validation server; +https://www.letsencrypt.org)"
66.133.109.36 - - [23/Oct/2021:09:18:20 +0000] "GET /.well-known/acme-challenge/w5oGHagdK3s_3Z0aUvOwv0AgSxSrzmSxAh5HNURMbt0 HTTP/1.1" 404 196 "-" "Mozilla/5.0 (compatible; Let's Encrypt validation server; +https://www.letsencrypt.org)"
66.249.79.38 - - [23/Oct/2021:09:50:36 +0000] "GET /galleryimg/1194486G3.jpg HTTP/1.1" 404 56188 "-" "Googlebot-Image/1.0"
66.249.79.44 - - [23/Oct/2021:10:07:44 +0000] "GET /package-details.php?url=SHIMLAKULLUMANALICARTOUR HTTP/1.1" 200 9516 "-" "Mozilla/5.0 (compatible; Googlebot/2.1; +http://www.google.com/bot.html)"
18.159.196.172 - - [23/Oct/2021:10:18:21 +0000] "GET /.well-known/acme-challenge/6FVXpQ_89Mo1qws7TqUi89Gzvpnu2f12-pt-YNSaYR8 HTTP/1.1" 404 196 "-" "Mozilla/5.0 (compatible; Let's Encrypt validation server; +https://www.letsencrypt.org)"
34.221.255.206 - - [23/Oct/2021:10:18:21 +0000] "GET /.well-known/acme-challenge/6FVXpQ_89Mo1qws7TqUi89Gzvpnu2f12-pt-YNSaYR8 HTTP/1.1" 404 196 "-" "Mozilla/5.0 (compatible; Let's Encrypt validation server; +https://www.letsencrypt.org)"
18.116.86.117 - - [23/Oct/2021:10:18:21 +0000] "GET /.well-known/acme-challenge/6FVXpQ_89Mo1qws7TqUi89Gzvpnu2f12-pt-YNSaYR8 HTTP/1.1" 404 196 "-" "Mozilla/5.0 (compatible; Let's Encrypt validation server; +https://www.letsencrypt.org)"
64.78.149.164 - - [23/Oct/2021:10:18:21 +0000] "GET /.well-known/acme-challenge/6FVXpQ_89Mo1qws7TqUi89Gzvpnu2f12-pt-YNSaYR8 HTTP/1.1" 404 196 "-" "Mozilla/5.0 (compatible; Let's Encrypt validation server; +https://www.letsencrypt.org)"
66.249.79.32 - - [23/Oct/2021:10:36:55 +0000] "GET /contact-us.php HTTP/1.1" 200 4270 "-" "Mozilla/5.0 (compatible; Googlebot/2.1; +http://www.google.com/bot.html)"
66.249.79.38 - - [23/Oct/2021:10:51:11 +0000] "GET /packages.php?url=HimachalPradesh HTTP/1.1" 200 6716 "-" "Mozilla/5.0 (compatible; Googlebot/2.1; +http://www.google.com/bot.html)"
66.249.79.32 - - [23/Oct/2021:10:53:26 +0000] "GET /package-details.php?url=BESTOFKERALAHONEYMOONTOUR HTTP/1.1" 200 10435 "-" "Mozilla/5.0 (Linux; Android 6.0.1; Nexus 5X Build/MMB29P) AppleWebKit/537.36 (KHTML, like Gecko) Chrome/94.0.4606.81 Mobile Safari/537.36 (compatible; Googlebot/2.1; +http://www.google.com/bot.html)"
18.159.196.172 - - [23/Oct/2021:11:18:19 +0000] "GET /.well-known/acme-challenge/o0qTptjS-JaKMb4l15eQfdcNHlTJxLVLSg5h5tPsqpU HTTP/1.1" 404 196 "-" "Mozilla/5.0 (compatible; Let's Encrypt validation server; +https://www.letsencrypt.org)"
3.19.56.43 - - [23/Oct/2021:11:18:19 +0000] "GET /.well-known/acme-challenge/o0qTptjS-JaKMb4l15eQfdcNHlTJxLVLSg5h5tPsqpU HTTP/1.1" 404 196 "-" "Mozilla/5.0 (compatible; Let's Encrypt validation server; +https://www.letsencrypt.org)"
66.133.109.36 - - [23/Oct/2021:11:18:19 +0000] "GET /.well-known/acme-challenge/o0qTptjS-JaKMb4l15eQfdcNHlTJxLVLSg5h5tPsqpU HTTP/1.1" 404 196 "-" "Mozilla/5.0 (compatible; Let's Encrypt validation server; +https://www.letsencrypt.org)"
34.219.87.132 - - [23/Oct/2021:11:18:20 +0000] "GET /.well-known/acme-challenge/o0qTptjS-JaKMb4l15eQfdcNHlTJxLVLSg5h5tPsqpU HTTP/1.1" 404 196 "-" "Mozilla/5.0 (compatible; Let's Encrypt validation server; +https://www.letsencrypt.org)"
66.249.79.44 - - [23/Oct/2021:11:32:47 +0000] "GET / HTTP/1.1" 200 8821 "-" "Mozilla/5.0 (compatible; Googlebot/2.1; +http://www.google.com/bot.html)"
66.249.79.25 - - [23/Oct/2021:12:00:42 +0000] "GET /robots.txt HTTP/1.1" 301 245 "-" "Mozilla/5.0 (compatible; Googlebot/2.1; +http://www.google.com/bot.html)"
66.249.79.31 - - [23/Oct/2021:12:00:42 +0000] "GET /robots.txt HTTP/1.1" 301 241 "-" "Mozilla/5.0 (compatible; Googlebot/2.1; +http://www.google.com/bot.html)"
66.249.79.44 - - [23/Oct/2021:12:00:43 +0000] "GET /robots.txt HTTP/1.1" 404 56174 "-" "Mozilla/5.0 (compatible; Googlebot/2.1; +http://www.google.com/bot.html)"
66.249.79.23 - - [23/Oct/2021:12:00:44 +0000] "GET /ads.txt HTTP/1.1" 301 242 "-" "Mozilla/5.0 (compatible; Googlebot/2.1; +http://www.google.com/bot.html)"
66.249.79.31 - - [23/Oct/2021:12:00:45 +0000] "GET /ads.txt HTTP/1.1" 301 238 "-" "Mozilla/5.0 (compatible; Googlebot/2.1; +http://www.google.com/bot.html)"
157.55.39.117 - - [23/Oct/2021:12:00:58 +0000] "GET /package-details.php?url=BestofSingaporeTour HTTP/1.1" 200 10158 "-" "Mozilla/5.0 (compatible; bingbot/2.0; +http://www.bing.com/bingbot.htm)"
18.192.36.99 - - [23/Oct/2021:12:18:18 +0000] "GET /.well-known/acme-challenge/q1s6jI-3wo1_aX51mZc_JOZDP4ITmWdImb6EbT_A6ec HTTP/1.1" 404 196 "-" "Mozilla/5.0 (compatible; Let's Encrypt validation server; +https://www.letsencrypt.org)"
3.142.122.14 - - [23/Oct/2021:12:18:19 +0000] "GET /.well-known/acme-challenge/q1s6jI-3wo1_aX51mZc_JOZDP4ITmWdImb6EbT_A6ec HTTP/1.1" 404 196 "-" "Mozilla/5.0 (compatible; Let's Encrypt validation server; +https://www.letsencrypt.org)"
52.39.4.59 - - [23/Oct/2021:12:18:19 +0000] "GET /.well-known/acme-challenge/q1s6jI-3wo1_aX51mZc_JOZDP4ITmWdImb6EbT_A6ec HTTP/1.1" 404 196 "-" "Mozilla/5.0 (compatible; Let's Encrypt validation server; +https://www.letsencrypt.org)"
66.133.109.36 - - [23/Oct/2021:12:18:19 +0000] "GET /.well-known/acme-challenge/q1s6jI-3wo1_aX51mZc_JOZDP4ITmWdImb6EbT_A6ec HTTP/1.1" 404 196 "-" "Mozilla/5.0 (compatible; Let's Encrypt validation server; +https://www.letsencrypt.org)"
66.249.79.38 - - [23/Oct/2021:13:00:46 +0000] "GET /ads.txt HTTP/1.1" 404 56171 "-" "Mozilla/5.0 (compatible; Googlebot/2.1; +http://www.google.com/bot.html)"
18.192.36.99 - - [23/Oct/2021:13:18:21 +0000] "GET /.well-known/acme-challenge/UlLzEGOyeSqzRTDB99p2wDJcAjRGri4QjL2c5PtZuZw HTTP/1.1" 404 196 "-" "Mozilla/5.0 (compatible; Let's Encrypt validation server; +https://www.letsencrypt.org)"
18.116.86.117 - - [23/Oct/2021:13:18:21 +0000] "GET /.well-known/acme-challenge/UlLzEGOyeSqzRTDB99p2wDJcAjRGri4QjL2c5PtZuZw HTTP/1.1" 404 196 "-" "Mozilla/5.0 (compatible; Let's Encrypt validation server; +https://www.letsencrypt.org)"
34.221.255.206 - - [23/Oct/2021:13:18:21 +0000] "GET /.well-known/acme-challenge/UlLzEGOyeSqzRTDB99p2wDJcAjRGri4QjL2c5PtZuZw HTTP/1.1" 404 196 "-" "Mozilla/5.0 (compatible; Let's Encrypt validation server; +https://www.letsencrypt.org)"
66.133.109.36 - - [23/Oct/2021:13:18:21 +0000] "GET /.well-known/acme-challenge/UlLzEGOyeSqzRTDB99p2wDJcAjRGri4QjL2c5PtZuZw HTTP/1.1" 404 196 "-" "Mozilla/5.0 (compatible; Let's Encrypt validation server; +https://www.letsencrypt.org)"
66.249.79.32 - - [23/Oct/2021:13:37:41 +0000] "GET /galleryimg/5608156G8.jpg HTTP/1.1" 404 56188 "-" "Googlebot-Image/1.0"
66.249.79.44 - - [23/Oct/2021:13:47:34 +0000] "GET /package-details.php?url=RANTHAMBORETOURPACKAGE HTTP/1.1" 200 8759 "-" "Mozilla/5.0 (Linux; Android 6.0.1; Nexus 5X Build/MMB29P) AppleWebKit/537.36 (KHTML, like Gecko) Chrome/94.0.4606.81 Mobile Safari/537.36 (compatible; Googlebot/2.1; +http://www.google.com/bot.html)"
66.249.79.32 - - [23/Oct/2021:14:14:33 +0000] "GET / HTTP/1.1" 200 8821 "-" "Mozilla/5.0 (Linux; Android 6.0.1; Nexus 5X Build/MMB29P) AppleWebKit/537.36 (KHTML, like Gecko) Chrome/94.0.4606.81 Mobile Safari/537.36 (compatible; Googlebot/2.1; +http://www.google.com/bot.html)"
3.120.130.29 - - [23/Oct/2021:14:18:20 +0000] "GET /.well-known/acme-challenge/VcB25bgDlPs07E9iXyxpff9wYqDNHMUcWJgolWQiaOQ HTTP/1.1" 404 196 "-" "Mozilla/5.0 (compatible; Let's Encrypt validation server; +https://www.letsencrypt.org)"
3.19.56.43 - - [23/Oct/2021:14:18:20 +0000] "GET /.well-known/acme-challenge/VcB25bgDlPs07E9iXyxpff9wYqDNHMUcWJgolWQiaOQ HTTP/1.1" 404 196 "-" "Mozilla/5.0 (compatible; Let's Encrypt validation server; +https://www.letsencrypt.org)"
34.219.87.132 - - [23/Oct/2021:14:18:20 +0000] "GET /.well-known/acme-challenge/VcB25bgDlPs07E9iXyxpff9wYqDNHMUcWJgolWQiaOQ HTTP/1.1" 404 196 "-" "Mozilla/5.0 (compatible; Let's Encrypt validation server; +https://www.letsencrypt.org)"
66.133.109.36 - - [23/Oct/2021:14:18:20 +0000] "GET /.well-known/acme-challenge/VcB25bgDlPs07E9iXyxpff9wYqDNHMUcWJgolWQiaOQ HTTP/1.1" 404 196 "-" "Mozilla/5.0 (compatible; Let's Encrypt validation server; +https://www.letsencrypt.org)"
18.159.196.172 - - [23/Oct/2021:15:18:21 +0000] "GET /.well-known/acme-challenge/6_gNM3HWPYeIIcgAn-ojqP9H1PqpoD2v_qxoh0eh1Zg HTTP/1.1" 404 196 "-" "Mozilla/5.0 (compatible; Let's Encrypt validation server; +https://www.letsencrypt.org)"
66.133.109.36 - - [23/Oct/2021:15:18:21 +0000] "GET /.well-known/acme-challenge/6_gNM3HWPYeIIcgAn-ojqP9H1PqpoD2v_qxoh0eh1Zg HTTP/1.1" 404 196 "-" "Mozilla/5.0 (compatible; Let's Encrypt validation server; +https://www.letsencrypt.org)"
3.142.122.14 - - [23/Oct/2021:15:18:21 +0000] "GET /.well-known/acme-challenge/6_gNM3HWPYeIIcgAn-ojqP9H1PqpoD2v_qxoh0eh1Zg HTTP/1.1" 404 196 "-" "Mozilla/5.0 (compatible; Let's Encrypt validation server; +https://www.letsencrypt.org)"
34.219.87.132 - - [23/Oct/2021:15:18:21 +0000] "GET /.well-known/acme-challenge/6_gNM3HWPYeIIcgAn-ojqP9H1PqpoD2v_qxoh0eh1Zg HTTP/1.1" 404 196 "-" "Mozilla/5.0 (compatible; Let's Encrypt validation server; +https://www.letsencrypt.org)"
66.249.79.44 - - [23/Oct/2021:15:29:28 +0000] "GET /packages.php?url=Bali HTTP/1.1" 200 5748 "-" "Mozilla/5.0 (Linux; Android 6.0.1; Nexus 5X Build/MMB29P) AppleWebKit/537.36 (KHTML, like Gecko) Chrome/94.0.4606.81 Mobile Safari/537.36 (compatible; Googlebot/2.1; +http://www.google.com/bot.html)"
3.120.130.29 - - [23/Oct/2021:16:18:21 +0000] "GET /.well-known/acme-challenge/WhNllCJCzfLmJfVhSOtSOHp2thLTJ6c5tSgG7FGhv3w HTTP/1.1" 404 196 "-" "Mozilla/5.0 (compatible; Let's Encrypt validation server; +https://www.letsencrypt.org)"
3.142.122.14 - - [23/Oct/2021:16:18:21 +0000] "GET /.well-known/acme-challenge/WhNllCJCzfLmJfVhSOtSOHp2thLTJ6c5tSgG7FGhv3w HTTP/1.1" 404 196 "-" "Mozilla/5.0 (compatible; Let's Encrypt validation server; +https://www.letsencrypt.org)"
52.39.4.59 - - [23/Oct/2021:16:18:21 +0000] "GET /.well-known/acme-challenge/WhNllCJCzfLmJfVhSOtSOHp2thLTJ6c5tSgG7FGhv3w HTTP/1.1" 404 196 "-" "Mozilla/5.0 (compatible; Let's Encrypt validation server; +https://www.letsencrypt.org)"
66.133.109.36 - - [23/Oct/2021:16:18:21 +0000] "GET /.well-known/acme-challenge/WhNllCJCzfLmJfVhSOtSOHp2thLTJ6c5tSgG7FGhv3w HTTP/1.1" 404 196 "-" "Mozilla/5.0 (compatible; Let's Encrypt validation server; +https://www.letsencrypt.org)"
66.249.79.44 - - [23/Oct/2021:16:19:42 +0000] "GET /robots.txt HTTP/1.1" 404 56174 "-" "Mozilla/5.0 (compatible; Googlebot/2.1; +http://www.google.com/bot.html)"
66.249.79.32 - - [23/Oct/2021:16:19:43 +0000] "GET /package-details.php?url=RANTHAMBORETOURPACKAGE HTTP/1.1" 200 8759 "-" "Mozilla/5.0 (compatible; Googlebot/2.1; +http://www.google.com/bot.html)"
66.249.79.32 - - [23/Oct/2021:16:42:28 +0000] "GET /package-details.php?url=KrabiEasy HTTP/1.1" 200 9609 "-" "Mozilla/5.0 (Linux; Android 6.0.1; Nexus 5X Build/MMB29P) AppleWebKit/537.36 (KHTML, like Gecko) Chrome/94.0.4606.81 Mobile Safari/537.36 (compatible; Googlebot/2.1; +http://www.google.com/bot.html)"
198.71.226.19 - - [23/Oct/2021:16:55:18 +0000] "GET / HTTP/1.1" 301 231 "-" "-"
198.71.226.19 - - [23/Oct/2021:16:55:19 +0000] "GET / HTTP/1.1" 200 56164 "-" "-"
45.129.18.93 - - [23/Oct/2021:17:04:25 +0000] "HEAD / HTTP/1.1" 301 - "-" "Mozilla/5.0 (Macintosh; Intel Mac OS X 10_9_3) AppleWebKit/537.36 (KHTML, like Gecko) Chrome/35.0.1916.47 Safari/537.36"
66.249.79.44 - - [23/Oct/2021:17:11:01 +0000] "GET /package-details.php?url=TheHillTriangle HTTP/1.1" 200 9724 "-" "Mozilla/5.0 (Linux; Android 6.0.1; Nexus 5X Build/MMB29P) AppleWebKit/537.36 (KHTML, like Gecko) Chrome/94.0.4606.81 Mobile Safari/537.36 (compatible; Googlebot/2.1; +http://www.google.com/bot.html)"
54.202.239.252 - - [23/Oct/2021:17:11:09 +0000] "GET / HTTP/1.1" 301 231 "-" "Mozilla/5.0 (X11; Linux x86_64) AppleWebKit/537.36 (KHTML, like Gecko) Chrome/83.0.4103.97 Safari/537.36"
35.162.251.87 - - [23/Oct/2021:17:11:28 +0000] "GET / HTTP/1.1" 200 8821 "-" "Mozilla/5.0 (X11; Linux x86_64) AppleWebKit/537.36 (KHTML, like Gecko) Chrome/83.0.4103.97 Safari/537.36"
54.245.79.201 - - [23/Oct/2021:17:12:53 +0000] "GET /favicon.ico HTTP/1.1" 404 56175 "-" "Mozilla/5.0 (X11; Linux x86_64) AppleWebKit/537.36 (KHTML, like Gecko) Chrome/83.0.4103.97 Safari/537.36"
3.120.130.29 - - [23/Oct/2021:17:18:22 +0000] "GET /.well-known/acme-challenge/E70WoO8Qmq_uVA6yf6fHAodBP07O3_LTWuQ2p4Xz0BE HTTP/1.1" 404 196 "-" "Mozilla/5.0 (compatible; Let's Encrypt validation server; +https://www.letsencrypt.org)"
34.219.87.132 - - [23/Oct/2021:17:18:22 +0000] "GET /.well-known/acme-challenge/E70WoO8Qmq_uVA6yf6fHAodBP07O3_LTWuQ2p4Xz0BE HTTP/1.1" 404 196 "-" "Mozilla/5.0 (compatible; Let's Encrypt validation server; +https://www.letsencrypt.org)"
18.116.86.117 - - [23/Oct/2021:17:18:22 +0000] "GET /.well-known/acme-challenge/E70WoO8Qmq_uVA6yf6fHAodBP07O3_LTWuQ2p4Xz0BE HTTP/1.1" 404 196 "-" "Mozilla/5.0 (compatible; Let's Encrypt validation server; +https://www.letsencrypt.org)"
66.133.109.36 - - [23/Oct/2021:17:18:22 +0000] "GET /.well-known/acme-challenge/E70WoO8Qmq_uVA6yf6fHAodBP07O3_LTWuQ2p4Xz0BE HTTP/1.1" 404 196 "-" "Mozilla/5.0 (compatible; Let's Encrypt validation server; +https://www.letsencrypt.org)"
3.120.130.29 - - [23/Oct/2021:18:18:19 +0000] "GET /.well-known/acme-challenge/yO7-9MYdEVPZ9ranmWojJqDyDW-idMDvHOb1fj_I-yc HTTP/1.1" 404 196 "-" "Mozilla/5.0 (compatible; Let's Encrypt validation server; +https://www.letsencrypt.org)"
18.116.86.117 - - [23/Oct/2021:18:18:19 +0000] "GET /.well-known/acme-challenge/yO7-9MYdEVPZ9ranmWojJqDyDW-idMDvHOb1fj_I-yc HTTP/1.1" 404 196 "-" "Mozilla/5.0 (compatible; Let's Encrypt validation server; +https://www.letsencrypt.org)"
34.221.255.206 - - [23/Oct/2021:18:18:19 +0000] "GET /.well-known/acme-challenge/yO7-9MYdEVPZ9ranmWojJqDyDW-idMDvHOb1fj_I-yc HTTP/1.1" 404 196 "-" "Mozilla/5.0 (compatible; Let's Encrypt validation server; +https://www.letsencrypt.org)"
64.78.149.164 - - [23/Oct/2021:18:18:19 +0000] "GET /.well-known/acme-challenge/yO7-9MYdEVPZ9ranmWojJqDyDW-idMDvHOb1fj_I-yc HTTP/1.1" 404 196 "-" "Mozilla/5.0 (compatible; Let's Encrypt validation server; +https://www.letsencrypt.org)"
34.253.80.161 - - [23/Oct/2021:18:44:26 +0000] "GET /.git/config HTTP/1.1" 301 242 "-" "Mozilla/5.0 (Macintosh; Intel Mac OS X 10_12_5) AppleWebKit/537.36 (KHTML, like Gecko) Chrome/75.0.3770.142 Safari/537.36"
176.113.42.20 - - [23/Oct/2021:18:56:33 +0000] "GET / HTTP/1.1" 200 8821 "-" "Mozilla/5.0 (Windows NT 10.0; Win64; x64) AppleWebKit/537.36 (KHTML, like Gecko) Chrome/94.0.4606.61 Safari/537.36"
176.113.42.20 - - [23/Oct/2021:18:56:33 +0000] "GET /favicon.ico HTTP/1.1" 404 56175 "-" "Mozilla/5.0 (Windows NT 10.0; Win64; x64) AppleWebKit/537.36 (KHTML, like Gecko) Chrome/94.0.4606.61 Safari/537.36"
18.192.36.99 - - [23/Oct/2021:19:18:19 +0000] "GET /.well-known/acme-challenge/x4ukkylaQSNSlnFSN5d7J3TEqlSmO_ibdieEZTIAXxE HTTP/1.1" 404 196 "-" "Mozilla/5.0 (compatible; Let's Encrypt validation server; +https://www.letsencrypt.org)"
34.219.87.132 - - [23/Oct/2021:19:18:19 +0000] "GET /.well-known/acme-challenge/x4ukkylaQSNSlnFSN5d7J3TEqlSmO_ibdieEZTIAXxE HTTP/1.1" 404 196 "-" "Mozilla/5.0 (compatible; Let's Encrypt validation server; +https://www.letsencrypt.org)"
3.142.122.14 - - [23/Oct/2021:19:18:19 +0000] "GET /.well-known/acme-challenge/x4ukkylaQSNSlnFSN5d7J3TEqlSmO_ibdieEZTIAXxE HTTP/1.1" 404 196 "-" "Mozilla/5.0 (compatible; Let's Encrypt validation server; +https://www.letsencrypt.org)"
64.78.149.164 - - [23/Oct/2021:19:18:19 +0000] "GET /.well-known/acme-challenge/x4ukkylaQSNSlnFSN5d7J3TEqlSmO_ibdieEZTIAXxE HTTP/1.1" 404 196 "-" "Mozilla/5.0 (compatible; Let's Encrypt validation server; +https://www.letsencrypt.org)"
66.249.79.38 - - [23/Oct/2021:19:54:56 +0000] "GET /galleryimg/2817897RT42.jpg HTTP/1.1" 404 56190 "-" "Googlebot-Image/1.0"
3.120.130.29 - - [23/Oct/2021:20:18:25 +0000] "GET /.well-known/acme-challenge/Q5Dv6MTxtOePtF5RMdYh2w-W5TekLqgphcJ-4SE3pT4 HTTP/1.1" 404 196 "-" "Mozilla/5.0 (compatible; Let's Encrypt validation server; +https://www.letsencrypt.org)"
34.221.255.206 - - [23/Oct/2021:20:18:26 +0000] "GET /.well-known/acme-challenge/Q5Dv6MTxtOePtF5RMdYh2w-W5TekLqgphcJ-4SE3pT4 HTTP/1.1" 404 196 "-" "Mozilla/5.0 (compatible; Let's Encrypt validation server; +https://www.letsencrypt.org)"
64.78.149.164 - - [23/Oct/2021:20:18:26 +0000] "GET /.well-known/acme-challenge/Q5Dv6MTxtOePtF5RMdYh2w-W5TekLqgphcJ-4SE3pT4 HTTP/1.1" 404 196 "-" "Mozilla/5.0 (compatible; Let's Encrypt validation server; +https://www.letsencrypt.org)"
18.116.86.117 - - [23/Oct/2021:20:18:26 +0000] "GET /.well-known/acme-challenge/Q5Dv6MTxtOePtF5RMdYh2w-W5TekLqgphcJ-4SE3pT4 HTTP/1.1" 404 196 "-" "Mozilla/5.0 (compatible; Let's Encrypt validation server; +https://www.letsencrypt.org)"
66.249.79.38 - - [23/Oct/2021:20:51:17 +0000] "GET /package-details.php?url=KASHMIRHOUSEBOATTOURWITHGULMARGANDSONMARG HTTP/1.1" 200 10155 "-" "Mozilla/5.0 (Linux; Android 6.0.1; Nexus 5X Build/MMB29P) AppleWebKit/537.36 (KHTML, like Gecko) Chrome/94.0.4606.81 Mobile Safari/537.36 (compatible; Googlebot/2.1; +http://www.google.com/bot.html)"
66.249.79.44 - - [23/Oct/2021:21:09:08 +0000] "GET /package-details.php?url=GARHWALKUMAONTRIP HTTP/1.1" 200 12578 "-" "Mozilla/5.0 (Linux; Android 6.0.1; Nexus 5X Build/MMB29P) AppleWebKit/537.36 (KHTML, like Gecko) Chrome/94.0.4606.81 Mobile Safari/537.36 (compatible; Googlebot/2.1; +http://www.google.com/bot.html)"
18.159.196.172 - - [23/Oct/2021:21:18:21 +0000] "GET /.well-known/acme-challenge/M1HDdhzMojwTaA8fws8EA69RVj0aJI2JWO9DZgvIcoI HTTP/1.1" 404 196 "-" "Mozilla/5.0 (compatible; Let's Encrypt validation server; +https://www.letsencrypt.org)"
3.19.56.43 - - [23/Oct/2021:21:18:21 +0000] "GET /.well-known/acme-challenge/M1HDdhzMojwTaA8fws8EA69RVj0aJI2JWO9DZgvIcoI HTTP/1.1" 404 196 "-" "Mozilla/5.0 (compatible; Let's Encrypt validation server; +https://www.letsencrypt.org)"
34.221.255.206 - - [23/Oct/2021:21:18:21 +0000] "GET /.well-known/acme-challenge/M1HDdhzMojwTaA8fws8EA69RVj0aJI2JWO9DZgvIcoI HTTP/1.1" 404 196 "-" "Mozilla/5.0 (compatible; Let's Encrypt validation server; +https://www.letsencrypt.org)"
64.78.149.164 - - [23/Oct/2021:21:18:22 +0000] "GET /.well-known/acme-challenge/M1HDdhzMojwTaA8fws8EA69RVj0aJI2JWO9DZgvIcoI HTTP/1.1" 404 196 "-" "Mozilla/5.0 (compatible; Let's Encrypt validation server; +https://www.letsencrypt.org)"
18.159.196.172 - - [23/Oct/2021:22:18:21 +0000] "GET /.well-known/acme-challenge/CwOBkBwEGxIrLM4Xpuof-bJA-YMSv95I2eB75RAX7Y8 HTTP/1.1" 404 196 "-" "Mozilla/5.0 (compatible; Let's Encrypt validation server; +https://www.letsencrypt.org)"
3.19.56.43 - - [23/Oct/2021:22:18:21 +0000] "GET /.well-known/acme-challenge/CwOBkBwEGxIrLM4Xpuof-bJA-YMSv95I2eB75RAX7Y8 HTTP/1.1" 404 196 "-" "Mozilla/5.0 (compatible; Let's Encrypt validation server; +https://www.letsencrypt.org)"
66.133.109.36 - - [23/Oct/2021:22:18:21 +0000] "GET /.well-known/acme-challenge/CwOBkBwEGxIrLM4Xpuof-bJA-YMSv95I2eB75RAX7Y8 HTTP/1.1" 404 196 "-" "Mozilla/5.0 (compatible; Let's Encrypt validation server; +https://www.letsencrypt.org)"
34.221.255.206 - - [23/Oct/2021:22:18:21 +0000] "GET /.well-known/acme-challenge/CwOBkBwEGxIrLM4Xpuof-bJA-YMSv95I2eB75RAX7Y8 HTTP/1.1" 404 196 "-" "Mozilla/5.0 (compatible; Let's Encrypt validation server; +https://www.letsencrypt.org)"
18.159.196.172 - - [23/Oct/2021:23:18:22 +0000] "GET /.well-known/acme-challenge/44fZS2EypZgdB4t7w6lU1oDMR3Dyg3d3gp-D2yoZsCU HTTP/1.1" 404 196 "-" "Mozilla/5.0 (compatible; Let's Encrypt validation server; +https://www.letsencrypt.org)"
34.219.87.132 - - [23/Oct/2021:23:18:22 +0000] "GET /.well-known/acme-challenge/44fZS2EypZgdB4t7w6lU1oDMR3Dyg3d3gp-D2yoZsCU HTTP/1.1" 404 196 "-" "Mozilla/5.0 (compatible; Let's Encrypt validation server; +https://www.letsencrypt.org)"
3.142.122.14 - - [23/Oct/2021:23:18:22 +0000] "GET /.well-known/acme-challenge/44fZS2EypZgdB4t7w6lU1oDMR3Dyg3d3gp-D2yoZsCU HTTP/1.1" 404 196 "-" "Mozilla/5.0 (compatible; Let's Encrypt validation server; +https://www.letsencrypt.org)"
66.133.109.36 - - [23/Oct/2021:23:18:22 +0000] "GET /.well-known/acme-challenge/44fZS2EypZgdB4t7w6lU1oDMR3Dyg3d3gp-D2yoZsCU HTTP/1.1" 404 196 "-" "Mozilla/5.0 (compatible; Let's Encrypt validation server; +https://www.letsencrypt.org)"
66.249.79.32 - - [23/Oct/2021:23:38:38 +0000] "GET /contents.php?url=Disclaimer HTTP/1.1" 200 5804 "-" "Mozilla/5.0 (compatible; Googlebot/2.1; +http://www.google.com/bot.html)"
66.249.79.38 - - [23/Oct/2021:23:47:34 +0000] "GET / HTTP/1.1" 200 8821 "-" "Mozilla/5.0 (Linux; Android 6.0.1; Nexus 5X Build/MMB29P) AppleWebKit/537.36 (KHTML, like Gecko) Chrome/94.0.4606.81 Mobile Safari/537.36 (compatible; Googlebot/2.1; +http://www.google.com/bot.html)"
66.249.75.182 - - [23/Oct/2021:23:53:22 +0000] "GET /package-details.php?url=TheHillTriangle HTTP/1.1" 200 9724 "-" "Mozilla/5.0 (compatible; Googlebot/2.1; +http://www.google.com/bot.html)"
66.249.79.44 - - [24/Oct/2021:00:02:34 +0000] "GET / HTTP/1.1" 200 8821 "-" "Mozilla/5.0 (compatible; Googlebot/2.1; +http://www.google.com/bot.html)"
18.192.36.99 - - [24/Oct/2021:00:18:22 +0000] "GET /.well-known/acme-challenge/KTEj8MFPx3aTJ4rFb4OdQLANnI0qD2bL-vixZpFR2_g HTTP/1.1" 404 196 "-" "Mozilla/5.0 (compatible; Let's Encrypt validation server; +https://www.letsencrypt.org)"
3.19.56.43 - - [24/Oct/2021:00:18:22 +0000] "GET /.well-known/acme-challenge/KTEj8MFPx3aTJ4rFb4OdQLANnI0qD2bL-vixZpFR2_g HTTP/1.1" 404 196 "-" "Mozilla/5.0 (compatible; Let's Encrypt validation server; +https://www.letsencrypt.org)"
66.133.109.36 - - [24/Oct/2021:00:18:23 +0000] "GET /.well-known/acme-challenge/KTEj8MFPx3aTJ4rFb4OdQLANnI0qD2bL-vixZpFR2_g HTTP/1.1" 404 196 "-" "Mozilla/5.0 (compatible; Let's Encrypt validation server; +https://www.letsencrypt.org)"
52.39.4.59 - - [24/Oct/2021:00:18:23 +0000] "GET /.well-known/acme-challenge/KTEj8MFPx3aTJ4rFb4OdQLANnI0qD2bL-vixZpFR2_g HTTP/1.1" 404 196 "-" "Mozilla/5.0 (compatible; Let's Encrypt validation server; +https://www.letsencrypt.org)"
66.249.79.38 - - [24/Oct/2021:00:19:05 +0000] "GET /css/style.css HTTP/1.1" 200 19771 "https://tripperhub.com/contents.php?url=Disclaimer" "Mozilla/5.0 AppleWebKit/537.36 (KHTML, like Gecko; compatible; Googlebot/2.1; +http://www.google.com/bot.html) Chrome/94.0.4606.81 Safari/537.36"
66.249.79.38 - - [24/Oct/2021:00:33:08 +0000] "GET /package-details.php?url=SHIMLAMANALIWITHCHANDIGARH HTTP/1.1" 200 9348 "-" "Mozilla/5.0 (Linux; Android 6.0.1; Nexus 5X Build/MMB29P) AppleWebKit/537.36 (KHTML, like Gecko) Chrome/94.0.4606.81 Mobile Safari/537.36 (compatible; Googlebot/2.1; +http://www.google.com/bot.html)"
66.249.79.44 - - [24/Oct/2021:00:59:57 +0000] "GET /package-details.php?url=PenangCityTourwithKualaLumpur HTTP/1.1" 200 9015 "-" "Mozilla/5.0 (compatible; Googlebot/2.1; +http://www.google.com/bot.html)"
18.192.36.99 - - [24/Oct/2021:01:18:21 +0000] "GET /.well-known/acme-challenge/jfLQYxgGdVYMTVHG37LTa0kBGzJ0fMaYqNM3vlJUwPE HTTP/1.1" 404 196 "-" "Mozilla/5.0 (compatible; Let's Encrypt validation server; +https://www.letsencrypt.org)"
18.116.86.117 - - [24/Oct/2021:01:18:21 +0000] "GET /.well-known/acme-challenge/jfLQYxgGdVYMTVHG37LTa0kBGzJ0fMaYqNM3vlJUwPE HTTP/1.1" 404 196 "-" "Mozilla/5.0 (compatible; Let's Encrypt validation server; +https://www.letsencrypt.org)"
66.133.109.36 - - [24/Oct/2021:01:18:21 +0000] "GET /.well-known/acme-challenge/jfLQYxgGdVYMTVHG37LTa0kBGzJ0fMaYqNM3vlJUwPE HTTP/1.1" 404 196 "-" "Mozilla/5.0 (compatible; Let's Encrypt validation server; +https://www.letsencrypt.org)"
52.39.4.59 - - [24/Oct/2021:01:18:21 +0000] "GET /.well-known/acme-challenge/jfLQYxgGdVYMTVHG37LTa0kBGzJ0fMaYqNM3vlJUwPE HTTP/1.1" 404 196 "-" "Mozilla/5.0 (compatible; Let's Encrypt validation server; +https://www.letsencrypt.org)"
66.249.79.5 - - [24/Oct/2021:01:53:35 +0000] "GET /robots.txt HTTP/1.1" 301 241 "-" "Mozilla/5.0 (compatible; Googlebot/2.1; +http://www.google.com/bot.html)"
66.249.79.32 - - [24/Oct/2021:01:53:36 +0000] "GET /robots.txt HTTP/1.1" 404 56174 "-" "Mozilla/5.0 (compatible; Googlebot/2.1; +http://www.google.com/bot.html)"
66.249.79.31 - - [24/Oct/2021:01:53:37 +0000] "GET /contact-us.php HTTP/1.1" 301 245 "-" "Mozilla/5.0 (Linux; Android 6.0.1; Nexus 5X Build/MMB29P) AppleWebKit/537.36 (KHTML, like Gecko) Chrome/94.0.4606.81 Mobile Safari/537.36 (compatible; Googlebot/2.1; +http://www.google.com/bot.html)"
66.249.79.32 - - [24/Oct/2021:01:53:38 +0000] "GET /contact-us.php HTTP/1.1" 200 4270 "-" "Mozilla/5.0 (Linux; Android 6.0.1; Nexus 5X Build/MMB29P) AppleWebKit/537.36 (KHTML, like Gecko) Chrome/94.0.4606.81 Mobile Safari/537.36 (compatible; Googlebot/2.1; +http://www.google.com/bot.html)"
3.120.130.29 - - [24/Oct/2021:02:18:19 +0000] "GET /.well-known/acme-challenge/AsOe9qPqo5ZyZcez1Prb6uqT9vqymEJMvftuhDMOsAQ HTTP/1.1" 404 196 "-" "Mozilla/5.0 (compatible; Let's Encrypt validation server; +https://www.letsencrypt.org)"
18.116.86.117 - - [24/Oct/2021:02:18:20 +0000] "GET /.well-known/acme-challenge/AsOe9qPqo5ZyZcez1Prb6uqT9vqymEJMvftuhDMOsAQ HTTP/1.1" 404 196 "-" "Mozilla/5.0 (compatible; Let's Encrypt validation server; +https://www.letsencrypt.org)"
52.39.4.59 - - [24/Oct/2021:02:18:20 +0000] "GET /.well-known/acme-challenge/AsOe9qPqo5ZyZcez1Prb6uqT9vqymEJMvftuhDMOsAQ HTTP/1.1" 404 196 "-" "Mozilla/5.0 (compatible; Let's Encrypt validation server; +https://www.letsencrypt.org)"
66.133.109.36 - - [24/Oct/2021:02:18:20 +0000] "GET /.well-known/acme-challenge/AsOe9qPqo5ZyZcez1Prb6uqT9vqymEJMvftuhDMOsAQ HTTP/1.1" 404 196 "-" "Mozilla/5.0 (compatible; Let's Encrypt validation server; +https://www.letsencrypt.org)"
66.249.79.44 - - [24/Oct/2021:02:52:42 +0000] "GET /package-details.php?url=TheHillTriangle HTTP/1.1" 200 9724 "-" "Mozilla/5.0 (Linux; Android 6.0.1; Nexus 5X Build/MMB29P) AppleWebKit/537.36 (KHTML, like Gecko) Chrome/94.0.4606.81 Mobile Safari/537.36 (compatible; Googlebot/2.1; +http://www.google.com/bot.html)"
18.192.36.99 - - [24/Oct/2021:03:18:19 +0000] "GET /.well-known/acme-challenge/zkpPCiv8Phz1p1Hn4nQu3Wx5MvnoAAEJgpKvjfmCgjk HTTP/1.1" 404 196 "-" "Mozilla/5.0 (compatible; Let's Encrypt validation server; +https://www.letsencrypt.org)"
34.219.87.132 - - [24/Oct/2021:03:18:19 +0000] "GET /.well-known/acme-challenge/zkpPCiv8Phz1p1Hn4nQu3Wx5MvnoAAEJgpKvjfmCgjk HTTP/1.1" 404 196 "-" "Mozilla/5.0 (compatible; Let's Encrypt validation server; +https://www.letsencrypt.org)"
66.133.109.36 - - [24/Oct/2021:03:18:20 +0000] "GET /.well-known/acme-challenge/zkpPCiv8Phz1p1Hn4nQu3Wx5MvnoAAEJgpKvjfmCgjk HTTP/1.1" 404 196 "-" "Mozilla/5.0 (compatible; Let's Encrypt validation server; +https://www.letsencrypt.org)"
3.19.56.43 - - [24/Oct/2021:03:18:20 +0000] "GET /.well-known/acme-challenge/zkpPCiv8Phz1p1Hn4nQu3Wx5MvnoAAEJgpKvjfmCgjk HTTP/1.1" 404 196 "-" "Mozilla/5.0 (compatible; Let's Encrypt validation server; +https://www.letsencrypt.org)"
18.116.86.117 - - [24/Oct/2021:04:18:24 +0000] "GET /.well-known/acme-challenge/bHyv7wWTvYBe0XY1hmA4UjnshiJ2w3sdJ5WQPgWdb5c HTTP/1.1" 404 196 "-" "Mozilla/5.0 (compatible; Let's Encrypt validation server; +https://www.letsencrypt.org)"
3.120.130.29 - - [24/Oct/2021:04:18:24 +0000] "GET /.well-known/acme-challenge/bHyv7wWTvYBe0XY1hmA4UjnshiJ2w3sdJ5WQPgWdb5c HTTP/1.1" 404 196 "-" "Mozilla/5.0 (compatible; Let's Encrypt validation server; +https://www.letsencrypt.org)"
34.221.255.206 - - [24/Oct/2021:04:18:24 +0000] "GET /.well-known/acme-challenge/bHyv7wWTvYBe0XY1hmA4UjnshiJ2w3sdJ5WQPgWdb5c HTTP/1.1" 404 196 "-" "Mozilla/5.0 (compatible; Let's Encrypt validation server; +https://www.letsencrypt.org)"
64.78.149.164 - - [24/Oct/2021:04:18:24 +0000] "GET /.well-known/acme-challenge/bHyv7wWTvYBe0XY1hmA4UjnshiJ2w3sdJ5WQPgWdb5c HTTP/1.1" 404 196 "-" "Mozilla/5.0 (compatible; Let's Encrypt validation server; +https://www.letsencrypt.org)"
157.55.39.117 - - [24/Oct/2021:04:22:30 +0000] "GET /booking.php?tourname=RANTHAMBORE%20TOUR%20PACKAGE HTTP/1.1" 200 6451 "-" "Mozilla/5.0 (compatible; bingbot/2.0; +http://www.bing.com/bingbot.htm)"
131.220.6.152 - - [24/Oct/2021:04:57:49 +0000] "GET / HTTP/1.1" 200 8821 "-" "Mozilla/5.0 (X11; Linux x86_64) AppleWebKit/537.36 (KHTML, like Gecko) Chrome/79.0.3945.79 Safari/537.36"
18.192.36.99 - - [24/Oct/2021:05:18:22 +0000] "GET /.well-known/acme-challenge/miEy8wSAk4b-tMQzOrtQ3yo-E2zkCiZX-NL0aJxXRZQ HTTP/1.1" 404 196 "-" "Mozilla/5.0 (compatible; Let's Encrypt validation server; +https://www.letsencrypt.org)"
3.142.122.14 - - [24/Oct/2021:05:18:22 +0000] "GET /.well-known/acme-challenge/miEy8wSAk4b-tMQzOrtQ3yo-E2zkCiZX-NL0aJxXRZQ HTTP/1.1" 404 196 "-" "Mozilla/5.0 (compatible; Let's Encrypt validation server; +https://www.letsencrypt.org)"
64.78.149.164 - - [24/Oct/2021:05:18:22 +0000] "GET /.well-known/acme-challenge/miEy8wSAk4b-tMQzOrtQ3yo-E2zkCiZX-NL0aJxXRZQ HTTP/1.1" 404 196 "-" "Mozilla/5.0 (compatible; Let's Encrypt validation server; +https://www.letsencrypt.org)"
34.219.87.132 - - [24/Oct/2021:05:18:22 +0000] "GET /.well-known/acme-challenge/miEy8wSAk4b-tMQzOrtQ3yo-E2zkCiZX-NL0aJxXRZQ HTTP/1.1" 404 196 "-" "Mozilla/5.0 (compatible; Let's Encrypt validation server; +https://www.letsencrypt.org)"
18.159.196.172 - - [24/Oct/2021:06:18:20 +0000] "GET /.well-known/acme-challenge/oxSJrGtzG3xLnKk1WtUY6HTzfMasfjZtAxl0grWt7VA HTTP/1.1" 404 196 "-" "Mozilla/5.0 (compatible; Let's Encrypt validation server; +https://www.letsencrypt.org)"
3.142.122.14 - - [24/Oct/2021:06:18:20 +0000] "GET /.well-known/acme-challenge/oxSJrGtzG3xLnKk1WtUY6HTzfMasfjZtAxl0grWt7VA HTTP/1.1" 404 196 "-" "Mozilla/5.0 (compatible; Let's Encrypt validation server; +https://www.letsencrypt.org)"
34.219.87.132 - - [24/Oct/2021:06:18:20 +0000] "GET /.well-known/acme-challenge/oxSJrGtzG3xLnKk1WtUY6HTzfMasfjZtAxl0grWt7VA HTTP/1.1" 404 196 "-" "Mozilla/5.0 (compatible; Let's Encrypt validation server; +https://www.letsencrypt.org)"
64.78.149.164 - - [24/Oct/2021:06:18:20 +0000] "GET /.well-known/acme-challenge/oxSJrGtzG3xLnKk1WtUY6HTzfMasfjZtAxl0grWt7VA HTTP/1.1" 404 196 "-" "Mozilla/5.0 (compatible; Let's Encrypt validation server; +https://www.letsencrypt.org)"
18.192.36.99 - - [24/Oct/2021:07:18:21 +0000] "GET /.well-known/acme-challenge/vfW3IXT9UBxEAzPUzrdPVbU_Fd41Zi7tOpxUQgVpRQU HTTP/1.1" 404 196 "-" "Mozilla/5.0 (compatible; Let's Encrypt validation server; +https://www.letsencrypt.org)"
18.116.86.117 - - [24/Oct/2021:07:18:21 +0000] "GET /.well-known/acme-challenge/vfW3IXT9UBxEAzPUzrdPVbU_Fd41Zi7tOpxUQgVpRQU HTTP/1.1" 404 196 "-" "Mozilla/5.0 (compatible; Let's Encrypt validation server; +https://www.letsencrypt.org)"
66.133.109.36 - - [24/Oct/2021:07:18:21 +0000] "GET /.well-known/acme-challenge/vfW3IXT9UBxEAzPUzrdPVbU_Fd41Zi7tOpxUQgVpRQU HTTP/1.1" 404 196 "-" "Mozilla/5.0 (compatible; Let's Encrypt validation server; +https://www.letsencrypt.org)"
52.39.4.59 - - [24/Oct/2021:07:18:21 +0000] "GET /.well-known/acme-challenge/vfW3IXT9UBxEAzPUzrdPVbU_Fd41Zi7tOpxUQgVpRQU HTTP/1.1" 404 196 "-" "Mozilla/5.0 (compatible; Let's Encrypt validation server; +https://www.letsencrypt.org)"
66.249.84.240 - - [24/Oct/2021:07:22:32 +0000] "GET /images/Yatra-white.png HTTP/1.1" 200 10751 "-" "Mozilla/5.0 (Windows NT 5.1; rv:11.0) Gecko Firefox/11.0 (via ggpht.com GoogleImageProxy)"
3.120.130.29 - - [24/Oct/2021:08:18:19 +0000] "GET /.well-known/acme-challenge/zmpXaU2leKij7oXmKIJ_PbZxIxkGpsjjUNxk4002RgA HTTP/1.1" 404 196 "-" "Mozilla/5.0 (compatible; Let's Encrypt validation server; +https://www.letsencrypt.org)"
3.19.56.43 - - [24/Oct/2021:08:18:19 +0000] "GET /.well-known/acme-challenge/zmpXaU2leKij7oXmKIJ_PbZxIxkGpsjjUNxk4002RgA HTTP/1.1" 404 196 "-" "Mozilla/5.0 (compatible; Let's Encrypt validation server; +https://www.letsencrypt.org)"
52.39.4.59 - - [24/Oct/2021:08:18:19 +0000] "GET /.well-known/acme-challenge/zmpXaU2leKij7oXmKIJ_PbZxIxkGpsjjUNxk4002RgA HTTP/1.1" 404 196 "-" "Mozilla/5.0 (compatible; Let's Encrypt validation server; +https://www.letsencrypt.org)"
64.78.149.164 - - [24/Oct/2021:08:18:19 +0000] "GET /.well-known/acme-challenge/zmpXaU2leKij7oXmKIJ_PbZxIxkGpsjjUNxk4002RgA HTTP/1.1" 404 196 "-" "Mozilla/5.0 (compatible; Let's Encrypt validation server; +https://www.letsencrypt.org)"
18.159.196.172 - - [24/Oct/2021:09:18:21 +0000] "GET /.well-known/acme-challenge/sx56u9PKF4hve6qjpitwRuZsAdZqp93LYEnyfOaAVBo HTTP/1.1" 404 196 "-" "Mozilla/5.0 (compatible; Let's Encrypt validation server; +https://www.letsencrypt.org)"
3.142.122.14 - - [24/Oct/2021:09:18:21 +0000] "GET /.well-known/acme-challenge/sx56u9PKF4hve6qjpitwRuZsAdZqp93LYEnyfOaAVBo HTTP/1.1" 404 196 "-" "Mozilla/5.0 (compatible; Let's Encrypt validation server; +https://www.letsencrypt.org)"
52.39.4.59 - - [24/Oct/2021:09:18:21 +0000] "GET /.well-known/acme-challenge/sx56u9PKF4hve6qjpitwRuZsAdZqp93LYEnyfOaAVBo HTTP/1.1" 404 196 "-" "Mozilla/5.0 (compatible; Let's Encrypt validation server; +https://www.letsencrypt.org)"
66.133.109.36 - - [24/Oct/2021:09:18:21 +0000] "GET /.well-known/acme-challenge/sx56u9PKF4hve6qjpitwRuZsAdZqp93LYEnyfOaAVBo HTTP/1.1" 404 196 "-" "Mozilla/5.0 (compatible; Let's Encrypt validation server; +https://www.letsencrypt.org)"
66.249.79.44 - - [24/Oct/2021:10:01:44 +0000] "GET /robots.txt HTTP/1.1" 404 56174 "-" "Mozilla/5.0 (compatible; Googlebot/2.1; +http://www.google.com/bot.html)"
66.249.79.32 - - [24/Oct/2021:10:01:46 +0000] "GET /package-details.php?url=KOLLAMKOVALAMHONEYMOONTOUR HTTP/1.1" 200 9671 "-" "Mozilla/5.0 (Linux; Android 6.0.1; Nexus 5X Build/MMB29P) AppleWebKit/537.36 (KHTML, like Gecko) Chrome/94.0.4606.81 Mobile Safari/537.36 (compatible; Googlebot/2.1; +http://www.google.com/bot.html)"
54.36.148.35 - - [24/Oct/2021:10:04:48 +0000] "GET /robots.txt HTTP/1.1" 404 56174 "-" "Mozilla/5.0 (compatible; AhrefsBot/7.0; +http://ahrefs.com/robot/)"
54.36.148.233 - - [24/Oct/2021:10:04:50 +0000] "GET / HTTP/1.1" 200 8821 "-" "Mozilla/5.0 (compatible; AhrefsBot/7.0; +http://ahrefs.com/robot/)"
18.159.196.172 - - [24/Oct/2021:10:18:19 +0000] "GET /.well-known/acme-challenge/cpMgKh_nV7yRZ7LjM-ha88TW0Sb3TMKYFCp6ymEVH8I HTTP/1.1" 404 196 "-" "Mozilla/5.0 (compatible; Let's Encrypt validation server; +https://www.letsencrypt.org)"
3.19.56.43 - - [24/Oct/2021:10:18:19 +0000] "GET /.well-known/acme-challenge/cpMgKh_nV7yRZ7LjM-ha88TW0Sb3TMKYFCp6ymEVH8I HTTP/1.1" 404 196 "-" "Mozilla/5.0 (compatible; Let's Encrypt validation server; +https://www.letsencrypt.org)"
34.221.255.206 - - [24/Oct/2021:10:18:19 +0000] "GET /.well-known/acme-challenge/cpMgKh_nV7yRZ7LjM-ha88TW0Sb3TMKYFCp6ymEVH8I HTTP/1.1" 404 196 "-" "Mozilla/5.0 (compatible; Let's Encrypt validation server; +https://www.letsencrypt.org)"
64.78.149.164 - - [24/Oct/2021:10:18:19 +0000] "GET /.well-known/acme-challenge/cpMgKh_nV7yRZ7LjM-ha88TW0Sb3TMKYFCp6ymEVH8I HTTP/1.1" 404 196 "-" "Mozilla/5.0 (compatible; Let's Encrypt validation server; +https://www.letsencrypt.org)"
108.167.189.65 - - [24/Oct/2021:10:56:36 +0000] "GET /wordpress/ HTTP/1.1" 301 241 "-" "-"
108.167.189.65 - - [24/Oct/2021:10:56:37 +0000] "GET /wordpress/ HTTP/1.1" 404 56174 "-" "-"
18.192.36.99 - - [24/Oct/2021:11:18:18 +0000] "GET /.well-known/acme-challenge/8PeyYd3i8YVZYpT0ZOkv_Whs2tjrTkE28wrwu9Se9Vc HTTP/1.1" 404 196 "-" "Mozilla/5.0 (compatible; Let's Encrypt validation server; +https://www.letsencrypt.org)"
18.116.86.117 - - [24/Oct/2021:11:18:18 +0000] "GET /.well-known/acme-challenge/8PeyYd3i8YVZYpT0ZOkv_Whs2tjrTkE28wrwu9Se9Vc HTTP/1.1" 404 196 "-" "Mozilla/5.0 (compatible; Let's Encrypt validation server; +https://www.letsencrypt.org)"
34.219.87.132 - - [24/Oct/2021:11:18:18 +0000] "GET /.well-known/acme-challenge/8PeyYd3i8YVZYpT0ZOkv_Whs2tjrTkE28wrwu9Se9Vc HTTP/1.1" 404 196 "-" "Mozilla/5.0 (compatible; Let's Encrypt validation server; +https://www.letsencrypt.org)"
66.133.109.36 - - [24/Oct/2021:11:18:18 +0000] "GET /.well-known/acme-challenge/8PeyYd3i8YVZYpT0ZOkv_Whs2tjrTkE28wrwu9Se9Vc HTTP/1.1" 404 196 "-" "Mozilla/5.0 (compatible; Let's Encrypt validation server; +https://www.letsencrypt.org)"
66.249.84.240 - - [24/Oct/2021:12:01:13 +0000] "GET /images/Yatra-white.png HTTP/1.1" 200 10751 "-" "Mozilla/5.0 (Windows NT 5.1; rv:11.0) Gecko Firefox/11.0 (via ggpht.com GoogleImageProxy)"
18.192.36.99 - - [24/Oct/2021:12:18:19 +0000] "GET /.well-known/acme-challenge/EfAcs_NptdieDx4ye4uMw0t7LI9N6XiCP5QkzUHgu1Y HTTP/1.1" 404 196 "-" "Mozilla/5.0 (compatible; Let's Encrypt validation server; +https://www.letsencrypt.org)"
18.116.86.117 - - [24/Oct/2021:12:18:19 +0000] "GET /.well-known/acme-challenge/EfAcs_NptdieDx4ye4uMw0t7LI9N6XiCP5QkzUHgu1Y HTTP/1.1" 404 196 "-" "Mozilla/5.0 (compatible; Let's Encrypt validation server; +https://www.letsencrypt.org)"
64.78.149.164 - - [24/Oct/2021:12:18:20 +0000] "GET /.well-known/acme-challenge/EfAcs_NptdieDx4ye4uMw0t7LI9N6XiCP5QkzUHgu1Y HTTP/1.1" 404 196 "-" "Mozilla/5.0 (compatible; Let's Encrypt validation server; +https://www.letsencrypt.org)"
77.74.177.119 - - [24/Oct/2021:12:49:11 +0000] "GET / HTTP/1.1" 301 231 "-" "Mozilla/5.0 (Windows NT 10.0; Win64; x64) AppleWebKit/537.36 (KHTML, like Gecko) Chrome/71.0.3578.98 Safari/537.36"
77.74.177.119 - - [24/Oct/2021:12:49:12 +0000] "GET / HTTP/1.1" 200 8821 "http://tripperhub.com" "Mozilla/5.0 (Windows NT 10.0; Win64; x64) AppleWebKit/537.36 (KHTML, like Gecko) Chrome/71.0.3578.98 Safari/537.36"
66.249.79.21 - - [24/Oct/2021:13:00:42 +0000] "GET /robots.txt HTTP/1.1" 301 245 "-" "Mozilla/5.0 (compatible; Googlebot/2.1; +http://www.google.com/bot.html)"
66.249.79.31 - - [24/Oct/2021:13:00:43 +0000] "GET /robots.txt HTTP/1.1" 301 241 "-" "Mozilla/5.0 (compatible; Googlebot/2.1; +http://www.google.com/bot.html)"
66.249.79.38 - - [24/Oct/2021:13:00:44 +0000] "GET /robots.txt HTTP/1.1" 404 56174 "-" "Mozilla/5.0 (compatible; Googlebot/2.1; +http://www.google.com/bot.html)"
66.249.79.21 - - [24/Oct/2021:13:00:45 +0000] "GET /ads.txt HTTP/1.1" 301 242 "-" "Mozilla/5.0 (compatible; Googlebot/2.1; +http://www.google.com/bot.html)"
66.249.79.31 - - [24/Oct/2021:13:00:46 +0000] "GET /ads.txt HTTP/1.1" 301 238 "-" "Mozilla/5.0 (compatible; Googlebot/2.1; +http://www.google.com/bot.html)"
66.249.79.38 - - [24/Oct/2021:13:00:46 +0000] "GET /ads.txt HTTP/1.1" 404 56171 "-" "Mozilla/5.0 (compatible; Googlebot/2.1; +http://www.google.com/bot.html)"
3.120.130.29 - - [24/Oct/2021:13:18:22 +0000] "GET /.well-known/acme-challenge/0JZVh70WDM2cL2Qv-P8i1sSc4u_7CP9pk3d8ojOXP-M HTTP/1.1" 404 196 "-" "Mozilla/5.0 (compatible; Let's Encrypt validation server; +https://www.letsencrypt.org)"
3.142.122.14 - - [24/Oct/2021:13:18:22 +0000] "GET /.well-known/acme-challenge/0JZVh70WDM2cL2Qv-P8i1sSc4u_7CP9pk3d8ojOXP-M HTTP/1.1" 404 196 "-" "Mozilla/5.0 (compatible; Let's Encrypt validation server; +https://www.letsencrypt.org)"
34.219.87.132 - - [24/Oct/2021:13:18:22 +0000] "GET /.well-known/acme-challenge/0JZVh70WDM2cL2Qv-P8i1sSc4u_7CP9pk3d8ojOXP-M HTTP/1.1" 404 196 "-" "Mozilla/5.0 (compatible; Let's Encrypt validation server; +https://www.letsencrypt.org)"
64.78.149.164 - - [24/Oct/2021:13:18:22 +0000] "GET /.well-known/acme-challenge/0JZVh70WDM2cL2Qv-P8i1sSc4u_7CP9pk3d8ojOXP-M HTTP/1.1" 404 196 "-" "Mozilla/5.0 (compatible; Let's Encrypt validation server; +https://www.letsencrypt.org)"
65.154.226.220 - - [24/Oct/2021:13:34:30 +0000] "GET / HTTP/1.1" 301 231 "-" "Mozilla/5.0 (Windows NT 6.1; Win64; x64) AppleWebKit/537.36 (KHTML, like Gecko) Chrome/83.0.4103.61 Safari/537.36"
65.154.226.220 - - [24/Oct/2021:13:34:31 +0000] "GET / HTTP/1.1" 200 8821 "-" "Mozilla/5.0 (Windows NT 6.1; Win64; x64) AppleWebKit/537.36 (KHTML, like Gecko) Chrome/83.0.4103.61 Safari/537.36"
65.154.226.220 - - [24/Oct/2021:13:34:31 +0000] "GET /google-captcha/component/jquery/jquery-3.2.1.min.js HTTP/1.1" 200 30138 "https://tripperhub.com/" "Mozilla/5.0 (Windows NT 6.1; Win64; x64) AppleWebKit/537.36 (KHTML, like Gecko) Chrome/83.0.4103.61 Safari/537.36"
65.154.226.220 - - [24/Oct/2021:13:34:32 +0000] "GET /js/jquery-3.2.1.min.js HTTP/1.1" 200 29505 "https://tripperhub.com/" "Mozilla/5.0 (Windows NT 6.1; Win64; x64) AppleWebKit/537.36 (KHTML, like Gecko) Chrome/83.0.4103.61 Safari/537.36"
65.154.226.220 - - [24/Oct/2021:13:34:33 +0000] "GET /js/bootstrap.min.js HTTP/1.1" 200 9842 "https://tripperhub.com/" "Mozilla/5.0 (Windows NT 6.1; Win64; x64) AppleWebKit/537.36 (KHTML, like Gecko) Chrome/83.0.4103.61 Safari/537.36"
65.154.226.220 - - [24/Oct/2021:13:34:33 +0000] "GET /js/plugin.js HTTP/1.1" 200 121569 "https://tripperhub.com/" "Mozilla/5.0 (Windows NT 6.1; Win64; x64) AppleWebKit/537.36 (KHTML, like Gecko) Chrome/83.0.4103.61 Safari/537.36"
65.154.226.220 - - [24/Oct/2021:13:34:34 +0000] "GET /js/main.js HTTP/1.1" 200 2508 "https://tripperhub.com/" "Mozilla/5.0 (Windows NT 6.1; Win64; x64) AppleWebKit/537.36 (KHTML, like Gecko) Chrome/83.0.4103.61 Safari/537.36"
65.154.226.220 - - [24/Oct/2021:13:34:34 +0000] "GET /js/main-1.js HTTP/1.1" 200 510 "https://tripperhub.com/" "Mozilla/5.0 (Windows NT 6.1; Win64; x64) AppleWebKit/537.36 (KHTML, like Gecko) Chrome/83.0.4103.61 Safari/537.36"
65.154.226.220 - - [24/Oct/2021:13:34:35 +0000] "GET /js/custom-countdown.js HTTP/1.1" 200 533 "https://tripperhub.com/" "Mozilla/5.0 (Windows NT 6.1; Win64; x64) AppleWebKit/537.36 (KHTML, like Gecko) Chrome/83.0.4103.61 Safari/537.36"
65.154.226.220 - - [24/Oct/2021:13:34:35 +0000] "GET /js/preloader.js HTTP/1.1" 200 298 "https://tripperhub.com/" "Mozilla/5.0 (Windows NT 6.1; Win64; x64) AppleWebKit/537.36 (KHTML, like Gecko) Chrome/83.0.4103.61 Safari/537.36"
65.154.226.220 - - [24/Oct/2021:13:34:51 +0000] "GET / HTTP/1.1" 301 231 "-" "Mozilla/5.0 (Windows NT 10.0; Win64; x64) AppleWebKit/537.36 (KHTML, like Gecko) Chrome/79.0.3945.79 Safari/537.36"
65.154.226.220 - - [24/Oct/2021:13:34:51 +0000] "GET / HTTP/1.1" 200 8821 "-" "Mozilla/5.0 (Windows NT 10.0; Win64; x64) AppleWebKit/537.36 (KHTML, like Gecko) Chrome/79.0.3945.79 Safari/537.36"
65.154.226.220 - - [24/Oct/2021:13:34:52 +0000] "GET /css/bootstrap.min.css HTTP/1.1" 200 19756 "https://tripperhub.com/" "Mozilla/5.0 (Windows NT 10.0; Win64; x64) AppleWebKit/537.36 (KHTML, like Gecko) Chrome/79.0.3945.79 Safari/537.36"
65.154.226.220 - - [24/Oct/2021:13:34:52 +0000] "GET /css/style.css HTTP/1.1" 200 19771 "https://tripperhub.com/" "Mozilla/5.0 (Windows NT 10.0; Win64; x64) AppleWebKit/537.36 (KHTML, like Gecko) Chrome/79.0.3945.79 Safari/537.36"
65.154.226.220 - - [24/Oct/2021:13:34:52 +0000] "GET /font/flaticon.css HTTP/1.1" 200 553 "https://tripperhub.com/" "Mozilla/5.0 (Windows NT 10.0; Win64; x64) AppleWebKit/537.36 (KHTML, like Gecko) Chrome/79.0.3945.79 Safari/537.36"
65.154.226.220 - - [24/Oct/2021:13:34:52 +0000] "GET /css/plugin.css HTTP/1.1" 200 27776 "https://tripperhub.com/" "Mozilla/5.0 (Windows NT 10.0; Win64; x64) AppleWebKit/537.36 (KHTML, like Gecko) Chrome/79.0.3945.79 Safari/537.36"
65.154.226.220 - - [24/Oct/2021:13:34:52 +0000] "GET /google-captcha/component/jquery/jquery-3.2.1.min.js HTTP/1.1" 200 30138 "https://tripperhub.com/" "Mozilla/5.0 (Windows NT 10.0; Win64; x64) AppleWebKit/537.36 (KHTML, like Gecko) Chrome/79.0.3945.79 Safari/537.36"
65.154.226.220 - - [24/Oct/2021:13:34:52 +0000] "GET /js/jquery-3.2.1.min.js HTTP/1.1" 200 29505 "https://tripperhub.com/" "Mozilla/5.0 (Windows NT 10.0; Win64; x64) AppleWebKit/537.36 (KHTML, like Gecko) Chrome/79.0.3945.79 Safari/537.36"
65.154.226.220 - - [24/Oct/2021:13:34:52 +0000] "GET /js/bootstrap.min.js HTTP/1.1" 200 9842 "https://tripperhub.com/" "Mozilla/5.0 (Windows NT 10.0; Win64; x64) AppleWebKit/537.36 (KHTML, like Gecko) Chrome/79.0.3945.79 Safari/537.36"
65.154.226.220 - - [24/Oct/2021:13:34:52 +0000] "GET /js/main.js HTTP/1.1" 200 2508 "https://tripperhub.com/" "Mozilla/5.0 (Windows NT 10.0; Win64; x64) AppleWebKit/537.36 (KHTML, like Gecko) Chrome/79.0.3945.79 Safari/537.36"
65.154.226.220 - - [24/Oct/2021:13:34:53 +0000] "GET /js/main-1.js HTTP/1.1" 200 510 "https://tripperhub.com/" "Mozilla/5.0 (Windows NT 10.0; Win64; x64) AppleWebKit/537.36 (KHTML, like Gecko) Chrome/79.0.3945.79 Safari/537.36"
65.154.226.220 - - [24/Oct/2021:13:34:53 +0000] "GET /js/custom-countdown.js HTTP/1.1" 200 533 "https://tripperhub.com/" "Mozilla/5.0 (Windows NT 10.0; Win64; x64) AppleWebKit/537.36 (KHTML, like Gecko) Chrome/79.0.3945.79 Safari/537.36"
65.154.226.220 - - [24/Oct/2021:13:34:53 +0000] "GET /images/Yatra-white.png HTTP/1.1" 200 10751 "https://tripperhub.com/" "Mozilla/5.0 (Windows NT 10.0; Win64; x64) AppleWebKit/537.36 (KHTML, like Gecko) Chrome/79.0.3945.79 Safari/537.36"
65.154.226.220 - - [24/Oct/2021:13:34:53 +0000] "GET /images/Yatra-01.png HTTP/1.1" 200 10070 "https://tripperhub.com/" "Mozilla/5.0 (Windows NT 10.0; Win64; x64) AppleWebKit/537.36 (KHTML, like Gecko) Chrome/79.0.3945.79 Safari/537.36"
65.154.226.220 - - [24/Oct/2021:13:34:53 +0000] "GET /js/preloader.js HTTP/1.1" 200 298 "https://tripperhub.com/" "Mozilla/5.0 (Windows NT 10.0; Win64; x64) AppleWebKit/537.36 (KHTML, like Gecko) Chrome/79.0.3945.79 Safari/537.36"
65.154.226.220 - - [24/Oct/2021:13:34:52 +0000] "GET /js/plugin.js HTTP/1.1" 200 121569 "https://tripperhub.com/" "Mozilla/5.0 (Windows NT 10.0; Win64; x64) AppleWebKit/537.36 (KHTML, like Gecko) Chrome/79.0.3945.79 Safari/537.36"
65.154.226.220 - - [24/Oct/2021:13:34:53 +0000] "GET /images/testimonialbg.jpg HTTP/1.1" 200 16384 "https://tripperhub.com/css/style.css" "Mozilla/5.0 (Windows NT 10.0; Win64; x64) AppleWebKit/537.36 (KHTML, like Gecko) Chrome/79.0.3945.79 Safari/537.36"
65.154.226.220 - - [24/Oct/2021:13:34:53 +0000] "GET /font/Flaticon.woff HTTP/1.1" 200 22356 "https://tripperhub.com/font/flaticon.css" "Mozilla/5.0 (Windows NT 10.0; Win64; x64) AppleWebKit/537.36 (KHTML, like Gecko) Chrome/79.0.3945.79 Safari/537.36"
65.154.226.220 - - [24/Oct/2021:13:34:53 +0000] "GET /galleryimg/b232eb69f463fd00d01c534ff859726c.jpg HTTP/1.1" 200 77902 "https://tripperhub.com/" "Mozilla/5.0 (Windows NT 10.0; Win64; x64) AppleWebKit/537.36 (KHTML, like Gecko) Chrome/79.0.3945.79 Safari/537.36"
65.154.226.220 - - [24/Oct/2021:13:34:53 +0000] "GET /galleryimg/ef72dd937f9933849ebb351bcee82e3d.jpg HTTP/1.1" 200 29179 "https://tripperhub.com/" "Mozilla/5.0 (Windows NT 10.0; Win64; x64) AppleWebKit/537.36 (KHTML, like Gecko) Chrome/79.0.3945.79 Safari/537.36"
65.154.226.220 - - [24/Oct/2021:13:34:53 +0000] "GET /galleryimg/33702cd0141c0d0449595af958849716.jpg HTTP/1.1" 200 65365 "https://tripperhub.com/" "Mozilla/5.0 (Windows NT 10.0; Win64; x64) AppleWebKit/537.36 (KHTML, like Gecko) Chrome/79.0.3945.79 Safari/537.36"
